HEX
Server: nginx/1.16.1
System: Linux ecs-04358622 4.19.90-2107.6.0.0100.oe1.bclinux.x86_64 #1 SMP Wed Dec 1 19:59:44 CST 2021 x86_64
User: nginx (994)
PHP: 8.0.0
Disabled: NONE
Upload Files
File: //home/logs/cqqizhou_access_2025-08-19.log
87.121.84.45 - - [19/Aug/2025:00:17:58 +0800] "GET / HTTP/1.0" 200 109870 "-" "Mozilla/5.0 (X11; Linux x86_64; rv:140.0) Gecko/20100101 Firefox/140.0"
185.111.159.10 - - [19/Aug/2025:00:29:39 +0800] "POST /xmlrpc.php HTTP/1.1" 200 217 "-" "Mozilla/5.0 (X11; Ubuntu; Linux x86_64; rv:85.0) Gecko/20100101 Firefox/91.0"
36.133.115.36 - - [19/Aug/2025:00:58:56 +0800] "POST /wp-cron.php?doing_wp_cron=1755536335.9872100353240966796875 HTTP/1.1" 200 31 "-" "WordPress/6.8.2; http://cqqizhou.com"
196.2.9.16 - - [19/Aug/2025:00:58:57 +0800] "GET / HTTP/1.1" 200 152149 "-" "Mozilla/5.0 (Windows NT 10.0; WOW64) AppleWebKit/537.36 (KHTML, like Gecko) Chrome/52.0.2743.116 Safari/537.36"
35.224.21.175 - - [19/Aug/2025:00:59:22 +0800] "GET / HTTP/1.1" 200 33389 "-" "Mozilla/5.0 (compatible; CMS-Checker/1.0; +https://example.com)"
8.212.155.69 - - [19/Aug/2025:01:04:07 +0800] "POST /xmlrpc.php HTTP/1.1" 200 217 "-" "Mozilla/5.0 (X11; Ubuntu; Linux x86_64; rv:85.0) Gecko/20100101 Firefox/91.0"
46.101.117.137 - - [19/Aug/2025:01:05:58 +0800] "GET / HTTP/1.0" 301 0 "-" "-"
46.101.117.137 - - [19/Aug/2025:01:05:59 +0800] "GET / HTTP/1.0" 301 0 "-" "-"
46.101.117.137 - - [19/Aug/2025:01:05:59 +0800] "GET /odinhttpcall1755536790 HTTP/1.1" 404 32838 "-" "Mozilla/5.0 (compatible; Odin; https://docs.getodin.com/)"
46.101.117.137 - - [19/Aug/2025:01:05:59 +0800] "POST /sdk HTTP/1.1" 404 32838 "-" "Mozilla/5.0 (compatible; Odin; https://docs.getodin.com/)"
46.101.117.137 - - [19/Aug/2025:01:06:00 +0800] "GET /HNAP1 HTTP/1.1" 404 32838 "-" "Mozilla/5.0 (compatible; Odin; https://docs.getodin.com/)"
46.101.117.137 - - [19/Aug/2025:01:06:00 +0800] "GET /evox/about HTTP/1.1" 404 32838 "-" "Mozilla/5.0 (compatible; Odin; https://docs.getodin.com/)"
46.101.117.137 - - [19/Aug/2025:01:06:01 +0800] "GET / HTTP/1.0" 301 0 "-" "-"
46.101.117.137 - - [19/Aug/2025:01:06:02 +0800] "GET / HTTP/1.1" 301 5 "-" "-"
142.93.173.39 - - [19/Aug/2025:01:06:03 +0800] "GET /cgi-bin/authLogin.cgi HTTP/1.1" 301 5 "-" "Go-http-client/1.1"
134.209.229.115 - - [19/Aug/2025:01:06:03 +0800] "GET /solr/admin/info/system HTTP/1.1" 301 5 "-" "Go-http-client/1.1"
46.101.119.223 - - [19/Aug/2025:01:06:03 +0800] "GET /v2/_catalog HTTP/1.1" 301 5 "-" "Go-http-client/1.1"
164.90.182.41 - - [19/Aug/2025:01:06:03 +0800] "GET /query?q=SHOW+DIAGNOSTICS HTTP/1.1" 301 5 "-" "Go-http-client/1.1"
142.93.173.39 - - [19/Aug/2025:01:06:04 +0800] "GET /cgi-bin/authLogin.cgi HTTP/1.1" 404 32838 "http://36.133.115.36:80/cgi-bin/authLogin.cgi" "Go-http-client/1.1"
46.101.119.223 - - [19/Aug/2025:01:06:04 +0800] "GET /v2/_catalog HTTP/1.1" 404 32838 "http://36.133.115.36:80/v2/_catalog" "Go-http-client/1.1"
134.209.229.115 - - [19/Aug/2025:01:06:04 +0800] "GET /solr/admin/info/system HTTP/1.1" 404 32838 "http://36.133.115.36:80/solr/admin/info/system" "Go-http-client/1.1"
164.90.182.41 - - [19/Aug/2025:01:06:04 +0800] "GET /query?q=SHOW+DIAGNOSTICS HTTP/1.1" 404 32838 "http://36.133.115.36:80/query?q=SHOW+DIAGNOSTICS" "Go-http-client/1.1"
46.101.115.128 - - [19/Aug/2025:01:06:04 +0800] "GET / HTTP/1.1" 301 5 "-" "Mozilla/5.0 (compatible; Odin; https://docs.getodin.com/)"
134.209.229.115 - - [19/Aug/2025:01:06:05 +0800] "GET /solr/admin/cores?action=STATUS&wt=json HTTP/1.1" 301 5 "-" "Go-http-client/1.1"
46.101.115.128 - - [19/Aug/2025:01:06:05 +0800] "GET / HTTP/1.1" 200 33390 "http://36.133.115.36" "Mozilla/5.0 (compatible; Odin; https://docs.getodin.com/)"
134.209.229.115 - - [19/Aug/2025:01:06:06 +0800] "GET /solr/admin/cores?action=STATUS&wt=json HTTP/1.1" 404 32838 "http://36.133.115.36:80/solr/admin/cores?action=STATUS&wt=json" "Go-http-client/1.1"
87.120.191.6 - - [19/Aug/2025:01:37:10 +0800] "GET / HTTP/1.1" 200 33389 "-" "Mozilla/5.0 (Windows NT 10.0; Win64; x64) AppleWebKit/537.36 (KHTML, like Gecko) Chrome/90.0.4430.85 Safari/537.36 Edg/90.0.818.46"
115.159.33.43 - - [19/Aug/2025:01:38:15 +0800] "GET / HTTP/1.1" 301 5 "-" "Mozilla/5.0 (Windows NT 10.0; Win64; x64) AppleWebKit/537.36 (KHTML, like Gecko) Chrome/79.0.3945.117 Safari/537.36"
36.133.115.36 - - [19/Aug/2025:01:39:51 +0800] "POST /wp-cron.php?doing_wp_cron=1755538791.7722110748291015625000 HTTP/1.1" 200 31 "-" "WordPress/6.8.2; http://cqqizhou.com"
162.14.197.180 - - [19/Aug/2025:01:39:51 +0800] "GET / HTTP/1.1" 301 5 "-" "Mozilla/5.0 (iPhone; CPU iPhone OS 13_2_3 like Mac OS X) AppleWebKit/605.1.15 (KHTML, like Gecko) Version/13.0.3 Mobile/15E148 Safari/604.1"
162.14.197.180 - - [19/Aug/2025:01:39:53 +0800] "GET / HTTP/1.1" 200 33390 "http://www.cqqizhou.com" "Mozilla/5.0 (iPhone; CPU iPhone OS 13_2_3 like Mac OS X) AppleWebKit/605.1.15 (KHTML, like Gecko) Version/13.0.3 Mobile/15E148 Safari/604.1"
42.236.17.243 - - [19/Aug/2025:01:40:10 +0800] "GET / HTTP/1.1" 200 33389 "http://cqqizhou.com" "Mozilla/5.0 (Windows NT 6.1; WOW64) AppleWebKit/537.36 (KHTML, like Gecko) Chrome/50.0.2661.102 Safari/537.36; 360Spider"
91.224.92.14 - - [19/Aug/2025:01:46:13 +0800] "GET / HTTP/1.1" 200 33390 "-" "Mozilla/5.0 (Windows NT 10.0; Win64; x64) AppleWebKit/537.36 (KHTML, like Gecko) Chrome/90.0.4430.85 Safari/537.36 Edg/90.0.818.46"
43.157.153.236 - - [19/Aug/2025:01:47:38 +0800] "GET / HTTP/1.1" 301 5 "-" "Mozilla/5.0 (iPhone; CPU iPhone OS 13_2_3 like Mac OS X) AppleWebKit/605.1.15 (KHTML, like Gecko) Version/13.0.3 Mobile/15E148 Safari/604.1"
43.157.153.236 - - [19/Aug/2025:01:47:40 +0800] "GET / HTTP/1.1" 200 33389 "http://36.133.115.36" "Mozilla/5.0 (iPhone; CPU iPhone OS 13_2_3 like Mac OS X) AppleWebKit/605.1.15 (KHTML, like Gecko) Version/13.0.3 Mobile/15E148 Safari/604.1"
91.224.92.14 - - [19/Aug/2025:01:49:46 +0800] "GET / HTTP/1.1" 200 33389 "-" "Mozilla/5.0 (Windows NT 10.0; Win64; x64) AppleWebKit/537.36 (KHTML, like Gecko) Chrome/90.0.4430.85 Safari/537.36 Edg/90.0.818.46"
49.51.233.46 - - [19/Aug/2025:02:02:21 +0800] "GET /wp-content/uploads/2025/07/1753410289-News2000 HTTP/1.1" 404 9423 "-" "Mozilla/5.0 (iPhone; CPU iPhone OS 13_2_3 like Mac OS X) AppleWebKit/605.1.15 (KHTML, like Gecko) Version/13.0.3 Mobile/15E148 Safari/604.1"
149.50.103.48 - - [19/Aug/2025:02:04:07 +0800] "GET / HTTP/1.1" 200 33389 "-" "Mozilla/5.0 (Windows NT 10.0; Win64; x64) AppleWebKit/537.36 (KHTML, like Gecko) Chrome/90.0.4430.85 Safari/537.36 Edg/90.0.818.46"
107.22.137.206 - - [19/Aug/2025:02:05:31 +0800] "GET / HTTP/1.1" 301 5 "-" "Mozilla/5.0 (Windows NT 10.0; Win64; x64) AppleWebKit/537.36 (KHTML, like Gecko) Chrome/136.0.0.0 Safari/537.36"
35.224.21.175 - - [19/Aug/2025:02:05:49 +0800] "GET / HTTP/1.1" 200 152149 "-" "Mozilla/5.0 (Windows NT 10.0; Win64; x64) AppleWebKit/537.36 (KHTML, like Gecko) Chrome/78.0.3904.108 Safari/537.36"
35.224.21.175 - - [19/Aug/2025:02:05:50 +0800] "GET / HTTP/1.1" 200 152149 "-" "Mozilla/5.0 (Windows NT 10.0; Win64; x64) AppleWebKit/537.36 (KHTML, like Gecko) Chrome/78.0.3904.108 Safari/537.36"
35.224.21.175 - - [19/Aug/2025:02:05:51 +0800] "GET /wp-includes/wlwmanifest.xml HTTP/1.1" 404 32838 "-" "Mozilla/5.0 (Windows NT 10.0; Win64; x64) AppleWebKit/537.36 (KHTML, like Gecko) Chrome/78.0.3904.108 Safari/537.36"
35.224.21.175 - - [19/Aug/2025:02:05:52 +0800] "GET /?author=1 HTTP/1.1" 301 5 "-" "Mozilla/5.0 (Windows NT 10.0; Win64; x64) AppleWebKit/537.36 (KHTML, like Gecko) Chrome/78.0.3904.108 Safari/537.36"
35.224.21.175 - - [19/Aug/2025:02:05:53 +0800] "GET /?author=2 HTTP/1.1" 404 32838 "-" "Mozilla/5.0 (Windows NT 10.0; Win64; x64) AppleWebKit/537.36 (KHTML, like Gecko) Chrome/78.0.3904.108 Safari/537.36"
35.224.21.175 - - [19/Aug/2025:02:05:54 +0800] "GET /wp-json/wp/v2/users/ HTTP/1.1" 200 498 "-" "Mozilla/5.0 (Windows NT 10.0; Win64; x64) AppleWebKit/537.36 (KHTML, like Gecko) Chrome/78.0.3904.108 Safari/537.36"
35.224.21.175 - - [19/Aug/2025:02:05:55 +0800] "POST /xmlrpc.php HTTP/1.1" 200 415 "-" "Mozilla/5.0 (Windows NT 10.0; Win64; x64) AppleWebKit/537.36 (KHTML, like Gecko) Chrome/78.0.3904.108 Safari/537.36"
35.224.21.175 - - [19/Aug/2025:02:05:56 +0800] "POST /xmlrpc.php HTTP/1.1" 200 415 "-" "Mozilla/5.0 (Windows NT 10.0; Win64; x64) AppleWebKit/537.36 (KHTML, like Gecko) Chrome/78.0.3904.108 Safari/537.36"
35.224.21.175 - - [19/Aug/2025:02:05:56 +0800] "POST /xmlrpc.php HTTP/1.1" 200 415 "-" "Mozilla/5.0 (Windows NT 10.0; Win64; x64) AppleWebKit/537.36 (KHTML, like Gecko) Chrome/78.0.3904.108 Safari/537.36"
35.224.21.175 - - [19/Aug/2025:02:05:58 +0800] "POST /xmlrpc.php HTTP/1.1" 200 415 "-" "Mozilla/5.0 (Windows NT 10.0; Win64; x64) AppleWebKit/537.36 (KHTML, like Gecko) Chrome/78.0.3904.108 Safari/537.36"
35.224.21.175 - - [19/Aug/2025:02:05:58 +0800] "POST /xmlrpc.php HTTP/1.1" 200 415 "-" "Mozilla/5.0 (Windows NT 10.0; Win64; x64) AppleWebKit/537.36 (KHTML, like Gecko) Chrome/78.0.3904.108 Safari/537.36"
35.224.21.175 - - [19/Aug/2025:02:05:59 +0800] "POST /xmlrpc.php HTTP/1.1" 200 415 "-" "Mozilla/5.0 (Windows NT 10.0; Win64; x64) AppleWebKit/537.36 (KHTML, like Gecko) Chrome/78.0.3904.108 Safari/537.36"
35.224.21.175 - - [19/Aug/2025:02:06:00 +0800] "POST /xmlrpc.php HTTP/1.1" 200 415 "-" "Mozilla/5.0 (Windows NT 10.0; Win64; x64) AppleWebKit/537.36 (KHTML, like Gecko) Chrome/78.0.3904.108 Safari/537.36"
35.224.21.175 - - [19/Aug/2025:02:06:01 +0800] "POST /xmlrpc.php HTTP/1.1" 200 415 "-" "Mozilla/5.0 (Windows NT 10.0; Win64; x64) AppleWebKit/537.36 (KHTML, like Gecko) Chrome/78.0.3904.108 Safari/537.36"
35.224.21.175 - - [19/Aug/2025:02:06:01 +0800] "POST /xmlrpc.php HTTP/1.1" 200 415 "-" "Mozilla/5.0 (Windows NT 10.0; Win64; x64) AppleWebKit/537.36 (KHTML, like Gecko) Chrome/78.0.3904.108 Safari/537.36"
35.224.21.175 - - [19/Aug/2025:02:06:02 +0800] "POST /xmlrpc.php HTTP/1.1" 200 415 "-" "Mozilla/5.0 (Windows NT 10.0; Win64; x64) AppleWebKit/537.36 (KHTML, like Gecko) Chrome/78.0.3904.108 Safari/537.36"
35.224.21.175 - - [19/Aug/2025:02:06:03 +0800] "POST /xmlrpc.php HTTP/1.1" 200 415 "-" "Mozilla/5.0 (Windows NT 10.0; Win64; x64) AppleWebKit/537.36 (KHTML, like Gecko) Chrome/78.0.3904.108 Safari/537.36"
35.224.21.175 - - [19/Aug/2025:02:06:04 +0800] "POST /xmlrpc.php HTTP/1.1" 200 415 "-" "Mozilla/5.0 (Windows NT 10.0; Win64; x64) AppleWebKit/537.36 (KHTML, like Gecko) Chrome/78.0.3904.108 Safari/537.36"
35.224.21.175 - - [19/Aug/2025:02:06:04 +0800] "POST /xmlrpc.php HTTP/1.1" 200 415 "-" "Mozilla/5.0 (Windows NT 10.0; Win64; x64) AppleWebKit/537.36 (KHTML, like Gecko) Chrome/78.0.3904.108 Safari/537.36"
35.224.21.175 - - [19/Aug/2025:02:06:05 +0800] "POST /xmlrpc.php HTTP/1.1" 200 415 "-" "Mozilla/5.0 (Windows NT 10.0; Win64; x64) AppleWebKit/537.36 (KHTML, like Gecko) Chrome/78.0.3904.108 Safari/537.36"
35.224.21.175 - - [19/Aug/2025:02:06:06 +0800] "POST /xmlrpc.php HTTP/1.1" 200 415 "-" "Mozilla/5.0 (Windows NT 10.0; Win64; x64) AppleWebKit/537.36 (KHTML, like Gecko) Chrome/78.0.3904.108 Safari/537.36"
35.224.21.175 - - [19/Aug/2025:02:06:07 +0800] "POST /xmlrpc.php HTTP/1.1" 200 415 "-" "Mozilla/5.0 (Windows NT 10.0; Win64; x64) AppleWebKit/537.36 (KHTML, like Gecko) Chrome/78.0.3904.108 Safari/537.36"
35.224.21.175 - - [19/Aug/2025:02:06:08 +0800] "POST /xmlrpc.php HTTP/1.1" 200 415 "-" "Mozilla/5.0 (Windows NT 10.0; Win64; x64) AppleWebKit/537.36 (KHTML, like Gecko) Chrome/78.0.3904.108 Safari/537.36"
35.224.21.175 - - [19/Aug/2025:02:06:09 +0800] "POST /xmlrpc.php HTTP/1.1" 200 415 "-" "Mozilla/5.0 (Windows NT 10.0; Win64; x64) AppleWebKit/537.36 (KHTML, like Gecko) Chrome/78.0.3904.108 Safari/537.36"
35.224.21.175 - - [19/Aug/2025:02:06:09 +0800] "POST /xmlrpc.php HTTP/1.1" 200 415 "-" "Mozilla/5.0 (Windows NT 10.0; Win64; x64) AppleWebKit/537.36 (KHTML, like Gecko) Chrome/78.0.3904.108 Safari/537.36"
35.224.21.175 - - [19/Aug/2025:02:06:10 +0800] "POST /xmlrpc.php HTTP/1.1" 200 415 "-" "Mozilla/5.0 (Windows NT 10.0; Win64; x64) AppleWebKit/537.36 (KHTML, like Gecko) Chrome/78.0.3904.108 Safari/537.36"
35.224.21.175 - - [19/Aug/2025:02:06:11 +0800] "POST /xmlrpc.php HTTP/1.1" 200 415 "-" "Mozilla/5.0 (Windows NT 10.0; Win64; x64) AppleWebKit/537.36 (KHTML, like Gecko) Chrome/78.0.3904.108 Safari/537.36"
35.224.21.175 - - [19/Aug/2025:02:06:12 +0800] "POST /xmlrpc.php HTTP/1.1" 200 415 "-" "Mozilla/5.0 (Windows NT 10.0; Win64; x64) AppleWebKit/537.36 (KHTML, like Gecko) Chrome/78.0.3904.108 Safari/537.36"
35.224.21.175 - - [19/Aug/2025:02:06:13 +0800] "POST /xmlrpc.php HTTP/1.1" 200 415 "-" "Mozilla/5.0 (Windows NT 10.0; Win64; x64) AppleWebKit/537.36 (KHTML, like Gecko) Chrome/78.0.3904.108 Safari/537.36"
35.224.21.175 - - [19/Aug/2025:02:06:13 +0800] "POST /xmlrpc.php HTTP/1.1" 200 415 "-" "Mozilla/5.0 (Windows NT 10.0; Win64; x64) AppleWebKit/537.36 (KHTML, like Gecko) Chrome/78.0.3904.108 Safari/537.36"
35.224.21.175 - - [19/Aug/2025:02:06:14 +0800] "POST /xmlrpc.php HTTP/1.1" 200 415 "-" "Mozilla/5.0 (Windows NT 10.0; Win64; x64) AppleWebKit/537.36 (KHTML, like Gecko) Chrome/78.0.3904.108 Safari/537.36"
35.224.21.175 - - [19/Aug/2025:02:06:15 +0800] "POST /xmlrpc.php HTTP/1.1" 200 415 "-" "Mozilla/5.0 (Windows NT 10.0; Win64; x64) AppleWebKit/537.36 (KHTML, like Gecko) Chrome/78.0.3904.108 Safari/537.36"
35.224.21.175 - - [19/Aug/2025:02:06:16 +0800] "POST /xmlrpc.php HTTP/1.1" 200 415 "-" "Mozilla/5.0 (Windows NT 10.0; Win64; x64) AppleWebKit/537.36 (KHTML, like Gecko) Chrome/78.0.3904.108 Safari/537.36"
35.224.21.175 - - [19/Aug/2025:02:06:16 +0800] "POST /xmlrpc.php HTTP/1.1" 200 415 "-" "Mozilla/5.0 (Windows NT 10.0; Win64; x64) AppleWebKit/537.36 (KHTML, like Gecko) Chrome/78.0.3904.108 Safari/537.36"
35.224.21.175 - - [19/Aug/2025:02:06:17 +0800] "POST /xmlrpc.php HTTP/1.1" 200 415 "-" "Mozilla/5.0 (Windows NT 10.0; Win64; x64) AppleWebKit/537.36 (KHTML, like Gecko) Chrome/78.0.3904.108 Safari/537.36"
35.224.21.175 - - [19/Aug/2025:02:06:18 +0800] "POST /xmlrpc.php HTTP/1.1" 200 415 "-" "Mozilla/5.0 (Windows NT 10.0; Win64; x64) AppleWebKit/537.36 (KHTML, like Gecko) Chrome/78.0.3904.108 Safari/537.36"
35.224.21.175 - - [19/Aug/2025:02:06:18 +0800] "POST /xmlrpc.php HTTP/1.1" 200 415 "-" "Mozilla/5.0 (Windows NT 10.0; Win64; x64) AppleWebKit/537.36 (KHTML, like Gecko) Chrome/78.0.3904.108 Safari/537.36"
35.224.21.175 - - [19/Aug/2025:02:06:19 +0800] "POST /xmlrpc.php HTTP/1.1" 200 415 "-" "Mozilla/5.0 (Windows NT 10.0; Win64; x64) AppleWebKit/537.36 (KHTML, like Gecko) Chrome/78.0.3904.108 Safari/537.36"
35.224.21.175 - - [19/Aug/2025:02:06:20 +0800] "POST /xmlrpc.php HTTP/1.1" 200 415 "-" "Mozilla/5.0 (Windows NT 10.0; Win64; x64) AppleWebKit/537.36 (KHTML, like Gecko) Chrome/78.0.3904.108 Safari/537.36"
35.224.21.175 - - [19/Aug/2025:02:06:21 +0800] "POST /xmlrpc.php HTTP/1.1" 200 415 "-" "Mozilla/5.0 (Windows NT 10.0; Win64; x64) AppleWebKit/537.36 (KHTML, like Gecko) Chrome/78.0.3904.108 Safari/537.36"
35.224.21.175 - - [19/Aug/2025:02:06:21 +0800] "POST /xmlrpc.php HTTP/1.1" 200 415 "-" "Mozilla/5.0 (Windows NT 10.0; Win64; x64) AppleWebKit/537.36 (KHTML, like Gecko) Chrome/78.0.3904.108 Safari/537.36"
35.224.21.175 - - [19/Aug/2025:02:06:22 +0800] "POST /xmlrpc.php HTTP/1.1" 200 415 "-" "Mozilla/5.0 (Windows NT 10.0; Win64; x64) AppleWebKit/537.36 (KHTML, like Gecko) Chrome/78.0.3904.108 Safari/537.36"
35.224.21.175 - - [19/Aug/2025:02:06:23 +0800] "POST /xmlrpc.php HTTP/1.1" 200 415 "-" "Mozilla/5.0 (Windows NT 10.0; Win64; x64) AppleWebKit/537.36 (KHTML, like Gecko) Chrome/78.0.3904.108 Safari/537.36"
35.224.21.175 - - [19/Aug/2025:02:06:23 +0800] "POST /xmlrpc.php HTTP/1.1" 200 415 "-" "Mozilla/5.0 (Windows NT 10.0; Win64; x64) AppleWebKit/537.36 (KHTML, like Gecko) Chrome/78.0.3904.108 Safari/537.36"
35.224.21.175 - - [19/Aug/2025:02:06:24 +0800] "POST /xmlrpc.php HTTP/1.1" 200 415 "-" "Mozilla/5.0 (Windows NT 10.0; Win64; x64) AppleWebKit/537.36 (KHTML, like Gecko) Chrome/78.0.3904.108 Safari/537.36"
35.224.21.175 - - [19/Aug/2025:02:06:25 +0800] "POST /xmlrpc.php HTTP/1.1" 200 415 "-" "Mozilla/5.0 (Windows NT 10.0; Win64; x64) AppleWebKit/537.36 (KHTML, like Gecko) Chrome/78.0.3904.108 Safari/537.36"
35.224.21.175 - - [19/Aug/2025:02:06:26 +0800] "POST /xmlrpc.php HTTP/1.1" 200 415 "-" "Mozilla/5.0 (Windows NT 10.0; Win64; x64) AppleWebKit/537.36 (KHTML, like Gecko) Chrome/78.0.3904.108 Safari/537.36"
35.224.21.175 - - [19/Aug/2025:02:06:26 +0800] "POST /xmlrpc.php HTTP/1.1" 200 415 "-" "Mozilla/5.0 (Windows NT 10.0; Win64; x64) AppleWebKit/537.36 (KHTML, like Gecko) Chrome/78.0.3904.108 Safari/537.36"
35.224.21.175 - - [19/Aug/2025:02:06:27 +0800] "POST /xmlrpc.php HTTP/1.1" 200 415 "-" "Mozilla/5.0 (Windows NT 10.0; Win64; x64) AppleWebKit/537.36 (KHTML, like Gecko) Chrome/78.0.3904.108 Safari/537.36"
35.224.21.175 - - [19/Aug/2025:02:06:28 +0800] "POST /xmlrpc.php HTTP/1.1" 200 415 "-" "Mozilla/5.0 (Windows NT 10.0; Win64; x64) AppleWebKit/537.36 (KHTML, like Gecko) Chrome/78.0.3904.108 Safari/537.36"
35.224.21.175 - - [19/Aug/2025:02:06:29 +0800] "POST /xmlrpc.php HTTP/1.1" 200 415 "-" "Mozilla/5.0 (Windows NT 10.0; Win64; x64) AppleWebKit/537.36 (KHTML, like Gecko) Chrome/78.0.3904.108 Safari/537.36"
35.224.21.175 - - [19/Aug/2025:02:06:29 +0800] "POST /xmlrpc.php HTTP/1.1" 200 415 "-" "Mozilla/5.0 (Windows NT 10.0; Win64; x64) AppleWebKit/537.36 (KHTML, like Gecko) Chrome/78.0.3904.108 Safari/537.36"
35.224.21.175 - - [19/Aug/2025:02:06:30 +0800] "POST /xmlrpc.php HTTP/1.1" 200 415 "-" "Mozilla/5.0 (Windows NT 10.0; Win64; x64) AppleWebKit/537.36 (KHTML, like Gecko) Chrome/78.0.3904.108 Safari/537.36"
35.224.21.175 - - [19/Aug/2025:02:06:31 +0800] "POST /xmlrpc.php HTTP/1.1" 200 415 "-" "Mozilla/5.0 (Windows NT 10.0; Win64; x64) AppleWebKit/537.36 (KHTML, like Gecko) Chrome/78.0.3904.108 Safari/537.36"
35.224.21.175 - - [19/Aug/2025:02:06:31 +0800] "POST /xmlrpc.php HTTP/1.1" 200 415 "-" "Mozilla/5.0 (Windows NT 10.0; Win64; x64) AppleWebKit/537.36 (KHTML, like Gecko) Chrome/78.0.3904.108 Safari/537.36"
35.224.21.175 - - [19/Aug/2025:02:06:32 +0800] "POST /xmlrpc.php HTTP/1.1" 200 415 "-" "Mozilla/5.0 (Windows NT 10.0; Win64; x64) AppleWebKit/537.36 (KHTML, like Gecko) Chrome/78.0.3904.108 Safari/537.36"
35.224.21.175 - - [19/Aug/2025:02:06:33 +0800] "POST /xmlrpc.php HTTP/1.1" 200 415 "-" "Mozilla/5.0 (Windows NT 10.0; Win64; x64) AppleWebKit/537.36 (KHTML, like Gecko) Chrome/78.0.3904.108 Safari/537.36"
35.224.21.175 - - [19/Aug/2025:02:06:34 +0800] "POST /xmlrpc.php HTTP/1.1" 200 415 "-" "Mozilla/5.0 (Windows NT 10.0; Win64; x64) AppleWebKit/537.36 (KHTML, like Gecko) Chrome/78.0.3904.108 Safari/537.36"
35.224.21.175 - - [19/Aug/2025:02:06:35 +0800] "POST /xmlrpc.php HTTP/1.1" 200 415 "-" "Mozilla/5.0 (Windows NT 10.0; Win64; x64) AppleWebKit/537.36 (KHTML, like Gecko) Chrome/78.0.3904.108 Safari/537.36"
35.224.21.175 - - [19/Aug/2025:02:06:35 +0800] "POST /xmlrpc.php HTTP/1.1" 200 415 "-" "Mozilla/5.0 (Windows NT 10.0; Win64; x64) AppleWebKit/537.36 (KHTML, like Gecko) Chrome/78.0.3904.108 Safari/537.36"
35.224.21.175 - - [19/Aug/2025:02:06:36 +0800] "POST /xmlrpc.php HTTP/1.1" 200 415 "-" "Mozilla/5.0 (Windows NT 10.0; Win64; x64) AppleWebKit/537.36 (KHTML, like Gecko) Chrome/78.0.3904.108 Safari/537.36"
35.224.21.175 - - [19/Aug/2025:02:06:37 +0800] "POST /xmlrpc.php HTTP/1.1" 200 415 "-" "Mozilla/5.0 (Windows NT 10.0; Win64; x64) AppleWebKit/537.36 (KHTML, like Gecko) Chrome/78.0.3904.108 Safari/537.36"
35.224.21.175 - - [19/Aug/2025:02:06:37 +0800] "POST /xmlrpc.php HTTP/1.1" 200 415 "-" "Mozilla/5.0 (Windows NT 10.0; Win64; x64) AppleWebKit/537.36 (KHTML, like Gecko) Chrome/78.0.3904.108 Safari/537.36"
35.224.21.175 - - [19/Aug/2025:02:06:39 +0800] "POST /xmlrpc.php HTTP/1.1" 200 415 "-" "Mozilla/5.0 (Windows NT 10.0; Win64; x64) AppleWebKit/537.36 (KHTML, like Gecko) Chrome/78.0.3904.108 Safari/537.36"
35.224.21.175 - - [19/Aug/2025:02:06:40 +0800] "POST /xmlrpc.php HTTP/1.1" 200 415 "-" "Mozilla/5.0 (Windows NT 10.0; Win64; x64) AppleWebKit/537.36 (KHTML, like Gecko) Chrome/78.0.3904.108 Safari/537.36"
103.167.217.137 - - [19/Aug/2025:02:06:40 +0800] "POST /xmlrpc.php HTTP/1.1" 200 217 "-" "Mozilla/5.0 (X11; Ubuntu; Linux x86_64; rv:85.0) Gecko/20100101 Firefox/91.0"
35.224.21.175 - - [19/Aug/2025:02:06:40 +0800] "POST /xmlrpc.php HTTP/1.1" 200 415 "-" "Mozilla/5.0 (Windows NT 10.0; Win64; x64) AppleWebKit/537.36 (KHTML, like Gecko) Chrome/78.0.3904.108 Safari/537.36"
183.199.156.86 - - [19/Aug/2025:02:10:46 +0800] "GET /wp-content/uploads/2025/07/1750649197-qizhou1920x1080_6.webp HTTP/1.1" 200 107100 "http://cqqizhou.com/wp-content/uploads/2025/07/1750649197-qizhou1920x1080_6.webp" "Mozilla/5.0 (Macintosh; Intel Mac OS X 10_15_7) AppleWebKit/537.36 (KHTML, like Gecko) Chrome/135.0.0.0 Safari/537.36"
157.230.108.170 - - [19/Aug/2025:02:16:56 +0800] "GET / HTTP/1.0" 301 0 "-" "-"
157.230.108.170 - - [19/Aug/2025:02:16:56 +0800] "GET / HTTP/1.0" 301 0 "-" "-"
157.230.108.170 - - [19/Aug/2025:02:16:56 +0800] "GET /odinhttpcall1755541048 HTTP/1.1" 404 32838 "-" "Mozilla/5.0 (compatible; Odin; https://docs.getodin.com/)"
157.230.108.170 - - [19/Aug/2025:02:16:57 +0800] "POST /sdk HTTP/1.1" 404 32838 "-" "Mozilla/5.0 (compatible; Odin; https://docs.getodin.com/)"
157.230.108.170 - - [19/Aug/2025:02:16:58 +0800] "GET /HNAP1 HTTP/1.1" 404 32838 "-" "Mozilla/5.0 (compatible; Odin; https://docs.getodin.com/)"
157.230.108.170 - - [19/Aug/2025:02:16:58 +0800] "GET /evox/about HTTP/1.1" 404 32838 "-" "Mozilla/5.0 (compatible; Odin; https://docs.getodin.com/)"
157.230.108.170 - - [19/Aug/2025:02:16:59 +0800] "GET / HTTP/1.0" 301 0 "-" "-"
157.230.108.170 - - [19/Aug/2025:02:17:01 +0800] "GET / HTTP/1.1" 301 5 "-" "-"
165.22.18.30 - - [19/Aug/2025:02:17:02 +0800] "GET /query?q=SHOW+DIAGNOSTICS HTTP/1.1" 301 5 "-" "Go-http-client/1.1"
46.101.115.128 - - [19/Aug/2025:02:17:02 +0800] "GET /cgi-bin/authLogin.cgi HTTP/1.1" 301 5 "-" "Go-http-client/1.1"
46.101.98.172 - - [19/Aug/2025:02:17:02 +0800] "GET /v2/_catalog HTTP/1.1" 301 5 "-" "Go-http-client/1.1"
46.101.115.128 - - [19/Aug/2025:02:17:03 +0800] "GET /cgi-bin/authLogin.cgi HTTP/1.1" 404 32838 "http://36.133.115.36:80/cgi-bin/authLogin.cgi" "Go-http-client/1.1"
165.22.18.30 - - [19/Aug/2025:02:17:03 +0800] "GET /query?q=SHOW+DIAGNOSTICS HTTP/1.1" 404 32838 "http://36.133.115.36:80/query?q=SHOW+DIAGNOSTICS" "Go-http-client/1.1"
46.101.98.172 - - [19/Aug/2025:02:17:03 +0800] "GET /v2/_catalog HTTP/1.1" 404 32838 "http://36.133.115.36:80/v2/_catalog" "Go-http-client/1.1"
87.120.191.6 - - [19/Aug/2025:02:24:43 +0800] "GET / HTTP/1.1" 200 33389 "-" "Mozilla/5.0 (Windows NT 10.0; Win64; x64) AppleWebKit/537.36 (KHTML, like Gecko) Chrome/90.0.4430.85 Safari/537.36 Edg/90.0.818.46"
157.245.89.176 - - [19/Aug/2025:02:24:51 +0800] "POST /xmlrpc.php HTTP/1.1" 200 217 "-" "Mozilla/5.0 (X11; Ubuntu; Linux x86_64; rv:85.0) Gecko/20100101 Firefox/91.0"
36.133.115.36 - - [19/Aug/2025:02:39:37 +0800] "POST /wp-cron.php?doing_wp_cron=1755542377.1861898899078369140625 HTTP/1.1" 200 31 "-" "WordPress/6.8.2; http://cqqizhou.com"
157.245.89.176 - - [19/Aug/2025:02:39:37 +0800] "POST /xmlrpc.php HTTP/1.1" 200 217 "-" "Mozilla/5.0 (X11; Ubuntu; Linux x86_64; rv:85.0) Gecko/20100101 Firefox/91.0"
50.6.193.138 - - [19/Aug/2025:02:53:26 +0800] "POST /xmlrpc.php HTTP/1.1" 200 217 "-" "Mozilla/5.0 (X11; Ubuntu; Linux x86_64; rv:85.0) Gecko/20100101 Firefox/91.0"
91.224.92.14 - - [19/Aug/2025:02:56:04 +0800] "GET / HTTP/1.1" 200 33389 "-" "Mozilla/5.0 (Windows NT 10.0; Win64; x64) AppleWebKit/537.36 (KHTML, like Gecko) Chrome/90.0.4430.85 Safari/537.36 Edg/90.0.818.46"
93.174.93.12 - - [19/Aug/2025:03:00:21 +0800] "GET / HTTP/1.0" 301 0 "-" "Mozilla/5.0 (Windows NT 10.0; Win64; x64) AppleWebKit/537.36 (KHTML, like Gecko) Chrome/63.0.3239.108 Safari/537.36"
217.182.104.125 - - [19/Aug/2025:03:08:00 +0800] "POST /xmlrpc.php HTTP/1.1" 200 217 "-" "Mozilla/5.0 (X11; Ubuntu; Linux x86_64; rv:85.0) Gecko/20100101 Firefox/91.0"
149.50.103.48 - - [19/Aug/2025:03:10:42 +0800] "GET / HTTP/1.1" 200 33389 "-" "Mozilla/5.0 (Windows NT 10.0; Win64; x64) AppleWebKit/537.36 (KHTML, like Gecko) Chrome/90.0.4430.85 Safari/537.36 Edg/90.0.818.46"
87.120.191.6 - - [19/Aug/2025:03:13:50 +0800] "GET / HTTP/1.1" 200 33389 "-" "Mozilla/5.0 (Windows NT 10.0; Win64; x64) AppleWebKit/537.36 (KHTML, like Gecko) Chrome/90.0.4430.85 Safari/537.36 Edg/90.0.818.46"
223.144.226.153 - - [19/Aug/2025:03:17:12 +0800] "GET /portfolio/pickled-coil HTTP/1.1" 301 5 "http://cqqizhou.com/portfolio/pickled-coil" "Mozilla/5.0 (Macintosh; Intel Mac OS X 10_15_7) AppleWebKit/537.36 (KHTML, like Gecko) Chrome/135.0.0.0 Safari/537.36"
223.144.226.153 - - [19/Aug/2025:03:17:13 +0800] "GET /portfolio/pickled-coil/ HTTP/1.1" 200 18682 "http://cqqizhou.com/portfolio/pickled-coil" "Mozilla/5.0 (Macintosh; Intel Mac OS X 10_15_7) AppleWebKit/537.36 (KHTML, like Gecko) Chrome/135.0.0.0 Safari/537.36"
167.235.84.238 - - [19/Aug/2025:03:23:22 +0800] "POST /xmlrpc.php HTTP/1.1" 200 217 "-" "Mozilla/5.0 (X11; Ubuntu; Linux x86_64; rv:85.0) Gecko/20100101 Firefox/91.0"
91.224.92.14 - - [19/Aug/2025:03:28:21 +0800] "GET / HTTP/1.1" 200 33389 "-" "Mozilla/5.0 (Windows NT 10.0; Win64; x64) AppleWebKit/537.36 (KHTML, like Gecko) Chrome/90.0.4430.85 Safari/537.36 Edg/90.0.818.46"
213.209.143.125 - - [19/Aug/2025:03:36:08 +0800] "GET / HTTP/1.1" 200 33389 "-" "Linux Gnu (cow)"
116.193.190.94 - - [19/Aug/2025:03:37:38 +0800] "POST /xmlrpc.php HTTP/1.1" 200 217 "-" "Mozilla/5.0 (X11; Ubuntu; Linux x86_64; rv:85.0) Gecko/20100101 Firefox/91.0"
36.133.115.36 - - [19/Aug/2025:03:50:56 +0800] "POST /wp-cron.php?doing_wp_cron=1755546656.8106079101562500000000 HTTP/1.1" 200 31 "-" "WordPress/6.8.2; http://cqqizhou.com"
195.15.194.52 - - [19/Aug/2025:03:50:57 +0800] "POST /xmlrpc.php HTTP/1.1" 200 217 "-" "Mozilla/5.0 (X11; Ubuntu; Linux x86_64; rv:85.0) Gecko/20100101 Firefox/91.0"
141.98.11.44 - - [19/Aug/2025:03:59:16 +0800] "GET / HTTP/1.1" 200 152149 "-" "Hello World/1.0"
51.38.113.2 - - [19/Aug/2025:04:03:44 +0800] "POST /xmlrpc.php HTTP/1.1" 200 217 "-" "Mozilla/5.0 (X11; Ubuntu; Linux x86_64; rv:85.0) Gecko/20100101 Firefox/91.0"
87.120.191.6 - - [19/Aug/2025:04:07:56 +0800] "GET / HTTP/1.1" 200 33390 "-" "Mozilla/5.0 (Windows NT 10.0; Win64; x64) AppleWebKit/537.36 (KHTML, like Gecko) Chrome/90.0.4430.85 Safari/537.36 Edg/90.0.818.46"
36.133.115.36 - - [19/Aug/2025:04:12:41 +0800] "POST /wp-cron.php?doing_wp_cron=1755547961.4919960498809814453125 HTTP/1.1" 200 31 "-" "WordPress/6.8.2; http://cqqizhou.com"
117.179.150.209 - - [19/Aug/2025:04:12:41 +0800] "GET /2165 HTTP/1.1" 301 5 "http://cqqizhou.com/2165" "Mozilla/5.0 (Windows NT 10.0; Win64; x64) AppleWebKit/537.36 (KHTML, like Gecko) Chrome/135.0.0.0 Safari/537.36"
117.179.150.209 - - [19/Aug/2025:04:12:43 +0800] "GET /2165/ HTTP/1.1" 200 22740 "http://cqqizhou.com/2165" "Mozilla/5.0 (Windows NT 10.0; Win64; x64) AppleWebKit/537.36 (KHTML, like Gecko) Chrome/135.0.0.0 Safari/537.36"
91.224.92.14 - - [19/Aug/2025:04:14:45 +0800] "GET / HTTP/1.1" 200 33389 "-" "Mozilla/5.0 (Windows NT 10.0; Win64; x64) AppleWebKit/537.36 (KHTML, like Gecko) Chrome/90.0.4430.85 Safari/537.36 Edg/90.0.818.46"
162.240.170.28 - - [19/Aug/2025:04:17:01 +0800] "POST /xmlrpc.php HTTP/1.1" 200 217 "-" "Mozilla/5.0 (X11; Ubuntu; Linux x86_64; rv:85.0) Gecko/20100101 Firefox/91.0"
149.50.103.48 - - [19/Aug/2025:04:18:18 +0800] "GET / HTTP/1.1" 200 33389 "-" "Mozilla/5.0 (Windows NT 10.0; Win64; x64) AppleWebKit/537.36 (KHTML, like Gecko) Chrome/90.0.4430.85 Safari/537.36 Edg/90.0.818.46"
221.211.200.10 - - [19/Aug/2025:04:20:56 +0800] "GET /process/processing HTTP/1.1" 301 5 "http://cqqizhou.com/process/processing" "Mozilla/5.0 (Windows NT 10.0; Win64; x64) AppleWebKit/537.36 (KHTML, like Gecko) Chrome/135.0.0.0 Safari/537.36"
221.211.200.10 - - [19/Aug/2025:04:20:57 +0800] "GET /services/processing/ HTTP/1.1" 200 18971 "http://cqqizhou.com/process/processing" "Mozilla/5.0 (Windows NT 10.0; Win64; x64) AppleWebKit/537.36 (KHTML, like Gecko) Chrome/135.0.0.0 Safari/537.36"
45.156.87.165 - report [19/Aug/2025:04:21:07 +0800] "POST /dvr/cmd HTTP/1.1" 499 0 "-" "Mozilla/5.0 (bang2012@protonmail.com)"
218.255.65.124 - - [19/Aug/2025:04:31:10 +0800] "POST /xmlrpc.php HTTP/1.1" 200 217 "-" "Mozilla/5.0 (X11; Ubuntu; Linux x86_64; rv:85.0) Gecko/20100101 Firefox/91.0"
36.133.115.36 - - [19/Aug/2025:04:38:42 +0800] "POST /wp-cron.php?doing_wp_cron=1755549522.3185698986053466796875 HTTP/1.1" 200 31 "-" "WordPress/6.8.2; http://cqqizhou.com"
36.41.75.167 - - [19/Aug/2025:04:38:42 +0800] "GET / HTTP/1.1" 200 33389 "-" "Mozilla/5.0 (iPhone; CPU iPhone OS 13_2_3 like Mac OS X) AppleWebKit/605.1.15 (KHTML, like Gecko) Version/13.0.3 Mobile/15E148 Safari/604.1"
91.224.92.14 - - [19/Aug/2025:04:43:21 +0800] "GET / HTTP/1.1" 200 33389 "-" "Mozilla/5.0 (Windows NT 10.0; Win64; x64) AppleWebKit/537.36 (KHTML, like Gecko) Chrome/90.0.4430.85 Safari/537.36 Edg/90.0.818.46"
103.127.163.177 - - [19/Aug/2025:04:45:29 +0800] "POST /xmlrpc.php HTTP/1.1" 200 217 "-" "Mozilla/5.0 (X11; Ubuntu; Linux x86_64; rv:85.0) Gecko/20100101 Firefox/91.0"
87.120.191.6 - - [19/Aug/2025:04:58:41 +0800] "GET / HTTP/1.1" 200 33390 "-" "Mozilla/5.0 (Windows NT 10.0; Win64; x64) AppleWebKit/537.36 (KHTML, like Gecko) Chrome/90.0.4430.85 Safari/537.36 Edg/90.0.818.46"
87.121.84.45 - - [19/Aug/2025:04:59:12 +0800] "GET / HTTP/1.0" 200 109870 "-" "Mozilla/5.0 (X11; Linux x86_64; rv:140.0) Gecko/20100101 Firefox/140.0"
149.50.103.48 - - [19/Aug/2025:05:15:44 +0800] "GET / HTTP/1.1" 200 33390 "-" "Mozilla/5.0 (Windows NT 10.0; Win64; x64) AppleWebKit/537.36 (KHTML, like Gecko) Chrome/90.0.4430.85 Safari/537.36 Edg/90.0.818.46"
91.224.92.14 - - [19/Aug/2025:05:24:15 +0800] "GET / HTTP/1.1" 200 33389 "-" "Mozilla/5.0 (Windows NT 10.0; Win64; x64) AppleWebKit/537.36 (KHTML, like Gecko) Chrome/90.0.4430.85 Safari/537.36 Edg/90.0.818.46"
50.7.252.138 - - [19/Aug/2025:05:26:45 +0800] "GET / HTTP/1.1" 301 5 "-" "Mozilla/5.0 (Windows NT 10.0; Win64; x64) AppleWebKit/537.36 (KHTML, like Gecko) Chrome/137.0.0.0 Safari/537.36"
50.7.252.138 - - [19/Aug/2025:05:26:46 +0800] "GET / HTTP/1.1" 200 33389 "http://36.133.115.36/" "Mozilla/5.0 (Windows NT 10.0; Win64; x64) AppleWebKit/537.36 (KHTML, like Gecko) Chrome/137.0.0.0 Safari/537.36"
157.90.112.239 - - [19/Aug/2025:05:30:33 +0800] "POST /xmlrpc.php HTTP/1.1" 200 217 "-" "Mozilla/5.0 (X11; Ubuntu; Linux x86_64; rv:85.0) Gecko/20100101 Firefox/91.0"
111.23.214.152 - - [19/Aug/2025:05:31:13 +0800] "GET /wp-content/uploads/2025/07/1750649215-qizhou1920x1080_11.webp HTTP/1.1" 200 171642 "http://cqqizhou.com/wp-content/uploads/2025/07/1750649215-qizhou1920x1080_11.webp" "Mozilla/5.0 (X11; CrOS x86_64 14541.0.0) AppleWebKit/537.36 (KHTML, like Gecko) Chrome/134.0.0.0 Safari/537.36"
141.98.11.44 - - [19/Aug/2025:05:34:45 +0800] "GET / HTTP/1.1" 200 152149 "-" "Hello World/1.0"
45.156.87.165 - admin [19/Aug/2025:05:40:34 +0800] "POST /dvr/cmd HTTP/1.1" 499 0 "-" "Mozilla/5.0 (bang2012@protonmail.com)"
36.133.115.36 - - [19/Aug/2025:05:40:34 +0800] "POST /wp-cron.php?doing_wp_cron=1755553234.7814400196075439453125 HTTP/1.1" 200 31 "-" "WordPress/6.8.2; http://cqqizhou.com"
188.166.188.97 - - [19/Aug/2025:05:45:31 +0800] "POST /xmlrpc.php HTTP/1.1" 200 217 "-" "Mozilla/5.0 (X11; Ubuntu; Linux x86_64; rv:85.0) Gecko/20100101 Firefox/91.0"
49.51.72.236 - - [19/Aug/2025:05:49:01 +0800] "GET / HTTP/1.1" 301 5 "-" "Mozilla/5.0 (iPhone; CPU iPhone OS 13_2_3 like Mac OS X) AppleWebKit/605.1.15 (KHTML, like Gecko) Version/13.0.3 Mobile/15E148 Safari/604.1"
49.51.72.236 - - [19/Aug/2025:05:49:02 +0800] "GET / HTTP/1.1" 200 33390 "http://www.cqqizhou.com" "Mozilla/5.0 (iPhone; CPU iPhone OS 13_2_3 like Mac OS X) AppleWebKit/605.1.15 (KHTML, like Gecko) Version/13.0.3 Mobile/15E148 Safari/604.1"
87.120.191.6 - - [19/Aug/2025:05:51:11 +0800] "GET / HTTP/1.1" 200 33390 "-" "Mozilla/5.0 (Windows NT 10.0; Win64; x64) AppleWebKit/537.36 (KHTML, like Gecko) Chrome/90.0.4430.85 Safari/537.36 Edg/90.0.818.46"
173.236.127.48 - - [19/Aug/2025:05:59:47 +0800] "POST /xmlrpc.php HTTP/1.1" 200 217 "-" "Mozilla/5.0 (X11; Ubuntu; Linux x86_64; rv:85.0) Gecko/20100101 Firefox/91.0"
91.224.92.14 - - [19/Aug/2025:06:06:27 +0800] "GET / HTTP/1.1" 200 33390 "-" "Mozilla/5.0 (Windows NT 10.0; Win64; x64) AppleWebKit/537.36 (KHTML, like Gecko) Chrome/90.0.4430.85 Safari/537.36 Edg/90.0.818.46"
34.19.15.193 - - [19/Aug/2025:06:13:48 +0800] "HEAD /wordpress HTTP/1.1" 404 0 "-" "Mozilla/5.0 (Windows NT 10.0; Win64; x64) AppleWebKit/537.36 (KHTML, like Gecko) Chrome/74.0.3729.169 Safari/537.36"
34.19.15.193 - - [19/Aug/2025:06:13:49 +0800] "HEAD / HTTP/1.1" 200 0 "-" "Mozilla/5.0 (Windows NT 10.0; Win64; x64) AppleWebKit/537.36 (KHTML, like Gecko) Chrome/74.0.3729.169 Safari/537.36"
34.19.15.193 - - [19/Aug/2025:06:13:50 +0800] "HEAD /wp HTTP/1.1" 404 0 "-" "Mozilla/5.0 (Windows NT 10.0; Win64; x64) AppleWebKit/537.36 (KHTML, like Gecko) Chrome/74.0.3729.169 Safari/537.36"
34.19.15.193 - - [19/Aug/2025:06:13:50 +0800] "HEAD /bc HTTP/1.1" 404 0 "-" "Mozilla/5.0 (Windows NT 10.0; Win64; x64) AppleWebKit/537.36 (KHTML, like Gecko) Chrome/74.0.3729.169 Safari/537.36"
34.19.15.193 - - [19/Aug/2025:06:13:51 +0800] "HEAD /bk HTTP/1.1" 404 0 "-" "Mozilla/5.0 (Windows NT 10.0; Win64; x64) AppleWebKit/537.36 (KHTML, like Gecko) Chrome/74.0.3729.169 Safari/537.36"
34.19.15.193 - - [19/Aug/2025:06:13:52 +0800] "HEAD /backup HTTP/1.1" 404 0 "-" "Mozilla/5.0 (Windows NT 10.0; Win64; x64) AppleWebKit/537.36 (KHTML, like Gecko) Chrome/74.0.3729.169 Safari/537.36"
34.19.15.193 - - [19/Aug/2025:06:13:52 +0800] "HEAD /old HTTP/1.1" 404 0 "-" "Mozilla/5.0 (Windows NT 10.0; Win64; x64) AppleWebKit/537.36 (KHTML, like Gecko) Chrome/74.0.3729.169 Safari/537.36"
34.19.15.193 - - [19/Aug/2025:06:13:53 +0800] "HEAD /new HTTP/1.1" 301 0 "-" "Mozilla/5.0 (Windows NT 10.0; Win64; x64) AppleWebKit/537.36 (KHTML, like Gecko) Chrome/74.0.3729.169 Safari/537.36"
34.19.15.193 - - [19/Aug/2025:06:13:54 +0800] "HEAD /news/ HTTP/1.1" 200 0 "http://cqqizhou.com/new" "Mozilla/5.0 (Windows NT 10.0; Win64; x64) AppleWebKit/537.36 (KHTML, like Gecko) Chrome/74.0.3729.169 Safari/537.36"
34.19.15.193 - - [19/Aug/2025:06:13:54 +0800] "HEAD /main HTTP/1.1" 404 0 "-" "Mozilla/5.0 (Windows NT 10.0; Win64; x64) AppleWebKit/537.36 (KHTML, like Gecko) Chrome/74.0.3729.169 Safari/537.36"
34.19.15.193 - - [19/Aug/2025:06:13:55 +0800] "HEAD /home HTTP/1.1" 301 0 "-" "Mozilla/5.0 (Windows NT 10.0; Win64; x64) AppleWebKit/537.36 (KHTML, like Gecko) Chrome/74.0.3729.169 Safari/537.36"
34.19.15.193 - - [19/Aug/2025:06:13:56 +0800] "HEAD / HTTP/1.1" 200 0 "http://cqqizhou.com/home" "Mozilla/5.0 (Windows NT 10.0; Win64; x64) AppleWebKit/537.36 (KHTML, like Gecko) Chrome/74.0.3729.169 Safari/537.36"
65.21.87.175 - - [19/Aug/2025:06:14:46 +0800] "POST /xmlrpc.php HTTP/1.1" 200 217 "-" "Mozilla/5.0 (X11; Ubuntu; Linux x86_64; rv:85.0) Gecko/20100101 Firefox/91.0"
149.50.103.48 - - [19/Aug/2025:06:18:56 +0800] "GET / HTTP/1.1" 200 33387 "-" "Mozilla/5.0 (Windows NT 10.0; Win64; x64) AppleWebKit/537.36 (KHTML, like Gecko) Chrome/90.0.4430.85 Safari/537.36 Edg/90.0.818.46"
175.207.214.142 - - [19/Aug/2025:06:30:55 +0800] "POST /xmlrpc.php HTTP/1.1" 200 217 "-" "Mozilla/5.0 (X11; Ubuntu; Linux x86_64; rv:85.0) Gecko/20100101 Firefox/91.0"
34.77.227.70 - - [19/Aug/2025:06:34:39 +0800] "GET / HTTP/1.1" 301 5 "-" "python-requests/2.32.4"
36.133.115.36 - - [19/Aug/2025:06:42:32 +0800] "POST /wp-cron.php?doing_wp_cron=1755556952.8676791191101074218750 HTTP/1.1" 200 31 "-" "WordPress/6.8.2; http://cqqizhou.com"
91.224.92.14 - - [19/Aug/2025:06:42:33 +0800] "GET / HTTP/1.1" 200 33389 "-" "Mozilla/5.0 (Windows NT 10.0; Win64; x64) AppleWebKit/537.36 (KHTML, like Gecko) Chrome/90.0.4430.85 Safari/537.36 Edg/90.0.818.46"
116.193.190.94 - - [19/Aug/2025:06:48:28 +0800] "POST /xmlrpc.php HTTP/1.1" 200 217 "-" "Mozilla/5.0 (X11; Ubuntu; Linux x86_64; rv:85.0) Gecko/20100101 Firefox/91.0"
206.168.34.40 - - [19/Aug/2025:06:50:00 +0800] "GET / HTTP/1.1" 301 5 "-" "Mozilla/5.0 (compatible; CensysInspect/1.1; +https://about.censys.io/)"
85.215.135.85 - - [19/Aug/2025:06:50:51 +0800] "GET / HTTP/1.1" 301 5 "-" "-"
85.215.135.85 - - [19/Aug/2025:06:50:53 +0800] "GET / HTTP/1.1" 200 152149 "-" "-"
206.168.34.40 - - [19/Aug/2025:06:52:19 +0800] "GET / HTTP/1.1" 200 33390 "-" "Mozilla/5.0 (compatible; CensysInspect/1.1; +https://about.censys.io/)"
206.168.34.40 - - [19/Aug/2025:06:57:21 +0800] "GET /wiki HTTP/1.1" 404 9422 "-" "Mozilla/5.0 (compatible; CensysInspect/1.1; +https://about.censys.io/)"
113.120.56.97 - - [19/Aug/2025:06:57:33 +0800] "GET / HTTP/1.1" 200 33390 "-" "Mozilla/4.054101423 Mozilla/4.0 (compatible; MSIE 9.0; Windows NT 6.1)"
87.120.191.6 - - [19/Aug/2025:07:02:07 +0800] "GET / HTTP/1.1" 200 33390 "-" "Mozilla/5.0 (Windows NT 10.0; Win64; x64) AppleWebKit/537.36 (KHTML, like Gecko) Chrome/90.0.4430.85 Safari/537.36 Edg/90.0.818.46"
91.224.92.14 - - [19/Aug/2025:07:16:57 +0800] "GET / HTTP/1.1" 200 33390 "-" "Mozilla/5.0 (Windows NT 10.0; Win64; x64) AppleWebKit/537.36 (KHTML, like Gecko) Chrome/90.0.4430.85 Safari/537.36 Edg/90.0.818.46"
36.133.108.119 - - [19/Aug/2025:07:25:25 +0800] "HEAD /dvr/cmd HTTP/1.1" 404 0 "-" "Mozilla/5.0 (compatible; MSIE 8.0; Windows NT 5.1; Trident/4.0; .NET CLR 1.1.4322; .NET CLR 2.0.50727)"
149.50.103.48 - - [19/Aug/2025:07:26:14 +0800] "GET / HTTP/1.1" 200 33390 "-" "Mozilla/5.0 (Windows NT 10.0; Win64; x64) AppleWebKit/537.36 (KHTML, like Gecko) Chrome/90.0.4430.85 Safari/537.36 Edg/90.0.818.46"
185.182.56.10 - - [19/Aug/2025:07:26:47 +0800] "POST /xmlrpc.php HTTP/1.1" 200 217 "-" "Mozilla/5.0 (X11; Ubuntu; Linux x86_64; rv:85.0) Gecko/20100101 Firefox/91.0"
43.166.250.187 - - [19/Aug/2025:07:34:22 +0800] "GET / HTTP/1.1" 200 33389 "-" "Mozilla/5.0 (iPhone; CPU iPhone OS 13_2_3 like Mac OS X) AppleWebKit/605.1.15 (KHTML, like Gecko) Version/13.0.3 Mobile/15E148 Safari/604.1"
36.133.115.36 - - [19/Aug/2025:07:41:50 +0800] "POST /wp-cron.php?doing_wp_cron=1755560510.1412611007690429687500 HTTP/1.1" 200 31 "-" "WordPress/6.8.2; http://cqqizhou.com"
113.219.218.197 - - [19/Aug/2025:07:41:50 +0800] "GET / HTTP/1.1" 301 5 "-" "Mozilla/5.0 (iPhone; CPU iPhone OS 13_2_3 like Mac OS X) AppleWebKit/605.1.15 (KHTML, like Gecko) Version/13.0.3 Mobile/15E148 Safari/604.1"
52.167.144.232 - - [19/Aug/2025:07:48:16 +0800] "GET /about/ HTTP/1.1" 200 24316 "-" "Mozilla/5.0 AppleWebKit/537.36 (KHTML, like Gecko; compatible; bingbot/2.0; +http://www.bing.com/bingbot.htm) Chrome/116.0.1938.76 Safari/537.36"
91.224.92.14 - - [19/Aug/2025:07:52:33 +0800] "GET / HTTP/1.1" 200 33388 "-" "Mozilla/5.0 (Windows NT 10.0; Win64; x64) AppleWebKit/537.36 (KHTML, like Gecko) Chrome/90.0.4430.85 Safari/537.36 Edg/90.0.818.46"
87.120.191.6 - - [19/Aug/2025:07:57:45 +0800] "GET / HTTP/1.1" 200 33389 "-" "Mozilla/5.0 (Windows NT 10.0; Win64; x64) AppleWebKit/537.36 (KHTML, like Gecko) Chrome/90.0.4430.85 Safari/537.36 Edg/90.0.818.46"
185.177.72.12 - - [19/Aug/2025:08:15:59 +0800] "GET /.git/HEAD HTTP/1.1" 404 9423 "-" "-"
185.177.72.12 - - [19/Aug/2025:08:16:02 +0800] "GET /.env HTTP/1.1" 404 9422 "-" "Mozilla/5.0 (Windows NT 10.0; Win64; x64) AppleWebKit/537.36 (KHTML, like Gecko) Chrome/91.0.4472.124 Safari/537.36"
185.177.72.12 - - [19/Aug/2025:08:16:03 +0800] "GET /phpinfo HTTP/1.1" 404 9423 "-" "Mozilla/5.0 (Windows NT 10.0; Win64; x64) AppleWebKit/537.36 (KHTML, like Gecko) Chrome/91.0.4472.124 Safari/537.36"
185.177.72.12 - - [19/Aug/2025:08:16:09 +0800] "GET /phpinfo.php HTTP/1.1" 404 47 "-" "Mozilla/5.0 (Windows NT 10.0; Win64; x64) AppleWebKit/537.36 (KHTML, like Gecko) Chrome/91.0.4472.124 Safari/537.36"
185.177.72.12 - - [19/Aug/2025:08:16:09 +0800] "GET /portal/.env HTTP/1.1" 404 9423 "-" "Mozilla/5.0 (Windows NT 10.0; Win64; x64) AppleWebKit/537.36 (KHTML, like Gecko) Chrome/91.0.4472.124 Safari/537.36"
185.177.72.12 - - [19/Aug/2025:08:16:10 +0800] "GET /env/.env HTTP/1.1" 404 9423 "-" "Mozilla/5.0 (Windows NT 10.0; Win64; x64) AppleWebKit/537.36 (KHTML, like Gecko) Chrome/91.0.4472.124 Safari/537.36"
185.177.72.12 - - [19/Aug/2025:08:16:11 +0800] "GET /api/.env HTTP/1.1" 404 9423 "-" "Mozilla/5.0 (Windows NT 10.0; Win64; x64) AppleWebKit/537.36 (KHTML, like Gecko) Chrome/91.0.4472.124 Safari/537.36"
185.177.72.12 - - [19/Aug/2025:08:16:12 +0800] "GET /app/.env HTTP/1.1" 404 9423 "-" "Mozilla/5.0 (Windows NT 10.0; Win64; x64) AppleWebKit/537.36 (KHTML, like Gecko) Chrome/91.0.4472.124 Safari/537.36"
185.177.72.12 - - [19/Aug/2025:08:16:15 +0800] "GET /dev/.env HTTP/1.1" 404 9423 "-" "Mozilla/5.0 (Windows NT 10.0; Win64; x64) AppleWebKit/537.36 (KHTML, like Gecko) Chrome/91.0.4472.124 Safari/537.36"
185.177.72.12 - - [19/Aug/2025:08:16:17 +0800] "GET /new/.env HTTP/1.1" 404 9424 "-" "Mozilla/5.0 (Windows NT 10.0; Win64; x64) AppleWebKit/537.36 (KHTML, like Gecko) Chrome/91.0.4472.124 Safari/537.36"
185.177.72.12 - - [19/Aug/2025:08:16:18 +0800] "GET /new/.env.local HTTP/1.1" 404 9424 "-" "Mozilla/5.0 (Windows NT 10.0; Win64; x64) AppleWebKit/537.36 (KHTML, like Gecko) Chrome/91.0.4472.124 Safari/537.36"
185.177.72.12 - - [19/Aug/2025:08:16:19 +0800] "GET /new/.env.production HTTP/1.1" 404 9424 "-" "Mozilla/5.0 (Windows NT 10.0; Win64; x64) AppleWebKit/537.36 (KHTML, like Gecko) Chrome/91.0.4472.124 Safari/537.36"
185.177.72.12 - - [19/Aug/2025:08:16:20 +0800] "GET /new/.env.staging HTTP/1.1" 404 9423 "-" "Mozilla/5.0 (Windows NT 10.0; Win64; x64) AppleWebKit/537.36 (KHTML, like Gecko) Chrome/91.0.4472.124 Safari/537.36"
185.177.72.12 - - [19/Aug/2025:08:16:20 +0800] "GET /_phpinfo.php HTTP/1.1" 404 47 "-" "Mozilla/5.0 (Windows NT 10.0; Win64; x64) AppleWebKit/537.36 (KHTML, like Gecko) Chrome/91.0.4472.124 Safari/537.36"
185.177.72.12 - - [19/Aug/2025:08:16:21 +0800] "GET /_profiler/phpinfo HTTP/1.1" 404 9423 "-" "Mozilla/5.0 (Windows NT 10.0; Win64; x64) AppleWebKit/537.36 (KHTML, like Gecko) Chrome/91.0.4472.124 Safari/537.36"
185.177.72.12 - - [19/Aug/2025:08:16:21 +0800] "GET /_profiler/phpinfo/info.php HTTP/1.1" 404 47 "-" "Mozilla/5.0 (Windows NT 10.0; Win64; x64) AppleWebKit/537.36 (KHTML, like Gecko) Chrome/91.0.4472.124 Safari/537.36"
185.177.72.12 - - [19/Aug/2025:08:16:22 +0800] "GET /_profiler/phpinfo/phpinfo.php HTTP/1.1" 404 47 "-" "Mozilla/5.0 (Windows NT 10.0; Win64; x64) AppleWebKit/537.36 (KHTML, like Gecko) Chrome/91.0.4472.124 Safari/537.36"
185.177.72.12 - - [19/Aug/2025:08:16:22 +0800] "GET /wp-config HTTP/1.1" 404 9423 "-" "Mozilla/5.0 (Windows NT 10.0; Win64; x64) AppleWebKit/537.36 (KHTML, like Gecko) Chrome/91.0.4472.124 Safari/537.36"
185.177.72.12 - - [19/Aug/2025:08:16:23 +0800] "GET /aws-secret.yaml HTTP/1.1" 404 9423 "-" "Mozilla/5.0 (Windows NT 10.0; Win64; x64) AppleWebKit/537.36 (KHTML, like Gecko) Chrome/91.0.4472.124 Safari/537.36"
185.177.72.12 - - [19/Aug/2025:08:16:24 +0800] "GET /awstats/.env HTTP/1.1" 404 9424 "-" "Mozilla/5.0 (Windows NT 10.0; Win64; x64) AppleWebKit/537.36 (KHTML, like Gecko) Chrome/91.0.4472.124 Safari/537.36"
185.177.72.12 - - [19/Aug/2025:08:16:25 +0800] "GET /conf/.env HTTP/1.1" 404 9423 "-" "Mozilla/5.0 (Windows NT 10.0; Win64; x64) AppleWebKit/537.36 (KHTML, like Gecko) Chrome/91.0.4472.124 Safari/537.36"
185.177.72.12 - - [19/Aug/2025:08:16:25 +0800] "GET /cron/.env HTTP/1.1" 404 9423 "-" "Mozilla/5.0 (Windows NT 10.0; Win64; x64) AppleWebKit/537.36 (KHTML, like Gecko) Chrome/91.0.4472.124 Safari/537.36"
185.177.72.12 - - [19/Aug/2025:08:16:26 +0800] "GET /www/.env HTTP/1.1" 404 9423 "-" "Mozilla/5.0 (Windows NT 10.0; Win64; x64) AppleWebKit/537.36 (KHTML, like Gecko) Chrome/91.0.4472.124 Safari/537.36"
185.177.72.12 - - [19/Aug/2025:08:16:27 +0800] "GET /docker/.env HTTP/1.1" 404 9424 "-" "Mozilla/5.0 (Windows NT 10.0; Win64; x64) AppleWebKit/537.36 (KHTML, like Gecko) Chrome/91.0.4472.124 Safari/537.36"
185.177.72.12 - - [19/Aug/2025:08:16:28 +0800] "GET /docker/app/.env HTTP/1.1" 404 9424 "-" "Mozilla/5.0 (Windows NT 10.0; Win64; x64) AppleWebKit/537.36 (KHTML, like Gecko) Chrome/91.0.4472.124 Safari/537.36"
185.177.72.12 - - [19/Aug/2025:08:16:28 +0800] "GET /env.backup HTTP/1.1" 404 9424 "-" "Mozilla/5.0 (Windows NT 10.0; Win64; x64) AppleWebKit/537.36 (KHTML, like Gecko) Chrome/91.0.4472.124 Safari/537.36"
185.177.72.12 - - [19/Aug/2025:08:16:29 +0800] "GET /xampp/phpinfo.php HTTP/1.1" 404 47 "-" "Mozilla/5.0 (Windows NT 10.0; Win64; x64) AppleWebKit/537.36 (KHTML, like Gecko) Chrome/91.0.4472.124 Safari/537.36"
185.177.72.12 - - [19/Aug/2025:08:16:29 +0800] "GET /lara/info.php HTTP/1.1" 404 47 "-" "Mozilla/5.0 (Windows NT 10.0; Win64; x64) AppleWebKit/537.36 (KHTML, like Gecko) Chrome/91.0.4472.124 Safari/537.36"
185.177.72.12 - - [19/Aug/2025:08:16:29 +0800] "GET /lara/phpinfo.php HTTP/1.1" 404 47 "-" "Mozilla/5.0 (Windows NT 10.0; Win64; x64) AppleWebKit/537.36 (KHTML, like Gecko) Chrome/91.0.4472.124 Safari/537.36"
185.177.72.12 - - [19/Aug/2025:08:16:30 +0800] "GET /laravel/info.php HTTP/1.1" 404 47 "-" "Mozilla/5.0 (Windows NT 10.0; Win64; x64) AppleWebKit/537.36 (KHTML, like Gecko) Chrome/91.0.4472.124 Safari/537.36"
185.177.72.12 - - [19/Aug/2025:08:16:30 +0800] "GET /.vscode/.env HTTP/1.1" 404 9423 "-" "Mozilla/5.0 (Windows NT 10.0; Win64; x64) AppleWebKit/537.36 (KHTML, like Gecko) Chrome/91.0.4472.124 Safari/537.36"
185.177.72.12 - - [19/Aug/2025:08:16:31 +0800] "GET /js/.env HTTP/1.1" 404 9423 "-" "Mozilla/5.0 (Windows NT 10.0; Win64; x64) AppleWebKit/537.36 (KHTML, like Gecko) Chrome/91.0.4472.124 Safari/537.36"
185.177.72.12 - - [19/Aug/2025:08:16:32 +0800] "GET /laravel/.env HTTP/1.1" 404 9423 "-" "Mozilla/5.0 (Windows NT 10.0; Win64; x64) AppleWebKit/537.36 (KHTML, like Gecko) Chrome/91.0.4472.124 Safari/537.36"
185.177.72.12 - - [19/Aug/2025:08:16:33 +0800] "GET /laravel/core/.env HTTP/1.1" 404 9423 "-" "Mozilla/5.0 (Windows NT 10.0; Win64; x64) AppleWebKit/537.36 (KHTML, like Gecko) Chrome/91.0.4472.124 Safari/537.36"
185.177.72.12 - - [19/Aug/2025:08:16:33 +0800] "GET /mail/.env HTTP/1.1" 404 9423 "-" "Mozilla/5.0 (Windows NT 10.0; Win64; x64) AppleWebKit/537.36 (KHTML, like Gecko) Chrome/91.0.4472.124 Safari/537.36"
185.177.72.12 - - [19/Aug/2025:08:16:34 +0800] "GET /mailer/.env HTTP/1.1" 404 9424 "-" "Mozilla/5.0 (Windows NT 10.0; Win64; x64) AppleWebKit/537.36 (KHTML, like Gecko) Chrome/91.0.4472.124 Safari/537.36"
185.177.72.12 - - [19/Aug/2025:08:16:35 +0800] "GET /nginx/.env HTTP/1.1" 404 9423 "-" "Mozilla/5.0 (Windows NT 10.0; Win64; x64) AppleWebKit/537.36 (KHTML, like Gecko) Chrome/91.0.4472.124 Safari/537.36"
185.177.72.12 - - [19/Aug/2025:08:16:35 +0800] "GET /public/.env HTTP/1.1" 404 9423 "-" "Mozilla/5.0 (Windows NT 10.0; Win64; x64) AppleWebKit/537.36 (KHTML, like Gecko) Chrome/91.0.4472.124 Safari/537.36"
185.177.72.12 - - [19/Aug/2025:08:16:36 +0800] "GET /site/.env HTTP/1.1" 404 9423 "-" "Mozilla/5.0 (Windows NT 10.0; Win64; x64) AppleWebKit/537.36 (KHTML, like Gecko) Chrome/91.0.4472.124 Safari/537.36"
185.177.72.12 - - [19/Aug/2025:08:16:37 +0800] "GET /xampp/.env HTTP/1.1" 404 9424 "-" "Mozilla/5.0 (Windows NT 10.0; Win64; x64) AppleWebKit/537.36 (KHTML, like Gecko) Chrome/91.0.4472.124 Safari/537.36"
185.177.72.12 - - [19/Aug/2025:08:16:38 +0800] "GET /main/.env HTTP/1.1" 404 9424 "-" "Mozilla/5.0 (Windows NT 10.0; Win64; x64) AppleWebKit/537.36 (KHTML, like Gecko) Chrome/91.0.4472.124 Safari/537.36"
185.177.72.12 - - [19/Aug/2025:08:16:38 +0800] "GET /node_modules/.env HTTP/1.1" 404 9424 "-" "Mozilla/5.0 (Windows NT 10.0; Win64; x64) AppleWebKit/537.36 (KHTML, like Gecko) Chrome/91.0.4472.124 Safari/537.36"
185.177.72.12 - - [19/Aug/2025:08:16:39 +0800] "GET /kyc/.env HTTP/1.1" 404 9424 "-" "Mozilla/5.0 (Windows NT 10.0; Win64; x64) AppleWebKit/537.36 (KHTML, like Gecko) Chrome/91.0.4472.124 Safari/537.36"
185.177.72.12 - - [19/Aug/2025:08:16:40 +0800] "GET /admin/.env HTTP/1.1" 404 9423 "-" "Mozilla/5.0 (Windows NT 10.0; Win64; x64) AppleWebKit/537.36 (KHTML, like Gecko) Chrome/91.0.4472.124 Safari/537.36"
185.177.72.12 - - [19/Aug/2025:08:16:41 +0800] "GET /prod/.env HTTP/1.1" 404 9423 "-" "Mozilla/5.0 (Windows NT 10.0; Win64; x64) AppleWebKit/537.36 (KHTML, like Gecko) Chrome/91.0.4472.124 Safari/537.36"
185.177.72.12 - - [19/Aug/2025:08:16:41 +0800] "GET /.env.bak HTTP/1.1" 404 9423 "-" "Mozilla/5.0 (Windows NT 10.0; Win64; x64) AppleWebKit/537.36 (KHTML, like Gecko) Chrome/91.0.4472.124 Safari/537.36"
185.177.72.12 - - [19/Aug/2025:08:16:42 +0800] "GET /api/shared/config/config.env HTTP/1.1" 404 9423 "-" "Mozilla/5.0 (Windows NT 10.0; Win64; x64) AppleWebKit/537.36 (KHTML, like Gecko) Chrome/91.0.4472.124 Safari/537.36"
185.177.72.12 - - [19/Aug/2025:08:16:43 +0800] "GET /api/shared/config.env HTTP/1.1" 404 9423 "-" "Mozilla/5.0 (Windows NT 10.0; Win64; x64) AppleWebKit/537.36 (KHTML, like Gecko) Chrome/91.0.4472.124 Safari/537.36"
185.177.72.12 - - [19/Aug/2025:08:16:44 +0800] "GET /config.env HTTP/1.1" 404 9424 "-" "Mozilla/5.0 (Windows NT 10.0; Win64; x64) AppleWebKit/537.36 (KHTML, like Gecko) Chrome/91.0.4472.124 Safari/537.36"
185.177.72.12 - - [19/Aug/2025:08:16:44 +0800] "GET /website/.env HTTP/1.1" 404 9424 "-" "Mozilla/5.0 (Windows NT 10.0; Win64; x64) AppleWebKit/537.36 (KHTML, like Gecko) Chrome/91.0.4472.124 Safari/537.36"
185.177.72.12 - - [19/Aug/2025:08:16:45 +0800] "GET /development/.env HTTP/1.1" 404 9423 "-" "Mozilla/5.0 (Windows NT 10.0; Win64; x64) AppleWebKit/537.36 (KHTML, like Gecko) Chrome/91.0.4472.124 Safari/537.36"
185.177.72.12 - - [19/Aug/2025:08:16:46 +0800] "GET /backend/.env HTTP/1.1" 404 9422 "-" "Mozilla/5.0 (Windows NT 10.0; Win64; x64) AppleWebKit/537.36 (KHTML, like Gecko) Chrome/91.0.4472.124 Safari/537.36"
185.177.72.12 - - [19/Aug/2025:08:16:47 +0800] "GET /api/shared/config/.env HTTP/1.1" 404 9423 "-" "Mozilla/5.0 (Windows NT 10.0; Win64; x64) AppleWebKit/537.36 (KHTML, like Gecko) Chrome/91.0.4472.124 Safari/537.36"
