119.84.246.117 - - [01/Jul/2026:09:47:07 +0800] "GET /wp-content/uploads/2025/07/1753456770-%E7%83%AD%E9%95%80%E9%94%8C%E5%8D%B7product_Single600.webp HTTP/1.1" 200 27502 "http://cqqizhou.com/" "Mozilla/5.0 (Windows NT 6.1) AppleWebKit/535.11 (KHTML, like Gecko) Chrome/17.0.963.84 Safari/535.11 LBBROWSER"
119.84.246.117 - - [01/Jul/2026:09:47:07 +0800] "GET /wp-content/uploads/2026/06/1782708718-1Article_images_W900px.webp HTTP/1.1" 200 54948 "http://cqqizhou.com/" "Mozilla/5.0 (Windows NT 6.1) AppleWebKit/535.11 (KHTML, like Gecko) Chrome/17.0.963.84 Safari/535.11 LBBROWSER"
119.84.246.117 - - [01/Jul/2026:09:47:07 +0800] "GET /wp-content/uploads/2025/07/1753453127-%E4%BD%99%E5%8D%B7product_Single600%C3%97284.webp HTTP/1.1" 200 18744 "http://cqqizhou.com/" "Mozilla/5.0 (Windows NT 6.1) AppleWebKit/535.11 (KHTML, like Gecko) Chrome/17.0.963.84 Safari/535.11 LBBROWSER"
119.84.246.117 - - [01/Jul/2026:09:47:07 +0800] "GET /wp-content/uploads/2026/06/1781880807-Article_images_W900px.webp HTTP/1.1" 200 25354 "http://cqqizhou.com/" "Mozilla/5.0 (Windows NT 6.1) AppleWebKit/535.11 (KHTML, like Gecko) Chrome/17.0.963.84 Safari/535.11 LBBROWSER"
119.84.246.117 - - [01/Jul/2026:09:47:07 +0800] "GET /wp-content/uploads/2026/06/1782392245-Article_images_W900px.webp HTTP/1.1" 200 62046 "http://cqqizhou.com/" "Mozilla/5.0 (Windows NT 6.1) AppleWebKit/535.11 (KHTML, like Gecko) Chrome/17.0.963.84 Safari/535.11 LBBROWSER"
119.84.246.117 - - [01/Jul/2026:09:47:07 +0800] "GET /wp-content/uploads/2026/06/1780363378-1Article_images_W900px.webp HTTP/1.1" 200 62100 "http://cqqizhou.com/" "Mozilla/5.0 (Windows NT 6.1) AppleWebKit/535.11 (KHTML, like Gecko) Chrome/17.0.963.84 Safari/535.11 LBBROWSER"
119.84.246.117 - - [01/Jul/2026:09:47:07 +0800] "GET /wp-content/uploads/2026/06/1782182572-Article_images_W900px.webp HTTP/1.1" 200 24314 "http://cqqizhou.com/" "Mozilla/5.0 (Windows NT 6.1) AppleWebKit/535.11 (KHTML, like Gecko) Chrome/17.0.963.84 Safari/535.11 LBBROWSER"
116.179.32.46 - - [01/Jul/2026:09:47:13 +0800] "GET /news/2592 HTTP/1.1" 200 24627 "-" "Mozilla/5.0 (compatible; Baiduspider/2.0; +http://www.baidu.com/search/spider.html)"
116.179.37.118 - - [01/Jul/2026:09:51:05 +0800] "GET /wp-content/uploads/2026/06/1780363375-3Article_images_W900px.webp HTTP/1.1" 200 59640 "http://cqqizhou.com/news/2592" "Mozilla/5.0 (compatible; Baiduspider-render/2.0; +http://www.baidu.com/search/spider.html)"
116.179.37.246 - - [01/Jul/2026:09:51:05 +0800] "GET /wp-content/uploads/2026/06/1780363377-2Article_images_W900px.webp HTTP/1.1" 200 59160 "http://cqqizhou.com/news/2592" "Mozilla/5.0 (compatible; Baiduspider-render/2.0; +http://www.baidu.com/search/spider.html)"
220.181.108.105 - - [01/Jul/2026:09:51:18 +0800] "GET /wp-content/uploads/2026/06/1780363375-3Article_images_W900px.webp HTTP/1.1" 200 59640 "-" "Mozilla/5.0 (compatible; Baiduspider/2.0; +http://www.baidu.com/search/spider.html)"
220.181.108.83 - - [01/Jul/2026:09:54:37 +0800] "GET /wp-content/uploads/2026/06/1780363377-2Article_images_W900px.webp HTTP/1.1" 200 59160 "-" "Mozilla/5.0 (compatible; Baiduspider/2.0; +http://www.baidu.com/search/spider.html)"
36.133.115.36 - - [01/Jul/2026:10:31:30 +0800] "POST /wp-cron.php?doing_wp_cron=1782873090.4265499114990234375000 HTTP/1.1" 200 31 "-" "WordPress/7.0; http://cqqizhou.com"
66.240.223.240 - - [01/Jul/2026:10:31:30 +0800] "GET / HTTP/1.1" 301 5 "-" "Mozilla/5.0 zgrab/0.x"
36.133.115.36 - - [01/Jul/2026:10:42:00 +0800] "POST /wp-cron.php?doing_wp_cron=1782873720.6782488822937011718750 HTTP/1.1" 200 31 "-" "WordPress/7.0; http://cqqizhou.com"
58.16.175.6 - - [01/Jul/2026:10:42:00 +0800] "GET / HTTP/1.1" 301 5 "-" "Mozilla/5.0 (Windows NT 10.0; Win64; x64) AppleWebKit/537.36 (KHTML, like Gecko) Chrome/99.0.4844.51 Safari/537.36"
58.16.175.6 - - [01/Jul/2026:10:42:00 +0800] "GET / HTTP/1.1" 200 159688 "-" "Mozilla/5.0 (Windows NT 10.0; Win64; x64) AppleWebKit/537.36 (KHTML, like Gecko) Chrome/99.0.4844.51 Safari/537.36"
5.61.209.43 - - [01/Jul/2026:10:42:02 +0800] "GET /SDK/webLanguage HTTP/1.1" 301 5 "-" "Mozilla/5.0 (Windows NT 10.0; Win64; x64) AppleWebKit/537.36 (KHTML, like Gecko) Chrome/90.0.4430.85 Safari/537.36 Edg/90.0.818.46"
58.16.175.6 - - [01/Jul/2026:10:42:05 +0800] "GET /wp-content/uploads/2026/06/1782182572-Article_images_W900px.webp HTTP/1.1" 200 24314 "http://cqqizhou.com/" "Mozilla/5.0 (Windows NT 10.0; Win64; x64) AppleWebKit/537.36 (KHTML, like Gecko) Chrome/99.0.4844.51 Safari/537.36"
36.133.115.36 - - [01/Jul/2026:10:42:11 +0800] "POST /wp-cron.php?doing_wp_cron=1782873731.6783170700073242187500 HTTP/1.1" 200 31 "-" "WordPress/7.0; http://cqqizhou.com"
220.181.51.90 - - [01/Jul/2026:10:42:11 +0800] "GET /robots.txt HTTP/1.1" 301 5 "-" "Mozilla/5.0 (Windows NT 10.0; WOW64) AppleWebKit/537.36 (KHTML, like Gecko) Chrome/48.0.2564.116 Safari/537.36"
220.181.51.88 - - [01/Jul/2026:10:42:12 +0800] "GET /robots.txt HTTP/1.1" 200 190 "-" "Mozilla/5.0 (Windows NT 10.0; WOW64) AppleWebKit/537.36 (KHTML, like Gecko) Chrome/48.0.2564.116 Safari/537.36"
36.133.115.36 - - [01/Jul/2026:10:56:34 +0800] "POST /wp-cron.php?doing_wp_cron=1782874594.5255520343780517578125 HTTP/1.1" 200 31 "-" "WordPress/7.0; http://cqqizhou.com"
47.102.20.209 - - [01/Jul/2026:10:56:34 +0800] "GET / HTTP/1.1" 301 5 "-" "Mozilla/5.0 (Windows NT 10.0; Win64; x64) AppleWebKit/537.36 (KHTML, like Gecko) Chrome/133.0.0.0 Safari/537.36"
47.102.20.209 - - [01/Jul/2026:10:56:34 +0800] "GET / HTTP/1.1" 200 35514 "http://36.133.115.36/" "Mozilla/5.0 (Windows NT 10.0; Win64; x64) AppleWebKit/537.36 (KHTML, like Gecko) Chrome/133.0.0.0 Safari/537.36"
180.153.236.4 - - [01/Jul/2026:10:59:08 +0800] "GET / HTTP/1.1" 200 35514 "http://cqqizhou.com" "User-Agent:Mozilla/5.0 (Windows NT 10.0; Win64; x64) AppleWebKit/537.36 (KHTML, like Gecko) Chrome/140.0.0.0 Safari/537.36 Edg/140.0.0.0; 360Spider"
36.133.115.36 - - [01/Jul/2026:11:23:22 +0800] "POST /wp-cron.php?doing_wp_cron=1782876202.9111530780792236328125 HTTP/1.1" 200 31 "-" "WordPress/7.0; http://cqqizhou.com"
49.51.203.164 - - [01/Jul/2026:11:23:22 +0800] "GET / HTTP/1.1" 200 35070 "-" "Mozilla/5.0 (iPhone; CPU iPhone OS 13_2_3 like Mac OS X) AppleWebKit/605.1.15 (KHTML, like Gecko) Version/13.0.3 Mobile/15E148 Safari/604.1"
36.133.115.36 - - [01/Jul/2026:11:25:35 +0800] "POST /wp-cron.php?doing_wp_cron=1782876335.6783149242401123046875 HTTP/1.1" 200 31 "-" "WordPress/7.0; http://cqqizhou.com"
43.161.251.162 - - [01/Jul/2026:11:25:35 +0800] "GET / HTTP/1.1" 200 35068 "-" "Mozilla/5.0 (iPhone; CPU iPhone OS 13_2_3 like Mac OS X) AppleWebKit/605.1.15 (KHTML, like Gecko) Version/13.0.3 Mobile/15E148 Safari/604.1"
36.133.115.36 - - [01/Jul/2026:11:35:55 +0800] "POST /wp-cron.php?doing_wp_cron=1782876955.1899440288543701171875 HTTP/1.1" 200 31 "-" "WordPress/7.0; http://cqqizhou.com"
45.77.171.82 - - [01/Jul/2026:11:35:55 +0800] "POST /xmlrpc.php HTTP/1.1" 200 217 "-" "Mozilla/5.0 (Windows NT 10.0; rv:141.0) Gecko/20100101 Firefox/141.0"
14.108.232.217 - - [01/Jul/2026:11:38:02 +0800] "GET / HTTP/1.1" 200 35514 "https://cn.bing.com/" "Mozilla/5.0 (Windows NT 10.0; Win64; x64) AppleWebKit/537.36 (KHTML, like Gecko) Chrome/149.0.0.0 Safari/537.36 Edg/149.0.0.0"
14.108.232.217 - - [01/Jul/2026:11:38:02 +0800] "GET /wp-content/uploads/2025/07/1751425283-qizhou.kf_.qq_.com_.webp HTTP/1.1" 200 16864 "http://cqqizhou.com/" "Mozilla/5.0 (Windows NT 10.0; Win64; x64) AppleWebKit/537.36 (KHTML, like Gecko) Chrome/149.0.0.0 Safari/537.36 Edg/149.0.0.0"
14.108.232.217 - - [01/Jul/2026:11:38:03 +0800] "GET /wp-content/uploads/2025/07/1750174127-Marketing1920x800_3.webp HTTP/1.1" 200 52790 "http://cqqizhou.com/wp-content/uploads/elementor/css/post-1666.css?ver=1782709289" "Mozilla/5.0 (Windows NT 10.0; Win64; x64) AppleWebKit/537.36 (KHTML, like Gecko) Chrome/149.0.0.0 Safari/537.36 Edg/149.0.0.0"
14.108.232.217 - - [01/Jul/2026:11:38:03 +0800] "GET /wp-content/uploads/2025/12/1765268955-qizhou_Slider1_3840%C3%972160_20251210-scaled.webp HTTP/1.1" 200 152162 "http://cqqizhou.com/" "Mozilla/5.0 (Windows NT 10.0; Win64; x64) AppleWebKit/537.36 (KHTML, like Gecko) Chrome/149.0.0.0 Safari/537.36 Edg/149.0.0.0"
14.108.232.217 - - [01/Jul/2026:11:38:03 +0800] "GET /wp-content/uploads/2025/07/1753456723-%E5%8F%8C%E7%9B%B8%E9%92%A2roduct_Single600.webp HTTP/1.1" 200 22790 "http://cqqizhou.com/" "Mozilla/5.0 (Windows NT 10.0; Win64; x64) AppleWebKit/537.36 (KHTML, like Gecko) Chrome/149.0.0.0 Safari/537.36 Edg/149.0.0.0"
14.108.232.217 - - [01/Jul/2026:11:38:03 +0800] "GET /wp-content/uploads/2025/07/1753453096-%E5%8F%8C%E7%9B%B8%E9%92%A2product_Single600%C3%97284.webp HTTP/1.1" 200 14562 "http://cqqizhou.com/" "Mozilla/5.0 (Windows NT 10.0; Win64; x64) AppleWebKit/537.36 (KHTML, like Gecko) Chrome/149.0.0.0 Safari/537.36 Edg/149.0.0.0"
14.108.232.217 - - [01/Jul/2026:11:38:03 +0800] "GET /wp-content/uploads/2025/07/1753453127-%E4%BD%99%E5%8D%B7product_Single600%C3%97284.webp HTTP/1.1" 200 18744 "http://cqqizhou.com/" "Mozilla/5.0 (Windows NT 10.0; Win64; x64) AppleWebKit/537.36 (KHTML, like Gecko) Chrome/149.0.0.0 Safari/537.36 Edg/149.0.0.0"
14.108.232.217 - - [01/Jul/2026:11:38:03 +0800] "GET /wp-content/uploads/2025/07/1753456770-%E7%83%AD%E9%95%80%E9%94%8C%E5%8D%B7product_Single600.webp HTTP/1.1" 200 27502 "http://cqqizhou.com/" "Mozilla/5.0 (Windows NT 10.0; Win64; x64) AppleWebKit/537.36 (KHTML, like Gecko) Chrome/149.0.0.0 Safari/537.36 Edg/149.0.0.0"
14.108.232.217 - - [01/Jul/2026:11:38:03 +0800] "GET /wp-content/uploads/2026/01/1768276119-qizhoujiagong_Slider_3840%C3%972160_20260113-scaled-50x100.webp HTTP/1.1" 200 976 "http://cqqizhou.com/" "Mozilla/5.0 (Windows NT 10.0; Win64; x64) AppleWebKit/537.36 (KHTML, like Gecko) Chrome/149.0.0.0 Safari/537.36 Edg/149.0.0.0"
14.108.232.217 - - [01/Jul/2026:11:38:03 +0800] "GET /wp-content/uploads/revslider/slider-1/1750861156-logistics_Slider_3840%C3%972160_20250625191356-scaled-50x100.webp HTTP/1.1" 200 1416 "http://cqqizhou.com/" "Mozilla/5.0 (Windows NT 10.0; Win64; x64) AppleWebKit/537.36 (KHTML, like Gecko) Chrome/149.0.0.0 Safari/537.36 Edg/149.0.0.0"
14.108.232.217 - - [01/Jul/2026:11:38:05 +0800] "GET /wp-json/sliderrevolution/sliders/1?srengine=7&slideid=4 HTTP/1.1" 200 2580 "http://cqqizhou.com/" "Mozilla/5.0 (Windows NT 10.0; Win64; x64) AppleWebKit/537.36 (KHTML, like Gecko) Chrome/149.0.0.0 Safari/537.36 Edg/149.0.0.0"
14.108.232.217 - - [01/Jul/2026:11:38:05 +0800] "GET /wp-content/uploads/2026/01/1768276119-qizhoujiagong_Slider_3840%C3%972160_20260113-scaled.webp HTTP/1.1" 200 131696 "http://cqqizhou.com/" "Mozilla/5.0 (Windows NT 10.0; Win64; x64) AppleWebKit/537.36 (KHTML, like Gecko) Chrome/149.0.0.0 Safari/537.36 Edg/149.0.0.0"
36.133.115.36 - - [01/Jul/2026:11:38:05 +0800] "POST /wp-cron.php?doing_wp_cron=1782877085.1527800559997558593750 HTTP/1.1" 200 31 "-" "WordPress/7.0; http://cqqizhou.com"
14.108.232.217 - - [01/Jul/2026:11:38:05 +0800] "GET /wp-json/sliderrevolution/sliders/1?srengine=7&slideid=2 HTTP/1.1" 200 2000 "http://cqqizhou.com/" "Mozilla/5.0 (Windows NT 10.0; Win64; x64) AppleWebKit/537.36 (KHTML, like Gecko) Chrome/149.0.0.0 Safari/537.36 Edg/149.0.0.0"
14.108.232.217 - - [01/Jul/2026:11:38:05 +0800] "GET /wp-content/uploads/revslider/slider-1/1750861156-logistics_Slider_3840%C3%972160_20250625191356-scaled.webp HTTP/1.1" 200 197360 "http://cqqizhou.com/" "Mozilla/5.0 (Windows NT 10.0; Win64; x64) AppleWebKit/537.36 (KHTML, like Gecko) Chrome/149.0.0.0 Safari/537.36 Edg/149.0.0.0"
14.108.232.217 - - [01/Jul/2026:11:38:18 +0800] "GET /wp-content/uploads/2025/12/1765268955-qizhou_Slider1_3840%C3%972160_20251210-scaled-50x100.webp HTTP/1.1" 200 1812 "http://cqqizhou.com/" "Mozilla/5.0 (Windows NT 10.0; Win64; x64) AppleWebKit/537.36 (KHTML, like Gecko) Chrome/149.0.0.0 Safari/537.36 Edg/149.0.0.0"
14.108.232.217 - - [01/Jul/2026:11:38:20 +0800] "GET /logistics HTTP/1.1" 200 31732 "http://cqqizhou.com/" "Mozilla/5.0 (Windows NT 10.0; Win64; x64) AppleWebKit/537.36 (KHTML, like Gecko) Chrome/149.0.0.0 Safari/537.36 Edg/149.0.0.0"
14.108.232.217 - - [01/Jul/2026:11:38:20 +0800] "GET /wp-content/uploads/2026/01/1767696162-qizhoutruck3-768x173.webp HTTP/1.1" 200 22082 "http://cqqizhou.com/logistics" "Mozilla/5.0 (Windows NT 10.0; Win64; x64) AppleWebKit/537.36 (KHTML, like Gecko) Chrome/149.0.0.0 Safari/537.36 Edg/149.0.0.0"
14.108.232.217 - - [01/Jul/2026:11:38:20 +0800] "GET /wp-content/uploads/2025/11/1762864381-QZ_Photo-7-1536x1024.webp HTTP/1.1" 200 155402 "http://cqqizhou.com/logistics" "Mozilla/5.0 (Windows NT 10.0; Win64; x64) AppleWebKit/537.36 (KHTML, like Gecko) Chrome/149.0.0.0 Safari/537.36 Edg/149.0.0.0"
14.108.232.217 - - [01/Jul/2026:11:38:20 +0800] "GET /wp-content/uploads/2025/12/1765862012-DSC20251216131140-768x432.webp HTTP/1.1" 200 74070 "http://cqqizhou.com/logistics" "Mozilla/5.0 (Windows NT 10.0; Win64; x64) AppleWebKit/537.36 (KHTML, like Gecko) Chrome/149.0.0.0 Safari/537.36 Edg/149.0.0.0"
14.108.232.217 - - [01/Jul/2026:11:38:20 +0800] "GET /wp-content/uploads/2026/01/1767696142-aojiaqiao20260104.webp HTTP/1.1" 200 184988 "http://cqqizhou.com/wp-content/uploads/elementor/css/post-1959.css?ver=1782709462" "Mozilla/5.0 (Windows NT 10.0; Win64; x64) AppleWebKit/537.36 (KHTML, like Gecko) Chrome/149.0.0.0 Safari/537.36 Edg/149.0.0.0"
14.108.232.217 - - [01/Jul/2026:11:38:20 +0800] "GET /wp-content/uploads/logistics/Conatiner-5.webp HTTP/1.1" 200 63396 "http://cqqizhou.com/logistics" "Mozilla/5.0 (Windows NT 10.0; Win64; x64) AppleWebKit/537.36 (KHTML, like Gecko) Chrome/149.0.0.0 Safari/537.36 Edg/149.0.0.0"
36.133.115.36 - - [01/Jul/2026:11:38:21 +0800] "POST /wp-cron.php?doing_wp_cron=1782877101.7721509933471679687500 HTTP/1.1" 200 31 "-" "WordPress/7.0; http://cqqizhou.com"
14.108.232.217 - - [01/Jul/2026:11:38:21 +0800] "GET /wp-json/contact-form-7/v1/contact-forms/1444/refill HTTP/1.1" 200 33 "http://cqqizhou.com/logistics" "Mozilla/5.0 (Windows NT 10.0; Win64; x64) AppleWebKit/537.36 (KHTML, like Gecko) Chrome/149.0.0.0 Safari/537.36 Edg/149.0.0.0"
14.108.232.217 - - [01/Jul/2026:11:38:21 +0800] "GET /wp-json/contact-form-7/v1/contact-forms/1444/feedback/schema HTTP/1.1" 200 270 "http://cqqizhou.com/logistics" "Mozilla/5.0 (Windows NT 10.0; Win64; x64) AppleWebKit/537.36 (KHTML, like Gecko) Chrome/149.0.0.0 Safari/537.36 Edg/149.0.0.0"
14.108.232.217 - - [01/Jul/2026:11:38:22 +0800] "POST /wp-admin/admin-ajax.php HTTP/1.1" 403 33 "http://cqqizhou.com/logistics" "Mozilla/5.0 (Windows NT 10.0; Win64; x64) AppleWebKit/537.36 (KHTML, like Gecko) Chrome/149.0.0.0 Safari/537.36 Edg/149.0.0.0"
14.108.232.217 - - [01/Jul/2026:11:38:32 +0800] "POST /wp-admin/admin-ajax.php HTTP/1.1" 403 33 "http://cqqizhou.com/logistics" "Mozilla/5.0 (Windows NT 10.0; Win64; x64) AppleWebKit/537.36 (KHTML, like Gecko) Chrome/149.0.0.0 Safari/537.36 Edg/149.0.0.0"
14.108.232.217 - - [01/Jul/2026:11:38:40 +0800] "GET /wp-content/uploads/2026/02/1770009968-9.6%E7%B1%B3%E4%BD%8E%E6%A0%8F%E5%B9%B3%E6%9D%BF%E8%B4%A7%E8%BD%A6.webp HTTP/1.1" 200 56690 "http://cqqizhou.com/logistics" "Mozilla/5.0 (Windows NT 10.0; Win64; x64) AppleWebKit/537.36 (KHTML, like Gecko) Chrome/149.0.0.0 Safari/537.36 Edg/149.0.0.0"
14.108.232.217 - - [01/Jul/2026:11:38:40 +0800] "GET /wp-content/uploads/2026/02/1769999335-17.5%E7%B1%B3%E5%B9%B3%E6%9D%BF%E8%B4%A7%E8%BD%A6.webp HTTP/1.1" 200 56978 "http://cqqizhou.com/logistics" "Mozilla/5.0 (Windows NT 10.0; Win64; x64) AppleWebKit/537.36 (KHTML, like Gecko) Chrome/149.0.0.0 Safari/537.36 Edg/149.0.0.0"
14.108.232.217 - - [01/Jul/2026:11:38:41 +0800] "GET /wp-content/uploads/2026/02/1769999241-4.2%E7%B1%B3%E9%AB%98%E6%A0%8F%E8%B4%A7%E8%BD%A6.webp HTTP/1.1" 200 54794 "http://cqqizhou.com/logistics" "Mozilla/5.0 (Windows NT 10.0; Win64; x64) AppleWebKit/537.36 (KHTML, like Gecko) Chrome/149.0.0.0 Safari/537.36 Edg/149.0.0.0"
14.108.232.217 - - [01/Jul/2026:11:38:42 +0800] "GET /wp-content/uploads/2026/01/1767618076-Logistics_BG2508.webp HTTP/1.1" 200 94788 "http://cqqizhou.com/wp-content/uploads/elementor/css/post-1959.css?ver=1782709462" "Mozilla/5.0 (Windows NT 10.0; Win64; x64) AppleWebKit/537.36 (KHTML, like Gecko) Chrome/149.0.0.0 Safari/537.36 Edg/149.0.0.0"
14.108.232.217 - - [01/Jul/2026:11:40:02 +0800] "GET /about HTTP/1.1" 200 30600 "http://cqqizhou.com/logistics" "Mozilla/5.0 (Windows NT 10.0; Win64; x64) AppleWebKit/537.36 (KHTML, like Gecko) Chrome/149.0.0.0 Safari/537.36 Edg/149.0.0.0"
14.108.232.217 - - [01/Jul/2026:11:40:02 +0800] "GET /wp-content/uploads/2025/07/1750649803-qizhou800x500_2.webp HTTP/1.1" 200 63616 "http://cqqizhou.com/about" "Mozilla/5.0 (Windows NT 10.0; Win64; x64) AppleWebKit/537.36 (KHTML, like Gecko) Chrome/149.0.0.0 Safari/537.36 Edg/149.0.0.0"
14.108.232.217 - - [01/Jul/2026:11:40:02 +0800] "GET /wp-content/uploads/2025/07/1750945444-honor300%C3%97206_2.webp HTTP/1.1" 200 71296 "http://cqqizhou.com/about" "Mozilla/5.0 (Windows NT 10.0; Win64; x64) AppleWebKit/537.36 (KHTML, like Gecko) Chrome/149.0.0.0 Safari/537.36 Edg/149.0.0.0"
14.108.232.217 - - [01/Jul/2026:11:40:02 +0800] "GET /wp-content/uploads/2025/07/1750945417-honor300%C3%97206_1.webp HTTP/1.1" 200 57666 "http://cqqizhou.com/about" "Mozilla/5.0 (Windows NT 10.0; Win64; x64) AppleWebKit/537.36 (KHTML, like Gecko) Chrome/149.0.0.0 Safari/537.36 Edg/149.0.0.0"
14.108.232.217 - - [01/Jul/2026:11:40:02 +0800] "GET /wp-content/uploads/2025/07/1750671800-partner1_200x50.webp HTTP/1.1" 200 2244 "http://cqqizhou.com/about" "Mozilla/5.0 (Windows NT 10.0; Win64; x64) AppleWebKit/537.36 (KHTML, like Gecko) Chrome/149.0.0.0 Safari/537.36 Edg/149.0.0.0"
14.108.232.217 - - [01/Jul/2026:11:40:02 +0800] "GET /wp-content/uploads/2025/07/1750671801-partner2_200x50.webp HTTP/1.1" 200 3946 "http://cqqizhou.com/about" "Mozilla/5.0 (Windows NT 10.0; Win64; x64) AppleWebKit/537.36 (KHTML, like Gecko) Chrome/149.0.0.0 Safari/537.36 Edg/149.0.0.0"
14.108.232.217 - - [01/Jul/2026:11:40:02 +0800] "GET /wp-content/uploads/2025/07/1750671805-partner4_200x50.webp HTTP/1.1" 200 2390 "http://cqqizhou.com/about" "Mozilla/5.0 (Windows NT 10.0; Win64; x64) AppleWebKit/537.36 (KHTML, like Gecko) Chrome/149.0.0.0 Safari/537.36 Edg/149.0.0.0"
14.108.232.217 - - [01/Jul/2026:11:40:02 +0800] "GET /wp-content/uploads/2025/07/1750671803-partner3_200x50.webp HTTP/1.1" 200 4414 "http://cqqizhou.com/about" "Mozilla/5.0 (Windows NT 10.0; Win64; x64) AppleWebKit/537.36 (KHTML, like Gecko) Chrome/149.0.0.0 Safari/537.36 Edg/149.0.0.0"
14.108.232.217 - - [01/Jul/2026:11:40:02 +0800] "GET /wp-content/uploads/2025/07/1750671806-partner5_200x50.webp HTTP/1.1" 200 2840 "http://cqqizhou.com/about" "Mozilla/5.0 (Windows NT 10.0; Win64; x64) AppleWebKit/537.36 (KHTML, like Gecko) Chrome/149.0.0.0 Safari/537.36 Edg/149.0.0.0"
14.108.232.217 - - [01/Jul/2026:11:40:02 +0800] "GET /wp-content/uploads/2025/07/1750671808-partner6_200x50.webp HTTP/1.1" 200 3004 "http://cqqizhou.com/about" "Mozilla/5.0 (Windows NT 10.0; Win64; x64) AppleWebKit/537.36 (KHTML, like Gecko) Chrome/149.0.0.0 Safari/537.36 Edg/149.0.0.0"
14.108.232.217 - - [01/Jul/2026:11:40:02 +0800] "GET /wp-content/uploads/2025/06/1750755307-qizhoucangku2000x400_2025624.webp HTTP/1.1" 200 45470 "http://cqqizhou.com/about" "Mozilla/5.0 (Windows NT 10.0; Win64; x64) AppleWebKit/537.36 (KHTML, like Gecko) Chrome/149.0.0.0 Safari/537.36 Edg/149.0.0.0"
14.108.232.217 - - [01/Jul/2026:11:40:02 +0800] "GET /wp-content/uploads/elementor/thumbs/1751209300-Hello-Qizhou3-r91b71mdtei8mab1rr8x739cnvi1mafuaga3vbed3o.webp HTTP/1.1" 200 39120 "http://cqqizhou.com/about" "Mozilla/5.0 (Windows NT 10.0; Win64; x64) AppleWebKit/537.36 (KHTML, like Gecko) Chrome/149.0.0.0 Safari/537.36 Edg/149.0.0.0"
14.108.232.217 - - [01/Jul/2026:11:40:02 +0800] "GET /wp-content/uploads/2025/07/1750945514-honor300%C3%97206_3.webp HTTP/1.1" 200 74124 "http://cqqizhou.com/about" "Mozilla/5.0 (Windows NT 10.0; Win64; x64) AppleWebKit/537.36 (KHTML, like Gecko) Chrome/149.0.0.0 Safari/537.36 Edg/149.0.0.0"
14.108.232.217 - - [01/Jul/2026:11:40:02 +0800] "GET /wp-content/uploads/elementor/thumbs/1751373145-About_Qizhoudalou_W800px-r91b70ok8huvvdr4ynxnf302e8ie3iydlh6ag9ew82.webp HTTP/1.1" 200 37938 "http://cqqizhou.com/about" "Mozilla/5.0 (Windows NT 10.0; Win64; x64) AppleWebKit/537.36 (KHTML, like Gecko) Chrome/149.0.0.0 Safari/537.36 Edg/149.0.0.0"
14.108.232.217 - - [01/Jul/2026:11:40:02 +0800] "GET /wp-content/uploads/2025/07/1750945637-honor300%C3%97206_5.webp HTTP/1.1" 200 77368 "http://cqqizhou.com/about" "Mozilla/5.0 (Windows NT 10.0; Win64; x64) AppleWebKit/537.36 (KHTML, like Gecko) Chrome/149.0.0.0 Safari/537.36 Edg/149.0.0.0"
14.108.232.217 - - [01/Jul/2026:11:40:02 +0800] "GET /wp-content/uploads/2025/07/1750945616-honor300%C3%97206_4.webp HTTP/1.1" 200 33814 "http://cqqizhou.com/about" "Mozilla/5.0 (Windows NT 10.0; Win64; x64) AppleWebKit/537.36 (KHTML, like Gecko) Chrome/149.0.0.0 Safari/537.36 Edg/149.0.0.0"
14.108.232.217 - - [01/Jul/2026:11:40:02 +0800] "GET /wp-content/uploads/2025/07/1750945650-honor300%C3%97206_6.webp HTTP/1.1" 200 66306 "http://cqqizhou.com/about" "Mozilla/5.0 (Windows NT 10.0; Win64; x64) AppleWebKit/537.36 (KHTML, like Gecko) Chrome/149.0.0.0 Safari/537.36 Edg/149.0.0.0"
14.108.232.217 - - [01/Jul/2026:11:40:02 +0800] "GET /wp-content/uploads/2025/07/1750649183-qizhou1920x1080_2.webp HTTP/1.1" 200 267936 "http://cqqizhou.com/about" "Mozilla/5.0 (Windows NT 10.0; Win64; x64) AppleWebKit/537.36 (KHTML, like Gecko) Chrome/149.0.0.0 Safari/537.36 Edg/149.0.0.0"
14.108.232.217 - - [01/Jul/2026:11:40:02 +0800] "GET /wp-content/uploads/2025/07/1750649186-qizhou1920x1080_3.webp HTTP/1.1" 200 134070 "http://cqqizhou.com/about" "Mozilla/5.0 (Windows NT 10.0; Win64; x64) AppleWebKit/537.36 (KHTML, like Gecko) Chrome/149.0.0.0 Safari/537.36 Edg/149.0.0.0"
14.108.232.217 - - [01/Jul/2026:11:40:02 +0800] "GET /wp-content/uploads/2025/07/1750649179-qizhou1920x1080_1.webp HTTP/1.1" 200 172154 "http://cqqizhou.com/about" "Mozilla/5.0 (Windows NT 10.0; Win64; x64) AppleWebKit/537.36 (KHTML, like Gecko) Chrome/149.0.0.0 Safari/537.36 Edg/149.0.0.0"
14.108.232.217 - - [01/Jul/2026:11:40:02 +0800] "GET /wp-content/uploads/2025/07/1750649189-qizhou1920x1080_4.webp HTTP/1.1" 200 174962 "http://cqqizhou.com/about" "Mozilla/5.0 (Windows NT 10.0; Win64; x64) AppleWebKit/537.36 (KHTML, like Gecko) Chrome/149.0.0.0 Safari/537.36 Edg/149.0.0.0"
14.108.232.217 - - [01/Jul/2026:11:40:02 +0800] "GET /wp-content/uploads/2025/07/1750649197-qizhou1920x1080_6.webp HTTP/1.1" 200 150354 "http://cqqizhou.com/about" "Mozilla/5.0 (Windows NT 10.0; Win64; x64) AppleWebKit/537.36 (KHTML, like Gecko) Chrome/149.0.0.0 Safari/537.36 Edg/149.0.0.0"
14.108.232.217 - - [01/Jul/2026:11:40:02 +0800] "GET /wp-content/uploads/2025/07/1750649193-qizhou1920x1080_5.webp HTTP/1.1" 200 110214 "http://cqqizhou.com/about" "Mozilla/5.0 (Windows NT 10.0; Win64; x64) AppleWebKit/537.36 (KHTML, like Gecko) Chrome/149.0.0.0 Safari/537.36 Edg/149.0.0.0"
14.108.232.217 - - [01/Jul/2026:11:40:02 +0800] "GET /wp-content/uploads/2025/07/1750649200-qizhou1920x1080_7.webp HTTP/1.1" 200 238866 "http://cqqizhou.com/about" "Mozilla/5.0 (Windows NT 10.0; Win64; x64) AppleWebKit/537.36 (KHTML, like Gecko) Chrome/149.0.0.0 Safari/537.36 Edg/149.0.0.0"
14.108.232.217 - - [01/Jul/2026:11:40:02 +0800] "GET /wp-content/uploads/2025/07/1750649203-qizhou1920x1080_8.webp HTTP/1.1" 200 256782 "http://cqqizhou.com/about" "Mozilla/5.0 (Windows NT 10.0; Win64; x64) AppleWebKit/537.36 (KHTML, like Gecko) Chrome/149.0.0.0 Safari/537.36 Edg/149.0.0.0"
14.108.232.217 - - [01/Jul/2026:11:40:02 +0800] "GET /wp-content/uploads/2025/07/1750649207-qizhou1920x1080_9.webp HTTP/1.1" 200 146108 "http://cqqizhou.com/about" "Mozilla/5.0 (Windows NT 10.0; Win64; x64) AppleWebKit/537.36 (KHTML, like Gecko) Chrome/149.0.0.0 Safari/537.36 Edg/149.0.0.0"
14.108.232.217 - - [01/Jul/2026:11:40:02 +0800] "GET /wp-content/uploads/2025/07/1750649215-qizhou1920x1080_11.webp HTTP/1.1" 200 171642 "http://cqqizhou.com/about" "Mozilla/5.0 (Windows NT 10.0; Win64; x64) AppleWebKit/537.36 (KHTML, like Gecko) Chrome/149.0.0.0 Safari/537.36 Edg/149.0.0.0"
14.108.232.217 - - [01/Jul/2026:11:40:03 +0800] "GET /wp-content/uploads/2025/07/1750649212-qizhou1920x1080_10.webp HTTP/1.1" 200 143362 "http://cqqizhou.com/about" "Mozilla/5.0 (Windows NT 10.0; Win64; x64) AppleWebKit/537.36 (KHTML, like Gecko) Chrome/149.0.0.0 Safari/537.36 Edg/149.0.0.0"
36.133.115.36 - - [01/Jul/2026:11:40:04 +0800] "POST /wp-cron.php?doing_wp_cron=1782877204.5483660697937011718750 HTTP/1.1" 200 31 "-" "WordPress/7.0; http://cqqizhou.com"
14.108.232.217 - - [01/Jul/2026:11:40:04 +0800] "POST /wp-admin/admin-ajax.php HTTP/1.1" 403 33 "http://cqqizhou.com/about" "Mozilla/5.0 (Windows NT 10.0; Win64; x64) AppleWebKit/537.36 (KHTML, like Gecko) Chrome/149.0.0.0 Safari/537.36 Edg/149.0.0.0"
14.108.232.217 - - [01/Jul/2026:11:40:11 +0800] "GET /wp-content/uploads/2025/07/1750656103-Visionr2000x800_20250623131702.webp HTTP/1.1" 200 57650 "http://cqqizhou.com/wp-content/uploads/elementor/css/post-1849.css?ver=1782709431" "Mozilla/5.0 (Windows NT 10.0; Win64; x64) AppleWebKit/537.36 (KHTML, like Gecko) Chrome/149.0.0.0 Safari/537.36 Edg/149.0.0.0"
36.133.115.36 - - [01/Jul/2026:11:40:14 +0800] "POST /wp-cron.php?doing_wp_cron=1782877214.2255220413208007812500 HTTP/1.1" 200 31 "-" "WordPress/7.0; http://cqqizhou.com"
14.108.232.217 - - [01/Jul/2026:11:40:14 +0800] "POST /wp-admin/admin-ajax.php HTTP/1.1" 403 33 "http://cqqizhou.com/about" "Mozilla/5.0 (Windows NT 10.0; Win64; x64) AppleWebKit/537.36 (KHTML, like Gecko) Chrome/149.0.0.0 Safari/537.36 Edg/149.0.0.0"
180.149.126.9 - - [01/Jul/2026:11:40:21 +0800] "GET /c/ HTTP/1.1" 404 9498 "-" "Mozilla/5.0 (Windows NT 5.1; Win64; x64) AppleWebKit/537.36 (KHTML, like Gecko) Chrome/60.0.3112.90 Safari/537.36"
36.133.115.36 - - [01/Jul/2026:11:53:33 +0800] "POST /wp-cron.php?doing_wp_cron=1782878013.2672529220581054687500 HTTP/1.1" 200 31 "-" "WordPress/7.0; http://cqqizhou.com"
51.38.230.115 - - [01/Jul/2026:11:53:33 +0800] "POST /xmlrpc.php HTTP/1.1" 200 217 "-" "Mozilla/5.0 (Windows NT 10.0; Win64; x64; rv:140.0) Gecko/20100101 Firefox/140.0"
36.133.115.36 - - [01/Jul/2026:12:34:10 +0800] "POST /wp-cron.php?doing_wp_cron=1782880449.9666790962219238281250 HTTP/1.1" 200 31 "-" "WordPress/7.0; http://cqqizhou.com"
5.61.209.43 - - [01/Jul/2026:12:34:10 +0800] "GET /SDK/webLanguage HTTP/1.1" 301 5 "-" "Mozilla/5.0 (Windows NT 10.0; Win64; x64) AppleWebKit/537.36 (KHTML, like Gecko) Chrome/90.0.4430.85 Safari/537.36 Edg/90.0.818.46"
36.133.115.36 - - [01/Jul/2026:12:41:55 +0800] "POST /wp-cron.php?doing_wp_cron=1782880915.2296280860900878906250 HTTP/1.1" 200 31 "-" "WordPress/7.0; http://cqqizhou.com"
54.39.136.103 - - [01/Jul/2026:12:41:55 +0800] "GET /news/2496 HTTP/1.1" 200 28567 "-" "Mozilla/5.0 (compatible; AhrefsBot/7.0; +http://ahrefs.com/robot/)"
142.44.225.219 - - [01/Jul/2026:12:45:01 +0800] "GET /wp-content/uploads/2026/06/1782708718-1Article_images_W900px.webp HTTP/1.1" 200 54948 "-" "Mozilla/5.0 (compatible; AhrefsBot/7.0; +http://ahrefs.com/robot/)"
36.133.115.36 - - [01/Jul/2026:12:46:39 +0800] "POST /wp-cron.php?doing_wp_cron=1782881199.2967660427093505859375 HTTP/1.1" 200 31 "-" "WordPress/7.0; http://cqqizhou.com"
36.133.24.247 - - [01/Jul/2026:12:46:39 +0800] "GET /wp-login.php HTTP/1.1" 200 2820 "-" "Mozilla/5.0 (Linux; Android 10; SM-G981B) AppleWebKit/537.36 (KHTML, like Gecko) Chrome/80.0.3987.162 Mobile Safari/537.36"
36.133.115.36 - - [01/Jul/2026:12:47:49 +0800] "POST /wp-cron.php?doing_wp_cron=1782881269.0134439468383789062500 HTTP/1.1" 200 31 "-" "WordPress/7.0; http://cqqizhou.com"
170.106.65.93 - - [01/Jul/2026:12:47:49 +0800] "GET / HTTP/1.1" 301 5 "-" "Mozilla/5.0 (iPhone; CPU iPhone OS 13_2_3 like Mac OS X) AppleWebKit/605.1.15 (KHTML, like Gecko) Version/13.0.3 Mobile/15E148 Safari/604.1"
170.106.65.93 - - [01/Jul/2026:12:47:51 +0800] "GET / HTTP/1.1" 200 35069 "http://36.133.115.36" "Mozilla/5.0 (iPhone; CPU iPhone OS 13_2_3 like Mac OS X) AppleWebKit/605.1.15 (KHTML, like Gecko) Version/13.0.3 Mobile/15E148 Safari/604.1"
36.133.115.36 - - [01/Jul/2026:13:02:05 +0800] "POST /wp-cron.php?doing_wp_cron=1782882125.3064889907836914062500 HTTP/1.1" 200 31 "-" "WordPress/7.0; http://cqqizhou.com"
216.244.66.245 - - [01/Jul/2026:13:02:05 +0800] "GET /robots.txt HTTP/1.1" 200 390 "-" "Mozilla/5.0 (compatible; DotBot/1.2; +https://opensiteexplorer.org/dotbot; help@moz.com)"
36.133.115.36 - - [01/Jul/2026:13:16:57 +0800] "POST /wp-cron.php?doing_wp_cron=1782883016.9677329063415527343750 HTTP/1.1" 200 31 "-" "WordPress/7.0; http://cqqizhou.com"
216.244.66.245 - - [01/Jul/2026:13:16:57 +0800] "GET /company-news/ HTTP/1.1" 301 5 "-" "Mozilla/5.0 (compatible; DotBot/1.2; +https://opensiteexplorer.org/dotbot; help@moz.com)"
36.133.115.36 - - [01/Jul/2026:13:18:40 +0800] "POST /wp-cron.php?doing_wp_cron=1782883120.8796069622039794921875 HTTP/1.1" 200 31 "-" "WordPress/7.0; http://cqqizhou.com"
111.225.149.150 - - [01/Jul/2026:13:18:40 +0800] "GET /robots.txt HTTP/1.1" 200 190 "-" "Mozilla/5.0 (Linux; Android 5.0) AppleWebKit/537.36 (KHTML, like Gecko) Mobile Safari/537.36 (compatible; Bytespider; https://zhanzhang.toutiao.com/)"
112.86.225.199 - - [01/Jul/2026:13:27:54 +0800] "GET / HTTP/1.1" 200 35514 "-" "Sogou web spider/4.0(+http://www.sogou.com/docs/help/webmasters.htm#07)"
36.133.115.36 - - [01/Jul/2026:13:28:26 +0800] "POST /wp-cron.php?doing_wp_cron=1782883706.0427649021148681640625 HTTP/1.1" 200 31 "-" "WordPress/7.0; http://cqqizhou.com"
120.204.13.175 - - [01/Jul/2026:13:28:26 +0800] "GET /2418/ HTTP/1.1" 301 5 "-" "Mozilla/5.0 (Macintosh; Intel Mac OS X 10_15_7) AppleWebKit/537.36 (KHTML, like Gecko) Chrome/134.0.0.0 Safari/537.36"
111.206.96.209 - - [01/Jul/2026:13:28:26 +0800] "GET /2418/ HTTP/1.1" 301 5 "-" "Mozilla/5.0 (Macintosh; Intel Mac OS X 10_15_7) AppleWebKit/537.36 (KHTML, like Gecko) Chrome/134.0.0.0 Safari/537.36"
120.204.13.175 - - [01/Jul/2026:13:28:26 +0800] "GET /news/2418 HTTP/1.1" 200 27850 "http://cqqizhou.com/2418/" "Mozilla/5.0 (Macintosh; Intel Mac OS X 10_15_7) AppleWebKit/537.36 (KHTML, like Gecko) Chrome/134.0.0.0 Safari/537.36"
111.206.96.209 - - [01/Jul/2026:13:28:26 +0800] "GET /news/2418 HTTP/1.1" 200 27850 "http://cqqizhou.com/2418/" "Mozilla/5.0 (Macintosh; Intel Mac OS X 10_15_7) AppleWebKit/537.36 (KHTML, like Gecko) Chrome/134.0.0.0 Safari/537.36"
43.173.187.127 - - [01/Jul/2026:13:28:26 +0800] "GET /2418/ HTTP/1.1" 301 5 "-" "Mozilla/5.0 (Macintosh; Intel Mac OS X 10_15_7) AppleWebKit/537.36 (KHTML, like Gecko) Chrome/134.0.0.0 Safari/537.36"
43.173.187.127 - - [01/Jul/2026:13:28:26 +0800] "GET /news/2418 HTTP/1.1" 200 27850 "http://cqqizhou.com/2418/" "Mozilla/5.0 (Macintosh; Intel Mac OS X 10_15_7) AppleWebKit/537.36 (KHTML, like Gecko) Chrome/134.0.0.0 Safari/537.36"
43.130.173.151 - - [01/Jul/2026:13:28:26 +0800] "GET /2418/ HTTP/1.1" 301 5 "-" "Mozilla/5.0 (Macintosh; Intel Mac OS X 10_15_7) AppleWebKit/537.36 (KHTML, like Gecko) Chrome/134.0.0.0 Safari/537.36"
43.130.173.151 - - [01/Jul/2026:13:28:26 +0800] "GET /news/2418 HTTP/1.1" 200 27850 "http://cqqizhou.com/2418/" "Mozilla/5.0 (Macintosh; Intel Mac OS X 10_15_7) AppleWebKit/537.36 (KHTML, like Gecko) Chrome/134.0.0.0 Safari/537.36"
36.133.115.36 - - [01/Jul/2026:13:29:39 +0800] "POST /wp-cron.php?doing_wp_cron=1782883779.1088759899139404296875 HTTP/1.1" 200 31 "-" "WordPress/7.0; http://cqqizhou.com"
39.99.37.66 - - [01/Jul/2026:13:29:39 +0800] "GET / HTTP/1.0" 301 0 "-" "-"
39.99.37.66 - - [01/Jul/2026:13:29:50 +0800] "GET / HTTP/1.0" 301 0 "-" "-"
39.99.37.66 - - [01/Jul/2026:13:29:51 +0800] "GET /nmaplowercheck1782883780 HTTP/1.1" 404 32862 "-" "Mozilla/5.0 (compatible; Nmap Scripting Engine; https://nmap.org/book/nse.html)"
39.99.37.66 - - [01/Jul/2026:13:29:51 +0800] "POST /sdk HTTP/1.1" 404 32862 "-" "Mozilla/5.0 (compatible; Nmap Scripting Engine; https://nmap.org/book/nse.html)"
39.99.37.66 - - [01/Jul/2026:13:29:53 +0800] "GET /HNAP1 HTTP/1.1" 404 32862 "-" "Mozilla/5.0 (compatible; Nmap Scripting Engine; https://nmap.org/book/nse.html)"
39.99.37.66 - - [01/Jul/2026:13:29:53 +0800] "GET /evox/about HTTP/1.1" 404 32862 "-" "Mozilla/5.0 (compatible; Nmap Scripting Engine; https://nmap.org/book/nse.html)"
36.133.115.36 - - [01/Jul/2026:13:30:10 +0800] "POST /wp-cron.php?doing_wp_cron=1782883810.9098908901214599609375 HTTP/1.1" 200 31 "-" "WordPress/7.0; http://cqqizhou.com"
39.99.37.66 - - [01/Jul/2026:13:30:10 +0800] "GET / HTTP/1.0" 301 0 "-" "-"
39.99.37.66 - - [01/Jul/2026:13:30:12 +0800] "GET / HTTP/1.1" 301 5 "-" "-"
36.133.115.36 - - [01/Jul/2026:13:33:31 +0800] "POST /wp-cron.php?doing_wp_cron=1782884011.9246830940246582031250 HTTP/1.1" 200 31 "-" "WordPress/7.0; http://cqqizhou.com"
58.17.136.12 - - [01/Jul/2026:13:33:31 +0800] "HEAD / HTTP/1.1" 200 0 "-" "Mozilla/5.0 (Windows NT 10.0; Win64; x64) AppleWebKit/537.36 (KHTML, like Gecko) Chrome/145.0.0.0 Safari/537.36"
58.17.136.12 - - [01/Jul/2026:13:33:34 +0800] "GET / HTTP/1.1" 200 35070 "-" "Mozilla/5.0 (Windows NT 10.0; Win64; x64) AppleWebKit/537.36 (KHTML, like Gecko) Chrome/145.0.0.0 Safari/537.36"
58.17.136.12 - - [01/Jul/2026:13:33:36 +0800] "GET / HTTP/1.1" 301 5 "-" "Mozilla/5.0 (Macintosh; Intel Mac OS X 10_15_7) AppleWebKit/537.36 (KHTML, like Gecko) Chrome/114.0.0.0 Safari/537.36"
58.17.136.12 - - [01/Jul/2026:13:33:38 +0800] "GET / HTTP/1.1" 200 35514 "-" "Mozilla/5.0 (Macintosh; Intel Mac OS X 10_15_7) AppleWebKit/537.36 (KHTML, like Gecko) Chrome/114.0.0.0 Safari/537.36"
58.17.136.12 - - [01/Jul/2026:13:33:38 +0800] "GET /wp-content/uploads/2025/07/1751425283-qizhou.kf_.qq_.com_.webp HTTP/1.1" 200 16864 "http://cqqizhou.com/" "Mozilla/5.0 (Macintosh; Intel Mac OS X 10_15_7) AppleWebKit/537.36 (KHTML, like Gecko) Chrome/114.0.0.0 Safari/537.36"
58.17.136.12 - - [01/Jul/2026:13:33:40 +0800] "GET /wp-content/uploads/2025/07/1753456723-%E5%8F%8C%E7%9B%B8%E9%92%A2roduct_Single600.webp HTTP/1.1" 200 22790 "http://cqqizhou.com/" "Mozilla/5.0 (Macintosh; Intel Mac OS X 10_15_7) AppleWebKit/537.36 (KHTML, like Gecko) Chrome/114.0.0.0 Safari/537.36"
58.17.136.12 - - [01/Jul/2026:13:33:40 +0800] "GET /wp-content/uploads/2025/07/1753453096-%E5%8F%8C%E7%9B%B8%E9%92%A2product_Single600%C3%97284.webp HTTP/1.1" 200 14562 "http://cqqizhou.com/" "Mozilla/5.0 (Macintosh; Intel Mac OS X 10_15_7) AppleWebKit/537.36 (KHTML, like Gecko) Chrome/114.0.0.0 Safari/537.36"
58.17.136.12 - - [01/Jul/2026:13:33:40 +0800] "GET /wp-content/uploads/2025/07/1753456770-%E7%83%AD%E9%95%80%E9%94%8C%E5%8D%B7product_Single600.webp HTTP/1.1" 200 27502 "http://cqqizhou.com/" "Mozilla/5.0 (Macintosh; Intel Mac OS X 10_15_7) AppleWebKit/537.36 (KHTML, like Gecko) Chrome/114.0.0.0 Safari/537.36"
58.17.136.12 - - [01/Jul/2026:13:33:40 +0800] "GET /wp-content/uploads/2025/07/1753453127-%E4%BD%99%E5%8D%B7product_Single600%C3%97284.webp HTTP/1.1" 200 18744 "http://cqqizhou.com/" "Mozilla/5.0 (Macintosh; Intel Mac OS X 10_15_7) AppleWebKit/537.36 (KHTML, like Gecko) Chrome/114.0.0.0 Safari/537.36"
58.17.136.12 - - [01/Jul/2026:13:33:42 +0800] "GET /wp-content/uploads/2025/12/1765268955-qizhou_Slider1_3840%C3%972160_20251210-scaled.webp HTTP/1.1" 200 152162 "http://cqqizhou.com/" "Mozilla/5.0 (Macintosh; Intel Mac OS X 10_15_7) AppleWebKit/537.36 (KHTML, like Gecko) Chrome/114.0.0.0 Safari/537.36"
58.17.136.12 - - [01/Jul/2026:13:33:42 +0800] "GET /wp-content/uploads/revslider/slider-1/1750861156-logistics_Slider_3840%C3%972160_20250625191356-scaled-50x100.webp HTTP/1.1" 200 1416 "http://cqqizhou.com/" "Mozilla/5.0 (Macintosh; Intel Mac OS X 10_15_7) AppleWebKit/537.36 (KHTML, like Gecko) Chrome/114.0.0.0 Safari/537.36"
58.17.136.12 - - [01/Jul/2026:13:33:42 +0800] "GET /wp-content/uploads/2026/01/1768276119-qizhoujiagong_Slider_3840%C3%972160_20260113-scaled-50x100.webp HTTP/1.1" 200 976 "http://cqqizhou.com/" "Mozilla/5.0 (Macintosh; Intel Mac OS X 10_15_7) AppleWebKit/537.36 (KHTML, like Gecko) Chrome/114.0.0.0 Safari/537.36"
58.17.136.12 - - [01/Jul/2026:13:33:44 +0800] "GET /wp-json/sliderrevolution/sliders/1?srengine=7&slideid=4 HTTP/1.1" 499 0 "http://cqqizhou.com/" "Mozilla/5.0 (Macintosh; Intel Mac OS X 10_15_7) AppleWebKit/537.36 (KHTML, like Gecko) Chrome/114.0.0.0 Safari/537.36"
58.17.136.12 - - [01/Jul/2026:13:33:44 +0800] "GET /wp-json/sliderrevolution/sliders/1?srengine=7&slideid=2 HTTP/1.1" 499 0 "http://cqqizhou.com/" "Mozilla/5.0 (Macintosh; Intel Mac OS X 10_15_7) AppleWebKit/537.36 (KHTML, like Gecko) Chrome/114.0.0.0 Safari/537.36"
36.133.115.36 - - [01/Jul/2026:13:39:39 +0800] "POST /wp-cron.php?doing_wp_cron=1782884379.8038880825042724609375 HTTP/1.1" 200 31 "-" "WordPress/7.0; http://cqqizhou.com"
178.238.233.251 - - [01/Jul/2026:13:39:39 +0800] "POST /hello.world?%ADd+allow_url_include%3d1+%ADd+auto_prepend_file%3dphp://input HTTP/1.1" 404 32862 "-" "libredtail-http"
178.238.233.251 - - [01/Jul/2026:13:39:43 +0800] "POST /?%ADd+allow_url_include%3d1+%ADd+auto_prepend_file%3dphp://input HTTP/1.1" 200 158021 "-" "libredtail-http"
178.238.233.251 - - [01/Jul/2026:13:39:44 +0800] "GET /vendor/phpunit/phpunit/src/Util/PHP/eval-stdin.php HTTP/1.1" 404 27 "-" "libredtail-http"
178.238.233.251 - - [01/Jul/2026:13:39:44 +0800] "GET /vendor/phpunit/phpunit/Util/PHP/eval-stdin.php HTTP/1.1" 404 27 "-" "libredtail-http"
178.238.233.251 - - [01/Jul/2026:13:39:45 +0800] "GET /vendor/phpunit/src/Util/PHP/eval-stdin.php HTTP/1.1" 404 27 "-" "libredtail-http"
178.238.233.251 - - [01/Jul/2026:13:39:58 +0800] "GET /vendor/phpunit/Util/PHP/eval-stdin.php HTTP/1.1" 404 27 "-" "libredtail-http"
178.238.233.251 - - [01/Jul/2026:13:39:59 +0800] "GET /vendor/phpunit/phpunit/LICENSE/eval-stdin.php HTTP/1.1" 404 27 "-" "libredtail-http"
178.238.233.251 - - [01/Jul/2026:13:39:59 +0800] "GET /vendor/vendor/phpunit/phpunit/src/Util/PHP/eval-stdin.php HTTP/1.1" 404 27 "-" "libredtail-http"
178.238.233.251 - - [01/Jul/2026:13:40:00 +0800] "GET /phpunit/phpunit/src/Util/PHP/eval-stdin.php HTTP/1.1" 404 27 "-" "libredtail-http"
178.238.233.251 - - [01/Jul/2026:13:40:01 +0800] "GET /phpunit/phpunit/Util/PHP/eval-stdin.php HTTP/1.1" 404 27 "-" "libredtail-http"
178.238.233.251 - - [01/Jul/2026:13:40:11 +0800] "GET /phpunit/src/Util/PHP/eval-stdin.php HTTP/1.1" 404 27 "-" "libredtail-http"
178.238.233.251 - - [01/Jul/2026:13:40:12 +0800] "GET /phpunit/Util/PHP/eval-stdin.php HTTP/1.1" 404 27 "-" "libredtail-http"
178.238.233.251 - - [01/Jul/2026:13:40:12 +0800] "GET /lib/phpunit/phpunit/src/Util/PHP/eval-stdin.php HTTP/1.1" 404 27 "-" "libredtail-http"
178.238.233.251 - - [01/Jul/2026:13:40:14 +0800] "GET /lib/phpunit/phpunit/Util/PHP/eval-stdin.php HTTP/1.1" 404 27 "-" "libredtail-http"
178.238.233.251 - - [01/Jul/2026:13:40:14 +0800] "GET /lib/phpunit/src/Util/PHP/eval-stdin.php HTTP/1.1" 404 27 "-" "libredtail-http"
178.238.233.251 - - [01/Jul/2026:13:40:15 +0800] "GET /lib/phpunit/Util/PHP/eval-stdin.php HTTP/1.1" 404 27 "-" "libredtail-http"
178.238.233.251 - - [01/Jul/2026:13:40:16 +0800] "GET /lib/vendor/phpunit/phpunit/src/Util/PHP/eval-stdin.php HTTP/1.1" 404 27 "-" "libredtail-http"
178.238.233.251 - - [01/Jul/2026:13:40:16 +0800] "GET /laravel/vendor/phpunit/phpunit/src/Util/PHP/eval-stdin.php HTTP/1.1" 404 27 "-" "libredtail-http"
178.238.233.251 - - [01/Jul/2026:13:40:17 +0800] "GET /www/vendor/phpunit/phpunit/src/Util/PHP/eval-stdin.php HTTP/1.1" 404 27 "-" "libredtail-http"
178.238.233.251 - - [01/Jul/2026:13:40:17 +0800] "GET /ws/vendor/phpunit/phpunit/src/Util/PHP/eval-stdin.php HTTP/1.1" 404 27 "-" "libredtail-http"
178.238.233.251 - - [01/Jul/2026:13:40:20 +0800] "GET /yii/vendor/phpunit/phpunit/src/Util/PHP/eval-stdin.php HTTP/1.1" 404 27 "-" "libredtail-http"
178.238.233.251 - - [01/Jul/2026:13:40:20 +0800] "GET /zend/vendor/phpunit/phpunit/src/Util/PHP/eval-stdin.php HTTP/1.1" 404 27 "-" "libredtail-http"
178.238.233.251 - - [01/Jul/2026:13:40:21 +0800] "GET /ws/ec/vendor/phpunit/phpunit/src/Util/PHP/eval-stdin.php HTTP/1.1" 404 27 "-" "libredtail-http"
178.238.233.251 - - [01/Jul/2026:13:40:21 +0800] "GET /V2/vendor/phpunit/phpunit/src/Util/PHP/eval-stdin.php HTTP/1.1" 404 27 "-" "libredtail-http"
178.238.233.251 - - [01/Jul/2026:13:40:22 +0800] "GET /tests/vendor/phpunit/phpunit/src/Util/PHP/eval-stdin.php HTTP/1.1" 404 27 "-" "libredtail-http"
178.238.233.251 - - [01/Jul/2026:13:40:23 +0800] "GET /test/vendor/phpunit/phpunit/src/Util/PHP/eval-stdin.php HTTP/1.1" 404 27 "-" "libredtail-http"
178.238.233.251 - - [01/Jul/2026:13:40:23 +0800] "GET /testing/vendor/phpunit/phpunit/src/Util/PHP/eval-stdin.php HTTP/1.1" 404 27 "-" "libredtail-http"
178.238.233.251 - - [01/Jul/2026:13:40:23 +0800] "GET /api/vendor/phpunit/phpunit/src/Util/PHP/eval-stdin.php HTTP/1.1" 404 27 "-" "libredtail-http"
178.238.233.251 - - [01/Jul/2026:13:40:24 +0800] "GET /demo/vendor/phpunit/phpunit/src/Util/PHP/eval-stdin.php HTTP/1.1" 404 27 "-" "libredtail-http"
178.238.233.251 - - [01/Jul/2026:13:40:24 +0800] "GET /cms/vendor/phpunit/phpunit/src/Util/PHP/eval-stdin.php HTTP/1.1" 404 27 "-" "libredtail-http"
178.238.233.251 - - [01/Jul/2026:13:40:24 +0800] "GET /crm/vendor/phpunit/phpunit/src/Util/PHP/eval-stdin.php HTTP/1.1" 404 27 "-" "libredtail-http"
178.238.233.251 - - [01/Jul/2026:13:40:25 +0800] "GET /admin/vendor/phpunit/phpunit/src/Util/PHP/eval-stdin.php HTTP/1.1" 404 27 "-" "libredtail-http"
178.238.233.251 - - [01/Jul/2026:13:40:25 +0800] "GET /backup/vendor/phpunit/phpunit/src/Util/PHP/eval-stdin.php HTTP/1.1" 404 27 "-" "libredtail-http"
178.238.233.251 - - [01/Jul/2026:13:40:26 +0800] "GET /blog/vendor/phpunit/phpunit/src/Util/PHP/eval-stdin.php HTTP/1.1" 404 27 "-" "libredtail-http"
178.238.233.251 - - [01/Jul/2026:13:40:26 +0800] "GET /workspace/drupal/vendor/phpunit/phpunit/src/Util/PHP/eval-stdin.php HTTP/1.1" 404 27 "-" "libredtail-http"
178.238.233.251 - - [01/Jul/2026:13:40:26 +0800] "GET /panel/vendor/phpunit/phpunit/src/Util/PHP/eval-stdin.php HTTP/1.1" 404 27 "-" "libredtail-http"
178.238.233.251 - - [01/Jul/2026:13:40:27 +0800] "GET /public/vendor/phpunit/phpunit/src/Util/PHP/eval-stdin.php HTTP/1.1" 404 27 "-" "libredtail-http"
178.238.233.251 - - [01/Jul/2026:13:40:27 +0800] "GET /apps/vendor/phpunit/phpunit/src/Util/PHP/eval-stdin.php HTTP/1.1" 404 27 "-" "libredtail-http"
178.238.233.251 - - [01/Jul/2026:13:40:28 +0800] "GET /app/vendor/phpunit/phpunit/src/Util/PHP/eval-stdin.php HTTP/1.1" 404 27 "-" "libredtail-http"
36.133.115.36 - - [01/Jul/2026:13:40:30 +0800] "POST /wp-cron.php?doing_wp_cron=1782884430.4072029590606689453125 HTTP/1.1" 200 31 "-" "WordPress/7.0; http://cqqizhou.com"
178.238.233.251 - - [01/Jul/2026:13:40:30 +0800] "GET /index.php?s=/index/\x5Cthink\x5Capp/invokefunction&function=call_user_func_array&vars[0]=md5&vars[1][]=Hello HTTP/1.1" 200 67082 "-" "libredtail-http"
178.238.233.251 - - [01/Jul/2026:13:40:33 +0800] "GET /public/index.php?s=/index/\x5Cthink\x5Capp/invokefunction&function=call_user_func_array&vars[0]=md5&vars[1][]=Hello HTTP/1.1" 404 27 "-" "libredtail-http"
178.238.233.251 - - [01/Jul/2026:13:40:35 +0800] "GET /index.php?lang=../../../../../../../../usr/local/lib/php/pearcmd&+config-create+/&/<?echo(md5(\x22hi\x22));?>+/tmp/index1.php HTTP/1.1" 200 158029 "-" "libredtail-http"
178.238.233.251 - - [01/Jul/2026:13:40:41 +0800] "GET /index.php?lang=../../../../../../../../tmp/index1 HTTP/1.1" 200 158029 "-" "libredtail-http"
178.238.233.251 - - [01/Jul/2026:13:40:46 +0800] "GET /containers/json HTTP/1.1" 301 5 "-" "libredtail-http"
178.238.233.251 - - [01/Jul/2026:13:40:48 +0800] "GET /containers/json HTTP/1.1" 301 5 "-" "libredtail-http"
36.133.115.36 - - [01/Jul/2026:13:42:06 +0800] "POST /wp-cron.php?doing_wp_cron=1782884526.5335249900817871093750 HTTP/1.1" 200 31 "-" "WordPress/7.0; http://cqqizhou.com"
51.75.236.136 - - [01/Jul/2026:13:42:06 +0800] "GET /robots.txt HTTP/1.1" 200 190 "-" "Mozilla/5.0 (compatible; AhrefsBot/7.0; +http://ahrefs.com/robot/)"
36.133.115.36 - - [01/Jul/2026:13:42:09 +0800] "POST /wp-cron.php?doing_wp_cron=1782884529.1800839900970458984375 HTTP/1.1" 200 31 "-" "WordPress/7.0; http://cqqizhou.com"
54.39.0.119 - - [01/Jul/2026:13:42:09 +0800] "GET /2231/ HTTP/1.1" 301 5 "-" "Mozilla/5.0 (compatible; AhrefsBot/7.0; +http://ahrefs.com/robot/)"
36.133.115.36 - - [01/Jul/2026:13:46:51 +0800] "POST /wp-cron.php?doing_wp_cron=1782884811.5069940090179443359375 HTTP/1.1" 200 31 "-" "WordPress/7.0; http://cqqizhou.com"
178.63.69.234 - - [01/Jul/2026:13:46:51 +0800] "GET /robots.txt HTTP/1.1" 200 190 "-" "Mozilla/5.0 (Windows NT 10.0; Win64; x64) AppleWebKit/537.36 (KHTML, like Gecko) Chrome/139.0.0.0 Safari/537.36/Nutch-1.21-SNAPSHOT"
178.63.69.234 - - [01/Jul/2026:13:46:52 +0800] "GET / HTTP/1.1" 200 35514 "-" "Mozilla/5.0 (Windows NT 10.0; Win64; x64) AppleWebKit/537.36 (KHTML, like Gecko) Chrome/139.0.0.0 Safari/537.36/Nutch-1.21-SNAPSHOT"
36.133.115.36 - - [01/Jul/2026:13:58:20 +0800] "POST /wp-cron.php?doing_wp_cron=1782885500.0462861061096191406250 HTTP/1.1" 200 31 "-" "WordPress/7.0; http://cqqizhou.com"
36.133.24.247 - - [01/Jul/2026:13:58:20 +0800] "GET / HTTP/1.1" 200 35070 "-" "Mozilla/5.0 (Linux; Android 10; SM-G981B) AppleWebKit/537.36 (KHTML, like Gecko) Chrome/80.0.3987.162 Mobile Safari/537.36"
115.213.248.200 - - [01/Jul/2026:13:58:47 +0800] "POST /index.php?c=attachment&a=kindeditor_upload&dir=file HTTP/1.1" 200 158029 "-" "Mozilla/5.0 (Windows NT 10.0; Win64; x64) AppleWebKit/537.36"
115.213.248.200 - - [01/Jul/2026:13:58:49 +0800] "GET /index.php?c=member&a=login HTTP/1.1" 301 5 "-" "Mozilla/5.0 (Windows NT 10.0; Win64; x64) AppleWebKit/537.36"
115.213.248.200 - - [01/Jul/2026:13:58:50 +0800] "GET /index.php HTTP/1.1" 301 5 "-" "Mozilla/5.0 (Windows NT 10.0; Win64; x64) AppleWebKit/537.36"
115.213.248.200 - - [01/Jul/2026:13:58:51 +0800] "GET / HTTP/1.1" 200 159680 "-" "Mozilla/5.0 (Windows NT 10.0; Win64; x64) AppleWebKit/537.36"
36.133.115.36 - - [01/Jul/2026:13:59:53 +0800] "POST /wp-cron.php?doing_wp_cron=1782885593.1021590232849121093750 HTTP/1.1" 200 31 "-" "WordPress/7.0; http://cqqizhou.com"
49.75.151.28 - - [01/Jul/2026:13:59:53 +0800] "GET / HTTP/1.1" 301 5 "-" "Mozilla/5.0 (Macintosh; Intel Mac OS X 10_15_7) AppleWebKit/537.36 (KHTML, like Gecko) Chrome/140.0.0.0 Safari/537.36"
36.25.211.226 - - [01/Jul/2026:13:59:53 +0800] "GET / HTTP/1.1" 200 35514 "http://www.cqqizhou.com" "Mozilla/5.0 (Macintosh; Intel Mac OS X 10_15_7) AppleWebKit/537.36 (KHTML, like Gecko) Chrome/140.0.0.0 Safari/537.36"
183.7.125.21 - - [01/Jul/2026:13:59:58 +0800] "GET /material.html HTTP/1.1" 404 9499 "-" "Mozilla/5.0 (Macintosh; Intel Mac OS X 10_15_7) AppleWebKit/537.36 (KHTML, like Gecko) Chrome/140.0.0.0 Safari/537.36"
171.38.15.49 - - [01/Jul/2026:14:03:26 +0800] "GET / HTTP/1.1" 200 35514 "-" "Mozilla/5.0 (Macintosh; Intel Mac OS X 10_15_7) AppleWebKit/537.36 (KHTML, like Gecko) Chrome/106.0.0.0 Safari/537.36"
20.46.179.93 - - [01/Jul/2026:14:15:41 +0800] "GET /wp-content/plugins/hellopress/wp_filemanager.php HTTP/1.1" 404 27 "-" "-"
20.46.179.93 - - [01/Jul/2026:14:15:41 +0800] "GET /this_is_a_new_hello_world.php HTTP/1.1" 404 27 "-" "-"
20.46.179.93 - - [01/Jul/2026:14:15:41 +0800] "GET /inputs.php HTTP/1.1" 404 27 "-" "-"
20.46.179.93 - - [01/Jul/2026:14:15:41 +0800] "GET /admin.php HTTP/1.1" 404 27 "-" "-"
20.46.179.93 - - [01/Jul/2026:14:15:42 +0800] "GET /goods.php HTTP/1.1" 404 27 "-" "-"
20.46.179.93 - - [01/Jul/2026:14:15:42 +0800] "GET /file.php HTTP/1.1" 404 27 "-" "-"
20.46.179.93 - - [01/Jul/2026:14:15:42 +0800] "GET /adminfuns.php HTTP/1.1" 404 27 "-" "-"
20.46.179.93 - - [01/Jul/2026:14:15:42 +0800] "GET /404.php HTTP/1.1" 404 27 "-" "-"
20.46.179.93 - - [01/Jul/2026:14:15:42 +0800] "GET /wk/index.php HTTP/1.1" 404 27 "-" "-"
20.46.179.93 - - [01/Jul/2026:14:15:42 +0800] "GET /about.php HTTP/1.1" 404 27 "-" "-"
20.46.179.93 - - [01/Jul/2026:14:15:42 +0800] "GET /term.php HTTP/1.1" 404 27 "-" "-"
20.46.179.93 - - [01/Jul/2026:14:15:42 +0800] "GET /ioxi-o.php HTTP/1.1" 404 27 "-" "-"
20.46.179.93 - - [01/Jul/2026:14:15:42 +0800] "GET /1.php HTTP/1.1" 404 27 "-" "-"
20.46.179.93 - - [01/Jul/2026:14:15:43 +0800] "GET /alfa.php HTTP/1.1" 404 27 "-" "-"
20.46.179.93 - - [01/Jul/2026:14:15:43 +0800] "GET /edit.php HTTP/1.1" 404 27 "-" "-"
20.46.179.93 - - [01/Jul/2026:14:15:43 +0800] "GET /elp.php HTTP/1.1" 404 27 "-" "-"
20.46.179.93 - - [01/Jul/2026:14:15:43 +0800] "GET /classwithtostring.php HTTP/1.1" 404 27 "-" "-"
20.46.179.93 - - [01/Jul/2026:14:15:43 +0800] "GET /666.php HTTP/1.1" 404 27 "-" "-"
36.133.115.36 - - [01/Jul/2026:14:15:45 +0800] "POST /wp-cron.php?doing_wp_cron=1782886545.0370719432830810546875 HTTP/1.1" 200 31 "-" "WordPress/7.0; http://cqqizhou.com"
20.46.179.93 - - [01/Jul/2026:14:15:45 +0800] "GET /wp-admin/ HTTP/1.1" 302 5 "-" "-"
20.46.179.93 - - [01/Jul/2026:14:15:46 +0800] "GET /wp-login.php?redirect_to=http%3A%2F%2Fcqqizhou.com%2Fwp-admin%2F&reauth=1 HTTP/1.1" 200 8377 "-" "-"
20.46.179.93 - - [01/Jul/2026:14:15:46 +0800] "GET /ws54.php HTTP/1.1" 404 27 "-" "-"
20.46.179.93 - - [01/Jul/2026:14:15:46 +0800] "GET /deepseek_d.php HTTP/1.1" 404 27 "-" "-"
20.46.179.93 - - [01/Jul/2026:14:15:46 +0800] "GET /function/function.php HTTP/1.1" 404 27 "-" "-"
20.46.179.93 - - [01/Jul/2026:14:15:46 +0800] "GET /nw.php HTTP/1.1" 404 27 "-" "-"
20.46.179.93 - - [01/Jul/2026:14:15:47 +0800] "GET /xleet.php HTTP/1.1" 404 27 "-" "-"
20.46.179.93 - - [01/Jul/2026:14:15:47 +0800] "GET /wp.php HTTP/1.1" 404 27 "-" "-"
20.46.179.93 - - [01/Jul/2026:14:15:47 +0800] "GET /155.php HTTP/1.1" 404 27 "-" "-"
20.46.179.93 - - [01/Jul/2026:14:15:47 +0800] "GET /96i.php HTTP/1.1" 404 27 "-" "-"
20.46.179.93 - - [01/Jul/2026:14:15:47 +0800] "GET /as.php HTTP/1.1" 404 27 "-" "-"
20.46.179.93 - - [01/Jul/2026:14:15:47 +0800] "GET /min.php HTTP/1.1" 404 27 "-" "-"
20.46.179.93 - - [01/Jul/2026:14:15:49 +0800] "GET /.well-known/ HTTP/1.1" 404 32862 "-" "-"
20.46.179.93 - - [01/Jul/2026:14:15:49 +0800] "GET /php8.php HTTP/1.1" 404 27 "-" "-"
