File: /home/logs/cqqizhou_access_2026-07-01.log
204.217.207.6 - - [01/Jul/2026:00:36:41 +0800] "GET /news HTTP/1.1" 200 25945 "-" "Mozilla/5.0 (Windows NT 10.0; Win64; x64) AppleWebKit/537.36 (KHTML, like Gecko) Chrome/149.0.0.0 Safari/537.36 Edg/149.0.0.0"
36.133.115.36 - - [01/Jul/2026:01:13:07 +0800] "POST /wp-cron.php?doing_wp_cron=1782839587.0377171039581298828125 HTTP/1.1" 200 31 "-" "WordPress/7.0; http://cqqizhou.com"
5.61.209.43 - - [01/Jul/2026:01:13:07 +0800] "GET /SDK/webLanguage HTTP/1.1" 301 5 "-" "Mozilla/5.0 (Windows NT 10.0; Win64; x64) AppleWebKit/537.36 (KHTML, like Gecko) Chrome/90.0.4430.85 Safari/537.36 Edg/90.0.818.46"
36.133.115.36 - - [01/Jul/2026:01:28:27 +0800] "POST /wp-cron.php?doing_wp_cron=1782840507.1285429000854492187500 HTTP/1.1" 200 31 "-" "WordPress/7.0; http://cqqizhou.com"
220.181.108.83 - - [01/Jul/2026:01:28:27 +0800] "GET /news/2214 HTTP/1.1" 200 26522 "-" "Mozilla/5.0 (compatible; Baiduspider/2.0; +http://www.baidu.com/search/spider.html)"
116.179.37.11 - - [01/Jul/2026:01:28:28 +0800] "GET /wp-content/uploads/2025/08/1755826390-DSC01765.webp HTTP/1.1" 200 71514 "http://cqqizhou.com/news/2214" "Mozilla/5.0 (compatible; Baiduspider-render/2.0; +http://www.baidu.com/search/spider.html)"
36.133.115.36 - - [01/Jul/2026:01:31:02 +0800] "POST /wp-cron.php?doing_wp_cron=1782840662.4465448856353759765625 HTTP/1.1" 200 31 "-" "WordPress/7.0; http://cqqizhou.com"
36.142.121.241 - - [01/Jul/2026:01:31:02 +0800] "GET / HTTP/1.1" 301 5 "-" "Mozilla/5.0 (Windows NT 6.2; WOW64) AppleWebKit/537.36 (KHTML, like Gecko) Chrome/86.0.4240.22"
36.142.121.241 - - [01/Jul/2026:01:31:02 +0800] "GET http://cqqizhou.com/ HTTP/1.1" 200 35514 "-" "Mozilla/5.0 (Windows NT 6.2; WOW64) AppleWebKit/537.36 (KHTML, like Gecko) Chrome/86.0.4240.22"
36.142.121.241 - - [01/Jul/2026:01:31:03 +0800] "GET / HTTP/1.1" 200 35514 "-" "Mozilla/5.0 (Windows NT 6.2) AppleWebKit/537.36 (KHTML, like Gecko) Chrome/72.0.3626.7"
223.109.252.180 - - [01/Jul/2026:01:31:26 +0800] "GET / HTTP/1.1" 200 35514 "-" "Sogou web spider/4.0(+http://www.sogou.com/docs/help/webmasters.htm#07)"
36.133.115.36 - - [01/Jul/2026:01:46:43 +0800] "POST /wp-cron.php?doing_wp_cron=1782841603.1206569671630859375000 HTTP/1.1" 200 31 "-" "WordPress/7.0; http://cqqizhou.com"
190.196.253.50 - - [01/Jul/2026:01:46:48 +0800] "GET /boaform/admin/formLogin?username=adminisp&psd=adminisp HTTP/1.0" 404 32849 "-" "-"
36.133.115.36 - - [01/Jul/2026:01:50:50 +0800] "POST /wp-cron.php?doing_wp_cron=1782841850.3545649051666259765625 HTTP/1.1" 200 31 "-" "WordPress/7.0; http://cqqizhou.com"
116.179.32.208 - - [01/Jul/2026:01:50:50 +0800] "GET /wp-json/oembed/1.0/embed?url=http%3A%2F%2Fcqqizhou.com%2Fnews%2Fportfolio%2Fpickled-coil HTTP/1.1" 200 1185 "-" "Mozilla/5.0 (compatible; Baiduspider/2.0; +http://www.baidu.com/search/spider.html)"
122.241.163.198 - - [01/Jul/2026:01:59:51 +0800] "GET /index.php?m=api&c=PublishArticle&a=insertArchives&__post_flag=post&__post_password=shuimu123456 HTTP/1.1" 499 0 "-" "Mozilla/5.0 (Windows NT 10.0; Win64; x64) AppleWebKit/537.36"
36.133.115.36 - - [01/Jul/2026:01:59:52 +0800] "POST /wp-cron.php?doing_wp_cron=1782842392.2995989322662353515625 HTTP/1.1" 200 31 "-" "WordPress/7.0; http://cqqizhou.com"
36.133.115.36 - - [01/Jul/2026:02:00:35 +0800] "POST /wp-cron.php?doing_wp_cron=1782842435.1514658927917480468750 HTTP/1.1" 200 31 "-" "WordPress/7.0; http://cqqizhou.com"
66.132.195.75 - - [01/Jul/2026:02:00:35 +0800] "GET / HTTP/1.1" 301 5 "-" "Mozilla/5.0 (compatible; CensysInspect/1.1; +https://about.censys.io/)"
36.133.115.36 - - [01/Jul/2026:02:03:14 +0800] "POST /wp-cron.php?doing_wp_cron=1782842594.5498819351196289062500 HTTP/1.1" 200 31 "-" "WordPress/7.0; http://cqqizhou.com"
147.185.132.201 - - [01/Jul/2026:02:03:14 +0800] "GET / HTTP/1.1" 200 35068 "-" "Hello from Palo Alto Networks, find out more about our scans in https://docs-cortex.paloaltonetworks.com/r/1/Cortex-Xpanse/Scanning-activity"
36.133.115.36 - - [01/Jul/2026:02:18:04 +0800] "POST /wp-cron.php?doing_wp_cron=1782843484.0316729545593261718750 HTTP/1.1" 200 31 "-" "WordPress/7.0; http://cqqizhou.com"
46.246.39.245 - - [01/Jul/2026:02:18:04 +0800] "POST /xmlrpc.php HTTP/1.1" 200 217 "-" "Mozilla/5.0 (Windows NT 10.0; rv:142.0) Gecko/20100101 Firefox/142.0"
192.71.142.150 - - [01/Jul/2026:02:18:40 +0800] "GET / HTTP/1.1" 200 35514 "-" "Mozilla/5.0 (Macintosh; Intel Mac OS X 10_15_7) AppleWebKit/605.1.15 (KHTML, like Gecko) Version/17.3.1 Safari/605.1.1"
36.133.115.36 - - [01/Jul/2026:02:18:43 +0800] "POST /wp-cron.php?doing_wp_cron=1782843523.2588779926300048828125 HTTP/1.1" 200 31 "-" "WordPress/7.0; http://cqqizhou.com"
192.71.142.150 - - [01/Jul/2026:02:18:43 +0800] "GET /news/portfolio-category/hot-dip-galvanized-coil HTTP/1.1" 200 21578 "-" "Mozilla/5.0 (Macintosh; Intel Mac OS X 10_15_7) AppleWebKit/605.1.15 (KHTML, like Gecko) Version/17.3.1 Safari/605.1.1"
192.71.142.150 - - [01/Jul/2026:02:18:44 +0800] "GET /news/portfolio/%e5%86%b7%e8%bd%a7%e6%9d%bf HTTP/1.1" 200 22738 "-" "Mozilla/5.0 (Macintosh; Intel Mac OS X 10_15_7) AppleWebKit/605.1.15 (KHTML, like Gecko) Version/17.3.1 Safari/605.1.1"
36.133.115.36 - - [01/Jul/2026:02:23:29 +0800] "POST /wp-cron.php?doing_wp_cron=1782843809.0835859775543212890625 HTTP/1.1" 200 31 "-" "WordPress/7.0; http://cqqizhou.com"
34.162.214.170 - - [01/Jul/2026:02:23:29 +0800] "HEAD /wp/ HTTP/1.1" 404 0 "-" "Mozilla/5.0 (iPad; CPU OS 17_4 like Mac OS X) AppleWebKit/605.1.15 (KHTML, like Gecko) Version/17.4 Mobile/15E148 Safari/604.1"
34.162.214.170 - - [01/Jul/2026:02:23:30 +0800] "HEAD /backup/ HTTP/1.1" 404 0 "-" "Mozilla/5.0 (Linux; Android 11; RMX2195) AppleWebKit/537.36 (KHTML, like Gecko) Chrome/120.0.6099.210 Mobile Safari/537.36 OPR/75.2.3995.72468"
34.162.214.170 - - [01/Jul/2026:02:23:31 +0800] "HEAD /blog/ HTTP/1.1" 404 0 "-" "Mozilla/5.0 (Windows NT 11.0; Win64; x64) AppleWebKit/537.36 (KHTML, like Gecko) Chrome/128.0.6540.18 Safari/537.36"
34.162.214.170 - - [01/Jul/2026:02:23:33 +0800] "HEAD / HTTP/1.1" 200 0 "-" "Mozilla/5.0 (iPhone; CPU iPhone OS 17_5 like Mac OS X) AppleWebKit/605.1.15 (KHTML, like Gecko) Version/17.5 Mobile/15E148 Safari/604.1"
34.162.214.170 - - [01/Jul/2026:02:23:34 +0800] "HEAD /wordpress/ HTTP/1.1" 404 0 "-" "Mozilla/5.0 (Windows NT 10.0; Win64; x64) AppleWebKit/537.36 (KHTML, like Gecko) Chrome/126.0.6478.70 Safari/537.36 Vivaldi/6.7.3200.25"
34.162.214.170 - - [01/Jul/2026:02:23:35 +0800] "HEAD /new/ HTTP/1.1" 301 0 "-" "Mozilla/5.0 (Windows NT 10.0; Win64; x64) AppleWebKit/537.36 (KHTML, like Gecko) Chrome/126.0.6478.70 Safari/537.36 Vivaldi/6.7.3200.25"
34.162.214.170 - - [01/Jul/2026:02:23:35 +0800] "HEAD /news HTTP/1.1" 200 0 "http://cqqizhou.com/new/" "Mozilla/5.0 (Windows NT 10.0; Win64; x64) AppleWebKit/537.36 (KHTML, like Gecko) Chrome/126.0.6478.70 Safari/537.36 Vivaldi/6.7.3200.25"
34.162.214.170 - - [01/Jul/2026:02:23:37 +0800] "HEAD /old/ HTTP/1.1" 404 0 "-" "Mozilla/5.0 (Windows NT 10.0; Win64; x64) AppleWebKit/537.36 (KHTML, like Gecko) Chrome/125.0.6422.112 Safari/537.36 Brave/1.63.120"
20.46.179.93 - - [01/Jul/2026:02:37:51 +0800] "GET /wp-content/plugins/hellopress/wp_filemanager.php HTTP/1.1" 404 27 "-" "-"
20.46.179.93 - - [01/Jul/2026:02:37:51 +0800] "GET /this_is_a_new_hello_world.php HTTP/1.1" 404 27 "-" "-"
20.46.179.93 - - [01/Jul/2026:02:37:51 +0800] "GET /inputs.php HTTP/1.1" 404 27 "-" "-"
20.46.179.93 - - [01/Jul/2026:02:37:51 +0800] "GET /admin.php HTTP/1.1" 404 27 "-" "-"
20.46.179.93 - - [01/Jul/2026:02:37:52 +0800] "GET /goods.php HTTP/1.1" 404 27 "-" "-"
20.46.179.93 - - [01/Jul/2026:02:37:52 +0800] "GET /file.php HTTP/1.1" 404 27 "-" "-"
20.46.179.93 - - [01/Jul/2026:02:37:52 +0800] "GET /adminfuns.php HTTP/1.1" 404 27 "-" "-"
20.46.179.93 - - [01/Jul/2026:02:37:53 +0800] "GET /404.php HTTP/1.1" 404 27 "-" "-"
20.46.179.93 - - [01/Jul/2026:02:37:53 +0800] "GET /wk/index.php HTTP/1.1" 404 27 "-" "-"
20.46.179.93 - - [01/Jul/2026:02:37:53 +0800] "GET /about.php HTTP/1.1" 404 27 "-" "-"
20.46.179.93 - - [01/Jul/2026:02:37:53 +0800] "GET /term.php HTTP/1.1" 404 27 "-" "-"
20.46.179.93 - - [01/Jul/2026:02:37:53 +0800] "GET /ioxi-o.php HTTP/1.1" 404 27 "-" "-"
20.46.179.93 - - [01/Jul/2026:02:37:53 +0800] "GET /1.php HTTP/1.1" 404 27 "-" "-"
20.46.179.93 - - [01/Jul/2026:02:37:53 +0800] "GET /alfa.php HTTP/1.1" 404 27 "-" "-"
20.46.179.93 - - [01/Jul/2026:02:37:54 +0800] "GET /edit.php HTTP/1.1" 404 27 "-" "-"
20.46.179.93 - - [01/Jul/2026:02:37:54 +0800] "GET /elp.php HTTP/1.1" 404 27 "-" "-"
20.46.179.93 - - [01/Jul/2026:02:37:54 +0800] "GET /classwithtostring.php HTTP/1.1" 404 27 "-" "-"
20.46.179.93 - - [01/Jul/2026:02:37:54 +0800] "GET /666.php HTTP/1.1" 404 27 "-" "-"
36.133.115.36 - - [01/Jul/2026:02:38:01 +0800] "POST /wp-cron.php?doing_wp_cron=1782844681.2530109882354736328125 HTTP/1.1" 200 31 "-" "WordPress/7.0; http://cqqizhou.com"
20.46.179.93 - - [01/Jul/2026:02:38:01 +0800] "GET /wp-admin/ HTTP/1.1" 302 5 "-" "-"
20.46.179.93 - - [01/Jul/2026:02:38:02 +0800] "GET /wp-login.php?redirect_to=http%3A%2F%2Fcqqizhou.com%2Fwp-admin%2F&reauth=1 HTTP/1.1" 200 8377 "-" "-"
20.46.179.93 - - [01/Jul/2026:02:38:02 +0800] "GET /ws54.php HTTP/1.1" 404 27 "-" "-"
20.46.179.93 - - [01/Jul/2026:02:38:02 +0800] "GET /deepseek_d.php HTTP/1.1" 404 27 "-" "-"
20.46.179.93 - - [01/Jul/2026:02:38:02 +0800] "GET /function/function.php HTTP/1.1" 404 27 "-" "-"
20.46.179.93 - - [01/Jul/2026:02:38:03 +0800] "GET /nw.php HTTP/1.1" 404 27 "-" "-"
20.46.179.93 - - [01/Jul/2026:02:38:03 +0800] "GET /xleet.php HTTP/1.1" 404 27 "-" "-"
20.46.179.93 - - [01/Jul/2026:02:38:03 +0800] "GET /wp.php HTTP/1.1" 404 27 "-" "-"
20.46.179.93 - - [01/Jul/2026:02:38:03 +0800] "GET /155.php HTTP/1.1" 404 27 "-" "-"
20.46.179.93 - - [01/Jul/2026:02:38:03 +0800] "GET /96i.php HTTP/1.1" 404 27 "-" "-"
20.46.179.93 - - [01/Jul/2026:02:38:03 +0800] "GET /as.php HTTP/1.1" 404 27 "-" "-"
20.46.179.93 - - [01/Jul/2026:02:38:03 +0800] "GET /min.php HTTP/1.1" 404 27 "-" "-"
20.46.179.93 - - [01/Jul/2026:02:38:05 +0800] "GET /.well-known/ HTTP/1.1" 404 32862 "-" "-"
20.46.179.93 - - [01/Jul/2026:02:38:05 +0800] "GET /php8.php HTTP/1.1" 404 27 "-" "-"
20.46.179.93 - - [01/Jul/2026:02:38:05 +0800] "GET /wp-content/admin.php HTTP/1.1" 404 27 "-" "-"
20.46.179.93 - - [01/Jul/2026:02:38:05 +0800] "GET /222.php HTTP/1.1" 404 27 "-" "-"
20.46.179.93 - - [01/Jul/2026:02:38:05 +0800] "GET /wp-content/themes/pridmag/il.php HTTP/1.1" 404 27 "-" "-"
20.46.179.93 - - [01/Jul/2026:02:38:05 +0800] "GET /info.php HTTP/1.1" 200 29 "-" "-"
20.46.179.93 - - [01/Jul/2026:02:38:05 +0800] "GET /a.php HTTP/1.1" 404 27 "-" "-"
20.46.179.93 - - [01/Jul/2026:02:38:05 +0800] "GET /chosen.php HTTP/1.1" 404 27 "-" "-"
20.46.179.93 - - [01/Jul/2026:02:38:06 +0800] "GET /wp-content/index.php HTTP/1.1" 200 5 "-" "-"
20.46.179.93 - - [01/Jul/2026:02:38:06 +0800] "GET /vx.php HTTP/1.1" 404 27 "-" "-"
20.46.179.93 - - [01/Jul/2026:02:38:07 +0800] "GET /admin/controller/extension/ HTTP/1.1" 404 32862 "-" "-"
20.46.179.93 - - [01/Jul/2026:02:38:07 +0800] "GET /wap.php HTTP/1.1" 404 27 "-" "-"
20.46.179.93 - - [01/Jul/2026:02:38:07 +0800] "GET /wp-admin/wp.php HTTP/1.1" 404 27 "-" "-"
20.46.179.93 - - [01/Jul/2026:02:38:08 +0800] "GET /bgymj.php HTTP/1.1" 404 27 "-" "-"
20.46.179.93 - - [01/Jul/2026:02:38:08 +0800] "GET /aa.php HTTP/1.1" 404 27 "-" "-"
36.133.115.36 - - [01/Jul/2026:02:38:09 +0800] "POST /wp-cron.php?doing_wp_cron=1782844689.3163549900054931640625 HTTP/1.1" 200 31 "-" "WordPress/7.0; http://cqqizhou.com"
20.46.179.93 - - [01/Jul/2026:02:38:09 +0800] "GET /wp-mail.php HTTP/1.1" 403 2568 "-" "-"
20.46.179.93 - - [01/Jul/2026:02:38:11 +0800] "GET /bolt.php HTTP/1.1" 404 27 "-" "-"
20.46.179.93 - - [01/Jul/2026:02:38:11 +0800] "GET /bthil.php HTTP/1.1" 404 27 "-" "-"
20.46.179.93 - - [01/Jul/2026:02:38:12 +0800] "GET /cgi-bin/ HTTP/1.1" 404 32862 "-" "-"
20.46.179.93 - - [01/Jul/2026:02:38:13 +0800] "GET /x.php HTTP/1.1" 404 27 "-" "-"
20.46.179.93 - - [01/Jul/2026:02:38:13 +0800] "GET /index/function.php HTTP/1.1" 404 27 "-" "-"
20.46.179.93 - - [01/Jul/2026:02:38:13 +0800] "GET /aaa.php HTTP/1.1" 404 27 "-" "-"
20.46.179.93 - - [01/Jul/2026:02:38:13 +0800] "GET /abcd.php HTTP/1.1" 404 27 "-" "-"
20.46.179.93 - - [01/Jul/2026:02:38:13 +0800] "GET /wp-good.php HTTP/1.1" 404 27 "-" "-"
20.46.179.93 - - [01/Jul/2026:02:38:13 +0800] "GET /simple.php HTTP/1.1" 404 27 "-" "-"
20.46.179.93 - - [01/Jul/2026:02:38:14 +0800] "GET /edit-tags.php HTTP/1.1" 404 27 "-" "-"
20.46.179.93 - - [01/Jul/2026:02:38:14 +0800] "GET /u.php HTTP/1.1" 404 27 "-" "-"
20.46.179.93 - - [01/Jul/2026:02:38:14 +0800] "GET /wp-content/themes/admin.php HTTP/1.1" 404 27 "-" "-"
20.46.179.93 - - [01/Jul/2026:02:38:14 +0800] "GET /h.php HTTP/1.1" 404 27 "-" "-"
20.46.179.93 - - [01/Jul/2026:02:38:14 +0800] "GET /ms-edit.php HTTP/1.1" 404 27 "-" "-"
20.46.179.93 - - [01/Jul/2026:02:38:15 +0800] "GET /a7.php HTTP/1.1" 404 27 "-" "-"
20.46.179.93 - - [01/Jul/2026:02:38:15 +0800] "GET /manager.php HTTP/1.1" 404 27 "-" "-"
20.46.179.93 - - [01/Jul/2026:02:38:15 +0800] "GET /w1.php HTTP/1.1" 404 27 "-" "-"
20.46.179.93 - - [01/Jul/2026:02:38:15 +0800] "GET /wp-includes/fonts/ HTTP/1.1" 403 146 "-" "-"
20.46.179.93 - - [01/Jul/2026:02:38:17 +0800] "GET /wp-login.php HTTP/1.1" 200 8377 "-" "-"
20.46.179.93 - - [01/Jul/2026:02:38:17 +0800] "GET /default.php HTTP/1.1" 404 27 "-" "-"
20.46.179.93 - - [01/Jul/2026:02:38:17 +0800] "GET /i.php HTTP/1.1" 404 27 "-" "-"
20.46.179.93 - - [01/Jul/2026:02:38:17 +0800] "GET /wp-content/uploads/ HTTP/1.1" 403 146 "-" "-"
20.46.179.93 - - [01/Jul/2026:02:38:17 +0800] "GET /wp-includes/Requests/library/index.php HTTP/1.1" 404 27 "-" "-"
20.46.179.93 - - [01/Jul/2026:02:38:17 +0800] "GET /wp-content/themes/index.php HTTP/1.1" 200 5 "-" "-"
20.46.179.93 - - [01/Jul/2026:02:38:17 +0800] "GET /gecko-new.php HTTP/1.1" 404 27 "-" "-"
20.46.179.93 - - [01/Jul/2026:02:38:18 +0800] "GET /NewFile.php HTTP/1.1" 404 27 "-" "-"
20.46.179.93 - - [01/Jul/2026:02:38:19 +0800] "GET /wp-Blogs.php HTTP/1.1" 404 27 "-" "-"
20.46.179.93 - - [01/Jul/2026:02:38:19 +0800] "GET /wp-includes/fonts/index.php HTTP/1.1" 404 27 "-" "-"
20.46.179.93 - - [01/Jul/2026:02:38:19 +0800] "GET /themes.php HTTP/1.1" 404 27 "-" "-"
20.46.179.93 - - [01/Jul/2026:02:38:19 +0800] "GET /cv.php HTTP/1.1" 404 27 "-" "-"
20.46.179.93 - - [01/Jul/2026:02:38:19 +0800] "GET /wp-admin/js/ HTTP/1.1" 403 146 "-" "-"
20.46.179.93 - - [01/Jul/2026:02:38:19 +0800] "GET /wp-content/uploads/index.php HTTP/1.1" 404 27 "-" "-"
20.46.179.93 - - [01/Jul/2026:02:38:19 +0800] "GET /ws83.php HTTP/1.1" 404 27 "-" "-"
20.46.179.93 - - [01/Jul/2026:02:38:20 +0800] "GET /atex1.php HTTP/1.1" 404 27 "-" "-"
20.46.179.93 - - [01/Jul/2026:02:38:20 +0800] "GET /class-t.api.php HTTP/1.1" 404 27 "-" "-"
20.46.179.93 - - [01/Jul/2026:02:38:20 +0800] "GET /w.php HTTP/1.1" 404 27 "-" "-"
20.46.179.93 - - [01/Jul/2026:02:38:20 +0800] "GET /archive.php HTTP/1.1" 404 27 "-" "-"
20.46.179.93 - - [01/Jul/2026:02:38:20 +0800] "GET /bless.php HTTP/1.1" 404 27 "-" "-"
20.46.179.93 - - [01/Jul/2026:02:38:20 +0800] "GET /sagax1.php HTTP/1.1" 404 27 "-" "-"
20.46.179.93 - - [01/Jul/2026:02:38:20 +0800] "GET /wpc.php HTTP/1.1" 404 27 "-" "-"
20.46.179.93 - - [01/Jul/2026:02:38:20 +0800] "GET /fone1.php HTTP/1.1" 404 27 "-" "-"
20.46.179.93 - - [01/Jul/2026:02:38:21 +0800] "GET /ncx.php HTTP/1.1" 404 27 "-" "-"
20.46.179.93 - - [01/Jul/2026:02:38:21 +0800] "GET /wp-admin/js/index.php HTTP/1.1" 404 27 "-" "-"
20.46.179.93 - - [01/Jul/2026:02:38:21 +0800] "GET /wso.php HTTP/1.1" 404 27 "-" "-"
36.133.115.36 - - [01/Jul/2026:02:38:22 +0800] "POST /wp-cron.php?doing_wp_cron=1782844702.9405610561370849609375 HTTP/1.1" 200 31 "-" "WordPress/7.0; http://cqqizhou.com"
20.46.179.93 - - [01/Jul/2026:02:38:22 +0800] "GET /zup.php73 HTTP/1.1" 404 32862 "-" "-"
20.46.179.93 - - [01/Jul/2026:02:38:23 +0800] "GET /k.php HTTP/1.1" 404 27 "-" "-"
20.46.179.93 - - [01/Jul/2026:02:38:23 +0800] "GET /wp-blink.php HTTP/1.1" 404 27 "-" "-"
20.46.179.93 - - [01/Jul/2026:02:38:24 +0800] "GET /randkeyword.PhP7 HTTP/1.1" 404 32862 "-" "-"
20.46.179.93 - - [01/Jul/2026:02:38:25 +0800] "GET /wp-admin/css/colors/ectoplasm/ HTTP/1.1" 403 146 "-" "-"
20.46.179.93 - - [01/Jul/2026:02:38:25 +0800] "GET /wp-content/ HTTP/1.1" 200 5 "-" "-"
20.46.179.93 - - [01/Jul/2026:02:38:25 +0800] "GET /ww5.php HTTP/1.1" 404 27 "-" "-"
20.46.179.93 - - [01/Jul/2026:02:38:25 +0800] "GET /2.php HTTP/1.1" 404 27 "-" "-"
20.46.179.93 - - [01/Jul/2026:02:38:25 +0800] "GET /wp-admin/classwithtostring.php HTTP/1.1" 404 27 "-" "-"
20.46.179.93 - - [01/Jul/2026:02:38:26 +0800] "GET /atomlib.php HTTP/1.1" 404 27 "-" "-"
20.46.179.93 - - [01/Jul/2026:02:38:28 +0800] "GET /rip.php HTTP/1.1" 404 27 "-" "-"
20.46.179.93 - - [01/Jul/2026:02:38:28 +0800] "GET /p.php HTTP/1.1" 404 27 "-" "-"
20.46.179.93 - - [01/Jul/2026:02:38:28 +0800] "GET /php.php HTTP/1.1" 404 27 "-" "-"
20.46.179.93 - - [01/Jul/2026:02:38:28 +0800] "GET /test1.php HTTP/1.1" 404 27 "-" "-"
20.46.179.93 - - [01/Jul/2026:02:38:28 +0800] "GET /wp-admin/maint/index.php HTTP/1.1" 404 27 "-" "-"
20.46.179.93 - - [01/Jul/2026:02:38:29 +0800] "GET /wp-content/uploads/min.php HTTP/1.1" 404 27 "-" "-"
20.46.179.93 - - [01/Jul/2026:02:38:29 +0800] "GET /zoom1.php HTTP/1.1" 404 27 "-" "-"
20.46.179.93 - - [01/Jul/2026:02:38:29 +0800] "GET /lock360.php HTTP/1.1" 404 27 "-" "-"
20.46.179.93 - - [01/Jul/2026:02:38:29 +0800] "GET /r.php HTTP/1.1" 404 27 "-" "-"
20.46.179.93 - - [01/Jul/2026:02:38:29 +0800] "GET /sf.php HTTP/1.1" 404 27 "-" "-"
20.46.179.93 - - [01/Jul/2026:02:38:29 +0800] "GET /t.php HTTP/1.1" 404 27 "-" "-"
20.46.179.93 - - [01/Jul/2026:02:38:29 +0800] "GET /7.php HTTP/1.1" 404 27 "-" "-"
20.46.179.93 - - [01/Jul/2026:02:38:29 +0800] "GET /b.php HTTP/1.1" 404 27 "-" "-"
20.46.179.93 - - [01/Jul/2026:02:38:30 +0800] "GET /buy.php HTTP/1.1" 404 27 "-" "-"
20.46.179.93 - - [01/Jul/2026:02:38:30 +0800] "GET /config.php HTTP/1.1" 404 27 "-" "-"
20.46.179.93 - - [01/Jul/2026:02:38:30 +0800] "GET /num.php HTTP/1.1" 404 27 "-" "-"
20.46.179.93 - - [01/Jul/2026:02:38:30 +0800] "GET /areak1.php HTTP/1.1" 404 27 "-" "-"
20.46.179.93 - - [01/Jul/2026:02:38:30 +0800] "GET /vc.php HTTP/1.1" 404 27 "-" "-"
20.46.179.93 - - [01/Jul/2026:02:38:30 +0800] "GET /new.php HTTP/1.1" 404 27 "-" "-"
20.46.179.93 - - [01/Jul/2026:02:38:30 +0800] "GET /il.php HTTP/1.1" 404 27 "-" "-"
20.46.179.93 - - [01/Jul/2026:02:38:30 +0800] "GET /images/index.php HTTP/1.1" 404 27 "-" "-"
20.46.179.93 - - [01/Jul/2026:02:38:31 +0800] "GET /lite.php HTTP/1.1" 404 27 "-" "-"
20.46.179.93 - - [01/Jul/2026:02:38:31 +0800] "GET /load.php HTTP/1.1" 404 27 "-" "-"
43.165.127.225 - - [01/Jul/2026:02:38:36 +0800] "GET / HTTP/1.1" 200 35067 "-" "Mozilla/5.0 (iPhone; CPU iPhone OS 13_2_3 like Mac OS X) AppleWebKit/605.1.15 (KHTML, like Gecko) Version/13.0.3 Mobile/15E148 Safari/604.1"
36.133.115.36 - - [01/Jul/2026:02:42:39 +0800] "POST /wp-cron.php?doing_wp_cron=1782844959.4886488914489746093750 HTTP/1.1" 200 31 "-" "WordPress/7.0; http://cqqizhou.com"
43.156.79.172 - - [01/Jul/2026:02:42:39 +0800] "GET / HTTP/1.1" 200 35068 "-" "Mozilla/5.0 (iPhone; CPU iPhone OS 13_2_3 like Mac OS X) AppleWebKit/605.1.15 (KHTML, like Gecko) Version/13.0.3 Mobile/15E148 Safari/604.1"
36.133.115.36 - - [01/Jul/2026:02:57:29 +0800] "POST /wp-cron.php?doing_wp_cron=1782845849.4385790824890136718750 HTTP/1.1" 200 31 "-" "WordPress/7.0; http://cqqizhou.com"
112.121.183.206 - - [01/Jul/2026:02:57:29 +0800] "GET /nacos/ HTTP/1.1" 404 9499 "-" "Mozilla/5.0 (Windows NT 10.0; WOW64; rv:48.0) Gecko/20100101 Firefox/48.0"
36.133.115.36 - - [01/Jul/2026:03:00:08 +0800] "POST /wp-cron.php?doing_wp_cron=1782846008.7321701049804687500000 HTTP/1.1" 200 31 "-" "WordPress/7.0; http://cqqizhou.com"
112.121.183.238 - - [01/Jul/2026:03:00:08 +0800] "GET /admin-api/system/auth/get-permission-info HTTP/1.1" 404 9499 "-" "Mozilla/5.0 (Windows NT 10.0; WOW64; rv:48.0) Gecko/20100101 Firefox/48.0"
36.133.115.36 - - [01/Jul/2026:03:01:12 +0800] "POST /wp-cron.php?doing_wp_cron=1782846072.8315420150756835937500 HTTP/1.1" 200 31 "-" "WordPress/7.0; http://cqqizhou.com"
110.42.208.131 - - [01/Jul/2026:03:01:12 +0800] "GET / HTTP/1.1" 200 35068 "-" "Mozilla/5.0 (iPhone; CPU iPhone OS 13_2_3 like Mac OS X) AppleWebKit/605.1.15 (KHTML, like Gecko) Version/13.0.3 Mobile/15E148 Safari/604.1"
36.133.115.36 - - [01/Jul/2026:03:03:20 +0800] "POST /wp-cron.php?doing_wp_cron=1782846200.4514260292053222656250 HTTP/1.1" 200 31 "-" "WordPress/7.0; http://cqqizhou.com"
120.241.209.184 - - [01/Jul/2026:03:03:20 +0800] "GET /news/2552 HTTP/1.1" 200 26022 "-" "Mozilla/5.0 (Windows NT 10.0; Win64; x64) AppleWebKit/537.36 (KHTML, like Gecko) Chrome/124.0.0.0 Safari/537.36"
216.118.251.14 - - [01/Jul/2026:03:05:42 +0800] "GET /api.php?s=article/datalist HTTP/1.1" 404 47 "-" "Mozilla/5.0 (Windows NT 10.0; WOW64; rv:48.0) Gecko/20100101 Firefox/48.0"
36.133.115.36 - - [01/Jul/2026:03:12:16 +0800] "POST /wp-cron.php?doing_wp_cron=1782846736.0401480197906494140625 HTTP/1.1" 200 31 "-" "WordPress/7.0; http://cqqizhou.com"
49.13.57.248 - - [01/Jul/2026:03:12:16 +0800] "POST /xmlrpc.php HTTP/1.1" 200 217 "-" "Mozilla/5.0 (Windows NT 10.0; Win64; x64) AppleWebKit/537.36 (KHTML, like Gecko) Chrome/142.0.0.0 Safari/537.36 Edg/142.0.0.0"
36.133.115.36 - - [01/Jul/2026:03:13:12 +0800] "POST /wp-cron.php?doing_wp_cron=1782846792.3412420749664306640625 HTTP/1.1" 200 31 "-" "WordPress/7.0; http://cqqizhou.com"
115.159.33.43 - - [01/Jul/2026:03:13:12 +0800] "GET / HTTP/1.1" 301 5 "-" "Mozilla/5.0 (Windows NT 10.0; Win64; x64) AppleWebKit/537.36 (KHTML, like Gecko) Chrome/79.0.3945.117 Safari/537.36"
36.133.115.36 - - [01/Jul/2026:03:16:08 +0800] "POST /wp-cron.php?doing_wp_cron=1782846968.5433220863342285156250 HTTP/1.1" 200 31 "-" "WordPress/7.0; http://cqqizhou.com"
209.38.111.168 - - [01/Jul/2026:03:16:08 +0800] "GET / HTTP/1.1" 301 5 "-" "Mozilla/5.0 (X11; Linux x86_64; rv:142.0) Gecko/20100101 Firefox/142.0"
111.68.9.190 - - [01/Jul/2026:03:16:45 +0800] "GET / HTTP/1.1" 301 5 "-" "Mozilla/5.0 (Windows NT 10.0; WOW64; rv:48.0) Gecko/20100101 Firefox/48.0"
111.68.9.190 - - [01/Jul/2026:03:16:48 +0800] "GET / HTTP/1.1" 200 35514 "-" "Mozilla/5.0 (Windows NT 10.0; WOW64; rv:48.0) Gecko/20100101 Firefox/48.0"
36.133.115.36 - - [01/Jul/2026:03:27:23 +0800] "POST /wp-cron.php?doing_wp_cron=1782847643.3267428874969482421875 HTTP/1.1" 200 31 "-" "WordPress/7.0; http://cqqizhou.com"
149.248.21.44 - - [01/Jul/2026:03:27:23 +0800] "POST /xmlrpc.php HTTP/1.1" 200 217 "-" "Mozilla/5.0 (Windows NT 10.0) AppleWebKit/537.36 (KHTML, like Gecko) Chrome/138.0.0.0 Safari/537.36 Edg/138.0.0.0"
20.226.81.217 - - [01/Jul/2026:03:31:26 +0800] "GET /wp-content/plugins/hellopress/wp_filemanager.php HTTP/1.1" 404 27 "-" "-"
20.226.81.217 - - [01/Jul/2026:03:31:27 +0800] "GET /this_is_a_new_hello_world.php HTTP/1.1" 404 27 "-" "-"
20.226.81.217 - - [01/Jul/2026:03:31:27 +0800] "GET /bhm.php HTTP/1.1" 404 27 "-" "-"
20.226.81.217 - - [01/Jul/2026:03:31:27 +0800] "GET /adobe.php HTTP/1.1" 404 27 "-" "-"
20.226.81.217 - - [01/Jul/2026:03:31:28 +0800] "GET /sf.php HTTP/1.1" 404 27 "-" "-"
20.226.81.217 - - [01/Jul/2026:03:31:28 +0800] "GET /wp-block.php HTTP/1.1" 404 27 "-" "-"
20.226.81.217 - - [01/Jul/2026:03:31:29 +0800] "GET /wp-ver.php HTTP/1.1" 404 27 "-" "-"
20.226.81.217 - - [01/Jul/2026:03:31:29 +0800] "GET /f222.php HTTP/1.1" 404 27 "-" "-"
20.226.81.217 - - [01/Jul/2026:03:31:29 +0800] "GET /cilng.php HTTP/1.1" 404 27 "-" "-"
20.226.81.217 - - [01/Jul/2026:03:31:30 +0800] "GET /rithin.php HTTP/1.1" 404 27 "-" "-"
20.226.81.217 - - [01/Jul/2026:03:31:30 +0800] "GET /dass.php HTTP/1.1" 404 27 "-" "-"
20.226.81.217 - - [01/Jul/2026:03:31:30 +0800] "GET /haz.php HTTP/1.1" 404 27 "-" "-"
20.226.81.217 - - [01/Jul/2026:03:31:31 +0800] "GET /h2.php HTTP/1.1" 404 27 "-" "-"
20.226.81.217 - - [01/Jul/2026:03:31:31 +0800] "GET /wp-ccv.php HTTP/1.1" 404 27 "-" "-"
20.226.81.217 - - [01/Jul/2026:03:31:32 +0800] "GET /class-bda.php HTTP/1.1" 404 27 "-" "-"
20.226.81.217 - - [01/Jul/2026:03:31:32 +0800] "GET /wp-Blogs.php HTTP/1.1" 404 27 "-" "-"
20.226.81.217 - - [01/Jul/2026:03:31:32 +0800] "GET /less.php HTTP/1.1" 404 27 "-" "-"
20.226.81.217 - - [01/Jul/2026:03:31:33 +0800] "GET /ftde.php HTTP/1.1" 404 27 "-" "-"
20.226.81.217 - - [01/Jul/2026:03:31:33 +0800] "GET /classwithtostring.php HTTP/1.1" 404 27 "-" "-"
20.226.81.217 - - [01/Jul/2026:03:31:34 +0800] "GET /rip.php HTTP/1.1" 404 27 "-" "-"
20.226.81.217 - - [01/Jul/2026:03:31:34 +0800] "GET /wp-tivate.php HTTP/1.1" 404 27 "-" "-"
20.226.81.217 - - [01/Jul/2026:03:31:34 +0800] "GET /ogghjd.php HTTP/1.1" 404 27 "-" "-"
20.226.81.217 - - [01/Jul/2026:03:31:35 +0800] "GET /7.php HTTP/1.1" 404 27 "-" "-"
20.226.81.217 - - [01/Jul/2026:03:31:35 +0800] "GET /agieylcmwl.php HTTP/1.1" 404 27 "-" "-"
20.226.81.217 - - [01/Jul/2026:03:31:35 +0800] "GET /balbasaur.php HTTP/1.1" 404 27 "-" "-"
20.226.81.217 - - [01/Jul/2026:03:31:36 +0800] "GET /op.php HTTP/1.1" 404 27 "-" "-"
20.226.81.217 - - [01/Jul/2026:03:31:36 +0800] "GET /by.php HTTP/1.1" 404 27 "-" "-"
20.226.81.217 - - [01/Jul/2026:03:31:37 +0800] "GET /xs.php HTTP/1.1" 404 27 "-" "-"
20.226.81.217 - - [01/Jul/2026:03:31:37 +0800] "GET /nxx.php HTTP/1.1" 404 27 "-" "-"
20.226.81.217 - - [01/Jul/2026:03:31:37 +0800] "GET /jjhf.php HTTP/1.1" 404 27 "-" "-"
20.226.81.217 - - [01/Jul/2026:03:31:38 +0800] "GET /mosty.php HTTP/1.1" 404 27 "-" "-"
20.226.81.217 - - [01/Jul/2026:03:31:38 +0800] "GET /product.php HTTP/1.1" 404 27 "-" "-"
20.226.81.217 - - [01/Jul/2026:03:31:38 +0800] "GET /eknmacnl.php HTTP/1.1" 404 27 "-" "-"
20.226.81.217 - - [01/Jul/2026:03:31:39 +0800] "GET /wp-link-poer.php HTTP/1.1" 404 27 "-" "-"
20.226.81.217 - - [01/Jul/2026:03:31:39 +0800] "GET /crgio.php HTTP/1.1" 404 27 "-" "-"
20.226.81.217 - - [01/Jul/2026:03:31:40 +0800] "GET /wp-blink.php HTTP/1.1" 404 27 "-" "-"
20.226.81.217 - - [01/Jul/2026:03:31:40 +0800] "GET /00.php HTTP/1.1" 404 27 "-" "-"
20.226.81.217 - - [01/Jul/2026:03:31:40 +0800] "GET /cxs.php HTTP/1.1" 404 27 "-" "-"
20.226.81.217 - - [01/Jul/2026:03:31:41 +0800] "GET /super.php HTTP/1.1" 404 27 "-" "-"
20.226.81.217 - - [01/Jul/2026:03:31:41 +0800] "GET /sdm.php HTTP/1.1" 404 27 "-" "-"
20.226.81.217 - - [01/Jul/2026:03:31:41 +0800] "GET /whs73au5.php HTTP/1.1" 404 27 "-" "-"
20.226.81.217 - - [01/Jul/2026:03:31:42 +0800] "GET /wp-lvminl.php HTTP/1.1" 404 27 "-" "-"
20.226.81.217 - - [01/Jul/2026:03:31:42 +0800] "GET /hoeig.php HTTP/1.1" 404 27 "-" "-"
20.226.81.217 - - [01/Jul/2026:03:31:43 +0800] "GET /bajah.php HTTP/1.1" 404 27 "-" "-"
20.226.81.217 - - [01/Jul/2026:03:31:43 +0800] "GET /ponxnwapemsce.php HTTP/1.1" 404 27 "-" "-"
20.226.81.217 - - [01/Jul/2026:03:31:43 +0800] "GET /gk.php HTTP/1.1" 404 27 "-" "-"
20.226.81.217 - - [01/Jul/2026:03:31:44 +0800] "GET /awp-careers.php HTTP/1.1" 404 27 "-" "-"
20.226.81.217 - - [01/Jul/2026:03:31:44 +0800] "GET /wplogbak.php HTTP/1.1" 404 27 "-" "-"
20.226.81.217 - - [01/Jul/2026:03:31:44 +0800] "GET /wee.php HTTP/1.1" 404 27 "-" "-"
20.226.81.217 - - [01/Jul/2026:03:31:45 +0800] "GET /file6.php HTTP/1.1" 404 27 "-" "-"
20.226.81.217 - - [01/Jul/2026:03:31:45 +0800] "GET /wplink.php HTTP/1.1" 404 27 "-" "-"
20.226.81.217 - - [01/Jul/2026:03:31:46 +0800] "GET /pass4.php HTTP/1.1" 404 27 "-" "-"
20.226.81.217 - - [01/Jul/2026:03:31:46 +0800] "GET /mr.php HTTP/1.1" 404 27 "-" "-"
20.226.81.217 - - [01/Jul/2026:03:31:46 +0800] "GET /wp-aothait.php HTTP/1.1" 404 27 "-" "-"
20.226.81.217 - - [01/Jul/2026:03:31:47 +0800] "GET /wp-the.php HTTP/1.1" 404 27 "-" "-"
20.226.81.217 - - [01/Jul/2026:03:31:47 +0800] "GET /wp-sanita.php HTTP/1.1" 404 27 "-" "-"
20.226.81.217 - - [01/Jul/2026:03:31:47 +0800] "GET /wp-temp.php HTTP/1.1" 404 27 "-" "-"
20.226.81.217 - - [01/Jul/2026:03:31:48 +0800] "GET /wornnessesal.php HTTP/1.1" 404 27 "-" "-"
20.226.81.217 - - [01/Jul/2026:03:31:48 +0800] "GET /pedodont.php HTTP/1.1" 404 27 "-" "-"
20.226.81.217 - - [01/Jul/2026:03:31:49 +0800] "GET /misgrimmerly.php HTTP/1.1" 404 27 "-" "-"
20.226.81.217 - - [01/Jul/2026:03:31:49 +0800] "GET /ethnogr.php HTTP/1.1" 404 27 "-" "-"
20.226.81.217 - - [01/Jul/2026:03:31:49 +0800] "GET /aaf.php HTTP/1.1" 404 27 "-" "-"
20.226.81.217 - - [01/Jul/2026:03:31:50 +0800] "GET /xmff.php HTTP/1.1" 404 27 "-" "-"
20.226.81.217 - - [01/Jul/2026:03:31:50 +0800] "GET /green1.php HTTP/1.1" 404 27 "-" "-"
20.226.81.217 - - [01/Jul/2026:03:31:50 +0800] "GET /dal.php HTTP/1.1" 404 27 "-" "-"
20.226.81.217 - - [01/Jul/2026:03:31:51 +0800] "GET /wp-good.php HTTP/1.1" 404 27 "-" "-"
20.226.81.217 - - [01/Jul/2026:03:31:51 +0800] "GET /vx.php HTTP/1.1" 404 27 "-" "-"
20.226.81.217 - - [01/Jul/2026:03:31:52 +0800] "GET /spawns.php HTTP/1.1" 404 27 "-" "-"
20.226.81.217 - - [01/Jul/2026:03:31:52 +0800] "GET /cream1.php HTTP/1.1" 404 27 "-" "-"
36.133.115.36 - - [01/Jul/2026:03:32:13 +0800] "POST /wp-cron.php?doing_wp_cron=1782847933.4599010944366455078125 HTTP/1.1" 200 31 "-" "WordPress/7.0; http://cqqizhou.com"
43.153.102.138 - - [01/Jul/2026:03:32:13 +0800] "GET / HTTP/1.1" 301 5 "-" "Mozilla/5.0 (iPhone; CPU iPhone OS 13_2_3 like Mac OS X) AppleWebKit/605.1.15 (KHTML, like Gecko) Version/13.0.3 Mobile/15E148 Safari/604.1"
43.153.102.138 - - [01/Jul/2026:03:32:16 +0800] "GET / HTTP/1.1" 200 35068 "http://www.cqqizhou.com" "Mozilla/5.0 (iPhone; CPU iPhone OS 13_2_3 like Mac OS X) AppleWebKit/605.1.15 (KHTML, like Gecko) Version/13.0.3 Mobile/15E148 Safari/604.1"
36.133.115.36 - - [01/Jul/2026:03:38:30 +0800] "POST /wp-cron.php?doing_wp_cron=1782848310.5431571006774902343750 HTTP/1.1" 200 31 "-" "WordPress/7.0; http://cqqizhou.com"
43.156.13.166 - - [01/Jul/2026:03:38:30 +0800] "POST /xmlrpc.php HTTP/1.1" 200 217 "-" "Mozilla/5.0 (Windows NT 10.0; WOW64; rv:143.0) Gecko/20100101 Firefox/143.0"
36.133.115.36 - - [01/Jul/2026:03:39:16 +0800] "POST /wp-cron.php?doing_wp_cron=1782848356.2172019481658935546875 HTTP/1.1" 200 31 "-" "WordPress/7.0; http://cqqizhou.com"
211.21.61.245 - - [01/Jul/2026:03:39:16 +0800] "POST /xmlrpc.php HTTP/1.1" 200 217 "-" "Mozilla/5.0 (Windows NT 10.0; WOW64) AppleWebKit/537.36 (KHTML, like Gecko) Chrome/141.0.0.0 Safari/537.36 Edg/141.0.0.0"
36.133.115.36 - - [01/Jul/2026:04:00:51 +0800] "POST /wp-cron.php?doing_wp_cron=1782849651.2257320880889892578125 HTTP/1.1" 200 31 "-" "WordPress/7.0; http://cqqizhou.com"
5.61.209.43 - - [01/Jul/2026:04:00:51 +0800] "GET /SDK/webLanguage HTTP/1.1" 301 5 "-" "Mozilla/5.0 (Windows NT 10.0; Win64; x64) AppleWebKit/537.36 (KHTML, like Gecko) Chrome/90.0.4430.85 Safari/537.36 Edg/90.0.818.46"
36.133.115.36 - - [01/Jul/2026:04:03:49 +0800] "POST /wp-cron.php?doing_wp_cron=1782849829.5313520431518554687500 HTTP/1.1" 200 31 "-" "WordPress/7.0; http://cqqizhou.com"
211.21.61.245 - - [01/Jul/2026:04:03:49 +0800] "POST /xmlrpc.php HTTP/1.1" 200 217 "-" "Mozilla/5.0 (Windows NT 10.0) AppleWebKit/537.43 (KHTML, like Gecko) Chrome/135.0.0.0 Safari/537.36 OPR/120.0.0.0"
36.133.115.36 - - [01/Jul/2026:04:26:31 +0800] "POST /wp-cron.php?doing_wp_cron=1782851191.4358808994293212890625 HTTP/1.1" 200 31 "-" "WordPress/7.0; http://cqqizhou.com"
112.21.140.142 - - [01/Jul/2026:04:26:31 +0800] "GET http://cqqizhou.com/news/2383 HTTP/1.1" 301 5 "http://cqqizhou.com/" "Mozilla/5.0 (Windows NT 10.0; Win64; x64) AppleWebKit/537.36 (KHTML, like Gecko) Chrome/133.0.0.0 Safari/537.36"
139.155.113.33 - - [01/Jul/2026:04:26:33 +0800] "GET /news/2383 HTTP/1.1" 301 5 "http://cqqizhou.com/" "Mozilla/5.0 (Windows NT 10.0; Win64; x64) AppleWebKit/537.36 (KHTML, like Gecko) Chrome/133.0.0.0 Safari/537.36"
139.155.113.33 - - [01/Jul/2026:04:26:36 +0800] "GET /news/2373/1766388812-article_images_2025072410 HTTP/1.1" 301 5 "http://cqqizhou.com/" "Mozilla/5.0 (Windows NT 10.0; Win64; x64) AppleWebKit/537.36 (KHTML, like Gecko) Chrome/133.0.0.0 Safari/537.36"
139.155.113.33 - - [01/Jul/2026:04:26:38 +0800] "GET /wp-content/uploads/2025/12/1766388812-Article_images_2025072410.webp HTTP/1.1" 200 51320 "http://cqqizhou.com/" "Mozilla/5.0 (Windows NT 10.0; Win64; x64) AppleWebKit/537.36 (KHTML, like Gecko) Chrome/133.0.0.0 Safari/537.36"
36.133.115.36 - - [01/Jul/2026:04:36:09 +0800] "POST /wp-cron.php?doing_wp_cron=1782851769.7618908882141113281250 HTTP/1.1" 200 31 "-" "WordPress/7.0; http://cqqizhou.com"
119.84.246.117 - - [01/Jul/2026:04:36:09 +0800] "GET / HTTP/1.1" 301 5 "-" "Mozilla/5.0 (Windows NT 6.1; WOW64; rv:12.0) Gecko/20100101 Firefox/12.0"
119.84.246.117 - - [01/Jul/2026:04:36:09 +0800] "GET / HTTP/1.1" 200 159688 "-" "Mozilla/5.0 (Windows NT 6.1; WOW64; rv:12.0) Gecko/20100101 Firefox/12.0"
119.84.246.117 - - [01/Jul/2026:04:36:11 +0800] "GET / HTTP/1.1" 301 5 "-" "Mozilla/5.0 (Windows; U; Windows NT 5.2) AppleWebKit/525.13 (KHTML, like Gecko) Version/3.1 Safari/525.13"
119.84.246.117 - - [01/Jul/2026:04:36:11 +0800] "GET / HTTP/1.1" 200 159688 "-" "Mozilla/5.0 (Windows; U; Windows NT 5.2) AppleWebKit/525.13 (KHTML, like Gecko) Version/3.1 Safari/525.13"
119.84.246.117 - - [01/Jul/2026:04:36:13 +0800] "GET / HTTP/1.1" 301 5 "-" "Mozilla/5.0 (Windows NT 6.1; WOW64) AppleWebKit/536.11 (KHTML, like Gecko) Chrome/20.0.1132.57 Safari/536.11"
119.84.246.117 - - [01/Jul/2026:04:36:13 +0800] "GET / HTTP/1.1" 200 159680 "-" "Mozilla/5.0 (Windows NT 6.1; WOW64) AppleWebKit/536.11 (KHTML, like Gecko) Chrome/20.0.1132.57 Safari/536.11"
36.133.115.36 - - [01/Jul/2026:04:38:14 +0800] "POST /wp-cron.php?doing_wp_cron=1782851894.4773778915405273437500 HTTP/1.1" 200 31 "-" "WordPress/7.0; http://cqqizhou.com"
122.51.94.205 - - [01/Jul/2026:04:38:14 +0800] "GET / HTTP/1.1" 301 5 "-" "Mozilla/5.0 (Windows NT 6.1) AppleWebKit/535.2 (KHTML, like Gecko) Chrome/18.6.872.0 Safari/535.2 UNTRUSTED/1.0 3gpp-gba UNTRUSTED/1.0"
122.51.94.205 - - [01/Jul/2026:04:38:15 +0800] "GET / HTTP/1.1" 200 35514 "-" "Mozilla/5.0 (Windows NT 6.1) AppleWebKit/535.2 (KHTML, like Gecko) Chrome/18.6.872.0 Safari/535.2 UNTRUSTED/1.0 3gpp-gba UNTRUSTED/1.0"
36.133.115.36 - - [01/Jul/2026:04:38:25 +0800] "POST /wp-cron.php?doing_wp_cron=1782851905.1071538925170898437500 HTTP/1.1" 200 31 "-" "WordPress/7.0; http://cqqizhou.com"
122.51.94.205 - - [01/Jul/2026:04:38:25 +0800] "GET /login.rsp HTTP/1.1" 404 9498 "-" "Mozilla/5.0 (Windows NT 6.1) AppleWebKit/535.2 (KHTML, like Gecko) Chrome/18.6.872.0 Safari/535.2 UNTRUSTED/1.0 3gpp-gba UNTRUSTED/1.0"
36.133.115.36 - - [01/Jul/2026:05:15:40 +0800] "POST /wp-cron.php?doing_wp_cron=1782854140.2757189273834228515625 HTTP/1.1" 200 31 "-" "WordPress/7.0; http://cqqizhou.com"
54.39.136.164 - - [01/Jul/2026:05:15:40 +0800] "GET /robots.txt HTTP/1.1" 200 190 "-" "Mozilla/5.0 (compatible; AhrefsBot/7.0; +http://ahrefs.com/robot/)"
15.235.96.135 - - [01/Jul/2026:05:15:44 +0800] "GET /uncategorized HTTP/1.1" 200 20863 "-" "Mozilla/5.0 (compatible; AhrefsBot/7.0; +http://ahrefs.com/robot/)"
36.133.115.36 - - [01/Jul/2026:05:22:34 +0800] "POST /wp-cron.php?doing_wp_cron=1782854554.3028979301452636718750 HTTP/1.1" 200 31 "-" "WordPress/7.0; http://cqqizhou.com"
5.61.209.43 - - [01/Jul/2026:05:22:34 +0800] "GET /SDK/webLanguage HTTP/1.1" 301 5 "-" "Mozilla/5.0 (Windows NT 10.0; Win64; x64) AppleWebKit/537.36 (KHTML, like Gecko) Chrome/90.0.4430.85 Safari/537.36 Edg/90.0.818.46"
36.133.115.36 - - [01/Jul/2026:05:24:16 +0800] "POST /wp-cron.php?doing_wp_cron=1782854655.9692111015319824218750 HTTP/1.1" 200 31 "-" "WordPress/7.0; http://cqqizhou.com"
27.99.129.243 - - [01/Jul/2026:05:24:16 +0800] "GET /news/2592 HTTP/1.1" 200 24609 "-" "Mozilla/5.0 (Windows NT 10.0; Win64; x64) AppleWebKit/537.36 (KHTML, like Gecko) Chrome/149.0.0.0 Safari/537.36 Edg/149.0.0.0"
36.133.115.36 - - [01/Jul/2026:05:41:24 +0800] "POST /wp-cron.php?doing_wp_cron=1782855684.2295730113983154296875 HTTP/1.1" 200 31 "-" "WordPress/7.0; http://cqqizhou.com"
27.205.135.131 - - [01/Jul/2026:05:41:24 +0800] "GET / HTTP/1.1" 301 5 "-" "Mozilla/5.0 (Windows NT 10.0; Win64; x64) AppleWebKit/537.36 (KHTML, like Gecko) Chrome/112.0.0.0 Safari/537.36"
123.9.169.160 - - [01/Jul/2026:05:41:24 +0800] "GET / HTTP/1.1" 200 35514 "-" "Mozilla/5.0 (Windows NT 10.0; Win64; x64) AppleWebKit/537.36 (KHTML, like Gecko) Chrome/112.0.0.0 Safari/537.36"
123.169.220.222 - - [01/Jul/2026:05:41:29 +0800] "GET / HTTP/1.1" 301 5 "-" "Mozilla/5.0 (Windows NT 10.0; Win64; x64) AppleWebKit/537.36 (KHTML, like Gecko) Chrome/107.0.0.0 Safari/537.36"
123.169.220.222 - - [01/Jul/2026:05:41:29 +0800] "GET / HTTP/1.1" 200 35514 "http://www.cqqizhou.com" "Mozilla/5.0 (Windows NT 10.0; Win64; x64) AppleWebKit/537.36 (KHTML, like Gecko) Chrome/107.0.0.0 Safari/537.36"
137.74.43.174 - - [01/Jul/2026:05:41:37 +0800] "POST /xmlrpc.php HTTP/1.1" 200 217 "-" "Mozilla/5.0 (Windows NT 10.0; WOW64; rv:140.0) Gecko/20100101 Firefox/140.0"
36.133.115.36 - - [01/Jul/2026:06:00:37 +0800] "POST /wp-cron.php?doing_wp_cron=1782856837.0174019336700439453125 HTTP/1.1" 200 31 "-" "WordPress/7.0; http://cqqizhou.com"
182.40.146.55 - - [01/Jul/2026:06:00:37 +0800] "GET /wp-json/oembed/1.0/embed?url=http%3A%2F%2Fcqqizhou.com%2Fnews%2F2505 HTTP/1.1" 200 1307 "-" "Mozilla/5.0 (Windows NT 10.0; Win64; x64) AppleWebKit/537.36 (KHTML, like Gecko) Chrome/142.0.0.0 Safari/537.36"
36.133.115.36 - - [01/Jul/2026:06:01:41 +0800] "POST /wp-cron.php?doing_wp_cron=1782856901.3872029781341552734375 HTTP/1.1" 200 31 "-" "WordPress/7.0; http://cqqizhou.com"
178.128.84.187 - - [01/Jul/2026:06:01:41 +0800] "GET / HTTP/1.1" 301 5 "-" "Mozilla/5.0 zgrab/0.x"
36.133.115.36 - - [01/Jul/2026:06:33:20 +0800] "POST /wp-cron.php?doing_wp_cron=1782858800.8017659187316894531250 HTTP/1.1" 200 31 "-" "WordPress/7.0; http://cqqizhou.com"
157.148.43.49 - - [01/Jul/2026:06:33:20 +0800] "GET /news/2575 HTTP/1.1" 200 25498 "-" "Mozilla/5.0 (Windows NT 10.0; Win64; x64) AppleWebKit/537.36 (KHTML, like Gecko) Chrome/110.0.0.0 Safari/537.36"
36.133.115.36 - - [01/Jul/2026:06:35:26 +0800] "POST /wp-cron.php?doing_wp_cron=1782858926.0565290451049804687500 HTTP/1.1" 200 31 "-" "WordPress/7.0; http://cqqizhou.com"
183.60.117.48 - - [01/Jul/2026:06:35:26 +0800] "GET /news/2534 HTTP/1.1" 200 24819 "-" "Mozilla/5.0 (Windows NT 10.0; Win64; x64) AppleWebKit/537.36 (KHTML, like Gecko) Chrome/133.0.0.0 Safari/537.36"
36.133.115.36 - - [01/Jul/2026:06:48:23 +0800] "POST /wp-cron.php?doing_wp_cron=1782859703.6344149112701416015625 HTTP/1.1" 200 31 "-" "WordPress/7.0; http://cqqizhou.com"
116.179.32.16 - - [01/Jul/2026:06:48:23 +0800] "GET /portfolio-category/pickled-coil/ HTTP/1.1" 301 5 "-" "Mozilla/5.0 (compatible; Baiduspider/2.0; +http://www.baidu.com/search/spider.html)"
116.179.32.45 - - [01/Jul/2026:06:48:25 +0800] "GET /news/portfolio/pickled-coil HTTP/1.1" 200 22802 "-" "Mozilla/5.0 (compatible; Baiduspider/2.0; +http://www.baidu.com/search/spider.html)"
36.133.115.36 - - [01/Jul/2026:07:00:32 +0800] "POST /wp-cron.php?doing_wp_cron=1782860432.7945981025695800781250 HTTP/1.1" 200 31 "-" "WordPress/7.0; http://cqqizhou.com"
90.156.142.31 - - [01/Jul/2026:07:00:32 +0800] "POST /xmlrpc.php HTTP/1.1" 200 217 "-" "Mozilla/5.0 (Windows NT 10.0) AppleWebKit/537.36 (KHTML, like Gecko) Chrome/140.0.0.0 Safari/537.36"
36.133.115.36 - - [01/Jul/2026:07:06:20 +0800] "POST /wp-cron.php?doing_wp_cron=1782860780.6910920143127441406250 HTTP/1.1" 200 31 "-" "WordPress/7.0; http://cqqizhou.com"
124.156.179.141 - - [01/Jul/2026:07:06:20 +0800] "GET / HTTP/1.1" 200 35068 "-" "Mozilla/5.0 (iPhone; CPU iPhone OS 13_2_3 like Mac OS X) AppleWebKit/605.1.15 (KHTML, like Gecko) Version/13.0.3 Mobile/15E148 Safari/604.1"
43.160.219.138 - - [01/Jul/2026:07:06:35 +0800] "GET / HTTP/1.1" 200 35067 "-" "Mozilla/5.0 (iPhone; CPU iPhone OS 13_2_3 like Mac OS X) AppleWebKit/605.1.15 (KHTML, like Gecko) Version/13.0.3 Mobile/15E148 Safari/604.1"
36.133.115.36 - - [01/Jul/2026:07:55:44 +0800] "POST /wp-cron.php?doing_wp_cron=1782863744.7776360511779785156250 HTTP/1.1" 200 31 "-" "WordPress/7.0; http://cqqizhou.com"
51.210.113.223 - - [01/Jul/2026:07:55:44 +0800] "POST /xmlrpc.php HTTP/1.1" 200 217 "-" "Mozilla/5.0 (Windows NT 10.0) AppleWebKit/537.36 (KHTML, like Gecko) Chrome/141.0.0.0 Safari/537.36"
36.133.115.36 - - [01/Jul/2026:07:59:39 +0800] "POST /wp-cron.php?doing_wp_cron=1782863979.4620139598846435546875 HTTP/1.1" 200 31 "-" "WordPress/7.0; http://cqqizhou.com"
43.156.41.180 - - [01/Jul/2026:07:59:39 +0800] "GET / HTTP/1.1" 301 5 "-" "Mozilla/5.0 (iPhone; CPU iPhone OS 13_2_3 like Mac OS X) AppleWebKit/605.1.15 (KHTML, like Gecko) Version/13.0.3 Mobile/15E148 Safari/604.1"
43.156.41.180 - - [01/Jul/2026:07:59:42 +0800] "GET / HTTP/1.1" 200 35067 "http://www.cqqizhou.com" "Mozilla/5.0 (iPhone; CPU iPhone OS 13_2_3 like Mac OS X) AppleWebKit/605.1.15 (KHTML, like Gecko) Version/13.0.3 Mobile/15E148 Safari/604.1"
36.133.115.36 - - [01/Jul/2026:08:02:48 +0800] "POST /wp-cron.php?doing_wp_cron=1782864167.9687170982360839843750 HTTP/1.1" 200 31 "-" "WordPress/7.0; http://cqqizhou.com"
103.203.56.2 - - [01/Jul/2026:08:02:48 +0800] "GET / HTTP/1.1" 301 5 "-" "HTTP Banner Detection (https://security.ipip.net)"
148.113.130.129 - - [01/Jul/2026:08:06:37 +0800] "GET /industry HTTP/1.1" 200 25234 "-" "Mozilla/5.0 (compatible; AhrefsBot/7.0; +http://ahrefs.com/robot/)"
36.133.115.36 - - [01/Jul/2026:08:16:06 +0800] "POST /wp-cron.php?doing_wp_cron=1782864966.4419469833374023437500 HTTP/1.1" 200 31 "-" "WordPress/7.0; http://cqqizhou.com"
91.196.152.194 - - [01/Jul/2026:08:16:06 +0800] "GET / HTTP/1.1" 301 5 "-" "Mozilla/5.0 (X11; Ubuntu; Linux x86_64; rv:134.0) Gecko/20100101 Firefox/134.0"
36.133.115.36 - - [01/Jul/2026:08:23:42 +0800] "POST /wp-cron.php?doing_wp_cron=1782865422.6145811080932617187500 HTTP/1.1" 200 31 "-" "WordPress/7.0; http://cqqizhou.com"
168.119.92.186 - - [01/Jul/2026:08:23:42 +0800] "POST /xmlrpc.php HTTP/1.1" 200 217 "-" "Mozilla/5.0 (Windows NT 10.0; Win64; x64; rv:142.0) Gecko/20100101 Firefox/142.0"
36.133.115.36 - - [01/Jul/2026:08:39:16 +0800] "POST /wp-cron.php?doing_wp_cron=1782866356.0963659286499023437500 HTTP/1.1" 200 31 "-" "WordPress/7.0; http://cqqizhou.com"
120.241.209.149 - - [01/Jul/2026:08:39:16 +0800] "GET /portfolio/%E5%86%B7%E8%BD%A7%E6%9D%BF/ HTTP/1.1" 301 5 "-" "Mozilla/5.0 (Windows NT 10.0; Win64; x64) AppleWebKit/537.36 (KHTML, like Gecko) Chrome/104.0.5112.81 Safari/537.36"
120.241.209.149 - - [01/Jul/2026:08:39:17 +0800] "GET /news/portfolio/%e5%86%b7%e8%bd%a7%e6%9d%bf HTTP/1.1" 200 22738 "http://cqqizhou.com/portfolio/%E5%86%B7%E8%BD%A7%E6%9D%BF/" "Mozilla/5.0 (Windows NT 10.0; Win64; x64) AppleWebKit/537.36 (KHTML, like Gecko) Chrome/104.0.5112.81 Safari/537.36"
14.116.238.14 - - [01/Jul/2026:08:39:20 +0800] "GET /portfolio/%E5%86%B7%E8%BD%A7%E6%9D%BF/ HTTP/1.1" 301 5 "-" "Mozilla/5.0 (Windows NT 10.0; Win64; x64) AppleWebKit/537.36 (KHTML, like Gecko) Chrome/103.0.0.0 Safari/537.36"
120.10.94.168 - - [01/Jul/2026:08:48:11 +0800] "GET http://cqqizhou.com/wp-content/uploads/2025/07/1750945616-honor300%C3%97206_4.webp HTTP/1.1" 200 33814 "http://cqqizhou.com/" "Mozilla/5.0 (Windows NT 10.0; Win64; x64) AppleWebKit/537.36 (KHTML, like Gecko) Chrome/103.0.0.0 Safari/537.36"
36.133.115.36 - - [01/Jul/2026:08:49:56 +0800] "POST /wp-cron.php?doing_wp_cron=1782866996.1629300117492675781250 HTTP/1.1" 200 31 "-" "WordPress/7.0; http://cqqizhou.com"
58.222.38.14 - - [01/Jul/2026:08:49:56 +0800] "GET /portfolio/duplex-stainless-steel/ HTTP/1.1" 301 5 "-" "Mozilla/5.0 (Windows NT 10.0; Win64; x64) AppleWebKit/537.36 (KHTML, like Gecko) Chrome/142.0.0.0 Safari/537.36"
58.222.38.14 - - [01/Jul/2026:08:49:58 +0800] "GET /news/portfolio/duplex-stainless-steel HTTP/1.1" 200 22790 "-" "Mozilla/5.0 (Windows NT 10.0; Win64; x64) AppleWebKit/537.36 (KHTML, like Gecko) Chrome/142.0.0.0 Safari/537.36"
58.222.38.14 - - [01/Jul/2026:08:49:59 +0800] "POST /wp-admin/admin-ajax.php HTTP/1.1" 499 0 "http://cqqizhou.com/news/portfolio/duplex-stainless-steel" "Mozilla/5.0 (Windows NT 10.0; Win64; x64) AppleWebKit/537.36 (KHTML, like Gecko) Chrome/142.0.0.0 Safari/537.36"
36.133.115.36 - - [01/Jul/2026:08:50:18 +0800] "POST /wp-cron.php?doing_wp_cron=1782867018.0824820995330810546875 HTTP/1.1" 200 31 "-" "WordPress/7.0; http://cqqizhou.com"
14.29.109.199 - - [01/Jul/2026:08:50:18 +0800] "GET /portfolio/duplex-stainless-steel/ HTTP/1.1" 301 5 "-" "Mozilla/5.0 (Windows NT 10.0; Win64; x64) AppleWebKit/537.36 (KHTML, like Gecko) Chrome/120.0.0.0 Safari/537.36"
14.29.109.199 - - [01/Jul/2026:08:50:19 +0800] "GET /news/portfolio/duplex-stainless-steel HTTP/1.1" 200 22809 "http://cqqizhou.com/portfolio/duplex-stainless-steel/" "Mozilla/5.0 (Windows NT 10.0; Win64; x64) AppleWebKit/537.36 (KHTML, like Gecko) Chrome/120.0.0.0 Safari/537.36"
39.151.33.99 - - [01/Jul/2026:08:51:17 +0800] "GET http://cqqizhou.com/wp-content/uploads/2025/07/1753453096-%E5%8F%8C%E7%9B%B8%E9%92%A2product_Single600%C3%97284-300x142.webp HTTP/1.1" 200 7412 "http://cqqizhou.com/" "Mozilla/5.0 (Windows NT 10.0; Win64; x64) AppleWebKit/537.36 (KHTML, like Gecko) Chrome/110.0.0.0 Safari/537.36"
124.223.53.7 - - [01/Jul/2026:08:51:18 +0800] "GET /wp-content/uploads/2025/07/1753453096-%E5%8F%8C%E7%9B%B8%E9%92%A2product_Single600%C3%97284-300x142.webp HTTP/1.1" 200 7412 "http://cqqizhou.com/" "Mozilla/5.0 (Windows NT 10.0; Win64; x64) AppleWebKit/537.36 (KHTML, like Gecko) Chrome/110.0.0.0 Safari/537.36"
36.133.115.36 - - [01/Jul/2026:08:54:23 +0800] "POST /wp-cron.php?doing_wp_cron=1782867263.3834650516510009765625 HTTP/1.1" 200 31 "-" "WordPress/7.0; http://cqqizhou.com"
49.51.245.241 - - [01/Jul/2026:08:54:23 +0800] "GET / HTTP/1.1" 301 5 "-" "Mozilla/5.0 (iPhone; CPU iPhone OS 13_2_3 like Mac OS X) AppleWebKit/605.1.15 (KHTML, like Gecko) Version/13.0.3 Mobile/15E148 Safari/604.1"
49.51.245.241 - - [01/Jul/2026:08:54:27 +0800] "GET / HTTP/1.1" 200 35070 "http://36.133.115.36" "Mozilla/5.0 (iPhone; CPU iPhone OS 13_2_3 like Mac OS X) AppleWebKit/605.1.15 (KHTML, like Gecko) Version/13.0.3 Mobile/15E148 Safari/604.1"
36.133.115.36 - - [01/Jul/2026:09:02:30 +0800] "POST /wp-cron.php?doing_wp_cron=1782867750.0684630870819091796875 HTTP/1.1" 200 31 "-" "WordPress/7.0; http://cqqizhou.com"
106.8.136.10 - - [01/Jul/2026:09:02:30 +0800] "GET / HTTP/1.1" 200 35070 "-" "Mozilla/5.0 (iPhone; CPU iPhone OS 16_3 like Mac OS X) AppleWebKit/605.1.15 (KHTML, like Gecko) Version/16.2 Mobile/15E148 YisouSpider/5.0 Safari/604.1"
106.8.139.16 - - [01/Jul/2026:09:03:45 +0800] "GET / HTTP/1.1" 200 35514 "-" "YisouSpider"
52.38.72.7 - - [01/Jul/2026:09:06:45 +0800] "OPTIONS / HTTP/1.1" 405 552 "-" "Mozilla/5.0 (Macintosh; Intel Mac OS X 10_11_5) AppleWebKit/537.36 (KHTML, like Gecko) Chrome/50.0.2661.102 Safari/537.36"
36.133.115.36 - - [01/Jul/2026:09:12:46 +0800] "POST /wp-cron.php?doing_wp_cron=1782868366.2346470355987548828125 HTTP/1.1" 200 31 "-" "WordPress/7.0; http://cqqizhou.com"
43.143.123.201 - - [01/Jul/2026:09:12:46 +0800] "POST /xmlrpc.php HTTP/1.1" 200 217 "-" "Mozilla/5.0 (Windows NT 10.0) AppleWebKit/537.36 (KHTML, like Gecko) Chrome/138.0.0.0 Safari/537.36 Edg/138.0.0.0"
180.149.125.169 - - [01/Jul/2026:09:13:12 +0800] "GET /stalker_portal/server/tools/auth_simple.php HTTP/1.1" 404 47 "-" "Mozilla/5.0 (Windows NT 5.1; Win64; x64) AppleWebKit/537.36 (KHTML, like Gecko) Chrome/60.0.3112.90 Safari/537.36"
36.133.115.36 - - [01/Jul/2026:09:15:05 +0800] "POST /wp-cron.php?doing_wp_cron=1782868505.3849000930786132812500 HTTP/1.1" 200 31 "-" "WordPress/7.0; http://cqqizhou.com"
106.54.62.156 - - [01/Jul/2026:09:15:05 +0800] "GET / HTTP/1.1" 301 5 "-" "Mozilla/5.0 (iPhone; CPU iPhone OS 13_2_3 like Mac OS X) AppleWebKit/605.1.15 (KHTML, like Gecko) Version/13.0.3 Mobile/15E148 Safari/604.1"
36.133.115.36 - - [01/Jul/2026:09:15:10 +0800] "POST /wp-cron.php?doing_wp_cron=1782868510.3518331050872802734375 HTTP/1.1" 200 31 "-" "WordPress/7.0; http://cqqizhou.com"
106.54.62.156 - - [01/Jul/2026:09:15:10 +0800] "GET / HTTP/1.1" 200 35070 "http://www.cqqizhou.com" "Mozilla/5.0 (iPhone; CPU iPhone OS 13_2_3 like Mac OS X) AppleWebKit/605.1.15 (KHTML, like Gecko) Version/13.0.3 Mobile/15E148 Safari/604.1"
36.133.115.36 - - [01/Jul/2026:09:40:05 +0800] "POST /wp-cron.php?doing_wp_cron=1782870005.1033010482788085937500 HTTP/1.1" 200 31 "-" "WordPress/7.0; http://cqqizhou.com"
107.172.62.122 - - [01/Jul/2026:09:40:05 +0800] "POST /xmlrpc.php HTTP/1.1" 200 217 "-" "Mozilla/5.0 (Windows NT 10.0) AppleWebKit/537.36 (KHTML, like Gecko) Chrome/139.0.0.0 Safari/537.36 Edg/139.0.0.0"
36.133.115.36 - - [01/Jul/2026:09:47:04 +0800] "POST /wp-cron.php?doing_wp_cron=1782870424.1089379787445068359375 HTTP/1.1" 200 31 "-" "WordPress/7.0; http://cqqizhou.com"
119.84.246.117 - - [01/Jul/2026:09:47:04 +0800] "GET / HTTP/1.1" 301 5 "-" "-"
119.84.246.117 - - [01/Jul/2026:09:47:04 +0800] "GET / HTTP/1.1" 200 159680 "-" "-"
119.84.246.117 - - [01/Jul/2026:09:47:06 +0800] "GET / HTTP/1.1" 301 5 "-" "Mozilla/5.0 (Windows NT 6.1) AppleWebKit/535.11 (KHTML, like Gecko) Chrome/17.0.963.84 Safari/535.11 LBBROWSER"
119.84.246.117 - - [01/Jul/2026:09:47:07 +0800] "GET / HTTP/1.1" 200 35514 "-" "Mozilla/5.0 (Windows NT 6.1) AppleWebKit/535.11 (KHTML, like Gecko) Chrome/17.0.963.84 Safari/535.11 LBBROWSER"
119.84.246.117 - - [01/Jul/2026:09:47:07 +0800] "GET /wp-content/uploads/2025/07/1751425283-qizhou.kf_.qq_.com_.webp HTTP/1.1" 200 16864 "http://cqqizhou.com/" "Mozilla/5.0 (Windows NT 6.1) AppleWebKit/535.11 (KHTML, like Gecko) Chrome/17.0.963.84 Safari/535.11 LBBROWSER"
119.84.246.117 - - [01/Jul/2026:09:47:07 +0800] "GET /wp-content/uploads/2025/07/1753456723-%E5%8F%8C%E7%9B%B8%E9%92%A2roduct_Single600.webp HTTP/1.1" 200 22790 "http://cqqizhou.com/" "Mozilla/5.0 (Windows NT 6.1) AppleWebKit/535.11 (KHTML, like Gecko) Chrome/17.0.963.84 Safari/535.11 LBBROWSER"
119.84.246.117 - - [01/Jul/2026:09:47:07 +0800] "GET /wp-content/uploads/2025/07/1753453096-%E5%8F%8C%E7%9B%B8%E9%92%A2product_Single600%C3%97284.webp HTTP/1.1" 200 14562 "http://cqqizhou.com/" "Mozilla/5.0 (Windows NT 6.1) AppleWebKit/535.11 (KHTML, like Gecko) Chrome/17.0.963.84 Safari/535.11 LBBROWSER"
