20.46.179.93 - - [01/Jul/2026:14:15:49 +0800] "GET /wp-content/admin.php HTTP/1.1" 404 27 "-" "-"
20.46.179.93 - - [01/Jul/2026:14:15:49 +0800] "GET /222.php HTTP/1.1" 404 27 "-" "-"
20.46.179.93 - - [01/Jul/2026:14:15:49 +0800] "GET /wp-content/themes/pridmag/il.php HTTP/1.1" 404 27 "-" "-"
20.46.179.93 - - [01/Jul/2026:14:15:50 +0800] "GET /info.php HTTP/1.1" 200 29 "-" "-"
20.46.179.93 - - [01/Jul/2026:14:15:50 +0800] "GET /a.php HTTP/1.1" 404 27 "-" "-"
20.46.179.93 - - [01/Jul/2026:14:15:50 +0800] "GET /chosen.php HTTP/1.1" 404 27 "-" "-"
20.46.179.93 - - [01/Jul/2026:14:15:50 +0800] "GET /wp-content/index.php HTTP/1.1" 200 5 "-" "-"
20.46.179.93 - - [01/Jul/2026:14:15:50 +0800] "GET /vx.php HTTP/1.1" 404 27 "-" "-"
20.46.179.93 - - [01/Jul/2026:14:15:52 +0800] "GET /admin/controller/extension/ HTTP/1.1" 404 32862 "-" "-"
20.46.179.93 - - [01/Jul/2026:14:15:52 +0800] "GET /wap.php HTTP/1.1" 404 27 "-" "-"
20.46.179.93 - - [01/Jul/2026:14:15:52 +0800] "GET /wp-admin/wp.php HTTP/1.1" 404 27 "-" "-"
20.46.179.93 - - [01/Jul/2026:14:15:53 +0800] "GET /bgymj.php HTTP/1.1" 404 27 "-" "-"
20.46.179.93 - - [01/Jul/2026:14:15:53 +0800] "GET /aa.php HTTP/1.1" 404 27 "-" "-"
20.46.179.93 - - [01/Jul/2026:14:15:54 +0800] "GET /wp-mail.php HTTP/1.1" 403 2568 "-" "-"
20.46.179.93 - - [01/Jul/2026:14:15:54 +0800] "GET /bolt.php HTTP/1.1" 404 27 "-" "-"
20.46.179.93 - - [01/Jul/2026:14:15:54 +0800] "GET /bthil.php HTTP/1.1" 404 27 "-" "-"
20.46.179.93 - - [01/Jul/2026:14:15:56 +0800] "GET /cgi-bin/ HTTP/1.1" 404 32862 "-" "-"
20.46.179.93 - - [01/Jul/2026:14:15:56 +0800] "GET /x.php HTTP/1.1" 404 27 "-" "-"
20.46.179.93 - - [01/Jul/2026:14:15:57 +0800] "GET /index/function.php HTTP/1.1" 404 27 "-" "-"
20.46.179.93 - - [01/Jul/2026:14:15:57 +0800] "GET /aaa.php HTTP/1.1" 404 27 "-" "-"
20.46.179.93 - - [01/Jul/2026:14:15:57 +0800] "GET /abcd.php HTTP/1.1" 404 27 "-" "-"
20.46.179.93 - - [01/Jul/2026:14:15:57 +0800] "GET /wp-good.php HTTP/1.1" 404 27 "-" "-"
20.46.179.93 - - [01/Jul/2026:14:15:57 +0800] "GET /simple.php HTTP/1.1" 404 27 "-" "-"
20.46.179.93 - - [01/Jul/2026:14:15:57 +0800] "GET /edit-tags.php HTTP/1.1" 404 27 "-" "-"
20.46.179.93 - - [01/Jul/2026:14:15:57 +0800] "GET /u.php HTTP/1.1" 404 27 "-" "-"
20.46.179.93 - - [01/Jul/2026:14:15:57 +0800] "GET /wp-content/themes/admin.php HTTP/1.1" 404 27 "-" "-"
20.46.179.93 - - [01/Jul/2026:14:15:58 +0800] "GET /h.php HTTP/1.1" 404 27 "-" "-"
20.46.179.93 - - [01/Jul/2026:14:15:58 +0800] "GET /ms-edit.php HTTP/1.1" 404 27 "-" "-"
20.46.179.93 - - [01/Jul/2026:14:15:58 +0800] "GET /a7.php HTTP/1.1" 404 27 "-" "-"
20.46.179.93 - - [01/Jul/2026:14:15:58 +0800] "GET /manager.php HTTP/1.1" 404 27 "-" "-"
20.46.179.93 - - [01/Jul/2026:14:15:58 +0800] "GET /w1.php HTTP/1.1" 404 27 "-" "-"
20.46.179.93 - - [01/Jul/2026:14:15:58 +0800] "GET /wp-includes/fonts/ HTTP/1.1" 403 146 "-" "-"
20.46.179.93 - - [01/Jul/2026:14:15:59 +0800] "GET /wp-login.php HTTP/1.1" 200 8377 "-" "-"
20.46.179.93 - - [01/Jul/2026:14:16:00 +0800] "GET /default.php HTTP/1.1" 404 27 "-" "-"
20.46.179.93 - - [01/Jul/2026:14:16:00 +0800] "GET /i.php HTTP/1.1" 404 27 "-" "-"
20.46.179.93 - - [01/Jul/2026:14:16:00 +0800] "GET /wp-content/uploads/ HTTP/1.1" 403 146 "-" "-"
20.46.179.93 - - [01/Jul/2026:14:16:00 +0800] "GET /wp-includes/Requests/library/index.php HTTP/1.1" 404 27 "-" "-"
20.46.179.93 - - [01/Jul/2026:14:16:00 +0800] "GET /wp-content/themes/index.php HTTP/1.1" 200 5 "-" "-"
20.46.179.93 - - [01/Jul/2026:14:16:00 +0800] "GET /gecko-new.php HTTP/1.1" 404 27 "-" "-"
20.46.179.93 - - [01/Jul/2026:14:16:00 +0800] "GET /NewFile.php HTTP/1.1" 404 27 "-" "-"
20.46.179.93 - - [01/Jul/2026:14:16:00 +0800] "GET /wp-Blogs.php HTTP/1.1" 404 27 "-" "-"
20.46.179.93 - - [01/Jul/2026:14:16:00 +0800] "GET /wp-includes/fonts/index.php HTTP/1.1" 404 27 "-" "-"
20.46.179.93 - - [01/Jul/2026:14:16:01 +0800] "GET /themes.php HTTP/1.1" 404 27 "-" "-"
20.46.179.93 - - [01/Jul/2026:14:16:01 +0800] "GET /cv.php HTTP/1.1" 404 27 "-" "-"
20.46.179.93 - - [01/Jul/2026:14:16:01 +0800] "GET /wp-admin/js/ HTTP/1.1" 403 146 "-" "-"
20.46.179.93 - - [01/Jul/2026:14:16:01 +0800] "GET /wp-content/uploads/index.php HTTP/1.1" 404 27 "-" "-"
20.46.179.93 - - [01/Jul/2026:14:16:01 +0800] "GET /ws83.php HTTP/1.1" 404 27 "-" "-"
20.46.179.93 - - [01/Jul/2026:14:16:01 +0800] "GET /atex1.php HTTP/1.1" 404 27 "-" "-"
20.46.179.93 - - [01/Jul/2026:14:16:01 +0800] "GET /class-t.api.php HTTP/1.1" 404 27 "-" "-"
20.46.179.93 - - [01/Jul/2026:14:16:01 +0800] "GET /w.php HTTP/1.1" 404 27 "-" "-"
20.46.179.93 - - [01/Jul/2026:14:16:02 +0800] "GET /archive.php HTTP/1.1" 404 27 "-" "-"
20.46.179.93 - - [01/Jul/2026:14:16:02 +0800] "GET /bless.php HTTP/1.1" 404 27 "-" "-"
20.46.179.93 - - [01/Jul/2026:14:16:02 +0800] "GET /sagax1.php HTTP/1.1" 404 27 "-" "-"
20.46.179.93 - - [01/Jul/2026:14:16:02 +0800] "GET /wpc.php HTTP/1.1" 404 27 "-" "-"
20.46.179.93 - - [01/Jul/2026:14:16:02 +0800] "GET /fone1.php HTTP/1.1" 404 27 "-" "-"
20.46.179.93 - - [01/Jul/2026:14:16:02 +0800] "GET /ncx.php HTTP/1.1" 404 27 "-" "-"
20.46.179.93 - - [01/Jul/2026:14:16:02 +0800] "GET /wp-admin/js/index.php HTTP/1.1" 404 27 "-" "-"
20.46.179.93 - - [01/Jul/2026:14:16:02 +0800] "GET /wso.php HTTP/1.1" 404 27 "-" "-"
20.46.179.93 - - [01/Jul/2026:14:16:04 +0800] "GET /zup.php73 HTTP/1.1" 404 32862 "-" "-"
20.46.179.93 - - [01/Jul/2026:14:16:04 +0800] "GET /k.php HTTP/1.1" 404 27 "-" "-"
20.46.179.93 - - [01/Jul/2026:14:16:04 +0800] "GET /wp-blink.php HTTP/1.1" 404 27 "-" "-"
20.46.179.93 - - [01/Jul/2026:14:16:06 +0800] "GET /randkeyword.PhP7 HTTP/1.1" 404 32862 "-" "-"
20.46.179.93 - - [01/Jul/2026:14:16:06 +0800] "GET /wp-admin/css/colors/ectoplasm/ HTTP/1.1" 403 146 "-" "-"
20.46.179.93 - - [01/Jul/2026:14:16:06 +0800] "GET /wp-content/ HTTP/1.1" 200 5 "-" "-"
20.46.179.93 - - [01/Jul/2026:14:16:06 +0800] "GET /ww5.php HTTP/1.1" 404 27 "-" "-"
20.46.179.93 - - [01/Jul/2026:14:16:07 +0800] "GET /2.php HTTP/1.1" 404 27 "-" "-"
20.46.179.93 - - [01/Jul/2026:14:16:07 +0800] "GET /wp-admin/classwithtostring.php HTTP/1.1" 404 27 "-" "-"
20.46.179.93 - - [01/Jul/2026:14:16:07 +0800] "GET /atomlib.php HTTP/1.1" 404 27 "-" "-"
20.46.179.93 - - [01/Jul/2026:14:16:07 +0800] "GET /rip.php HTTP/1.1" 404 27 "-" "-"
20.46.179.93 - - [01/Jul/2026:14:16:07 +0800] "GET /p.php HTTP/1.1" 404 27 "-" "-"
20.46.179.93 - - [01/Jul/2026:14:16:07 +0800] "GET /php.php HTTP/1.1" 404 27 "-" "-"
20.46.179.93 - - [01/Jul/2026:14:16:07 +0800] "GET /test1.php HTTP/1.1" 404 27 "-" "-"
20.46.179.93 - - [01/Jul/2026:14:16:07 +0800] "GET /wp-admin/maint/index.php HTTP/1.1" 404 27 "-" "-"
20.46.179.93 - - [01/Jul/2026:14:16:08 +0800] "GET /wp-content/uploads/min.php HTTP/1.1" 404 27 "-" "-"
20.46.179.93 - - [01/Jul/2026:14:16:08 +0800] "GET /zoom1.php HTTP/1.1" 404 27 "-" "-"
20.46.179.93 - - [01/Jul/2026:14:16:08 +0800] "GET /lock360.php HTTP/1.1" 404 27 "-" "-"
20.46.179.93 - - [01/Jul/2026:14:16:08 +0800] "GET /r.php HTTP/1.1" 404 27 "-" "-"
20.46.179.93 - - [01/Jul/2026:14:16:08 +0800] "GET /sf.php HTTP/1.1" 404 27 "-" "-"
20.46.179.93 - - [01/Jul/2026:14:16:08 +0800] "GET /t.php HTTP/1.1" 404 27 "-" "-"
20.46.179.93 - - [01/Jul/2026:14:16:08 +0800] "GET /7.php HTTP/1.1" 404 27 "-" "-"
20.46.179.93 - - [01/Jul/2026:14:16:08 +0800] "GET /b.php HTTP/1.1" 404 27 "-" "-"
20.46.179.93 - - [01/Jul/2026:14:16:09 +0800] "GET /buy.php HTTP/1.1" 404 27 "-" "-"
20.46.179.93 - - [01/Jul/2026:14:16:09 +0800] "GET /config.php HTTP/1.1" 404 27 "-" "-"
20.46.179.93 - - [01/Jul/2026:14:16:09 +0800] "GET /num.php HTTP/1.1" 404 27 "-" "-"
20.46.179.93 - - [01/Jul/2026:14:16:09 +0800] "GET /areak1.php HTTP/1.1" 404 27 "-" "-"
20.46.179.93 - - [01/Jul/2026:14:16:09 +0800] "GET /vc.php HTTP/1.1" 404 27 "-" "-"
20.46.179.93 - - [01/Jul/2026:14:16:09 +0800] "GET /new.php HTTP/1.1" 404 27 "-" "-"
20.46.179.93 - - [01/Jul/2026:14:16:09 +0800] "GET /il.php HTTP/1.1" 404 27 "-" "-"
20.46.179.93 - - [01/Jul/2026:14:16:09 +0800] "GET /images/index.php HTTP/1.1" 404 27 "-" "-"
20.46.179.93 - - [01/Jul/2026:14:16:09 +0800] "GET /lite.php HTTP/1.1" 404 27 "-" "-"
20.46.179.93 - - [01/Jul/2026:14:16:10 +0800] "GET /load.php HTTP/1.1" 404 27 "-" "-"
36.133.115.36 - - [01/Jul/2026:14:19:46 +0800] "POST /wp-cron.php?doing_wp_cron=1782886786.6622591018676757812500 HTTP/1.1" 200 31 "-" "WordPress/7.0; http://cqqizhou.com"
171.81.190.143 - - [01/Jul/2026:14:19:46 +0800] "GET / HTTP/1.1" 301 5 "-" "Mozilla/5.0 (Macintosh; Intel Mac OS X 10_15_7) AppleWebKit/537.36 (KHTML, like Gecko) Chrome/126.0.0.0 Safari/537.36"
171.81.190.143 - - [01/Jul/2026:14:19:46 +0800] "GET http://cqqizhou.com/ HTTP/1.1" 200 35514 "-" "Mozilla/5.0 (Macintosh; Intel Mac OS X 10_15_7) AppleWebKit/537.36 (KHTML, like Gecko) Chrome/126.0.0.0 Safari/537.36"
223.101.103.6 - - [01/Jul/2026:14:19:48 +0800] "GET / HTTP/1.1" 200 35514 "-" "Mozilla/5.0 (Macintosh; Intel Mac OS X 10_15_7) AppleWebKit/537.36 (KHTML, like Gecko) Chrome/126.0.0.0 Safari/537.36"
36.133.115.36 - - [01/Jul/2026:14:28:11 +0800] "POST /wp-cron.php?doing_wp_cron=1782887291.3893110752105712890625 HTTP/1.1" 200 31 "-" "WordPress/7.0; http://cqqizhou.com"
51.222.110.223 - - [01/Jul/2026:14:28:11 +0800] "POST /xmlrpc.php HTTP/1.1" 200 217 "-" "Mozilla/5.0 (Windows NT 10.0) AppleWebKit/537.36 (KHTML, like Gecko) Chrome/138.0.0.0 Safari/537.36 Edg/138.0.0.0"
113.251.248.17 - - [01/Jul/2026:14:34:28 +0800] "GET / HTTP/1.1" 200 35514 "-" "Mozilla/5.0 (Windows NT 10.0; Win64; x64; rv:138.0) Gecko/20100101 Firefox/138.0"
91.107.123.232 - - [01/Jul/2026:14:36:08 +0800] "GET / HTTP/1.1" 200 35514 "-" "Mozilla/5.0 (Windows NT 10.0; Win64; x64) AppleWebKit/537.36 (KHTML, like Gecko) Chrome/120.0.0.0 Safari/537.36"
115.213.248.200 - - [01/Jul/2026:14:39:13 +0800] "GET /api.php?s=/article/datalist HTTP/1.1" 404 27 "-" "Mozilla/5.0 (Windows NT 10.0; Win64; x64) AppleWebKit/537.36"
36.133.115.36 - - [01/Jul/2026:15:07:38 +0800] "POST /wp-cron.php?doing_wp_cron=1782889658.4200580120086669921875 HTTP/1.1" 200 31 "-" "WordPress/7.0; http://cqqizhou.com"
43.130.116.87 - - [01/Jul/2026:15:07:38 +0800] "GET / HTTP/1.1" 200 35070 "-" "Mozilla/5.0 (iPhone; CPU iPhone OS 13_2_3 like Mac OS X) AppleWebKit/605.1.15 (KHTML, like Gecko) Version/13.0.3 Mobile/15E148 Safari/604.1"
157.148.35.165 - - [01/Jul/2026:15:12:04 +0800] "GET / HTTP/1.1" 200 35514 "-" "Mozilla/5.0 (Windows NT 10.0; Win64; x64) AppleWebKit/537.36 (KHTML, like Gecko) Chrome/120.0.0.0 Safari/537.36"
150.139.253.71 - - [01/Jul/2026:15:25:52 +0800] "GET /news/2606 HTTP/1.1" 200 24944 "-" "Mozilla/5.0 (Windows NT 10.0; Win64; x64) AppleWebKit/537.36 (KHTML, like Gecko) Chrome/142.0.0.0 Safari/537.36"
36.133.115.36 - - [01/Jul/2026:15:25:54 +0800] "POST /wp-cron.php?doing_wp_cron=1782890754.8687698841094970703125 HTTP/1.1" 200 31 "-" "WordPress/7.0; http://cqqizhou.com"
150.139.253.71 - - [01/Jul/2026:15:25:54 +0800] "POST /wp-admin/admin-ajax.php HTTP/1.1" 403 33 "http://cqqizhou.com/news/2606" "Mozilla/5.0 (Windows NT 10.0; Win64; x64) AppleWebKit/537.36 (KHTML, like Gecko) Chrome/142.0.0.0 Safari/537.36"
122.190.208.52 - - [01/Jul/2026:15:27:01 +0800] "GET http://cqqizhou.com/wp-content/uploads/2026/06/1782708864-2Article_images_W900px.webp HTTP/1.1" 200 17558 "http://cqqizhou.com/" "Mozilla/5.0 (Windows NT 10.0; Win64; x64) AppleWebKit/537.36 (KHTML, like Gecko) Chrome/116.0.0.0 Safari/537.36"
122.190.208.52 - - [01/Jul/2026:15:27:01 +0800] "GET http://cqqizhou.com/wp-content/uploads/2026/06/1782708862-4Article_images_W900px.webp HTTP/1.1" 200 17576 "http://cqqizhou.com/" "Mozilla/5.0 (Windows NT 10.0; Win64; x64) AppleWebKit/537.36 (KHTML, like Gecko) Chrome/116.0.0.0 Safari/537.36"
106.119.222.123 - - [01/Jul/2026:15:27:01 +0800] "GET http://cqqizhou.com/wp-content/uploads/2026/06/1782708865-3Article_images_W900px.webp HTTP/1.1" 200 30548 "http://cqqizhou.com/" "Mozilla/5.0 (Windows NT 10.0; Win64; x64) AppleWebKit/537.36 (KHTML, like Gecko) Chrome/116.0.0.0 Safari/537.36"
193.112.250.210 - - [01/Jul/2026:15:27:01 +0800] "GET /wp-content/uploads/2026/06/1782708862-4Article_images_W900px.webp HTTP/1.1" 200 17576 "http://cqqizhou.com/" "Mozilla/5.0 (Windows NT 10.0; Win64; x64) AppleWebKit/537.36 (KHTML, like Gecko) Chrome/116.0.0.0 Safari/537.36"
129.28.180.67 - - [01/Jul/2026:15:27:02 +0800] "GET /wp-content/uploads/2026/06/1782708864-2Article_images_W900px.webp HTTP/1.1" 200 17558 "http://cqqizhou.com/" "Mozilla/5.0 (Windows NT 10.0; Win64; x64) AppleWebKit/537.36 (KHTML, like Gecko) Chrome/116.0.0.0 Safari/537.36"
129.28.180.67 - - [01/Jul/2026:15:27:03 +0800] "GET /wp-content/uploads/2026/06/1782708865-3Article_images_W900px.webp HTTP/1.1" 200 30548 "http://cqqizhou.com/" "Mozilla/5.0 (Windows NT 10.0; Win64; x64) AppleWebKit/537.36 (KHTML, like Gecko) Chrome/116.0.0.0 Safari/537.36"
193.112.250.210 - - [01/Jul/2026:15:27:07 +0800] "GET /wp-content/uploads/2026/06/1782708718-1Article_images_W900px.webp HTTP/1.1" 200 54948 "http://cqqizhou.com/" "Mozilla/5.0 (Windows NT 10.0; Win64; x64) AppleWebKit/537.36 (KHTML, like Gecko) Chrome/116.0.0.0 Safari/537.36"
36.133.115.36 - - [01/Jul/2026:15:39:21 +0800] "POST /wp-cron.php?doing_wp_cron=1782891561.6060690879821777343750 HTTP/1.1" 200 31 "-" "WordPress/7.0; http://cqqizhou.com"
34.156.16.156 - - [01/Jul/2026:15:39:21 +0800] "GET / HTTP/1.1" 200 35069 "-" "Mozilla/5.0 (Windows NT 10.0; Win64; x64) AppleWebKit/537.36 (KHTML, like Gecko) Chrome/127.0.0.0 Safari/537.36"
34.140.166.174 - - [01/Jul/2026:15:39:35 +0800] "OPTIONS / HTTP/1.1" 405 150 "-" "Mozilla/5.0 (compatible)"
34.140.166.174 - - [01/Jul/2026:15:39:36 +0800] "SGES / HTTP/1.1" 405 150 "-" "Mozilla/5.0 (compatible)"
34.140.166.174 - - [01/Jul/2026:15:39:37 +0800] "GET / HTTP/1.1" 301 5 "-" "Mozilla/5.0 (compatible)"
34.140.166.174 - - [01/Jul/2026:15:39:38 +0800] "GET / HTTP/1.1" 301 5 "-" "Mozilla/5.0 (compatible)"
34.140.166.174 - - [01/Jul/2026:15:39:39 +0800] "HEAD / HTTP/1.1" 301 0 "-" "Mozilla/5.0 (compatible)"
34.140.166.174 - - [01/Jul/2026:15:39:42 +0800] "POST / HTTP/1.1" 200 158021 "-" "Mozilla/5.0 (compatible)"
34.140.166.174 - - [01/Jul/2026:15:39:42 +0800] "OPTIONS / HTTP/1.1" 405 150 "-" "Mozilla/5.0 (compatible)"
121.29.51.109 - - [01/Jul/2026:15:45:52 +0800] "GET / HTTP/1.1" 200 35514 "-" "Mozilla/5.0 (Macintosh; Intel Mac OS X 10_11) AppleWebKit/601.1.27 (KHTML, like Gecko) Chrome/47.0.2526.106 Safari/601.1.27"
36.133.115.36 - - [01/Jul/2026:15:48:46 +0800] "POST /wp-cron.php?doing_wp_cron=1782892126.6564960479736328125000 HTTP/1.1" 200 31 "-" "WordPress/7.0; http://cqqizhou.com"
220.181.108.155 - - [01/Jul/2026:15:48:46 +0800] "GET /industry/ HTTP/1.1" 301 5 "-" "Mozilla/5.0 (compatible; Baiduspider/2.0; +http://www.baidu.com/search/spider.html)"
220.181.108.158 - - [01/Jul/2026:15:48:46 +0800] "GET /industry HTTP/1.1" 200 25234 "-" "Mozilla/5.0 (compatible; Baiduspider/2.0; +http://www.baidu.com/search/spider.html)"
36.133.115.36 - - [01/Jul/2026:15:50:22 +0800] "POST /wp-cron.php?doing_wp_cron=1782892222.0792579650878906250000 HTTP/1.1" 200 31 "-" "WordPress/7.0; http://cqqizhou.com"
121.29.51.109 - - [01/Jul/2026:15:50:22 +0800] "GET / HTTP/1.1" 200 35069 "-" "Dalvik/2.1.0 (Linux; U; Android 9.0; ZTE BA520 Build/MRA58K)"
121.29.51.109 - - [01/Jul/2026:15:50:34 +0800] "GET / HTTP/1.1" 200 35514 "-" "Mozilla/5.0 (X11; U; Linux x86_64; en-US; rv:1.9.0.2) Gecko/2008092318 Fedora/3.0.2-1.fc9 Firefox/3.0.2"
36.133.115.36 - - [01/Jul/2026:15:51:18 +0800] "POST /wp-cron.php?doing_wp_cron=1782892278.4631700515747070312500 HTTP/1.1" 200 31 "-" "WordPress/7.0; http://cqqizhou.com"
182.38.124.172 - - [01/Jul/2026:15:51:18 +0800] "GET /robots.txt HTTP/1.1" 200 190 "-" "Mozilla/5.0 (Macintosh; Intel Mac OS X 10_13_5) AppleWebKit/537.36 (KHTML, like Gecko) Chrome/69.0.3497.100 Safari/537.36"
170.106.187.106 - - [01/Jul/2026:15:51:42 +0800] "GET / HTTP/1.1" 301 5 "-" "Mozilla/5.0 (iPhone; CPU iPhone OS 13_2_3 like Mac OS X) AppleWebKit/605.1.15 (KHTML, like Gecko) Version/13.0.3 Mobile/15E148 Safari/604.1"
170.106.187.106 - - [01/Jul/2026:15:51:45 +0800] "GET / HTTP/1.1" 200 35069 "http://www.cqqizhou.com" "Mozilla/5.0 (iPhone; CPU iPhone OS 13_2_3 like Mac OS X) AppleWebKit/605.1.15 (KHTML, like Gecko) Version/13.0.3 Mobile/15E148 Safari/604.1"
36.133.115.36 - - [01/Jul/2026:15:57:38 +0800] "POST /wp-cron.php?doing_wp_cron=1782892658.0732789039611816406250 HTTP/1.1" 200 31 "-" "WordPress/7.0; http://cqqizhou.com"
121.234.228.34 - - [01/Jul/2026:15:57:38 +0800] "GET / HTTP/1.1" 200 35070 "-" "Mozilla/5.0 (Linux; Android 9; MHA-AL00 Build/HUAWEIMHA-AL00; wv) AppleWebKit/537.36 (KHTML, like Gecko) Version/4.0 Chrome/77.0.3865.120 MQQBrowser/6.2 TBS/045735 Mobile Safari/537.36"
36.133.115.36 - - [01/Jul/2026:16:08:34 +0800] "POST /wp-cron.php?doing_wp_cron=1782893314.5175549983978271484375 HTTP/1.1" 200 31 "-" "WordPress/7.0; http://cqqizhou.com"
82.196.1.212 - - [01/Jul/2026:16:08:34 +0800] "POST /xmlrpc.php HTTP/1.1" 200 217 "-" "Mozilla/5.0 (Windows NT 10.0; Win64; x64) AppleWebKit/537.36 (KHTML, like Gecko) Chrome/141.0.0.0 Safari/537.36"
36.133.115.36 - - [01/Jul/2026:16:11:52 +0800] "POST /wp-cron.php?doing_wp_cron=1782893512.1980020999908447265625 HTTP/1.1" 200 31 "-" "WordPress/7.0; http://cqqizhou.com"
5.61.209.43 - - [01/Jul/2026:16:11:52 +0800] "GET /SDK/webLanguage HTTP/1.1" 301 5 "-" "Mozilla/5.0 (Windows NT 10.0; Win64; x64) AppleWebKit/537.36 (KHTML, like Gecko) Chrome/90.0.4430.85 Safari/537.36 Edg/90.0.818.46"
36.133.115.36 - - [01/Jul/2026:16:22:22 +0800] "POST /wp-cron.php?doing_wp_cron=1782894142.8152539730072021484375 HTTP/1.1" 200 31 "-" "WordPress/7.0; http://cqqizhou.com"
175.178.110.121 - - [01/Jul/2026:16:22:22 +0800] "GET / HTTP/1.1" 200 35070 "-" "Mozilla/5.0 (iPhone; CPU iPhone OS 13_2_3 like Mac OS X) AppleWebKit/605.1.15 (KHTML, like Gecko) Version/13.0.3 Mobile/15E148 Safari/604.1"
36.133.115.36 - - [01/Jul/2026:16:46:33 +0800] "POST /wp-cron.php?doing_wp_cron=1782895593.8571820259094238281250 HTTP/1.1" 200 31 "-" "WordPress/7.0; http://cqqizhou.com"
5.61.209.43 - - [01/Jul/2026:16:46:33 +0800] "GET /SDK/webLanguage HTTP/1.1" 301 5 "-" "Mozilla/5.0 (Windows NT 10.0; Win64; x64) AppleWebKit/537.36 (KHTML, like Gecko) Chrome/90.0.4430.85 Safari/537.36 Edg/90.0.818.46"
36.133.115.36 - - [01/Jul/2026:16:50:18 +0800] "POST /wp-cron.php?doing_wp_cron=1782895818.8623940944671630859375 HTTP/1.1" 200 31 "-" "WordPress/7.0; http://cqqizhou.com"
123.147.252.52 - - [01/Jul/2026:16:50:18 +0800] "GET / HTTP/1.1" 200 35070 "-" "Mozilla/5.0 (iPhone; CPU iPhone OS 15_0 like Mac OS X; zh-cn) AppleWebKit/601.1.46 (KHTML, like Gecko) Mobile/19A346 Quark/10.12.3.3081 Mobile"
123.147.252.52 - - [01/Jul/2026:16:50:20 +0800] "GET /feed HTTP/1.1" 200 39148 "http://cqqizhou.com/" "Mozilla/5.0 (iPhone; CPU iPhone OS 15_0 like Mac OS X; zh-cn) AppleWebKit/601.1.46 (KHTML, like Gecko) Mobile/19A346 Quark/10.12.3.3081 Mobile"
123.147.252.52 - - [01/Jul/2026:16:50:21 +0800] "GET /comments/feed HTTP/1.1" 200 703 "http://cqqizhou.com/" "Mozilla/5.0 (iPhone; CPU iPhone OS 15_0 like Mac OS X; zh-cn) AppleWebKit/601.1.46 (KHTML, like Gecko) Mobile/19A346 Quark/10.12.3.3081 Mobile"
111.13.217.190 - - [01/Jul/2026:16:50:21 +0800] "GET / HTTP/1.1" 200 35069 "-" "Mozilla/5.0 (iPhone; CPU iPhone OS 15_0 like Mac OS X; zh-cn) AppleWebKit/601.1.46 (KHTML, like Gecko) Mobile/19A346 Quark/10.12.3.3081 Mobile"
123.147.252.52 - - [01/Jul/2026:16:50:30 +0800] "GET /wp-content/uploads/2025/07/1751425283-qizhou.kf_.qq_.com_.webp HTTP/1.1" 200 16864 "http://cqqizhou.com/" "Mozilla/5.0 (iPhone; CPU iPhone OS 15_0 like Mac OS X; zh-cn) AppleWebKit/601.1.46 (KHTML, like Gecko) Mobile/19A346 Quark/10.12.3.3081 Mobile"
123.147.252.52 - - [01/Jul/2026:16:50:30 +0800] "GET /wp-content/uploads/2025/07/1753456723-%E5%8F%8C%E7%9B%B8%E9%92%A2roduct_Single600.webp HTTP/1.1" 200 22790 "http://cqqizhou.com/" "Mozilla/5.0 (iPhone; CPU iPhone OS 15_0 like Mac OS X; zh-cn) AppleWebKit/601.1.46 (KHTML, like Gecko) Mobile/19A346 Quark/10.12.3.3081 Mobile"
123.147.252.52 - - [01/Jul/2026:16:50:30 +0800] "GET /wp-content/uploads/2025/07/1753453096-%E5%8F%8C%E7%9B%B8%E9%92%A2product_Single600%C3%97284.webp HTTP/1.1" 200 14562 "http://cqqizhou.com/" "Mozilla/5.0 (iPhone; CPU iPhone OS 15_0 like Mac OS X; zh-cn) AppleWebKit/601.1.46 (KHTML, like Gecko) Mobile/19A346 Quark/10.12.3.3081 Mobile"
123.147.252.52 - - [01/Jul/2026:16:50:30 +0800] "GET /wp-content/uploads/2025/07/1753456770-%E7%83%AD%E9%95%80%E9%94%8C%E5%8D%B7product_Single600.webp HTTP/1.1" 200 27502 "http://cqqizhou.com/" "Mozilla/5.0 (iPhone; CPU iPhone OS 15_0 like Mac OS X; zh-cn) AppleWebKit/601.1.46 (KHTML, like Gecko) Mobile/19A346 Quark/10.12.3.3081 Mobile"
123.147.252.52 - - [01/Jul/2026:16:50:30 +0800] "GET /wp-content/uploads/2026/06/1782708718-1Article_images_W900px.webp HTTP/1.1" 200 54948 "http://cqqizhou.com/" "Mozilla/5.0 (iPhone; CPU iPhone OS 15_0 like Mac OS X; zh-cn) AppleWebKit/601.1.46 (KHTML, like Gecko) Mobile/19A346 Quark/10.12.3.3081 Mobile"
123.147.252.52 - - [01/Jul/2026:16:50:30 +0800] "GET /wp-content/uploads/2025/07/1753453127-%E4%BD%99%E5%8D%B7product_Single600%C3%97284.webp HTTP/1.1" 200 18744 "http://cqqizhou.com/" "Mozilla/5.0 (iPhone; CPU iPhone OS 15_0 like Mac OS X; zh-cn) AppleWebKit/601.1.46 (KHTML, like Gecko) Mobile/19A346 Quark/10.12.3.3081 Mobile"
123.147.252.52 - - [01/Jul/2026:16:50:30 +0800] "GET /wp-content/uploads/2026/06/1782392245-Article_images_W900px.webp HTTP/1.1" 200 62046 "http://cqqizhou.com/" "Mozilla/5.0 (iPhone; CPU iPhone OS 15_0 like Mac OS X; zh-cn) AppleWebKit/601.1.46 (KHTML, like Gecko) Mobile/19A346 Quark/10.12.3.3081 Mobile"
123.147.252.52 - - [01/Jul/2026:16:50:30 +0800] "GET /wp-content/uploads/2026/06/1782182572-Article_images_W900px.webp HTTP/1.1" 200 24314 "http://cqqizhou.com/" "Mozilla/5.0 (iPhone; CPU iPhone OS 15_0 like Mac OS X; zh-cn) AppleWebKit/601.1.46 (KHTML, like Gecko) Mobile/19A346 Quark/10.12.3.3081 Mobile"
123.147.252.52 - - [01/Jul/2026:16:50:30 +0800] "GET /wp-content/uploads/2026/06/1781880807-Article_images_W900px.webp HTTP/1.1" 200 25354 "http://cqqizhou.com/" "Mozilla/5.0 (iPhone; CPU iPhone OS 15_0 like Mac OS X; zh-cn) AppleWebKit/601.1.46 (KHTML, like Gecko) Mobile/19A346 Quark/10.12.3.3081 Mobile"
123.147.252.52 - - [01/Jul/2026:16:50:30 +0800] "GET /wp-content/uploads/2026/06/1780363378-1Article_images_W900px.webp HTTP/1.1" 200 62100 "http://cqqizhou.com/" "Mozilla/5.0 (iPhone; CPU iPhone OS 15_0 like Mac OS X; zh-cn) AppleWebKit/601.1.46 (KHTML, like Gecko) Mobile/19A346 Quark/10.12.3.3081 Mobile"
111.13.217.188 - - [01/Jul/2026:16:50:32 +0800] "GET / HTTP/1.1" 200 35069 "-" "Mozilla/5.0 (iPhone; CPU iPhone OS 15_0 like Mac OS X; zh-cn) AppleWebKit/601.1.46 (KHTML, like Gecko) Mobile/19A346 Quark/10.12.3.3081 Mobile"
123.147.252.52 - - [01/Jul/2026:16:50:38 +0800] "GET /wp-content/uploads/2025/07/1750174127-Marketing1920x800_3.webp HTTP/1.1" 200 52790 "http://cqqizhou.com/" "Mozilla/5.0 (iPhone; CPU iPhone OS 15_0 like Mac OS X; zh-cn) AppleWebKit/601.1.46 (KHTML, like Gecko) Mobile/19A346 Quark/10.12.3.3081 Mobile"
59.82.61.37 - - [01/Jul/2026:16:53:47 +0800] "GET / HTTP/1.1" 200 35514 "-" "Mozilla/5.0 (Windows NT 10.0; Win64; x64) AppleWebKit/537.36 (KHTML, like Gecko) Chrome/115.0.4543.56 Safari/537.36"
59.82.61.37 - - [01/Jul/2026:16:53:47 +0800] "GET / HTTP/1.1" 200 35514 "-" "Mozilla/5.0 (Windows NT 10.0; Win64; x64) AppleWebKit/537.36 (KHTML, like Gecko) Chrome/85.0.7810.141 Safari/537.36"
36.133.115.36 - - [01/Jul/2026:16:56:29 +0800] "POST /wp-cron.php?doing_wp_cron=1782896189.8382248878479003906250 HTTP/1.1" 200 31 "-" "WordPress/7.0; http://cqqizhou.com"
185.129.48.124 - - [01/Jul/2026:16:56:29 +0800] "GET / HTTP/1.1" 301 5 "-" "Go-http-client/1.1"
36.133.115.36 - - [01/Jul/2026:17:06:21 +0800] "POST /wp-cron.php?doing_wp_cron=1782896781.3901600837707519531250 HTTP/1.1" 200 31 "-" "WordPress/7.0; http://cqqizhou.com"
116.179.33.142 - - [01/Jul/2026:17:06:21 +0800] "GET /about/ HTTP/1.1" 301 5 "-" "Mozilla/5.0 (Windows NT 10.0; Win64; x64) AppleWebKit/537.36 (KHTML, like Gecko) Chrome/99.0.4844.51 Safari/537.36"
116.179.33.205 - - [01/Jul/2026:17:06:21 +0800] "GET /about HTTP/1.1" 200 30600 "-" "Mozilla/5.0 (Windows NT 10.0; Win64; x64) AppleWebKit/537.36 (KHTML, like Gecko) Chrome/99.0.4844.51 Safari/537.36"
116.179.33.80 - - [01/Jul/2026:17:06:21 +0800] "GET /wp-content/uploads/2025/07/1750649803-qizhou800x500_2.webp HTTP/1.1" 200 63616 "http://cqqizhou.com/about" "Mozilla/5.0 (Windows NT 10.0; Win64; x64) AppleWebKit/537.36 (KHTML, like Gecko) Chrome/99.0.4844.51 Safari/537.36"
116.179.33.204 - - [01/Jul/2026:17:06:21 +0800] "GET /wp-content/uploads/elementor/thumbs/1751373145-About_Qizhoudalou_W800px-r91b70ok8huvvdr4ynxnf302e8ie3iydlh6ag9ew82.webp HTTP/1.1" 200 37938 "http://cqqizhou.com/about" "Mozilla/5.0 (Windows NT 10.0; Win64; x64) AppleWebKit/537.36 (KHTML, like Gecko) Chrome/99.0.4844.51 Safari/537.36"
116.179.33.207 - - [01/Jul/2026:17:06:22 +0800] "GET /wp-content/uploads/2025/07/1750945444-honor300%C3%97206_2.webp HTTP/1.1" 200 71296 "http://cqqizhou.com/about" "Mozilla/5.0 (Windows NT 10.0; Win64; x64) AppleWebKit/537.36 (KHTML, like Gecko) Chrome/99.0.4844.51 Safari/537.36"
116.179.33.12 - - [01/Jul/2026:17:06:22 +0800] "GET /wp-content/uploads/2025/07/1750945616-honor300%C3%97206_4.webp HTTP/1.1" 200 33814 "http://cqqizhou.com/about" "Mozilla/5.0 (Windows NT 10.0; Win64; x64) AppleWebKit/537.36 (KHTML, like Gecko) Chrome/99.0.4844.51 Safari/537.36"
116.179.33.200 - - [01/Jul/2026:17:06:22 +0800] "GET /wp-content/uploads/2025/07/1750945637-honor300%C3%97206_5.webp HTTP/1.1" 200 77368 "http://cqqizhou.com/about" "Mozilla/5.0 (Windows NT 10.0; Win64; x64) AppleWebKit/537.36 (KHTML, like Gecko) Chrome/99.0.4844.51 Safari/537.36"
116.179.33.136 - - [01/Jul/2026:17:06:22 +0800] "GET /wp-content/uploads/2025/07/1750945650-honor300%C3%97206_6.webp HTTP/1.1" 200 66306 "http://cqqizhou.com/about" "Mozilla/5.0 (Windows NT 10.0; Win64; x64) AppleWebKit/537.36 (KHTML, like Gecko) Chrome/99.0.4844.51 Safari/537.36"
116.179.33.78 - - [01/Jul/2026:17:06:22 +0800] "GET /wp-content/uploads/2025/07/1750671800-partner1_200x50.webp HTTP/1.1" 200 2244 "http://cqqizhou.com/about" "Mozilla/5.0 (Windows NT 10.0; Win64; x64) AppleWebKit/537.36 (KHTML, like Gecko) Chrome/99.0.4844.51 Safari/537.36"
116.179.33.147 - - [01/Jul/2026:17:06:22 +0800] "GET /wp-content/uploads/2025/07/1750671806-partner5_200x50.webp HTTP/1.1" 200 2840 "http://cqqizhou.com/about" "Mozilla/5.0 (Windows NT 10.0; Win64; x64) AppleWebKit/537.36 (KHTML, like Gecko) Chrome/99.0.4844.51 Safari/537.36"
116.179.33.203 - - [01/Jul/2026:17:06:22 +0800] "GET /wp-content/uploads/2025/07/1750671808-partner6_200x50.webp HTTP/1.1" 200 3004 "http://cqqizhou.com/about" "Mozilla/5.0 (Windows NT 10.0; Win64; x64) AppleWebKit/537.36 (KHTML, like Gecko) Chrome/99.0.4844.51 Safari/537.36"
116.179.33.13 - - [01/Jul/2026:17:06:23 +0800] "GET /wp-content/uploads/2025/07/1750649183-qizhou1920x1080_2.webp HTTP/1.1" 200 267936 "http://cqqizhou.com/about" "Mozilla/5.0 (Windows NT 10.0; Win64; x64) AppleWebKit/537.36 (KHTML, like Gecko) Chrome/99.0.4844.51 Safari/537.36"
116.179.33.144 - - [01/Jul/2026:17:06:23 +0800] "GET /wp-content/uploads/2025/07/1750649186-qizhou1920x1080_3.webp HTTP/1.1" 200 134070 "http://cqqizhou.com/about" "Mozilla/5.0 (Windows NT 10.0; Win64; x64) AppleWebKit/537.36 (KHTML, like Gecko) Chrome/99.0.4844.51 Safari/537.36"
116.179.33.135 - - [01/Jul/2026:17:06:23 +0800] "GET /wp-content/uploads/2025/07/1750649179-qizhou1920x1080_1.webp HTTP/1.1" 200 172154 "http://cqqizhou.com/about" "Mozilla/5.0 (Windows NT 10.0; Win64; x64) AppleWebKit/537.36 (KHTML, like Gecko) Chrome/99.0.4844.51 Safari/537.36"
116.179.33.211 - - [01/Jul/2026:17:06:23 +0800] "GET /wp-content/uploads/2025/07/1750649189-qizhou1920x1080_4.webp HTTP/1.1" 200 174962 "http://cqqizhou.com/about" "Mozilla/5.0 (Windows NT 10.0; Win64; x64) AppleWebKit/537.36 (KHTML, like Gecko) Chrome/99.0.4844.51 Safari/537.36"
116.179.33.136 - - [01/Jul/2026:17:06:23 +0800] "GET /wp-content/uploads/2025/07/1750649193-qizhou1920x1080_5.webp HTTP/1.1" 200 110214 "http://cqqizhou.com/about" "Mozilla/5.0 (Windows NT 10.0; Win64; x64) AppleWebKit/537.36 (KHTML, like Gecko) Chrome/99.0.4844.51 Safari/537.36"
116.179.33.20 - - [01/Jul/2026:17:06:23 +0800] "GET /wp-content/uploads/2025/07/1750649197-qizhou1920x1080_6.webp HTTP/1.1" 200 150354 "http://cqqizhou.com/about" "Mozilla/5.0 (Windows NT 10.0; Win64; x64) AppleWebKit/537.36 (KHTML, like Gecko) Chrome/99.0.4844.51 Safari/537.36"
116.179.33.200 - - [01/Jul/2026:17:06:23 +0800] "GET /wp-content/uploads/2025/07/1750649200-qizhou1920x1080_7.webp HTTP/1.1" 200 238866 "http://cqqizhou.com/about" "Mozilla/5.0 (Windows NT 10.0; Win64; x64) AppleWebKit/537.36 (KHTML, like Gecko) Chrome/99.0.4844.51 Safari/537.36"
116.179.33.207 - - [01/Jul/2026:17:06:23 +0800] "GET /wp-content/uploads/2025/07/1750649203-qizhou1920x1080_8.webp HTTP/1.1" 200 256782 "http://cqqizhou.com/about" "Mozilla/5.0 (Windows NT 10.0; Win64; x64) AppleWebKit/537.36 (KHTML, like Gecko) Chrome/99.0.4844.51 Safari/537.36"
116.179.33.14 - - [01/Jul/2026:17:06:23 +0800] "GET /wp-content/uploads/2025/07/1750649207-qizhou1920x1080_9.webp HTTP/1.1" 200 146108 "http://cqqizhou.com/about" "Mozilla/5.0 (Windows NT 10.0; Win64; x64) AppleWebKit/537.36 (KHTML, like Gecko) Chrome/99.0.4844.51 Safari/537.36"
116.179.33.206 - - [01/Jul/2026:17:06:23 +0800] "GET /wp-content/uploads/2025/07/1750649215-qizhou1920x1080_11.webp HTTP/1.1" 200 171642 "http://cqqizhou.com/about" "Mozilla/5.0 (Windows NT 10.0; Win64; x64) AppleWebKit/537.36 (KHTML, like Gecko) Chrome/99.0.4844.51 Safari/537.36"
116.179.33.78 - - [01/Jul/2026:17:06:23 +0800] "GET /wp-content/uploads/2025/07/1750649212-qizhou1920x1080_10.webp HTTP/1.1" 200 143362 "http://cqqizhou.com/about" "Mozilla/5.0 (Windows NT 10.0; Win64; x64) AppleWebKit/537.36 (KHTML, like Gecko) Chrome/99.0.4844.51 Safari/537.36"
116.179.33.18 - - [01/Jul/2026:17:06:25 +0800] "POST /wp-admin/admin-ajax.php HTTP/1.1" 403 33 "http://cqqizhou.com/about" "Mozilla/5.0 (Windows NT 10.0; Win64; x64) AppleWebKit/537.36 (KHTML, like Gecko) Chrome/99.0.4844.51 Safari/537.36"
36.133.115.36 - - [01/Jul/2026:17:31:38 +0800] "POST /wp-cron.php?doing_wp_cron=1782898298.4085400104522705078125 HTTP/1.1" 200 31 "-" "WordPress/7.0; http://cqqizhou.com"
116.179.32.71 - - [01/Jul/2026:17:31:38 +0800] "GET /media/3 HTTP/1.1" 200 26646 "-" "Mozilla/5.0 (compatible; Baiduspider/2.0; +http://www.baidu.com/search/spider.html)"
116.179.37.211 - - [01/Jul/2026:17:32:44 +0800] "GET /wp-content/uploads/2026/05/1779957408-1Article_images_W900px-300x169.webp HTTP/1.1" 200 11432 "http://cqqizhou.com/media/3" "Mozilla/5.0 (compatible; Baiduspider-render/2.0; +http://www.baidu.com/search/spider.html)"
84.200.73.232 - - [01/Jul/2026:17:41:53 +0800] "GET / HTTP/1.1" 200 35514 "https://www.google.com/" "Mozilla/5.0 (Windows NT 10.0; Win64; x64) AppleWebKit/537.36 (KHTML, like Gecko) Chrome/143.0.0.0 Safari/537.36"
42.91.106.205 - - [01/Jul/2026:17:52:25 +0800] "GET http://cqqizhou.com/wp-content/uploads/2025/07/1750945444-honor300%C3%97206_2.webp HTTP/1.1" 200 71296 "http://cqqizhou.com/" "Mozilla/5.0 (Windows NT 10.0; Win64; x64) AppleWebKit/537.36 (KHTML, like Gecko) Chrome/106.0.5249.119 Safari/537.36"
49.234.193.254 - - [01/Jul/2026:17:52:26 +0800] "GET /wp-content/uploads/2025/07/1750945444-honor300%C3%97206_2.webp HTTP/1.1" 200 71296 "http://cqqizhou.com/" "Mozilla/5.0 (Windows NT 10.0; Win64; x64) AppleWebKit/537.36 (KHTML, like Gecko) Chrome/106.0.5249.119 Safari/537.36"
36.133.115.36 - - [01/Jul/2026:18:00:12 +0800] "POST /wp-cron.php?doing_wp_cron=1782900011.9983220100402832031250 HTTP/1.1" 200 31 "-" "WordPress/7.0; http://cqqizhou.com"
51.159.125.104 - - [01/Jul/2026:18:00:12 +0800] "GET / HTTP/1.0" 301 0 "-" "Mozilla/5.0 (compatible; GenomeCrawlerd/1.0; +https://www.nokia.com/genomecrawler)"
36.133.115.36 - - [01/Jul/2026:18:01:21 +0800] "POST /wp-cron.php?doing_wp_cron=1782900081.1772489547729492187500 HTTP/1.1" 200 31 "-" "WordPress/7.0; http://cqqizhou.com"
51.159.125.104 - - [01/Jul/2026:18:01:21 +0800] "GET / HTTP/1.0" 301 0 "-" "Mozilla/5.0 (compatible; GenomeCrawlerd/1.0; +https://www.nokia.com/genomecrawler)"
51.159.125.104 - - [01/Jul/2026:18:01:37 +0800] "GET / HTTP/1.1" 301 5 "-" "Mozilla/5.0 (compatible; GenomeCrawlerd/1.0; +https://www.nokia.com/genomecrawler)"
51.159.125.104 - - [01/Jul/2026:18:01:40 +0800] "GET / HTTP/1.1" 200 35070 "http://36.133.115.36/" "Mozilla/5.0 (compatible; GenomeCrawlerd/1.0; +https://www.nokia.com/genomecrawler)"
36.133.115.36 - - [01/Jul/2026:18:27:51 +0800] "POST /wp-cron.php?doing_wp_cron=1782901671.9389200210571289062500 HTTP/1.1" 200 31 "-" "WordPress/7.0; http://cqqizhou.com"
141.94.27.49 - - [01/Jul/2026:18:27:51 +0800] "POST /xmlrpc.php HTTP/1.1" 200 217 "-" "Mozilla/5.0 (Windows NT 10.0; rv:140.0) Gecko/20100101 Firefox/140.0"
36.133.115.36 - - [01/Jul/2026:18:29:59 +0800] "POST /wp-cron.php?doing_wp_cron=1782901799.0548689365386962890625 HTTP/1.1" 200 31 "-" "WordPress/7.0; http://cqqizhou.com"
167.114.174.157 - - [01/Jul/2026:18:29:59 +0800] "POST /xmlrpc.php HTTP/1.1" 200 217 "-" "Mozilla/5.0 (Windows NT 10.0; Win64; x64) AppleWebKit/537.36 (KHTML, like Gecko) Chrome/142.0.0.0 Safari/537.36"
36.133.115.36 - - [01/Jul/2026:18:49:06 +0800] "POST /wp-cron.php?doing_wp_cron=1782902946.8885600566864013671875 HTTP/1.1" 200 31 "-" "WordPress/7.0; http://cqqizhou.com"
43.130.32.245 - - [01/Jul/2026:18:49:06 +0800] "GET / HTTP/1.1" 200 35070 "-" "Mozilla/5.0 (iPhone; CPU iPhone OS 13_2_3 like Mac OS X) AppleWebKit/605.1.15 (KHTML, like Gecko) Version/13.0.3 Mobile/15E148 Safari/604.1"
223.109.252.170 - - [01/Jul/2026:18:55:20 +0800] "GET / HTTP/1.1" 200 35514 "-" "Sogou web spider/4.0(+http://www.sogou.com/docs/help/webmasters.htm#07)"
220.181.108.104 - - [01/Jul/2026:19:14:29 +0800] "GET /news HTTP/1.1" 200 25945 "-" "Mozilla/5.0 (compatible; Baiduspider/2.0; +http://www.baidu.com/search/spider.html)"
116.179.37.157 - - [01/Jul/2026:19:14:33 +0800] "GET /wp-content/uploads/2026/05/1779925245-Article_images_W900px.webp HTTP/1.1" 200 27996 "http://cqqizhou.com/news" "Mozilla/5.0 (compatible; Baiduspider-render/2.0; +http://www.baidu.com/search/spider.html)"
36.133.115.36 - - [01/Jul/2026:19:29:46 +0800] "POST /wp-cron.php?doing_wp_cron=1782905386.7350239753723144531250 HTTP/1.1" 200 31 "-" "WordPress/7.0; http://cqqizhou.com"
223.84.46.211 - - [01/Jul/2026:19:29:46 +0800] "GET /industry/ HTTP/1.1" 301 5 "-" "Mozilla/5.0 (Windows NT 10.0; Win64; x64) AppleWebKit/537.36 (KHTML, like Gecko) Chrome/142.0.0.0 Safari/537.36"
223.84.46.211 - - [01/Jul/2026:19:29:46 +0800] "GET /industry HTTP/1.1" 200 25234 "-" "Mozilla/5.0 (Windows NT 10.0; Win64; x64) AppleWebKit/537.36 (KHTML, like Gecko) Chrome/142.0.0.0 Safari/537.36"
223.84.46.211 - - [01/Jul/2026:19:29:49 +0800] "POST /wp-admin/admin-ajax.php HTTP/1.1" 499 0 "http://cqqizhou.com/industry" "Mozilla/5.0 (Windows NT 10.0; Win64; x64) AppleWebKit/537.36 (KHTML, like Gecko) Chrome/142.0.0.0 Safari/537.36"
43.161.251.162 - - [01/Jul/2026:19:29:58 +0800] "GET / HTTP/1.1" 301 5 "-" "Mozilla/5.0 (iPhone; CPU iPhone OS 13_2_3 like Mac OS X) AppleWebKit/605.1.15 (KHTML, like Gecko) Version/13.0.3 Mobile/15E148 Safari/604.1"
43.161.251.162 - - [01/Jul/2026:19:30:01 +0800] "GET / HTTP/1.1" 200 35070 "http://www.cqqizhou.com" "Mozilla/5.0 (iPhone; CPU iPhone OS 13_2_3 like Mac OS X) AppleWebKit/605.1.15 (KHTML, like Gecko) Version/13.0.3 Mobile/15E148 Safari/604.1"
36.133.115.36 - - [01/Jul/2026:19:44:09 +0800] "POST /wp-cron.php?doing_wp_cron=1782906249.5865850448608398437500 HTTP/1.1" 200 31 "-" "WordPress/7.0; http://cqqizhou.com"
94.154.43.46 - - [01/Jul/2026:19:44:09 +0800] "GET / HTTP/1.1" 200 35070 "-" "Linux Gnu (cow)"
36.133.115.36 - - [01/Jul/2026:19:59:52 +0800] "POST /wp-cron.php?doing_wp_cron=1782907192.8685450553894042968750 HTTP/1.1" 200 31 "-" "WordPress/7.0; http://cqqizhou.com"
43.153.71.132 - - [01/Jul/2026:19:59:52 +0800] "GET / HTTP/1.1" 301 5 "-" "Mozilla/5.0 (iPhone; CPU iPhone OS 13_2_3 like Mac OS X) AppleWebKit/605.1.15 (KHTML, like Gecko) Version/13.0.3 Mobile/15E148 Safari/604.1"
43.153.71.132 - - [01/Jul/2026:19:59:56 +0800] "GET / HTTP/1.1" 200 35070 "http://36.133.115.36" "Mozilla/5.0 (iPhone; CPU iPhone OS 13_2_3 like Mac OS X) AppleWebKit/605.1.15 (KHTML, like Gecko) Version/13.0.3 Mobile/15E148 Safari/604.1"
36.133.115.36 - - [01/Jul/2026:20:16:42 +0800] "POST /wp-cron.php?doing_wp_cron=1782908202.8828599452972412109375 HTTP/1.1" 200 31 "-" "WordPress/7.0; http://cqqizhou.com"
110.249.202.177 - - [01/Jul/2026:20:16:42 +0800] "GET / HTTP/1.1" 200 35067 "-" "Mozilla/5.0 (Linux; Android 5.0) AppleWebKit/537.36 (KHTML, like Gecko) Mobile Safari/537.36 (compatible; Bytespider; https://zhanzhang.toutiao.com/)"
110.249.202.177 - - [01/Jul/2026:20:16:43 +0800] "GET /wp-content/uploads/2025/07/1751425283-qizhou.kf_.qq_.com_.webp HTTP/1.1" 206 500 "http://cqqizhou.com/" "Mozilla/5.0 (Linux; Android 5.0) AppleWebKit/537.36 (KHTML, like Gecko) Mobile Safari/537.36 (compatible; Bytespider; https://zhanzhang.toutiao.com/)"
146.103.115.115 - - [01/Jul/2026:20:22:52 +0800] "GET / HTTP/1.0" 200 159666 "http://cqqizhou.com/" "Mozilla/5.0 (Windows NT 10.0; Win64; x64) AppleWebKit/537.36 (KHTML, like Gecko) Chrome/130.0.0.0 Safari/537.36 CCleaner/130.0.0.0"
36.133.115.36 - - [01/Jul/2026:21:00:53 +0800] "POST /wp-cron.php?doing_wp_cron=1782910853.1845810413360595703125 HTTP/1.1" 200 31 "-" "WordPress/7.0; http://cqqizhou.com"
156.245.205.34 - - [01/Jul/2026:21:00:53 +0800] "GET /baker.php/ HTTP/1.1" 404 9498 "-" "Mozilla/5.0 (Windows NT 10.0; WOW64; rv:48.0) Gecko/20100101 Firefox/48.0"
156.245.205.34 - - [01/Jul/2026:21:01:19 +0800] "GET /s.php HTTP/1.1" 404 47 "-" "Mozilla/5.0 (Windows NT 10.0; WOW64; rv:48.0) Gecko/20100101 Firefox/48.0"
36.133.115.36 - - [01/Jul/2026:21:11:38 +0800] "POST /wp-cron.php?doing_wp_cron=1782911498.1419000625610351562500 HTTP/1.1" 200 31 "-" "WordPress/7.0; http://cqqizhou.com"
85.10.187.189 - - [01/Jul/2026:21:11:38 +0800] "POST /xmlrpc.php HTTP/1.1" 200 217 "-" "Mozilla/5.0 (Windows NT 10.0; WOW64) AppleWebKit/537.36 (KHTML, like Gecko) Chrome/142.0.0.0 Safari/537.36 Edg/142.0.0.0"
36.133.115.36 - - [01/Jul/2026:21:50:34 +0800] "POST /wp-cron.php?doing_wp_cron=1782913834.1927180290222167968750 HTTP/1.1" 200 31 "-" "WordPress/7.0; http://cqqizhou.com"
128.203.200.182 - - [01/Jul/2026:21:50:34 +0800] "GET /developmentserver/metadatauploader HTTP/1.1" 404 9498 "-" "Mozilla/5.0 zgrab/0.x"
36.133.115.36 - - [01/Jul/2026:22:00:40 +0800] "POST /wp-cron.php?doing_wp_cron=1782914440.3399579524993896484375 HTTP/1.1" 200 31 "-" "WordPress/7.0; http://cqqizhou.com"
43.162.114.69 - - [01/Jul/2026:22:00:40 +0800] "GET / HTTP/1.1" 200 35070 "-" "Mozilla/5.0 (iPhone; CPU iPhone OS 13_2_3 like Mac OS X) AppleWebKit/605.1.15 (KHTML, like Gecko) Version/13.0.3 Mobile/15E148 Safari/604.1"
40.77.167.123 - - [01/Jul/2026:22:25:49 +0800] "GET / HTTP/1.1" 304 0 "-" "Mozilla/5.0 AppleWebKit/537.36 (KHTML, like Gecko; compatible; bingbot/2.0; +http://www.bing.com/bingbot.htm) Chrome/116.0.1938.76 Safari/537.36"
40.77.179.151 - - [01/Jul/2026:22:26:45 +0800] "GET / HTTP/1.1" 200 159680 "-" "Mozilla/5.0 AppleWebKit/537.36 (KHTML, like Gecko; compatible; bingbot/2.0; +http://www.bing.com/bingbot.htm) Chrome/136.0.0.0 Safari/537.36"
36.133.115.36 - - [01/Jul/2026:22:42:56 +0800] "POST /wp-cron.php?doing_wp_cron=1782916976.9209051132202148437500 HTTP/1.1" 200 31 "-" "WordPress/7.0; http://cqqizhou.com"
40.77.179.75 - - [01/Jul/2026:22:42:56 +0800] "GET /wp-json/sliderrevolution/sliders/1?srengine=7&slideid=2 HTTP/1.1" 200 2000 "http://cqqizhou.com/" "Mozilla/5.0 AppleWebKit/537.36 (KHTML, like Gecko; compatible; bingbot/2.0; +http://www.bing.com/bingbot.htm) Chrome/136.0.0.0 Safari/537.36"
40.77.179.75 - - [01/Jul/2026:22:42:57 +0800] "GET /wp-json/sliderrevolution/sliders/1?srengine=7&slideid=4 HTTP/1.1" 200 2580 "http://cqqizhou.com/" "Mozilla/5.0 AppleWebKit/537.36 (KHTML, like Gecko; compatible; bingbot/2.0; +http://www.bing.com/bingbot.htm) Chrome/136.0.0.0 Safari/537.36"
36.133.115.36 - - [01/Jul/2026:22:49:21 +0800] "POST /wp-cron.php?doing_wp_cron=1782917361.5129899978637695312500 HTTP/1.1" 200 31 "-" "WordPress/7.0; http://cqqizhou.com"
112.90.2.147 - - [01/Jul/2026:22:49:21 +0800] "GET /news/2585 HTTP/1.1" 200 20926 "-" "Mozilla/5.0 (Windows NT 10.0; Win64; x64) AppleWebKit/537.36 (KHTML, like Gecko) Chrome/133.0.0.0 Safari/537.36"
36.133.115.36 - - [01/Jul/2026:22:55:46 +0800] "POST /wp-cron.php?doing_wp_cron=1782917746.4685919284820556640625 HTTP/1.1" 200 31 "-" "WordPress/7.0; http://cqqizhou.com"
43.134.68.29 - - [01/Jul/2026:22:55:46 +0800] "GET / HTTP/1.1" 301 5 "-" "Mozilla/5.0 (iPhone; CPU iPhone OS 13_2_3 like Mac OS X) AppleWebKit/605.1.15 (KHTML, like Gecko) Version/13.0.3 Mobile/15E148 Safari/604.1"
43.134.68.29 - - [01/Jul/2026:22:55:50 +0800] "GET / HTTP/1.1" 200 35068 "http://www.cqqizhou.com" "Mozilla/5.0 (iPhone; CPU iPhone OS 13_2_3 like Mac OS X) AppleWebKit/605.1.15 (KHTML, like Gecko) Version/13.0.3 Mobile/15E148 Safari/604.1"
27.124.44.163 - - [01/Jul/2026:22:58:52 +0800] "GET /cqqizhoucom.rar HTTP/1.1" 404 9498 "-" "Python/3.14 aiohttp/3.13.5"
36.133.115.36 - - [01/Jul/2026:22:58:52 +0800] "POST /wp-cron.php?doing_wp_cron=1782917932.4289929866790771484375 HTTP/1.1" 200 31 "-" "WordPress/7.0; http://cqqizhou.com"
27.124.44.163 - - [01/Jul/2026:22:58:52 +0800] "GET /cqqizhou.tar.gz HTTP/1.1" 404 9498 "-" "Python/3.14 aiohttp/3.13.5"
27.124.44.163 - - [01/Jul/2026:22:58:52 +0800] "GET /wwwroot.tar.gz HTTP/1.1" 404 9498 "-" "Python/3.14 aiohttp/3.13.5"
27.124.44.163 - - [01/Jul/2026:22:58:52 +0800] "GET /cqqizhou.rar HTTP/1.1" 404 9498 "-" "Python/3.14 aiohttp/3.13.5"
27.124.44.163 - - [01/Jul/2026:22:58:52 +0800] "GET /cqqizhoucom.tar.gz HTTP/1.1" 404 9498 "-" "Python/3.14 aiohttp/3.13.5"
27.124.44.163 - - [01/Jul/2026:22:58:52 +0800] "GET /wwwroot.rar HTTP/1.1" 404 9498 "-" "Python/3.14 aiohttp/3.13.5"
27.124.44.163 - - [01/Jul/2026:22:58:53 +0800] "GET /cqqizhoucom.zip HTTP/1.1" 404 9498 "-" "Python/3.14 aiohttp/3.13.5"
27.124.44.163 - - [01/Jul/2026:22:58:53 +0800] "GET /1.rar HTTP/1.1" 404 9498 "-" "Python/3.14 aiohttp/3.13.5"
27.124.44.163 - - [01/Jul/2026:22:58:53 +0800] "GET /web.zip HTTP/1.1" 404 9498 "-" "Python/3.14 aiohttp/3.13.5"
27.124.44.163 - - [01/Jul/2026:22:58:53 +0800] "GET /1.tar.gz HTTP/1.1" 404 9498 "-" "Python/3.14 aiohttp/3.13.5"
27.124.44.163 - - [01/Jul/2026:22:58:53 +0800] "GET /1.zip HTTP/1.1" 404 9498 "-" "Python/3.14 aiohttp/3.13.5"
27.124.44.163 - - [01/Jul/2026:22:58:53 +0800] "GET /web.tar.gz HTTP/1.1" 404 9498 "-" "Python/3.14 aiohttp/3.13.5"
27.124.44.163 - - [01/Jul/2026:22:58:53 +0800] "GET /cqqizhou.zip HTTP/1.1" 404 9498 "-" "Python/3.14 aiohttp/3.13.5"
27.124.44.163 - - [01/Jul/2026:22:58:53 +0800] "GET /cqqizhou.com.zip HTTP/1.1" 404 9498 "-" "Python/3.14 aiohttp/3.13.5"
27.124.44.163 - - [01/Jul/2026:22:58:53 +0800] "GET /cqqizhou.com.tar.gz HTTP/1.1" 404 9498 "-" "Python/3.14 aiohttp/3.13.5"
27.124.44.163 - - [01/Jul/2026:22:58:53 +0800] "GET /web.rar HTTP/1.1" 404 9498 "-" "Python/3.14 aiohttp/3.13.5"
27.124.44.163 - - [01/Jul/2026:22:58:53 +0800] "GET /123.rar HTTP/1.1" 404 9498 "-" "Python/3.14 aiohttp/3.13.5"
27.124.44.163 - - [01/Jul/2026:22:58:53 +0800] "GET /cqqizhou.com.rar HTTP/1.1" 404 9498 "-" "Python/3.14 aiohttp/3.13.5"
27.124.44.163 - - [01/Jul/2026:22:58:53 +0800] "GET /123.tar.gz HTTP/1.1" 404 9498 "-" "Python/3.14 aiohttp/3.13.5"
27.124.44.163 - - [01/Jul/2026:22:58:53 +0800] "GET /wwwroot.zip HTTP/1.1" 404 9498 "-" "Python/3.14 aiohttp/3.13.5"
27.124.44.163 - - [01/Jul/2026:22:58:53 +0800] "GET /123.zip HTTP/1.1" 404 9498 "-" "Python/3.14 aiohttp/3.13.5"
36.133.115.36 - - [01/Jul/2026:22:59:26 +0800] "POST /wp-cron.php?doing_wp_cron=1782917965.9735150337219238281250 HTTP/1.1" 200 31 "-" "WordPress/7.0; http://cqqizhou.com"
213.165.69.184 - - [01/Jul/2026:22:59:26 +0800] "POST /xmlrpc.php HTTP/1.1" 200 217 "-" "Mozilla/5.0 (Windows NT 10.0; WOW64) AppleWebKit/537.43 (KHTML, like Gecko) Chrome/138.0.0.0 Safari/537.36 OPR/122.0.0.0"
36.133.115.36 - - [01/Jul/2026:23:03:28 +0800] "POST /wp-cron.php?doing_wp_cron=1782918208.4600460529327392578125 HTTP/1.1" 200 31 "-" "WordPress/7.0; http://cqqizhou.com"
114.119.135.202 - - [01/Jul/2026:23:03:28 +0800] "GET /robots.txt HTTP/1.1" 200 190 "http://cqqizhou.com/robots.txt" "Mozilla/5.0 (Windows NT 10.0; Win64; x64) AppleWebKit/537.36 (KHTML, like Gecko) Chrome/148.0.0.0 Safari/537.36"
220.181.108.165 - - [01/Jul/2026:23:08:15 +0800] "GET /news/2585 HTTP/1.1" 200 20945 "-" "Mozilla/5.0 (compatible; Baiduspider/2.0; +http://www.baidu.com/search/spider.html)"
31.70.67.141 - - [01/Jul/2026:23:14:17 +0800] "GET / HTTP/1.1" 200 35514 "http://cqqizhou.com/" "Mozilla/5.0 (Windows NT 10.0; Win64; x64) AppleWebKit/537.36 (KHTML, like Gecko) Chrome/119.0.0.0 Safari/537.36 Edg/119.0.0.0"
49.79.194.41 - - [01/Jul/2026:23:48:45 +0800] "HEAD / HTTP/1.1" 200 0 "-" "Mozilla/5.0 (Windows NT 10.0; Win64; x64) AppleWebKit/537.36 (KHTML, like Gecko) Chrome/91.0.4472.124 Safari/537.36"
36.133.115.36 - - [01/Jul/2026:23:49:10 +0800] "POST /wp-cron.php?doing_wp_cron=1782920950.0849950313568115234375 HTTP/1.1" 200 31 "-" "WordPress/7.0; http://cqqizhou.com"
49.79.194.41 - - [01/Jul/2026:23:49:10 +0800] "HEAD http://www.fjshtydl.com/ HTTP/1.1" 301 0 "-" "Mozilla/5.0 (Windows NT 10.0; Win64; x64) AppleWebKit/537.36 (KHTML, like Gecko) Chrome/91.0.4472.124 Safari/537.36"
49.79.194.41 - - [01/Jul/2026:23:49:10 +0800] "HEAD http://cqqizhou.com/ HTTP/1.1" 200 0 "-" "Mozilla/5.0 (Windows NT 10.0; Win64; x64) AppleWebKit/537.36 (KHTML, like Gecko) Chrome/91.0.4472.124 Safari/537.36"
49.79.194.41 - - [01/Jul/2026:23:49:39 +0800] "HEAD http://zhanhangjieneng.com/ HTTP/1.1" 301 0 "-" "Mozilla/5.0 (Windows NT 10.0; Win64; x64) AppleWebKit/537.36 (KHTML, like Gecko) Chrome/91.0.4472.124 Safari/537.36"
49.79.194.41 - - [01/Jul/2026:23:49:39 +0800] "HEAD http://cqqizhou.com/ HTTP/1.1" 200 0 "-" "Mozilla/5.0 (Windows NT 10.0; Win64; x64) AppleWebKit/537.36 (KHTML, like Gecko) Chrome/91.0.4472.124 Safari/537.36"
36.133.115.36 - - [01/Jul/2026:23:50:57 +0800] "POST /wp-cron.php?doing_wp_cron=1782921057.4228630065917968750000 HTTP/1.1" 200 31 "-" "WordPress/7.0; http://cqqizhou.com"
45.63.4.69 - - [01/Jul/2026:23:50:57 +0800] "GET / HTTP/1.1" 301 5 "-" "Mozilla/5.0 (compatible; CyberConvoyScout/1.0; +https://scout.cyberconvoy.co)"
45.63.4.69 - - [01/Jul/2026:23:50:59 +0800] "GET / HTTP/1.1" 200 35514 "http://36.133.115.36/" "Mozilla/5.0 (compatible; CyberConvoyScout/1.0; +https://scout.cyberconvoy.co)"
36.133.115.36 - - [01/Jul/2026:23:52:11 +0800] "POST /wp-cron.php?doing_wp_cron=1782921131.2967410087585449218750 HTTP/1.1" 200 31 "-" "WordPress/7.0; http://cqqizhou.com"
114.119.141.79 - - [01/Jul/2026:23:52:11 +0800] "GET /wp-sitemap.xml HTTP/1.1" 501 253 "-" "Mozilla/5.0 (Linux; Android 7.0;) AppleWebKit/537.36 (KHTML, like Gecko) Mobile Safari/537.36 (compatible; PetalBot;+https://webmaster.petalsearch.com/site/petalbot)"
106.54.62.156 - - [01/Jul/2026:23:52:46 +0800] "GET / HTTP/1.1" 301 5 "-" "Mozilla/5.0 (iPhone; CPU iPhone OS 13_2_3 like Mac OS X) AppleWebKit/605.1.15 (KHTML, like Gecko) Version/13.0.3 Mobile/15E148 Safari/604.1"
106.54.62.156 - - [01/Jul/2026:23:52:50 +0800] "GET / HTTP/1.1" 200 35068 "http://www.cqqizhou.com" "Mozilla/5.0 (iPhone; CPU iPhone OS 13_2_3 like Mac OS X) AppleWebKit/605.1.15 (KHTML, like Gecko) Version/13.0.3 Mobile/15E148 Safari/604.1"
180.153.236.20 - - [01/Jul/2026:23:54:11 +0800] "GET / HTTP/1.1" 200 35514 "http://cqqizhou.com/" "User-Agent:Mozilla/5.0 (Windows NT 10.0; Win64; x64) AppleWebKit/537.36 (KHTML, like Gecko) Chrome/140.0.0.0 Safari/537.36 Edg/140.0.0.0; 360Spider"
36.133.115.36 - - [01/Jul/2026:23:57:07 +0800] "POST /wp-cron.php?doing_wp_cron=1782921427.7077419757843017578125 HTTP/1.1" 200 31 "-" "WordPress/7.0; http://cqqizhou.com"
114.119.153.188 - - [01/Jul/2026:23:57:07 +0800] "GET /wp-sitemap.xml HTTP/1.1" 501 253 "-" "Mozilla/5.0 (Linux; Android 7.0;) AppleWebKit/537.36 (KHTML, like Gecko) Mobile Safari/537.36 (compatible; PetalBot;+https://webmaster.petalsearch.com/site/petalbot)"