HEX
Server: nginx/1.16.1
System: Linux ecs-04358622 4.19.90-2107.6.0.0100.oe1.bclinux.x86_64 #1 SMP Wed Dec 1 19:59:44 CST 2021 x86_64
User: nginx (994)
PHP: 8.0.0
Disabled: NONE
Upload Files
File: /home/logs/cqqizhou_access_2026-05-28.log
74.249.147.45 - - [28/May/2026:00:07:32 +0800] "GET /wp-content/plugins/hellopress/wp_filemanager.php HTTP/1.1" 404 27 "-" "-"
74.249.147.45 - - [28/May/2026:00:07:32 +0800] "GET /c99.php HTTP/1.1" 404 27 "-" "-"
74.249.147.45 - - [28/May/2026:00:07:32 +0800] "GET /.trash7309/index.php HTTP/1.1" 404 27 "-" "-"
74.249.147.45 - - [28/May/2026:00:07:33 +0800] "GET /CLA.php HTTP/1.1" 404 27 "-" "-"
74.249.147.45 - - [28/May/2026:00:07:33 +0800] "GET /aa.php HTTP/1.1" 404 27 "-" "-"
74.249.147.45 - - [28/May/2026:00:07:33 +0800] "GET /wp.php HTTP/1.1" 404 27 "-" "-"
74.249.147.45 - - [28/May/2026:00:07:33 +0800] "GET /info.php HTTP/1.1" 200 29 "-" "-"
74.249.147.45 - - [28/May/2026:00:07:33 +0800] "GET /test.php HTTP/1.1" 404 27 "-" "-"
74.249.147.45 - - [28/May/2026:00:07:34 +0800] "GET /1.php HTTP/1.1" 404 27 "-" "-"
74.249.147.45 - - [28/May/2026:00:07:34 +0800] "GET /check.php HTTP/1.1" 404 27 "-" "-"
74.249.147.45 - - [28/May/2026:00:07:34 +0800] "GET /wso.php HTTP/1.1" 404 27 "-" "-"
74.249.147.45 - - [28/May/2026:00:07:34 +0800] "GET /t.php HTTP/1.1" 404 27 "-" "-"
74.249.147.45 - - [28/May/2026:00:07:35 +0800] "GET /pro.php HTTP/1.1" 404 27 "-" "-"
74.249.147.45 - - [28/May/2026:00:07:35 +0800] "GET /p.php HTTP/1.1" 404 27 "-" "-"
74.249.147.45 - - [28/May/2026:00:07:35 +0800] "GET /mini.php HTTP/1.1" 404 27 "-" "-"
74.249.147.45 - - [28/May/2026:00:07:35 +0800] "GET /a.php HTTP/1.1" 404 27 "-" "-"
74.249.147.45 - - [28/May/2026:00:07:36 +0800] "GET /999.php HTTP/1.1" 404 27 "-" "-"
74.249.147.45 - - [28/May/2026:00:07:36 +0800] "GET /new.php HTTP/1.1" 404 27 "-" "-"
74.249.147.45 - - [28/May/2026:00:07:36 +0800] "GET /222.php HTTP/1.1" 404 27 "-" "-"
74.249.147.45 - - [28/May/2026:00:07:36 +0800] "GET /file9.php HTTP/1.1" 404 27 "-" "-"
74.249.147.45 - - [28/May/2026:00:07:37 +0800] "GET /law.php HTTP/1.1" 404 27 "-" "-"
74.249.147.45 - - [28/May/2026:00:07:37 +0800] "GET /lock360.php HTTP/1.1" 404 27 "-" "-"
74.249.147.45 - - [28/May/2026:00:07:37 +0800] "GET /mah.php HTTP/1.1" 404 27 "-" "-"
74.249.147.45 - - [28/May/2026:00:07:37 +0800] "GET /ws.php HTTP/1.1" 404 27 "-" "-"
74.249.147.45 - - [28/May/2026:00:07:38 +0800] "GET /gfile.php HTTP/1.1" 404 27 "-" "-"
74.249.147.45 - - [28/May/2026:00:07:38 +0800] "GET /k.php HTTP/1.1" 404 27 "-" "-"
74.249.147.45 - - [28/May/2026:00:07:38 +0800] "GET /m.php HTTP/1.1" 404 27 "-" "-"
74.249.147.45 - - [28/May/2026:00:07:38 +0800] "GET /lock6.php HTTP/1.1" 404 27 "-" "-"
74.249.147.45 - - [28/May/2026:00:07:39 +0800] "GET /NewFile.php HTTP/1.1" 404 27 "-" "-"
74.249.147.45 - - [28/May/2026:00:07:39 +0800] "GET /astab.php HTTP/1.1" 404 27 "-" "-"
74.249.147.45 - - [28/May/2026:00:07:39 +0800] "GET /elp.php HTTP/1.1" 404 27 "-" "-"
74.249.147.45 - - [28/May/2026:00:07:39 +0800] "GET /bless.php HTTP/1.1" 404 27 "-" "-"
74.249.147.45 - - [28/May/2026:00:07:39 +0800] "GET /f35.php HTTP/1.1" 404 27 "-" "-"
74.249.147.45 - - [28/May/2026:00:07:40 +0800] "GET /radio.php HTTP/1.1" 404 27 "-" "-"
74.249.147.45 - - [28/May/2026:00:07:40 +0800] "GET /inputs.php HTTP/1.1" 404 27 "-" "-"
74.249.147.45 - - [28/May/2026:00:07:41 +0800] "GET /moon.php HTTP/1.1" 404 27 "-" "-"
74.249.147.45 - - [28/May/2026:00:07:41 +0800] "GET /dev.php HTTP/1.1" 404 27 "-" "-"
74.249.147.45 - - [28/May/2026:00:07:41 +0800] "GET /class20.php HTTP/1.1" 404 27 "-" "-"
74.249.147.45 - - [28/May/2026:00:07:42 +0800] "GET /a2.php HTTP/1.1" 404 27 "-" "-"
74.249.147.45 - - [28/May/2026:00:07:42 +0800] "GET /av.php HTTP/1.1" 404 27 "-" "-"
74.249.147.45 - - [28/May/2026:00:07:42 +0800] "GET /goods.php HTTP/1.1" 404 27 "-" "-"
92.63.102.213 - - [28/May/2026:00:20:12 +0800] "GET / HTTP/1.1" 200 35528 "-" "Mozilla/5.0 (Windows NT 10.0; Win64; x64) AppleWebKit/537.36 (KHTML, like Gecko) Chrome/120.0.0.0 Safari/537.36"
36.133.115.36 - - [28/May/2026:00:25:27 +0800] "POST /wp-cron.php?doing_wp_cron=1779899127.6453740596771240234375 HTTP/1.1" 200 31 "-" "WordPress/6.9; http://cqqizhou.com"
91.224.92.32 - - [28/May/2026:00:25:27 +0800] "GET /SDK/webLanguage HTTP/1.1" 301 5 "-" "Mozilla/5.0 (Windows NT 10.0; Win64; x64) AppleWebKit/537.36 (KHTML, like Gecko) Chrome/90.0.4430.85 Safari/537.36 Edg/90.0.818.46"
59.53.32.158 - - [28/May/2026:00:25:33 +0800] "GET /www.cqqizhou.com.rar HTTP/1.1" 301 5 "http://www.cqqizhou.com/www.cqqizhou.com.rar" "Mozilla/5.0 (Windows NT 6.1; WOW64) AppleWebKit/537.11 (KHTML, like Gecko) Chrome/23.0.1271.97 Safari/537.11"
182.96.164.219 - - [28/May/2026:00:25:34 +0800] "GET /www.cqqizhou.com.rar HTTP/1.1" 404 9410 "http://www.cqqizhou.com/www.cqqizhou.com.rar" "Mozilla/5.0 (Windows NT 6.1; WOW64) AppleWebKit/537.11 (KHTML, like Gecko) Chrome/23.0.1271.97 Safari/537.11"
36.133.115.36 - - [28/May/2026:00:34:47 +0800] "POST /wp-cron.php?doing_wp_cron=1779899687.2623019218444824218750 HTTP/1.1" 200 31 "-" "WordPress/6.9; http://cqqizhou.com"
115.239.32.130 - - [28/May/2026:00:34:47 +0800] "GET /industry/ HTTP/1.1" 301 5 "-" "Mozilla/5.0 (Windows NT 10.0; Win64; x64) AppleWebKit/537.36 (KHTML, like Gecko) Chrome/142.0.0.0 Safari/537.36"
115.239.32.130 - - [28/May/2026:00:34:47 +0800] "GET /industry HTTP/1.1" 200 25210 "-" "Mozilla/5.0 (Windows NT 10.0; Win64; x64) AppleWebKit/537.36 (KHTML, like Gecko) Chrome/142.0.0.0 Safari/537.36"
115.239.32.130 - - [28/May/2026:00:34:52 +0800] "POST /wp-admin/admin-ajax.php HTTP/1.1" 403 33 "http://cqqizhou.com/industry" "Mozilla/5.0 (Windows NT 10.0; Win64; x64) AppleWebKit/537.36 (KHTML, like Gecko) Chrome/142.0.0.0 Safari/537.36"
36.133.115.36 - - [28/May/2026:00:42:59 +0800] "POST /wp-cron.php?doing_wp_cron=1779900179.4989719390869140625000 HTTP/1.1" 200 31 "-" "WordPress/6.9; http://cqqizhou.com"
43.166.1.243 - - [28/May/2026:00:42:59 +0800] "GET / HTTP/1.1" 301 5 "-" "Mozilla/5.0 (iPhone; CPU iPhone OS 13_2_3 like Mac OS X) AppleWebKit/605.1.15 (KHTML, like Gecko) Version/13.0.3 Mobile/15E148 Safari/604.1"
43.166.1.243 - - [28/May/2026:00:43:01 +0800] "GET / HTTP/1.1" 200 35086 "http://36.133.115.36" "Mozilla/5.0 (iPhone; CPU iPhone OS 13_2_3 like Mac OS X) AppleWebKit/605.1.15 (KHTML, like Gecko) Version/13.0.3 Mobile/15E148 Safari/604.1"
36.133.115.36 - - [28/May/2026:00:44:55 +0800] "POST /wp-cron.php?doing_wp_cron=1779900295.2615499496459960937500 HTTP/1.1" 200 31 "-" "WordPress/6.9; http://cqqizhou.com"
117.170.67.134 - - [28/May/2026:00:44:55 +0800] "GET /Ly9jcXFpemhvdS5jb20vd3AtY29udGVudC91cGxvYWRzLzIwMjYvMDEvMTc2ODI3NjExOS1xaXpob3VqaWFnb25nX1NsaWRlcl8zODQww5cyMTYwXzIwMjYwMTEzLXNjYWxlZC53ZWJw HTTP/1.1" 404 9410 "-" "Mozilla/5.0 (Windows NT 6.2) AppleWebKit/537.36 (KHTML, like Gecko) Chrome/75.0.3770.8"
110.247.44.230 - - [28/May/2026:00:51:01 +0800] "GET / HTTP/1.1" 200 35528 "-" "Mozilla/5.0 (Macintosh; Intel Mac OS X 10_15_7) AppleWebKit/537.36 (KHTML, like Gecko) Chrome/106.0.0.0 Safari/537.36"
36.133.115.36 - - [28/May/2026:01:11:34 +0800] "POST /wp-cron.php?doing_wp_cron=1779901894.0685479640960693359375 HTTP/1.1" 200 31 "-" "WordPress/6.9; http://cqqizhou.com"
120.208.142.21 - - [28/May/2026:01:11:34 +0800] "GET /Ly9jcXFpemhvdS5jb20vd3AtY29udGVudC91cGxvYWRzLzIwMjUvMTIvMTc2NTI2ODk1NS1xaXpob3VfU2xpZGVyMV8zODQww5cyMTYwXzIwMjUxMjEwLXNjYWxlZC53ZWJw HTTP/1.1" 404 9410 "-" "Mozilla/5.0 (Windows NT 10.0; WOW64) AppleWebKit/537.36 (KHTML, like Gecko) Chrome/80.0.3987.16"
117.189.227.56 - - [28/May/2026:01:12:30 +0800] "GET /wp-content/uploads/2026/02/1772086672-%E5%BC%80%E5%B7%A5%E5%A4%A7%E5%90%89%E5%B0%81%E9%9D%A2%E5%A4%B4%E5%9B%BEArticle_images_W900%C3%97500px.webp HTTP/1.1" 200 99110 "http://cqqizhou.com/" "Mozilla/5.0 (Windows NT 10.0; Win64; x64) AppleWebKit/537.36 (KHTML, like Gecko) Chrome/133.0.0.0 Safari/537.36"
114.117.236.247 - - [28/May/2026:01:12:31 +0800] "GET /wp-content/uploads/2026/02/1772086672-%E5%BC%80%E5%B7%A5%E5%A4%A7%E5%90%89%E5%B0%81%E9%9D%A2%E5%A4%B4%E5%9B%BEArticle_images_W900%C3%97500px.webp HTTP/1.1" 200 99110 "http://cqqizhou.com/" "Mozilla/5.0 (Windows NT 10.0; Win64; x64) AppleWebKit/537.36 (KHTML, like Gecko) Chrome/133.0.0.0 Safari/537.36"
36.133.115.36 - - [28/May/2026:01:13:28 +0800] "POST /wp-cron.php?doing_wp_cron=1779902008.7629098892211914062500 HTTP/1.1" 200 31 "-" "WordPress/6.9; http://cqqizhou.com"
18.117.7.6 - - [28/May/2026:01:13:28 +0800] "GET / HTTP/1.1" 301 5 "-" "visionheight.com/scan Mozilla/5.0 (Macintosh; Intel Mac OS X 10_15_7) Chrome/126.0.0.0 Safari/537.36"
36.133.115.36 - - [28/May/2026:01:14:59 +0800] "POST /wp-cron.php?doing_wp_cron=1779902099.3337609767913818359375 HTTP/1.1" 200 31 "-" "WordPress/6.9; http://cqqizhou.com"
18.117.7.6 - - [28/May/2026:01:14:59 +0800] "GET / HTTP/1.1" 301 5 "-" "visionheight.com/scan Mozilla/5.0 (Macintosh; Intel Mac OS X 10_15_7) Chrome/126.0.0.0 Safari/537.36"
117.131.24.176 - - [28/May/2026:01:26:08 +0800] "GET /wp-content/uploads/2026/04/1775865780-1Article_images_W900px.webp HTTP/1.1" 200 41840 "http://cqqizhou.com" "Mozilla/5.0 (Windows NT 10.0; Win64; x64) AppleWebKit/537.36 (KHTML, like Gecko) Chrome/120.0.0.0 Safari/537.36"
117.131.24.176 - - [28/May/2026:01:26:08 +0800] "GET /wp-content/uploads/2026/04/1775865981-2Article_images_W900px.webp HTTP/1.1" 200 64044 "http://cqqizhou.com" "Mozilla/5.0 (Windows NT 10.0; Win64; x64) AppleWebKit/537.36 (KHTML, like Gecko) Chrome/120.0.0.0 Safari/537.36"
117.131.24.176 - - [28/May/2026:01:26:08 +0800] "GET /wp-content/uploads/2026/04/1775865995-3Article_images_W900px.webp HTTP/1.1" 200 92936 "http://cqqizhou.com" "Mozilla/5.0 (Windows NT 10.0; Win64; x64) AppleWebKit/537.36 (KHTML, like Gecko) Chrome/120.0.0.0 Safari/537.36"
36.133.115.36 - - [28/May/2026:01:38:13 +0800] "POST /wp-cron.php?doing_wp_cron=1779903493.6388909816741943359375 HTTP/1.1" 200 31 "-" "WordPress/6.9; http://cqqizhou.com"
115.159.33.43 - - [28/May/2026:01:38:13 +0800] "GET / HTTP/1.1" 301 5 "-" "Mozilla/5.0 (Windows NT 10.0; Win64; x64) AppleWebKit/537.36 (KHTML, like Gecko) Chrome/79.0.3945.117 Safari/537.36"
36.133.115.36 - - [28/May/2026:01:39:23 +0800] "POST /wp-cron.php?doing_wp_cron=1779903563.3369300365447998046875 HTTP/1.1" 200 31 "-" "WordPress/6.9; http://cqqizhou.com"
5.61.209.126 - - [28/May/2026:01:39:23 +0800] "GET /SDK/webLanguage HTTP/1.1" 301 5 "-" "Mozilla/5.0 (Windows NT 10.0; Win64; x64) AppleWebKit/537.36 (KHTML, like Gecko) Chrome/90.0.4430.85 Safari/537.36 Edg/90.0.818.46"
36.133.115.36 - - [28/May/2026:01:56:46 +0800] "POST /wp-cron.php?doing_wp_cron=1779904606.1489260196685791015625 HTTP/1.1" 200 31 "-" "WordPress/6.9; http://cqqizhou.com"
47.128.30.79 - - [28/May/2026:01:56:46 +0800] "GET /robots.txt HTTP/1.1" 200 190 "-" "Mozilla/5.0 (Linux; Android 5.0) AppleWebKit/537.36 (KHTML, like Gecko) Mobile Safari/537.36 (compatible; Bytespider; spider-feedback@bytedance.com)"
36.133.115.36 - - [28/May/2026:01:57:08 +0800] "POST /wp-cron.php?doing_wp_cron=1779904628.0994019508361816406250 HTTP/1.1" 200 31 "-" "WordPress/6.9; http://cqqizhou.com"
172.105.234.247 - - [28/May/2026:01:57:08 +0800] "GET / HTTP/1.1" 200 158542 "-" "Mozilla/5.0 AppleWebKit/537.36 (KHTML, like Gecko) Mobile Safari/537.36 (compatible; Bytespider; https://zhanzhang.toutiao.com/)"
36.133.115.36 - - [28/May/2026:02:03:24 +0800] "POST /wp-cron.php?doing_wp_cron=1779905004.7791190147399902343750 HTTP/1.1" 200 31 "-" "WordPress/6.9; http://cqqizhou.com"
122.51.236.174 - - [28/May/2026:02:03:24 +0800] "GET / HTTP/1.1" 200 35086 "-" "Mozilla/5.0 (iPhone; CPU iPhone OS 13_2_3 like Mac OS X) AppleWebKit/605.1.15 (KHTML, like Gecko) Version/13.0.3 Mobile/15E148 Safari/604.1"
111.72.131.89 - - [28/May/2026:02:12:33 +0800] "GET /news/page/4 HTTP/1.1" 200 24916 "-" "Mozilla/5.0 (Macintosh; Intel Mac OS X 10_15_7) AppleWebKit/537.36 (KHTML, like Gecko) Chrome/140.0.0.0 Safari/537.36"
36.133.115.36 - - [28/May/2026:02:14:16 +0800] "POST /wp-cron.php?doing_wp_cron=1779905656.8726310729980468750000 HTTP/1.1" 200 31 "-" "WordPress/6.9; http://cqqizhou.com"
220.181.108.92 - - [28/May/2026:02:14:16 +0800] "GET /company-news HTTP/1.1" 200 26351 "-" "Mozilla/5.0 (compatible; Baiduspider/2.0; +http://www.baidu.com/search/spider.html)"
116.179.37.240 - - [28/May/2026:02:14:20 +0800] "GET /wp-content/uploads/2025/07/1753454299-Article_images_W900px.webp HTTP/1.1" 200 52418 "http://cqqizhou.com/company-news" "Mozilla/5.0 (compatible; Baiduspider-render/2.0; +http://www.baidu.com/search/spider.html)"
219.136.244.126 - - [28/May/2026:02:14:40 +0800] "GET / HTTP/1.1" 200 35528 "-" "Mozilla/5.0 (Windows NT 10.0; Win64; x64) AppleWebKit/537.36 (KHTML, like Gecko) Chrome/109.0.0.0 Safari/537.36"
58.23.72.218 - - [28/May/2026:02:14:51 +0800] "GET /Ly9jcXFpemhvdS5jb20vd3AtY29udGVudC91cGxvYWRzL3JldnNsaWRlci9zbGlkZXItMS8xNzUwODYxMTU2LWxvZ2lzdGljc19TbGlkZXJfMzg0MMOXMjE2MF8yMDI1MDYyNTE5MTM1Ni1zY2FsZWQud2VicA== HTTP/1.1" 404 9410 "-" "Mozilla/5.0 (Windows NT 10.0) AppleWebKit/537.36 (KHTML, like Gecko) Chrome/85.0.4183.83"
36.133.115.36 - - [28/May/2026:02:18:59 +0800] "POST /wp-cron.php?doing_wp_cron=1779905938.9763669967651367187500 HTTP/1.1" 200 31 "-" "WordPress/6.9; http://cqqizhou.com"
125.26.50.7 - - [28/May/2026:02:18:59 +0800] "POST /hello.world?%ADd+allow_url_include%3d1+%ADd+auto_prepend_file%3dphp://input HTTP/1.1" 404 32979 "-" "libredtail-http"
125.26.50.7 - - [28/May/2026:02:19:00 +0800] "POST /?%ADd+allow_url_include%3d1+%ADd+auto_prepend_file%3dphp://input HTTP/1.1" 200 158542 "-" "libredtail-http"
125.26.50.7 - - [28/May/2026:02:19:01 +0800] "GET /vendor/phpunit/phpunit/src/Util/PHP/eval-stdin.php HTTP/1.1" 404 27 "-" "libredtail-http"
125.26.50.7 - - [28/May/2026:02:19:01 +0800] "GET /vendor/phpunit/phpunit/Util/PHP/eval-stdin.php HTTP/1.1" 404 27 "-" "libredtail-http"
125.26.50.7 - - [28/May/2026:02:19:01 +0800] "GET /vendor/phpunit/src/Util/PHP/eval-stdin.php HTTP/1.1" 404 27 "-" "libredtail-http"
125.26.50.7 - - [28/May/2026:02:19:01 +0800] "GET /vendor/phpunit/Util/PHP/eval-stdin.php HTTP/1.1" 404 27 "-" "libredtail-http"
125.26.50.7 - - [28/May/2026:02:19:01 +0800] "GET /vendor/phpunit/phpunit/LICENSE/eval-stdin.php HTTP/1.1" 404 27 "-" "libredtail-http"
125.26.50.7 - - [28/May/2026:02:19:01 +0800] "GET /vendor/vendor/phpunit/phpunit/src/Util/PHP/eval-stdin.php HTTP/1.1" 404 27 "-" "libredtail-http"
125.26.50.7 - - [28/May/2026:02:19:01 +0800] "GET /phpunit/phpunit/src/Util/PHP/eval-stdin.php HTTP/1.1" 404 27 "-" "libredtail-http"
125.26.50.7 - - [28/May/2026:02:19:02 +0800] "GET /phpunit/phpunit/Util/PHP/eval-stdin.php HTTP/1.1" 404 27 "-" "libredtail-http"
125.26.50.7 - - [28/May/2026:02:19:02 +0800] "GET /phpunit/src/Util/PHP/eval-stdin.php HTTP/1.1" 404 27 "-" "libredtail-http"
125.26.50.7 - - [28/May/2026:02:19:02 +0800] "GET /phpunit/Util/PHP/eval-stdin.php HTTP/1.1" 404 27 "-" "libredtail-http"
125.26.50.7 - - [28/May/2026:02:19:02 +0800] "GET /lib/phpunit/phpunit/src/Util/PHP/eval-stdin.php HTTP/1.1" 404 27 "-" "libredtail-http"
125.26.50.7 - - [28/May/2026:02:19:02 +0800] "GET /lib/phpunit/phpunit/Util/PHP/eval-stdin.php HTTP/1.1" 404 27 "-" "libredtail-http"
125.26.50.7 - - [28/May/2026:02:19:02 +0800] "GET /lib/phpunit/src/Util/PHP/eval-stdin.php HTTP/1.1" 404 27 "-" "libredtail-http"
125.26.50.7 - - [28/May/2026:02:19:03 +0800] "GET /lib/phpunit/Util/PHP/eval-stdin.php HTTP/1.1" 404 27 "-" "libredtail-http"
125.26.50.7 - - [28/May/2026:02:19:03 +0800] "GET /lib/vendor/phpunit/phpunit/src/Util/PHP/eval-stdin.php HTTP/1.1" 404 27 "-" "libredtail-http"
125.26.50.7 - - [28/May/2026:02:19:03 +0800] "GET /laravel/vendor/phpunit/phpunit/src/Util/PHP/eval-stdin.php HTTP/1.1" 404 27 "-" "libredtail-http"
125.26.50.7 - - [28/May/2026:02:19:03 +0800] "GET /www/vendor/phpunit/phpunit/src/Util/PHP/eval-stdin.php HTTP/1.1" 404 27 "-" "libredtail-http"
125.26.50.7 - - [28/May/2026:02:19:03 +0800] "GET /ws/vendor/phpunit/phpunit/src/Util/PHP/eval-stdin.php HTTP/1.1" 404 27 "-" "libredtail-http"
125.26.50.7 - - [28/May/2026:02:19:03 +0800] "GET /yii/vendor/phpunit/phpunit/src/Util/PHP/eval-stdin.php HTTP/1.1" 404 27 "-" "libredtail-http"
125.26.50.7 - - [28/May/2026:02:19:04 +0800] "GET /zend/vendor/phpunit/phpunit/src/Util/PHP/eval-stdin.php HTTP/1.1" 404 27 "-" "libredtail-http"
125.26.50.7 - - [28/May/2026:02:19:04 +0800] "GET /ws/ec/vendor/phpunit/phpunit/src/Util/PHP/eval-stdin.php HTTP/1.1" 404 27 "-" "libredtail-http"
125.26.50.7 - - [28/May/2026:02:19:04 +0800] "GET /V2/vendor/phpunit/phpunit/src/Util/PHP/eval-stdin.php HTTP/1.1" 404 27 "-" "libredtail-http"
125.26.50.7 - - [28/May/2026:02:19:04 +0800] "GET /tests/vendor/phpunit/phpunit/src/Util/PHP/eval-stdin.php HTTP/1.1" 404 27 "-" "libredtail-http"
125.26.50.7 - - [28/May/2026:02:19:04 +0800] "GET /test/vendor/phpunit/phpunit/src/Util/PHP/eval-stdin.php HTTP/1.1" 404 27 "-" "libredtail-http"
125.26.50.7 - - [28/May/2026:02:19:04 +0800] "GET /testing/vendor/phpunit/phpunit/src/Util/PHP/eval-stdin.php HTTP/1.1" 404 27 "-" "libredtail-http"
125.26.50.7 - - [28/May/2026:02:19:04 +0800] "GET /api/vendor/phpunit/phpunit/src/Util/PHP/eval-stdin.php HTTP/1.1" 404 27 "-" "libredtail-http"
125.26.50.7 - - [28/May/2026:02:19:05 +0800] "GET /demo/vendor/phpunit/phpunit/src/Util/PHP/eval-stdin.php HTTP/1.1" 404 27 "-" "libredtail-http"
125.26.50.7 - - [28/May/2026:02:19:05 +0800] "GET /cms/vendor/phpunit/phpunit/src/Util/PHP/eval-stdin.php HTTP/1.1" 404 27 "-" "libredtail-http"
125.26.50.7 - - [28/May/2026:02:19:05 +0800] "GET /crm/vendor/phpunit/phpunit/src/Util/PHP/eval-stdin.php HTTP/1.1" 404 27 "-" "libredtail-http"
125.26.50.7 - - [28/May/2026:02:19:05 +0800] "GET /admin/vendor/phpunit/phpunit/src/Util/PHP/eval-stdin.php HTTP/1.1" 404 27 "-" "libredtail-http"
125.26.50.7 - - [28/May/2026:02:19:05 +0800] "GET /backup/vendor/phpunit/phpunit/src/Util/PHP/eval-stdin.php HTTP/1.1" 404 27 "-" "libredtail-http"
125.26.50.7 - - [28/May/2026:02:19:05 +0800] "GET /blog/vendor/phpunit/phpunit/src/Util/PHP/eval-stdin.php HTTP/1.1" 404 27 "-" "libredtail-http"
125.26.50.7 - - [28/May/2026:02:19:06 +0800] "GET /workspace/drupal/vendor/phpunit/phpunit/src/Util/PHP/eval-stdin.php HTTP/1.1" 404 27 "-" "libredtail-http"
125.26.50.7 - - [28/May/2026:02:19:06 +0800] "GET /panel/vendor/phpunit/phpunit/src/Util/PHP/eval-stdin.php HTTP/1.1" 404 27 "-" "libredtail-http"
125.26.50.7 - - [28/May/2026:02:19:06 +0800] "GET /public/vendor/phpunit/phpunit/src/Util/PHP/eval-stdin.php HTTP/1.1" 404 27 "-" "libredtail-http"
125.26.50.7 - - [28/May/2026:02:19:06 +0800] "GET /apps/vendor/phpunit/phpunit/src/Util/PHP/eval-stdin.php HTTP/1.1" 404 27 "-" "libredtail-http"
125.26.50.7 - - [28/May/2026:02:19:06 +0800] "GET /app/vendor/phpunit/phpunit/src/Util/PHP/eval-stdin.php HTTP/1.1" 404 27 "-" "libredtail-http"
125.26.50.7 - - [28/May/2026:02:19:07 +0800] "GET /index.php?s=/index/\x5Cthink\x5Capp/invokefunction&function=call_user_func_array&vars[0]=md5&vars[1][]=Hello HTTP/1.1" 200 67481 "-" "libredtail-http"
125.26.50.7 - - [28/May/2026:02:19:08 +0800] "GET /public/index.php?s=/index/\x5Cthink\x5Capp/invokefunction&function=call_user_func_array&vars[0]=md5&vars[1][]=Hello HTTP/1.1" 404 27 "-" "libredtail-http"
36.133.115.36 - - [28/May/2026:02:19:09 +0800] "POST /wp-cron.php?doing_wp_cron=1779905949.0932099819183349609375 HTTP/1.1" 200 31 "-" "WordPress/6.9; http://cqqizhou.com"
125.26.50.7 - - [28/May/2026:02:19:09 +0800] "GET /index.php?lang=../../../../../../../../usr/local/lib/php/pearcmd&+config-create+/&/<?echo(md5(\x22hi\x22));?>+/tmp/index1.php HTTP/1.1" 200 158542 "-" "libredtail-http"
125.26.50.7 - - [28/May/2026:02:19:10 +0800] "GET /index.php?lang=../../../../../../../../tmp/index1 HTTP/1.1" 200 158542 "-" "libredtail-http"
125.26.50.7 - - [28/May/2026:02:19:11 +0800] "GET /containers/json HTTP/1.1" 301 5 "-" "libredtail-http"
125.26.50.7 - - [28/May/2026:02:19:12 +0800] "GET /containers/json HTTP/1.1" 301 5 "-" "libredtail-http"
36.133.115.36 - - [28/May/2026:02:24:34 +0800] "POST /wp-cron.php?doing_wp_cron=1779906274.6191799640655517578125 HTTP/1.1" 200 31 "-" "WordPress/6.9; http://cqqizhou.com"
36.182.40.223 - - [28/May/2026:02:24:34 +0800] "GET /Ly9jcXFpemhvdS5jb20vd3AtY29udGVudC91cGxvYWRzLzIwMjYvMDEvMTc2ODI4MDI3MC1hbnF1YW5fU2xpZGVyXzM4NDDDlzIxNjBfMjAyNjAxMTQtc2NhbGVkLndlYnA= HTTP/1.1" 404 9410 "-" "Mozilla/5.0 (Windows NT 6.2; Win64; x64) AppleWebKit/537.36 (KHTML, like Gecko) Chrome/70.0.3538.97"
36.133.115.36 - - [28/May/2026:02:40:38 +0800] "POST /wp-cron.php?doing_wp_cron=1779907238.1240999698638916015625 HTTP/1.1" 200 31 "-" "WordPress/6.9; http://cqqizhou.com"
104.196.233.192 - - [28/May/2026:02:40:38 +0800] "HEAD /backup/ HTTP/1.1" 404 0 "-" "Mozilla/5.0 (Linux; Android 11; moto g31) AppleWebKit/537.36 (KHTML, like Gecko) Chrome/122.0.6261.96 Mobile Safari/537.36"
104.196.233.192 - - [28/May/2026:02:40:39 +0800] "HEAD /wp/ HTTP/1.1" 404 0 "-" "Mozilla/5.0 (X11; Linux x86_64) AppleWebKit/537.36 (KHTML, like Gecko) Chrome/125.0.6422.76 Safari/537.36"
104.196.233.192 - - [28/May/2026:02:40:39 +0800] "HEAD /new/ HTTP/1.1" 301 0 "-" "Mozilla/5.0 (Windows NT 10.0; Win64; x64) AppleWebKit/537.36 (KHTML, like Gecko) Chrome/126.0.6478.70 Safari/537.36 Vivaldi/6.7.3200.25"
104.196.233.192 - - [28/May/2026:02:40:40 +0800] "HEAD /news HTTP/1.1" 200 0 "http://cqqizhou.com/new/" "Mozilla/5.0 (Windows NT 10.0; Win64; x64) AppleWebKit/537.36 (KHTML, like Gecko) Chrome/126.0.6478.70 Safari/537.36 Vivaldi/6.7.3200.25"
104.196.233.192 - - [28/May/2026:02:40:40 +0800] "HEAD / HTTP/1.1" 200 0 "-" "Mozilla/5.0 (Linux; Android 12; TECNO CK6n) AppleWebKit/537.36 (KHTML, like Gecko) Chrome/125.0.6422.50 Mobile Safari/537.36"
104.196.233.192 - - [28/May/2026:02:40:41 +0800] "HEAD /old/ HTTP/1.1" 404 0 "-" "Mozilla/5.0 (Windows NT 10.0; WOW64) AppleWebKit/537.36 (KHTML, like Gecko) Chrome/118.0.5993.90 Safari/537.36"
104.196.233.192 - - [28/May/2026:02:40:42 +0800] "HEAD /blog/ HTTP/1.1" 404 0 "-" "Mozilla/5.0 (Linux; Android 14; SM-A146P) AppleWebKit/537.36 (KHTML, like Gecko) SamsungBrowser/25.0 Chrome/123.0.6312.120 Mobile Safari/537.36"
104.196.233.192 - - [28/May/2026:02:40:43 +0800] "HEAD /wordpress/ HTTP/1.1" 404 0 "-" "Mozilla/5.0 (Linux; Android 14; Xiaomi 14 Pro) AppleWebKit/537.36 (KHTML, like Gecko) Chrome/126.0.6478.33 Mobile Safari/537.36"
36.133.115.36 - - [28/May/2026:03:15:26 +0800] "POST /wp-cron.php?doing_wp_cron=1779909326.3832809925079345703125 HTTP/1.1" 200 31 "-" "WordPress/6.9; http://cqqizhou.com"
91.224.92.32 - - [28/May/2026:03:15:26 +0800] "GET /SDK/webLanguage HTTP/1.1" 301 5 "-" "Mozilla/5.0 (Windows NT 10.0; Win64; x64) AppleWebKit/537.36 (KHTML, like Gecko) Chrome/90.0.4430.85 Safari/537.36 Edg/90.0.818.46"
165.245.214.24 - - [28/May/2026:03:43:15 +0800] "GET / HTTP/1.1" 200 35528 "-" "Mozilla/5.0 (X11; Linux x86_64) AppleWebKit/537.36 (KHTML, like Gecko) Chrome/142.0.0.0 Safari/537.36"
36.133.115.36 - - [28/May/2026:03:44:09 +0800] "POST /wp-cron.php?doing_wp_cron=1779911049.2804028987884521484375 HTTP/1.1" 200 31 "-" "WordPress/6.9; http://cqqizhou.com"
176.65.139.66 - - [28/May/2026:03:44:09 +0800] "GET / HTTP/1.0" 301 0 "-" "Shodan-Pull/1.0"
36.133.115.36 - - [28/May/2026:03:50:49 +0800] "POST /wp-cron.php?doing_wp_cron=1779911448.9775528907775878906250 HTTP/1.1" 200 31 "-" "WordPress/6.9; http://cqqizhou.com"
120.241.209.193 - - [28/May/2026:03:50:49 +0800] "GET /services/ HTTP/1.1" 301 5 "-" "Mozilla/5.0 (Windows NT 10.0; Win64; x64) AppleWebKit/537.36 (KHTML, like Gecko) Chrome/131.0.0.0 Safari/537.36"
14.29.109.158 - - [28/May/2026:03:50:49 +0800] "GET /services HTTP/1.1" 200 32190 "-" "Mozilla/5.0 (Windows NT 10.0; Win64; x64) AppleWebKit/537.36 (KHTML, like Gecko) Chrome/131.0.0.0 Safari/537.36"
36.133.115.36 - - [28/May/2026:04:09:28 +0800] "POST /wp-cron.php?doing_wp_cron=1779912568.1259019374847412109375 HTTP/1.1" 200 31 "-" "WordPress/6.9; http://cqqizhou.com"
111.180.204.17 - - [28/May/2026:04:09:28 +0800] "GET /services/ HTTP/1.1" 301 5 "-" "Mozilla/5.0 (Windows NT 10.0; Win64; x64) AppleWebKit/537.36 (KHTML, like Gecko) Chrome/142.0.0.0 Safari/537.36"
111.180.204.17 - - [28/May/2026:04:09:28 +0800] "GET /services HTTP/1.1" 200 32190 "-" "Mozilla/5.0 (Windows NT 10.0; Win64; x64) AppleWebKit/537.36 (KHTML, like Gecko) Chrome/142.0.0.0 Safari/537.36"
111.180.204.17 - - [28/May/2026:04:09:30 +0800] "POST /wp-admin/admin-ajax.php HTTP/1.1" 403 33 "http://cqqizhou.com/services" "Mozilla/5.0 (Windows NT 10.0; Win64; x64) AppleWebKit/537.36 (KHTML, like Gecko) Chrome/142.0.0.0 Safari/537.36"
120.241.209.254 - - [28/May/2026:04:32:18 +0800] "GET / HTTP/1.1" 200 35528 "-" "Mozilla/5.0 (Windows NT 10.0; Win64; x64) AppleWebKit/537.36 (KHTML, like Gecko) Chrome/133.0.0.0 Safari/537.36"
114.117.216.243 - - [28/May/2026:04:41:19 +0800] "GET /wp-content/uploads/2025/12/1764853157-ISO3-214x300.webp HTTP/1.1" 200 13896 "http://cqqizhou.com/" "Mozilla/5.0 (Windows NT 10.0; Win64; x64) AppleWebKit/537.36 (KHTML, like Gecko) Chrome/117.0.0.0 Safari/537.36"
222.222.237.165 - - [28/May/2026:04:41:20 +0800] "GET /wp-content/uploads/2025/12/1764853155-ISO2-214x300.webp HTTP/1.1" 200 12682 "http://cqqizhou.com/" "Mozilla/5.0 (Windows NT 10.0; Win64; x64) AppleWebKit/537.36 (KHTML, like Gecko) Chrome/117.0.0.0 Safari/537.36"
223.150.68.73 - - [28/May/2026:04:44:57 +0800] "GET /wp-content/uploads/2026/02/1772086672-%E5%BC%80%E5%B7%A5%E5%A4%A7%E5%90%89%E5%B0%81%E9%9D%A2%E5%A4%B4%E5%9B%BEArticle_images_W900%C3%97500px.webp HTTP/1.1" 200 99110 "http://cqqizhou.com/" "Mozilla/5.0 (Windows NT 10.0; Win64; x64) AppleWebKit/537.36 (KHTML, like Gecko) Chrome/112.0.0.0 Safari/537.36"
36.133.115.36 - - [28/May/2026:04:51:58 +0800] "POST /wp-cron.php?doing_wp_cron=1779915118.3065359592437744140625 HTTP/1.1" 200 31 "-" "WordPress/6.9; http://cqqizhou.com"
89.190.156.43 - - [28/May/2026:04:51:58 +0800] "POST /boaform/admin/formLogin HTTP/1.1" 404 9410 "http://36.133.115.36:80/admin/login.asp" "Mozilla/5.0 (X11; Ubuntu; Linux x86_64; rv:71.0) Gecko/20100101 Firefox/71.0"
36.133.115.36 - - [28/May/2026:04:57:16 +0800] "POST /wp-cron.php?doing_wp_cron=1779915436.8872380256652832031250 HTTP/1.1" 200 31 "-" "WordPress/6.9; http://cqqizhou.com"
5.61.209.126 - - [28/May/2026:04:57:16 +0800] "GET /SDK/webLanguage HTTP/1.1" 301 5 "-" "Mozilla/5.0 (Windows NT 10.0; Win64; x64) AppleWebKit/537.36 (KHTML, like Gecko) Chrome/90.0.4430.85 Safari/537.36 Edg/90.0.818.46"
110.249.201.28 - - [28/May/2026:04:59:17 +0800] "GET /wp-content/uploads/2026/05/1779328461-1Article_images_W900px-768x432.webp HTTP/1.1" 200 37678 "http://cqqizhou.com/2418" "Mozilla/5.0 (Linux; Android 5.0) AppleWebKit/537.36 (KHTML, like Gecko) Mobile Safari/537.36 (compatible; Bytespider; https://zhanzhang.toutiao.com/)"
36.133.115.36 - - [28/May/2026:05:03:20 +0800] "POST /wp-cron.php?doing_wp_cron=1779915800.0701611042022705078125 HTTP/1.1" 200 31 "-" "WordPress/6.9; http://cqqizhou.com"
110.249.201.217 - - [28/May/2026:05:03:20 +0800] "GET /robots.txt HTTP/1.1" 200 190 "-" "Mozilla/5.0 (Linux; Android 5.0) AppleWebKit/537.36 (KHTML, like Gecko) Mobile Safari/537.36 (compatible; Bytespider; https://zhanzhang.toutiao.com/)"
60.13.170.37 - - [28/May/2026:05:27:19 +0800] "GET / HTTP/1.1" 200 35528 "-" "Mozilla/5.0 (Windows NT 6.1) AppleWebKit/537.36 (KHTML, like Gecko) Chrome/72.0.3626.7"
36.133.115.36 - - [28/May/2026:05:27:36 +0800] "POST /wp-cron.php?doing_wp_cron=1779917256.8049468994140625000000 HTTP/1.1" 200 31 "-" "WordPress/6.9; http://cqqizhou.com"
111.44.146.194 - - [28/May/2026:05:27:36 +0800] "GET / HTTP/1.1" 301 5 "-" "Mozilla/5.0 (Windows NT 10.0; WOW64) AppleWebKit/537.36 (KHTML, like Gecko) Chrome/76.0.3809.68"
111.44.146.194 - - [28/May/2026:05:27:37 +0800] "GET http://cqqizhou.com/ HTTP/1.1" 200 35528 "-" "Mozilla/5.0 (Windows NT 10.0; WOW64) AppleWebKit/537.36 (KHTML, like Gecko) Chrome/76.0.3809.68"
36.133.115.36 - - [28/May/2026:05:57:58 +0800] "POST /wp-cron.php?doing_wp_cron=1779919078.1580710411071777343750 HTTP/1.1" 200 31 "-" "WordPress/6.9; http://cqqizhou.com"
34.185.198.152 - - [28/May/2026:05:57:58 +0800] "GET / HTTP/1.1" 301 5 "-" "Mozilla/5.0 (Linux; Android 7.0; Nexus 9 Build/NRD90R) AppleWebKit/537.36 (KHTML, like Gecko) Chrome/53.0.2785.124 Safari/537.36"
34.185.198.152 - - [28/May/2026:05:58:00 +0800] "GET / HTTP/1.1" 200 35086 "http://36.133.115.36:80" "Mozilla/5.0 (Linux; Android 7.0; Nexus 9 Build/NRD90R) AppleWebKit/537.36 (KHTML, like Gecko) Chrome/53.0.2785.124 Safari/537.36"
36.133.115.36 - - [28/May/2026:05:58:42 +0800] "POST /wp-cron.php?doing_wp_cron=1779919122.8446800708770751953125 HTTP/1.1" 200 31 "-" "WordPress/6.9; http://cqqizhou.com"
112.98.136.175 - - [28/May/2026:05:58:42 +0800] "GET /contacts/ HTTP/1.1" 301 5 "-" "Mozilla/5.0 (Windows NT 10.0; Win64; x64) AppleWebKit/537.36 (KHTML, like Gecko) Chrome/136.0.0.0 Safari/537.36"
112.98.136.175 - - [28/May/2026:05:58:43 +0800] "GET http://cqqizhou.com/contacts HTTP/1.1" 200 22098 "-" "Mozilla/5.0 (Windows NT 10.0; Win64; x64) AppleWebKit/537.36 (KHTML, like Gecko) Chrome/136.0.0.0 Safari/537.36"
36.133.115.36 - - [28/May/2026:06:11:47 +0800] "POST /wp-cron.php?doing_wp_cron=1779919907.9231679439544677734375 HTTP/1.1" 200 31 "-" "WordPress/6.9; http://cqqizhou.com"
148.113.128.123 - - [28/May/2026:06:11:47 +0800] "GET /robots.txt HTTP/1.1" 200 190 "-" "Mozilla/5.0 (compatible; AhrefsBot/7.0; +http://ahrefs.com/robot/)"
54.39.0.30 - - [28/May/2026:06:11:49 +0800] "GET /news/2388 HTTP/1.1" 200 24958 "-" "Mozilla/5.0 (compatible; AhrefsBot/7.0; +http://ahrefs.com/robot/)"
36.133.115.36 - - [28/May/2026:06:16:01 +0800] "POST /wp-cron.php?doing_wp_cron=1779920161.7602770328521728515625 HTTP/1.1" 200 31 "-" "WordPress/6.9; http://cqqizhou.com"
43.159.143.190 - - [28/May/2026:06:16:01 +0800] "GET / HTTP/1.1" 301 5 "-" "Mozilla/5.0 (iPhone; CPU iPhone OS 13_2_3 like Mac OS X) AppleWebKit/605.1.15 (KHTML, like Gecko) Version/13.0.3 Mobile/15E148 Safari/604.1"
43.159.143.190 - - [28/May/2026:06:16:03 +0800] "GET / HTTP/1.1" 200 35086 "http://36.133.115.36" "Mozilla/5.0 (iPhone; CPU iPhone OS 13_2_3 like Mac OS X) AppleWebKit/605.1.15 (KHTML, like Gecko) Version/13.0.3 Mobile/15E148 Safari/604.1"
36.133.115.36 - - [28/May/2026:06:16:16 +0800] "POST /wp-cron.php?doing_wp_cron=1779920176.1944990158081054687500 HTTP/1.1" 200 31 "-" "WordPress/6.9; http://cqqizhou.com"
91.224.92.32 - - [28/May/2026:06:16:16 +0800] "GET /SDK/webLanguage HTTP/1.1" 301 5 "-" "Mozilla/5.0 (Windows NT 10.0; Win64; x64) AppleWebKit/537.36 (KHTML, like Gecko) Chrome/90.0.4430.85 Safari/537.36 Edg/90.0.818.46"
36.133.115.36 - - [28/May/2026:06:26:25 +0800] "POST /wp-cron.php?doing_wp_cron=1779920785.8574750423431396484375 HTTP/1.1" 200 31 "-" "WordPress/6.9; http://cqqizhou.com"
119.84.246.117 - - [28/May/2026:06:26:25 +0800] "GET / HTTP/1.1" 301 5 "-" "Mozilla/5.0 (Windows NT 6.1; WOW64) AppleWebKit/535.19 (KHTML, like Gecko) Chrome/18.0.1025.168 Safari/535.19 QIHU 360EE"
119.84.246.117 - - [28/May/2026:06:26:25 +0800] "GET / HTTP/1.1" 200 160201 "-" "Mozilla/5.0 (Windows NT 6.1; WOW64) AppleWebKit/535.19 (KHTML, like Gecko) Chrome/18.0.1025.168 Safari/535.19 QIHU 360EE"
119.84.246.117 - - [28/May/2026:06:26:26 +0800] "GET / HTTP/1.1" 301 5 "-" "Mozilla/5.0 (Windows NT 6.1) AppleWebKit/535.12 (KHTML, like Gecko) Maxthon/3.4.2.3000 Chrome/18.0.966.0 Safari/535.12"
119.84.246.117 - - [28/May/2026:06:26:26 +0800] "GET / HTTP/1.1" 200 160201 "-" "Mozilla/5.0 (Windows NT 6.1) AppleWebKit/535.12 (KHTML, like Gecko) Maxthon/3.4.2.3000 Chrome/18.0.966.0 Safari/535.12"
119.84.246.117 - - [28/May/2026:06:26:27 +0800] "GET / HTTP/1.1" 301 5 "-" "Mozilla/5.0 (Windows; U; Windows NT 6.1; zh_CN) AppleWebKit/534.7 (KHTML, like Gecko) Chrome/18.0 BIDUBrowser/2.6 Safari/534.7"
119.84.246.117 - - [28/May/2026:06:26:27 +0800] "GET / HTTP/1.1" 200 160201 "-" "Mozilla/5.0 (Windows; U; Windows NT 6.1; zh_CN) AppleWebKit/534.7 (KHTML, like Gecko) Chrome/18.0 BIDUBrowser/2.6 Safari/534.7"
36.133.115.36 - - [28/May/2026:06:34:34 +0800] "POST /wp-cron.php?doing_wp_cron=1779921274.0889201164245605468750 HTTP/1.1" 200 31 "-" "WordPress/6.9; http://cqqizhou.com"
34.156.253.181 - - [28/May/2026:06:34:34 +0800] "GET / HTTP/1.1" 301 5 "-" "Mozilla/5.0 (X11; Linux armv7l) AppleWebKit/537.36 (KHTML, like Gecko) Chrome/67.0.3396.87 Safari/537.36"
34.156.253.181 - - [28/May/2026:06:34:35 +0800] "GET / HTTP/1.1" 200 35528 "http://36.133.115.36:80" "Mozilla/5.0 (X11; Linux armv7l) AppleWebKit/537.36 (KHTML, like Gecko) Chrome/67.0.3396.87 Safari/537.36"
36.133.115.36 - - [28/May/2026:06:45:37 +0800] "POST /wp-cron.php?doing_wp_cron=1779921937.6266551017761230468750 HTTP/1.1" 200 31 "-" "WordPress/6.9; http://cqqizhou.com"
114.119.138.28 - - [28/May/2026:06:45:37 +0800] "GET /robots.txt HTTP/1.1" 200 190 "-" "Mozilla/5.0 (compatible;PetalBot;+https://webmaster.petalsearch.com/site/petalbot)"
36.133.115.36 - - [28/May/2026:07:29:15 +0800] "POST /wp-cron.php?doing_wp_cron=1779924555.8142309188842773437500 HTTP/1.1" 200 31 "-" "WordPress/6.9; http://cqqizhou.com"
119.45.7.86 - - [28/May/2026:07:29:15 +0800] "GET / HTTP/1.1" 301 5 "-" "Mozilla/5.0 (iPhone; CPU iPhone OS 13_2_3 like Mac OS X) AppleWebKit/605.1.15 (KHTML, like Gecko) Version/13.0.3 Mobile/15E148 Safari/604.1"
119.45.7.86 - - [28/May/2026:07:29:17 +0800] "GET / HTTP/1.1" 200 35086 "http://www.cqqizhou.com" "Mozilla/5.0 (iPhone; CPU iPhone OS 13_2_3 like Mac OS X) AppleWebKit/605.1.15 (KHTML, like Gecko) Version/13.0.3 Mobile/15E148 Safari/604.1"
39.128.28.216 - - [28/May/2026:07:33:58 +0800] "GET / HTTP/1.1" 200 35528 "-" "Mozilla/5.0 (Windows NT 10.0; Win64; x64) AppleWebKit/537.36 (KHTML, like Gecko) Chrome/147.0.0.0 Safari/537.36 Edg/147.0.0.0"
39.128.28.216 - - [28/May/2026:07:34:22 +0800] "GET /wp-content/uploads/2026/05/1779328461-1Article_images_W900px.webp HTTP/1.1" 304 0 "http://cqqizhou.com/" "Mozilla/5.0 (Windows NT 10.0; Win64; x64) AppleWebKit/537.36 (KHTML, like Gecko) Chrome/147.0.0.0 Safari/537.36 Edg/147.0.0.0"
39.128.28.216 - - [28/May/2026:07:34:22 +0800] "GET /wp-content/uploads/2026/05/1779059685-1Article_images_W900px.webp HTTP/1.1" 304 0 "http://cqqizhou.com/" "Mozilla/5.0 (Windows NT 10.0; Win64; x64) AppleWebKit/537.36 (KHTML, like Gecko) Chrome/147.0.0.0 Safari/537.36 Edg/147.0.0.0"
39.128.28.216 - - [28/May/2026:07:34:22 +0800] "GET /wp-content/uploads/2026/04/1777513410-1Article_images_W900px.webp HTTP/1.1" 304 0 "http://cqqizhou.com/" "Mozilla/5.0 (Windows NT 10.0; Win64; x64) AppleWebKit/537.36 (KHTML, like Gecko) Chrome/147.0.0.0 Safari/537.36 Edg/147.0.0.0"
39.128.28.216 - - [28/May/2026:07:34:22 +0800] "GET /wp-content/uploads/2026/04/1775698332-Article_images_W900px.webp HTTP/1.1" 304 0 "http://cqqizhou.com/" "Mozilla/5.0 (Windows NT 10.0; Win64; x64) AppleWebKit/537.36 (KHTML, like Gecko) Chrome/147.0.0.0 Safari/537.36 Edg/147.0.0.0"
39.128.28.216 - - [28/May/2026:07:34:22 +0800] "GET /wp-content/uploads/2026/04/1775865780-1Article_images_W900px.webp HTTP/1.1" 304 0 "http://cqqizhou.com/" "Mozilla/5.0 (Windows NT 10.0; Win64; x64) AppleWebKit/537.36 (KHTML, like Gecko) Chrome/147.0.0.0 Safari/537.36 Edg/147.0.0.0"
39.128.28.216 - - [28/May/2026:07:34:22 +0800] "GET /wp-content/uploads/2026/01/1768276119-qizhoujiagong_Slider_3840%C3%972160_20260113-scaled-50x100.webp HTTP/1.1" 200 976 "http://cqqizhou.com/" "Mozilla/5.0 (Windows NT 10.0; Win64; x64) AppleWebKit/537.36 (KHTML, like Gecko) Chrome/147.0.0.0 Safari/537.36 Edg/147.0.0.0"
39.128.28.216 - - [28/May/2026:07:34:22 +0800] "GET /wp-content/uploads/revslider/slider-1/1750861156-logistics_Slider_3840%C3%972160_20250625191356-scaled-50x100.webp HTTP/1.1" 200 1416 "http://cqqizhou.com/" "Mozilla/5.0 (Windows NT 10.0; Win64; x64) AppleWebKit/537.36 (KHTML, like Gecko) Chrome/147.0.0.0 Safari/537.36 Edg/147.0.0.0"
39.128.28.216 - - [28/May/2026:07:34:22 +0800] "GET /wp-content/uploads/2025/07/1753453096-%E5%8F%8C%E7%9B%B8%E9%92%A2product_Single600%C3%97284.webp HTTP/1.1" 200 14562 "http://cqqizhou.com/" "Mozilla/5.0 (Windows NT 10.0; Win64; x64) AppleWebKit/537.36 (KHTML, like Gecko) Chrome/147.0.0.0 Safari/537.36 Edg/147.0.0.0"
39.128.28.216 - - [28/May/2026:07:34:22 +0800] "GET /wp-content/uploads/2025/07/1753456723-%E5%8F%8C%E7%9B%B8%E9%92%A2roduct_Single600.webp HTTP/1.1" 200 22790 "http://cqqizhou.com/" "Mozilla/5.0 (Windows NT 10.0; Win64; x64) AppleWebKit/537.36 (KHTML, like Gecko) Chrome/147.0.0.0 Safari/537.36 Edg/147.0.0.0"
39.128.28.216 - - [28/May/2026:07:34:22 +0800] "GET /wp-content/uploads/2025/07/1753456770-%E7%83%AD%E9%95%80%E9%94%8C%E5%8D%B7product_Single600.webp HTTP/1.1" 200 27502 "http://cqqizhou.com/" "Mozilla/5.0 (Windows NT 10.0; Win64; x64) AppleWebKit/537.36 (KHTML, like Gecko) Chrome/147.0.0.0 Safari/537.36 Edg/147.0.0.0"
39.128.28.216 - - [28/May/2026:07:34:22 +0800] "GET /wp-content/uploads/2025/07/1753453127-%E4%BD%99%E5%8D%B7product_Single600%C3%97284.webp HTTP/1.1" 200 18744 "http://cqqizhou.com/" "Mozilla/5.0 (Windows NT 10.0; Win64; x64) AppleWebKit/537.36 (KHTML, like Gecko) Chrome/147.0.0.0 Safari/537.36 Edg/147.0.0.0"
39.128.28.216 - - [28/May/2026:07:34:23 +0800] "GET /wp-json/sliderrevolution/sliders/1?srengine=7&slideid=2 HTTP/1.1" 200 2000 "http://cqqizhou.com/" "Mozilla/5.0 (Windows NT 10.0; Win64; x64) AppleWebKit/537.36 (KHTML, like Gecko) Chrome/147.0.0.0 Safari/537.36 Edg/147.0.0.0"
36.133.115.36 - - [28/May/2026:07:34:23 +0800] "POST /wp-cron.php?doing_wp_cron=1779924863.1412100791931152343750 HTTP/1.1" 200 31 "-" "WordPress/6.9; http://cqqizhou.com"
39.128.28.216 - - [28/May/2026:07:34:23 +0800] "GET /wp-json/sliderrevolution/sliders/1?srengine=7&slideid=4 HTTP/1.1" 200 2580 "http://cqqizhou.com/" "Mozilla/5.0 (Windows NT 10.0; Win64; x64) AppleWebKit/537.36 (KHTML, like Gecko) Chrome/147.0.0.0 Safari/537.36 Edg/147.0.0.0"
39.128.28.216 - - [28/May/2026:07:34:23 +0800] "GET /wp-content/uploads/2026/01/1768276119-qizhoujiagong_Slider_3840%C3%972160_20260113-scaled.webp HTTP/1.1" 200 131696 "http://cqqizhou.com/" "Mozilla/5.0 (Windows NT 10.0; Win64; x64) AppleWebKit/537.36 (KHTML, like Gecko) Chrome/147.0.0.0 Safari/537.36 Edg/147.0.0.0"
39.128.28.216 - - [28/May/2026:07:34:24 +0800] "GET /wp-content/uploads/revslider/slider-1/1750861156-logistics_Slider_3840%C3%972160_20250625191356-scaled.webp HTTP/1.1" 200 197360 "http://cqqizhou.com/" "Mozilla/5.0 (Windows NT 10.0; Win64; x64) AppleWebKit/537.36 (KHTML, like Gecko) Chrome/147.0.0.0 Safari/537.36 Edg/147.0.0.0"
39.128.28.216 - - [28/May/2026:07:34:38 +0800] "GET /wp-admin/ HTTP/1.1" 302 5 "-" "Mozilla/5.0 (Windows NT 10.0; Win64; x64) AppleWebKit/537.36 (KHTML, like Gecko) Chrome/147.0.0.0 Safari/537.36 Edg/147.0.0.0"
39.128.28.216 - - [28/May/2026:07:34:38 +0800] "GET /wp-login.php?redirect_to=http%3A%2F%2Fcqqizhou.com%2Fwp-admin%2F&reauth=1 HTTP/1.1" 200 2853 "-" "Mozilla/5.0 (Windows NT 10.0; Win64; x64) AppleWebKit/537.36 (KHTML, like Gecko) Chrome/147.0.0.0 Safari/537.36 Edg/147.0.0.0"
39.128.28.216 - - [28/May/2026:07:34:43 +0800] "POST /wp-login.php HTTP/1.1" 302 5 "http://cqqizhou.com/wp-login.php?redirect_to=http%3A%2F%2Fcqqizhou.com%2Fwp-admin%2F&reauth=1" "Mozilla/5.0 (Windows NT 10.0; Win64; x64) AppleWebKit/537.36 (KHTML, like Gecko) Chrome/147.0.0.0 Safari/537.36 Edg/147.0.0.0"
39.128.28.216 - - [28/May/2026:07:34:48 +0800] "GET /wp-admin/ HTTP/1.1" 200 83986 "http://cqqizhou.com/wp-login.php?redirect_to=http%3A%2F%2Fcqqizhou.com%2Fwp-admin%2F&reauth=1" "Mozilla/5.0 (Windows NT 10.0; Win64; x64) AppleWebKit/537.36 (KHTML, like Gecko) Chrome/147.0.0.0 Safari/537.36 Edg/147.0.0.0"
39.128.28.216 - - [28/May/2026:07:34:59 +0800] "GET /wp-admin/edit.php HTTP/1.1" 200 86255 "http://cqqizhou.com/wp-admin/" "Mozilla/5.0 (Windows NT 10.0; Win64; x64) AppleWebKit/537.36 (KHTML, like Gecko) Chrome/147.0.0.0 Safari/537.36 Edg/147.0.0.0"
39.128.28.216 - - [28/May/2026:07:34:59 +0800] "GET /wp-content/uploads/2026/05/1779328461-1Article_images_W900px-150x150.webp HTTP/1.1" 304 0 "http://cqqizhou.com/wp-admin/edit.php" "Mozilla/5.0 (Windows NT 10.0; Win64; x64) AppleWebKit/537.36 (KHTML, like Gecko) Chrome/147.0.0.0 Safari/537.36 Edg/147.0.0.0"
39.128.28.216 - - [28/May/2026:07:34:59 +0800] "GET /wp-content/uploads/2026/05/1779059685-1Article_images_W900px-150x150.webp HTTP/1.1" 304 0 "http://cqqizhou.com/wp-admin/edit.php" "Mozilla/5.0 (Windows NT 10.0; Win64; x64) AppleWebKit/537.36 (KHTML, like Gecko) Chrome/147.0.0.0 Safari/537.36 Edg/147.0.0.0"
39.128.28.216 - - [28/May/2026:07:34:59 +0800] "GET /wp-content/uploads/2026/04/1775698332-Article_images_W900px-150x150.webp HTTP/1.1" 304 0 "http://cqqizhou.com/wp-admin/edit.php" "Mozilla/5.0 (Windows NT 10.0; Win64; x64) AppleWebKit/537.36 (KHTML, like Gecko) Chrome/147.0.0.0 Safari/537.36 Edg/147.0.0.0"
39.128.28.216 - - [28/May/2026:07:34:59 +0800] "GET /wp-content/uploads/2026/04/1775195054-1Article_images_W900px-150x150.webp HTTP/1.1" 304 0 "http://cqqizhou.com/wp-admin/edit.php" "Mozilla/5.0 (Windows NT 10.0; Win64; x64) AppleWebKit/537.36 (KHTML, like Gecko) Chrome/147.0.0.0 Safari/537.36 Edg/147.0.0.0"
39.128.28.216 - - [28/May/2026:07:34:59 +0800] "GET /wp-content/uploads/2026/04/1775865780-1Article_images_W900px-150x150.webp HTTP/1.1" 304 0 "http://cqqizhou.com/wp-admin/edit.php" "Mozilla/5.0 (Windows NT 10.0; Win64; x64) AppleWebKit/537.36 (KHTML, like Gecko) Chrome/147.0.0.0 Safari/537.36 Edg/147.0.0.0"
39.128.28.216 - - [28/May/2026:07:34:59 +0800] "GET /wp-content/uploads/2026/04/1777513410-1Article_images_W900px-150x150.webp HTTP/1.1" 304 0 "http://cqqizhou.com/wp-admin/edit.php" "Mozilla/5.0 (Windows NT 10.0; Win64; x64) AppleWebKit/537.36 (KHTML, like Gecko) Chrome/147.0.0.0 Safari/537.36 Edg/147.0.0.0"
39.128.28.216 - - [28/May/2026:07:34:59 +0800] "GET /wp-content/uploads/2026/03/1772790791-%E5%B0%81%E9%9D%A2%E5%A4%B4%E5%9B%BEArticle_images_W900%C3%97500px2026-150x150.webp HTTP/1.1" 304 0 "http://cqqizhou.com/wp-admin/edit.php" "Mozilla/5.0 (Windows NT 10.0; Win64; x64) AppleWebKit/537.36 (KHTML, like Gecko) Chrome/147.0.0.0 Safari/537.36 Edg/147.0.0.0"
39.128.28.216 - - [28/May/2026:07:34:59 +0800] "GET /wp-content/uploads/2026/03/1773722869-1Article_images_W900px-150x150.webp HTTP/1.1" 304 0 "http://cqqizhou.com/wp-admin/edit.php" "Mozilla/5.0 (Windows NT 10.0; Win64; x64) AppleWebKit/537.36 (KHTML, like Gecko) Chrome/147.0.0.0 Safari/537.36 Edg/147.0.0.0"
39.128.28.216 - - [28/May/2026:07:34:59 +0800] "GET /wp-content/uploads/2026/02/1772086672-%E5%BC%80%E5%B7%A5%E5%A4%A7%E5%90%89%E5%B0%81%E9%9D%A2%E5%A4%B4%E5%9B%BEArticle_images_W900%C3%97500px-150x150.webp HTTP/1.1" 304 0 "http://cqqizhou.com/wp-admin/edit.php" "Mozilla/5.0 (Windows NT 10.0; Win64; x64) AppleWebKit/537.36 (KHTML, like Gecko) Chrome/147.0.0.0 Safari/537.36 Edg/147.0.0.0"
39.128.28.216 - - [28/May/2026:07:34:59 +0800] "GET /wp-content/uploads/2026/03/1772713922-Article_images_W900px-150x150.webp HTTP/1.1" 304 0 "http://cqqizhou.com/wp-admin/edit.php" "Mozilla/5.0 (Windows NT 10.0; Win64; x64) AppleWebKit/537.36 (KHTML, like Gecko) Chrome/147.0.0.0 Safari/537.36 Edg/147.0.0.0"
39.128.28.216 - - [28/May/2026:07:34:59 +0800] "GET /wp-content/uploads/2026/02/1770617354-Article_images_W900px-150x150.webp HTTP/1.1" 304 0 "http://cqqizhou.com/wp-admin/edit.php" "Mozilla/5.0 (Windows NT 10.0; Win64; x64) AppleWebKit/537.36 (KHTML, like Gecko) Chrome/147.0.0.0 Safari/537.36 Edg/147.0.0.0"
39.128.28.216 - - [28/May/2026:07:34:59 +0800] "GET /wp-content/uploads/2026/02/1770617948-Article_images_W900%C3%97500px-150x150.webp HTTP/1.1" 304 0 "http://cqqizhou.com/wp-admin/edit.php" "Mozilla/5.0 (Windows NT 10.0; Win64; x64) AppleWebKit/537.36 (KHTML, like Gecko) Chrome/147.0.0.0 Safari/537.36 Edg/147.0.0.0"
39.128.28.216 - - [28/May/2026:07:35:00 +0800] "POST /wp-admin/admin-ajax.php HTTP/1.1" 200 78 "http://cqqizhou.com/wp-admin/edit.php" "Mozilla/5.0 (Windows NT 10.0; Win64; x64) AppleWebKit/537.36 (KHTML, like Gecko) Chrome/147.0.0.0 Safari/537.36 Edg/147.0.0.0"
39.128.28.216 - - [28/May/2026:07:35:05 +0800] "GET /wp-admin/post-new.php HTTP/1.1" 200 203654 "http://cqqizhou.com/wp-admin/edit.php" "Mozilla/5.0 (Windows NT 10.0; Win64; x64) AppleWebKit/537.36 (KHTML, like Gecko) Chrome/147.0.0.0 Safari/537.36 Edg/147.0.0.0"
39.128.28.216 - - [28/May/2026:07:35:06 +0800] "GET /?action=kirki-styles&editor=1&ver=4.0 HTTP/1.1" 200 210 "http://cqqizhou.com/wp-admin/post-new.php" "Mozilla/5.0 (Windows NT 10.0; Win64; x64) AppleWebKit/537.36 (KHTML, like Gecko) Chrome/147.0.0.0 Safari/537.36 Edg/147.0.0.0"
39.128.28.216 - - [28/May/2026:07:35:07 +0800] "OPTIONS /wp-json/wp/v2/settings?_locale=user HTTP/1.1" 200 1301 "http://cqqizhou.com/wp-admin/post-new.php" "Mozilla/5.0 (Windows NT 10.0; Win64; x64) AppleWebKit/537.36 (KHTML, like Gecko) Chrome/147.0.0.0 Safari/537.36 Edg/147.0.0.0"
39.128.28.216 - - [28/May/2026:07:35:07 +0800] "GET /wp-json/wp/v2/comments?context=edit&post=2582&type=note&status=all&per_page=100&_locale=user HTTP/1.1" 200 33 "http://cqqizhou.com/wp-admin/post-new.php" "Mozilla/5.0 (Windows NT 10.0; Win64; x64) AppleWebKit/537.36 (KHTML, like Gecko) Chrome/147.0.0.0 Safari/537.36 Edg/147.0.0.0"
36.133.115.36 - - [28/May/2026:07:35:08 +0800] "POST /wp-cron.php?doing_wp_cron=1779924908.0139439105987548828125 HTTP/1.1" 200 31 "-" "WordPress/6.9; http://cqqizhou.com"
39.128.28.216 - - [28/May/2026:07:35:08 +0800] "GET /wp-json/wp/v2/taxonomies?context=edit&per_page=100&_locale=user HTTP/1.1" 200 1742 "http://cqqizhou.com/wp-admin/post-new.php" "Mozilla/5.0 (Windows NT 10.0; Win64; x64) AppleWebKit/537.36 (KHTML, like Gecko) Chrome/147.0.0.0 Safari/537.36 Edg/147.0.0.0"
39.128.28.216 - - [28/May/2026:07:35:08 +0800] "GET /wp-json/wp/v2/blocks?context=edit&per_page=100&page=1&_locale=user HTTP/1.1" 200 33 "http://cqqizhou.com/wp-admin/post-new.php" "Mozilla/5.0 (Windows NT 10.0; Win64; x64) AppleWebKit/537.36 (KHTML, like Gecko) Chrome/147.0.0.0 Safari/537.36 Edg/147.0.0.0"
39.128.28.216 - - [28/May/2026:07:35:08 +0800] "GET /wp-json/wp/v2/users/1?context=view&_fields=id%2Cname&_locale=user HTTP/1.1" 200 54 "http://cqqizhou.com/wp-admin/post-new.php" "Mozilla/5.0 (Windows NT 10.0; Win64; x64) AppleWebKit/537.36 (KHTML, like Gecko) Chrome/147.0.0.0 Safari/537.36 Edg/147.0.0.0"
39.128.28.216 - - [28/May/2026:07:35:08 +0800] "OPTIONS /wp-json/wp/v2/posts?_locale=user HTTP/1.1" 200 2962 "http://cqqizhou.com/wp-admin/post-new.php" "Mozilla/5.0 (Windows NT 10.0; Win64; x64) AppleWebKit/537.36 (KHTML, like Gecko) Chrome/147.0.0.0 Safari/537.36 Edg/147.0.0.0"
39.128.28.216 - - [28/May/2026:07:35:08 +0800] "GET /wp-json/wp/v2/wp_pattern_category?context=view&per_page=100&_fields=id%2Cname%2Cdescription%2Cslug&_locale=user HTTP/1.1" 200 33 "http://cqqizhou.com/wp-admin/post-new.php" "Mozilla/5.0 (Windows NT 10.0; Win64; x64) AppleWebKit/537.36 (KHTML, like Gecko) Chrome/147.0.0.0 Safari/537.36 Edg/147.0.0.0"
39.128.28.216 - - [28/May/2026:07:35:08 +0800] "GET /wp-json/wp/v2/pages/1665?context=edit&_locale=user HTTP/1.1" 200 764 "http://cqqizhou.com/wp-admin/post-new.php" "Mozilla/5.0 (Windows NT 10.0; Win64; x64) AppleWebKit/537.36 (KHTML, like Gecko) Chrome/147.0.0.0 Safari/537.36 Edg/147.0.0.0"
39.128.28.216 - - [28/May/2026:07:35:08 +0800] "GET /wp-json/wp/v2/tags?context=view&per_page=10&orderby=count&order=desc&hide_empty=true&_fields=id%2Cname%2Ccount&_locale=user HTTP/1.1" 200 159 "http://cqqizhou.com/wp-admin/post-new.php" "Mozilla/5.0 (Windows NT 10.0; Win64; x64) AppleWebKit/537.36 (KHTML, like Gecko) Chrome/147.0.0.0 Safari/537.36 Edg/147.0.0.0"
39.128.28.216 - - [28/May/2026:07:35:08 +0800] "GET /wp-json/wp/v2/categories?context=view&per_page=100&orderby=name&order=asc&_fields=id%2Cname%2Cparent&page=1&_locale=user HTTP/1.1" 200 144 "http://cqqizhou.com/wp-admin/post-new.php" "Mozilla/5.0 (Windows NT 10.0; Win64; x64) AppleWebKit/537.36 (KHTML, like Gecko) Chrome/147.0.0.0 Safari/537.36 Edg/147.0.0.0"
36.133.115.36 - - [28/May/2026:07:35:10 +0800] "POST /wp-cron.php?doing_wp_cron=1779924910.7905440330505371093750 HTTP/1.1" 200 31 "-" "WordPress/6.9; http://cqqizhou.com"
39.128.28.216 - - [28/May/2026:07:35:10 +0800] "GET /wp-json/wp/v2/block-patterns/patterns?_locale=user HTTP/1.1" 200 19942 "http://cqqizhou.com/wp-admin/post-new.php" "Mozilla/5.0 (Windows NT 10.0; Win64; x64) AppleWebKit/537.36 (KHTML, like Gecko) Chrome/147.0.0.0 Safari/537.36 Edg/147.0.0.0"
39.128.28.216 - - [28/May/2026:07:35:17 +0800] "POST /wp-admin/admin-ajax.php HTTP/1.1" 200 112 "http://cqqizhou.com/wp-admin/post-new.php" "Mozilla/5.0 (Windows NT 10.0; Win64; x64) AppleWebKit/537.36 (KHTML, like Gecko) Chrome/147.0.0.0 Safari/537.36 Edg/147.0.0.0"
39.128.28.216 - - [28/May/2026:07:35:27 +0800] "OPTIONS /wp-json/wp/v2/posts/?context=edit&_locale=user HTTP/1.1" 200 2962 "http://cqqizhou.com/wp-admin/post-new.php" "Mozilla/5.0 (Windows NT 10.0; Win64; x64) AppleWebKit/537.36 (KHTML, like Gecko) Chrome/147.0.0.0 Safari/537.36 Edg/147.0.0.0"
39.128.28.216 - - [28/May/2026:07:35:27 +0800] "POST /wp-admin/admin-ajax.php HTTP/1.1" 200 112 "http://cqqizhou.com/wp-admin/post-new.php" "Mozilla/5.0 (Windows NT 10.0; Win64; x64) AppleWebKit/537.36 (KHTML, like Gecko) Chrome/147.0.0.0 Safari/537.36 Edg/147.0.0.0"
39.128.28.216 - - [28/May/2026:07:35:38 +0800] "POST /wp-admin/admin-ajax.php HTTP/1.1" 200 112 "http://cqqizhou.com/wp-admin/post-new.php" "Mozilla/5.0 (Windows NT 10.0; Win64; x64) AppleWebKit/537.36 (KHTML, like Gecko) Chrome/147.0.0.0 Safari/537.36 Edg/147.0.0.0"
39.128.28.216 - - [28/May/2026:07:36:08 +0800] "POST /wp-json/wp/v2/posts/2582/autosaves?_locale=user HTTP/1.1" 200 350 "http://cqqizhou.com/wp-admin/post-new.php" "Mozilla/5.0 (Windows NT 10.0; Win64; x64) AppleWebKit/537.36 (KHTML, like Gecko) Chrome/147.0.0.0 Safari/537.36 Edg/147.0.0.0"
36.133.115.36 - - [28/May/2026:07:36:20 +0800] "POST /wp-cron.php?doing_wp_cron=1779924980.8367850780487060546875 HTTP/1.1" 200 31 "-" "WordPress/6.9; http://cqqizhou.com"
