36.133.115.36 - - [28/May/2026:15:57:36 +0800] "POST /wp-cron.php?doing_wp_cron=1779955056.2410230636596679687500 HTTP/1.1" 200 31 "-" "WordPress/6.9; http://cqqizhou.com"
119.45.253.185 - - [28/May/2026:15:57:36 +0800] "GET /wp-content/uploads/2026/05/1779925245-Article_images_W900px.webp%20900w,%20http://cqqizhou.com/wp-content/uploads/2026/05/1779925245-Article_images_W900px-300x169.webp%20300w,%20http://cqqizhou.com/wp-content/uploads/2026/05/1779925245-Article_images_W900px-768x432.webp%20768w HTTP/1.1" 301 5 "http://cqqizhou.com/" "Mozilla/5.0 (Windows NT 10.0; Win64; x64) AppleWebKit/537.36 (KHTML, like Gecko) Chrome/108.0.0.0 Safari/537.36"
119.45.253.185 - - [28/May/2026:15:57:38 +0800] "GET /wp-content/uploads/2026/05/1779925245-Article_images_W900px.webp%20900w,%20http:/cqqizhou.com/wp-content/uploads/2026/05/1779925245-Article_images_W900px-300x169.webp%20300w,%20http:/cqqizhou.com/wp-content/uploads/2026/05/1779925245-Article_images_W900px-768x432.webp%20768w HTTP/1.1" 404 9409 "http://cqqizhou.com/" "Mozilla/5.0 (Windows NT 10.0; Win64; x64) AppleWebKit/537.36 (KHTML, like Gecko) Chrome/108.0.0.0 Safari/537.36"
36.133.115.36 - - [28/May/2026:16:12:03 +0800] "POST /wp-cron.php?doing_wp_cron=1779955923.1729960441589355468750 HTTP/1.1" 200 31 "-" "WordPress/6.9; http://cqqizhou.com"
43.134.57.179 - - [28/May/2026:16:12:03 +0800] "GET / HTTP/1.1" 301 5 "-" "Mozilla/5.0 (iPhone; CPU iPhone OS 13_2_3 like Mac OS X) AppleWebKit/605.1.15 (KHTML, like Gecko) Version/13.0.3 Mobile/15E148 Safari/604.1"
43.134.57.179 - - [28/May/2026:16:12:04 +0800] "GET / HTTP/1.1" 200 35116 "http://36.133.115.36" "Mozilla/5.0 (iPhone; CPU iPhone OS 13_2_3 like Mac OS X) AppleWebKit/605.1.15 (KHTML, like Gecko) Version/13.0.3 Mobile/15E148 Safari/604.1"
36.133.115.36 - - [28/May/2026:16:18:40 +0800] "POST /wp-cron.php?doing_wp_cron=1779956320.1024820804595947265625 HTTP/1.1" 200 31 "-" "WordPress/6.9; http://cqqizhou.com"
45.148.10.67 - - [28/May/2026:16:18:40 +0800] "GET / HTTP/1.1" 200 35116 "-" "Mozilla/5.0 (Windows NT 10.0; Win64; x64) AppleWebKit/537.36 (KHTML, like Gecko) Chrome/131.0.0.0 Safari/537.36"
36.133.115.36 - - [28/May/2026:16:24:59 +0800] "POST /wp-cron.php?doing_wp_cron=1779956699.5918560028076171875000 HTTP/1.1" 200 31 "-" "WordPress/6.9; http://cqqizhou.com"
222.221.156.77 - - [28/May/2026:16:24:59 +0800] "GET /wp-admin/ HTTP/1.1" 302 5 "-" "Mozilla/5.0 (Windows NT 10.0; Win64; x64) AppleWebKit/537.36 (KHTML, like Gecko) Chrome/147.0.0.0 Safari/537.36 Edg/147.0.0.0"
36.133.115.36 - - [28/May/2026:16:25:15 +0800] "POST /wp-cron.php?doing_wp_cron=1779956715.1912560462951660156250 HTTP/1.1" 200 31 "-" "WordPress/6.9; http://cqqizhou.com"
222.221.156.77 - - [28/May/2026:16:25:15 +0800] "GET /wp-login.php?redirect_to=http%3A%2F%2Fcqqizhou.com%2Fwp-admin%2F&reauth=1 HTTP/1.1" 200 2854 "-" "Mozilla/5.0 (Windows NT 10.0; Win64; x64) AppleWebKit/537.36 (KHTML, like Gecko) Chrome/147.0.0.0 Safari/537.36 Edg/147.0.0.0"
222.221.156.77 - - [28/May/2026:16:25:36 +0800] "POST /wp-login.php HTTP/1.1" 302 5 "http://cqqizhou.com/wp-login.php?redirect_to=http%3A%2F%2Fcqqizhou.com%2Fwp-admin%2F&reauth=1" "Mozilla/5.0 (Windows NT 10.0; Win64; x64) AppleWebKit/537.36 (KHTML, like Gecko) Chrome/147.0.0.0 Safari/537.36 Edg/147.0.0.0"
222.221.156.77 - - [28/May/2026:16:26:38 +0800] "GET /wp-admin/ HTTP/1.1" 200 67108 "http://cqqizhou.com/wp-login.php?redirect_to=http%3A%2F%2Fcqqizhou.com%2Fwp-admin%2F&reauth=1" "Mozilla/5.0 (Windows NT 10.0; Win64; x64) AppleWebKit/537.36 (KHTML, like Gecko) Chrome/147.0.0.0 Safari/537.36 Edg/147.0.0.0"
222.221.156.77 - - [28/May/2026:16:28:04 +0800] "GET /wp-admin/update-core.php HTTP/1.1" 499 0 "http://cqqizhou.com/wp-admin/" "Mozilla/5.0 (Windows NT 10.0; Win64; x64) AppleWebKit/537.36 (KHTML, like Gecko) Chrome/147.0.0.0 Safari/537.36 Edg/147.0.0.0"
36.133.115.36 - - [28/May/2026:16:28:08 +0800] "POST /wp-cron.php?doing_wp_cron=1779956888.0727720260620117187500 HTTP/1.1" 200 31 "-" "WordPress/6.9; http://cqqizhou.com"
222.221.156.77 - - [28/May/2026:16:28:28 +0800] "GET /wp-admin/index.php HTTP/1.1" 200 83999 "http://cqqizhou.com/wp-admin/" "Mozilla/5.0 (Windows NT 10.0; Win64; x64) AppleWebKit/537.36 (KHTML, like Gecko) Chrome/147.0.0.0 Safari/537.36 Edg/147.0.0.0"
36.133.115.36 - - [28/May/2026:16:29:30 +0800] "POST /wp-cron.php?doing_wp_cron=1779956970.6880309581756591796875 HTTP/1.1" 200 31 "-" "WordPress/6.9; http://cqqizhou.com"
222.221.156.77 - - [28/May/2026:16:29:30 +0800] "POST /wp-admin/admin-ajax.php HTTP/1.1" 200 78 "http://cqqizhou.com/wp-admin/index.php" "Mozilla/5.0 (Windows NT 10.0; Win64; x64) AppleWebKit/537.36 (KHTML, like Gecko) Chrome/147.0.0.0 Safari/537.36 Edg/147.0.0.0"
222.221.156.77 - - [28/May/2026:16:29:38 +0800] "GET /wp-content/uploads/2026/05/1779925245-Article_images_W900px-150x150.webp HTTP/1.1" 304 0 "http://cqqizhou.com/wp-admin/edit.php" "Mozilla/5.0 (Windows NT 10.0; Win64; x64) AppleWebKit/537.36 (KHTML, like Gecko) Chrome/147.0.0.0 Safari/537.36 Edg/147.0.0.0"
222.221.156.77 - - [28/May/2026:16:29:38 +0800] "GET /wp-content/uploads/2026/02/1770341652-2026251Article_images_W900%C3%97500px-150x150.webp HTTP/1.1" 304 0 "http://cqqizhou.com/wp-admin/edit.php" "Mozilla/5.0 (Windows NT 10.0; Win64; x64) AppleWebKit/537.36 (KHTML, like Gecko) Chrome/147.0.0.0 Safari/537.36 Edg/147.0.0.0"
222.221.156.77 - - [28/May/2026:16:29:38 +0800] "GET /wp-content/uploads/2026/01/1770349139-202624Article_images_W900%C3%97500px20260--150x150.webp HTTP/1.1" 304 0 "http://cqqizhou.com/wp-admin/edit.php" "Mozilla/5.0 (Windows NT 10.0; Win64; x64) AppleWebKit/537.36 (KHTML, like Gecko) Chrome/147.0.0.0 Safari/537.36 Edg/147.0.0.0"
222.221.156.77 - - [28/May/2026:16:29:38 +0800] "GET /wp-admin/edit.php HTTP/1.1" 200 86424 "http://cqqizhou.com/wp-admin/index.php" "Mozilla/5.0 (Windows NT 10.0; Win64; x64) AppleWebKit/537.36 (KHTML, like Gecko) Chrome/147.0.0.0 Safari/537.36 Edg/147.0.0.0"
222.221.156.77 - - [28/May/2026:16:29:40 +0800] "POST /wp-admin/admin-ajax.php HTTP/1.1" 200 78 "http://cqqizhou.com/wp-admin/edit.php" "Mozilla/5.0 (Windows NT 10.0; Win64; x64) AppleWebKit/537.36 (KHTML, like Gecko) Chrome/147.0.0.0 Safari/537.36 Edg/147.0.0.0"
222.221.156.77 - - [28/May/2026:16:29:44 +0800] "GET /?action=kirki-styles&editor=1&ver=4.0 HTTP/1.1" 200 210 "http://cqqizhou.com/wp-admin/post-new.php" "Mozilla/5.0 (Windows NT 10.0; Win64; x64) AppleWebKit/537.36 (KHTML, like Gecko) Chrome/147.0.0.0 Safari/537.36 Edg/147.0.0.0"
222.221.156.77 - - [28/May/2026:16:29:46 +0800] "GET /wp-admin/post-new.php HTTP/1.1" 200 203703 "http://cqqizhou.com/wp-admin/edit.php" "Mozilla/5.0 (Windows NT 10.0; Win64; x64) AppleWebKit/537.36 (KHTML, like Gecko) Chrome/147.0.0.0 Safari/537.36 Edg/147.0.0.0"
222.221.156.77 - - [28/May/2026:16:29:47 +0800] "OPTIONS /wp-json/wp/v2/settings?_locale=user HTTP/1.1" 200 1301 "http://cqqizhou.com/wp-admin/post-new.php" "Mozilla/5.0 (Windows NT 10.0; Win64; x64) AppleWebKit/537.36 (KHTML, like Gecko) Chrome/147.0.0.0 Safari/537.36 Edg/147.0.0.0"
222.221.156.77 - - [28/May/2026:16:29:47 +0800] "GET /wp-json/wp/v2/comments?context=edit&post=2585&type=note&status=all&per_page=100&_locale=user HTTP/1.1" 200 33 "http://cqqizhou.com/wp-admin/post-new.php" "Mozilla/5.0 (Windows NT 10.0; Win64; x64) AppleWebKit/537.36 (KHTML, like Gecko) Chrome/147.0.0.0 Safari/537.36 Edg/147.0.0.0"
222.221.156.77 - - [28/May/2026:16:29:47 +0800] "GET /wp-json/wp/v2/blocks?context=edit&per_page=100&page=1&_locale=user HTTP/1.1" 200 33 "http://cqqizhou.com/wp-admin/post-new.php" "Mozilla/5.0 (Windows NT 10.0; Win64; x64) AppleWebKit/537.36 (KHTML, like Gecko) Chrome/147.0.0.0 Safari/537.36 Edg/147.0.0.0"
222.221.156.77 - - [28/May/2026:16:29:47 +0800] "GET /wp-json/wp/v2/taxonomies?context=edit&per_page=100&_locale=user HTTP/1.1" 200 1742 "http://cqqizhou.com/wp-admin/post-new.php" "Mozilla/5.0 (Windows NT 10.0; Win64; x64) AppleWebKit/537.36 (KHTML, like Gecko) Chrome/147.0.0.0 Safari/537.36 Edg/147.0.0.0"
222.221.156.77 - - [28/May/2026:16:29:47 +0800] "GET /wp-json/wp/v2/users/1?context=view&_fields=id%2Cname&_locale=user HTTP/1.1" 200 54 "http://cqqizhou.com/wp-admin/post-new.php" "Mozilla/5.0 (Windows NT 10.0; Win64; x64) AppleWebKit/537.36 (KHTML, like Gecko) Chrome/147.0.0.0 Safari/537.36 Edg/147.0.0.0"
222.221.156.77 - - [28/May/2026:16:29:48 +0800] "OPTIONS /wp-json/wp/v2/posts?_locale=user HTTP/1.1" 200 2962 "http://cqqizhou.com/wp-admin/post-new.php" "Mozilla/5.0 (Windows NT 10.0; Win64; x64) AppleWebKit/537.36 (KHTML, like Gecko) Chrome/147.0.0.0 Safari/537.36 Edg/147.0.0.0"
222.221.156.77 - - [28/May/2026:16:29:48 +0800] "GET /wp-json/wp/v2/wp_pattern_category?context=view&per_page=100&_fields=id%2Cname%2Cdescription%2Cslug&_locale=user HTTP/1.1" 200 33 "http://cqqizhou.com/wp-admin/post-new.php" "Mozilla/5.0 (Windows NT 10.0; Win64; x64) AppleWebKit/537.36 (KHTML, like Gecko) Chrome/147.0.0.0 Safari/537.36 Edg/147.0.0.0"
222.221.156.77 - - [28/May/2026:16:29:48 +0800] "GET /wp-json/wp/v2/pages/1665?context=edit&_locale=user HTTP/1.1" 200 764 "http://cqqizhou.com/wp-admin/post-new.php" "Mozilla/5.0 (Windows NT 10.0; Win64; x64) AppleWebKit/537.36 (KHTML, like Gecko) Chrome/147.0.0.0 Safari/537.36 Edg/147.0.0.0"
222.221.156.77 - - [28/May/2026:16:29:48 +0800] "GET /wp-json/wp/v2/categories?context=view&per_page=100&orderby=name&order=asc&_fields=id%2Cname%2Cparent&page=1&_locale=user HTTP/1.1" 200 144 "http://cqqizhou.com/wp-admin/post-new.php" "Mozilla/5.0 (Windows NT 10.0; Win64; x64) AppleWebKit/537.36 (KHTML, like Gecko) Chrome/147.0.0.0 Safari/537.36 Edg/147.0.0.0"
222.221.156.77 - - [28/May/2026:16:29:48 +0800] "GET /wp-json/wp/v2/tags?context=view&per_page=10&orderby=count&order=desc&hide_empty=true&_fields=id%2Cname%2Ccount&_locale=user HTTP/1.1" 200 172 "http://cqqizhou.com/wp-admin/post-new.php" "Mozilla/5.0 (Windows NT 10.0; Win64; x64) AppleWebKit/537.36 (KHTML, like Gecko) Chrome/147.0.0.0 Safari/537.36 Edg/147.0.0.0"
222.221.156.77 - - [28/May/2026:16:29:51 +0800] "GET /wp-json/wp/v2/block-patterns/patterns?_locale=user HTTP/1.1" 200 19852 "http://cqqizhou.com/wp-admin/post-new.php" "Mozilla/5.0 (Windows NT 10.0; Win64; x64) AppleWebKit/537.36 (KHTML, like Gecko) Chrome/147.0.0.0 Safari/537.36 Edg/147.0.0.0"
222.221.156.77 - - [28/May/2026:16:29:57 +0800] "POST /wp-admin/admin-ajax.php HTTP/1.1" 200 112 "http://cqqizhou.com/wp-admin/post-new.php" "Mozilla/5.0 (Windows NT 10.0; Win64; x64) AppleWebKit/537.36 (KHTML, like Gecko) Chrome/147.0.0.0 Safari/537.36 Edg/147.0.0.0"
222.221.156.77 - - [28/May/2026:16:30:07 +0800] "POST /wp-admin/admin-ajax.php HTTP/1.1" 200 112 "http://cqqizhou.com/wp-admin/post-new.php" "Mozilla/5.0 (Windows NT 10.0; Win64; x64) AppleWebKit/537.36 (KHTML, like Gecko) Chrome/147.0.0.0 Safari/537.36 Edg/147.0.0.0"
36.133.115.36 - - [28/May/2026:16:30:17 +0800] "POST /wp-cron.php?doing_wp_cron=1779957017.7395501136779785156250 HTTP/1.1" 200 31 "-" "WordPress/6.9; http://cqqizhou.com"
222.221.156.77 - - [28/May/2026:16:30:17 +0800] "POST /wp-admin/admin-ajax.php HTTP/1.1" 200 112 "http://cqqizhou.com/wp-admin/post-new.php" "Mozilla/5.0 (Windows NT 10.0; Win64; x64) AppleWebKit/537.36 (KHTML, like Gecko) Chrome/147.0.0.0 Safari/537.36 Edg/147.0.0.0"
222.221.156.77 - - [28/May/2026:16:30:21 +0800] "OPTIONS /wp-json/wp/v2/posts/?context=edit&_locale=user HTTP/1.1" 200 2962 "http://cqqizhou.com/wp-admin/post-new.php" "Mozilla/5.0 (Windows NT 10.0; Win64; x64) AppleWebKit/537.36 (KHTML, like Gecko) Chrome/147.0.0.0 Safari/537.36 Edg/147.0.0.0"
222.221.156.77 - - [28/May/2026:16:30:27 +0800] "POST /wp-admin/admin-ajax.php HTTP/1.1" 200 112 "http://cqqizhou.com/wp-admin/post-new.php" "Mozilla/5.0 (Windows NT 10.0; Win64; x64) AppleWebKit/537.36 (KHTML, like Gecko) Chrome/147.0.0.0 Safari/537.36 Edg/147.0.0.0"
222.221.156.77 - - [28/May/2026:16:30:37 +0800] "POST /wp-admin/admin-ajax.php HTTP/1.1" 200 112 "http://cqqizhou.com/wp-admin/post-new.php" "Mozilla/5.0 (Windows NT 10.0; Win64; x64) AppleWebKit/537.36 (KHTML, like Gecko) Chrome/147.0.0.0 Safari/537.36 Edg/147.0.0.0"
222.221.156.77 - - [28/May/2026:16:30:47 +0800] "POST /wp-json/wp/v2/posts/2585/autosaves?_locale=user HTTP/1.1" 200 1662 "http://cqqizhou.com/wp-admin/post-new.php" "Mozilla/5.0 (Windows NT 10.0; Win64; x64) AppleWebKit/537.36 (KHTML, like Gecko) Chrome/147.0.0.0 Safari/537.36 Edg/147.0.0.0"
222.221.156.77 - - [28/May/2026:16:30:47 +0800] "POST /wp-admin/admin-ajax.php HTTP/1.1" 200 112 "http://cqqizhou.com/wp-admin/post-new.php" "Mozilla/5.0 (Windows NT 10.0; Win64; x64) AppleWebKit/537.36 (KHTML, like Gecko) Chrome/147.0.0.0 Safari/537.36 Edg/147.0.0.0"
222.221.156.77 - - [28/May/2026:16:30:58 +0800] "POST /wp-admin/admin-ajax.php HTTP/1.1" 200 112 "http://cqqizhou.com/wp-admin/post.php?post=2585&action=edit" "Mozilla/5.0 (Windows NT 10.0; Win64; x64) AppleWebKit/537.36 (KHTML, like Gecko) Chrome/147.0.0.0 Safari/537.36 Edg/147.0.0.0"
36.133.115.36 - - [28/May/2026:16:32:59 +0800] "POST /wp-cron.php?doing_wp_cron=1779957179.7934520244598388671875 HTTP/1.1" 200 31 "-" "WordPress/6.9; http://cqqizhou.com"
222.221.156.77 - - [28/May/2026:16:32:59 +0800] "POST /wp-admin/admin-ajax.php HTTP/1.1" 200 112 "http://cqqizhou.com/wp-admin/post.php?post=2585&action=edit" "Mozilla/5.0 (Windows NT 10.0; Win64; x64) AppleWebKit/537.36 (KHTML, like Gecko) Chrome/147.0.0.0 Safari/537.36 Edg/147.0.0.0"
36.133.115.36 - - [28/May/2026:16:34:14 +0800] "POST /wp-cron.php?doing_wp_cron=1779957254.2087759971618652343750 HTTP/1.1" 200 31 "-" "WordPress/6.9; http://cqqizhou.com"
222.221.156.77 - - [28/May/2026:16:34:14 +0800] "POST /wp-admin/admin-ajax.php HTTP/1.1" 200 11088 "http://cqqizhou.com/wp-admin/post.php?post=2585&action=edit" "Mozilla/5.0 (Windows NT 10.0; Win64; x64) AppleWebKit/537.36 (KHTML, like Gecko) Chrome/147.0.0.0 Safari/537.36 Edg/147.0.0.0"
222.221.156.77 - - [28/May/2026:16:34:15 +0800] "POST /wp-admin/admin-ajax.php HTTP/1.1" 200 112 "http://cqqizhou.com/wp-admin/post.php?post=2585&action=edit" "Mozilla/5.0 (Windows NT 10.0; Win64; x64) AppleWebKit/537.36 (KHTML, like Gecko) Chrome/147.0.0.0 Safari/537.36 Edg/147.0.0.0"
222.221.156.77 - - [28/May/2026:16:34:33 +0800] "POST /wp-admin/admin-ajax.php HTTP/1.1" 200 11088 "http://cqqizhou.com/wp-admin/post.php?post=2585&action=edit" "Mozilla/5.0 (Windows NT 10.0; Win64; x64) AppleWebKit/537.36 (KHTML, like Gecko) Chrome/147.0.0.0 Safari/537.36 Edg/147.0.0.0"
222.221.156.77 - - [28/May/2026:16:35:42 +0800] "POST /wp-admin/async-upload.php HTTP/1.1" 408 0 "http://cqqizhou.com/wp-admin/post.php?post=2585&action=edit" "Mozilla/5.0 (Windows NT 10.0; Win64; x64) AppleWebKit/537.36 (KHTML, like Gecko) Chrome/147.0.0.0 Safari/537.36 Edg/147.0.0.0"
36.133.115.36 - - [28/May/2026:16:36:00 +0800] "POST /wp-cron.php?doing_wp_cron=1779957360.6717278957366943359375 HTTP/1.1" 200 31 "-" "WordPress/6.9; http://cqqizhou.com"
222.221.156.77 - - [28/May/2026:16:36:00 +0800] "POST /wp-json/wp/v2/posts/2585/autosaves?_locale=user HTTP/1.1" 200 1662 "http://cqqizhou.com/wp-admin/post.php?post=2585&action=edit" "Mozilla/5.0 (Windows NT 10.0; Win64; x64) AppleWebKit/537.36 (KHTML, like Gecko) Chrome/147.0.0.0 Safari/537.36 Edg/147.0.0.0"
222.221.156.77 - - [28/May/2026:16:36:17 +0800] "POST /wp-admin/async-upload.php HTTP/1.1" 408 0 "http://cqqizhou.com/wp-admin/post.php?post=2585&action=edit" "Mozilla/5.0 (Windows NT 10.0; Win64; x64) AppleWebKit/537.36 (KHTML, like Gecko) Chrome/147.0.0.0 Safari/537.36 Edg/147.0.0.0"
36.133.115.36 - - [28/May/2026:16:36:17 +0800] "POST /wp-cron.php?doing_wp_cron=1779957377.4049429893493652343750 HTTP/1.1" 200 31 "-" "WordPress/6.9; http://cqqizhou.com"
222.221.156.77 - - [28/May/2026:16:36:17 +0800] "POST /wp-admin/admin-ajax.php HTTP/1.1" 200 112 "http://cqqizhou.com/wp-admin/post.php?post=2585&action=edit" "Mozilla/5.0 (Windows NT 10.0; Win64; x64) AppleWebKit/537.36 (KHTML, like Gecko) Chrome/147.0.0.0 Safari/537.36 Edg/147.0.0.0"
222.221.156.77 - - [28/May/2026:16:36:31 +0800] "POST /wp-admin/admin-ajax.php HTTP/1.1" 200 112 "http://cqqizhou.com/wp-admin/post.php?post=2585&action=edit" "Mozilla/5.0 (Windows NT 10.0; Win64; x64) AppleWebKit/537.36 (KHTML, like Gecko) Chrome/147.0.0.0 Safari/537.36 Edg/147.0.0.0"
222.221.156.77 - - [28/May/2026:16:36:35 +0800] "POST /wp-json/wp/v2/posts/2585?_locale=user HTTP/1.1" 200 2265 "http://cqqizhou.com/wp-admin/post.php?post=2585&action=edit" "Mozilla/5.0 (Windows NT 10.0; Win64; x64) AppleWebKit/537.36 (KHTML, like Gecko) Chrome/147.0.0.0 Safari/537.36 Edg/147.0.0.0"
222.221.156.77 - - [28/May/2026:16:36:36 +0800] "POST /wp-admin/post.php?post=2585&action=edit&meta-box-loader=1&meta-box-loader-nonce=7fbf04e6b5&_locale=user HTTP/1.1" 302 5 "http://cqqizhou.com/wp-admin/post.php?post=2585&action=edit" "Mozilla/5.0 (Windows NT 10.0; Win64; x64) AppleWebKit/537.36 (KHTML, like Gecko) Chrome/147.0.0.0 Safari/537.36 Edg/147.0.0.0"
222.221.156.77 - - [28/May/2026:16:36:40 +0800] "GET /wp-admin/post.php?post=2585&action=edit&message=4 HTTP/1.1" 200 204110 "http://cqqizhou.com/wp-admin/post.php?post=2585&action=edit" "Mozilla/5.0 (Windows NT 10.0; Win64; x64) AppleWebKit/537.36 (KHTML, like Gecko) Chrome/147.0.0.0 Safari/537.36 Edg/147.0.0.0"
222.221.156.77 - - [28/May/2026:16:36:40 +0800] "POST /wp-admin/admin-ajax.php HTTP/1.1" 200 112 "http://cqqizhou.com/wp-admin/post.php?post=2585&action=edit" "Mozilla/5.0 (Windows NT 10.0; Win64; x64) AppleWebKit/537.36 (KHTML, like Gecko) Chrome/147.0.0.0 Safari/537.36 Edg/147.0.0.0"
222.221.156.77 - - [28/May/2026:16:36:42 +0800] "POST /wp-admin/admin-ajax.php HTTP/1.1" 200 11088 "http://cqqizhou.com/wp-admin/post.php?post=2585&action=edit" "Mozilla/5.0 (Windows NT 10.0; Win64; x64) AppleWebKit/537.36 (KHTML, like Gecko) Chrome/147.0.0.0 Safari/537.36 Edg/147.0.0.0"
222.221.156.77 - - [28/May/2026:16:36:42 +0800] "GET /wp-content/uploads/2026/05/1779925245-Article_images_W900px-300x169.webp HTTP/1.1" 200 11964 "http://cqqizhou.com/wp-admin/post.php?post=2585&action=edit" "Mozilla/5.0 (Windows NT 10.0; Win64; x64) AppleWebKit/537.36 (KHTML, like Gecko) Chrome/147.0.0.0 Safari/537.36 Edg/147.0.0.0"
222.221.156.77 - - [28/May/2026:16:36:42 +0800] "GET /wp-content/uploads/2026/05/1779925244-2Article_images_W900px-300x225.webp HTTP/1.1" 200 3328 "http://cqqizhou.com/wp-admin/post.php?post=2585&action=edit" "Mozilla/5.0 (Windows NT 10.0; Win64; x64) AppleWebKit/537.36 (KHTML, like Gecko) Chrome/147.0.0.0 Safari/537.36 Edg/147.0.0.0"
222.221.156.77 - - [28/May/2026:16:36:42 +0800] "GET /wp-content/uploads/2026/01/1770349139-202624Article_images_W900%C3%97500px20260--300x167.webp HTTP/1.1" 304 0 "http://cqqizhou.com/wp-admin/post.php?post=2585&action=edit" "Mozilla/5.0 (Windows NT 10.0; Win64; x64) AppleWebKit/537.36 (KHTML, like Gecko) Chrome/147.0.0.0 Safari/537.36 Edg/147.0.0.0"
222.221.156.77 - - [28/May/2026:16:36:42 +0800] "GET /wp-content/uploads/2026/02/1770341654-2026253Article_images_W900px-300x169.webp HTTP/1.1" 304 0 "http://cqqizhou.com/wp-admin/post.php?post=2585&action=edit" "Mozilla/5.0 (Windows NT 10.0; Win64; x64) AppleWebKit/537.36 (KHTML, like Gecko) Chrome/147.0.0.0 Safari/537.36 Edg/147.0.0.0"
222.221.156.77 - - [28/May/2026:16:36:42 +0800] "GET /wp-content/uploads/2026/02/1770341653-2026252Article_images_W900px-300x169.webp HTTP/1.1" 304 0 "http://cqqizhou.com/wp-admin/post.php?post=2585&action=edit" "Mozilla/5.0 (Windows NT 10.0; Win64; x64) AppleWebKit/537.36 (KHTML, like Gecko) Chrome/147.0.0.0 Safari/537.36 Edg/147.0.0.0"
222.221.156.77 - - [28/May/2026:16:36:42 +0800] "GET /wp-content/uploads/2026/02/1770341655-Article_images_W900px-300x225.webp HTTP/1.1" 304 0 "http://cqqizhou.com/wp-admin/post.php?post=2585&action=edit" "Mozilla/5.0 (Windows NT 10.0; Win64; x64) AppleWebKit/537.36 (KHTML, like Gecko) Chrome/147.0.0.0 Safari/537.36 Edg/147.0.0.0"
222.221.156.77 - - [28/May/2026:16:36:42 +0800] "GET /wp-content/uploads/2026/02/1770341652-2026251Article_images_W900%C3%97500px-300x167.webp HTTP/1.1" 304 0 "http://cqqizhou.com/wp-admin/post.php?post=2585&action=edit" "Mozilla/5.0 (Windows NT 10.0; Win64; x64) AppleWebKit/537.36 (KHTML, like Gecko) Chrome/147.0.0.0 Safari/537.36 Edg/147.0.0.0"
222.221.156.77 - - [28/May/2026:16:36:48 +0800] "POST /wp-admin/async-upload.php HTTP/1.1" 200 757 "http://cqqizhou.com/wp-admin/post.php?post=2585&action=edit" "Mozilla/5.0 (Windows NT 10.0; Win64; x64) AppleWebKit/537.36 (KHTML, like Gecko) Chrome/147.0.0.0 Safari/537.36 Edg/147.0.0.0"
222.221.156.77 - - [28/May/2026:16:36:49 +0800] "GET /wp-content/uploads/2026/05/1779957408-1Article_images_W900px-300x169.webp HTTP/1.1" 200 11432 "http://cqqizhou.com/wp-admin/post.php?post=2585&action=edit" "Mozilla/5.0 (Windows NT 10.0; Win64; x64) AppleWebKit/537.36 (KHTML, like Gecko) Chrome/147.0.0.0 Safari/537.36 Edg/147.0.0.0"
222.221.156.77 - - [28/May/2026:16:36:49 +0800] "POST /wp-admin/admin-ajax.php HTTP/1.1" 200 112 "http://cqqizhou.com/wp-admin/post.php?post=2585&action=edit" "Mozilla/5.0 (Windows NT 10.0; Win64; x64) AppleWebKit/537.36 (KHTML, like Gecko) Chrome/147.0.0.0 Safari/537.36 Edg/147.0.0.0"
222.221.156.77 - - [28/May/2026:16:36:49 +0800] "POST /wp-admin/async-upload.php HTTP/1.1" 200 759 "http://cqqizhou.com/wp-admin/post.php?post=2585&action=edit" "Mozilla/5.0 (Windows NT 10.0; Win64; x64) AppleWebKit/537.36 (KHTML, like Gecko) Chrome/147.0.0.0 Safari/537.36 Edg/147.0.0.0"
222.221.156.77 - - [28/May/2026:16:36:50 +0800] "GET /wp-content/uploads/2026/05/1779957409-2Article_images_W900px-300x225.webp HTTP/1.1" 200 13172 "http://cqqizhou.com/wp-admin/post.php?post=2585&action=edit" "Mozilla/5.0 (Windows NT 10.0; Win64; x64) AppleWebKit/537.36 (KHTML, like Gecko) Chrome/147.0.0.0 Safari/537.36 Edg/147.0.0.0"
222.221.156.77 - - [28/May/2026:16:36:56 +0800] "GET /wp-json/wp/v2/media/2586?context=view&_locale=user HTTP/1.1" 200 1057 "http://cqqizhou.com/wp-admin/post.php?post=2585&action=edit" "Mozilla/5.0 (Windows NT 10.0; Win64; x64) AppleWebKit/537.36 (KHTML, like Gecko) Chrome/147.0.0.0 Safari/537.36 Edg/147.0.0.0"
222.221.156.77 - - [28/May/2026:16:36:56 +0800] "GET /wp-content/uploads/2026/05/1779957408-1Article_images_W900px-150x150.webp HTTP/1.1" 200 5926 "http://cqqizhou.com/wp-admin/post.php?post=2585&action=edit" "Mozilla/5.0 (Windows NT 10.0; Win64; x64) AppleWebKit/537.36 (KHTML, like Gecko) Chrome/147.0.0.0 Safari/537.36 Edg/147.0.0.0"
222.221.156.77 - - [28/May/2026:16:36:59 +0800] "POST /wp-admin/admin-ajax.php HTTP/1.1" 200 112 "http://cqqizhou.com/wp-admin/post.php?post=2585&action=edit" "Mozilla/5.0 (Windows NT 10.0; Win64; x64) AppleWebKit/537.36 (KHTML, like Gecko) Chrome/147.0.0.0 Safari/537.36 Edg/147.0.0.0"
36.133.115.36 - - [28/May/2026:16:37:09 +0800] "POST /wp-cron.php?doing_wp_cron=1779957429.3699610233306884765625 HTTP/1.1" 200 31 "-" "WordPress/6.9; http://cqqizhou.com"
222.221.156.77 - - [28/May/2026:16:37:09 +0800] "POST /wp-admin/admin-ajax.php HTTP/1.1" 200 112 "http://cqqizhou.com/wp-admin/post.php?post=2585&action=edit" "Mozilla/5.0 (Windows NT 10.0; Win64; x64) AppleWebKit/537.36 (KHTML, like Gecko) Chrome/147.0.0.0 Safari/537.36 Edg/147.0.0.0"
222.221.156.77 - - [28/May/2026:16:37:11 +0800] "POST /wp-admin/admin-ajax.php HTTP/1.1" 200 11177 "http://cqqizhou.com/wp-admin/post.php?post=2585&action=edit" "Mozilla/5.0 (Windows NT 10.0; Win64; x64) AppleWebKit/537.36 (KHTML, like Gecko) Chrome/147.0.0.0 Safari/537.36 Edg/147.0.0.0"
222.221.156.77 - - [28/May/2026:16:37:16 +0800] "GET /wp-content/uploads/2026/05/1779957409-2Article_images_W900px.webp HTTP/1.1" 200 38214 "http://cqqizhou.com/wp-admin/post.php?post=2585&action=edit" "Mozilla/5.0 (Windows NT 10.0; Win64; x64) AppleWebKit/537.36 (KHTML, like Gecko) Chrome/147.0.0.0 Safari/537.36 Edg/147.0.0.0"
222.221.156.77 - - [28/May/2026:16:37:17 +0800] "GET /wp-json/wp/v2/media/2587?context=view&_locale=user HTTP/1.1" 200 1061 "http://cqqizhou.com/wp-admin/post.php?post=2585&action=edit" "Mozilla/5.0 (Windows NT 10.0; Win64; x64) AppleWebKit/537.36 (KHTML, like Gecko) Chrome/147.0.0.0 Safari/537.36 Edg/147.0.0.0"
222.221.156.77 - - [28/May/2026:16:37:19 +0800] "POST /wp-admin/admin-ajax.php HTTP/1.1" 200 112 "http://cqqizhou.com/wp-admin/post.php?post=2585&action=edit" "Mozilla/5.0 (Windows NT 10.0; Win64; x64) AppleWebKit/537.36 (KHTML, like Gecko) Chrome/147.0.0.0 Safari/537.36 Edg/147.0.0.0"
222.221.156.77 - - [28/May/2026:16:37:29 +0800] "POST /wp-admin/admin-ajax.php HTTP/1.1" 200 112 "http://cqqizhou.com/wp-admin/post.php?post=2585&action=edit" "Mozilla/5.0 (Windows NT 10.0; Win64; x64) AppleWebKit/537.36 (KHTML, like Gecko) Chrome/147.0.0.0 Safari/537.36 Edg/147.0.0.0"
222.221.156.77 - - [28/May/2026:16:37:29 +0800] "GET /wp-json/wp/v2/tags?context=view&per_page=100&_fields=id%2Cname&include=39&_locale=user HTTP/1.1" 200 73 "http://cqqizhou.com/wp-admin/post.php?post=2585&action=edit" "Mozilla/5.0 (Windows NT 10.0; Win64; x64) AppleWebKit/537.36 (KHTML, like Gecko) Chrome/147.0.0.0 Safari/537.36 Edg/147.0.0.0"
222.221.156.77 - - [28/May/2026:16:37:37 +0800] "GET /wp-json/wp/v2/tags?context=view&per_page=100&_fields=id%2Cname&search=%E9%87%8D%E5%BA%86%E9%82%AE%E7%94%B5%E5%A4%A7%E5%AD%A6&_locale=user HTTP/1.1" 200 33 "http://cqqizhou.com/wp-admin/post.php?post=2585&action=edit" "Mozilla/5.0 (Windows NT 10.0; Win64; x64) AppleWebKit/537.36 (KHTML, like Gecko) Chrome/147.0.0.0 Safari/537.36 Edg/147.0.0.0"
222.221.156.77 - - [28/May/2026:16:37:39 +0800] "POST /wp-admin/admin-ajax.php HTTP/1.1" 200 112 "http://cqqizhou.com/wp-admin/post.php?post=2585&action=edit" "Mozilla/5.0 (Windows NT 10.0; Win64; x64) AppleWebKit/537.36 (KHTML, like Gecko) Chrome/147.0.0.0 Safari/537.36 Edg/147.0.0.0"
222.221.156.77 - - [28/May/2026:16:37:49 +0800] "POST /wp-admin/admin-ajax.php HTTP/1.1" 200 112 "http://cqqizhou.com/wp-admin/post.php?post=2585&action=edit" "Mozilla/5.0 (Windows NT 10.0; Win64; x64) AppleWebKit/537.36 (KHTML, like Gecko) Chrome/147.0.0.0 Safari/537.36 Edg/147.0.0.0"
222.221.156.77 - - [28/May/2026:16:37:55 +0800] "POST /wp-json/wp/v2/posts/2585/autosaves?_locale=user HTTP/1.1" 200 1977 "http://cqqizhou.com/wp-admin/post.php?post=2585&action=edit" "Mozilla/5.0 (Windows NT 10.0; Win64; x64) AppleWebKit/537.36 (KHTML, like Gecko) Chrome/147.0.0.0 Safari/537.36 Edg/147.0.0.0"
222.221.156.77 - - [28/May/2026:16:37:59 +0800] "POST /wp-admin/admin-ajax.php HTTP/1.1" 200 112 "http://cqqizhou.com/wp-admin/post.php?post=2585&action=edit" "Mozilla/5.0 (Windows NT 10.0; Win64; x64) AppleWebKit/537.36 (KHTML, like Gecko) Chrome/147.0.0.0 Safari/537.36 Edg/147.0.0.0"
36.133.115.36 - - [28/May/2026:16:38:09 +0800] "POST /wp-cron.php?doing_wp_cron=1779957489.3735630512237548828125 HTTP/1.1" 200 31 "-" "WordPress/6.9; http://cqqizhou.com"
222.221.156.77 - - [28/May/2026:16:38:09 +0800] "POST /wp-admin/admin-ajax.php HTTP/1.1" 200 112 "http://cqqizhou.com/wp-admin/post.php?post=2585&action=edit" "Mozilla/5.0 (Windows NT 10.0; Win64; x64) AppleWebKit/537.36 (KHTML, like Gecko) Chrome/147.0.0.0 Safari/537.36 Edg/147.0.0.0"
222.221.156.77 - - [28/May/2026:16:38:18 +0800] "POST /wp-json/wp/v2/posts/2585?_locale=user HTTP/1.1" 200 2595 "http://cqqizhou.com/wp-admin/post.php?post=2585&action=edit" "Mozilla/5.0 (Windows NT 10.0; Win64; x64) AppleWebKit/537.36 (KHTML, like Gecko) Chrome/147.0.0.0 Safari/537.36 Edg/147.0.0.0"
36.133.115.36 - - [28/May/2026:16:38:19 +0800] "POST /wp-cron.php?doing_wp_cron=1779957499.3822329044342041015625 HTTP/1.1" 200 31 "-" "WordPress/6.9; http://cqqizhou.com"
222.221.156.77 - - [28/May/2026:16:38:19 +0800] "POST /wp-admin/admin-ajax.php HTTP/1.1" 200 112 "http://cqqizhou.com/wp-admin/post.php?post=2585&action=edit" "Mozilla/5.0 (Windows NT 10.0; Win64; x64) AppleWebKit/537.36 (KHTML, like Gecko) Chrome/147.0.0.0 Safari/537.36 Edg/147.0.0.0"
222.221.156.77 - - [28/May/2026:16:38:19 +0800] "POST /wp-admin/post.php?post=2585&action=edit&meta-box-loader=1&meta-box-loader-nonce=7fbf04e6b5&_locale=user HTTP/1.1" 302 5 "http://cqqizhou.com/wp-admin/post.php?post=2585&action=edit" "Mozilla/5.0 (Windows NT 10.0; Win64; x64) AppleWebKit/537.36 (KHTML, like Gecko) Chrome/147.0.0.0 Safari/537.36 Edg/147.0.0.0"
222.221.156.77 - - [28/May/2026:16:38:22 +0800] "GET /wp-admin/post.php?post=2585&action=edit&message=4 HTTP/1.1" 200 204404 "http://cqqizhou.com/wp-admin/post.php?post=2585&action=edit" "Mozilla/5.0 (Windows NT 10.0; Win64; x64) AppleWebKit/537.36 (KHTML, like Gecko) Chrome/147.0.0.0 Safari/537.36 Edg/147.0.0.0"
222.221.156.77 - - [28/May/2026:16:38:29 +0800] "POST /wp-json/wp/v2/posts/2585?_locale=user HTTP/1.1" 200 2595 "http://cqqizhou.com/wp-admin/post.php?post=2585&action=edit" "Mozilla/5.0 (Windows NT 10.0; Win64; x64) AppleWebKit/537.36 (KHTML, like Gecko) Chrome/147.0.0.0 Safari/537.36 Edg/147.0.0.0"
222.221.156.77 - - [28/May/2026:16:38:29 +0800] "POST /wp-admin/admin-ajax.php HTTP/1.1" 200 112 "http://cqqizhou.com/wp-admin/post.php?post=2585&action=edit" "Mozilla/5.0 (Windows NT 10.0; Win64; x64) AppleWebKit/537.36 (KHTML, like Gecko) Chrome/147.0.0.0 Safari/537.36 Edg/147.0.0.0"
222.221.156.77 - - [28/May/2026:16:38:29 +0800] "POST /wp-admin/post.php?post=2585&action=edit&meta-box-loader=1&meta-box-loader-nonce=7fbf04e6b5&_locale=user HTTP/1.1" 302 5 "http://cqqizhou.com/wp-admin/post.php?post=2585&action=edit" "Mozilla/5.0 (Windows NT 10.0; Win64; x64) AppleWebKit/537.36 (KHTML, like Gecko) Chrome/147.0.0.0 Safari/537.36 Edg/147.0.0.0"
222.221.156.77 - - [28/May/2026:16:38:32 +0800] "GET /wp-admin/post.php?post=2585&action=edit&message=4 HTTP/1.1" 200 204411 "http://cqqizhou.com/wp-admin/post.php?post=2585&action=edit" "Mozilla/5.0 (Windows NT 10.0; Win64; x64) AppleWebKit/537.36 (KHTML, like Gecko) Chrome/147.0.0.0 Safari/537.36 Edg/147.0.0.0"
222.221.156.77 - - [28/May/2026:16:38:33 +0800] "GET /?p=2585&preview=true&_thumbnail_id=2586 HTTP/1.1" 200 29066 "http://cqqizhou.com/wp-admin/post.php?post=2585&action=edit" "Mozilla/5.0 (Windows NT 10.0; Win64; x64) AppleWebKit/537.36 (KHTML, like Gecko) Chrome/147.0.0.0 Safari/537.36 Edg/147.0.0.0"
222.221.156.77 - - [28/May/2026:16:38:34 +0800] "GET /wp-content/uploads/2026/05/1779957408-1Article_images_W900px.webp HTTP/1.1" 200 36526 "http://cqqizhou.com/?p=2585&preview=true&_thumbnail_id=2586" "Mozilla/5.0 (Windows NT 10.0; Win64; x64) AppleWebKit/537.36 (KHTML, like Gecko) Chrome/147.0.0.0 Safari/537.36 Edg/147.0.0.0"
222.221.156.77 - - [28/May/2026:16:38:34 +0800] "GET /wp-content/uploads/2026/05/1779957409-2Article_images_W900px.webp HTTP/1.1" 304 0 "http://cqqizhou.com/?p=2585&preview=true&_thumbnail_id=2586" "Mozilla/5.0 (Windows NT 10.0; Win64; x64) AppleWebKit/537.36 (KHTML, like Gecko) Chrome/147.0.0.0 Safari/537.36 Edg/147.0.0.0"
222.221.156.77 - - [28/May/2026:16:38:34 +0800] "GET /wp-content/uploads/2026/05/1779925245-Article_images_W900px.webp HTTP/1.1" 304 0 "http://cqqizhou.com/?p=2585&preview=true&_thumbnail_id=2586" "Mozilla/5.0 (Windows NT 10.0; Win64; x64) AppleWebKit/537.36 (KHTML, like Gecko) Chrome/147.0.0.0 Safari/537.36 Edg/147.0.0.0"
222.221.156.77 - - [28/May/2026:16:39:04 +0800] "POST /wp-admin/admin-ajax.php HTTP/1.1" 200 112 "http://cqqizhou.com/wp-admin/post.php?post=2585&action=edit" "Mozilla/5.0 (Windows NT 10.0; Win64; x64) AppleWebKit/537.36 (KHTML, like Gecko) Chrome/147.0.0.0 Safari/537.36 Edg/147.0.0.0"
36.133.115.36 - - [28/May/2026:16:39:14 +0800] "POST /wp-cron.php?doing_wp_cron=1779957554.2759060859680175781250 HTTP/1.1" 200 31 "-" "WordPress/6.9; http://cqqizhou.com"
222.221.156.77 - - [28/May/2026:16:39:14 +0800] "POST /wp-json/wp/v2/tags?_locale=user HTTP/1.1" 201 743 "http://cqqizhou.com/wp-admin/post.php?post=2585&action=edit" "Mozilla/5.0 (Windows NT 10.0; Win64; x64) AppleWebKit/537.36 (KHTML, like Gecko) Chrome/147.0.0.0 Safari/537.36 Edg/147.0.0.0"
222.221.156.77 - - [28/May/2026:16:39:14 +0800] "POST /wp-admin/admin-ajax.php HTTP/1.1" 200 112 "http://cqqizhou.com/wp-admin/post.php?post=2585&action=edit" "Mozilla/5.0 (Windows NT 10.0; Win64; x64) AppleWebKit/537.36 (KHTML, like Gecko) Chrome/147.0.0.0 Safari/537.36 Edg/147.0.0.0"
222.221.156.77 - - [28/May/2026:16:39:15 +0800] "GET /wp-json/wp/v2/tags?context=view&per_page=100&_fields=id%2Cname&search=%E9%87%8D%E5%BA%86%E9%82%AE%E7%94%B5%E5%A4%A7%E5%AD%A6&_locale=user HTTP/1.1" 200 84 "http://cqqizhou.com/wp-admin/post.php?post=2585&action=edit" "Mozilla/5.0 (Windows NT 10.0; Win64; x64) AppleWebKit/537.36 (KHTML, like Gecko) Chrome/147.0.0.0 Safari/537.36 Edg/147.0.0.0"
222.221.156.77 - - [28/May/2026:16:39:15 +0800] "GET /wp-json/wp/v2/tags?context=view&per_page=100&_fields=id%2Cname&include=39%2C43&_locale=user HTTP/1.1" 200 109 "http://cqqizhou.com/wp-admin/post.php?post=2585&action=edit" "Mozilla/5.0 (Windows NT 10.0; Win64; x64) AppleWebKit/537.36 (KHTML, like Gecko) Chrome/147.0.0.0 Safari/537.36 Edg/147.0.0.0"
222.221.156.77 - - [28/May/2026:16:39:15 +0800] "GET /wp-json/wp/v2/tags?context=view&per_page=10&orderby=count&order=desc&hide_empty=true&_fields=id%2Cname%2Ccount&_locale=user HTTP/1.1" 200 172 "http://cqqizhou.com/wp-admin/post.php?post=2585&action=edit" "Mozilla/5.0 (Windows NT 10.0; Win64; x64) AppleWebKit/537.36 (KHTML, like Gecko) Chrome/147.0.0.0 Safari/537.36 Edg/147.0.0.0"
222.221.156.77 - - [28/May/2026:16:39:15 +0800] "GET /wp-json/wp/v2/tags?context=view&per_page=100&_fields=id%2Cname&include=39&_locale=user HTTP/1.1" 200 73 "http://cqqizhou.com/wp-admin/post.php?post=2585&action=edit" "Mozilla/5.0 (Windows NT 10.0; Win64; x64) AppleWebKit/537.36 (KHTML, like Gecko) Chrome/147.0.0.0 Safari/537.36 Edg/147.0.0.0"
222.221.156.77 - - [28/May/2026:16:39:16 +0800] "GET /wp-json/wp/v2/categories?context=edit&exclude%5B0%5D=1&per_page=1&_locale=user HTTP/1.1" 200 347 "http://cqqizhou.com/wp-admin/post.php?post=2585&action=edit" "Mozilla/5.0 (Windows NT 10.0; Win64; x64) AppleWebKit/537.36 (KHTML, like Gecko) Chrome/147.0.0.0 Safari/537.36 Edg/147.0.0.0"
222.221.156.77 - - [28/May/2026:16:39:16 +0800] "GET /wp-json/wp/v2/tags?context=edit&per_page=1&_locale=user HTTP/1.1" 200 320 "http://cqqizhou.com/wp-admin/post.php?post=2585&action=edit" "Mozilla/5.0 (Windows NT 10.0; Win64; x64) AppleWebKit/537.36 (KHTML, like Gecko) Chrome/147.0.0.0 Safari/537.36 Edg/147.0.0.0"
222.221.156.77 - - [28/May/2026:16:39:17 +0800] "GET /wp-json/wp/v2/categories/1?context=edit&_locale=user HTTP/1.1" 200 331 "http://cqqizhou.com/wp-admin/post.php?post=2585&action=edit" "Mozilla/5.0 (Windows NT 10.0; Win64; x64) AppleWebKit/537.36 (KHTML, like Gecko) Chrome/147.0.0.0 Safari/537.36 Edg/147.0.0.0"
222.221.156.77 - - [28/May/2026:16:39:17 +0800] "POST /wp-json/wp/v2/posts/2585?_locale=user HTTP/1.1" 200 2600 "http://cqqizhou.com/wp-admin/post.php?post=2585&action=edit" "Mozilla/5.0 (Windows NT 10.0; Win64; x64) AppleWebKit/537.36 (KHTML, like Gecko) Chrome/147.0.0.0 Safari/537.36 Edg/147.0.0.0"
222.221.156.77 - - [28/May/2026:16:39:18 +0800] "POST /wp-admin/post.php?post=2585&action=edit&meta-box-loader=1&meta-box-loader-nonce=7fbf04e6b5&_locale=user HTTP/1.1" 302 5 "http://cqqizhou.com/wp-admin/post.php?post=2585&action=edit" "Mozilla/5.0 (Windows NT 10.0; Win64; x64) AppleWebKit/537.36 (KHTML, like Gecko) Chrome/147.0.0.0 Safari/537.36 Edg/147.0.0.0"
222.221.156.77 - - [28/May/2026:16:39:23 +0800] "GET /wp-admin/post.php?post=2585&action=edit&message=4 HTTP/1.1" 200 205648 "http://cqqizhou.com/wp-admin/post.php?post=2585&action=edit" "Mozilla/5.0 (Windows NT 10.0; Win64; x64) AppleWebKit/537.36 (KHTML, like Gecko) Chrome/147.0.0.0 Safari/537.36 Edg/147.0.0.0"
222.221.156.77 - - [28/May/2026:16:39:24 +0800] "POST /wp-admin/admin-ajax.php HTTP/1.1" 200 112 "http://cqqizhou.com/wp-admin/post.php?post=2585&action=edit" "Mozilla/5.0 (Windows NT 10.0; Win64; x64) AppleWebKit/537.36 (KHTML, like Gecko) Chrome/147.0.0.0 Safari/537.36 Edg/147.0.0.0"
222.221.156.77 - - [28/May/2026:16:39:27 +0800] "GET /news/2585 HTTP/1.1" 200 29004 "http://cqqizhou.com/wp-admin/post.php?post=2585&action=edit" "Mozilla/5.0 (Windows NT 10.0; Win64; x64) AppleWebKit/537.36 (KHTML, like Gecko) Chrome/147.0.0.0 Safari/537.36 Edg/147.0.0.0"
222.221.156.77 - - [28/May/2026:16:39:27 +0800] "GET /wp-content/uploads/2026/05/1779957408-1Article_images_W900px.webp HTTP/1.1" 304 0 "http://cqqizhou.com/news/2585" "Mozilla/5.0 (Windows NT 10.0; Win64; x64) AppleWebKit/537.36 (KHTML, like Gecko) Chrome/147.0.0.0 Safari/537.36 Edg/147.0.0.0"
222.221.156.77 - - [28/May/2026:16:39:27 +0800] "GET /wp-content/uploads/2026/05/1779957409-2Article_images_W900px.webp HTTP/1.1" 304 0 "http://cqqizhou.com/news/2585" "Mozilla/5.0 (Windows NT 10.0; Win64; x64) AppleWebKit/537.36 (KHTML, like Gecko) Chrome/147.0.0.0 Safari/537.36 Edg/147.0.0.0"
222.221.156.77 - - [28/May/2026:16:39:32 +0800] "GET /media HTTP/1.1" 200 34986 "http://cqqizhou.com/news/2585" "Mozilla/5.0 (Windows NT 10.0; Win64; x64) AppleWebKit/537.36 (KHTML, like Gecko) Chrome/147.0.0.0 Safari/537.36 Edg/147.0.0.0"
222.221.156.77 - - [28/May/2026:16:39:33 +0800] "GET /wp-content/uploads/2026/05/1779957408-1Article_images_W900px-768x432.webp HTTP/1.1" 200 37090 "http://cqqizhou.com/media" "Mozilla/5.0 (Windows NT 10.0; Win64; x64) AppleWebKit/537.36 (KHTML, like Gecko) Chrome/147.0.0.0 Safari/537.36 Edg/147.0.0.0"
222.221.156.77 - - [28/May/2026:16:39:33 +0800] "GET /wp-content/uploads/2026/05/1779925245-Article_images_W900px-768x432.webp HTTP/1.1" 304 0 "http://cqqizhou.com/media" "Mozilla/5.0 (Windows NT 10.0; Win64; x64) AppleWebKit/537.36 (KHTML, like Gecko) Chrome/147.0.0.0 Safari/537.36 Edg/147.0.0.0"
222.221.156.77 - - [28/May/2026:16:39:35 +0800] "POST /wp-admin/admin-ajax.php HTTP/1.1" 200 111 "http://cqqizhou.com/wp-admin/post.php?post=2585&action=edit" "Mozilla/5.0 (Windows NT 10.0; Win64; x64) AppleWebKit/537.36 (KHTML, like Gecko) Chrome/147.0.0.0 Safari/537.36 Edg/147.0.0.0"
222.221.156.77 - - [28/May/2026:16:40:01 +0800] "POST /wp-admin/admin-ajax.php HTTP/1.1" 200 112 "http://cqqizhou.com/wp-admin/post.php?post=2585&action=edit" "Mozilla/5.0 (Windows NT 10.0; Win64; x64) AppleWebKit/537.36 (KHTML, like Gecko) Chrome/147.0.0.0 Safari/537.36 Edg/147.0.0.0"
222.221.156.77 - - [28/May/2026:16:40:05 +0800] "POST /wp-admin/admin-ajax.php HTTP/1.1" 200 32 "http://cqqizhou.com/wp-admin/post.php?post=2585&action=edit" "Mozilla/5.0 (Windows NT 10.0; Win64; x64) AppleWebKit/537.36 (KHTML, like Gecko) Chrome/147.0.0.0 Safari/537.36 Edg/147.0.0.0"
222.221.156.77 - - [28/May/2026:16:40:07 +0800] "GET /wp-admin/edit.php?post_type=post HTTP/1.1" 200 86509 "http://cqqizhou.com/wp-admin/post.php?post=2585&action=edit" "Mozilla/5.0 (Windows NT 10.0; Win64; x64) AppleWebKit/537.36 (KHTML, like Gecko) Chrome/147.0.0.0 Safari/537.36 Edg/147.0.0.0"
222.221.156.77 - - [28/May/2026:16:40:07 +0800] "GET /wp-content/uploads/2026/05/1779957408-1Article_images_W900px-150x150.webp HTTP/1.1" 304 0 "http://cqqizhou.com/wp-admin/edit.php?post_type=post" "Mozilla/5.0 (Windows NT 10.0; Win64; x64) AppleWebKit/537.36 (KHTML, like Gecko) Chrome/147.0.0.0 Safari/537.36 Edg/147.0.0.0"
36.133.115.36 - - [28/May/2026:16:40:09 +0800] "POST /wp-cron.php?doing_wp_cron=1779957609.0947980880737304687500 HTTP/1.1" 200 31 "-" "WordPress/6.9; http://cqqizhou.com"
222.221.156.77 - - [28/May/2026:16:40:09 +0800] "POST /wp-admin/admin-ajax.php HTTP/1.1" 200 78 "http://cqqizhou.com/wp-admin/edit.php?post_type=post" "Mozilla/5.0 (Windows NT 10.0; Win64; x64) AppleWebKit/537.36 (KHTML, like Gecko) Chrome/147.0.0.0 Safari/537.36 Edg/147.0.0.0"
222.221.156.77 - - [28/May/2026:16:40:19 +0800] "POST /wp-admin/admin-ajax.php HTTP/1.1" 200 78 "http://cqqizhou.com/wp-admin/edit.php?post_type=post" "Mozilla/5.0 (Windows NT 10.0; Win64; x64) AppleWebKit/537.36 (KHTML, like Gecko) Chrome/147.0.0.0 Safari/537.36 Edg/147.0.0.0"
36.133.115.36 - - [28/May/2026:16:42:20 +0800] "POST /wp-cron.php?doing_wp_cron=1779957740.8194420337677001953125 HTTP/1.1" 200 31 "-" "WordPress/6.9; http://cqqizhou.com"
222.221.156.77 - - [28/May/2026:16:42:20 +0800] "POST /wp-admin/admin-ajax.php HTTP/1.1" 200 78 "http://cqqizhou.com/wp-admin/edit.php?post_type=post" "Mozilla/5.0 (Windows NT 10.0; Win64; x64) AppleWebKit/537.36 (KHTML, like Gecko) Chrome/147.0.0.0 Safari/537.36 Edg/147.0.0.0"
36.133.115.36 - - [28/May/2026:16:44:21 +0800] "POST /wp-cron.php?doing_wp_cron=1779957861.7734959125518798828125 HTTP/1.1" 200 31 "-" "WordPress/6.9; http://cqqizhou.com"
222.221.156.77 - - [28/May/2026:16:44:21 +0800] "POST /wp-admin/admin-ajax.php HTTP/1.1" 200 78 "http://cqqizhou.com/wp-admin/edit.php?post_type=post" "Mozilla/5.0 (Windows NT 10.0; Win64; x64) AppleWebKit/537.36 (KHTML, like Gecko) Chrome/147.0.0.0 Safari/537.36 Edg/147.0.0.0"
36.133.115.36 - - [28/May/2026:16:46:22 +0800] "POST /wp-cron.php?doing_wp_cron=1779957982.8334660530090332031250 HTTP/1.1" 200 31 "-" "WordPress/6.9; http://cqqizhou.com"
222.221.156.77 - - [28/May/2026:16:46:22 +0800] "POST /wp-admin/admin-ajax.php HTTP/1.1" 200 78 "http://cqqizhou.com/wp-admin/edit.php?post_type=post" "Mozilla/5.0 (Windows NT 10.0; Win64; x64) AppleWebKit/537.36 (KHTML, like Gecko) Chrome/147.0.0.0 Safari/537.36 Edg/147.0.0.0"
36.133.115.36 - - [28/May/2026:16:48:25 +0800] "POST /wp-cron.php?doing_wp_cron=1779958105.0245189666748046875000 HTTP/1.1" 200 31 "-" "WordPress/6.9; http://cqqizhou.com"
222.221.156.77 - - [28/May/2026:16:48:25 +0800] "POST /wp-admin/admin-ajax.php HTTP/1.1" 200 78 "http://cqqizhou.com/wp-admin/edit.php?post_type=post" "Mozilla/5.0 (Windows NT 10.0; Win64; x64) AppleWebKit/537.36 (KHTML, like Gecko) Chrome/147.0.0.0 Safari/537.36 Edg/147.0.0.0"
8.218.40.52 - - [28/May/2026:16:50:08 +0800] "HEAD /wp-content/uploads/2025/12/1766388806-Article_images_202507243.webp HTTP/1.1" 200 0 "-" "Mozilla/5.0 (Macintosh; Intel Mac OS X 10_15_7) AppleWebKit/537.36 (KHTML, like Gecko) Chrome/120.0.0.0 Safari/537.36"
36.133.115.36 - - [28/May/2026:16:50:24 +0800] "POST /wp-cron.php?doing_wp_cron=1779958224.7996408939361572265625 HTTP/1.1" 200 31 "-" "WordPress/6.9; http://cqqizhou.com"
222.221.156.77 - - [28/May/2026:16:50:24 +0800] "POST /wp-admin/admin-ajax.php HTTP/1.1" 200 78 "http://cqqizhou.com/wp-admin/edit.php?post_type=post" "Mozilla/5.0 (Windows NT 10.0; Win64; x64) AppleWebKit/537.36 (KHTML, like Gecko) Chrome/147.0.0.0 Safari/537.36 Edg/147.0.0.0"
36.133.115.36 - - [28/May/2026:16:52:25 +0800] "POST /wp-cron.php?doing_wp_cron=1779958345.8321259021759033203125 HTTP/1.1" 200 31 "-" "WordPress/6.9; http://cqqizhou.com"
222.221.156.77 - - [28/May/2026:16:52:25 +0800] "POST /wp-admin/admin-ajax.php HTTP/1.1" 200 78 "http://cqqizhou.com/wp-admin/edit.php?post_type=post" "Mozilla/5.0 (Windows NT 10.0; Win64; x64) AppleWebKit/537.36 (KHTML, like Gecko) Chrome/147.0.0.0 Safari/537.36 Edg/147.0.0.0"
36.133.115.36 - - [28/May/2026:16:54:26 +0800] "POST /wp-cron.php?doing_wp_cron=1779958466.8541619777679443359375 HTTP/1.1" 200 31 "-" "WordPress/6.9; http://cqqizhou.com"
222.221.156.77 - - [28/May/2026:16:54:26 +0800] "POST /wp-admin/admin-ajax.php HTTP/1.1" 200 78 "http://cqqizhou.com/wp-admin/edit.php?post_type=post" "Mozilla/5.0 (Windows NT 10.0; Win64; x64) AppleWebKit/537.36 (KHTML, like Gecko) Chrome/147.0.0.0 Safari/537.36 Edg/147.0.0.0"
36.133.115.36 - - [28/May/2026:16:56:27 +0800] "POST /wp-cron.php?doing_wp_cron=1779958587.9071109294891357421875 HTTP/1.1" 200 31 "-" "WordPress/6.9; http://cqqizhou.com"
222.221.156.77 - - [28/May/2026:16:56:27 +0800] "POST /wp-admin/admin-ajax.php HTTP/1.1" 200 78 "http://cqqizhou.com/wp-admin/edit.php?post_type=post" "Mozilla/5.0 (Windows NT 10.0; Win64; x64) AppleWebKit/537.36 (KHTML, like Gecko) Chrome/147.0.0.0 Safari/537.36 Edg/147.0.0.0"
36.133.115.36 - - [28/May/2026:16:57:58 +0800] "POST /wp-cron.php?doing_wp_cron=1779958678.8432190418243408203125 HTTP/1.1" 200 31 "-" "WordPress/6.9; http://cqqizhou.com"
222.221.156.77 - - [28/May/2026:16:57:58 +0800] "POST /wp-admin/admin-ajax.php HTTP/1.1" 200 78 "http://cqqizhou.com/wp-admin/edit.php?post_type=post" "Mozilla/5.0 (Windows NT 10.0; Win64; x64) AppleWebKit/537.36 (KHTML, like Gecko) Chrome/147.0.0.0 Safari/537.36 Edg/147.0.0.0"
36.133.115.36 - - [28/May/2026:16:58:11 +0800] "POST /wp-cron.php?doing_wp_cron=1779958691.0223290920257568359375 HTTP/1.1" 200 31 "-" "WordPress/6.9; http://cqqizhou.com"
222.221.156.77 - - [28/May/2026:16:58:11 +0800] "POST /wp-admin/admin-ajax.php HTTP/1.1" 200 78 "http://cqqizhou.com/wp-admin/edit.php?post_type=post" "Mozilla/5.0 (Windows NT 10.0; Win64; x64) AppleWebKit/537.36 (KHTML, like Gecko) Chrome/147.0.0.0 Safari/537.36 Edg/147.0.0.0"
36.133.115.36 - - [28/May/2026:17:01:12 +0800] "POST /wp-cron.php?doing_wp_cron=1779958872.0091350078582763671875 HTTP/1.1" 200 31 "-" "WordPress/6.9; http://cqqizhou.com"
222.221.156.77 - - [28/May/2026:17:01:12 +0800] "POST /wp-admin/admin-ajax.php HTTP/1.1" 200 78 "http://cqqizhou.com/wp-admin/edit.php?post_type=post" "Mozilla/5.0 (Windows NT 10.0; Win64; x64) AppleWebKit/537.36 (KHTML, like Gecko) Chrome/147.0.0.0 Safari/537.36 Edg/147.0.0.0"
36.133.115.36 - - [28/May/2026:17:03:12 +0800] "POST /wp-cron.php?doing_wp_cron=1779958992.7566609382629394531250 HTTP/1.1" 200 31 "-" "WordPress/6.9; http://cqqizhou.com"
222.221.156.77 - - [28/May/2026:17:03:12 +0800] "POST /wp-admin/admin-ajax.php HTTP/1.1" 200 78 "http://cqqizhou.com/wp-admin/edit.php?post_type=post" "Mozilla/5.0 (Windows NT 10.0; Win64; x64) AppleWebKit/537.36 (KHTML, like Gecko) Chrome/147.0.0.0 Safari/537.36 Edg/147.0.0.0"
36.133.115.36 - - [28/May/2026:17:05:13 +0800] "POST /wp-cron.php?doing_wp_cron=1779959113.9158420562744140625000 HTTP/1.1" 200 31 "-" "WordPress/6.9; http://cqqizhou.com"
222.221.156.77 - - [28/May/2026:17:05:13 +0800] "POST /wp-admin/admin-ajax.php HTTP/1.1" 200 78 "http://cqqizhou.com/wp-admin/edit.php?post_type=post" "Mozilla/5.0 (Windows NT 10.0; Win64; x64) AppleWebKit/537.36 (KHTML, like Gecko) Chrome/147.0.0.0 Safari/537.36 Edg/147.0.0.0"
36.133.115.36 - - [28/May/2026:17:07:14 +0800] "POST /wp-cron.php?doing_wp_cron=1779959234.7717289924621582031250 HTTP/1.1" 200 31 "-" "WordPress/6.9; http://cqqizhou.com"
222.221.156.77 - - [28/May/2026:17:07:14 +0800] "POST /wp-admin/admin-ajax.php HTTP/1.1" 200 78 "http://cqqizhou.com/wp-admin/edit.php?post_type=post" "Mozilla/5.0 (Windows NT 10.0; Win64; x64) AppleWebKit/537.36 (KHTML, like Gecko) Chrome/147.0.0.0 Safari/537.36 Edg/147.0.0.0"
36.133.115.36 - - [28/May/2026:17:09:15 +0800] "POST /wp-cron.php?doing_wp_cron=1779959355.7910389900207519531250 HTTP/1.1" 200 31 "-" "WordPress/6.9; http://cqqizhou.com"
222.221.156.77 - - [28/May/2026:17:09:15 +0800] "POST /wp-admin/admin-ajax.php HTTP/1.1" 200 78 "http://cqqizhou.com/wp-admin/edit.php?post_type=post" "Mozilla/5.0 (Windows NT 10.0; Win64; x64) AppleWebKit/537.36 (KHTML, like Gecko) Chrome/147.0.0.0 Safari/537.36 Edg/147.0.0.0"
130.94.218.134 - - [28/May/2026:17:18:36 +0800] "GET /wp-content/uploads/2026/05/1779328461-1Article_images_W900px-768x432.webp HTTP/1.1" 200 37678 "http://cqqizhou.com/2418" "Mozilla/5.0 (Macintosh; Intel Mac OS X 10_15_7) AppleWebKit/537.36 (KHTML, like Gecko) Chrome/130.0.0.0 Safari/537.36"
36.133.115.36 - - [28/May/2026:17:19:00 +0800] "POST /wp-cron.php?doing_wp_cron=1779959940.2039589881896972656250 HTTP/1.1" 200 31 "-" "WordPress/6.9; http://cqqizhou.com"
222.221.156.77 - - [28/May/2026:17:19:00 +0800] "POST /wp-admin/admin-ajax.php HTTP/1.1" 200 78 "http://cqqizhou.com/wp-admin/edit.php?post_type=post" "Mozilla/5.0 (Windows NT 10.0; Win64; x64) AppleWebKit/537.36 (KHTML, like Gecko) Chrome/147.0.0.0 Safari/537.36 Edg/147.0.0.0"
36.133.115.36 - - [28/May/2026:17:34:57 +0800] "POST /wp-cron.php?doing_wp_cron=1779960897.5157461166381835937500 HTTP/1.1" 200 31 "-" "WordPress/6.9; http://cqqizhou.com"
36.133.108.119 - - [28/May/2026:17:34:57 +0800] "HEAD / HTTP/1.1" 301 0 "-" "Mozilla/5.0 (compatible; MSIE 8.0; Windows NT 5.1; Trident/4.0; .NET CLR 1.1.4322; .NET CLR 2.0.50727)"
36.133.115.36 - - [28/May/2026:17:50:14 +0800] "POST /wp-cron.php?doing_wp_cron=1779961813.9989619255065917968750 HTTP/1.1" 200 31 "-" "WordPress/6.9; http://cqqizhou.com"
45.148.10.67 - - [28/May/2026:17:50:14 +0800] "GET / HTTP/1.1" 200 35151 "-" "Mozilla/5.0 (Windows NT 10.0; Win64; x64) AppleWebKit/537.36 (KHTML, like Gecko) Chrome/131.0.0.0 Safari/537.36"
36.133.115.36 - - [28/May/2026:18:17:04 +0800] "POST /wp-cron.php?doing_wp_cron=1779963424.5981159210205078125000 HTTP/1.1" 200 31 "-" "WordPress/6.9; http://cqqizhou.com"
43.156.114.184 - - [28/May/2026:18:17:04 +0800] "GET / HTTP/1.1" 200 35149 "-" "Mozilla/5.0 (iPhone; CPU iPhone OS 13_2_3 like Mac OS X) AppleWebKit/605.1.15 (KHTML, like Gecko) Version/13.0.3 Mobile/15E148 Safari/604.1"
36.133.115.36 - - [28/May/2026:18:47:19 +0800] "POST /wp-cron.php?doing_wp_cron=1779965239.2122290134429931640625 HTTP/1.1" 200 31 "-" "WordPress/6.9; http://cqqizhou.com"
121.229.156.100 - - [28/May/2026:18:47:19 +0800] "GET / HTTP/1.1" 200 35573 "-" "Sogou web spider/4.0(+http://www.sogou.com/docs/help/webmasters.htm#07)"
36.133.115.36 - - [28/May/2026:19:14:18 +0800] "POST /wp-cron.php?doing_wp_cron=1779966858.3710870742797851562500 HTTP/1.1" 200 31 "-" "WordPress/6.9; http://cqqizhou.com"
119.45.7.86 - - [28/May/2026:19:14:18 +0800] "GET / HTTP/1.1" 301 5 "-" "Mozilla/5.0 (iPhone; CPU iPhone OS 13_2_3 like Mac OS X) AppleWebKit/605.1.15 (KHTML, like Gecko) Version/13.0.3 Mobile/15E148 Safari/604.1"
119.45.7.86 - - [28/May/2026:19:14:23 +0800] "GET / HTTP/1.1" 200 35150 "http://www.cqqizhou.com" "Mozilla/5.0 (iPhone; CPU iPhone OS 13_2_3 like Mac OS X) AppleWebKit/605.1.15 (KHTML, like Gecko) Version/13.0.3 Mobile/15E148 Safari/604.1"
36.133.115.36 - - [28/May/2026:19:21:27 +0800] "POST /wp-cron.php?doing_wp_cron=1779967287.9208641052246093750000 HTTP/1.1" 200 31 "-" "WordPress/6.9; http://cqqizhou.com"
47.82.146.145 - - [28/May/2026:19:21:27 +0800] "GET /wp-json/wp/v2/posts HTTP/1.1" 200 16798 "-" "Mozilla/5.0 (Windows NT 10.0; Win64; x64) AppleWebKit/537.36 (KHTML, like Gecko) Chrome/120.0.0.0 Safari/537.36"
