36.133.115.36 - - [30/Apr/2026:09:46:11 +0800] "POST /wp-cron.php?doing_wp_cron=1777513571.6852860450744628906250 HTTP/1.1" 200 31 "-" "WordPress/6.9; http://cqqizhou.com"
183.11.21.77 - - [30/Apr/2026:09:46:11 +0800] "POST /wp-admin/admin-ajax.php HTTP/1.1" 200 78 "http://cqqizhou.com/wp-admin/edit.php" "Mozilla/5.0 (Windows NT 10.0; Win64; x64) AppleWebKit/537.36 (KHTML, like Gecko) Chrome/145.0.0.0 Safari/537.36 Edg/145.0.0.0"
183.11.21.77 - - [30/Apr/2026:09:46:15 +0800] "GET /wp-admin/edit.php HTTP/1.1" 200 85879 "http://cqqizhou.com/wp-admin/edit.php" "Mozilla/5.0 (Windows NT 10.0; Win64; x64) AppleWebKit/537.36 (KHTML, like Gecko) Chrome/145.0.0.0 Safari/537.36 Edg/145.0.0.0"
183.11.21.77 - - [30/Apr/2026:09:46:15 +0800] "GET /wp-content/uploads/2026/04/1777513410-1Article_images_W900px-150x150.webp HTTP/1.1" 304 0 "http://cqqizhou.com/wp-admin/edit.php" "Mozilla/5.0 (Windows NT 10.0; Win64; x64) AppleWebKit/537.36 (KHTML, like Gecko) Chrome/145.0.0.0 Safari/537.36 Edg/145.0.0.0"
183.11.21.77 - - [30/Apr/2026:09:46:16 +0800] "POST /wp-admin/admin-ajax.php HTTP/1.1" 200 78 "http://cqqizhou.com/wp-admin/edit.php" "Mozilla/5.0 (Windows NT 10.0; Win64; x64) AppleWebKit/537.36 (KHTML, like Gecko) Chrome/145.0.0.0 Safari/537.36 Edg/145.0.0.0"
183.11.21.77 - - [30/Apr/2026:09:46:26 +0800] "POST /wp-admin/admin-ajax.php HTTP/1.1" 200 78 "http://cqqizhou.com/wp-admin/edit.php" "Mozilla/5.0 (Windows NT 10.0; Win64; x64) AppleWebKit/537.36 (KHTML, like Gecko) Chrome/145.0.0.0 Safari/537.36 Edg/145.0.0.0"
183.11.21.77 - - [30/Apr/2026:09:46:30 +0800] "GET /wp-admin/plugins.php HTTP/1.1" 200 93999 "http://cqqizhou.com/wp-admin/edit.php" "Mozilla/5.0 (Windows NT 10.0; Win64; x64) AppleWebKit/537.36 (KHTML, like Gecko) Chrome/145.0.0.0 Safari/537.36 Edg/145.0.0.0"
183.11.21.77 - - [30/Apr/2026:09:46:31 +0800] "GET /wp-admin/load-styles.php?c=0&dir=ltr&load%5Bchunk_0%5D=dashicons,admin-bar,common,forms,admin-menu,dashboard,list-tables,edit,revisions,media,themes,about,nav-menus,wp-pointer,widgets&load%5Bchunk_1%5D=,site-icon,l10n,buttons,media-views,wp-color-picker,editor-buttons,wp-auth-check,wp-components,wp-commands,wp-jquery-ui-dialog&ver=6.9 HTTP/1.1" 200 132592 "http://cqqizhou.com/wp-admin/plugins.php" "Mozilla/5.0 (Windows NT 10.0; Win64; x64) AppleWebKit/537.36 (KHTML, like Gecko) Chrome/145.0.0.0 Safari/537.36 Edg/145.0.0.0"
183.11.21.77 - - [30/Apr/2026:09:46:40 +0800] "POST /wp-admin/admin-ajax.php HTTP/1.1" 200 161 "http://cqqizhou.com/wp-admin/plugins.php" "Mozilla/5.0 (Windows NT 10.0; Win64; x64) AppleWebKit/537.36 (KHTML, like Gecko) Chrome/145.0.0.0 Safari/537.36 Edg/145.0.0.0"
183.11.21.77 - - [30/Apr/2026:09:46:58 +0800] "POST /wp-admin/admin-ajax.php HTTP/1.1" 200 158 "http://cqqizhou.com/wp-admin/plugins.php" "Mozilla/5.0 (Windows NT 10.0; Win64; x64) AppleWebKit/537.36 (KHTML, like Gecko) Chrome/145.0.0.0 Safari/537.36 Edg/145.0.0.0"
36.133.115.36 - - [30/Apr/2026:09:47:16 +0800] "POST /wp-cron.php?doing_wp_cron=1777513636.1617929935455322265625 HTTP/1.1" 200 31 "-" "WordPress/6.9; http://cqqizhou.com"
183.11.21.77 - - [30/Apr/2026:09:47:16 +0800] "POST /wp-admin/admin-ajax.php HTTP/1.1" 200 164 "http://cqqizhou.com/wp-admin/plugins.php" "Mozilla/5.0 (Windows NT 10.0; Win64; x64) AppleWebKit/537.36 (KHTML, like Gecko) Chrome/145.0.0.0 Safari/537.36 Edg/145.0.0.0"
183.11.21.77 - - [30/Apr/2026:09:47:31 +0800] "POST /wp-admin/admin-ajax.php HTTP/1.1" 200 170 "http://cqqizhou.com/wp-admin/plugins.php" "Mozilla/5.0 (Windows NT 10.0; Win64; x64) AppleWebKit/537.36 (KHTML, like Gecko) Chrome/145.0.0.0 Safari/537.36 Edg/145.0.0.0"
183.11.21.77 - - [30/Apr/2026:09:47:33 +0800] "POST /wp-admin/admin-ajax.php HTTP/1.1" 200 78 "http://cqqizhou.com/wp-admin/plugins.php" "Mozilla/5.0 (Windows NT 10.0; Win64; x64) AppleWebKit/537.36 (KHTML, like Gecko) Chrome/145.0.0.0 Safari/537.36 Edg/145.0.0.0"
183.11.21.77 - - [30/Apr/2026:09:47:40 +0800] "POST /wp-admin/admin-ajax.php HTTP/1.1" 200 187 "http://cqqizhou.com/wp-admin/plugins.php" "Mozilla/5.0 (Windows NT 10.0; Win64; x64) AppleWebKit/537.36 (KHTML, like Gecko) Chrome/145.0.0.0 Safari/537.36 Edg/145.0.0.0"
183.11.21.77 - - [30/Apr/2026:09:47:48 +0800] "POST /wp-admin/admin-ajax.php HTTP/1.1" 200 112 "http://cqqizhou.com/wp-admin/post.php?post=2559&action=edit" "Mozilla/5.0 (Windows NT 10.0; Win64; x64) AppleWebKit/537.36 (KHTML, like Gecko) Chrome/145.0.0.0 Safari/537.36 Edg/145.0.0.0"
36.133.115.36 - - [30/Apr/2026:09:48:22 +0800] "POST /wp-cron.php?doing_wp_cron=1777513702.5084049701690673828125 HTTP/1.1" 200 31 "-" "WordPress/6.9; http://cqqizhou.com"
183.11.21.77 - - [30/Apr/2026:09:48:22 +0800] "GET / HTTP/1.1" 200 43816 "http://cqqizhou.com/news/2559" "Mozilla/5.0 (Windows NT 10.0; Win64; x64) AppleWebKit/537.36 (KHTML, like Gecko) Chrome/145.0.0.0 Safari/537.36 Edg/145.0.0.0"
183.11.21.77 - - [30/Apr/2026:09:48:24 +0800] "GET /wp-content/uploads/2025/12/1765268955-qizhou_Slider1_3840%C3%972160_20251210-scaled.webp HTTP/1.1" 200 152162 "http://cqqizhou.com/" "Mozilla/5.0 (Windows NT 10.0; Win64; x64) AppleWebKit/537.36 (KHTML, like Gecko) Chrome/145.0.0.0 Safari/537.36 Edg/145.0.0.0"
183.11.21.77 - - [30/Apr/2026:09:48:24 +0800] "GET /wp-content/uploads/2025/07/1753456723-%E5%8F%8C%E7%9B%B8%E9%92%A2roduct_Single600.webp HTTP/1.1" 200 22790 "http://cqqizhou.com/" "Mozilla/5.0 (Windows NT 10.0; Win64; x64) AppleWebKit/537.36 (KHTML, like Gecko) Chrome/145.0.0.0 Safari/537.36 Edg/145.0.0.0"
183.11.21.77 - - [30/Apr/2026:09:48:24 +0800] "GET /wp-content/uploads/2025/07/1753456770-%E7%83%AD%E9%95%80%E9%94%8C%E5%8D%B7product_Single600.webp HTTP/1.1" 200 27502 "http://cqqizhou.com/" "Mozilla/5.0 (Windows NT 10.0; Win64; x64) AppleWebKit/537.36 (KHTML, like Gecko) Chrome/145.0.0.0 Safari/537.36 Edg/145.0.0.0"
183.11.21.77 - - [30/Apr/2026:09:48:24 +0800] "GET /wp-content/uploads/2025/07/1753453127-%E4%BD%99%E5%8D%B7product_Single600%C3%97284.webp HTTP/1.1" 200 18744 "http://cqqizhou.com/" "Mozilla/5.0 (Windows NT 10.0; Win64; x64) AppleWebKit/537.36 (KHTML, like Gecko) Chrome/145.0.0.0 Safari/537.36 Edg/145.0.0.0"
183.11.21.77 - - [30/Apr/2026:09:48:24 +0800] "GET /wp-content/uploads/2025/07/1753453096-%E5%8F%8C%E7%9B%B8%E9%92%A2product_Single600%C3%97284.webp HTTP/1.1" 200 14562 "http://cqqizhou.com/" "Mozilla/5.0 (Windows NT 10.0; Win64; x64) AppleWebKit/537.36 (KHTML, like Gecko) Chrome/145.0.0.0 Safari/537.36 Edg/145.0.0.0"
183.11.21.77 - - [30/Apr/2026:09:48:24 +0800] "GET /wp-content/uploads/revslider/slider-1/1750861156-logistics_Slider_3840%C3%972160_20250625191356-scaled-50x100.webp HTTP/1.1" 200 1416 "http://cqqizhou.com/" "Mozilla/5.0 (Windows NT 10.0; Win64; x64) AppleWebKit/537.36 (KHTML, like Gecko) Chrome/145.0.0.0 Safari/537.36 Edg/145.0.0.0"
183.11.21.77 - - [30/Apr/2026:09:48:24 +0800] "GET /wp-content/uploads/2026/01/1768276119-qizhoujiagong_Slider_3840%C3%972160_20260113-scaled-50x100.webp HTTP/1.1" 200 976 "http://cqqizhou.com/" "Mozilla/5.0 (Windows NT 10.0; Win64; x64) AppleWebKit/537.36 (KHTML, like Gecko) Chrome/145.0.0.0 Safari/537.36 Edg/145.0.0.0"
183.11.21.77 - - [30/Apr/2026:09:48:25 +0800] "GET /wp-json/sliderrevolution/sliders/1?srengine=7&slideid=2 HTTP/1.1" 200 2000 "http://cqqizhou.com/" "Mozilla/5.0 (Windows NT 10.0; Win64; x64) AppleWebKit/537.36 (KHTML, like Gecko) Chrome/145.0.0.0 Safari/537.36 Edg/145.0.0.0"
183.11.21.77 - - [30/Apr/2026:09:48:25 +0800] "GET /wp-json/sliderrevolution/sliders/1?srengine=7&slideid=4 HTTP/1.1" 200 2580 "http://cqqizhou.com/" "Mozilla/5.0 (Windows NT 10.0; Win64; x64) AppleWebKit/537.36 (KHTML, like Gecko) Chrome/145.0.0.0 Safari/537.36 Edg/145.0.0.0"
183.11.21.77 - - [30/Apr/2026:09:48:25 +0800] "GET /wp-content/uploads/2026/01/1768276119-qizhoujiagong_Slider_3840%C3%972160_20260113-scaled.webp HTTP/1.1" 200 131696 "http://cqqizhou.com/" "Mozilla/5.0 (Windows NT 10.0; Win64; x64) AppleWebKit/537.36 (KHTML, like Gecko) Chrome/145.0.0.0 Safari/537.36 Edg/145.0.0.0"
183.11.21.77 - - [30/Apr/2026:09:48:25 +0800] "GET /wp-content/uploads/revslider/slider-1/1750861156-logistics_Slider_3840%C3%972160_20250625191356-scaled.webp HTTP/1.1" 200 197360 "http://cqqizhou.com/" "Mozilla/5.0 (Windows NT 10.0; Win64; x64) AppleWebKit/537.36 (KHTML, like Gecko) Chrome/145.0.0.0 Safari/537.36 Edg/145.0.0.0"
183.11.21.77 - - [30/Apr/2026:09:48:32 +0800] "POST /wp-admin/admin-ajax.php HTTP/1.1" 200 78 "http://cqqizhou.com/wp-admin/plugins.php" "Mozilla/5.0 (Windows NT 10.0; Win64; x64) AppleWebKit/537.36 (KHTML, like Gecko) Chrome/145.0.0.0 Safari/537.36 Edg/145.0.0.0"
183.11.21.77 - - [30/Apr/2026:09:48:35 +0800] "GET /wp-admin/plugins.php HTTP/1.1" 200 93721 "http://cqqizhou.com/wp-admin/plugins.php" "Mozilla/5.0 (Windows NT 10.0; Win64; x64) AppleWebKit/537.36 (KHTML, like Gecko) Chrome/145.0.0.0 Safari/537.36 Edg/145.0.0.0"
183.11.21.77 - - [30/Apr/2026:09:48:48 +0800] "POST /wp-admin/admin-ajax.php HTTP/1.1" 200 112 "http://cqqizhou.com/wp-admin/post.php?post=2559&action=edit" "Mozilla/5.0 (Windows NT 10.0; Win64; x64) AppleWebKit/537.36 (KHTML, like Gecko) Chrome/145.0.0.0 Safari/537.36 Edg/145.0.0.0"
183.11.21.77 - - [30/Apr/2026:09:48:56 +0800] "GET /news/2559 HTTP/1.1" 200 29081 "http://cqqizhou.com/wp-admin/post.php?post=2559&action=edit" "Mozilla/5.0 (Windows NT 10.0; Win64; x64) AppleWebKit/537.36 (KHTML, like Gecko) Chrome/145.0.0.0 Safari/537.36 Edg/145.0.0.0"
183.11.21.77 - - [30/Apr/2026:09:48:56 +0800] "POST /wp-admin/admin-ajax.php HTTP/1.1" 200 32 "http://cqqizhou.com/wp-admin/post.php?post=2559&action=edit" "Mozilla/5.0 (Windows NT 10.0; Win64; x64) AppleWebKit/537.36 (KHTML, like Gecko) Chrome/145.0.0.0 Safari/537.36 Edg/145.0.0.0"
183.11.21.77 - - [30/Apr/2026:09:48:57 +0800] "GET /wp-content/uploads/2026/04/1777513410-1Article_images_W900px.webp HTTP/1.1" 304 0 "http://cqqizhou.com/news/2559" "Mozilla/5.0 (Windows NT 10.0; Win64; x64) AppleWebKit/537.36 (KHTML, like Gecko) Chrome/145.0.0.0 Safari/537.36 Edg/145.0.0.0"
183.11.21.77 - - [30/Apr/2026:09:48:57 +0800] "GET /wp-content/uploads/2026/04/1777513411-2Article_images_W900px.webp HTTP/1.1" 304 0 "http://cqqizhou.com/news/2559" "Mozilla/5.0 (Windows NT 10.0; Win64; x64) AppleWebKit/537.36 (KHTML, like Gecko) Chrome/145.0.0.0 Safari/537.36 Edg/145.0.0.0"
183.11.21.77 - - [30/Apr/2026:09:49:02 +0800] "GET /media HTTP/1.1" 200 34952 "http://cqqizhou.com/news/2559" "Mozilla/5.0 (Windows NT 10.0; Win64; x64) AppleWebKit/537.36 (KHTML, like Gecko) Chrome/145.0.0.0 Safari/537.36 Edg/145.0.0.0"
183.11.21.77 - - [30/Apr/2026:09:49:02 +0800] "GET /wp-content/uploads/2026/04/1777513410-1Article_images_W900px-768x432.webp HTTP/1.1" 200 31364 "http://cqqizhou.com/media" "Mozilla/5.0 (Windows NT 10.0; Win64; x64) AppleWebKit/537.36 (KHTML, like Gecko) Chrome/145.0.0.0 Safari/537.36 Edg/145.0.0.0"
183.11.21.77 - - [30/Apr/2026:09:49:02 +0800] "GET /wp-content/uploads/2026/04/1775865780-1Article_images_W900px-768x432.webp HTTP/1.1" 200 41178 "http://cqqizhou.com/media" "Mozilla/5.0 (Windows NT 10.0; Win64; x64) AppleWebKit/537.36 (KHTML, like Gecko) Chrome/145.0.0.0 Safari/537.36 Edg/145.0.0.0"
183.11.21.77 - - [30/Apr/2026:09:49:02 +0800] "GET /wp-content/uploads/2026/04/1775698332-Article_images_W900px-768x432.webp HTTP/1.1" 200 50430 "http://cqqizhou.com/media" "Mozilla/5.0 (Windows NT 10.0; Win64; x64) AppleWebKit/537.36 (KHTML, like Gecko) Chrome/145.0.0.0 Safari/537.36 Edg/145.0.0.0"
183.11.21.77 - - [30/Apr/2026:09:49:02 +0800] "GET /wp-content/uploads/media/qizhou_Brochure.webp HTTP/1.1" 200 26142 "http://cqqizhou.com/media" "Mozilla/5.0 (Windows NT 10.0; Win64; x64) AppleWebKit/537.36 (KHTML, like Gecko) Chrome/145.0.0.0 Safari/537.36 Edg/145.0.0.0"
36.133.115.36 - - [30/Apr/2026:09:50:17 +0800] "POST /wp-cron.php?doing_wp_cron=1777513817.7606420516967773437500 HTTP/1.1" 200 31 "-" "WordPress/6.9; http://cqqizhou.com"
183.11.21.77 - - [30/Apr/2026:09:50:17 +0800] "GET /contacts/ HTTP/1.1" 301 5 "http://cqqizhou.com/media" "Mozilla/5.0 (Windows NT 10.0; Win64; x64) AppleWebKit/537.36 (KHTML, like Gecko) Chrome/145.0.0.0 Safari/537.36 Edg/145.0.0.0"
183.11.21.77 - - [30/Apr/2026:09:50:19 +0800] "GET /contacts HTTP/1.1" 200 27534 "http://cqqizhou.com/media" "Mozilla/5.0 (Windows NT 10.0; Win64; x64) AppleWebKit/537.36 (KHTML, like Gecko) Chrome/145.0.0.0 Safari/537.36 Edg/145.0.0.0"
183.11.21.77 - - [30/Apr/2026:09:50:20 +0800] "GET /wp-content/uploads/2025/11/1762826323-Contacts2000x400_20251111.webp HTTP/1.1" 200 15144 "http://cqqizhou.com/contacts" "Mozilla/5.0 (Windows NT 10.0; Win64; x64) AppleWebKit/537.36 (KHTML, like Gecko) Chrome/145.0.0.0 Safari/537.36 Edg/145.0.0.0"
183.11.21.77 - - [30/Apr/2026:09:50:20 +0800] "GET /wp-content/uploads/2025/07/1750005875-qizhou_map2025616.webp HTTP/1.1" 200 348798 "http://cqqizhou.com/contacts" "Mozilla/5.0 (Windows NT 10.0; Win64; x64) AppleWebKit/537.36 (KHTML, like Gecko) Chrome/145.0.0.0 Safari/537.36 Edg/145.0.0.0"
183.11.21.77 - - [30/Apr/2026:09:50:20 +0800] "GET /wp-json/contact-form-7/v1/contact-forms/158/feedback/schema HTTP/1.1" 200 358 "http://cqqizhou.com/contacts" "Mozilla/5.0 (Windows NT 10.0; Win64; x64) AppleWebKit/537.36 (KHTML, like Gecko) Chrome/145.0.0.0 Safari/537.36 Edg/145.0.0.0"
183.11.21.77 - - [30/Apr/2026:09:50:21 +0800] "GET /wp-json/contact-form-7/v1/contact-forms/158/refill HTTP/1.1" 200 33 "http://cqqizhou.com/contacts" "Mozilla/5.0 (Windows NT 10.0; Win64; x64) AppleWebKit/537.36 (KHTML, like Gecko) Chrome/145.0.0.0 Safari/537.36 Edg/145.0.0.0"
183.11.21.77 - - [30/Apr/2026:09:50:47 +0800] "GET /media HTTP/1.1" 200 34950 "http://cqqizhou.com/contacts" "Mozilla/5.0 (Windows NT 10.0; Win64; x64) AppleWebKit/537.36 (KHTML, like Gecko) Chrome/145.0.0.0 Safari/537.36 Edg/145.0.0.0"
183.11.21.77 - - [30/Apr/2026:09:50:47 +0800] "GET /wp-content/uploads/2026/04/1777513410-1Article_images_W900px-768x432.webp HTTP/1.1" 304 0 "http://cqqizhou.com/media" "Mozilla/5.0 (Windows NT 10.0; Win64; x64) AppleWebKit/537.36 (KHTML, like Gecko) Chrome/145.0.0.0 Safari/537.36 Edg/145.0.0.0"
36.133.115.36 - - [30/Apr/2026:09:52:31 +0800] "POST /wp-cron.php?doing_wp_cron=1777513951.7847208976745605468750 HTTP/1.1" 200 31 "-" "WordPress/6.9; http://cqqizhou.com"
183.11.21.77 - - [30/Apr/2026:09:52:31 +0800] "GET /media HTTP/1.1" 200 26796 "-" "Mozilla/5.0 (Windows NT 10.0; Win64; x64) AppleWebKit/537.36 (KHTML, like Gecko) Chrome/145.0.0.0 Safari/537.36 Edg/145.0.0.0"
183.11.21.77 - - [30/Apr/2026:09:52:32 +0800] "GET /wp-content/uploads/2026/04/1777513410-1Article_images_W900px-768x432.webp HTTP/1.1" 304 0 "http://cqqizhou.com/media" "Mozilla/5.0 (Windows NT 10.0; Win64; x64) AppleWebKit/537.36 (KHTML, like Gecko) Chrome/145.0.0.0 Safari/537.36 Edg/145.0.0.0"
183.11.21.77 - - [30/Apr/2026:09:52:41 +0800] "GET /services HTTP/1.1" 200 32209 "http://cqqizhou.com/media" "Mozilla/5.0 (Windows NT 10.0; Win64; x64) AppleWebKit/537.36 (KHTML, like Gecko) Chrome/145.0.0.0 Safari/537.36 Edg/145.0.0.0"
183.11.21.77 - - [30/Apr/2026:09:52:41 +0800] "GET /wp-content/uploads/2025/07/1751829518-Precision-processing-services800x500.webp HTTP/1.1" 200 28964 "http://cqqizhou.com/services" "Mozilla/5.0 (Windows NT 10.0; Win64; x64) AppleWebKit/537.36 (KHTML, like Gecko) Chrome/145.0.0.0 Safari/537.36 Edg/145.0.0.0"
183.11.21.77 - - [30/Apr/2026:09:52:41 +0800] "GET /wp-content/uploads/2025/12/1764853157-ISO3-731x1024.webp HTTP/1.1" 200 105856 "http://cqqizhou.com/services" "Mozilla/5.0 (Windows NT 10.0; Win64; x64) AppleWebKit/537.36 (KHTML, like Gecko) Chrome/145.0.0.0 Safari/537.36 Edg/145.0.0.0"
183.11.21.77 - - [30/Apr/2026:09:52:41 +0800] "GET /wp-content/uploads/2025/12/1764853155-ISO2-731x1024.webp HTTP/1.1" 200 91446 "http://cqqizhou.com/services" "Mozilla/5.0 (Windows NT 10.0; Win64; x64) AppleWebKit/537.36 (KHTML, like Gecko) Chrome/145.0.0.0 Safari/537.36 Edg/145.0.0.0"
183.11.21.77 - - [30/Apr/2026:09:52:41 +0800] "GET /wp-content/uploads/2025/07/1750174127-Marketing1920x800_3.webp HTTP/1.1" 200 52790 "http://cqqizhou.com/wp-content/uploads/elementor/css/post-1659.css?ver=1777513961" "Mozilla/5.0 (Windows NT 10.0; Win64; x64) AppleWebKit/537.36 (KHTML, like Gecko) Chrome/145.0.0.0 Safari/537.36 Edg/145.0.0.0"
183.11.21.77 - - [30/Apr/2026:09:52:42 +0800] "GET /wp-content/uploads/2025/12/1764853152-ISO1-731x1024.webp HTTP/1.1" 200 111032 "http://cqqizhou.com/services" "Mozilla/5.0 (Windows NT 10.0; Win64; x64) AppleWebKit/537.36 (KHTML, like Gecko) Chrome/145.0.0.0 Safari/537.36 Edg/145.0.0.0"
183.11.21.77 - - [30/Apr/2026:09:52:42 +0800] "GET /wp-content/uploads/2025/07/1753405252-Services_Banner2000%C3%97400px2.webp HTTP/1.1" 200 23730 "http://cqqizhou.com/wp-content/uploads/elementor/css/post-1659.css?ver=1777513961" "Mozilla/5.0 (Windows NT 10.0; Win64; x64) AppleWebKit/537.36 (KHTML, like Gecko) Chrome/145.0.0.0 Safari/537.36 Edg/145.0.0.0"
183.11.21.77 - - [30/Apr/2026:09:52:42 +0800] "GET /wp-content/uploads/2025/07/1751829454-Smart-warehousing800x500.webp HTTP/1.1" 200 79504 "http://cqqizhou.com/services" "Mozilla/5.0 (Windows NT 10.0; Win64; x64) AppleWebKit/537.36 (KHTML, like Gecko) Chrome/145.0.0.0 Safari/537.36 Edg/145.0.0.0"
183.11.21.77 - - [30/Apr/2026:09:52:47 +0800] "GET /wp-content/uploads/2025/12/1765265398-qizhou_Slider_3840%C3%972160_20251209-scaled.webp HTTP/1.1" 200 175208 "http://cqqizhou.com/wp-content/uploads/elementor/css/post-1659.css?ver=1777513961" "Mozilla/5.0 (Windows NT 10.0; Win64; x64) AppleWebKit/537.36 (KHTML, like Gecko) Chrome/145.0.0.0 Safari/537.36 Edg/145.0.0.0"
36.133.115.36 - - [30/Apr/2026:09:53:14 +0800] "POST /wp-cron.php?doing_wp_cron=1777513994.5353019237518310546875 HTTP/1.1" 200 31 "-" "WordPress/6.9; http://cqqizhou.com"
183.11.21.77 - - [30/Apr/2026:09:53:14 +0800] "GET /logistics HTTP/1.1" 200 31709 "http://cqqizhou.com/services" "Mozilla/5.0 (Windows NT 10.0; Win64; x64) AppleWebKit/537.36 (KHTML, like Gecko) Chrome/145.0.0.0 Safari/537.36 Edg/145.0.0.0"
183.11.21.77 - - [30/Apr/2026:09:53:14 +0800] "GET /wp-content/uploads/2026/01/1767696162-qizhoutruck3.webp HTTP/1.1" 200 19026 "http://cqqizhou.com/logistics" "Mozilla/5.0 (Windows NT 10.0; Win64; x64) AppleWebKit/537.36 (KHTML, like Gecko) Chrome/145.0.0.0 Safari/537.36 Edg/145.0.0.0"
183.11.21.77 - - [30/Apr/2026:09:53:14 +0800] "GET /wp-content/uploads/2025/11/1762864381-QZ_Photo-7.webp HTTP/1.1" 200 129922 "http://cqqizhou.com/logistics" "Mozilla/5.0 (Windows NT 10.0; Win64; x64) AppleWebKit/537.36 (KHTML, like Gecko) Chrome/145.0.0.0 Safari/537.36 Edg/145.0.0.0"
183.11.21.77 - - [30/Apr/2026:09:53:14 +0800] "GET /wp-content/uploads/2025/12/1765862012-DSC20251216131140.webp HTTP/1.1" 200 78744 "http://cqqizhou.com/logistics" "Mozilla/5.0 (Windows NT 10.0; Win64; x64) AppleWebKit/537.36 (KHTML, like Gecko) Chrome/145.0.0.0 Safari/537.36 Edg/145.0.0.0"
183.11.21.77 - - [30/Apr/2026:09:53:14 +0800] "GET /wp-content/uploads/logistics/Conatiner-5.webp HTTP/1.1" 200 63396 "http://cqqizhou.com/logistics" "Mozilla/5.0 (Windows NT 10.0; Win64; x64) AppleWebKit/537.36 (KHTML, like Gecko) Chrome/145.0.0.0 Safari/537.36 Edg/145.0.0.0"
183.11.21.77 - - [30/Apr/2026:09:53:14 +0800] "GET /wp-content/uploads/2026/01/1767696142-aojiaqiao20260104.webp HTTP/1.1" 200 184988 "http://cqqizhou.com/wp-content/uploads/elementor/css/post-1959.css?ver=1777513994" "Mozilla/5.0 (Windows NT 10.0; Win64; x64) AppleWebKit/537.36 (KHTML, like Gecko) Chrome/145.0.0.0 Safari/537.36 Edg/145.0.0.0"
183.11.21.77 - - [30/Apr/2026:09:53:15 +0800] "GET /wp-json/contact-form-7/v1/contact-forms/1444/feedback/schema HTTP/1.1" 200 270 "http://cqqizhou.com/logistics" "Mozilla/5.0 (Windows NT 10.0; Win64; x64) AppleWebKit/537.36 (KHTML, like Gecko) Chrome/145.0.0.0 Safari/537.36 Edg/145.0.0.0"
183.11.21.77 - - [30/Apr/2026:09:53:16 +0800] "GET /wp-json/contact-form-7/v1/contact-forms/1444/refill HTTP/1.1" 200 33 "http://cqqizhou.com/logistics" "Mozilla/5.0 (Windows NT 10.0; Win64; x64) AppleWebKit/537.36 (KHTML, like Gecko) Chrome/145.0.0.0 Safari/537.36 Edg/145.0.0.0"
183.11.21.77 - - [30/Apr/2026:09:53:39 +0800] "GET /wp-content/uploads/2026/02/1770009968-9.6%E7%B1%B3%E4%BD%8E%E6%A0%8F%E5%B9%B3%E6%9D%BF%E8%B4%A7%E8%BD%A6.webp HTTP/1.1" 200 56690 "http://cqqizhou.com/logistics" "Mozilla/5.0 (Windows NT 10.0; Win64; x64) AppleWebKit/537.36 (KHTML, like Gecko) Chrome/145.0.0.0 Safari/537.36 Edg/145.0.0.0"
183.11.21.77 - - [30/Apr/2026:09:53:39 +0800] "GET /wp-content/uploads/2026/02/1769999335-17.5%E7%B1%B3%E5%B9%B3%E6%9D%BF%E8%B4%A7%E8%BD%A6.webp HTTP/1.1" 200 56978 "http://cqqizhou.com/logistics" "Mozilla/5.0 (Windows NT 10.0; Win64; x64) AppleWebKit/537.36 (KHTML, like Gecko) Chrome/145.0.0.0 Safari/537.36 Edg/145.0.0.0"
183.11.21.77 - - [30/Apr/2026:09:53:39 +0800] "GET /wp-content/uploads/2026/02/1769999241-4.2%E7%B1%B3%E9%AB%98%E6%A0%8F%E8%B4%A7%E8%BD%A6.webp HTTP/1.1" 200 54794 "http://cqqizhou.com/logistics" "Mozilla/5.0 (Windows NT 10.0; Win64; x64) AppleWebKit/537.36 (KHTML, like Gecko) Chrome/145.0.0.0 Safari/537.36 Edg/145.0.0.0"
183.11.21.77 - - [30/Apr/2026:09:53:57 +0800] "GET /wp-content/uploads/2026/01/1767618076-Logistics_BG2508.webp HTTP/1.1" 200 94788 "http://cqqizhou.com/wp-content/uploads/elementor/css/post-1959.css?ver=1777513994" "Mozilla/5.0 (Windows NT 10.0; Win64; x64) AppleWebKit/537.36 (KHTML, like Gecko) Chrome/145.0.0.0 Safari/537.36 Edg/145.0.0.0"
36.133.115.36 - - [30/Apr/2026:09:56:01 +0800] "POST /wp-cron.php?doing_wp_cron=1777514161.8180119991302490234375 HTTP/1.1" 200 31 "-" "WordPress/6.9; http://cqqizhou.com"
182.32.248.251 - - [30/Apr/2026:09:56:01 +0800] "GET / HTTP/1.1" 301 5 "-" "Go-http-client/1.1"
182.32.248.251 - - [30/Apr/2026:09:56:03 +0800] "GET / HTTP/1.1" 200 35608 "http://xa5.shaanxi.cn.antiddos.cspt.fullcone.cn" "Go-http-client/1.1"
36.133.115.36 - - [30/Apr/2026:09:56:14 +0800] "POST /wp-cron.php?doing_wp_cron=1777514174.1182560920715332031250 HTTP/1.1" 200 31 "-" "WordPress/6.9; http://cqqizhou.com"
20.118.232.75 - - [30/Apr/2026:09:56:14 +0800] "GET /manager/text/list HTTP/1.1" 404 9582 "-" "Mozilla/5.0 zgrab/0.x"
183.207.45.95 - - [30/Apr/2026:09:56:33 +0800] "GET / HTTP/1.1" 301 5 "-" "Mozilla/5.0 (Windows NT 10.0; Win64; x64) AppleWebKit/537.36 (KHTML, like Gecko) Chrome/59.0.3071.104 Safari/537.36"
183.207.45.95 - - [30/Apr/2026:09:56:33 +0800] "GET / HTTP/1.1" 200 160571 "-" "Mozilla/5.0 (Windows NT 10.0; Win64; x64) AppleWebKit/537.36 (KHTML, like Gecko) Chrome/59.0.3071.104 Safari/537.36"
36.133.115.36 - - [30/Apr/2026:10:03:23 +0800] "POST /wp-cron.php?doing_wp_cron=1777514603.2177729606628417968750 HTTP/1.1" 200 31 "-" "WordPress/6.9; http://cqqizhou.com"
5.61.209.107 - - [30/Apr/2026:10:03:23 +0800] "GET /SDK/webLanguage HTTP/1.1" 301 5 "-" "Mozilla/5.0 (Windows NT 10.0; Win64; x64) AppleWebKit/537.36 (KHTML, like Gecko) Chrome/90.0.4430.85 Safari/537.36 Edg/90.0.818.46"
36.133.115.36 - - [30/Apr/2026:10:08:17 +0800] "POST /wp-cron.php?doing_wp_cron=1777514897.2197918891906738281250 HTTP/1.1" 200 31 "-" "WordPress/6.9; http://cqqizhou.com"
116.76.37.16 - - [30/Apr/2026:10:08:17 +0800] "GET /robots.txt HTTP/1.1" 200 190 "-" "Mozilla/5.0 (Windows NT 10.0; WOW64) AppleWebKit/537.36 (KHTML, like Gecko) Chrome/69.0.2726.130 Safari/537.36 Core/1.70.3722.400 QQBrowser/10.5.3739.400"
36.133.115.36 - - [30/Apr/2026:10:24:46 +0800] "POST /wp-cron.php?doing_wp_cron=1777515886.8289670944213867187500 HTTP/1.1" 200 31 "-" "WordPress/6.9; http://cqqizhou.com"
43.135.172.89 - - [30/Apr/2026:10:24:46 +0800] "GET / HTTP/1.1" 200 35182 "-" "Mozilla/5.0 (iPhone; CPU iPhone OS 13_2_3 like Mac OS X) AppleWebKit/605.1.15 (KHTML, like Gecko) Version/13.0.3 Mobile/15E148 Safari/604.1"
220.181.108.102 - - [30/Apr/2026:10:25:06 +0800] "GET /news/2388 HTTP/1.1" 200 21274 "-" "Mozilla/5.0 (compatible; Baiduspider/2.0; +http://www.baidu.com/search/spider.html)"
116.179.32.68 - - [30/Apr/2026:10:25:07 +0800] "GET /services/processing HTTP/1.1" 200 23523 "-" "Mozilla/5.0 (compatible; Baiduspider/2.0; +http://www.baidu.com/search/spider.html)"
116.179.37.195 - - [30/Apr/2026:10:25:07 +0800] "GET /wp-content/uploads/2026/04/1777513410-1Article_images_W900px.webp HTTP/1.1" 200 30786 "http://cqqizhou.com/news/2388" "Mozilla/5.0 (compatible; Baiduspider-render/2.0; +http://www.baidu.com/search/spider.html)"
116.179.37.185 - - [30/Apr/2026:10:25:07 +0800] "GET /wp-content/uploads/2025/12/1766647829-Article_images_202512251.webp HTTP/1.1" 200 53246 "http://cqqizhou.com/news/2388" "Mozilla/5.0 (compatible; Baiduspider-render/2.0; +http://www.baidu.com/search/spider.html)"
220.181.108.166 - - [30/Apr/2026:10:28:27 +0800] "GET /wp-content/uploads/2026/04/1777513410-1Article_images_W900px.webp HTTP/1.1" 200 30786 "-" "Mozilla/5.0 (compatible; Baiduspider/2.0; +http://www.baidu.com/search/spider.html)"
36.133.115.36 - - [30/Apr/2026:10:28:27 +0800] "POST /wp-cron.php?doing_wp_cron=1777516107.2403450012207031250000 HTTP/1.1" 200 31 "-" "WordPress/6.9; http://cqqizhou.com"
220.181.108.176 - - [30/Apr/2026:10:28:27 +0800] "GET /news/2559 HTTP/1.1" 200 24608 "-" "Mozilla/5.0 (compatible; Baiduspider/2.0; +http://www.baidu.com/search/spider.html)"
116.179.37.147 - - [30/Apr/2026:10:28:31 +0800] "GET /wp-content/uploads/2026/04/1777513411-2Article_images_W900px.webp HTTP/1.1" 200 50748 "http://cqqizhou.com/news/2559" "Mozilla/5.0 (compatible; Baiduspider-render/2.0; +http://www.baidu.com/search/spider.html)"
119.249.100.239 - - [30/Apr/2026:10:28:52 +0800] "GET /wp-content/uploads/2026/04/1777513410-1Article_images_W900px.webp HTTP/1.1" 200 30786 "http://cqqizhou.com/" "Mozilla/5.0 (Windows NT 10.0; WOW64) AppleWebKit/537.36 (KHTML, like Gecko) Chrome/48.0.2564.116 Safari/537.36"
119.249.100.52 - - [30/Apr/2026:10:28:52 +0800] "GET /wp-content/uploads/2025/07/1751864664-Logistics800x500_1.webp HTTP/1.1" 200 76914 "http://cqqizhou.com/" "Mozilla/5.0 (Windows NT 10.0; WOW64) AppleWebKit/537.36 (KHTML, like Gecko) Chrome/48.0.2564.116 Safari/537.36"
220.181.51.113 - - [30/Apr/2026:10:28:52 +0800] "GET /wp-content/uploads/2026/04/1775865780-1Article_images_W900px.webp HTTP/1.1" 200 41840 "http://cqqizhou.com/" "Mozilla/5.0 (Windows NT 10.0; WOW64) AppleWebKit/537.36 (KHTML, like Gecko) Chrome/48.0.2564.116 Safari/537.36"
119.249.100.240 - - [30/Apr/2026:10:28:52 +0800] "GET /wp-content/uploads/2026/04/1777513411-2Article_images_W900px.webp HTTP/1.1" 200 50748 "http://cqqizhou.com/" "Mozilla/5.0 (Windows NT 10.0; WOW64) AppleWebKit/537.36 (KHTML, like Gecko) Chrome/48.0.2564.116 Safari/537.36"
119.249.100.175 - - [30/Apr/2026:10:28:52 +0800] "GET /wp-content/uploads/2026/04/1777513410-1Article_images_W900px.webp HTTP/1.1" 200 30786 "http://cqqizhou.com/" "Mozilla/5.0 (Windows NT 10.0; WOW64) AppleWebKit/537.36 (KHTML, like Gecko) Chrome/48.0.2564.116 Safari/537.36"
119.249.100.53 - - [30/Apr/2026:10:28:52 +0800] "GET /wp-content/uploads/2025/07/1751864664-Logistics800x500_1.webp HTTP/1.1" 200 76914 "http://cqqizhou.com/" "Mozilla/5.0 (Windows NT 10.0; WOW64) AppleWebKit/537.36 (KHTML, like Gecko) Chrome/48.0.2564.116 Safari/537.36"
220.181.51.90 - - [30/Apr/2026:10:28:52 +0800] "GET /wp-content/uploads/2026/04/1777513411-2Article_images_W900px.webp HTTP/1.1" 200 50748 "http://cqqizhou.com/" "Mozilla/5.0 (Windows NT 10.0; WOW64) AppleWebKit/537.36 (KHTML, like Gecko) Chrome/48.0.2564.116 Safari/537.36"
119.249.100.43 - - [30/Apr/2026:10:28:52 +0800] "GET /wp-content/uploads/2026/04/1775865780-1Article_images_W900px.webp HTTP/1.1" 200 41840 "http://cqqizhou.com/" "Mozilla/5.0 (Windows NT 10.0; WOW64) AppleWebKit/537.36 (KHTML, like Gecko) Chrome/48.0.2564.116 Safari/537.36"
220.181.108.178 - - [30/Apr/2026:10:31:47 +0800] "GET /wp-content/uploads/2026/04/1777513411-2Article_images_W900px.webp HTTP/1.1" 200 50748 "-" "Mozilla/5.0 (compatible; Baiduspider/2.0; +http://www.baidu.com/search/spider.html)"
36.133.115.36 - - [30/Apr/2026:10:32:01 +0800] "POST /wp-cron.php?doing_wp_cron=1777516321.8784670829772949218750 HTTP/1.1" 200 31 "-" "WordPress/6.9; http://cqqizhou.com"
62.171.169.207 - - [30/Apr/2026:10:32:01 +0800] "POST /boaform/admin/formLogin HTTP/1.1" 404 9581 "http://36.133.115.36:80/admin/login.asp" "Mozilla/5.0 (X11; Ubuntu; Linux x86_64; rv:71.0) Gecko/20100101 Firefox/71.0"
36.133.115.36 - - [30/Apr/2026:10:37:50 +0800] "POST /wp-cron.php?doing_wp_cron=1777516670.8577659130096435546875 HTTP/1.1" 200 31 "-" "WordPress/6.9; http://cqqizhou.com"
66.249.74.9 - - [30/Apr/2026:10:37:50 +0800] "GET /news/portfolio/remaining-rolls HTTP/1.1" 200 19302 "-" "Mozilla/5.0 (Linux; Android 6.0.1; Nexus 5X Build/MMB29P) AppleWebKit/537.36 (KHTML, like Gecko) Chrome/147.0.7727.116 Mobile Safari/537.36 (compatible; Googlebot/2.1; +http://www.google.com/bot.html)"
36.133.115.36 - - [30/Apr/2026:10:57:54 +0800] "POST /wp-cron.php?doing_wp_cron=1777517874.8324720859527587890625 HTTP/1.1" 200 31 "-" "WordPress/6.9; http://cqqizhou.com"
160.119.76.59 - - [30/Apr/2026:10:57:54 +0800] "GET / HTTP/1.1" 301 5 "-" "Mozilla/5.0"
40.77.179.194 - - [30/Apr/2026:11:03:35 +0800] "GET /wp-json/contact-form-7/v1/contact-forms/1444/refill HTTP/1.1" 200 33 "http://cqqizhou.com/logistics" "Mozilla/5.0 AppleWebKit/537.36 (KHTML, like Gecko; compatible; bingbot/2.0; +http://www.bing.com/bingbot.htm) Chrome/136.0.0.0 Safari/537.36"
36.133.115.36 - - [30/Apr/2026:11:03:35 +0800] "POST /wp-cron.php?doing_wp_cron=1777518215.8944070339202880859375 HTTP/1.1" 200 31 "-" "WordPress/6.9; http://cqqizhou.com"
40.77.179.194 - - [30/Apr/2026:11:03:35 +0800] "GET /wp-json/contact-form-7/v1/contact-forms/1444/feedback/schema HTTP/1.1" 200 270 "http://cqqizhou.com/logistics" "Mozilla/5.0 AppleWebKit/537.36 (KHTML, like Gecko; compatible; bingbot/2.0; +http://www.bing.com/bingbot.htm) Chrome/136.0.0.0 Safari/537.36"
106.228.41.59 - - [30/Apr/2026:11:03:54 +0800] "GET /wp-admin/logins.php HTTP/1.1" 404 47 "http://www.cqqizhou.com/wp-admin/logins.php" "Mozilla/5.0 (Windows NT 6.1; WOW64) AppleWebKit/537.11 (KHTML, like Gecko) Chrome/23.0.1271.97 Safari/537.11"
59.62.64.224 - - [30/Apr/2026:11:03:54 +0800] "GET /wp-admin/login8.php HTTP/1.1" 404 47 "http://www.cqqizhou.com/wp-admin/login8.php" "Mozilla/5.0 (Windows NT 6.1; WOW64) AppleWebKit/537.11 (KHTML, like Gecko) Chrome/23.0.1271.97 Safari/537.11"
182.96.164.114 - - [30/Apr/2026:11:03:54 +0800] "GET /wp-admin/7.php HTTP/1.1" 404 47 "http://www.cqqizhou.com/wp-admin/7.php" "Mozilla/5.0 (Windows NT 6.1; WOW64) AppleWebKit/537.11 (KHTML, like Gecko) Chrome/23.0.1271.97 Safari/537.11"
117.43.188.150 - - [30/Apr/2026:11:03:54 +0800] "GET /wp-admin/indexback.php HTTP/1.1" 404 47 "http://www.cqqizhou.com/wp-admin/indexback.php" "Mozilla/5.0 (Windows NT 6.1; WOW64) AppleWebKit/537.11 (KHTML, like Gecko) Chrome/23.0.1271.97 Safari/537.11"
117.43.188.150 - - [30/Apr/2026:11:03:54 +0800] "GET /wp-admin/11.php HTTP/1.1" 404 47 "http://www.cqqizhou.com/wp-admin/11.php" "Mozilla/5.0 (Windows NT 6.1; WOW64) AppleWebKit/537.11 (KHTML, like Gecko) Chrome/23.0.1271.97 Safari/537.11"
117.43.188.150 - - [30/Apr/2026:11:03:54 +0800] "GET /wp-admin/1.php HTTP/1.1" 404 47 "http://www.cqqizhou.com/wp-admin/1.php" "Mozilla/5.0 (Windows NT 6.1; WOW64) AppleWebKit/537.11 (KHTML, like Gecko) Chrome/23.0.1271.97 Safari/537.11"
106.228.41.59 - - [30/Apr/2026:11:03:54 +0800] "GET /wp-admin/dd.php HTTP/1.1" 404 47 "http://www.cqqizhou.com/wp-admin/dd.php" "Mozilla/5.0 (Windows NT 6.1; WOW64) AppleWebKit/537.11 (KHTML, like Gecko) Chrome/23.0.1271.97 Safari/537.11"
182.96.164.114 - - [30/Apr/2026:11:03:54 +0800] "GET /wp-admin/admins.php HTTP/1.1" 404 47 "http://www.cqqizhou.com/wp-admin/admins.php" "Mozilla/5.0 (Windows NT 6.1; WOW64) AppleWebKit/537.11 (KHTML, like Gecko) Chrome/23.0.1271.97 Safari/537.11"
106.228.41.59 - - [30/Apr/2026:11:03:54 +0800] "GET /wp-admin/nginx.php HTTP/1.1" 404 47 "http://www.cqqizhou.com/wp-admin/nginx.php" "Mozilla/5.0 (Windows NT 6.1; WOW64) AppleWebKit/537.11 (KHTML, like Gecko) Chrome/23.0.1271.97 Safari/537.11"
117.43.188.150 - - [30/Apr/2026:11:03:54 +0800] "GET /wp-admin/a.php HTTP/1.1" 404 47 "http://www.cqqizhou.com/wp-admin/a.php" "Mozilla/5.0 (Windows NT 6.1; WOW64) AppleWebKit/537.11 (KHTML, like Gecko) Chrome/23.0.1271.97 Safari/537.11"
117.43.188.150 - - [30/Apr/2026:11:03:54 +0800] "GET /wp-admin/newfile.php HTTP/1.1" 404 47 "http://www.cqqizhou.com/wp-admin/newfile.php" "Mozilla/5.0 (Windows NT 6.1; WOW64) AppleWebKit/537.11 (KHTML, like Gecko) Chrome/23.0.1271.97 Safari/537.11"
117.43.165.200 - - [30/Apr/2026:11:03:54 +0800] "GET /wp-admin/1234.php HTTP/1.1" 404 47 "http://www.cqqizhou.com/wp-admin/1234.php" "Mozilla/5.0 (Windows NT 6.1; WOW64) AppleWebKit/537.11 (KHTML, like Gecko) Chrome/23.0.1271.97 Safari/537.11"
117.43.188.150 - - [30/Apr/2026:11:03:54 +0800] "GET /wp-admin/ak.php HTTP/1.1" 404 47 "http://www.cqqizhou.com/wp-admin/ak.php" "Mozilla/5.0 (Windows NT 6.1; WOW64) AppleWebKit/537.11 (KHTML, like Gecko) Chrome/23.0.1271.97 Safari/537.11"
117.43.188.150 - - [30/Apr/2026:11:03:54 +0800] "GET /wp-admin/system1.php HTTP/1.1" 404 47 "http://www.cqqizhou.com/wp-admin/system1.php" "Mozilla/5.0 (Windows NT 6.1; WOW64) AppleWebKit/537.11 (KHTML, like Gecko) Chrome/23.0.1271.97 Safari/537.11"
106.228.41.59 - - [30/Apr/2026:11:03:54 +0800] "GET /wp-content/1234.php HTTP/1.1" 404 47 "http://www.cqqizhou.com/wp-content/1234.php" "Mozilla/5.0 (Windows NT 6.1; WOW64) AppleWebKit/537.11 (KHTML, like Gecko) Chrome/23.0.1271.97 Safari/537.11"
106.228.41.59 - - [30/Apr/2026:11:03:54 +0800] "GET /wp-content/login8.php HTTP/1.1" 404 47 "http://www.cqqizhou.com/wp-content/login8.php" "Mozilla/5.0 (Windows NT 6.1; WOW64) AppleWebKit/537.11 (KHTML, like Gecko) Chrome/23.0.1271.97 Safari/537.11"
182.96.164.114 - - [30/Apr/2026:11:03:54 +0800] "GET /wp-content/logins.php HTTP/1.1" 404 47 "http://www.cqqizhou.com/wp-content/logins.php" "Mozilla/5.0 (Windows NT 6.1; WOW64) AppleWebKit/537.11 (KHTML, like Gecko) Chrome/23.0.1271.97 Safari/537.11"
106.228.41.59 - - [30/Apr/2026:11:03:54 +0800] "GET /wp-content/7.php HTTP/1.1" 404 47 "http://www.cqqizhou.com/wp-content/7.php" "Mozilla/5.0 (Windows NT 6.1; WOW64) AppleWebKit/537.11 (KHTML, like Gecko) Chrome/23.0.1271.97 Safari/537.11"
182.96.164.114 - - [30/Apr/2026:11:03:54 +0800] "GET /wp-content/11.php HTTP/1.1" 404 47 "http://www.cqqizhou.com/wp-content/11.php" "Mozilla/5.0 (Windows NT 6.1; WOW64) AppleWebKit/537.11 (KHTML, like Gecko) Chrome/23.0.1271.97 Safari/537.11"
59.62.64.224 - - [30/Apr/2026:11:03:54 +0800] "GET /wp-admin/admin.php HTTP/1.1" 302 5 "http://www.cqqizhou.com/wp-admin/admin.php" "Mozilla/5.0 (Windows NT 6.1; WOW64) AppleWebKit/537.11 (KHTML, like Gecko) Chrome/23.0.1271.97 Safari/537.11"
59.62.64.224 - - [30/Apr/2026:11:03:55 +0800] "GET /wp-content/admin.php HTTP/1.1" 404 47 "http://www.cqqizhou.com/wp-content/admin.php" "Mozilla/5.0 (Windows NT 6.1; WOW64) AppleWebKit/537.11 (KHTML, like Gecko) Chrome/23.0.1271.97 Safari/537.11"
106.228.41.59 - - [30/Apr/2026:11:03:55 +0800] "GET /wp-content/1.php HTTP/1.1" 404 47 "http://www.cqqizhou.com/wp-content/1.php" "Mozilla/5.0 (Windows NT 6.1; WOW64) AppleWebKit/537.11 (KHTML, like Gecko) Chrome/23.0.1271.97 Safari/537.11"
59.62.64.224 - - [30/Apr/2026:11:03:55 +0800] "GET /wp-content/dd.php HTTP/1.1" 404 47 "http://www.cqqizhou.com/wp-content/dd.php" "Mozilla/5.0 (Windows NT 6.1; WOW64) AppleWebKit/537.11 (KHTML, like Gecko) Chrome/23.0.1271.97 Safari/537.11"
117.43.188.150 - - [30/Apr/2026:11:03:55 +0800] "GET /wp-content/indexback.php HTTP/1.1" 404 47 "http://www.cqqizhou.com/wp-content/indexback.php" "Mozilla/5.0 (Windows NT 6.1; WOW64) AppleWebKit/537.11 (KHTML, like Gecko) Chrome/23.0.1271.97 Safari/537.11"
117.43.188.150 - - [30/Apr/2026:11:03:55 +0800] "GET /wp-content/admins.php HTTP/1.1" 404 47 "http://www.cqqizhou.com/wp-content/admins.php" "Mozilla/5.0 (Windows NT 6.1; WOW64) AppleWebKit/537.11 (KHTML, like Gecko) Chrome/23.0.1271.97 Safari/537.11"
117.43.188.150 - - [30/Apr/2026:11:03:55 +0800] "GET /wp-content/nginx.php HTTP/1.1" 404 47 "http://www.cqqizhou.com/wp-content/nginx.php" "Mozilla/5.0 (Windows NT 6.1; WOW64) AppleWebKit/537.11 (KHTML, like Gecko) Chrome/23.0.1271.97 Safari/537.11"
117.43.188.150 - - [30/Apr/2026:11:03:55 +0800] "GET /wp-content/newfile.php HTTP/1.1" 404 47 "http://www.cqqizhou.com/wp-content/newfile.php" "Mozilla/5.0 (Windows NT 6.1; WOW64) AppleWebKit/537.11 (KHTML, like Gecko) Chrome/23.0.1271.97 Safari/537.11"
59.62.64.224 - - [30/Apr/2026:11:03:55 +0800] "GET /wp-content/ak.php HTTP/1.1" 404 47 "http://www.cqqizhou.com/wp-content/ak.php" "Mozilla/5.0 (Windows NT 6.1; WOW64) AppleWebKit/537.11 (KHTML, like Gecko) Chrome/23.0.1271.97 Safari/537.11"
59.62.64.224 - - [30/Apr/2026:11:03:55 +0800] "GET /wp-content/fun.php HTTP/1.1" 404 47 "http://www.cqqizhou.com/wp-content/fun.php" "Mozilla/5.0 (Windows NT 6.1; WOW64) AppleWebKit/537.11 (KHTML, like Gecko) Chrome/23.0.1271.97 Safari/537.11"
117.43.188.150 - - [30/Apr/2026:11:03:55 +0800] "GET /wp-content/system1.php HTTP/1.1" 404 47 "http://www.cqqizhou.com/wp-content/system1.php" "Mozilla/5.0 (Windows NT 6.1; WOW64) AppleWebKit/537.11 (KHTML, like Gecko) Chrome/23.0.1271.97 Safari/537.11"
117.43.188.150 - - [30/Apr/2026:11:03:55 +0800] "GET /wp-includes/indexback.php HTTP/1.1" 404 47 "http://www.cqqizhou.com/wp-includes/indexback.php" "Mozilla/5.0 (Windows NT 6.1; WOW64) AppleWebKit/537.11 (KHTML, like Gecko) Chrome/23.0.1271.97 Safari/537.11"
59.62.64.224 - - [30/Apr/2026:11:03:55 +0800] "GET /wp-includes/1234.php HTTP/1.1" 404 47 "http://www.cqqizhou.com/wp-includes/1234.php" "Mozilla/5.0 (Windows NT 6.1; WOW64) AppleWebKit/537.11 (KHTML, like Gecko) Chrome/23.0.1271.97 Safari/537.11"
182.96.164.111 - - [30/Apr/2026:11:03:55 +0800] "GET /wp-login.php?redirect_to=http%3A%2F%2Fwww.cqqizhou.com%2Fwp-admin%2Fadmin.php&reauth=1 HTTP/1.1" 200 2862 "http://www.cqqizhou.com/wp-admin/admin.php" "Mozilla/5.0 (Windows NT 6.1; WOW64) AppleWebKit/537.11 (KHTML, like Gecko) Chrome/23.0.1271.97 Safari/537.11"
59.62.64.224 - - [30/Apr/2026:11:03:55 +0800] "GET /wp-includes/logins.php HTTP/1.1" 404 47 "http://www.cqqizhou.com/wp-includes/logins.php" "Mozilla/5.0 (Windows NT 6.1; WOW64) AppleWebKit/537.11 (KHTML, like Gecko) Chrome/23.0.1271.97 Safari/537.11"
59.62.64.224 - - [30/Apr/2026:11:03:55 +0800] "GET /wp-includes/7.php HTTP/1.1" 404 47 "http://www.cqqizhou.com/wp-includes/7.php" "Mozilla/5.0 (Windows NT 6.1; WOW64) AppleWebKit/537.11 (KHTML, like Gecko) Chrome/23.0.1271.97 Safari/537.11"
59.62.64.224 - - [30/Apr/2026:11:03:55 +0800] "GET /wp-includes/11.php HTTP/1.1" 404 47 "http://www.cqqizhou.com/wp-includes/11.php" "Mozilla/5.0 (Windows NT 6.1; WOW64) AppleWebKit/537.11 (KHTML, like Gecko) Chrome/23.0.1271.97 Safari/537.11"
59.62.64.224 - - [30/Apr/2026:11:03:56 +0800] "GET /wp-includes/admin.php HTTP/1.1" 404 47 "http://www.cqqizhou.com/wp-includes/admin.php" "Mozilla/5.0 (Windows NT 6.1; WOW64) AppleWebKit/537.11 (KHTML, like Gecko) Chrome/23.0.1271.97 Safari/537.11"
117.43.188.150 - - [30/Apr/2026:11:03:56 +0800] "GET /wp-includes/login8.php HTTP/1.1" 404 47 "http://www.cqqizhou.com/wp-includes/login8.php" "Mozilla/5.0 (Windows NT 6.1; WOW64) AppleWebKit/537.11 (KHTML, like Gecko) Chrome/23.0.1271.97 Safari/537.11"
59.62.64.224 - - [30/Apr/2026:11:03:56 +0800] "GET /wp-includes/1.php HTTP/1.1" 404 47 "http://www.cqqizhou.com/wp-includes/1.php" "Mozilla/5.0 (Windows NT 6.1; WOW64) AppleWebKit/537.11 (KHTML, like Gecko) Chrome/23.0.1271.97 Safari/537.11"
117.43.188.150 - - [30/Apr/2026:11:03:56 +0800] "GET /wp-includes/dd.php HTTP/1.1" 404 47 "http://www.cqqizhou.com/wp-includes/dd.php" "Mozilla/5.0 (Windows NT 6.1; WOW64) AppleWebKit/537.11 (KHTML, like Gecko) Chrome/23.0.1271.97 Safari/537.11"
117.43.188.150 - - [30/Apr/2026:11:03:56 +0800] "GET /wp-includes/admins.php HTTP/1.1" 404 47 "http://www.cqqizhou.com/wp-includes/admins.php" "Mozilla/5.0 (Windows NT 6.1; WOW64) AppleWebKit/537.11 (KHTML, like Gecko) Chrome/23.0.1271.97 Safari/537.11"
117.43.188.150 - - [30/Apr/2026:11:03:56 +0800] "GET /wp-includes/a.php HTTP/1.1" 404 47 "http://www.cqqizhou.com/wp-includes/a.php" "Mozilla/5.0 (Windows NT 6.1; WOW64) AppleWebKit/537.11 (KHTML, like Gecko) Chrome/23.0.1271.97 Safari/537.11"
117.43.188.150 - - [30/Apr/2026:11:03:56 +0800] "GET /wp-includes/nginx.php HTTP/1.1" 404 47 "http://www.cqqizhou.com/wp-includes/nginx.php" "Mozilla/5.0 (Windows NT 6.1; WOW64) AppleWebKit/537.11 (KHTML, like Gecko) Chrome/23.0.1271.97 Safari/537.11"
117.43.188.150 - - [30/Apr/2026:11:03:56 +0800] "GET /wp-includes/newfile.php HTTP/1.1" 404 47 "http://www.cqqizhou.com/wp-includes/newfile.php" "Mozilla/5.0 (Windows NT 6.1; WOW64) AppleWebKit/537.11 (KHTML, like Gecko) Chrome/23.0.1271.97 Safari/537.11"
117.43.188.150 - - [30/Apr/2026:11:03:56 +0800] "GET /wp-includes/ak.php HTTP/1.1" 404 47 "http://www.cqqizhou.com/wp-includes/ak.php" "Mozilla/5.0 (Windows NT 6.1; WOW64) AppleWebKit/537.11 (KHTML, like Gecko) Chrome/23.0.1271.97 Safari/537.11"
117.43.188.150 - - [30/Apr/2026:11:03:56 +0800] "GET /wp-includes/system1.php HTTP/1.1" 404 47 "http://www.cqqizhou.com/wp-includes/system1.php" "Mozilla/5.0 (Windows NT 6.1; WOW64) AppleWebKit/537.11 (KHTML, like Gecko) Chrome/23.0.1271.97 Safari/537.11"
117.43.188.150 - - [30/Apr/2026:11:03:56 +0800] "GET /wp-includes/fun.php HTTP/1.1" 404 47 "http://www.cqqizhou.com/wp-includes/fun.php" "Mozilla/5.0 (Windows NT 6.1; WOW64) AppleWebKit/537.11 (KHTML, like Gecko) Chrome/23.0.1271.97 Safari/537.11"
117.43.165.200 - - [30/Apr/2026:11:03:57 +0800] "GET /wp-admin/fun.php HTTP/1.1" 404 47 "http://www.cqqizhou.com/wp-admin/fun.php" "Mozilla/5.0 (Windows NT 6.1; WOW64) AppleWebKit/537.11 (KHTML, like Gecko) Chrome/23.0.1271.97 Safari/537.11"
117.43.188.150 - - [30/Apr/2026:11:04:37 +0800] "GET /wp-content/a.php HTTP/1.1" 404 47 "http://www.cqqizhou.com/wp-content/a.php" "Mozilla/5.0 (Windows NT 6.1; WOW64) AppleWebKit/537.11 (KHTML, like Gecko) Chrome/23.0.1271.97 Safari/537.11"
36.133.115.36 - - [30/Apr/2026:11:07:14 +0800] "POST /wp-cron.php?doing_wp_cron=1777518434.9028949737548828125000 HTTP/1.1" 200 31 "-" "WordPress/6.9; http://cqqizhou.com"
61.155.157.28 - - [30/Apr/2026:11:07:14 +0800] "GET / HTTP/1.1" 301 5 "-" "Mozilla/5.0 (Windows NT 10.0; Win64; x64) AppleWebKit/537.36 (KHTML, like Gecko) Chrome/114.0.0.0 Safari/537.36"
183.134.40.82 - - [30/Apr/2026:11:21:15 +0800] "GET / HTTP/1.1" 200 35623 "-" "Mozilla/5.0 (Macintosh; Intel Mac OS X 10_11) AppleWebKit/601.1.27 (KHTML, like Gecko) Chrome/47.0.2526.106 Safari/601.1.27"
36.133.115.36 - - [30/Apr/2026:11:21:15 +0800] "POST /wp-cron.php?doing_wp_cron=1777519275.7701199054718017578125 HTTP/1.1" 200 31 "-" "WordPress/6.9; http://cqqizhou.com"
183.134.40.82 - - [30/Apr/2026:11:21:15 +0800] "GET / HTTP/1.1" 200 35181 "-" "Dalvik/2.1.0 (Linux; U; Android 9.0; ZTE BA520 Build/MRA58K)"
36.133.115.36 - - [30/Apr/2026:11:23:03 +0800] "POST /wp-cron.php?doing_wp_cron=1777519383.3650710582733154296875 HTTP/1.1" 200 31 "-" "WordPress/6.9; http://cqqizhou.com"
183.134.40.82 - - [30/Apr/2026:11:23:03 +0800] "GET / HTTP/1.1" 200 35182 "-" "Mozilla/5.0 (Linux; Android 7.1.1; OPPO R11s Build/NMF26X; wv) AppleWebKit/537.36 (KHTML, like Gecko) Version/4.0 Chrome/48.0.2564.116 Mobile Safari/537.36 T7/9.2 baiduboxapp/9.2.0.10 (Baidu; P1 7.1.1)"
36.133.115.36 - - [30/Apr/2026:11:25:33 +0800] "POST /wp-cron.php?doing_wp_cron=1777519533.1564500331878662109375 HTTP/1.1" 200 31 "-" "WordPress/6.9; http://cqqizhou.com"
112.124.56.200 - - [30/Apr/2026:11:25:33 +0800] "GET / HTTP/1.0" 301 0 "-" "-"
112.124.56.200 - - [30/Apr/2026:11:25:43 +0800] "GET / HTTP/1.0" 301 0 "-" "-"
112.124.56.200 - - [30/Apr/2026:11:25:43 +0800] "GET /nmaplowercheck1777519537 HTTP/1.1" 404 33744 "-" "Mozilla/5.0 (compatible; Nmap Scripting Engine; https://nmap.org/book/nse.html)"
112.124.56.200 - - [30/Apr/2026:11:25:43 +0800] "POST /sdk HTTP/1.1" 404 33744 "-" "Mozilla/5.0 (compatible; Nmap Scripting Engine; https://nmap.org/book/nse.html)"
112.124.56.200 - - [30/Apr/2026:11:25:44 +0800] "GET /HNAP1 HTTP/1.1" 404 33744 "-" "Mozilla/5.0 (compatible; Nmap Scripting Engine; https://nmap.org/book/nse.html)"
112.124.56.200 - - [30/Apr/2026:11:25:44 +0800] "GET /evox/about HTTP/1.1" 404 33744 "-" "Mozilla/5.0 (compatible; Nmap Scripting Engine; https://nmap.org/book/nse.html)"
112.124.56.200 - - [30/Apr/2026:11:26:03 +0800] "GET / HTTP/1.0" 301 0 "-" "-"
112.124.56.200 - - [30/Apr/2026:11:26:04 +0800] "GET / HTTP/1.1" 301 5 "-" "-"
36.133.115.36 - - [30/Apr/2026:11:29:12 +0800] "POST /wp-cron.php?doing_wp_cron=1777519752.3445210456848144531250 HTTP/1.1" 200 31 "-" "WordPress/6.9; http://cqqizhou.com"
160.119.76.59 - - [30/Apr/2026:11:29:12 +0800] "GET / HTTP/1.1" 200 35182 "-" "Mozilla/5.0 (Windows NT 10.0; Win64; x64) AppleWebKit/537.36"
160.119.76.59 - - [30/Apr/2026:11:29:14 +0800] "GET /robots.txt HTTP/1.1" 301 5 "-" "Mozilla/5.0"
160.119.76.59 - - [30/Apr/2026:11:29:16 +0800] "GET /.well-known/security.txt HTTP/1.1" 301 5 "-" "Mozilla/5.0"
36.133.115.36 - - [30/Apr/2026:11:51:32 +0800] "POST /wp-cron.php?doing_wp_cron=1777521092.3909730911254882812500 HTTP/1.1" 200 31 "-" "WordPress/6.9; http://cqqizhou.com"
59.82.61.11 - - [30/Apr/2026:11:51:32 +0800] "GET / HTTP/1.1" 301 5 "-" "Mozilla/5.0 (Windows NT 10.0; Win64; x64) AppleWebKit/537.36 (KHTML, like Gecko) Chrome/113.0.8231.196 Safari/537.36"
59.82.61.1 - - [30/Apr/2026:11:51:34 +0800] "GET / HTTP/1.1" 200 35623 "-" "Mozilla/5.0 (Windows NT 10.0; Win64; x64) AppleWebKit/537.36 (KHTML, like Gecko) Chrome/113.0.8231.196 Safari/537.36"
59.82.61.1 - - [30/Apr/2026:11:51:34 +0800] "GET / HTTP/1.1" 200 35623 "-" "Mozilla/5.0 (Windows NT 10.0; Win64; x64) AppleWebKit/537.36 (KHTML, like Gecko) Chrome/94.0.7701.110 Safari/537.36"
36.133.115.36 - - [30/Apr/2026:12:00:26 +0800] "POST /wp-cron.php?doing_wp_cron=1777521626.7254428863525390625000 HTTP/1.1" 200 31 "-" "WordPress/6.9; http://cqqizhou.com"
111.19.67.62 - - [30/Apr/2026:12:00:26 +0800] "GET /news/2418 HTTP/1.1" 200 27798 "-" "Mozilla/5.0 (Windows NT 10.0; Win64; x64) AppleWebKit/537.36 (KHTML, like Gecko) Chrome/142.0.0.0 Safari/537.36"
111.19.67.62 - - [30/Apr/2026:12:00:29 +0800] "POST /wp-admin/admin-ajax.php HTTP/1.1" 499 0 "http://cqqizhou.com/news/2418" "Mozilla/5.0 (Windows NT 10.0; Win64; x64) AppleWebKit/537.36 (KHTML, like Gecko) Chrome/142.0.0.0 Safari/537.36"
36.133.115.36 - - [30/Apr/2026:12:22:45 +0800] "POST /wp-cron.php?doing_wp_cron=1777522965.3011240959167480468750 HTTP/1.1" 200 31 "-" "WordPress/6.9; http://cqqizhou.com"
34.89.114.38 - - [30/Apr/2026:12:22:45 +0800] "GET / HTTP/1.1" 301 5 "-" "Go-http-client/1.1"
34.89.114.38 - - [30/Apr/2026:12:22:46 +0800] "GET / HTTP/1.1" 200 35623 "http://36.133.115.36" "Go-http-client/1.1"
205.169.39.13 - - [30/Apr/2026:12:32:15 +0800] "GET / HTTP/1.1" 200 35623 "-" "Mozilla/5.0 (Windows NT 10.0; Win64; x64) AppleWebKit/537.36 (KHTML, like Gecko) Chrome/117.0.5938.132 Safari/537.36"
205.169.39.13 - - [30/Apr/2026:12:32:18 +0800] "GET /wp-content/uploads/2025/07/1751425283-qizhou.kf_.qq_.com_.webp HTTP/1.1" 200 16864 "http://cqqizhou.com/" "Mozilla/5.0 (Windows NT 10.0; Win64; x64) AppleWebKit/537.36 (KHTML, like Gecko) Chrome/117.0.5938.132 Safari/537.36"
205.169.39.13 - - [30/Apr/2026:12:32:20 +0800] "GET /wp-content/uploads/2025/07/1750174127-Marketing1920x800_3.webp HTTP/1.1" 200 52790 "http://cqqizhou.com/wp-content/uploads/elementor/css/post-1666.css?ver=1777513701" "Mozilla/5.0 (Windows NT 10.0; Win64; x64) AppleWebKit/537.36 (KHTML, like Gecko) Chrome/117.0.5938.132 Safari/537.36"
205.169.39.13 - - [30/Apr/2026:12:32:21 +0800] "GET /wp-content/uploads/2026/04/1777513410-1Article_images_W900px.webp HTTP/1.1" 200 30786 "http://cqqizhou.com/" "Mozilla/5.0 (Windows NT 10.0; Win64; x64) AppleWebKit/537.36 (KHTML, like Gecko) Chrome/117.0.5938.132 Safari/537.36"
205.169.39.13 - - [30/Apr/2026:12:32:21 +0800] "GET /wp-content/uploads/2026/04/1775865780-1Article_images_W900px.webp HTTP/1.1" 200 41840 "http://cqqizhou.com/" "Mozilla/5.0 (Windows NT 10.0; Win64; x64) AppleWebKit/537.36 (KHTML, like Gecko) Chrome/117.0.5938.132 Safari/537.36"
205.169.39.13 - - [30/Apr/2026:12:32:21 +0800] "GET /wp-content/uploads/2026/04/1775698332-Article_images_W900px.webp HTTP/1.1" 200 49852 "http://cqqizhou.com/" "Mozilla/5.0 (Windows NT 10.0; Win64; x64) AppleWebKit/537.36 (KHTML, like Gecko) Chrome/117.0.5938.132 Safari/537.36"
205.169.39.13 - - [30/Apr/2026:12:32:21 +0800] "GET /wp-content/uploads/2026/02/1769999241-4.2%E7%B1%B3%E9%AB%98%E6%A0%8F%E8%B4%A7%E8%BD%A6.webp HTTP/1.1" 200 54794 "http://cqqizhou.com/" "Mozilla/5.0 (Windows NT 10.0; Win64; x64) AppleWebKit/537.36 (KHTML, like Gecko) Chrome/117.0.5938.132 Safari/537.36"
205.169.39.13 - - [30/Apr/2026:12:32:21 +0800] "GET /wp-content/uploads/2026/04/1775195054-1Article_images_W900px.webp HTTP/1.1" 200 25562 "http://cqqizhou.com/" "Mozilla/5.0 (Windows NT 10.0; Win64; x64) AppleWebKit/537.36 (KHTML, like Gecko) Chrome/117.0.5938.132 Safari/537.36"
205.169.39.13 - - [30/Apr/2026:12:32:24 +0800] "GET /wp-content/uploads/2025/12/1765268955-qizhou_Slider1_3840%C3%972160_20251210-scaled.webp HTTP/1.1" 200 152162 "http://cqqizhou.com/" "Mozilla/5.0 (Windows NT 10.0; Win64; x64) AppleWebKit/537.36 (KHTML, like Gecko) Chrome/117.0.5938.132 Safari/537.36"
205.169.39.13 - - [30/Apr/2026:12:32:24 +0800] "GET /wp-content/uploads/revslider/slider-1/1750861156-logistics_Slider_3840%C3%972160_20250625191356-scaled-50x100.webp HTTP/1.1" 200 1416 "http://cqqizhou.com/" "Mozilla/5.0 (Windows NT 10.0; Win64; x64) AppleWebKit/537.36 (KHTML, like Gecko) Chrome/117.0.5938.132 Safari/537.36"
205.169.39.13 - - [30/Apr/2026:12:32:24 +0800] "GET /wp-content/uploads/2026/01/1768276119-qizhoujiagong_Slider_3840%C3%972160_20260113-scaled-50x100.webp HTTP/1.1" 200 976 "http://cqqizhou.com/" "Mozilla/5.0 (Windows NT 10.0; Win64; x64) AppleWebKit/537.36 (KHTML, like Gecko) Chrome/117.0.5938.132 Safari/537.36"
