205.169.39.13 - - [30/Apr/2026:12:32:24 +0800] "GET /wp-content/uploads/2025/07/1753453096-%E5%8F%8C%E7%9B%B8%E9%92%A2product_Single600%C3%97284.webp HTTP/1.1" 200 14562 "http://cqqizhou.com/" "Mozilla/5.0 (Windows NT 10.0; Win64; x64) AppleWebKit/537.36 (KHTML, like Gecko) Chrome/117.0.5938.132 Safari/537.36"
205.169.39.13 - - [30/Apr/2026:12:32:24 +0800] "GET /wp-content/uploads/2025/07/1753456723-%E5%8F%8C%E7%9B%B8%E9%92%A2roduct_Single600.webp HTTP/1.1" 200 22790 "http://cqqizhou.com/" "Mozilla/5.0 (Windows NT 10.0; Win64; x64) AppleWebKit/537.36 (KHTML, like Gecko) Chrome/117.0.5938.132 Safari/537.36"
205.169.39.13 - - [30/Apr/2026:12:32:24 +0800] "GET /wp-content/uploads/2025/07/1753456770-%E7%83%AD%E9%95%80%E9%94%8C%E5%8D%B7product_Single600.webp HTTP/1.1" 200 27502 "http://cqqizhou.com/" "Mozilla/5.0 (Windows NT 10.0; Win64; x64) AppleWebKit/537.36 (KHTML, like Gecko) Chrome/117.0.5938.132 Safari/537.36"
205.169.39.13 - - [30/Apr/2026:12:32:24 +0800] "GET /wp-content/uploads/2025/07/1753453127-%E4%BD%99%E5%8D%B7product_Single600%C3%97284.webp HTTP/1.1" 200 18744 "http://cqqizhou.com/" "Mozilla/5.0 (Windows NT 10.0; Win64; x64) AppleWebKit/537.36 (KHTML, like Gecko) Chrome/117.0.5938.132 Safari/537.36"
205.169.39.13 - - [30/Apr/2026:12:32:24 +0800] "GET /wp-content/uploads/2026/01/1768276119-qizhoujiagong_Slider_3840%C3%972160_20260113-scaled-50x100.webp HTTP/1.1" 200 976 "http://cqqizhou.com/" "Mozilla/5.0 (Windows NT 10.0; Win64; x64) AppleWebKit/537.36 (KHTML, like Gecko) Chrome/117.0.5938.132 Safari/537.36"
205.169.39.13 - - [30/Apr/2026:12:32:24 +0800] "GET /wp-content/uploads/revslider/slider-1/1750861156-logistics_Slider_3840%C3%972160_20250625191356-scaled-50x100.webp HTTP/1.1" 200 1416 "http://cqqizhou.com/" "Mozilla/5.0 (Windows NT 10.0; Win64; x64) AppleWebKit/537.36 (KHTML, like Gecko) Chrome/117.0.5938.132 Safari/537.36"
205.169.39.13 - - [30/Apr/2026:12:32:25 +0800] "GET /wp-json/sliderrevolution/sliders/1?srengine=7&slideid=2 HTTP/1.1" 200 2000 "http://cqqizhou.com/" "Mozilla/5.0 (Windows NT 10.0; Win64; x64) AppleWebKit/537.36 (KHTML, like Gecko) Chrome/117.0.5938.132 Safari/537.36"
36.133.115.36 - - [30/Apr/2026:12:32:25 +0800] "POST /wp-cron.php?doing_wp_cron=1777523545.1918408870697021484375 HTTP/1.1" 200 31 "-" "WordPress/6.9; http://cqqizhou.com"
205.169.39.13 - - [30/Apr/2026:12:32:25 +0800] "GET /wp-json/sliderrevolution/sliders/1?srengine=7&slideid=4 HTTP/1.1" 200 2580 "http://cqqizhou.com/" "Mozilla/5.0 (Windows NT 10.0; Win64; x64) AppleWebKit/537.36 (KHTML, like Gecko) Chrome/117.0.5938.132 Safari/537.36"
205.169.39.13 - - [30/Apr/2026:12:32:25 +0800] "GET /wp-content/uploads/revslider/slider-1/1750861156-logistics_Slider_3840%C3%972160_20250625191356-scaled.webp HTTP/1.1" 200 197360 "http://cqqizhou.com/" "Mozilla/5.0 (Windows NT 10.0; Win64; x64) AppleWebKit/537.36 (KHTML, like Gecko) Chrome/117.0.5938.132 Safari/537.36"
205.169.39.13 - - [30/Apr/2026:12:32:25 +0800] "GET /wp-content/uploads/2026/01/1768276119-qizhoujiagong_Slider_3840%C3%972160_20260113-scaled.webp HTTP/1.1" 200 131696 "http://cqqizhou.com/" "Mozilla/5.0 (Windows NT 10.0; Win64; x64) AppleWebKit/537.36 (KHTML, like Gecko) Chrome/117.0.5938.132 Safari/537.36"
36.133.115.36 - - [30/Apr/2026:12:59:15 +0800] "POST /wp-cron.php?doing_wp_cron=1777525155.6689870357513427734375 HTTP/1.1" 200 31 "-" "WordPress/6.9; http://cqqizhou.com"
156.238.234.27 - - [30/Apr/2026:12:59:15 +0800] "GET /hls/1/index.m3u8 HTTP/1.1" 404 9581 "-" "python-requests/2.25.1"
156.238.234.27 - - [30/Apr/2026:12:59:16 +0800] "GET /tsfile/live/0001_1.m3u8 HTTP/1.1" 404 9581 "-" "python-requests/2.25.1"
156.238.234.27 - - [30/Apr/2026:12:59:17 +0800] "GET /live/1.m3u8 HTTP/1.1" 404 9581 "-" "python-requests/2.25.1"
156.238.234.27 - - [30/Apr/2026:12:59:18 +0800] "GET /iptv/live/0001.m3u8 HTTP/1.1" 404 9581 "-" "python-requests/2.25.1"
167.71.171.234 - - [30/Apr/2026:13:00:01 +0800] "GET / HTTP/1.1" 200 158912 "-" "-"
36.133.115.36 - - [30/Apr/2026:13:19:00 +0800] "POST /wp-cron.php?doing_wp_cron=1777526340.7043480873107910156250 HTTP/1.1" 200 31 "-" "WordPress/6.9; http://cqqizhou.com"
39.144.224.152 - - [30/Apr/2026:13:19:00 +0800] "GET / HTTP/1.1" 200 35182 "https://m.baidu.com/" "Mozilla/5.0 (Linux; Android 16; V2509A Build/BP2A.250605.031.A3_V000L1; wv) AppleWebKit/537.36 (KHTML, like Gecko) Version/4.0 Chrome/97.0.4692.98 Mobile Safari/537.36 T7/15.56 SP-engine/3.57.0 bd_dvt/0 baiduboxapp/15.57.1.10 (Baidu; P1 16) NABar/1.0"
39.144.224.152 - - [30/Apr/2026:13:19:13 +0800] "GET /wp-content/uploads/2025/07/1751425283-qizhou.kf_.qq_.com_.webp HTTP/1.1" 200 16864 "http://cqqizhou.com/" "Mozilla/5.0 (Linux; Android 16; V2509A Build/BP2A.250605.031.A3_V000L1; wv) AppleWebKit/537.36 (KHTML, like Gecko) Version/4.0 Chrome/97.0.4692.98 Mobile Safari/537.36 T7/15.56 SP-engine/3.57.0 bd_dvt/0 baiduboxapp/15.57.1.10 (Baidu; P1 16) NABar/1.0"
39.144.224.152 - - [30/Apr/2026:13:19:13 +0800] "GET /wp-content/uploads/2025/12/1765268955-qizhou_Slider1_3840%C3%972160_20251210-scaled.webp HTTP/1.1" 200 152162 "http://cqqizhou.com/" "Mozilla/5.0 (Linux; Android 16; V2509A Build/BP2A.250605.031.A3_V000L1; wv) AppleWebKit/537.36 (KHTML, like Gecko) Version/4.0 Chrome/97.0.4692.98 Mobile Safari/537.36 T7/15.56 SP-engine/3.57.0 bd_dvt/0 baiduboxapp/15.57.1.10 (Baidu; P1 16) NABar/1.0"
39.144.224.152 - - [30/Apr/2026:13:19:13 +0800] "GET /wp-content/uploads/2026/01/1768276119-qizhoujiagong_Slider_3840%C3%972160_20260113-scaled-50x100.webp HTTP/1.1" 200 976 "http://cqqizhou.com/" "Mozilla/5.0 (Linux; Android 16; V2509A Build/BP2A.250605.031.A3_V000L1; wv) AppleWebKit/537.36 (KHTML, like Gecko) Version/4.0 Chrome/97.0.4692.98 Mobile Safari/537.36 T7/15.56 SP-engine/3.57.0 bd_dvt/0 baiduboxapp/15.57.1.10 (Baidu; P1 16) NABar/1.0"
39.144.224.152 - - [30/Apr/2026:13:19:13 +0800] "GET /wp-content/uploads/revslider/slider-1/1750861156-logistics_Slider_3840%C3%972160_20250625191356-scaled-50x100.webp HTTP/1.1" 200 1416 "http://cqqizhou.com/" "Mozilla/5.0 (Linux; Android 16; V2509A Build/BP2A.250605.031.A3_V000L1; wv) AppleWebKit/537.36 (KHTML, like Gecko) Version/4.0 Chrome/97.0.4692.98 Mobile Safari/537.36 T7/15.56 SP-engine/3.57.0 bd_dvt/0 baiduboxapp/15.57.1.10 (Baidu; P1 16) NABar/1.0"
39.144.224.152 - - [30/Apr/2026:13:19:13 +0800] "GET /wp-content/uploads/2025/07/1753456723-%E5%8F%8C%E7%9B%B8%E9%92%A2roduct_Single600.webp HTTP/1.1" 200 22790 "http://cqqizhou.com/" "Mozilla/5.0 (Linux; Android 16; V2509A Build/BP2A.250605.031.A3_V000L1; wv) AppleWebKit/537.36 (KHTML, like Gecko) Version/4.0 Chrome/97.0.4692.98 Mobile Safari/537.36 T7/15.56 SP-engine/3.57.0 bd_dvt/0 baiduboxapp/15.57.1.10 (Baidu; P1 16) NABar/1.0"
39.144.224.152 - - [30/Apr/2026:13:19:13 +0800] "GET /wp-content/uploads/2025/07/1753456770-%E7%83%AD%E9%95%80%E9%94%8C%E5%8D%B7product_Single600.webp HTTP/1.1" 200 27502 "http://cqqizhou.com/" "Mozilla/5.0 (Linux; Android 16; V2509A Build/BP2A.250605.031.A3_V000L1; wv) AppleWebKit/537.36 (KHTML, like Gecko) Version/4.0 Chrome/97.0.4692.98 Mobile Safari/537.36 T7/15.56 SP-engine/3.57.0 bd_dvt/0 baiduboxapp/15.57.1.10 (Baidu; P1 16) NABar/1.0"
39.144.224.152 - - [30/Apr/2026:13:19:13 +0800] "GET /wp-content/uploads/2025/07/1753453127-%E4%BD%99%E5%8D%B7product_Single600%C3%97284.webp HTTP/1.1" 200 18744 "http://cqqizhou.com/" "Mozilla/5.0 (Linux; Android 16; V2509A Build/BP2A.250605.031.A3_V000L1; wv) AppleWebKit/537.36 (KHTML, like Gecko) Version/4.0 Chrome/97.0.4692.98 Mobile Safari/537.36 T7/15.56 SP-engine/3.57.0 bd_dvt/0 baiduboxapp/15.57.1.10 (Baidu; P1 16) NABar/1.0"
39.144.224.152 - - [30/Apr/2026:13:19:13 +0800] "GET /wp-content/uploads/2025/07/1753453096-%E5%8F%8C%E7%9B%B8%E9%92%A2product_Single600%C3%97284.webp HTTP/1.1" 200 14562 "http://cqqizhou.com/" "Mozilla/5.0 (Linux; Android 16; V2509A Build/BP2A.250605.031.A3_V000L1; wv) AppleWebKit/537.36 (KHTML, like Gecko) Version/4.0 Chrome/97.0.4692.98 Mobile Safari/537.36 T7/15.56 SP-engine/3.57.0 bd_dvt/0 baiduboxapp/15.57.1.10 (Baidu; P1 16) NABar/1.0"
36.133.115.36 - - [30/Apr/2026:13:19:14 +0800] "POST /wp-cron.php?doing_wp_cron=1777526354.6555759906768798828125 HTTP/1.1" 200 31 "-" "WordPress/6.9; http://cqqizhou.com"
36.133.115.36 - - [30/Apr/2026:13:19:14 +0800] "POST /wp-cron.php?doing_wp_cron=1777526354.6558740139007568359375 HTTP/1.1" 200 31 "-" "WordPress/6.9; http://cqqizhou.com"
39.144.224.152 - - [30/Apr/2026:13:19:14 +0800] "GET /wp-json/sliderrevolution/sliders/1?srengine=7&slideid=2 HTTP/1.1" 200 2000 "http://cqqizhou.com/" "Mozilla/5.0 (Linux; Android 16; V2509A Build/BP2A.250605.031.A3_V000L1; wv) AppleWebKit/537.36 (KHTML, like Gecko) Version/4.0 Chrome/97.0.4692.98 Mobile Safari/537.36 T7/15.56 SP-engine/3.57.0 bd_dvt/0 baiduboxapp/15.57.1.10 (Baidu; P1 16) NABar/1.0"
39.144.224.152 - - [30/Apr/2026:13:19:14 +0800] "GET /wp-json/sliderrevolution/sliders/1?srengine=7&slideid=4 HTTP/1.1" 200 2580 "http://cqqizhou.com/" "Mozilla/5.0 (Linux; Android 16; V2509A Build/BP2A.250605.031.A3_V000L1; wv) AppleWebKit/537.36 (KHTML, like Gecko) Version/4.0 Chrome/97.0.4692.98 Mobile Safari/537.36 T7/15.56 SP-engine/3.57.0 bd_dvt/0 baiduboxapp/15.57.1.10 (Baidu; P1 16) NABar/1.0"
39.144.224.152 - - [30/Apr/2026:13:19:14 +0800] "GET /wp-content/uploads/revslider/slider-1/1750861156-logistics_Slider_3840%C3%972160_20250625191356-scaled.webp HTTP/1.1" 200 197360 "http://cqqizhou.com/" "Mozilla/5.0 (Linux; Android 16; V2509A Build/BP2A.250605.031.A3_V000L1; wv) AppleWebKit/537.36 (KHTML, like Gecko) Version/4.0 Chrome/97.0.4692.98 Mobile Safari/537.36 T7/15.56 SP-engine/3.57.0 bd_dvt/0 baiduboxapp/15.57.1.10 (Baidu; P1 16) NABar/1.0"
39.144.224.152 - - [30/Apr/2026:13:19:14 +0800] "GET /wp-content/uploads/2026/01/1768276119-qizhoujiagong_Slider_3840%C3%972160_20260113-scaled.webp HTTP/1.1" 200 131696 "http://cqqizhou.com/" "Mozilla/5.0 (Linux; Android 16; V2509A Build/BP2A.250605.031.A3_V000L1; wv) AppleWebKit/537.36 (KHTML, like Gecko) Version/4.0 Chrome/97.0.4692.98 Mobile Safari/537.36 T7/15.56 SP-engine/3.57.0 bd_dvt/0 baiduboxapp/15.57.1.10 (Baidu; P1 16) NABar/1.0"
60.20.181.201 - - [30/Apr/2026:13:20:56 +0800] "GET / HTTP/1.1" 200 160571 "-" "Mozilla/5.0 (Windows NT 10.0; Win64; x64) AppleWebKit/537.36 (KHTML, like Gecko) Chrome/120.0.0.0 Safari/537.36"
36.133.115.36 - - [30/Apr/2026:13:22:21 +0800] "POST /wp-cron.php?doing_wp_cron=1777526541.8553869724273681640625 HTTP/1.1" 200 31 "-" "WordPress/6.9; http://cqqizhou.com"
116.179.32.109 - - [30/Apr/2026:13:22:21 +0800] "GET / HTTP/1.1" 200 35182 "-" "Mozilla/5.0 (Linux;u;Android 4.2.2;zh-cn;) AppleWebKit/534.46 (KHTML,like Gecko) Version/5.1 Mobile Safari/10600.6.3 (compatible; Baiduspider/2.0; +http://www.baidu.com/search/spider.html)"
116.179.37.163 - - [30/Apr/2026:13:22:36 +0800] "GET /wp-content/uploads/2026/04/1775195054-1Article_images_W900px-768x432.webp HTTP/1.1" 200 26908 "http://cqqizhou.com/" "Mozilla/5.0 (iPhone; CPU iPhone OS 9_1 like Mac OS X) AppleWebKit/601.1.46 (KHTML, like Gecko) Version/9.0 Mobile/13B143 Safari/601.1 (compatible; Baiduspider-render/2.0; +http://www.baidu.com/search/spider.html)"
61.146.178.35 - - [30/Apr/2026:13:26:12 +0800] "GET / HTTP/1.1" 200 35623 "-" "Mozilla/5.0 (Windows NT 10.0; Win64; x64) AppleWebKit/537.36 (KHTML, like Gecko) Chrome/80.0.3987.132 Safari/537.36"
36.133.115.36 - - [30/Apr/2026:13:26:13 +0800] "POST /wp-cron.php?doing_wp_cron=1777526773.5790719985961914062500 HTTP/1.1" 200 31 "-" "WordPress/6.9; http://cqqizhou.com"
61.146.178.35 - - [30/Apr/2026:13:26:13 +0800] "GET / HTTP/1.1" 301 5 "-" "Mozilla/5.0 (Windows NT 10.0; Win64; x64) AppleWebKit/537.36 (KHTML, like Gecko) Chrome/80.0.3987.132 Safari/537.36"
61.146.178.35 - - [30/Apr/2026:13:26:13 +0800] "GET / HTTP/1.1" 200 35623 "-" "Mozilla/5.0 (Windows NT 10.0; Win64; x64) AppleWebKit/537.36 (KHTML, like Gecko) Chrome/80.0.3987.132 Safari/537.36"
116.179.32.44 - - [30/Apr/2026:13:39:30 +0800] "GET /news/2388 HTTP/1.1" 200 21292 "-" "Mozilla/5.0 (compatible; Baiduspider/2.0; +http://www.baidu.com/search/spider.html)"
36.133.115.36 - - [30/Apr/2026:14:07:26 +0800] "POST /wp-cron.php?doing_wp_cron=1777529245.9637570381164550781250 HTTP/1.1" 200 31 "-" "WordPress/6.9; http://cqqizhou.com"
43.165.195.234 - - [30/Apr/2026:14:07:26 +0800] "GET / HTTP/1.1" 301 5 "-" "Mozilla/5.0 (iPhone; CPU iPhone OS 13_2_3 like Mac OS X) AppleWebKit/605.1.15 (KHTML, like Gecko) Version/13.0.3 Mobile/15E148 Safari/604.1"
43.165.195.234 - - [30/Apr/2026:14:07:28 +0800] "GET / HTTP/1.1" 200 35183 "http://www.cqqizhou.com" "Mozilla/5.0 (iPhone; CPU iPhone OS 13_2_3 like Mac OS X) AppleWebKit/605.1.15 (KHTML, like Gecko) Version/13.0.3 Mobile/15E148 Safari/604.1"
42.238.178.169 - - [30/Apr/2026:14:15:34 +0800] "GET /wp-content/uploads/2025/07/1753453127-%E4%BD%99%E5%8D%B7product_Single600%C3%97284-300x142.webp HTTP/1.1" 200 10690 "http://cqqizhou.com/" "Mozilla/5.0 (Windows NT 10.0; Win64; x64) AppleWebKit/537.36 (KHTML, like Gecko) Chrome/133.0.0.0 Safari/537.36"
36.133.115.36 - - [30/Apr/2026:14:16:25 +0800] "POST /wp-cron.php?doing_wp_cron=1777529785.5256519317626953125000 HTTP/1.1" 200 31 "-" "WordPress/6.9; http://cqqizhou.com"
170.106.180.153 - - [30/Apr/2026:14:16:25 +0800] "GET / HTTP/1.1" 301 5 "-" "Mozilla/5.0 (iPhone; CPU iPhone OS 13_2_3 like Mac OS X) AppleWebKit/605.1.15 (KHTML, like Gecko) Version/13.0.3 Mobile/15E148 Safari/604.1"
170.106.180.153 - - [30/Apr/2026:14:16:28 +0800] "GET / HTTP/1.1" 200 35183 "http://36.133.115.36" "Mozilla/5.0 (iPhone; CPU iPhone OS 13_2_3 like Mac OS X) AppleWebKit/605.1.15 (KHTML, like Gecko) Version/13.0.3 Mobile/15E148 Safari/604.1"
36.133.115.36 - - [30/Apr/2026:14:34:58 +0800] "POST /wp-cron.php?doing_wp_cron=1777530898.4199090003967285156250 HTTP/1.1" 200 31 "-" "WordPress/6.9; http://cqqizhou.com"
48.192.92.24 - - [30/Apr/2026:14:34:58 +0800] "GET /logistics/ HTTP/1.1" 301 5 "-" "Mozilla/5.0 (Windows NT 10.0; Win64; x64) AppleWebKit/537.36 (KHTML, like Gecko) Chrome/131.0.0.0 Safari/537.36 Edg/131.0.0.0"
139.135.59.102 - - [30/Apr/2026:14:38:20 +0800] "POST /HNAP1/ HTTP/1.0" 400 0 "-" "-"
36.133.115.36 - - [30/Apr/2026:15:04:21 +0800] "POST /wp-cron.php?doing_wp_cron=1777532661.1758580207824707031250 HTTP/1.1" 200 31 "-" "WordPress/6.9; http://cqqizhou.com"
156.238.234.27 - - [30/Apr/2026:15:04:21 +0800] "GET /hls/1/index.m3u8 HTTP/1.1" 404 9581 "-" "python-requests/2.25.1"
156.238.234.27 - - [30/Apr/2026:15:04:22 +0800] "GET /tsfile/live/0001_1.m3u8 HTTP/1.1" 404 9581 "-" "python-requests/2.25.1"
156.238.234.27 - - [30/Apr/2026:15:04:22 +0800] "GET /live/1.m3u8 HTTP/1.1" 404 9581 "-" "python-requests/2.25.1"
156.238.234.27 - - [30/Apr/2026:15:04:23 +0800] "GET /iptv/live/0001.m3u8 HTTP/1.1" 404 9581 "-" "python-requests/2.25.1"
36.133.115.36 - - [30/Apr/2026:15:11:14 +0800] "POST /wp-cron.php?doing_wp_cron=1777533074.8301661014556884765625 HTTP/1.1" 200 31 "-" "WordPress/6.9; http://cqqizhou.com"
111.225.149.223 - - [30/Apr/2026:15:11:14 +0800] "GET /robots.txt HTTP/1.1" 200 190 "-" "Mozilla/5.0 (Linux; Android 5.0) AppleWebKit/537.36 (KHTML, like Gecko) Mobile Safari/537.36 (compatible; Bytespider; https://zhanzhang.toutiao.com/)"
36.133.115.36 - - [30/Apr/2026:15:19:24 +0800] "POST /wp-cron.php?doing_wp_cron=1777533564.4094469547271728515625 HTTP/1.1" 200 31 "-" "WordPress/6.9; http://cqqizhou.com"
221.182.31.58 - - [30/Apr/2026:15:19:24 +0800] "GET /qz/editor-app/configuration/properties/condition-expression-popup.html?version=1777532323803 HTTP/1.1" 404 9582 "-" "Mozilla/4.0 (compatible; MSIE 7.0; Windows NT 6.0; SLCC1; .NET CLR 2.0.50727; InfoPath.2; .NET CLR 3.5.21022; .NET CLR 3.5.30729; .NET CLR 3.0.30618)"
36.133.115.36 - - [30/Apr/2026:15:27:14 +0800] "POST /wp-cron.php?doing_wp_cron=1777534034.6636140346527099609375 HTTP/1.1" 200 31 "-" "WordPress/6.9; http://cqqizhou.com"
34.78.208.168 - - [30/Apr/2026:15:27:14 +0800] "GET / HTTP/1.1" 200 35182 "-" "Mozilla/5.0 (Windows NT 10.0; Win64; x64) AppleWebKit/537.36 (KHTML, like Gecko) Chrome/127.0.0.0 Safari/537.36"
34.62.6.172 - - [30/Apr/2026:15:27:51 +0800] "GET / HTTP/1.1" 301 5 "-" "Mozilla/5.0 (compatible)"
36.251.98.64 - - [30/Apr/2026:15:34:07 +0800] "GET http://cqqizhou.com/wp-content/uploads/2025/07/1750945650-honor300%C3%97206_6.webp HTTP/1.1" 200 66306 "http://cqqizhou.com/" "Mozilla/5.0 (Windows NT 10.0; Win64; x64) AppleWebKit/537.36 (KHTML, like Gecko) Chrome/108.0.0.0 Safari/537.36"
111.17.121.245 - - [30/Apr/2026:16:46:15 +0800] "GET http://cqqizhou.com/wp-content/uploads/2026/01/1769511379-Article_images_W900%C3%97500px202601271.webp HTTP/1.1" 200 67912 "http://cqqizhou.com/" "Mozilla/5.0 (Windows NT 10.0; Win64; x64) AppleWebKit/537.36 (KHTML, like Gecko) Chrome/133.0.0.0 Safari/537.36"
111.225.148.172 - - [30/Apr/2026:17:06:58 +0800] "GET /wp-content/uploads/2025/07/1753454299-Article_images_W900px-768x432.webp HTTP/1.1" 200 53850 "http://cqqizhou.com/news/2160" "Mozilla/5.0 (Linux; Android 5.0) AppleWebKit/537.36 (KHTML, like Gecko) Mobile Safari/537.36 (compatible; Bytespider; https://zhanzhang.toutiao.com/)"
36.133.115.36 - - [30/Apr/2026:17:20:45 +0800] "POST /wp-cron.php?doing_wp_cron=1777540845.8401510715484619140625 HTTP/1.1" 200 31 "-" "WordPress/6.9; http://cqqizhou.com"
202.98.62.60 - - [30/Apr/2026:17:20:45 +0800] "GET / HTTP/1.1" 301 5 "-" "Mozilla/5.0 (Windows NT 10.0; Win64; x64) AppleWebKit/537.36 (KHTML, like Gecko) Chrome/122.0.0.0 Safari/537.36 Edg/122.0.0.0"
202.98.62.60 - - [30/Apr/2026:17:20:50 +0800] "GET / HTTP/1.1" 200 35623 "http://www.cqqizhou.com" "Mozilla/5.0 (Windows NT 10.0; Win64; x64) AppleWebKit/537.36 (KHTML, like Gecko) Chrome/122.0.0.0 Safari/537.36 Edg/122.0.0.0"
36.133.115.36 - - [30/Apr/2026:17:28:09 +0800] "POST /wp-cron.php?doing_wp_cron=1777541289.3511240482330322265625 HTTP/1.1" 200 31 "-" "WordPress/6.9; http://cqqizhou.com"
43.159.145.153 - - [30/Apr/2026:17:28:09 +0800] "GET / HTTP/1.1" 200 35183 "-" "Mozilla/5.0 (iPhone; CPU iPhone OS 13_2_3 like Mac OS X) AppleWebKit/605.1.15 (KHTML, like Gecko) Version/13.0.3 Mobile/15E148 Safari/604.1"
36.133.115.36 - - [30/Apr/2026:17:31:09 +0800] "POST /wp-cron.php?doing_wp_cron=1777541469.1261289119720458984375 HTTP/1.1" 200 31 "-" "WordPress/6.9; http://cqqizhou.com"
198.244.240.107 - - [30/Apr/2026:17:31:09 +0800] "GET /tag/%E7%89%A9%E6%B5%81/ HTTP/1.1" 404 9581 "-" "Mozilla/5.0 (compatible; AhrefsBot/7.0; +http://ahrefs.com/robot/)"
36.133.115.36 - - [30/Apr/2026:17:52:52 +0800] "POST /wp-cron.php?doing_wp_cron=1777542771.9904839992523193359375 HTTP/1.1" 200 31 "-" "WordPress/6.9; http://cqqizhou.com"
121.41.167.222 - - [30/Apr/2026:17:52:52 +0800] "HEAD / HTTP/1.1" 301 0 "-" "-"
36.133.115.36 - - [30/Apr/2026:18:03:04 +0800] "POST /wp-cron.php?doing_wp_cron=1777543384.1092689037322998046875 HTTP/1.1" 200 31 "-" "WordPress/6.9; http://cqqizhou.com"
45.156.128.129 - - [30/Apr/2026:18:03:04 +0800] "GET / HTTP/1.1" 301 5 "-" "Mozilla/5.0 AppleWebKit/537.36 (KHTML, like Gecko) Chrome/123.0.6312.86 Safari/537.36"
45.156.128.37 - - [30/Apr/2026:18:03:05 +0800] "GET / HTTP/1.1" 200 35623 "http://36.133.115.36/" "Mozilla/5.0 AppleWebKit/537.36 (KHTML, like Gecko) Chrome/123.0.6312.86 Safari/537.36"
77.238.230.6 - - [30/Apr/2026:18:15:14 +0800] "GET / HTTP/1.1" 200 35623 "-" "Mozilla/5.0 (Windows NT 10.0; Win64; x64) AppleWebKit/537.36 (KHTML, like Gecko) Chrome/120.0.0.0 Safari/537.36"
36.133.115.36 - - [30/Apr/2026:18:18:44 +0800] "POST /wp-cron.php?doing_wp_cron=1777544324.6718270778656005859375 HTTP/1.1" 200 31 "-" "WordPress/6.9; http://cqqizhou.com"
119.84.246.117 - - [30/Apr/2026:18:18:44 +0800] "GET / HTTP/1.1" 301 5 "-" "Mozilla/5.0 (Windows NT 6.1; WOW64; rv:12.0) Gecko/20100101 Firefox/12.0"
119.84.246.117 - - [30/Apr/2026:18:18:44 +0800] "GET / HTTP/1.1" 200 160571 "-" "Mozilla/5.0 (Windows NT 6.1; WOW64; rv:12.0) Gecko/20100101 Firefox/12.0"
119.84.246.117 - - [30/Apr/2026:18:18:45 +0800] "GET / HTTP/1.1" 301 5 "-" "Mozilla/5.0 (Windows NT 6.1; WOW64) AppleWebKit/535.11 (KHTML, like Gecko) Chrome/17.0.963.84 Safari/535.11 SE 2.X MetaSr 1.0"
119.84.246.117 - - [30/Apr/2026:18:18:45 +0800] "GET / HTTP/1.1" 200 160571 "-" "Mozilla/5.0 (Windows NT 6.1; WOW64) AppleWebKit/535.11 (KHTML, like Gecko) Chrome/17.0.963.84 Safari/535.11 SE 2.X MetaSr 1.0"
119.84.246.117 - - [30/Apr/2026:18:18:46 +0800] "GET / HTTP/1.1" 301 5 "-" "Mozilla/5.0 (Windows; U; Windows NT 6.1; zh_CN) AppleWebKit/534.7 (KHTML, like Gecko) Chrome/18.0 BIDUBrowser/2.6 Safari/534.7"
119.84.246.117 - - [30/Apr/2026:18:18:46 +0800] "GET / HTTP/1.1" 200 160571 "-" "Mozilla/5.0 (Windows; U; Windows NT 6.1; zh_CN) AppleWebKit/534.7 (KHTML, like Gecko) Chrome/18.0 BIDUBrowser/2.6 Safari/534.7"
36.133.115.36 - - [30/Apr/2026:18:52:14 +0800] "POST /wp-cron.php?doing_wp_cron=1777546334.4742650985717773437500 HTTP/1.1" 200 31 "-" "WordPress/6.9; http://cqqizhou.com"
211.101.239.235 - - [30/Apr/2026:18:52:14 +0800] "GET / HTTP/1.1" 301 5 "-" "Mozilla/5.0 (Macintosh; Intel Mac OS X 10_14_6) AppleWebKit/605.1.15 (KHTML, like Gecko) Version/13.0.4 Safari/605.1.15"
36.133.115.36 - - [30/Apr/2026:18:57:04 +0800] "POST /wp-cron.php?doing_wp_cron=1777546624.7973010540008544921875 HTTP/1.1" 200 31 "-" "WordPress/6.9; http://cqqizhou.com"
117.23.82.126 - - [30/Apr/2026:18:57:04 +0800] "GET /news/2373 HTTP/1.1" 200 23124 "-" "Mozilla/5.0 (Macintosh; Intel Mac OS X 10_15_7) AppleWebKit/537.36 (KHTML, like Gecko) Chrome/134.0.0.0 Safari/537.36"
39.190.133.180 - - [30/Apr/2026:18:57:08 +0800] "GET /news/2373 HTTP/1.1" 200 23143 "-" "Mozilla/5.0 (Macintosh; Intel Mac OS X 10_15_7) AppleWebKit/537.36 (KHTML, like Gecko) Chrome/134.0.0.0 Safari/537.36"
110.244.216.64 - - [30/Apr/2026:18:57:27 +0800] "GET /news/2373 HTTP/1.1" 200 23143 "-" "Mozilla/5.0 (Macintosh; Intel Mac OS X 10_15_7) AppleWebKit/537.36 (KHTML, like Gecko) Chrome/134.0.0.0 Safari/537.36"
36.133.115.36 - - [30/Apr/2026:19:01:52 +0800] "POST /wp-cron.php?doing_wp_cron=1777546912.6833729743957519531250 HTTP/1.1" 200 31 "-" "WordPress/6.9; http://cqqizhou.com"
192.36.109.86 - - [30/Apr/2026:19:01:52 +0800] "GET / HTTP/1.1" 200 35181 "-" "Mozilla/5.0 (Linux; Android 12; SAMSUNG SM-A415F) AppleWebKit/537.36 (KHTML, like Gecko) SamsungBrowser/23.0 Chrome/115.0.0.0 Mobile Safari/537.3"
192.36.109.86 - - [30/Apr/2026:19:01:54 +0800] "GET /news/portfolio-category/hot-dip-galvanized-coil HTTP/1.1" 200 18273 "-" "Mozilla/5.0 (Linux; Android 12; SAMSUNG SM-A415F) AppleWebKit/537.36 (KHTML, like Gecko) SamsungBrowser/23.0 Chrome/115.0.0.0 Mobile Safari/537.3"
192.36.109.98 - - [30/Apr/2026:19:01:56 +0800] "GET /news/portfolio/%e5%86%b7%e8%bd%a7%e6%9d%bf HTTP/1.1" 200 19334 "-" "Mozilla/5.0 (Linux; Android 12; SAMSUNG SM-A415F) AppleWebKit/537.36 (KHTML, like Gecko) SamsungBrowser/23.0 Chrome/115.0.0.0 Mobile Safari/537.3"
192.36.109.94 - - [30/Apr/2026:19:01:57 +0800] "GET /news/portfolio-category/cold-rolled-coil HTTP/1.1" 200 18275 "-" "Mozilla/5.0 (Linux; Android 12; SAMSUNG SM-A415F) AppleWebKit/537.36 (KHTML, like Gecko) SamsungBrowser/23.0 Chrome/115.0.0.0 Mobile Safari/537.3"
36.133.115.36 - - [30/Apr/2026:19:09:31 +0800] "POST /wp-cron.php?doing_wp_cron=1777547371.7768900394439697265625 HTTP/1.1" 200 31 "-" "WordPress/6.9; http://cqqizhou.com"
106.54.62.156 - - [30/Apr/2026:19:09:31 +0800] "GET / HTTP/1.1" 301 5 "-" "Mozilla/5.0 (iPhone; CPU iPhone OS 13_2_3 like Mac OS X) AppleWebKit/605.1.15 (KHTML, like Gecko) Version/13.0.3 Mobile/15E148 Safari/604.1"
106.54.62.156 - - [30/Apr/2026:19:09:33 +0800] "GET / HTTP/1.1" 200 35183 "http://www.cqqizhou.com" "Mozilla/5.0 (iPhone; CPU iPhone OS 13_2_3 like Mac OS X) AppleWebKit/605.1.15 (KHTML, like Gecko) Version/13.0.3 Mobile/15E148 Safari/604.1"
36.133.115.36 - - [30/Apr/2026:19:11:51 +0800] "POST /wp-cron.php?doing_wp_cron=1777547511.1159958839416503906250 HTTP/1.1" 200 31 "-" "WordPress/6.9; http://cqqizhou.com"
34.38.143.207 - - [30/Apr/2026:19:11:51 +0800] "GET / HTTP/1.1" 301 5 "-" "python-requests/2.32.5"
36.133.115.36 - - [30/Apr/2026:19:23:53 +0800] "POST /wp-cron.php?doing_wp_cron=1777548233.8757069110870361328125 HTTP/1.1" 200 31 "-" "WordPress/6.9; http://cqqizhou.com"
43.133.253.253 - - [30/Apr/2026:19:23:53 +0800] "GET / HTTP/1.1" 301 5 "-" "Mozilla/5.0 (iPhone; CPU iPhone OS 13_2_3 like Mac OS X) AppleWebKit/605.1.15 (KHTML, like Gecko) Version/13.0.3 Mobile/15E148 Safari/604.1"
43.133.253.253 - - [30/Apr/2026:19:23:55 +0800] "GET / HTTP/1.1" 200 35183 "http://36.133.115.36" "Mozilla/5.0 (iPhone; CPU iPhone OS 13_2_3 like Mac OS X) AppleWebKit/605.1.15 (KHTML, like Gecko) Version/13.0.3 Mobile/15E148 Safari/604.1"
36.133.115.36 - - [30/Apr/2026:20:10:59 +0800] "POST /wp-cron.php?doing_wp_cron=1777551059.6559638977050781250000 HTTP/1.1" 200 31 "-" "WordPress/6.9; http://cqqizhou.com"
43.166.253.94 - - [30/Apr/2026:20:10:59 +0800] "GET / HTTP/1.1" 301 5 "-" "Mozilla/5.0 (iPhone; CPU iPhone OS 13_2_3 like Mac OS X) AppleWebKit/605.1.15 (KHTML, like Gecko) Version/13.0.3 Mobile/15E148 Safari/604.1"
43.166.253.94 - - [30/Apr/2026:20:11:01 +0800] "GET / HTTP/1.1" 200 35184 "http://www.cqqizhou.com" "Mozilla/5.0 (iPhone; CPU iPhone OS 13_2_3 like Mac OS X) AppleWebKit/605.1.15 (KHTML, like Gecko) Version/13.0.3 Mobile/15E148 Safari/604.1"
36.133.115.36 - - [30/Apr/2026:20:11:40 +0800] "POST /wp-cron.php?doing_wp_cron=1777551100.8009209632873535156250 HTTP/1.1" 200 31 "-" "WordPress/6.9; http://cqqizhou.com"
121.40.45.14 - - [30/Apr/2026:20:11:40 +0800] "GET / HTTP/1.1" 301 5 "-" "Mozilla/5.0 (Windows NT 10.0; Win64; x64) AppleWebKit/537.36 (KHTML, like Gecko) Chrome/59.0.3071.115 Safari/537.36"
121.41.176.196 - - [30/Apr/2026:20:11:45 +0800] "GET / HTTP/1.1" 301 5 "-" "Mozilla/5.0 (Windows NT 10.0; Win64; x64) AppleWebKit/537.36 (KHTML, like Gecko) Chrome/59.0.3071.115 Safari/537.36"
36.133.115.36 - - [30/Apr/2026:20:38:18 +0800] "POST /wp-cron.php?doing_wp_cron=1777552698.3819780349731445312500 HTTP/1.1" 200 31 "-" "WordPress/6.9; http://cqqizhou.com"
138.68.101.189 - - [30/Apr/2026:20:38:18 +0800] "GET / HTTP/1.1" 301 5 "-" "Mozilla/5.0 (X11; Linux x86_64) AppleWebKit/537.36 (KHTML, like Gecko) Chrome/142.0.0.0 Safari/537.36"
36.133.115.36 - - [30/Apr/2026:21:26:47 +0800] "POST /wp-cron.php?doing_wp_cron=1777555607.6050019264221191406250 HTTP/1.1" 200 31 "-" "WordPress/6.9; http://cqqizhou.com"
194.163.184.161 - - [30/Apr/2026:21:26:47 +0800] "GET / HTTP/1.1" 301 5 "-" "Go-http-client/1.1"
194.163.184.161 - - [30/Apr/2026:21:26:48 +0800] "GET / HTTP/1.1" 200 35623 "http://36.133.115.36" "Go-http-client/1.1"
36.133.115.36 - - [30/Apr/2026:22:22:42 +0800] "POST /wp-cron.php?doing_wp_cron=1777558962.5774700641632080078125 HTTP/1.1" 200 31 "-" "WordPress/6.9; http://cqqizhou.com"
43.142.110.142 - - [30/Apr/2026:22:22:42 +0800] "GET / HTTP/1.1" 301 5 "-" "Mozilla/5.0 (Windows NT 10.0; Win64; x64) AppleWebKit/537.36 (KHTML, like Gecko) Chrome/91.0.4472.124 Safari/537.36"
43.142.110.142 - - [30/Apr/2026:22:22:42 +0800] "GET / HTTP/1.1" 200 35623 "-" "Mozilla/5.0 (Windows NT 10.0; Win64; x64) AppleWebKit/537.36 (KHTML, like Gecko) Chrome/91.0.4472.124 Safari/537.36"
43.142.110.142 - - [30/Apr/2026:22:23:01 +0800] "GET / HTTP/1.1" 304 0 "-" "Mozilla/5.0 (Windows NT 10.0; Win64; x64) AppleWebKit/537.36 (KHTML, like Gecko) Chrome/91.0.4472.124 Safari/537.36"
36.133.115.36 - - [30/Apr/2026:22:23:41 +0800] "POST /wp-cron.php?doing_wp_cron=1777559021.1034939289093017578125 HTTP/1.1" 200 31 "-" "WordPress/6.9; http://cqqizhou.com"
43.142.110.142 - - [30/Apr/2026:22:23:41 +0800] "GET /about HTTP/1.1" 200 25012 "-" "Mozilla/5.0 (Windows NT 10.0; Win64; x64) AppleWebKit/537.36 (KHTML, like Gecko) Chrome/91.0.4472.124 Safari/537.36"
43.142.110.142 - - [30/Apr/2026:22:23:58 +0800] "GET /contacts/ HTTP/1.1" 301 5 "-" "Mozilla/5.0 (Windows NT 10.0; Win64; x64) AppleWebKit/537.36 (KHTML, like Gecko) Chrome/91.0.4472.124 Safari/537.36"
43.142.110.142 - - [30/Apr/2026:22:23:59 +0800] "GET /contacts HTTP/1.1" 200 22271 "-" "Mozilla/5.0 (Windows NT 10.0; Win64; x64) AppleWebKit/537.36 (KHTML, like Gecko) Chrome/91.0.4472.124 Safari/537.36"
43.142.110.142 - - [30/Apr/2026:22:24:00 +0800] "GET /wp-json/contact-form-7/v1/contact-forms/158/feedback/schema HTTP/1.1" 200 358 "http://cqqizhou.com/contacts" "Mozilla/5.0 (Windows NT 10.0; Win64; x64) AppleWebKit/537.36 (KHTML, like Gecko) Chrome/91.0.4472.124 Safari/537.36"
43.142.110.142 - - [30/Apr/2026:22:24:01 +0800] "GET /wp-json/contact-form-7/v1/contact-forms/158/refill HTTP/1.1" 200 33 "http://cqqizhou.com/contacts" "Mozilla/5.0 (Windows NT 10.0; Win64; x64) AppleWebKit/537.36 (KHTML, like Gecko) Chrome/91.0.4472.124 Safari/537.36"
36.133.115.36 - - [30/Apr/2026:22:26:46 +0800] "POST /wp-cron.php?doing_wp_cron=1777559206.8354170322418212890625 HTTP/1.1" 200 31 "-" "WordPress/6.9; http://cqqizhou.com"
43.156.109.53 - - [30/Apr/2026:22:26:46 +0800] "GET / HTTP/1.1" 200 35184 "-" "Mozilla/5.0 (iPhone; CPU iPhone OS 13_2_3 like Mac OS X) AppleWebKit/605.1.15 (KHTML, like Gecko) Version/13.0.3 Mobile/15E148 Safari/604.1"
36.133.115.36 - - [30/Apr/2026:22:35:15 +0800] "POST /wp-cron.php?doing_wp_cron=1777559715.0265629291534423828125 HTTP/1.1" 200 31 "-" "WordPress/6.9; http://cqqizhou.com"
64.227.99.138 - - [30/Apr/2026:22:35:15 +0800] "GET / HTTP/1.1" 301 5 "-" "Mozilla/5.0 (compatible; InternetMeasurement/1.0; +https://internet-measurement.com/)"
36.133.115.36 - - [30/Apr/2026:22:42:49 +0800] "POST /wp-cron.php?doing_wp_cron=1777560169.3007628917694091796875 HTTP/1.1" 200 31 "-" "WordPress/6.9; http://cqqizhou.com"
52.87.177.107 - - [30/Apr/2026:22:42:49 +0800] "GET / HTTP/1.1" 301 5 "-" "Mozilla/5.0 (Windows NT 10.0; Win64; x64) AppleWebKit/537.36 (KHTML, like Gecko) Chrome/136.0.0.0 Safari/537.36"
36.133.115.36 - - [30/Apr/2026:23:05:36 +0800] "POST /wp-cron.php?doing_wp_cron=1777561536.3935210704803466796875 HTTP/1.1" 200 31 "-" "WordPress/6.9; http://cqqizhou.com"
119.84.246.117 - - [30/Apr/2026:23:05:36 +0800] "GET / HTTP/1.1" 301 5 "-" "-"
119.84.246.117 - - [30/Apr/2026:23:05:36 +0800] "GET / HTTP/1.1" 200 160571 "-" "-"
119.84.246.117 - - [30/Apr/2026:23:05:38 +0800] "GET / HTTP/1.1" 301 5 "-" "Mozilla/5.0 (Windows NT 6.1; WOW64) AppleWebKit/537.1 (KHTML, like Gecko) Chrome/21.0.1180.89 Safari/537.1"
119.84.246.117 - - [30/Apr/2026:23:05:38 +0800] "GET / HTTP/1.1" 200 35623 "-" "Mozilla/5.0 (Windows NT 6.1; WOW64) AppleWebKit/537.1 (KHTML, like Gecko) Chrome/21.0.1180.89 Safari/537.1"
119.84.246.117 - - [30/Apr/2026:23:05:38 +0800] "GET /wp-content/uploads/2025/07/1753456723-%E5%8F%8C%E7%9B%B8%E9%92%A2roduct_Single600.webp HTTP/1.1" 200 22790 "http://cqqizhou.com/" "Mozilla/5.0 (Windows NT 6.1; WOW64) AppleWebKit/537.1 (KHTML, like Gecko) Chrome/21.0.1180.89 Safari/537.1"
119.84.246.117 - - [30/Apr/2026:23:05:38 +0800] "GET /wp-content/uploads/2025/07/1751425283-qizhou.kf_.qq_.com_.webp HTTP/1.1" 200 16864 "http://cqqizhou.com/" "Mozilla/5.0 (Windows NT 6.1; WOW64) AppleWebKit/537.1 (KHTML, like Gecko) Chrome/21.0.1180.89 Safari/537.1"
119.84.246.117 - - [30/Apr/2026:23:05:38 +0800] "GET /wp-content/uploads/2025/07/1753453096-%E5%8F%8C%E7%9B%B8%E9%92%A2product_Single600%C3%97284.webp HTTP/1.1" 200 14562 "http://cqqizhou.com/" "Mozilla/5.0 (Windows NT 6.1; WOW64) AppleWebKit/537.1 (KHTML, like Gecko) Chrome/21.0.1180.89 Safari/537.1"
119.84.246.117 - - [30/Apr/2026:23:05:38 +0800] "GET /wp-content/uploads/2026/04/1775698332-Article_images_W900px.webp HTTP/1.1" 200 49852 "http://cqqizhou.com/" "Mozilla/5.0 (Windows NT 6.1; WOW64) AppleWebKit/537.1 (KHTML, like Gecko) Chrome/21.0.1180.89 Safari/537.1"
119.84.246.117 - - [30/Apr/2026:23:05:38 +0800] "GET /wp-content/uploads/2025/07/1753456770-%E7%83%AD%E9%95%80%E9%94%8C%E5%8D%B7product_Single600.webp HTTP/1.1" 200 27502 "http://cqqizhou.com/" "Mozilla/5.0 (Windows NT 6.1; WOW64) AppleWebKit/537.1 (KHTML, like Gecko) Chrome/21.0.1180.89 Safari/537.1"
119.84.246.117 - - [30/Apr/2026:23:05:38 +0800] "GET /wp-content/uploads/2025/07/1753453127-%E4%BD%99%E5%8D%B7product_Single600%C3%97284.webp HTTP/1.1" 200 18744 "http://cqqizhou.com/" "Mozilla/5.0 (Windows NT 6.1; WOW64) AppleWebKit/537.1 (KHTML, like Gecko) Chrome/21.0.1180.89 Safari/537.1"
119.84.246.117 - - [30/Apr/2026:23:05:38 +0800] "GET /wp-content/uploads/2026/04/1775865780-1Article_images_W900px.webp HTTP/1.1" 200 41840 "http://cqqizhou.com/" "Mozilla/5.0 (Windows NT 6.1; WOW64) AppleWebKit/537.1 (KHTML, like Gecko) Chrome/21.0.1180.89 Safari/537.1"
119.84.246.117 - - [30/Apr/2026:23:05:38 +0800] "GET /wp-content/uploads/2026/04/1777513410-1Article_images_W900px.webp HTTP/1.1" 200 30786 "http://cqqizhou.com/" "Mozilla/5.0 (Windows NT 6.1; WOW64) AppleWebKit/537.1 (KHTML, like Gecko) Chrome/21.0.1180.89 Safari/537.1"
119.84.246.117 - - [30/Apr/2026:23:05:38 +0800] "GET /wp-content/uploads/2026/02/1769999241-4.2%E7%B1%B3%E9%AB%98%E6%A0%8F%E8%B4%A7%E8%BD%A6.webp HTTP/1.1" 200 54794 "http://cqqizhou.com/" "Mozilla/5.0 (Windows NT 6.1; WOW64) AppleWebKit/537.1 (KHTML, like Gecko) Chrome/21.0.1180.89 Safari/537.1"
119.84.246.117 - - [30/Apr/2026:23:05:38 +0800] "GET /wp-content/uploads/2026/04/1775195054-1Article_images_W900px.webp HTTP/1.1" 200 25562 "http://cqqizhou.com/" "Mozilla/5.0 (Windows NT 6.1; WOW64) AppleWebKit/537.1 (KHTML, like Gecko) Chrome/21.0.1180.89 Safari/537.1"
36.133.115.36 - - [30/Apr/2026:23:25:49 +0800] "POST /wp-cron.php?doing_wp_cron=1777562749.7829980850219726562500 HTTP/1.1" 200 31 "-" "WordPress/6.9; http://cqqizhou.com"
176.65.139.156 - - [30/Apr/2026:23:25:49 +0800] "GET / HTTP/1.1" 301 5 "-" "Mozilla/5.0 (Windows NT 10.0; Win64; x64) AppleWebKit/537.36 (KHTML, like Gecko) Chrome/90.0.4430.85 Safari/537.36 Edg/90.0.818.46"