HEX
Server: nginx/1.16.1
System: Linux ecs-04358622 4.19.90-2107.6.0.0100.oe1.bclinux.x86_64 #1 SMP Wed Dec 1 19:59:44 CST 2021 x86_64
User: nginx (994)
PHP: 8.0.0
Disabled: NONE
Upload Files
File: /home/logs/cqqizhou_access_2026-04-13.log
36.133.115.36 - - [13/Apr/2026:00:04:44 +0800] "POST /wp-cron.php?doing_wp_cron=1776009884.8332479000091552734375 HTTP/1.1" 200 31 "-" "WordPress/6.9; http://cqqizhou.com"
119.249.100.46 - - [13/Apr/2026:00:04:44 +0800] "GET /robots.txt HTTP/1.1" 301 5 "-" "Mozilla/5.0 (Windows NT 10.0; WOW64) AppleWebKit/537.36 (KHTML, like Gecko) Chrome/48.0.2564.116 Safari/537.36"
119.249.100.174 - - [13/Apr/2026:00:04:45 +0800] "GET /robots.txt HTTP/1.1" 200 190 "-" "Mozilla/5.0 (Windows NT 10.0; WOW64) AppleWebKit/537.36 (KHTML, like Gecko) Chrome/48.0.2564.116 Safari/537.36"
36.133.115.36 - - [13/Apr/2026:00:07:12 +0800] "POST /wp-cron.php?doing_wp_cron=1776010032.8304970264434814453125 HTTP/1.1" 200 31 "-" "WordPress/6.9; http://cqqizhou.com"
31.57.216.224 - - [13/Apr/2026:00:07:13 +0800] "GET / HTTP/1.1" 200 156922 "-" "Hello World"
220.181.108.167 - - [13/Apr/2026:00:07:38 +0800] "GET / HTTP/1.1" 301 5 "-" "Mozilla/5.0 (Linux;u;Android 4.2.2;zh-cn;) AppleWebKit/534.46 (KHTML,like Gecko) Version/5.1 Mobile Safari/10600.6.3 (compatible; Baiduspider/2.0; +http://www.baidu.com/search/spider.html)"
116.179.32.47 - - [13/Apr/2026:00:07:38 +0800] "GET / HTTP/1.1" 301 5 "-" "Mozilla/5.0 (compatible; Baiduspider/2.0; +http://www.baidu.com/search/spider.html)"
116.179.32.101 - - [13/Apr/2026:00:07:39 +0800] "GET / HTTP/1.1" 200 35158 "-" "Mozilla/5.0 (compatible; Baiduspider/2.0; +http://www.baidu.com/search/spider.html)"
116.179.37.50 - - [13/Apr/2026:00:07:39 +0800] "GET /wp-content/uploads/2025/07/1750174127-Marketing1920x800_3.webp HTTP/1.1" 200 52790 "http://cqqizhou.com/wp-content/uploads/elementor/css/post-1666.css?ver=1773725585" "Mozilla/5.0 (compatible; Baiduspider-render/2.0; +http://www.baidu.com/search/spider.html)"
220.181.108.84 - - [13/Apr/2026:00:07:39 +0800] "GET / HTTP/1.1" 200 34725 "-" "Mozilla/5.0 (Linux;u;Android 4.2.2;zh-cn;) AppleWebKit/534.46 (KHTML,like Gecko) Version/5.1 Mobile Safari/10600.6.3 (compatible; Baiduspider/2.0; +http://www.baidu.com/search/spider.html)"
116.179.37.75 - - [13/Apr/2026:00:07:41 +0800] "GET /wp-content/uploads/2025/07/1751864664-Logistics800x500_1-768x480.webp HTTP/1.1" 200 83946 "http://cqqizhou.com/" "Mozilla/5.0 (iPhone; CPU iPhone OS 9_1 like Mac OS X) AppleWebKit/601.1.46 (KHTML, like Gecko) Version/9.0 Mobile/13B143 Safari/601.1 (compatible; Baiduspider-render/2.0; +http://www.baidu.com/search/spider.html)"
36.133.115.36 - - [13/Apr/2026:00:28:09 +0800] "POST /wp-cron.php?doing_wp_cron=1776011289.2019898891448974609375 HTTP/1.1" 200 31 "-" "WordPress/6.9; http://cqqizhou.com"
49.51.203.164 - - [13/Apr/2026:00:28:09 +0800] "GET / HTTP/1.1" 301 5 "-" "Mozilla/5.0 (iPhone; CPU iPhone OS 13_2_3 like Mac OS X) AppleWebKit/605.1.15 (KHTML, like Gecko) Version/13.0.3 Mobile/15E148 Safari/604.1"
49.51.203.164 - - [13/Apr/2026:00:28:12 +0800] "GET / HTTP/1.1" 200 34724 "http://36.133.115.36" "Mozilla/5.0 (iPhone; CPU iPhone OS 13_2_3 like Mac OS X) AppleWebKit/605.1.15 (KHTML, like Gecko) Version/13.0.3 Mobile/15E148 Safari/604.1"
36.133.115.36 - - [13/Apr/2026:00:35:00 +0800] "POST /wp-cron.php?doing_wp_cron=1776011699.9604249000549316406250 HTTP/1.1" 200 31 "-" "WordPress/6.9; http://cqqizhou.com"
183.207.48.154 - - [13/Apr/2026:00:35:00 +0800] "GET / HTTP/1.1" 301 5 "-" "Mozilla/5.0 (Windows NT 10.0; Win64; x64) AppleWebKit/537.36 (KHTML, like Gecko) Chrome/59.0.3071.104 Safari/537.36"
183.207.48.154 - - [13/Apr/2026:00:35:00 +0800] "GET / HTTP/1.1" 200 158581 "-" "Mozilla/5.0 (Windows NT 10.0; Win64; x64) AppleWebKit/537.36 (KHTML, like Gecko) Chrome/59.0.3071.104 Safari/537.36"
180.153.236.61 - - [13/Apr/2026:00:43:21 +0800] "GET / HTTP/1.1" 200 35158 "http://cqqizhou.com" "User-Agent:Mozilla/5.0 (Windows NT 10.0; Win64; x64) AppleWebKit/537.36 (KHTML, like Gecko) Chrome/140.0.0.0 Safari/537.36 Edg/140.0.0.0; 360Spider"
180.153.236.138 - - [13/Apr/2026:00:43:22 +0800] "GET / HTTP/1.1" 200 35158 "http://cqqizhou.com" "User-Agent:Mozilla/5.0 (Windows NT 10.0; Win64; x64) AppleWebKit/537.36 (KHTML, like Gecko) Chrome/140.0.0.0 Safari/537.36 Edg/140.0.0.0; 360Spider"
180.153.236.73 - - [13/Apr/2026:00:43:24 +0800] "GET / HTTP/1.1" 200 35158 "http://cqqizhou.com" "User-Agent:Mozilla/5.0 (Windows NT 10.0; Win64; x64) AppleWebKit/537.36 (KHTML, like Gecko) Chrome/140.0.0.0 Safari/537.36 Edg/140.0.0.0; 360Spider"
36.133.115.36 - - [13/Apr/2026:00:47:35 +0800] "POST /wp-cron.php?doing_wp_cron=1776012455.5348579883575439453125 HTTP/1.1" 200 31 "-" "WordPress/6.9; http://cqqizhou.com"
66.249.74.9 - - [13/Apr/2026:00:47:35 +0800] "GET /robots.txt HTTP/1.1" 200 190 "-" "Mozilla/5.0 (compatible; Googlebot/2.1; +http://www.google.com/bot.html)"
36.133.115.36 - - [13/Apr/2026:00:52:03 +0800] "POST /wp-cron.php?doing_wp_cron=1776012723.8077208995819091796875 HTTP/1.1" 200 31 "-" "WordPress/6.9; http://cqqizhou.com"
36.62.34.5 - - [13/Apr/2026:00:52:03 +0800] "GET /services/ HTTP/1.1" 301 5 "-" "Mozilla/5.0 (Windows NT 10.0; Win64; x64) AppleWebKit/537.36 (KHTML, like Gecko) Chrome/141.0.0.0 Safari/537.36"
36.62.34.5 - - [13/Apr/2026:00:52:04 +0800] "GET http://cqqizhou.com/services HTTP/1.1" 200 31707 "-" "Mozilla/5.0 (Windows NT 10.0; Win64; x64) AppleWebKit/537.36 (KHTML, like Gecko) Chrome/141.0.0.0 Safari/537.36"
36.133.115.36 - - [13/Apr/2026:00:55:05 +0800] "POST /wp-cron.php?doing_wp_cron=1776012905.6293339729309082031250 HTTP/1.1" 200 31 "-" "WordPress/6.9; http://cqqizhou.com"
93.123.72.166 - - [13/Apr/2026:00:55:05 +0800] "GET /SDK/webLanguage HTTP/1.1" 301 5 "-" "Mozilla/5.0 (Windows NT 10.0; Win64; x64) AppleWebKit/537.36 (KHTML, like Gecko) Chrome/90.0.4430.85 Safari/537.36 Edg/90.0.818.46"
36.133.115.36 - - [13/Apr/2026:01:26:07 +0800] "POST /wp-cron.php?doing_wp_cron=1776014767.6422491073608398437500 HTTP/1.1" 200 31 "-" "WordPress/6.9; http://cqqizhou.com"
124.156.226.179 - - [13/Apr/2026:01:26:07 +0800] "GET / HTTP/1.1" 200 34724 "-" "Mozilla/5.0 (iPhone; CPU iPhone OS 13_2_3 like Mac OS X) AppleWebKit/605.1.15 (KHTML, like Gecko) Version/13.0.3 Mobile/15E148 Safari/604.1"
36.133.115.36 - - [13/Apr/2026:01:32:56 +0800] "POST /wp-cron.php?doing_wp_cron=1776015176.3343150615692138671875 HTTP/1.1" 200 31 "-" "WordPress/6.9; http://cqqizhou.com"
115.159.33.43 - - [13/Apr/2026:01:32:56 +0800] "GET / HTTP/1.1" 301 5 "-" "Mozilla/5.0 (Windows NT 10.0; Win64; x64) AppleWebKit/537.36 (KHTML, like Gecko) Chrome/79.0.3945.117 Safari/537.36"
36.133.115.36 - - [13/Apr/2026:01:50:58 +0800] "POST /wp-cron.php?doing_wp_cron=1776016258.4560520648956298828125 HTTP/1.1" 200 31 "-" "WordPress/6.9; http://cqqizhou.com"
43.159.128.247 - - [13/Apr/2026:01:50:58 +0800] "GET / HTTP/1.1" 200 34725 "-" "Mozilla/5.0 (iPhone; CPU iPhone OS 13_2_3 like Mac OS X) AppleWebKit/605.1.15 (KHTML, like Gecko) Version/13.0.3 Mobile/15E148 Safari/604.1"
36.133.115.36 - - [13/Apr/2026:02:01:39 +0800] "POST /wp-cron.php?doing_wp_cron=1776016899.0996029376983642578125 HTTP/1.1" 200 31 "-" "WordPress/6.9; http://cqqizhou.com"
43.159.145.153 - - [13/Apr/2026:02:01:39 +0800] "GET / HTTP/1.1" 200 34725 "-" "Mozilla/5.0 (iPhone; CPU iPhone OS 13_2_3 like Mac OS X) AppleWebKit/605.1.15 (KHTML, like Gecko) Version/13.0.3 Mobile/15E148 Safari/604.1"
36.133.115.36 - - [13/Apr/2026:02:02:35 +0800] "POST /wp-cron.php?doing_wp_cron=1776016955.7403430938720703125000 HTTP/1.1" 200 31 "-" "WordPress/6.9; http://cqqizhou.com"
66.249.74.8 - - [13/Apr/2026:02:02:35 +0800] "GET /media/5 HTTP/1.1" 200 26103 "-" "Mozilla/5.0 (Linux; Android 6.0.1; Nexus 5X Build/MMB29P) AppleWebKit/537.36 (KHTML, like Gecko) Chrome/146.0.7680.177 Mobile Safari/537.36 (compatible; Googlebot/2.1; +http://www.google.com/bot.html)"
36.133.115.36 - - [13/Apr/2026:02:04:03 +0800] "POST /wp-cron.php?doing_wp_cron=1776017043.4307570457458496093750 HTTP/1.1" 200 31 "-" "WordPress/6.9; http://cqqizhou.com"
43.138.68.113 - - [13/Apr/2026:02:04:03 +0800] "GET / HTTP/1.1" 200 34725 "-" "Mozilla/5.0 (iPhone; CPU iPhone OS 13_2_3 like Mac OS X) AppleWebKit/605.1.15 (KHTML, like Gecko) Version/13.0.3 Mobile/15E148 Safari/604.1"
36.133.115.36 - - [13/Apr/2026:02:11:52 +0800] "POST /wp-cron.php?doing_wp_cron=1776017512.6240479946136474609375 HTTP/1.1" 200 31 "-" "WordPress/6.9; http://cqqizhou.com"
198.244.242.28 - - [13/Apr/2026:02:11:52 +0800] "GET /robots.txt HTTP/1.1" 200 190 "-" "Mozilla/5.0 (compatible; AhrefsBot/7.0; +http://ahrefs.com/robot/)"
51.89.129.51 - - [13/Apr/2026:02:12:24 +0800] "GET / HTTP/1.1" 200 35158 "-" "Mozilla/5.0 (compatible; AhrefsBot/7.0; +http://ahrefs.com/robot/)"
198.244.240.143 - - [13/Apr/2026:02:16:51 +0800] "GET /wp-content/uploads/2025/12/1765268955-qizhou_Slider1_3840%C3%972160_20251210-scaled.webp HTTP/1.1" 200 152162 "-" "Mozilla/5.0 (compatible; AhrefsBot/7.0; +http://ahrefs.com/robot/)"
36.133.115.36 - - [13/Apr/2026:02:28:23 +0800] "POST /wp-cron.php?doing_wp_cron=1776018503.3368349075317382812500 HTTP/1.1" 200 31 "-" "WordPress/6.9; http://cqqizhou.com"
34.174.93.142 - - [13/Apr/2026:02:28:23 +0800] "HEAD /old/ HTTP/1.1" 404 0 "-" "Mozilla/5.0 (X11; Linux x86_64) AppleWebKit/537.36 (KHTML, like Gecko) Chrome/125.0.6422.76 Safari/537.36"
34.174.93.142 - - [13/Apr/2026:02:28:24 +0800] "HEAD /wordpress/ HTTP/1.1" 404 0 "-" "Mozilla/5.0 (Linux; Android 12; TECNO CK6n) AppleWebKit/537.36 (KHTML, like Gecko) Chrome/125.0.6422.50 Mobile Safari/537.36"
34.174.93.142 - - [13/Apr/2026:02:28:25 +0800] "HEAD /blog/ HTTP/1.1" 404 0 "-" "Mozilla/5.0 (Macintosh; Intel Mac OS X 15_0) AppleWebKit/537.36 (KHTML, like Gecko) Chrome/125.0.6422.141 Safari/537.36"
34.174.93.142 - - [13/Apr/2026:02:28:26 +0800] "HEAD /new/ HTTP/1.1" 301 0 "-" "Mozilla/5.0 (Windows NT 11.0; Win64; x64) AppleWebKit/537.36 (KHTML, like Gecko) Chrome/128.0.6540.18 Safari/537.36"
34.174.93.142 - - [13/Apr/2026:02:28:26 +0800] "HEAD /news HTTP/1.1" 200 0 "http://cqqizhou.com/new/" "Mozilla/5.0 (Windows NT 11.0; Win64; x64) AppleWebKit/537.36 (KHTML, like Gecko) Chrome/128.0.6540.18 Safari/537.36"
34.174.93.142 - - [13/Apr/2026:02:28:27 +0800] "HEAD /backup/ HTTP/1.1" 404 0 "-" "Mozilla/5.0 (Windows NT 10.0; Win64; x64) AppleWebKit/537.36 (KHTML, like Gecko) Chrome/127.0.6534.42 Safari/537.36"
34.174.93.142 - - [13/Apr/2026:02:28:28 +0800] "HEAD /wp/ HTTP/1.1" 404 0 "-" "Mozilla/5.0 (iPhone; CPU iPhone OS 16_7 like Mac OS X) AppleWebKit/605.1.15 (KHTML, like Gecko) Version/16.7 Mobile/15E148 Safari/604.1"
34.174.93.142 - - [13/Apr/2026:02:28:28 +0800] "HEAD / HTTP/1.1" 200 0 "-" "Mozilla/5.0 (iPad; CPU OS 17_4 like Mac OS X) AppleWebKit/605.1.15 (KHTML, like Gecko) Version/17.4 Mobile/15E148 Safari/604.1"
36.133.115.36 - - [13/Apr/2026:02:31:53 +0800] "POST /wp-cron.php?doing_wp_cron=1776018713.3566789627075195312500 HTTP/1.1" 200 31 "-" "WordPress/6.9; http://cqqizhou.com"
52.167.144.143 - - [13/Apr/2026:02:31:53 +0800] "GET /?s=2026 HTTP/1.1" 200 19855 "-" "Mozilla/5.0 AppleWebKit/537.36 (KHTML, like Gecko; compatible; bingbot/2.0; +http://www.bing.com/bingbot.htm) Chrome/116.0.1938.76 Safari/537.36"
36.133.115.36 - - [13/Apr/2026:02:38:36 +0800] "POST /wp-cron.php?doing_wp_cron=1776019116.0428490638732910156250 HTTP/1.1" 200 31 "-" "WordPress/6.9; http://cqqizhou.com"
182.46.226.92 - - [13/Apr/2026:02:38:36 +0800] "GET / HTTP/1.1" 301 5 "-" "Go-http-client/1.1"
182.46.226.92 - - [13/Apr/2026:02:38:36 +0800] "GET / HTTP/1.1" 200 35158 "http://xa5.shaanxi.cn.antiddos.cspt.fullcone.cn" "Go-http-client/1.1"
36.133.115.36 - - [13/Apr/2026:02:46:52 +0800] "POST /wp-cron.php?doing_wp_cron=1776019612.4397981166839599609375 HTTP/1.1" 200 31 "-" "WordPress/6.9; http://cqqizhou.com"
110.38.240.12 - - [13/Apr/2026:02:46:52 +0800] "POST /GponForm/diag_Form?images/ HTTP/1.1" 404 8949 "-" "Hello, World"
36.133.115.36 - - [13/Apr/2026:03:17:35 +0800] "POST /wp-cron.php?doing_wp_cron=1776021455.6960449218750000000000 HTTP/1.1" 200 31 "-" "WordPress/6.9; http://cqqizhou.com"
66.249.74.8 - - [13/Apr/2026:03:17:35 +0800] "GET /news/2502 HTTP/1.1" 200 20618 "-" "Mozilla/5.0 (Linux; Android 6.0.1; Nexus 5X Build/MMB29P) AppleWebKit/537.36 (KHTML, like Gecko) Chrome/146.0.7680.177 Mobile Safari/537.36 (compatible; Googlebot/2.1; +http://www.google.com/bot.html)"
36.133.115.36 - - [13/Apr/2026:03:23:06 +0800] "POST /wp-cron.php?doing_wp_cron=1776021786.3505148887634277343750 HTTP/1.1" 200 31 "-" "WordPress/6.9; http://cqqizhou.com"
114.96.12.52 - - [13/Apr/2026:03:23:06 +0800] "GET /Ly9jcXFpemhvdS5jb20vd3AtY29udGVudC91cGxvYWRzL3JldnNsaWRlci9zbGlkZXItMS8xNzUwODYxMTU2LWxvZ2lzdGljc19TbGlkZXJfMzg0MMOXMjE2MF8yMDI1MDYyNTE5MTM1Ni1zY2FsZWQud2VicA== HTTP/1.1" 404 8949 "-" "Mozilla/5.0 (Windows NT 10.0) AppleWebKit/537.36 (KHTML, like Gecko) Chrome/80.0.3987.16"
36.133.115.36 - - [13/Apr/2026:03:54:53 +0800] "POST /wp-cron.php?doing_wp_cron=1776023693.8203740119934082031250 HTTP/1.1" 200 31 "-" "WordPress/6.9; http://cqqizhou.com"
36.143.170.241 - - [13/Apr/2026:03:54:53 +0800] "GET /Ly9jcXFpemhvdS5jb20vd3AtY29udGVudC91cGxvYWRzLzIwMjUvMTIvMTc2NTI2ODk1NS1xaXpob3VfU2xpZGVyMV8zODQww5cyMTYwXzIwMjUxMjEwLXNjYWxlZC53ZWJw HTTP/1.1" 404 8949 "-" "Mozilla/5.0 (Windows NT 6.1; Win64; x64) AppleWebKit/537.36 (KHTML, like Gecko) Chrome/86.0.4240.22"
36.133.115.36 - - [13/Apr/2026:04:13:03 +0800] "POST /wp-cron.php?doing_wp_cron=1776024783.4026579856872558593750 HTTP/1.1" 200 31 "-" "WordPress/6.9; http://cqqizhou.com"
20.65.194.166 - - [13/Apr/2026:04:13:03 +0800] "GET /hudson HTTP/1.1" 404 8948 "-" "Mozilla/5.0 zgrab/0.x"
36.133.115.36 - - [13/Apr/2026:04:24:58 +0800] "POST /wp-cron.php?doing_wp_cron=1776025498.7406089305877685546875 HTTP/1.1" 200 31 "-" "WordPress/6.9; http://cqqizhou.com"
43.128.156.124 - - [13/Apr/2026:04:24:58 +0800] "GET / HTTP/1.1" 200 34725 "-" "Mozilla/5.0 (iPhone; CPU iPhone OS 13_2_3 like Mac OS X) AppleWebKit/605.1.15 (KHTML, like Gecko) Version/13.0.3 Mobile/15E148 Safari/604.1"
36.133.115.36 - - [13/Apr/2026:04:47:59 +0800] "POST /wp-cron.php?doing_wp_cron=1776026879.6999840736389160156250 HTTP/1.1" 200 31 "-" "WordPress/6.9; http://cqqizhou.com"
114.119.135.65 - - [13/Apr/2026:04:47:59 +0800] "GET /robots.txt HTTP/1.1" 200 190 "-" "Mozilla/5.0 (compatible;PetalBot;+https://webmaster.petalsearch.com/site/petalbot)"
36.133.115.36 - - [13/Apr/2026:04:48:17 +0800] "POST /wp-cron.php?doing_wp_cron=1776026897.5801899433135986328125 HTTP/1.1" 200 31 "-" "WordPress/6.9; http://cqqizhou.com"
114.119.140.166 - - [13/Apr/2026:04:48:17 +0800] "GET /robots.txt HTTP/1.1" 200 190 "-" "Mozilla/5.0 (compatible;PetalBot;+https://webmaster.petalsearch.com/site/petalbot)"
36.133.115.36 - - [13/Apr/2026:04:54:11 +0800] "POST /wp-cron.php?doing_wp_cron=1776027251.2039849758148193359375 HTTP/1.1" 200 31 "-" "WordPress/6.9; http://cqqizhou.com"
195.210.106.19 - - [13/Apr/2026:04:54:11 +0800] "GET /contacts/ HTTP/1.1" 301 5 "-" "Mozilla/5.0 (X11; Ubuntu; Linux x86_64; rv:114.0) Gecko/20100101 Firefox/114.0"
195.210.106.19 - - [13/Apr/2026:04:54:12 +0800] "GET /contacts HTTP/1.1" 200 21618 "http://cqqizhou.com/contacts/" "Mozilla/5.0 (X11; Ubuntu; Linux x86_64; rv:114.0) Gecko/20100101 Firefox/114.0"
195.210.106.19 - - [13/Apr/2026:04:54:15 +0800] "POST /wp-json/contact-form-7/v1/contact-forms/158/feedback HTTP/1.1" 200 219 "http://cqqizhou.com/contacts" "Mozilla/5.0 (X11; Ubuntu; Linux x86_64; rv:114.0) Gecko/20100101 Firefox/114.0"
36.133.115.36 - - [13/Apr/2026:05:10:05 +0800] "POST /wp-cron.php?doing_wp_cron=1776028205.7744300365447998046875 HTTP/1.1" 200 31 "-" "WordPress/6.9; http://cqqizhou.com"
66.249.74.9 - - [13/Apr/2026:05:10:05 +0800] "GET /news/2464 HTTP/1.1" 200 19518 "-" "Mozilla/5.0 (Linux; Android 6.0.1; Nexus 5X Build/MMB29P) AppleWebKit/537.36 (KHTML, like Gecko) Chrome/146.0.7680.177 Mobile Safari/537.36 (compatible; Googlebot/2.1; +http://www.google.com/bot.html)"
36.133.115.36 - - [13/Apr/2026:05:10:35 +0800] "POST /wp-cron.php?doing_wp_cron=1776028235.4291839599609375000000 HTTP/1.1" 200 31 "-" "WordPress/6.9; http://cqqizhou.com"
221.202.63.64 - - [13/Apr/2026:05:10:35 +0800] "GET /contacts/ HTTP/1.1" 301 5 "-" "Mozilla/5.0 (Windows NT 10.0; Win64; x64) AppleWebKit/537.36 (KHTML, like Gecko) Chrome/136.0.0.0 Safari/537.36"
221.202.63.64 - - [13/Apr/2026:05:10:35 +0800] "GET http://cqqizhou.com/contacts HTTP/1.1" 200 21618 "-" "Mozilla/5.0 (Windows NT 10.0; Win64; x64) AppleWebKit/537.36 (KHTML, like Gecko) Chrome/136.0.0.0 Safari/537.36"
36.133.115.36 - - [13/Apr/2026:05:16:03 +0800] "POST /wp-cron.php?doing_wp_cron=1776028563.2230789661407470703125 HTTP/1.1" 200 31 "-" "WordPress/6.9; http://cqqizhou.com"
43.135.148.92 - - [13/Apr/2026:05:16:03 +0800] "GET / HTTP/1.1" 301 5 "-" "Mozilla/5.0 (iPhone; CPU iPhone OS 13_2_3 like Mac OS X) AppleWebKit/605.1.15 (KHTML, like Gecko) Version/13.0.3 Mobile/15E148 Safari/604.1"
43.135.148.92 - - [13/Apr/2026:05:16:05 +0800] "GET / HTTP/1.1" 200 34725 "http://www.cqqizhou.com" "Mozilla/5.0 (iPhone; CPU iPhone OS 13_2_3 like Mac OS X) AppleWebKit/605.1.15 (KHTML, like Gecko) Version/13.0.3 Mobile/15E148 Safari/604.1"
36.133.115.36 - - [13/Apr/2026:05:24:03 +0800] "POST /wp-cron.php?doing_wp_cron=1776029043.6952190399169921875000 HTTP/1.1" 200 31 "-" "WordPress/6.9; http://cqqizhou.com"
31.57.184.107 - - [13/Apr/2026:05:24:03 +0800] "GET /wp-login.php HTTP/1.1" 200 2853 "https://wordpress.org/" "Mozilla/5.0 (Macintosh; Intel Mac OS X 10_15_7) AppleWebKit/537.36 (KHTML, like Gecko) Chrome/120.0.0.0 Safari/537.36"
36.133.115.36 - - [13/Apr/2026:05:24:34 +0800] "POST /wp-cron.php?doing_wp_cron=1776029074.3568940162658691406250 HTTP/1.1" 200 31 "-" "WordPress/6.9; http://cqqizhou.com"
31.57.184.107 - - [13/Apr/2026:05:24:34 +0800] "POST /wp-login.php HTTP/1.1" 200 3069 "http://CQQIZHOU.COM/wp-login.php" "Mozilla/5.0 (Windows NT 10.0; Win64; x64) AppleWebKit/537.36 (KHTML, like Gecko) Chrome/120.0.0.0 Safari/537.36"
31.57.184.107 - - [13/Apr/2026:05:24:56 +0800] "POST /wp-login.php HTTP/1.1" 200 3078 "http://CQQIZHOU.COM/wp-login.php" "Mozilla/5.0 (Macintosh; Intel Mac OS X 13_6_1) AppleWebKit/537.36 (KHTML, like Gecko) Chrome/121.0.0.0 Safari/537.36"
116.179.32.176 - - [13/Apr/2026:05:25:16 +0800] "GET /news/2552 HTTP/1.1" 200 25299 "-" "Mozilla/5.0 (compatible; Baiduspider/2.0; +http://www.baidu.com/search/spider.html)"
36.133.115.36 - - [13/Apr/2026:05:25:20 +0800] "POST /wp-cron.php?doing_wp_cron=1776029120.6196401119232177734375 HTTP/1.1" 200 31 "-" "WordPress/6.9; http://cqqizhou.com"
31.57.184.107 - - [13/Apr/2026:05:25:20 +0800] "POST /wp-login.php HTTP/1.1" 200 3073 "http://CQQIZHOU.COM/wp-login.php" "Mozilla/5.0 (Windows NT 10.0; Win64; x64; rv:118.0) Gecko/20100101 Firefox/118.0"
116.179.37.222 - - [13/Apr/2026:05:25:20 +0800] "GET /wp-content/uploads/2026/04/1775865981-2Article_images_W900px.webp HTTP/1.1" 200 64044 "http://cqqizhou.com/news/2552" "Mozilla/5.0 (compatible; Baiduspider-render/2.0; +http://www.baidu.com/search/spider.html)"
116.179.37.245 - - [13/Apr/2026:05:25:20 +0800] "GET /wp-content/uploads/2026/04/1775865995-3Article_images_W900px.webp HTTP/1.1" 200 92936 "http://cqqizhou.com/news/2552" "Mozilla/5.0 (compatible; Baiduspider-render/2.0; +http://www.baidu.com/search/spider.html)"
31.57.184.107 - - [13/Apr/2026:05:25:49 +0800] "POST /wp-login.php HTTP/1.1" 200 3072 "http://CQQIZHOU.COM/wp-login.php" "Mozilla/5.0 (Windows NT 11.0; Win64; x64) AppleWebKit/537.36 (KHTML, like Gecko) Chrome/120.0.0.0 Safari/537.36"
36.133.115.36 - - [13/Apr/2026:05:26:17 +0800] "POST /wp-cron.php?doing_wp_cron=1776029177.2295100688934326171875 HTTP/1.1" 200 31 "-" "WordPress/6.9; http://cqqizhou.com"
31.57.184.107 - - [13/Apr/2026:05:26:17 +0800] "POST /wp-login.php HTTP/1.1" 200 3072 "http://CQQIZHOU.COM/wp-login.php" "Mozilla/5.0 (Windows NT 11.0; Win64; x64) AppleWebKit/537.36 (KHTML, like Gecko) Chrome/119.0.0.0 Safari/537.36"
31.57.184.107 - - [13/Apr/2026:05:26:45 +0800] "POST /wp-login.php HTTP/1.1" 200 3071 "http://CQQIZHOU.COM/wp-login.php" "Mozilla/5.0 (Macintosh; Intel Mac OS X 13_6_1) AppleWebKit/537.36 (KHTML, like Gecko) Chrome/118.0.0.0 Safari/537.36"
31.57.184.107 - - [13/Apr/2026:05:26:58 +0800] "POST /wp-login.php HTTP/1.1" 200 3070 "http://CQQIZHOU.COM/wp-login.php" "Mozilla/5.0 (Macintosh; Intel Mac OS X 13_6_1; rv:118.0) Gecko/20100101 Firefox/118.0"
31.57.184.107 - - [13/Apr/2026:05:27:07 +0800] "POST /wp-login.php HTTP/1.1" 200 3075 "http://CQQIZHOU.COM/wp-login.php" "Mozilla/5.0 (X11; Ubuntu; Linux x86_64) AppleWebKit/537.36 (KHTML, like Gecko) Chrome/118.0.0.0 Safari/537.36"
36.133.115.36 - - [13/Apr/2026:05:27:26 +0800] "POST /wp-cron.php?doing_wp_cron=1776029246.3851890563964843750000 HTTP/1.1" 200 31 "-" "WordPress/6.9; http://cqqizhou.com"
31.57.184.107 - - [13/Apr/2026:05:27:26 +0800] "POST /wp-login.php HTTP/1.1" 200 3074 "http://CQQIZHOU.COM/wp-login.php" "Mozilla/5.0 (Macintosh; Intel Mac OS X 13_6_1; rv:118.0) Gecko/20100101 Firefox/118.0"
31.57.184.107 - - [13/Apr/2026:05:27:49 +0800] "POST /wp-login.php HTTP/1.1" 200 3073 "http://CQQIZHOU.COM/wp-login.php" "Mozilla/5.0 (Macintosh; Intel Mac OS X 10_15_7) AppleWebKit/537.36 (KHTML, like Gecko) Chrome/118.0.0.0 Safari/537.36"
36.133.115.36 - - [13/Apr/2026:05:28:16 +0800] "POST /wp-cron.php?doing_wp_cron=1776029296.6105909347534179687500 HTTP/1.1" 200 31 "-" "WordPress/6.9; http://cqqizhou.com"
31.57.184.107 - - [13/Apr/2026:05:28:16 +0800] "POST /wp-login.php HTTP/1.1" 200 3071 "http://CQQIZHOU.COM/wp-login.php" "Mozilla/5.0 (Macintosh; Intel Mac OS X 13_6_1) AppleWebKit/605.1.15 (KHTML, like Gecko) Version/17.1 Safari/605.1.15"
31.57.184.107 - - [13/Apr/2026:05:28:48 +0800] "POST /wp-login.php HTTP/1.1" 200 3069 "http://CQQIZHOU.COM/wp-login.php" "Mozilla/5.0 (Windows NT 11.0; Win64; x64) AppleWebKit/537.36 (KHTML, like Gecko) Chrome/121.0.0.0 Safari/537.36"
36.133.115.36 - - [13/Apr/2026:05:29:11 +0800] "POST /wp-cron.php?doing_wp_cron=1776029351.8896110057830810546875 HTTP/1.1" 200 31 "-" "WordPress/6.9; http://cqqizhou.com"
31.57.184.107 - - [13/Apr/2026:05:29:11 +0800] "POST /wp-login.php HTTP/1.1" 200 3073 "http://CQQIZHOU.COM/wp-login.php" "Mozilla/5.0 (Macintosh; Intel Mac OS X 10_15_7) AppleWebKit/537.36 (KHTML, like Gecko) Chrome/121.0.0.0 Safari/537.36"
31.57.184.107 - - [13/Apr/2026:05:29:28 +0800] "POST /wp-login.php HTTP/1.1" 200 3072 "http://CQQIZHOU.COM/wp-login.php" "Mozilla/5.0 (Macintosh; Intel Mac OS X 13_6_1; rv:119.0) Gecko/20100101 Firefox/119.0"
31.57.184.107 - - [13/Apr/2026:05:29:42 +0800] "POST /wp-login.php HTTP/1.1" 200 3072 "http://CQQIZHOU.COM/wp-login.php" "Mozilla/5.0 (Macintosh; Intel Mac OS X 10_15_7) AppleWebKit/605.1.15 (KHTML, like Gecko) Version/17.1 Safari/605.1.15"
31.57.184.107 - - [13/Apr/2026:05:29:49 +0800] "POST /wp-login.php HTTP/1.1" 200 3073 "http://CQQIZHOU.COM/wp-login.php" "Mozilla/5.0 (Macintosh; Intel Mac OS X 13_6_1) AppleWebKit/537.36 (KHTML, like Gecko) Chrome/119.0.0.0 Safari/537.36"
31.57.184.107 - - [13/Apr/2026:05:30:00 +0800] "POST /wp-login.php HTTP/1.1" 200 3075 "http://CQQIZHOU.COM/wp-login.php" "Mozilla/5.0 (X11; Ubuntu; Linux x86_64) AppleWebKit/537.36 (KHTML, like Gecko) Chrome/121.0.0.0 Safari/537.36"
36.133.115.36 - - [13/Apr/2026:05:30:32 +0800] "POST /wp-cron.php?doing_wp_cron=1776029432.6255910396575927734375 HTTP/1.1" 200 31 "-" "WordPress/6.9; http://cqqizhou.com"
31.57.184.107 - - [13/Apr/2026:05:30:32 +0800] "POST /wp-login.php HTTP/1.1" 200 3070 "http://CQQIZHOU.COM/wp-login.php" "Mozilla/5.0 (Macintosh; Intel Mac OS X 10_15_7) AppleWebKit/605.1.15 (KHTML, like Gecko) Version/16.6 Safari/605.1.15"
31.57.184.107 - - [13/Apr/2026:05:31:00 +0800] "POST /wp-login.php HTTP/1.1" 200 3074 "http://CQQIZHOU.COM/wp-login.php" "Mozilla/5.0 (Windows NT 10.0; Win64; x64; rv:119.0) Gecko/20100101 Firefox/119.0"
36.133.115.36 - - [13/Apr/2026:05:31:20 +0800] "POST /wp-cron.php?doing_wp_cron=1776029480.3683760166168212890625 HTTP/1.1" 200 31 "-" "WordPress/6.9; http://cqqizhou.com"
31.57.184.107 - - [13/Apr/2026:05:31:20 +0800] "POST /wp-login.php HTTP/1.1" 200 3072 "http://CQQIZHOU.COM/wp-login.php" "Mozilla/5.0 (Windows NT 11.0; Win64; x64) AppleWebKit/537.36 (KHTML, like Gecko) Chrome/119.0.0.0 Safari/537.36"
31.57.184.107 - - [13/Apr/2026:05:31:27 +0800] "POST /wp-login.php HTTP/1.1" 200 3073 "http://CQQIZHOU.COM/wp-login.php" "Mozilla/5.0 (Windows NT 11.0; Win64; x64) AppleWebKit/537.36 (KHTML, like Gecko) Chrome/121.0.0.0 Safari/537.36"
31.57.184.107 - - [13/Apr/2026:05:31:35 +0800] "POST /wp-login.php HTTP/1.1" 200 3072 "http://CQQIZHOU.COM/wp-login.php" "Mozilla/5.0 (Windows NT 10.0; Win64; x64) AppleWebKit/537.36 (KHTML, like Gecko) Chrome/120.0.0.0 Safari/537.36"
31.57.184.107 - - [13/Apr/2026:05:31:43 +0800] "POST /wp-login.php HTTP/1.1" 200 3071 "http://CQQIZHOU.COM/wp-login.php" "Mozilla/5.0 (X11; Linux x86_64) AppleWebKit/537.36 (KHTML, like Gecko) Chrome/119.0.0.0 Safari/537.36"
31.57.184.107 - - [13/Apr/2026:05:32:00 +0800] "POST /wp-login.php HTTP/1.1" 200 3017 "http://CQQIZHOU.COM/wp-login.php" "Mozilla/5.0 (Macintosh; Intel Mac OS X 13_6_1) AppleWebKit/537.36 (KHTML, like Gecko) Chrome/119.0.0.0 Safari/537.36"
36.133.115.36 - - [13/Apr/2026:05:32:33 +0800] "POST /wp-cron.php?doing_wp_cron=1776029553.0325100421905517578125 HTTP/1.1" 200 31 "-" "WordPress/6.9; http://cqqizhou.com"
31.57.184.107 - - [13/Apr/2026:05:32:33 +0800] "POST /wp-login.php HTTP/1.1" 200 3069 "http://CQQIZHOU.COM/wp-login.php" "Mozilla/5.0 (Macintosh; Intel Mac OS X 10_15_7; rv:118.0) Gecko/20100101 Firefox/118.0"
31.57.184.107 - - [13/Apr/2026:05:32:45 +0800] "POST /wp-login.php HTTP/1.1" 200 3073 "http://CQQIZHOU.COM/wp-login.php" "Mozilla/5.0 (Windows NT 11.0; Win64; x64) AppleWebKit/537.36 (KHTML, like Gecko) Chrome/118.0.0.0 Safari/537.36"
31.57.184.107 - - [13/Apr/2026:05:33:03 +0800] "POST /wp-login.php HTTP/1.1" 200 3069 "http://CQQIZHOU.COM/wp-login.php" "Mozilla/5.0 (Windows NT 11.0; Win64; x64) AppleWebKit/537.36 (KHTML, like Gecko) Chrome/120.0.0.0 Safari/537.36"
36.133.115.36 - - [13/Apr/2026:05:33:30 +0800] "POST /wp-cron.php?doing_wp_cron=1776029610.1222679615020751953125 HTTP/1.1" 200 31 "-" "WordPress/6.9; http://cqqizhou.com"
31.57.184.107 - - [13/Apr/2026:05:33:30 +0800] "POST /wp-login.php HTTP/1.1" 200 3068 "http://CQQIZHOU.COM/wp-login.php" "Mozilla/5.0 (Macintosh; Intel Mac OS X 13_6_1) AppleWebKit/537.36 (KHTML, like Gecko) Chrome/118.0.0.0 Safari/537.36"
31.57.184.107 - - [13/Apr/2026:05:33:46 +0800] "POST /wp-login.php HTTP/1.1" 200 3072 "http://CQQIZHOU.COM/wp-login.php" "Mozilla/5.0 (X11; Ubuntu; Linux x86_64) AppleWebKit/537.36 (KHTML, like Gecko) Chrome/119.0.0.0 Safari/537.36"
31.57.184.107 - - [13/Apr/2026:05:34:07 +0800] "POST /wp-login.php HTTP/1.1" 200 3074 "http://CQQIZHOU.COM/wp-login.php" "Mozilla/5.0 (Windows NT 10.0; Win64; x64; rv:119.0) Gecko/20100101 Firefox/119.0"
36.133.115.36 - - [13/Apr/2026:05:34:14 +0800] "POST /wp-cron.php?doing_wp_cron=1776029654.6414010524749755859375 HTTP/1.1" 200 31 "-" "WordPress/6.9; http://cqqizhou.com"
31.57.184.107 - - [13/Apr/2026:05:34:14 +0800] "POST /wp-login.php HTTP/1.1" 200 3069 "http://CQQIZHOU.COM/wp-login.php" "Mozilla/5.0 (X11; Ubuntu; Linux x86_64) AppleWebKit/537.36 (KHTML, like Gecko) Chrome/121.0.0.0 Safari/537.36"
31.57.184.107 - - [13/Apr/2026:05:34:21 +0800] "POST /wp-login.php HTTP/1.1" 200 3075 "http://CQQIZHOU.COM/wp-login.php" "Mozilla/5.0 (Windows NT 11.0; Win64; x64) AppleWebKit/537.36 (KHTML, like Gecko) Chrome/119.0.0.0 Safari/537.36"
31.57.184.107 - - [13/Apr/2026:05:34:31 +0800] "POST /wp-login.php HTTP/1.1" 200 3017 "http://CQQIZHOU.COM/wp-login.php" "Mozilla/5.0 (Macintosh; Intel Mac OS X 13_6_1) AppleWebKit/537.36 (KHTML, like Gecko) Chrome/118.0.0.0 Safari/537.36"
31.57.184.107 - - [13/Apr/2026:05:34:51 +0800] "POST /wp-login.php HTTP/1.1" 200 3075 "http://CQQIZHOU.COM/wp-login.php" "Mozilla/5.0 (X11; Linux x86_64) AppleWebKit/537.36 (KHTML, like Gecko) Chrome/120.0.0.0 Safari/537.36"
36.133.115.36 - - [13/Apr/2026:05:35:18 +0800] "POST /wp-cron.php?doing_wp_cron=1776029718.7199680805206298828125 HTTP/1.1" 200 31 "-" "WordPress/6.9; http://cqqizhou.com"
31.57.184.107 - - [13/Apr/2026:05:35:18 +0800] "POST /wp-login.php HTTP/1.1" 200 3076 "http://CQQIZHOU.COM/wp-login.php" "Mozilla/5.0 (Macintosh; Intel Mac OS X 13_6_1) AppleWebKit/605.1.15 (KHTML, like Gecko) Version/17.0 Safari/605.1.15"
31.57.184.107 - - [13/Apr/2026:05:35:30 +0800] "POST /wp-login.php HTTP/1.1" 200 3078 "http://CQQIZHOU.COM/wp-login.php" "Mozilla/5.0 (Macintosh; Intel Mac OS X 10_15_7) AppleWebKit/605.1.15 (KHTML, like Gecko) Version/17.0 Safari/605.1.15"
31.57.184.107 - - [13/Apr/2026:05:35:44 +0800] "POST /wp-login.php HTTP/1.1" 200 3077 "http://CQQIZHOU.COM/wp-login.php" "Mozilla/5.0 (X11; Ubuntu; Linux x86_64) AppleWebKit/537.36 (KHTML, like Gecko) Chrome/119.0.0.0 Safari/537.36"
36.133.115.36 - - [13/Apr/2026:05:36:11 +0800] "POST /wp-cron.php?doing_wp_cron=1776029771.6565389633178710937500 HTTP/1.1" 200 31 "-" "WordPress/6.9; http://cqqizhou.com"
31.57.184.107 - - [13/Apr/2026:05:36:11 +0800] "POST /wp-login.php HTTP/1.1" 200 3071 "http://CQQIZHOU.COM/wp-login.php" "Mozilla/5.0 (Windows NT 10.0; Win64; x64; rv:119.0) Gecko/20100101 Firefox/119.0"
31.57.184.107 - - [13/Apr/2026:05:36:27 +0800] "POST /wp-login.php HTTP/1.1" 200 3070 "http://CQQIZHOU.COM/wp-login.php" "Mozilla/5.0 (Windows NT 10.0; Win64; x64; rv:121.0) Gecko/20100101 Firefox/121.0"
31.57.184.107 - - [13/Apr/2026:05:36:42 +0800] "POST /wp-login.php HTTP/1.1" 200 3074 "http://CQQIZHOU.COM/wp-login.php" "Mozilla/5.0 (Macintosh; Intel Mac OS X 13_6_1) AppleWebKit/605.1.15 (KHTML, like Gecko) Version/17.0 Safari/605.1.15"
223.150.69.211 - - [13/Apr/2026:05:36:57 +0800] "GET /contacts/ HTTP/1.1" 301 5 "-" "Mozilla/5.0 (Windows NT 10.0; Win64; x64) AppleWebKit/537.36 (KHTML, like Gecko) Chrome/136.0.0.0 Safari/537.36"
31.57.184.107 - - [13/Apr/2026:05:36:58 +0800] "POST /wp-login.php HTTP/1.1" 200 3074 "http://CQQIZHOU.COM/wp-login.php" "Mozilla/5.0 (X11; Ubuntu; Linux x86_64) AppleWebKit/537.36 (KHTML, like Gecko) Chrome/118.0.0.0 Safari/537.36"
36.133.115.36 - - [13/Apr/2026:05:37:09 +0800] "POST /wp-cron.php?doing_wp_cron=1776029829.2127139568328857421875 HTTP/1.1" 200 31 "-" "WordPress/6.9; http://cqqizhou.com"
219.136.145.5 - - [13/Apr/2026:05:37:09 +0800] "GET /contacts/ HTTP/1.1" 301 5 "http://cqqizhou.com/contacts/" "Mozilla/5.0 (Windows NT 10.0; Win64; x64) AppleWebKit/537.36 (KHTML, like Gecko) Chrome/136.0.0.0 Safari/537.36"
219.136.145.5 - - [13/Apr/2026:05:37:09 +0800] "GET http://cqqizhou.com/contacts HTTP/1.1" 200 21618 "http://cqqizhou.com/contacts/" "Mozilla/5.0 (Windows NT 10.0; Win64; x64) AppleWebKit/537.36 (KHTML, like Gecko) Chrome/136.0.0.0 Safari/537.36"
31.57.184.107 - - [13/Apr/2026:05:37:23 +0800] "POST /wp-login.php HTTP/1.1" 200 3069 "http://CQQIZHOU.COM/wp-login.php" "Mozilla/5.0 (Macintosh; Intel Mac OS X 13_6_1) AppleWebKit/537.36 (KHTML, like Gecko) Chrome/121.0.0.0 Safari/537.36"
31.57.184.107 - - [13/Apr/2026:05:37:55 +0800] "POST /wp-login.php HTTP/1.1" 200 3070 "http://CQQIZHOU.COM/wp-login.php" "Mozilla/5.0 (Windows NT 11.0; Win64; x64) AppleWebKit/537.36 (KHTML, like Gecko) Chrome/119.0.0.0 Safari/537.36"
36.133.115.36 - - [13/Apr/2026:05:38:32 +0800] "POST /wp-cron.php?doing_wp_cron=1776029912.2815411090850830078125 HTTP/1.1" 200 31 "-" "WordPress/6.9; http://cqqizhou.com"
31.57.184.107 - - [13/Apr/2026:05:38:32 +0800] "POST /wp-login.php HTTP/1.1" 200 3070 "http://CQQIZHOU.COM/wp-login.php" "Mozilla/5.0 (Windows NT 10.0; Win64; x64) AppleWebKit/537.36 (KHTML, like Gecko) Chrome/118.0.0.0 Safari/537.36"
31.57.184.107 - - [13/Apr/2026:05:39:02 +0800] "POST /wp-login.php HTTP/1.1" 200 3073 "http://CQQIZHOU.COM/wp-login.php" "Mozilla/5.0 (Windows NT 10.0; Win64; x64) AppleWebKit/537.36 (KHTML, like Gecko) Chrome/120.0.0.0 Safari/537.36"
36.133.115.36 - - [13/Apr/2026:05:39:34 +0800] "POST /wp-cron.php?doing_wp_cron=1776029974.5092918872833251953125 HTTP/1.1" 200 31 "-" "WordPress/6.9; http://cqqizhou.com"
31.57.184.107 - - [13/Apr/2026:05:39:34 +0800] "POST /wp-login.php HTTP/1.1" 200 3079 "http://CQQIZHOU.COM/wp-login.php" "Mozilla/5.0 (Windows NT 10.0; Win64; x64; rv:120.0) Gecko/20100101 Firefox/120.0"
31.57.184.107 - - [13/Apr/2026:05:39:47 +0800] "POST /wp-login.php HTTP/1.1" 200 2984 "http://CQQIZHOU.COM/wp-login.php" "Mozilla/5.0 (X11; Linux x86_64) AppleWebKit/537.36 (KHTML, like Gecko) Chrome/118.0.0.0 Safari/537.36"
31.57.184.107 - - [13/Apr/2026:05:40:06 +0800] "POST /wp-login.php HTTP/1.1" 200 3078 "http://CQQIZHOU.COM/wp-login.php" "Mozilla/5.0 (Windows NT 10.0; Win64; x64; rv:119.0) Gecko/20100101 Firefox/119.0"
36.133.115.36 - - [13/Apr/2026:05:40:23 +0800] "POST /wp-cron.php?doing_wp_cron=1776030023.6985809803009033203125 HTTP/1.1" 200 31 "-" "WordPress/6.9; http://cqqizhou.com"
31.57.184.107 - - [13/Apr/2026:05:40:23 +0800] "POST /wp-login.php HTTP/1.1" 200 3070 "http://CQQIZHOU.COM/wp-login.php" "Mozilla/5.0 (X11; Linux x86_64) AppleWebKit/537.36 (KHTML, like Gecko) Chrome/119.0.0.0 Safari/537.36"
31.57.184.107 - - [13/Apr/2026:05:40:49 +0800] "POST /wp-login.php HTTP/1.1" 200 3072 "http://CQQIZHOU.COM/wp-login.php" "Mozilla/5.0 (X11; Ubuntu; Linux x86_64) AppleWebKit/537.36 (KHTML, like Gecko) Chrome/119.0.0.0 Safari/537.36"
31.57.184.107 - - [13/Apr/2026:05:41:07 +0800] "POST /wp-login.php HTTP/1.1" 200 3073 "http://CQQIZHOU.COM/wp-login.php" "Mozilla/5.0 (Windows NT 11.0; Win64; x64; rv:120.0) Gecko/20100101 Firefox/120.0"
36.133.115.36 - - [13/Apr/2026:05:41:28 +0800] "POST /wp-cron.php?doing_wp_cron=1776030088.7007930278778076171875 HTTP/1.1" 200 31 "-" "WordPress/6.9; http://cqqizhou.com"
31.57.184.107 - - [13/Apr/2026:05:41:28 +0800] "POST /wp-login.php HTTP/1.1" 200 3077 "http://CQQIZHOU.COM/wp-login.php" "Mozilla/5.0 (Windows NT 10.0; Win64; x64) AppleWebKit/537.36 (KHTML, like Gecko) Chrome/118.0.0.0 Safari/537.36"
31.57.184.107 - - [13/Apr/2026:05:41:44 +0800] "POST /wp-login.php HTTP/1.1" 200 3071 "http://CQQIZHOU.COM/wp-login.php" "Mozilla/5.0 (Macintosh; Intel Mac OS X 13_6_1) AppleWebKit/537.36 (KHTML, like Gecko) Chrome/121.0.0.0 Safari/537.36"
31.57.184.107 - - [13/Apr/2026:05:42:05 +0800] "POST /wp-login.php HTTP/1.1" 200 3070 "http://CQQIZHOU.COM/wp-login.php" "Mozilla/5.0 (Windows NT 11.0; Win64; x64) AppleWebKit/537.36 (KHTML, like Gecko) Chrome/118.0.0.0 Safari/537.36"
36.133.115.36 - - [13/Apr/2026:05:42:26 +0800] "POST /wp-cron.php?doing_wp_cron=1776030146.1310300827026367187500 HTTP/1.1" 200 31 "-" "WordPress/6.9; http://cqqizhou.com"
31.57.184.107 - - [13/Apr/2026:05:42:26 +0800] "POST /wp-login.php HTTP/1.1" 200 3070 "http://CQQIZHOU.COM/wp-login.php" "Mozilla/5.0 (Macintosh; Intel Mac OS X 10_15_7) AppleWebKit/605.1.15 (KHTML, like Gecko) Version/17.2 Safari/605.1.15"
31.57.184.107 - - [13/Apr/2026:05:42:48 +0800] "POST /wp-login.php HTTP/1.1" 200 3069 "http://CQQIZHOU.COM/wp-login.php" "Mozilla/5.0 (Macintosh; Intel Mac OS X 10_15_7; rv:118.0) Gecko/20100101 Firefox/118.0"
31.57.184.107 - - [13/Apr/2026:05:42:56 +0800] "POST /wp-login.php HTTP/1.1" 200 3071 "http://CQQIZHOU.COM/wp-login.php" "Mozilla/5.0 (Macintosh; Intel Mac OS X 10_15_7) AppleWebKit/537.36 (KHTML, like Gecko) Chrome/118.0.0.0 Safari/537.36"
31.57.184.107 - - [13/Apr/2026:05:43:05 +0800] "POST /wp-login.php HTTP/1.1" 200 3077 "http://CQQIZHOU.COM/wp-login.php" "Mozilla/5.0 (Macintosh; Intel Mac OS X 10_15_7) AppleWebKit/605.1.15 (KHTML, like Gecko) Version/17.2 Safari/605.1.15"
36.133.115.36 - - [13/Apr/2026:05:43:19 +0800] "POST /wp-cron.php?doing_wp_cron=1776030199.0128901004791259765625 HTTP/1.1" 200 31 "-" "WordPress/6.9; http://cqqizhou.com"
118.239.3.240 - - [13/Apr/2026:05:43:19 +0800] "GET /Ly9jcXFpemhvdS5jb20vd3AtY29udGVudC91cGxvYWRzLzIwMjYvMDEvMTc2ODI3NjExOS1xaXpob3VqaWFnb25nX1NsaWRlcl8zODQww5cyMTYwXzIwMjYwMTEzLXNjYWxlZC53ZWJw HTTP/1.1" 404 8949 "-" "Mozilla/5.0 (Windows NT 10.0; WOW64) AppleWebKit/537.36 (KHTML, like Gecko) Chrome/80.0.3987.106"
31.57.184.107 - - [13/Apr/2026:05:43:24 +0800] "POST /wp-login.php HTTP/1.1" 200 3080 "http://CQQIZHOU.COM/wp-login.php" "Mozilla/5.0 (X11; Linux x86_64) AppleWebKit/537.36 (KHTML, like Gecko) Chrome/119.0.0.0 Safari/537.36"
31.57.184.107 - - [13/Apr/2026:05:43:50 +0800] "POST /wp-login.php HTTP/1.1" 200 3070 "http://CQQIZHOU.COM/wp-login.php" "Mozilla/5.0 (Macintosh; Intel Mac OS X 13_6_1) AppleWebKit/537.36 (KHTML, like Gecko) Chrome/118.0.0.0 Safari/537.36"
36.133.115.36 - - [13/Apr/2026:05:44:10 +0800] "POST /wp-cron.php?doing_wp_cron=1776030250.2408568859100341796875 HTTP/1.1" 200 31 "-" "WordPress/6.9; http://cqqizhou.com"
31.57.184.107 - - [13/Apr/2026:05:44:10 +0800] "POST /wp-login.php HTTP/1.1" 200 3069 "http://CQQIZHOU.COM/wp-login.php" "Mozilla/5.0 (Macintosh; Intel Mac OS X 10_15_7; rv:121.0) Gecko/20100101 Firefox/121.0"
31.57.184.107 - - [13/Apr/2026:05:44:25 +0800] "POST /wp-login.php HTTP/1.1" 200 3070 "http://CQQIZHOU.COM/wp-login.php" "Mozilla/5.0 (X11; Linux x86_64) AppleWebKit/537.36 (KHTML, like Gecko) Chrome/121.0.0.0 Safari/537.36"
31.57.184.107 - - [13/Apr/2026:05:44:35 +0800] "POST /wp-login.php HTTP/1.1" 200 3017 "http://CQQIZHOU.COM/wp-login.php" "Mozilla/5.0 (Windows NT 11.0; Win64; x64; rv:120.0) Gecko/20100101 Firefox/120.0"
31.57.184.107 - - [13/Apr/2026:05:44:41 +0800] "POST /wp-login.php HTTP/1.1" 200 3071 "http://CQQIZHOU.COM/wp-login.php" "Mozilla/5.0 (Macintosh; Intel Mac OS X 10_15_7) AppleWebKit/537.36 (KHTML, like Gecko) Chrome/121.0.0.0 Safari/537.36"
31.57.184.107 - - [13/Apr/2026:05:44:57 +0800] "POST /wp-login.php HTTP/1.1" 200 3075 "http://CQQIZHOU.COM/wp-login.php" "Mozilla/5.0 (Macintosh; Intel Mac OS X 13_6_1) AppleWebKit/605.1.15 (KHTML, like Gecko) Version/17.1 Safari/605.1.15"
31.57.184.107 - - [13/Apr/2026:05:45:04 +0800] "POST /wp-login.php HTTP/1.1" 200 3071 "http://CQQIZHOU.COM/wp-login.php" "Mozilla/5.0 (Macintosh; Intel Mac OS X 13_6_1) AppleWebKit/605.1.15 (KHTML, like Gecko) Version/17.0 Safari/605.1.15"
36.133.115.36 - - [13/Apr/2026:05:45:16 +0800] "POST /wp-cron.php?doing_wp_cron=1776030316.5913760662078857421875 HTTP/1.1" 200 31 "-" "WordPress/6.9; http://cqqizhou.com"
31.57.184.107 - - [13/Apr/2026:05:45:16 +0800] "POST /wp-login.php HTTP/1.1" 200 3075 "http://CQQIZHOU.COM/wp-login.php" "Mozilla/5.0 (Windows NT 11.0; Win64; x64; rv:120.0) Gecko/20100101 Firefox/120.0"
31.57.184.107 - - [13/Apr/2026:05:45:43 +0800] "POST /wp-login.php HTTP/1.1" 200 3072 "http://CQQIZHOU.COM/wp-login.php" "Mozilla/5.0 (Macintosh; Intel Mac OS X 10_15_7; rv:119.0) Gecko/20100101 Firefox/119.0"
31.57.184.107 - - [13/Apr/2026:05:45:57 +0800] "POST /wp-login.php HTTP/1.1" 200 3017 "http://CQQIZHOU.COM/wp-login.php" "Mozilla/5.0 (Macintosh; Intel Mac OS X 13_6_1) AppleWebKit/537.36 (KHTML, like Gecko) Chrome/118.0.0.0 Safari/537.36"
36.133.115.36 - - [13/Apr/2026:05:46:25 +0800] "POST /wp-cron.php?doing_wp_cron=1776030385.0794620513916015625000 HTTP/1.1" 200 31 "-" "WordPress/6.9; http://cqqizhou.com"
31.57.184.107 - - [13/Apr/2026:05:46:25 +0800] "POST /wp-login.php HTTP/1.1" 200 3076 "http://CQQIZHOU.COM/wp-login.php" "Mozilla/5.0 (Windows NT 11.0; Win64; x64) AppleWebKit/537.36 (KHTML, like Gecko) Chrome/120.0.0.0 Safari/537.36"
31.57.184.107 - - [13/Apr/2026:05:46:33 +0800] "POST /wp-login.php HTTP/1.1" 200 3073 "http://CQQIZHOU.COM/wp-login.php" "Mozilla/5.0 (Windows NT 10.0; Win64; x64) AppleWebKit/537.36 (KHTML, like Gecko) Chrome/120.0.0.0 Safari/537.36"
31.57.184.107 - - [13/Apr/2026:05:47:06 +0800] "POST /wp-login.php HTTP/1.1" 200 3017 "http://CQQIZHOU.COM/wp-login.php" "Mozilla/5.0 (Macintosh; Intel Mac OS X 10_15_7) AppleWebKit/537.36 (KHTML, like Gecko) Chrome/121.0.0.0 Safari/537.36"
36.133.115.36 - - [13/Apr/2026:05:47:41 +0800] "POST /wp-cron.php?doing_wp_cron=1776030461.9148700237274169921875 HTTP/1.1" 200 31 "-" "WordPress/6.9; http://cqqizhou.com"
31.57.184.107 - - [13/Apr/2026:05:47:41 +0800] "POST /wp-login.php HTTP/1.1" 200 3070 "http://CQQIZHOU.COM/wp-login.php" "Mozilla/5.0 (Macintosh; Intel Mac OS X 10_15_7) AppleWebKit/537.36 (KHTML, like Gecko) Chrome/120.0.0.0 Safari/537.36"
31.57.184.107 - - [13/Apr/2026:05:47:52 +0800] "POST /wp-login.php HTTP/1.1" 200 3071 "http://CQQIZHOU.COM/wp-login.php" "Mozilla/5.0 (Macintosh; Intel Mac OS X 13_6_1; rv:118.0) Gecko/20100101 Firefox/118.0"
31.57.184.107 - - [13/Apr/2026:05:48:06 +0800] "POST /wp-login.php HTTP/1.1" 200 3072 "http://CQQIZHOU.COM/wp-login.php" "Mozilla/5.0 (Macintosh; Intel Mac OS X 10_15_7; rv:121.0) Gecko/20100101 Firefox/121.0"
36.133.115.36 - - [13/Apr/2026:05:48:17 +0800] "POST /wp-cron.php?doing_wp_cron=1776030497.5855219364166259765625 HTTP/1.1" 200 31 "-" "WordPress/6.9; http://cqqizhou.com"
31.57.184.107 - - [13/Apr/2026:05:48:17 +0800] "POST /wp-login.php HTTP/1.1" 200 3069 "http://CQQIZHOU.COM/wp-login.php" "Mozilla/5.0 (Macintosh; Intel Mac OS X 13_6_1) AppleWebKit/537.36 (KHTML, like Gecko) Chrome/118.0.0.0 Safari/537.36"
31.57.184.107 - - [13/Apr/2026:05:48:55 +0800] "POST /wp-login.php HTTP/1.1" 200 3017 "http://CQQIZHOU.COM/wp-login.php" "Mozilla/5.0 (Macintosh; Intel Mac OS X 13_6_1) AppleWebKit/605.1.15 (KHTML, like Gecko) Version/16.6 Safari/605.1.15"
36.133.115.36 - - [13/Apr/2026:05:49:31 +0800] "POST /wp-cron.php?doing_wp_cron=1776030571.2232110500335693359375 HTTP/1.1" 200 31 "-" "WordPress/6.9; http://cqqizhou.com"
31.57.184.107 - - [13/Apr/2026:05:49:31 +0800] "POST /wp-login.php HTTP/1.1" 200 3017 "http://CQQIZHOU.COM/wp-login.php" "Mozilla/5.0 (Macintosh; Intel Mac OS X 13_6_1) AppleWebKit/605.1.15 (KHTML, like Gecko) Version/16.6 Safari/605.1.15"
31.57.184.107 - - [13/Apr/2026:05:50:02 +0800] "POST /wp-login.php HTTP/1.1" 200 3068 "http://CQQIZHOU.COM/wp-login.php" "Mozilla/5.0 (Macintosh; Intel Mac OS X 13_6_1) AppleWebKit/537.36 (KHTML, like Gecko) Chrome/118.0.0.0 Safari/537.36"
36.133.115.36 - - [13/Apr/2026:05:50:10 +0800] "POST /wp-cron.php?doing_wp_cron=1776030610.2425858974456787109375 HTTP/1.1" 200 31 "-" "WordPress/6.9; http://cqqizhou.com"
31.57.184.107 - - [13/Apr/2026:05:50:10 +0800] "POST /wp-login.php HTTP/1.1" 200 3068 "http://CQQIZHOU.COM/wp-login.php" "Mozilla/5.0 (Macintosh; Intel Mac OS X 13_6_1) AppleWebKit/605.1.15 (KHTML, like Gecko) Version/17.1 Safari/605.1.15"
36.133.115.36 - - [13/Apr/2026:05:57:02 +0800] "POST /wp-cron.php?doing_wp_cron=1776031022.4340839385986328125000 HTTP/1.1" 200 31 "-" "WordPress/6.9; http://cqqizhou.com"
52.167.144.65 - - [13/Apr/2026:05:57:02 +0800] "GET /robots.txt HTTP/1.1" 301 5 "-" "Mozilla/5.0 AppleWebKit/537.36 (KHTML, like Gecko; compatible; bingbot/2.0; +http://www.bing.com/bingbot.htm) Chrome/116.0.1938.76 Safari/537.36"
52.167.144.65 - - [13/Apr/2026:05:57:03 +0800] "GET /robots.txt HTTP/1.1" 200 190 "-" "Mozilla/5.0 AppleWebKit/537.36 (KHTML, like Gecko; compatible; bingbot/2.0; +http://www.bing.com/bingbot.htm) Chrome/116.0.1938.76 Safari/537.36"
36.133.115.36 - - [13/Apr/2026:06:03:11 +0800] "POST /wp-cron.php?doing_wp_cron=1776031391.6414821147918701171875 HTTP/1.1" 200 31 "-" "WordPress/6.9; http://cqqizhou.com"
116.179.32.81 - - [13/Apr/2026:06:03:11 +0800] "GET /news/portfolio/%E5%86%B7%E8%BD%A7%E5%8D%B7 HTTP/1.1" 200 22174 "-" "Mozilla/5.0 (compatible; Baiduspider/2.0; +http://www.baidu.com/search/spider.html)"
36.133.115.36 - - [13/Apr/2026:06:18:55 +0800] "POST /wp-cron.php?doing_wp_cron=1776032334.9856410026550292968750 HTTP/1.1" 200 31 "-" "WordPress/6.9; http://cqqizhou.com"
220.181.108.101 - - [13/Apr/2026:06:18:55 +0800] "GET /wp-content/uploads/2025/07/1753453127-%D3%E0%BE%EDproduct_Single600%A1%C1284.webp HTTP/1.1" 404 31365 "-" "Mozilla/5.0 (compatible; Baiduspider/2.0; +http://www.baidu.com/search/spider.html)"
220.181.108.168 - - [13/Apr/2026:06:18:55 +0800] "GET /wp-content/uploads/2025/07/1753456770-%C8%C8%B6%C6%D0%BF%BE%EDproduct_Single600.webp HTTP/1.1" 404 31365 "-" "Mozilla/5.0 (compatible; Baiduspider/2.0; +http://www.baidu.com/search/spider.html)"
220.181.108.104 - - [13/Apr/2026:06:18:55 +0800] "GET /wp-content/uploads/2025/07/1753453096-%CB%AB%CF%E0%B8%D6product_Single600%A1%C1284.webp HTTP/1.1" 404 31365 "-" "Mozilla/5.0 (compatible; Baiduspider/2.0; +http://www.baidu.com/search/spider.html)"
220.181.108.165 - - [13/Apr/2026:06:18:56 +0800] "GET /wp-content/uploads/2025/07/1753456723-%CB%AB%CF%E0%B8%D6roduct_Single600.webp HTTP/1.1" 404 31365 "-" "Mozilla/5.0 (compatible; Baiduspider/2.0; +http://www.baidu.com/search/spider.html)"
36.133.115.36 - - [13/Apr/2026:06:50:58 +0800] "POST /wp-cron.php?doing_wp_cron=1776034258.6288630962371826171875 HTTP/1.1" 200 31 "-" "WordPress/6.9; http://cqqizhou.com"
193.142.146.230 - - [13/Apr/2026:06:50:58 +0800] "GET /login HTTP/1.1" 301 5 "-" "Go-http-client/1.1"
193.142.146.230 - - [13/Apr/2026:06:50:59 +0800] "GET /login HTTP/1.1" 302 5 "http://36.133.115.36:80/login" "Go-http-client/1.1"
193.142.146.230 - - [13/Apr/2026:06:51:00 +0800] "GET /wp-login.php HTTP/1.1" 200 2853 "http://36.133.115.36/login" "Go-http-client/1.1"
36.133.115.36 - - [13/Apr/2026:06:58:51 +0800] "POST /wp-cron.php?doing_wp_cron=1776034731.2169020175933837890625 HTTP/1.1" 200 31 "-" "WordPress/6.9; http://cqqizhou.com"
198.244.242.239 - - [13/Apr/2026:06:58:51 +0800] "GET /2164/ HTTP/1.1" 301 5 "-" "Mozilla/5.0 (compatible; AhrefsBot/7.0; +http://ahrefs.com/robot/)"
36.133.115.36 - - [13/Apr/2026:07:00:06 +0800] "POST /wp-cron.php?doing_wp_cron=1776034806.0671949386596679687500 HTTP/1.1" 200 31 "-" "WordPress/6.9; http://cqqizhou.com"
47.128.31.105 - - [13/Apr/2026:07:00:06 +0800] "GET /robots.txt HTTP/1.1" 200 190 "-" "Mozilla/5.0 (Linux; Android 5.0) AppleWebKit/537.36 (KHTML, like Gecko) Mobile Safari/537.36 (compatible; Bytespider; spider-feedback@bytedance.com)"
36.133.115.36 - - [13/Apr/2026:07:09:50 +0800] "POST /wp-cron.php?doing_wp_cron=1776035390.0892269611358642578125 HTTP/1.1" 200 31 "-" "WordPress/6.9; http://cqqizhou.com"
47.128.31.147 - - [13/Apr/2026:07:09:50 +0800] "GET /robots.txt HTTP/1.1" 200 190 "-" "Mozilla/5.0 (Linux; Android 5.0) AppleWebKit/537.36 (KHTML, like Gecko) Mobile Safari/537.36 (compatible; Bytespider; spider-feedback@bytedance.com)"
220.181.108.166 - - [13/Apr/2026:07:18:00 +0800] "GET /news/2163 HTTP/1.1" 200 23867 "-" "Mozilla/5.0 (compatible; Baiduspider/2.0; +http://www.baidu.com/search/spider.html)"
36.133.115.36 - - [13/Apr/2026:07:25:56 +0800] "POST /wp-cron.php?doing_wp_cron=1776036356.5993640422821044921875 HTTP/1.1" 200 31 "-" "WordPress/6.9; http://cqqizhou.com"
3.23.132.59 - - [13/Apr/2026:07:25:56 +0800] "GET / HTTP/1.1" 301 5 "-" "visionheight.com/scan Mozilla/5.0 (Macintosh; Intel Mac OS X 10_15_7) Chrome/126.0.0.0 Safari/537.36"
36.133.115.36 - - [13/Apr/2026:07:26:25 +0800] "POST /wp-cron.php?doing_wp_cron=1776036385.7488861083984375000000 HTTP/1.1" 200 31 "-" "WordPress/6.9; http://cqqizhou.com"
74.176.227.117 - - [13/Apr/2026:07:26:25 +0800] "GET / HTTP/1.1" 301 5 "-" "Mozilla/5.0 (Windows NT 10.0; Win64; x64) AppleWebKit/537.36 (KHTML, like Gecko) Chrome/131.0.0.0 Safari/537.36 Edg/131.0.0.0"
36.133.115.36 - - [13/Apr/2026:07:28:35 +0800] "POST /wp-cron.php?doing_wp_cron=1776036515.4919140338897705078125 HTTP/1.1" 200 31 "-" "WordPress/6.9; http://cqqizhou.com"
3.23.132.59 - - [13/Apr/2026:07:28:35 +0800] "GET / HTTP/1.1" 301 5 "-" "visionheight.com/scan Mozilla/5.0 (Macintosh; Intel Mac OS X 10_15_7) Chrome/126.0.0.0 Safari/537.36"
20.104.245.70 - - [13/Apr/2026:07:33:29 +0800] "GET /wp-content/plugins/hellopress/wp_filemanager.php HTTP/1.1" 404 27 "-" "-"
20.104.245.70 - - [13/Apr/2026:07:33:30 +0800] "GET /ssh3ll.php HTTP/1.1" 404 27 "-" "-"
20.104.245.70 - - [13/Apr/2026:07:33:30 +0800] "GET /kma.php HTTP/1.1" 404 27 "-" "-"
20.104.245.70 - - [13/Apr/2026:07:33:30 +0800] "GET /mjq.php HTTP/1.1" 404 27 "-" "-"
20.104.245.70 - - [13/Apr/2026:07:33:30 +0800] "GET /wpls.php HTTP/1.1" 404 27 "-" "-"
20.104.245.70 - - [13/Apr/2026:07:33:31 +0800] "GET /i6z19N.php HTTP/1.1" 404 27 "-" "-"
20.104.245.70 - - [13/Apr/2026:07:33:31 +0800] "GET /new4.php HTTP/1.1" 404 27 "-" "-"
36.133.115.36 - - [13/Apr/2026:07:35:59 +0800] "POST /wp-cron.php?doing_wp_cron=1776036959.5578289031982421875000 HTTP/1.1" 200 31 "-" "WordPress/6.9; http://cqqizhou.com"
152.42.169.39 - - [13/Apr/2026:07:35:59 +0800] "GET / HTTP/1.1" 301 5 "-" "Go-http-client/1.1"
152.42.169.39 - - [13/Apr/2026:07:35:59 +0800] "GET / HTTP/1.1" 200 35158 "http://36.133.115.36" "Go-http-client/1.1"
171.222.182.148 - - [13/Apr/2026:07:46:27 +0800] "GET /news/2373 HTTP/1.1" 200 26290 "-" "Mozilla/5.0 (Windows NT 10.0; Win64; x64) AppleWebKit/537.36 (KHTML, like Gecko) Chrome/100.0.4896.75 Safari/537.36"
117.181.240.49 - - [13/Apr/2026:07:46:28 +0800] "GET /news/2373 HTTP/1.1" 200 26290 "-" "Mozilla/5.0 (Windows NT 10.0; Win64; x64) AppleWebKit/537.36 (KHTML, like Gecko) Chrome/100.0.4896.75 Safari/537.36"
36.133.115.36 - - [13/Apr/2026:07:54:56 +0800] "POST /wp-cron.php?doing_wp_cron=1776038096.6857469081878662109375 HTTP/1.1" 200 31 "-" "WordPress/6.9; http://cqqizhou.com"
116.179.32.102 - - [13/Apr/2026:07:54:56 +0800] "GET /wp-json/oembed/1.0/embed?url=http%3A%2F%2Fcqqizhou.com%2Fnews%2Fportfolio%2Fduplex-stainless-steel HTTP/1.1" 200 1240 "-" "Mozilla/5.0 (compatible; Baiduspider/2.0; +http://www.baidu.com/search/spider.html)"
36.133.115.36 - - [13/Apr/2026:08:05:55 +0800] "POST /wp-cron.php?doing_wp_cron=1776038755.3547270298004150390625 HTTP/1.1" 200 31 "-" "WordPress/6.9; http://cqqizhou.com"
14.215.163.132 - - [13/Apr/2026:08:05:55 +0800] "GET / HTTP/1.1" 301 5 "-" "Mozilla/5.0 (iPhone; CPU iPhone OS 13_2_3 like Mac OS X) AppleWebKit/605.1.15 (KHTML, like Gecko) Version/13.0.3 Mobile/15E148 Safari/604.1"
36.133.115.36 - - [13/Apr/2026:08:09:31 +0800] "POST /wp-cron.php?doing_wp_cron=1776038971.5391590595245361328125 HTTP/1.1" 200 31 "-" "WordPress/6.9; http://cqqizhou.com"
45.156.128.129 - - [13/Apr/2026:08:09:31 +0800] "GET / HTTP/1.1" 301 5 "-" "Mozilla/5.0 AppleWebKit/537.36 (KHTML, like Gecko) Chrome/123.0.6312.86 Safari/537.36"
