121.41.100.68 - - [07/Jan/2026:10:39:17 +0800] "GET /HNAP1 HTTP/1.1" 404 31364 "-" "Mozilla/5.0 (compatible; Nmap Scripting Engine; https://nmap.org/book/nse.html)"
121.41.100.68 - - [07/Jan/2026:10:39:26 +0800] "GET / HTTP/1.0" 301 0 "-" "-"
121.41.100.68 - - [07/Jan/2026:10:39:26 +0800] "GET / HTTP/1.1" 301 5 "-" "-"
223.102.27.153 - - [07/Jan/2026:10:42:13 +0800] "GET http://cqqizhou.com/wp-content/uploads/2025/07/1753453127-%E4%BD%99%E5%8D%B7product_Single600%C3%97284-150x150.webp HTTP/1.1" 200 5480 "http://cqqizhou.com/" "Mozilla/5.0 (Windows NT 10.0; Win64; x64) AppleWebKit/537.36 (KHTML, like Gecko) Chrome/110.0.0.0 Safari/537.36"
106.52.167.86 - - [07/Jan/2026:10:44:14 +0800] "GET /wp-content/uploads/2025/07/1753453029-%E9%85%B8%E6%B4%97%E5%8D%B7product_Single600-300x300.webp HTTP/1.1" 200 10112 "http://cqqizhou.com/" "Mozilla/5.0 (Windows NT 10.0; Win64; x64) AppleWebKit/537.36 (KHTML, like Gecko) Chrome/124.0.0.0 Safari/537.36"
112.239.154.39 - - [07/Jan/2026:10:48:25 +0800] "GET /wp-content/uploads/2025/07/1753451773-%E5%86%B7%E8%BD%A7%E5%8D%B7roduct_Single600-150x150.webp HTTP/1.1" 200 4820 "http://cqqizhou.com/" "Mozilla/5.0 (Windows NT 10.0; Win64; x64) AppleWebKit/537.36 (KHTML, like Gecko) Chrome/120.0.0.0 Safari/537.36"
36.133.115.36 - - [07/Jan/2026:10:50:05 +0800] "POST /wp-cron.php?doing_wp_cron=1767754205.0753180980682373046875 HTTP/1.1" 200 31 "-" "WordPress/6.8.3; http://cqqizhou.com"
162.142.125.195 - - [07/Jan/2026:10:50:05 +0800] "GET /robots.txt HTTP/1.1" 200 190 "-" "Mozilla/5.0 (compatible; CensysInspect/1.1; +https://about.censys.io/)"
198.244.183.108 - - [07/Jan/2026:10:55:49 +0800] "GET /industry/ HTTP/1.1" 200 22123 "-" "Mozilla/5.0 (compatible; AhrefsBot/7.0; +http://ahrefs.com/robot/)"
36.133.115.36 - - [07/Jan/2026:11:02:46 +0800] "POST /wp-cron.php?doing_wp_cron=1767754966.4682090282440185546875 HTTP/1.1" 200 31 "-" "WordPress/6.8.3; http://cqqizhou.com"
76.191.93.246 - - [07/Jan/2026:11:02:46 +0800] "GET / HTTP/1.1" 200 155928 "-" "Mozilla/5.0 (Windows NT 10.0; WOW64) AppleWebKit/537.36 (KHTML, like Gecko) Chrome/52.0.2743.116 Safari/537.36"
182.96.164.21 - - [07/Jan/2026:11:03:12 +0800] "GET /dd.php HTTP/1.1" 404 47 "http://www.cqqizhou.com/dd.php" "Mozilla/5.0 (Windows NT 6.1; WOW64) AppleWebKit/537.11 (KHTML, like Gecko) Chrome/23.0.1271.97 Safari/537.11"
182.96.238.4 - - [07/Jan/2026:11:03:12 +0800] "GET /1.php HTTP/1.1" 404 47 "http://www.cqqizhou.com/1.php" "Mozilla/5.0 (Windows NT 6.1; WOW64) AppleWebKit/537.11 (KHTML, like Gecko) Chrome/23.0.1271.97 Safari/537.11"
182.96.238.4 - - [07/Jan/2026:11:03:12 +0800] "GET /admins.php HTTP/1.1" 404 47 "http://www.cqqizhou.com/admins.php" "Mozilla/5.0 (Windows NT 6.1; WOW64) AppleWebKit/537.11 (KHTML, like Gecko) Chrome/23.0.1271.97 Safari/537.11"
182.96.238.4 - - [07/Jan/2026:11:03:12 +0800] "GET /x.php HTTP/1.1" 404 47 "http://www.cqqizhou.com/x.php" "Mozilla/5.0 (Windows NT 6.1; WOW64) AppleWebKit/537.11 (KHTML, like Gecko) Chrome/23.0.1271.97 Safari/537.11"
106.228.54.190 - - [07/Jan/2026:11:03:12 +0800] "GET /newfile.php HTTP/1.1" 404 47 "http://www.cqqizhou.com/newfile.php" "Mozilla/5.0 (Windows NT 6.1; WOW64) AppleWebKit/537.11 (KHTML, like Gecko) Chrome/23.0.1271.97 Safari/537.11"
182.96.164.85 - - [07/Jan/2026:11:03:13 +0800] "GET /a.php HTTP/1.1" 404 47 "http://www.cqqizhou.com/a.php" "Mozilla/5.0 (Windows NT 6.1; WOW64) AppleWebKit/537.11 (KHTML, like Gecko) Chrome/23.0.1271.97 Safari/537.11"
220.175.94.191 - - [07/Jan/2026:11:03:13 +0800] "GET /ak.php HTTP/1.1" 404 47 "http://www.cqqizhou.com/ak.php" "Mozilla/5.0 (Windows NT 6.1; WOW64) AppleWebKit/537.11 (KHTML, like Gecko) Chrome/23.0.1271.97 Safari/537.11"
106.228.61.130 - - [07/Jan/2026:11:03:13 +0800] "GET /11.php HTTP/1.1" 404 47 "http://www.cqqizhou.com/11.php" "Mozilla/5.0 (Windows NT 6.1; WOW64) AppleWebKit/537.11 (KHTML, like Gecko) Chrome/23.0.1271.97 Safari/537.11"
123.57.13.121 - - [07/Jan/2026:11:06:00 +0800] "GET / HTTP/1.1" 200 34700 "-" "Mozilla/5.0 (Windows NT 10.0; Win64; x64) AppleWebKit/537.36 (KHTML, like Gecko) Chrome/104.0.0.0 Safari/537.36"
36.133.115.36 - - [07/Jan/2026:11:07:39 +0800] "POST /wp-cron.php?doing_wp_cron=1767755259.1376230716705322265625 HTTP/1.1" 200 31 "-" "WordPress/6.8.3; http://cqqizhou.com"
95.214.54.147 - - [07/Jan/2026:11:07:39 +0800] "GET / HTTP/1.1" 301 5 "-" "Wget"
222.191.207.126 - - [07/Jan/2026:11:10:14 +0800] "GET /2163/ HTTP/1.1" 200 23848 "-" "Mozilla/5.0 (X11; Linux x86_64) AppleWebKit/537.36 (KHTML, like Gecko) Chrome/103.0.5060.53 Safari/537.36"
36.133.115.36 - - [07/Jan/2026:11:12:24 +0800] "POST /wp-cron.php?doing_wp_cron=1767755544.4996240139007568359375 HTTP/1.1" 200 31 "-" "WordPress/6.8.3; http://cqqizhou.com"
59.173.109.52 - - [07/Jan/2026:11:12:24 +0800] "GET / HTTP/1.1" 301 5 "-" "Mozilla/5.0 (iPhone; CPU iPhone OS 9_1 like Mac OS X) AppleWebKit/601.1.46 (KHTML, like Gecko) Version/9.0 Mobile/13B143 Safari/601.1"
36.133.115.36 - - [07/Jan/2026:11:18:23 +0800] "POST /wp-cron.php?doing_wp_cron=1767755903.7677409648895263671875 HTTP/1.1" 200 31 "-" "WordPress/6.8.3; http://cqqizhou.com"
43.157.62.101 - - [07/Jan/2026:11:18:24 +0800] "GET / HTTP/1.1" 200 34275 "-" "Mozilla/5.0 (iPhone; CPU iPhone OS 13_2_3 like Mac OS X) AppleWebKit/605.1.15 (KHTML, like Gecko) Version/13.0.3 Mobile/15E148 Safari/604.1"
36.133.115.36 - - [07/Jan/2026:11:27:24 +0800] "POST /wp-cron.php?doing_wp_cron=1767756444.8644840717315673828125 HTTP/1.1" 200 31 "-" "WordPress/6.8.3; http://cqqizhou.com"
204.76.203.219 - - [07/Jan/2026:11:27:25 +0800] "GET / HTTP/1.1" 200 34275 "-" "Mozilla/5.0 (Windows NT 10.0; Win64; x64) AppleWebKit/537.36 (KHTML, like Gecko) Chrome/90.0.4430.85 Safari/537.36 Edg/90.0.818.46"
205.169.39.49 - - [07/Jan/2026:11:35:08 +0800] "GET / HTTP/1.1" 200 34700 "-" "Mozilla/5.0 (Windows NT 10.0; Win64; x64) AppleWebKit/537.36 (KHTML, like Gecko) Chrome/117.0.5938.132 Safari/537.36"
205.169.39.49 - - [07/Jan/2026:11:35:10 +0800] "GET /wp-content/uploads/2025/07/1751425283-qizhou.kf_.qq_.com_.webp HTTP/1.1" 200 16864 "http://cqqizhou.com/" "Mozilla/5.0 (Windows NT 10.0; Win64; x64) AppleWebKit/537.36 (KHTML, like Gecko) Chrome/117.0.5938.132 Safari/537.36"
205.169.39.49 - - [07/Jan/2026:11:35:12 +0800] "GET /wp-content/uploads/2025/07/1750174127-Marketing1920x800_3.webp HTTP/1.1" 200 52790 "http://cqqizhou.com/wp-content/uploads/elementor/css/post-1666.css?ver=1765890155" "Mozilla/5.0 (Windows NT 10.0; Win64; x64) AppleWebKit/537.36 (KHTML, like Gecko) Chrome/117.0.5938.132 Safari/537.36"
205.169.39.49 - - [07/Jan/2026:11:35:13 +0800] "GET /wp-content/uploads/2025/07/1753454089-Article_images_W900px.webp HTTP/1.1" 200 27552 "http://cqqizhou.com/" "Mozilla/5.0 (Windows NT 10.0; Win64; x64) AppleWebKit/537.36 (KHTML, like Gecko) Chrome/117.0.5938.132 Safari/537.36"
205.169.39.49 - - [07/Jan/2026:11:35:14 +0800] "GET /wp-content/uploads/2025/07/1753454299-Article_images_W900px.webp HTTP/1.1" 200 52418 "http://cqqizhou.com/" "Mozilla/5.0 (Windows NT 10.0; Win64; x64) AppleWebKit/537.36 (KHTML, like Gecko) Chrome/117.0.5938.132 Safari/537.36"
205.169.39.49 - - [07/Jan/2026:11:35:15 +0800] "GET /wp-content/uploads/2025/12/1765268955-qizhou_Slider1_3840%C3%972160_20251210-scaled.webp HTTP/1.1" 200 152162 "http://cqqizhou.com/" "Mozilla/5.0 (Windows NT 10.0; Win64; x64) AppleWebKit/537.36 (KHTML, like Gecko) Chrome/117.0.5938.132 Safari/537.36"
205.169.39.49 - - [07/Jan/2026:11:35:15 +0800] "GET /wp-content/uploads/revslider/slider-1/1750861156-logistics_Slider_3840%C3%972160_20250625191356-scaled-50x100.webp HTTP/1.1" 200 1416 "http://cqqizhou.com/" "Mozilla/5.0 (Windows NT 10.0; Win64; x64) AppleWebKit/537.36 (KHTML, like Gecko) Chrome/117.0.5938.132 Safari/537.36"
205.169.39.49 - - [07/Jan/2026:11:35:15 +0800] "GET /wp-content/uploads/2025/12/1765265398-qizhou_Slider_3840%C3%972160_20251209-scaled-50x100.webp HTTP/1.1" 200 2166 "http://cqqizhou.com/" "Mozilla/5.0 (Windows NT 10.0; Win64; x64) AppleWebKit/537.36 (KHTML, like Gecko) Chrome/117.0.5938.132 Safari/537.36"
205.169.39.49 - - [07/Jan/2026:11:35:15 +0800] "GET /wp-content/uploads/2025/12/1765265398-qizhou_Slider_3840%C3%972160_20251209-scaled-50x100.webp HTTP/1.1" 200 2166 "http://cqqizhou.com/" "Mozilla/5.0 (Windows NT 10.0; Win64; x64) AppleWebKit/537.36 (KHTML, like Gecko) Chrome/117.0.5938.132 Safari/537.36"
205.169.39.49 - - [07/Jan/2026:11:35:15 +0800] "GET /wp-content/uploads/revslider/slider-1/1750861156-logistics_Slider_3840%C3%972160_20250625191356-scaled-50x100.webp HTTP/1.1" 200 1416 "http://cqqizhou.com/" "Mozilla/5.0 (Windows NT 10.0; Win64; x64) AppleWebKit/537.36 (KHTML, like Gecko) Chrome/117.0.5938.132 Safari/537.36"
36.133.115.36 - - [07/Jan/2026:11:35:16 +0800] "POST /wp-cron.php?doing_wp_cron=1767756915.9644010066986083984375 HTTP/1.1" 200 31 "-" "WordPress/6.8.3; http://cqqizhou.com"
36.133.115.36 - - [07/Jan/2026:11:35:16 +0800] "POST /wp-cron.php?doing_wp_cron=1767756915.9645750522613525390625 HTTP/1.1" 200 31 "-" "WordPress/6.8.3; http://cqqizhou.com"
205.169.39.49 - - [07/Jan/2026:11:35:16 +0800] "GET /wp-json/sliderrevolution/sliders/1?srengine=7&slideid=3 HTTP/1.1" 200 2286 "http://cqqizhou.com/" "Mozilla/5.0 (Windows NT 10.0; Win64; x64) AppleWebKit/537.36 (KHTML, like Gecko) Chrome/117.0.5938.132 Safari/537.36"
205.169.39.49 - - [07/Jan/2026:11:35:16 +0800] "GET /wp-json/sliderrevolution/sliders/1?srengine=7&slideid=2 HTTP/1.1" 200 2058 "http://cqqizhou.com/" "Mozilla/5.0 (Windows NT 10.0; Win64; x64) AppleWebKit/537.36 (KHTML, like Gecko) Chrome/117.0.5938.132 Safari/537.36"
205.169.39.49 - - [07/Jan/2026:11:35:16 +0800] "GET /wp-content/uploads/revslider/slider-1/1750861156-logistics_Slider_3840%C3%972160_20250625191356-scaled.webp HTTP/1.1" 200 197360 "http://cqqizhou.com/" "Mozilla/5.0 (Windows NT 10.0; Win64; x64) AppleWebKit/537.36 (KHTML, like Gecko) Chrome/117.0.5938.132 Safari/537.36"
205.169.39.49 - - [07/Jan/2026:11:35:17 +0800] "GET /wp-content/uploads/2025/12/1765265398-qizhou_Slider_3840%C3%972160_20251209-scaled.webp HTTP/1.1" 200 175208 "http://cqqizhou.com/" "Mozilla/5.0 (Windows NT 10.0; Win64; x64) AppleWebKit/537.36 (KHTML, like Gecko) Chrome/117.0.5938.132 Safari/537.36"
205.169.39.49 - - [07/Jan/2026:11:35:18 +0800] "GET /wp-content/uploads/2025/07/1753453096-%E5%8F%8C%E7%9B%B8%E9%92%A2product_Single600%C3%97284.webp HTTP/1.1" 200 14562 "http://cqqizhou.com/" "Mozilla/5.0 (Windows NT 10.0; Win64; x64) AppleWebKit/537.36 (KHTML, like Gecko) Chrome/117.0.5938.132 Safari/537.36"
205.169.39.49 - - [07/Jan/2026:11:35:18 +0800] "GET /wp-content/uploads/2025/07/1753456723-%E5%8F%8C%E7%9B%B8%E9%92%A2roduct_Single600.webp HTTP/1.1" 200 22790 "http://cqqizhou.com/" "Mozilla/5.0 (Windows NT 10.0; Win64; x64) AppleWebKit/537.36 (KHTML, like Gecko) Chrome/117.0.5938.132 Safari/537.36"
205.169.39.49 - - [07/Jan/2026:11:35:18 +0800] "GET /wp-content/uploads/2025/07/1753453127-%E4%BD%99%E5%8D%B7product_Single600%C3%97284.webp HTTP/1.1" 200 18744 "http://cqqizhou.com/" "Mozilla/5.0 (Windows NT 10.0; Win64; x64) AppleWebKit/537.36 (KHTML, like Gecko) Chrome/117.0.5938.132 Safari/537.36"
205.169.39.49 - - [07/Jan/2026:11:35:18 +0800] "GET /wp-content/uploads/2025/07/1753456770-%E7%83%AD%E9%95%80%E9%94%8C%E5%8D%B7product_Single600.webp HTTP/1.1" 200 27502 "http://cqqizhou.com/" "Mozilla/5.0 (Windows NT 10.0; Win64; x64) AppleWebKit/537.36 (KHTML, like Gecko) Chrome/117.0.5938.132 Safari/537.36"
36.133.115.36 - - [07/Jan/2026:11:36:21 +0800] "POST /wp-cron.php?doing_wp_cron=1767756981.9374079704284667968750 HTTP/1.1" 200 31 "-" "WordPress/6.8.3; http://cqqizhou.com"
39.96.32.45 - - [07/Jan/2026:11:36:21 +0800] "HEAD / HTTP/1.1" 301 0 "-" "Java/17.0.17"
39.96.32.45 - - [07/Jan/2026:11:36:22 +0800] "HEAD / HTTP/1.1" 200 0 "-" "Java/17.0.17"
36.133.115.36 - - [07/Jan/2026:11:39:47 +0800] "POST /wp-cron.php?doing_wp_cron=1767757187.1631619930267333984375 HTTP/1.1" 200 31 "-" "WordPress/6.8.3; http://cqqizhou.com"
167.94.138.198 - - [07/Jan/2026:11:39:47 +0800] "GET / HTTP/1.1" 301 5 "-" "Mozilla/5.0 (compatible; CensysInspect/1.1; +https://about.censys.io/)"
167.94.138.198 - - [07/Jan/2026:11:39:49 +0800] "GET / HTTP/1.1" 200 34700 "-" "Mozilla/5.0 (compatible; CensysInspect/1.1; +https://about.censys.io/)"
36.133.115.36 - - [07/Jan/2026:11:48:22 +0800] "POST /wp-cron.php?doing_wp_cron=1767757702.0877609252929687500000 HTTP/1.1" 200 31 "-" "WordPress/6.8.3; http://cqqizhou.com"
91.224.92.14 - - [07/Jan/2026:11:48:23 +0800] "GET / HTTP/1.1" 200 155928 "-" "-"
36.133.115.36 - - [07/Jan/2026:11:52:20 +0800] "POST /wp-cron.php?doing_wp_cron=1767757940.7887248992919921875000 HTTP/1.1" 200 31 "-" "WordPress/6.8.3; http://cqqizhou.com"
193.142.147.209 - - [07/Jan/2026:11:52:21 +0800] "POST / HTTP/1.1" 200 34275 "-" "Mozilla/5.0 (Windows NT 10.0; Win64; x64) AppleWebKit/537.36"
36.133.115.36 - - [07/Jan/2026:11:55:00 +0800] "POST /wp-cron.php?doing_wp_cron=1767758100.8018169403076171875000 HTTP/1.1" 200 31 "-" "WordPress/6.8.3; http://cqqizhou.com"
3.149.59.26 - - [07/Jan/2026:11:55:00 +0800] "GET / HTTP/1.1" 301 5 "-" "cypex.ai/scanning Mozilla/5.0 (Macintosh; Intel Mac OS X 10_15_7) Chrome/126.0.0.0 Safari/537.36"
3.149.59.26 - - [07/Jan/2026:11:55:36 +0800] "GET / HTTP/1.1" 301 5 "-" "cypex.ai/scanning Mozilla/5.0 (Macintosh; Intel Mac OS X 10_15_7) Chrome/126.0.0.0 Safari/537.36"
3.149.59.26 - - [07/Jan/2026:11:55:38 +0800] "GET / HTTP/1.1" 200 34700 "http://36.133.115.36/" "cypex.ai/scanning Mozilla/5.0 (Macintosh; Intel Mac OS X 10_15_7) Chrome/126.0.0.0 Safari/537.36"
36.133.115.36 - - [07/Jan/2026:11:57:56 +0800] "POST /wp-cron.php?doing_wp_cron=1767758276.8644070625305175781250 HTTP/1.1" 200 31 "-" "WordPress/6.8.3; http://cqqizhou.com"
38.46.221.123 - - [07/Jan/2026:11:57:56 +0800] "GET http://check.9tb.org/ HTTP/1.1" 301 5 "-" "Go-http-client/1.1"
38.46.221.123 - - [07/Jan/2026:11:57:57 +0800] "GET http://cqqizhou.com/ HTTP/1.1" 200 34700 "http://check.9tb.org" "Go-http-client/1.1"
36.133.115.36 - - [07/Jan/2026:12:20:08 +0800] "POST /wp-cron.php?doing_wp_cron=1767759608.0232479572296142578125 HTTP/1.1" 200 31 "-" "WordPress/6.8.3; http://cqqizhou.com"
147.185.132.87 - - [07/Jan/2026:12:20:08 +0800] "GET / HTTP/1.0" 301 0 "-" "Hello from Palo Alto Networks, find out more about our scans in https://docs-cortex.paloaltonetworks.com/r/1/Cortex-Xpanse/Scanning-activity"
36.133.115.36 - - [07/Jan/2026:12:23:04 +0800] "POST /wp-cron.php?doing_wp_cron=1767759784.9426279067993164062500 HTTP/1.1" 200 31 "-" "WordPress/6.8.3; http://cqqizhou.com"
204.76.203.219 - - [07/Jan/2026:12:23:05 +0800] "GET / HTTP/1.1" 200 34275 "-" "Mozilla/5.0 (Windows NT 10.0; Win64; x64) AppleWebKit/537.36 (KHTML, like Gecko) Chrome/90.0.4430.85 Safari/537.36 Edg/90.0.818.46"
36.133.115.36 - - [07/Jan/2026:12:45:02 +0800] "POST /wp-cron.php?doing_wp_cron=1767761102.3128139972686767578125 HTTP/1.1" 200 31 "-" "WordPress/6.8.3; http://cqqizhou.com"
221.182.31.58 - - [07/Jan/2026:12:45:02 +0800] "GET /qz/editor-app/popups/save-model.html?version=1767756400525 HTTP/1.1" 404 8980 "-" "Mozilla/4.0 (compatible; MSIE 7.0; Windows NT 6.0; SLCC1; .NET CLR 2.0.50727; InfoPath.2; .NET CLR 3.5.21022; .NET CLR 3.5.30729; .NET CLR 3.0.30618)"
40.77.167.241 - - [07/Jan/2026:12:47:28 +0800] "GET /2164/ HTTP/1.1" 200 23576 "-" "Mozilla/5.0 AppleWebKit/537.36 (KHTML, like Gecko; compatible; bingbot/2.0; +http://www.bing.com/bingbot.htm) Chrome/116.0.1938.76 Safari/537.36"
36.133.115.36 - - [07/Jan/2026:12:53:49 +0800] "POST /wp-cron.php?doing_wp_cron=1767761629.6086359024047851562500 HTTP/1.1" 200 31 "-" "WordPress/6.8.3; http://cqqizhou.com"
204.76.203.125 - - [07/Jan/2026:12:53:49 +0800] "GET /.env HTTP/1.1" 301 5 "-" "Mozilla/5.0"
204.76.203.125 - - [07/Jan/2026:12:53:50 +0800] "GET /.env.local HTTP/1.1" 301 5 "-" "Mozilla/5.0"
204.76.203.125 - - [07/Jan/2026:12:53:52 +0800] "GET /.env.production HTTP/1.1" 301 5 "-" "Mozilla/5.0"
204.76.203.125 - - [07/Jan/2026:12:53:53 +0800] "GET /.env.development HTTP/1.1" 301 5 "-" "Mozilla/5.0"
204.76.203.125 - - [07/Jan/2026:12:53:55 +0800] "GET /.env.dev HTTP/1.1" 301 5 "-" "Mozilla/5.0"
204.76.203.125 - - [07/Jan/2026:12:53:57 +0800] "GET /.env.prod HTTP/1.1" 301 5 "-" "Mozilla/5.0"
117.24.129.70 - - [07/Jan/2026:12:53:57 +0800] "GET http://cqqizhou.com/ HTTP/1.1" 200 34700 "-" "Mozilla/5.0 (Windows NT 10.0; Win64; x64) AppleWebKit/537.36 (KHTML, like Gecko) Chrome/136.0.0.0 Safari/537.36"
204.76.203.125 - - [07/Jan/2026:12:53:58 +0800] "GET /.env.test HTTP/1.1" 301 5 "-" "Mozilla/5.0"
61.170.160.67 - - [07/Jan/2026:12:53:58 +0800] "GET http://www.cqqizhou.com/ HTTP/1.1" 301 5 "-" "Mozilla/5.0 (Windows NT 10.0; Win64; x64) AppleWebKit/537.36 (KHTML, like Gecko) Chrome/136.0.0.0 Safari/537.36"
61.170.160.67 - - [07/Jan/2026:12:53:58 +0800] "GET http://cqqizhou.com/ HTTP/1.1" 200 34700 "-" "Mozilla/5.0 (Windows NT 10.0; Win64; x64) AppleWebKit/537.36 (KHTML, like Gecko) Chrome/136.0.0.0 Safari/537.36"
204.76.203.125 - - [07/Jan/2026:12:54:00 +0800] "GET /.env.backup HTTP/1.1" 301 5 "-" "Mozilla/5.0"
204.76.203.125 - - [07/Jan/2026:12:54:02 +0800] "GET /.env.save HTTP/1.1" 301 5 "-" "Mozilla/5.0"
204.76.203.125 - - [07/Jan/2026:12:54:03 +0800] "GET /.env.old HTTP/1.1" 301 5 "-" "Mozilla/5.0"
204.76.203.125 - - [07/Jan/2026:12:54:04 +0800] "GET /.env.bak HTTP/1.1" 301 5 "-" "Mozilla/5.0"
204.76.203.125 - - [07/Jan/2026:12:54:06 +0800] "GET /.env.tmp HTTP/1.1" 301 5 "-" "Mozilla/5.0"
204.76.203.125 - - [07/Jan/2026:12:54:07 +0800] "GET /env HTTP/1.1" 301 5 "-" "Mozilla/5.0"
204.76.203.125 - - [07/Jan/2026:12:54:08 +0800] "GET /app/.env HTTP/1.1" 301 5 "-" "Mozilla/5.0"
204.76.203.125 - - [07/Jan/2026:12:54:09 +0800] "GET /src/.env HTTP/1.1" 301 5 "-" "Mozilla/5.0"
204.76.203.125 - - [07/Jan/2026:12:54:11 +0800] "GET /config/.env HTTP/1.1" 301 5 "-" "Mozilla/5.0"
204.76.203.125 - - [07/Jan/2026:12:54:12 +0800] "GET /backend/.env HTTP/1.1" 301 5 "-" "Mozilla/5.0"
117.24.129.70 - - [07/Jan/2026:12:54:13 +0800] "GET http://cqqizhou.com/ HTTP/1.1" 200 34700 "http://cqqizhou.com" "Mozilla/5.0 (Windows NT 10.0; Win64; x64) AppleWebKit/537.36 (KHTML, like Gecko) Chrome/136.0.0.0 Safari/537.36"
204.76.203.125 - - [07/Jan/2026:12:54:13 +0800] "GET /frontend/.env HTTP/1.1" 301 5 "-" "Mozilla/5.0"
61.170.160.67 - - [07/Jan/2026:12:54:13 +0800] "GET http://www.cqqizhou.com/ HTTP/1.1" 301 5 "http://www.cqqizhou.com" "Mozilla/5.0 (Windows NT 10.0; Win64; x64) AppleWebKit/537.36 (KHTML, like Gecko) Chrome/136.0.0.0 Safari/537.36"
61.170.160.67 - - [07/Jan/2026:12:54:14 +0800] "GET http://cqqizhou.com/ HTTP/1.1" 200 34700 "http://www.cqqizhou.com" "Mozilla/5.0 (Windows NT 10.0; Win64; x64) AppleWebKit/537.36 (KHTML, like Gecko) Chrome/136.0.0.0 Safari/537.36"
204.76.203.125 - - [07/Jan/2026:12:54:17 +0800] "GET /api/.env HTTP/1.1" 301 5 "-" "Mozilla/5.0"
204.76.203.125 - - [07/Jan/2026:12:54:19 +0800] "GET /docker-compose.yml HTTP/1.1" 301 5 "-" "Mozilla/5.0"
204.76.203.125 - - [07/Jan/2026:12:54:20 +0800] "GET /serverless.yml HTTP/1.1" 301 5 "-" "Mozilla/5.0"
204.76.203.125 - - [07/Jan/2026:12:54:22 +0800] "GET /config.json HTTP/1.1" 301 5 "-" "Mozilla/5.0"
204.76.203.125 - - [07/Jan/2026:12:54:23 +0800] "GET /config/production.json HTTP/1.1" 301 5 "-" "Mozilla/5.0"
204.76.203.125 - - [07/Jan/2026:12:54:24 +0800] "GET /wp-config.php.bak HTTP/1.1" 301 5 "-" "Mozilla/5.0"
204.76.203.125 - - [07/Jan/2026:12:54:26 +0800] "GET /wp-config.php.old HTTP/1.1" 301 5 "-" "Mozilla/5.0"
204.76.203.125 - - [07/Jan/2026:12:54:27 +0800] "GET /actuator/env HTTP/1.1" 301 5 "-" "Mozilla/5.0"
204.76.203.125 - - [07/Jan/2026:12:54:28 +0800] "GET /.env.example HTTP/1.1" 301 5 "-" "Mozilla/5.0"
204.76.203.125 - - [07/Jan/2026:12:54:30 +0800] "GET /.env.sample HTTP/1.1" 301 5 "-" "Mozilla/5.0"
204.76.203.125 - - [07/Jan/2026:12:54:32 +0800] "GET /.env.dist HTTP/1.1" 301 5 "-" "Mozilla/5.0"
204.76.203.125 - - [07/Jan/2026:12:54:34 +0800] "GET /appsettings.json HTTP/1.1" 301 5 "-" "Mozilla/5.0"
204.76.203.125 - - [07/Jan/2026:12:54:36 +0800] "GET /appsettings.Development.json HTTP/1.1" 301 5 "-" "Mozilla/5.0"
204.76.203.125 - - [07/Jan/2026:12:54:37 +0800] "GET /appsettings.Production.json HTTP/1.1" 301 5 "-" "Mozilla/5.0"
204.76.203.125 - - [07/Jan/2026:12:54:38 +0800] "GET /docker-compose.override.yml HTTP/1.1" 301 5 "-" "Mozilla/5.0"
204.76.203.125 - - [07/Jan/2026:12:54:39 +0800] "GET /@fs/app/.env?raw?? HTTP/1.1" 301 5 "-" "Mozilla/5.0"
204.76.203.125 - - [07/Jan/2026:12:54:41 +0800] "GET /@fs/root/.env?raw?? HTTP/1.1" 301 5 "-" "Mozilla/5.0"
204.76.203.125 - - [07/Jan/2026:12:54:42 +0800] "GET /@fs/proc/self/environ?raw?? HTTP/1.1" 301 5 "-" "Mozilla/5.0"
204.76.203.125 - - [07/Jan/2026:12:54:43 +0800] "GET /@fs/.env?raw?? HTTP/1.1" 301 5 "-" "Mozilla/5.0"
36.133.115.36 - - [07/Jan/2026:12:54:47 +0800] "POST /wp-cron.php?doing_wp_cron=1767761687.9547588825225830078125 HTTP/1.1" 200 31 "-" "WordPress/6.8.3; http://cqqizhou.com"
204.76.203.125 - - [07/Jan/2026:12:54:48 +0800] "GET /@fs/..%252f..%252f..%252f..%252f..%252froot/.env?raw?? HTTP/1.1" 301 5 "-" "Mozilla/5.0"
204.76.203.125 - - [07/Jan/2026:12:54:50 +0800] "GET /@fs/..%252f..%252f..%252f..%252f..%252fproc/self/environ?raw?? HTTP/1.1" 301 5 "-" "Mozilla/5.0"
117.24.129.70 - - [07/Jan/2026:12:55:36 +0800] "GET http://cqqizhou.com/contacts/ HTTP/1.1" 200 21722 "http://cqqizhou.com" "Mozilla/5.0 (Windows NT 10.0; Win64; x64) AppleWebKit/537.36 (KHTML, like Gecko) Chrome/136.0.0.0 Safari/537.36"
61.170.160.67 - - [07/Jan/2026:12:55:36 +0800] "GET http://cqqizhou.com/contacts/ HTTP/1.1" 200 21722 "http://www.cqqizhou.com" "Mozilla/5.0 (Windows NT 10.0; Win64; x64) AppleWebKit/537.36 (KHTML, like Gecko) Chrome/136.0.0.0 Safari/537.36"
155.94.129.99 - - [07/Jan/2026:12:55:42 +0800] "GET /Telerik.Web.UI.WebResource.axd?type=rau HTTP/1.1" 404 8980 "-" "Mozilla/5.0 (X11; Linux x86_64) AppleWebKit/537.36 (KHTML, like Gecko) Chrome/136.0.0.0 Safari/537.36"
61.170.160.67 - - [07/Jan/2026:12:55:44 +0800] "GET http://cqqizhou.com/contacts/ HTTP/1.1" 200 21722 "http://cqqizhou.com/contacts/" "Mozilla/5.0 (Windows NT 10.0; Win64; x64) AppleWebKit/537.36 (KHTML, like Gecko) Chrome/136.0.0.0 Safari/537.36"
117.24.129.70 - - [07/Jan/2026:12:55:44 +0800] "GET http://cqqizhou.com/contacts/ HTTP/1.1" 200 21722 "http://cqqizhou.com/contacts/" "Mozilla/5.0 (Windows NT 10.0; Win64; x64) AppleWebKit/537.36 (KHTML, like Gecko) Chrome/136.0.0.0 Safari/537.36"
36.133.115.36 - - [07/Jan/2026:13:14:43 +0800] "POST /wp-cron.php?doing_wp_cron=1767762883.4239480495452880859375 HTTP/1.1" 200 31 "-" "WordPress/6.8.3; http://cqqizhou.com"
95.214.54.147 - - [07/Jan/2026:13:14:43 +0800] "GET / HTTP/1.1" 301 5 "-" "Wget"
36.133.115.36 - - [07/Jan/2026:13:16:01 +0800] "POST /wp-cron.php?doing_wp_cron=1767762961.2293310165405273437500 HTTP/1.1" 200 31 "-" "WordPress/6.8.3; http://cqqizhou.com"
43.128.156.124 - - [07/Jan/2026:13:16:01 +0800] "GET / HTTP/1.1" 200 34275 "-" "Mozilla/5.0 (iPhone; CPU iPhone OS 13_2_3 like Mac OS X) AppleWebKit/605.1.15 (KHTML, like Gecko) Version/13.0.3 Mobile/15E148 Safari/604.1"
36.133.115.36 - - [07/Jan/2026:13:17:17 +0800] "POST /wp-cron.php?doing_wp_cron=1767763037.1075389385223388671875 HTTP/1.1" 200 31 "-" "WordPress/6.8.3; http://cqqizhou.com"
204.76.203.219 - - [07/Jan/2026:13:17:17 +0800] "GET / HTTP/1.1" 200 34275 "-" "Mozilla/5.0 (Windows NT 10.0; Win64; x64) AppleWebKit/537.36 (KHTML, like Gecko) Chrome/90.0.4430.85 Safari/537.36 Edg/90.0.818.46"
36.133.115.36 - - [07/Jan/2026:13:22:18 +0800] "POST /wp-cron.php?doing_wp_cron=1767763338.2741839885711669921875 HTTP/1.1" 200 31 "-" "WordPress/6.8.3; http://cqqizhou.com"
38.46.221.123 - - [07/Jan/2026:13:22:18 +0800] "GET http://check.9tb.org/ HTTP/1.1" 301 5 "-" "Go-http-client/1.1"
38.46.221.123 - - [07/Jan/2026:13:22:18 +0800] "GET http://cqqizhou.com/ HTTP/1.1" 200 34700 "http://check.9tb.org" "Go-http-client/1.1"
36.133.115.36 - - [07/Jan/2026:13:23:30 +0800] "POST /wp-cron.php?doing_wp_cron=1767763410.5575609207153320312500 HTTP/1.1" 200 31 "-" "WordPress/6.8.3; http://cqqizhou.com"
141.98.11.140 - - [07/Jan/2026:13:23:30 +0800] "GET /login.asp HTTP/1.1" 301 5 "-" "Mozilla/5.0"
36.133.115.36 - - [07/Jan/2026:13:34:52 +0800] "POST /wp-cron.php?doing_wp_cron=1767764092.1209950447082519531250 HTTP/1.1" 200 31 "-" "WordPress/6.8.3; http://cqqizhou.com"
150.255.110.2 - - [07/Jan/2026:13:34:52 +0800] "GET /2339/ HTTP/1.1" 200 24507 "-" "Mozilla/5.0 (X11; Linux x86_64) AppleWebKit/537.36 (KHTML, like Gecko) Chrome/103.0.5060.53 Safari/537.36"
36.133.115.36 - - [07/Jan/2026:13:39:41 +0800] "POST /wp-cron.php?doing_wp_cron=1767764381.9497370719909667968750 HTTP/1.1" 200 31 "-" "WordPress/6.8.3; http://cqqizhou.com"
170.106.192.208 - - [07/Jan/2026:13:39:41 +0800] "GET / HTTP/1.1" 301 5 "-" "Mozilla/5.0 (iPhone; CPU iPhone OS 13_2_3 like Mac OS X) AppleWebKit/605.1.15 (KHTML, like Gecko) Version/13.0.3 Mobile/15E148 Safari/604.1"
36.133.115.36 - - [07/Jan/2026:13:39:46 +0800] "POST /wp-cron.php?doing_wp_cron=1767764386.1197559833526611328125 HTTP/1.1" 200 31 "-" "WordPress/6.8.3; http://cqqizhou.com"
170.106.192.208 - - [07/Jan/2026:13:39:46 +0800] "GET / HTTP/1.1" 200 34275 "http://36.133.115.36" "Mozilla/5.0 (iPhone; CPU iPhone OS 13_2_3 like Mac OS X) AppleWebKit/605.1.15 (KHTML, like Gecko) Version/13.0.3 Mobile/15E148 Safari/604.1"
51.195.183.15 - - [07/Jan/2026:13:41:35 +0800] "GET /portfolio/remaining-rolls/ HTTP/1.1" 200 22178 "-" "Mozilla/5.0 (compatible; AhrefsBot/7.0; +http://ahrefs.com/robot/)"
117.140.96.87 - - [07/Jan/2026:13:48:58 +0800] "GET /wp-content/uploads/2025/12/1766064629-Article_images_20251218212623.webp HTTP/1.1" 200 20366 "http://cqqizhou.com/" "Mozilla/5.0 (Windows NT 10.0; Win64; x64) AppleWebKit/537.36 (KHTML, like Gecko) Chrome/109.0.0.0 Safari/537.36"
123.12.249.29 - - [07/Jan/2026:13:54:02 +0800] "GET /wp-content/uploads/2025/12/1766647832-Article_images_W900%C3%97500px20251225.webp HTTP/1.1" 200 44582 "http://cqqizhou.com/" "Mozilla/5.0 (Windows NT 10.0; Win64; x64) AppleWebKit/537.36 (KHTML, like Gecko) Chrome/104.0.5112.81 Safari/537.36"
36.133.115.36 - - [07/Jan/2026:14:04:32 +0800] "POST /wp-cron.php?doing_wp_cron=1767765872.6868999004364013671875 HTTP/1.1" 200 31 "-" "WordPress/6.8.3; http://cqqizhou.com"
66.240.236.116 - - [07/Jan/2026:14:04:32 +0800] "GET / HTTP/1.1" 301 5 "-" "Mozilla/5.0 zgrab/0.x"
36.133.115.36 - - [07/Jan/2026:14:08:55 +0800] "POST /wp-cron.php?doing_wp_cron=1767766135.8846859931945800781250 HTTP/1.1" 200 31 "-" "WordPress/6.8.3; http://cqqizhou.com"
193.142.147.209 - - [07/Jan/2026:14:08:56 +0800] "POST / HTTP/1.1" 200 34275 "-" "Mozilla/5.0 (Windows NT 10.0; Win64; x64) AppleWebKit/537.36"
36.133.115.36 - - [07/Jan/2026:14:11:53 +0800] "POST /wp-cron.php?doing_wp_cron=1767766313.2306630611419677734375 HTTP/1.1" 200 31 "-" "WordPress/6.8.3; http://cqqizhou.com"
204.76.203.219 - - [07/Jan/2026:14:11:53 +0800] "GET / HTTP/1.1" 200 34276 "-" "Mozilla/5.0 (Windows NT 10.0; Win64; x64) AppleWebKit/537.36 (KHTML, like Gecko) Chrome/90.0.4430.85 Safari/537.36 Edg/90.0.818.46"
36.133.115.36 - - [07/Jan/2026:14:17:23 +0800] "POST /wp-cron.php?doing_wp_cron=1767766643.5298240184783935546875 HTTP/1.1" 200 31 "-" "WordPress/6.8.3; http://cqqizhou.com"
114.231.79.26 - - [07/Jan/2026:14:17:23 +0800] "GET / HTTP/1.0" 301 0 "https://www.baidu.com/" "Mozilla/5.0 (Macintosh; Intel Mac OS X 10_15_6) AppleWebKit/537.36 (KHTML, like Gecko) Chrome/91.0.4472.164 Safari/537.36"
114.231.79.26 - - [07/Jan/2026:14:17:24 +0800] "GET / HTTP/1.0" 200 157653 "https://www.baidu.com/" "Mozilla/5.0 (Macintosh; Intel Mac OS X 10_15_6) AppleWebKit/537.36 (KHTML, like Gecko) Chrome/91.0.4472.164 Safari/537.36"
121.237.36.28 - - [07/Jan/2026:14:26:33 +0800] "GET / HTTP/1.1" 200 34700 "-" "Mozilla/5.0 (Macintosh; Intel Mac OS X 10_11) AppleWebKit/601.1.27 (KHTML, like Gecko) Chrome/47.0.2526.106 Safari/601.1.27"
121.237.36.31 - - [07/Jan/2026:14:26:45 +0800] "GET / HTTP/1.1" 200 34700 "-" "Mozilla/5.0 (Macintosh; Intel Mac OS X 10_11) AppleWebKit/601.1.27 (KHTML, like Gecko) Chrome/47.0.2526.106 Safari/601.1.27"
114.106.172.224 - - [07/Jan/2026:14:28:47 +0800] "GET //contacts/ HTTP/1.0" 200 78750 "https://www.baidu.com/" "Mozilla/5.0 (Macintosh; Intel Mac OS X 10_15_6) AppleWebKit/537.36 (KHTML, like Gecko) Chrome/91.0.4472.164 Safari/537.36"
113.121.42.125 - - [07/Jan/2026:14:28:47 +0800] "GET //about/ HTTP/1.0" 200 119254 "https://www.baidu.com/" "Mozilla/5.0 (Macintosh; Intel Mac OS X 10_15_6) AppleWebKit/537.36 (KHTML, like Gecko) Chrome/91.0.4472.164 Safari/537.36"
36.133.115.36 - - [07/Jan/2026:14:30:27 +0800] "POST /wp-cron.php?doing_wp_cron=1767767427.5952119827270507812500 HTTP/1.1" 200 31 "-" "WordPress/6.8.3; http://cqqizhou.com"
121.237.36.31 - - [07/Jan/2026:14:30:27 +0800] "GET / HTTP/1.1" 200 34274 "-" "Mozilla/5.0 (Linux; U; Android 8.1.0; zh-CN; vivo X21A Build/OPM1.171019.011) AppleWebKit/537.36 (KHTML, like Gecko) Version/4.0 Chrome/57.0.2987.108 UCBrowser/11.9.4.974 UWS/2.14.0.7 Mobile Safari/537.36 AliApp(TB/7.9.0) UCBS/2.11.1.1 TTID/600000@taobao_android_7.9.0 WindVane/8.3.0 1080X2208"
112.19.124.156 - - [07/Jan/2026:14:31:38 +0800] "GET /2215/ HTTP/1.1" 200 24100 "-" "Mozilla/5.0 (Windows NT 10.0; Win64; x64) AppleWebKit/537.36 (KHTML, like Gecko) Chrome/107.0.0.0 Safari/537.36"
52.167.144.183 - - [07/Jan/2026:14:32:18 +0800] "GET /2160/ HTTP/1.1" 200 29473 "-" "Mozilla/5.0 AppleWebKit/537.36 (KHTML, like Gecko; compatible; bingbot/2.0; +http://www.bing.com/bingbot.htm) Chrome/116.0.1938.76 Safari/537.36"
36.133.115.36 - - [07/Jan/2026:14:33:44 +0800] "POST /wp-cron.php?doing_wp_cron=1767767624.3790409564971923828125 HTTP/1.1" 200 31 "-" "WordPress/6.8.3; http://cqqizhou.com"
121.237.36.31 - - [07/Jan/2026:14:33:44 +0800] "GET / HTTP/1.1" 200 34274 "-" "Dalvik/2.1.0 (Linux; U; Android 9.0; ZTE BA520 Build/MRA58K)"
36.133.115.36 - - [07/Jan/2026:14:35:08 +0800] "POST /wp-cron.php?doing_wp_cron=1767767708.4866158962249755859375 HTTP/1.1" 200 31 "-" "WordPress/6.8.3; http://cqqizhou.com"
185.247.137.144 - - [07/Jan/2026:14:35:08 +0800] "GET / HTTP/1.1" 301 5 "-" "Mozilla/5.0 (compatible; InternetMeasurement/1.0; +https://internet-measurement.com/)"
185.247.137.144 - - [07/Jan/2026:14:36:28 +0800] "GET / HTTP/1.1" 200 34700 "http://36.133.115.36" "Mozilla/5.0 (compatible; InternetMeasurement/1.0; +https://internet-measurement.com/)"
167.235.93.252 - - [07/Jan/2026:14:40:13 +0800] "GET / HTTP/1.1" 200 34700 "-" "Mozilla/5.0 (Windows NT 10.0; Win64; x64) AppleWebKit/537.36 (KHTML, like Gecko) Chrome/131.0.0.0 Safari/537.36"
36.133.115.36 - - [07/Jan/2026:14:40:16 +0800] "POST /wp-cron.php?doing_wp_cron=1767768016.2176361083984375000000 HTTP/1.1" 200 31 "-" "WordPress/6.8.3; http://cqqizhou.com"
167.235.93.252 - - [07/Jan/2026:14:40:16 +0800] "GET / HTTP/1.1" 301 5 "-" "Mozilla/5.0 (Windows NT 10.0; Win64; x64) AppleWebKit/537.36 (KHTML, like Gecko) Chrome/131.0.0.0 Safari/537.36"
167.235.93.252 - - [07/Jan/2026:14:40:16 +0800] "GET / HTTP/1.1" 200 34700 "-" "Mozilla/5.0 (Windows NT 10.0; Win64; x64) AppleWebKit/537.36 (KHTML, like Gecko) Chrome/131.0.0.0 Safari/537.36"
141.98.11.140 - - [07/Jan/2026:14:40:34 +0800] "GET / HTTP/1.1" 200 155928 "-" "-"
36.133.115.36 - - [07/Jan/2026:14:46:11 +0800] "POST /wp-cron.php?doing_wp_cron=1767768371.1008839607238769531250 HTTP/1.1" 200 31 "-" "WordPress/6.8.3; http://cqqizhou.com"
38.46.221.123 - - [07/Jan/2026:14:46:11 +0800] "GET http://check.9tb.org/ HTTP/1.1" 301 5 "-" "Go-http-client/1.1"
38.46.221.123 - - [07/Jan/2026:14:46:12 +0800] "GET http://cqqizhou.com/ HTTP/1.1" 200 34700 "http://check.9tb.org" "Go-http-client/1.1"
36.133.115.36 - - [07/Jan/2026:14:47:18 +0800] "POST /wp-cron.php?doing_wp_cron=1767768438.2068130970001220703125 HTTP/1.1" 200 31 "-" "WordPress/6.8.3; http://cqqizhou.com"
36.133.108.119 - - [07/Jan/2026:14:47:18 +0800] "HEAD / HTTP/1.1" 301 0 "-" "Mozilla/5.0 (iPad; CPU OS 6_0 like Mac OS X) AppleWebKit/536.26 (KHTML, like Gecko) Version/6.0 Mobile/10A5355d Safari/8536.25"
36.133.115.36 - - [07/Jan/2026:14:56:54 +0800] "POST /wp-cron.php?doing_wp_cron=1767769014.7626750469207763671875 HTTP/1.1" 200 31 "-" "WordPress/6.8.3; http://cqqizhou.com"
220.181.108.80 - - [07/Jan/2026:14:56:54 +0800] "GET / HTTP/1.1" 301 5 "-" "Mozilla/5.0 (Linux;u;Android 4.2.2;zh-cn;) AppleWebKit/534.46 (KHTML,like Gecko) Version/5.1 Mobile Safari/10600.6.3 (compatible; Baiduspider/2.0; +http://www.baidu.com/search/spider.html)"
220.181.108.144 - - [07/Jan/2026:14:56:55 +0800] "GET / HTTP/1.1" 301 5 "-" "Mozilla/5.0 (compatible; Baiduspider/2.0; +http://www.baidu.com/search/spider.html)"
220.181.108.156 - - [07/Jan/2026:14:56:55 +0800] "GET / HTTP/1.1" 200 34700 "-" "Mozilla/5.0 (compatible; Baiduspider/2.0; +http://www.baidu.com/search/spider.html)"
220.181.108.145 - - [07/Jan/2026:14:56:55 +0800] "GET / HTTP/1.1" 200 34274 "-" "Mozilla/5.0 (Linux;u;Android 4.2.2;zh-cn;) AppleWebKit/534.46 (KHTML,like Gecko) Version/5.1 Mobile Safari/10600.6.3 (compatible; Baiduspider/2.0; +http://www.baidu.com/search/spider.html)"
119.249.100.173 - - [07/Jan/2026:14:57:10 +0800] "GET /robots.txt HTTP/1.1" 301 5 "-" "Mozilla/5.0 (Windows NT 10.0; WOW64) AppleWebKit/537.36 (KHTML, like Gecko) Chrome/48.0.2564.116 Safari/537.36"
119.249.100.111 - - [07/Jan/2026:14:57:10 +0800] "GET /robots.txt HTTP/1.1" 200 190 "-" "Mozilla/5.0 (Windows NT 10.0; WOW64) AppleWebKit/537.36 (KHTML, like Gecko) Chrome/48.0.2564.116 Safari/537.36"
123.18.71.204 - - [07/Jan/2026:14:57:28 +0800] "GET / HTTP/1.1" 499 0 "-" "-"
36.133.115.36 - - [07/Jan/2026:15:11:38 +0800] "POST /wp-cron.php?doing_wp_cron=1767769898.0665700435638427734375 HTTP/1.1" 200 31 "-" "WordPress/6.8.3; http://cqqizhou.com"
204.76.203.219 - - [07/Jan/2026:15:11:38 +0800] "GET / HTTP/1.1" 200 34275 "-" "Mozilla/5.0 (Windows NT 10.0; Win64; x64) AppleWebKit/537.36 (KHTML, like Gecko) Chrome/90.0.4430.85 Safari/537.36 Edg/90.0.818.46"
139.9.55.116 - - [07/Jan/2026:15:11:42 +0800] "GET /upfile.php HTTP/1.1" 404 47 "-" "Mozilla/5.0 (Windows NT 10.0; Win64; x64)"
223.73.170.62 - - [07/Jan/2026:15:17:06 +0800] "GET / HTTP/1.1" 200 34700 "-" "Mozilla/5.0 (Windows NT 6.2) AppleWebKit/537.36 (KHTML, like Gecko) Chrome/72.0.3626.7"
36.133.115.36 - - [07/Jan/2026:15:17:14 +0800] "POST /wp-cron.php?doing_wp_cron=1767770234.5963969230651855468750 HTTP/1.1" 200 31 "-" "WordPress/6.8.3; http://cqqizhou.com"
117.150.44.112 - - [07/Jan/2026:15:17:14 +0800] "GET / HTTP/1.1" 301 5 "-" "Mozilla/5.0 (Windows NT 6.2; WOW64) AppleWebKit/537.36 (KHTML, like Gecko) Chrome/71.0.3578.137"
39.172.234.161 - - [07/Jan/2026:15:17:17 +0800] "GET / HTTP/1.1" 301 5 "-" "Mozilla/5.0 (Windows NT 6.2; WOW64) AppleWebKit/537.36 (KHTML, like Gecko) Chrome/71.0.3578.137"
36.133.115.36 - - [07/Jan/2026:15:21:23 +0800] "POST /wp-cron.php?doing_wp_cron=1767770483.1727299690246582031250 HTTP/1.1" 200 31 "-" "WordPress/6.8.3; http://cqqizhou.com"
176.65.148.66 - - [07/Jan/2026:15:21:23 +0800] "HEAD / HTTP/1.1" 200 0 "-" "Mozilla/5.0 (compatible; Let's Encrypt validation server; +https://www.letsencrypt.org )"
176.65.148.66 - - [07/Jan/2026:15:21:26 +0800] "GET / HTTP/1.1" 200 155928 "-" "Mozilla/5.0 (compatible; Let's Encrypt validation server; +https://www.letsencrypt.org )"
176.65.148.66 - - [07/Jan/2026:15:21:30 +0800] "HEAD /_next HTTP/1.1" 301 0 "-" "Mozilla/5.0 (compatible; Let's Encrypt validation server; +https://www.letsencrypt.org )"
176.65.148.66 - - [07/Jan/2026:15:21:35 +0800] "POST / HTTP/1.1" 200 34275 "-" "Mozilla/5.0 (compatible; Let's Encrypt validation server; +https://www.letsencrypt.org )"
176.65.148.66 - - [07/Jan/2026:15:21:38 +0800] "POST /_next HTTP/1.1" 404 8981 "-" "Mozilla/5.0 (compatible; Let's Encrypt validation server; +https://www.letsencrypt.org )"
36.133.115.36 - - [07/Jan/2026:15:28:10 +0800] "POST /wp-cron.php?doing_wp_cron=1767770890.4771800041198730468750 HTTP/1.1" 200 31 "-" "WordPress/6.8.3; http://cqqizhou.com"
103.19.190.182 - - [07/Jan/2026:15:28:10 +0800] "GET /res/ueditor/net/controller.ashx?action=catchimage HTTP/1.1" 404 8980 "-" "Mozilla/5.0 (Windows NT 10.0; Win64; x64)"
36.133.115.36 - - [07/Jan/2026:15:35:00 +0800] "POST /wp-cron.php?doing_wp_cron=1767771300.9599909782409667968750 HTTP/1.1" 200 31 "-" "WordPress/6.8.3; http://cqqizhou.com"
147.185.133.76 - - [07/Jan/2026:15:35:01 +0800] "GET / HTTP/1.1" 200 34275 "-" "Hello from Palo Alto Networks, find out more about our scans in https://docs-cortex.paloaltonetworks.com/r/1/Cortex-Xpanse/Scanning-activity"
52.167.144.230 - - [07/Jan/2026:15:43:45 +0800] "GET /2160/ HTTP/1.1" 200 29473 "-" "Mozilla/5.0 AppleWebKit/537.36 (KHTML, like Gecko; compatible; bingbot/2.0; +http://www.bing.com/bingbot.htm) Chrome/116.0.1938.76 Safari/537.36"
36.133.115.36 - - [07/Jan/2026:15:47:39 +0800] "POST /wp-cron.php?doing_wp_cron=1767772059.8237779140472412109375 HTTP/1.1" 200 31 "-" "WordPress/6.8.3; http://cqqizhou.com"
42.225.19.127 - - [07/Jan/2026:15:47:40 +0800] "GET /2159/ HTTP/1.1" 200 28544 "-" "Mozilla/5.0 (Windows NT 10.0; Win64; x64) AppleWebKit/537.36 (KHTML, like Gecko) Chrome/107.0.0.0 Safari/537.36"
14.108.234.5 - - [07/Jan/2026:15:59:08 +0800] "GET / HTTP/1.1" 200 34700 "-" "Mozilla/5.0 (Windows NT 10.0; Win64; x64) AppleWebKit/537.36 (KHTML, like Gecko) Chrome/143.0.0.0 Safari/537.36 Edg/143.0.0.0"
14.108.234.5 - - [07/Jan/2026:15:59:10 +0800] "GET /wp-content/uploads/2025/12/1765268955-qizhou_Slider1_3840%C3%972160_20251210-scaled.webp HTTP/1.1" 200 152162 "http://cqqizhou.com/" "Mozilla/5.0 (Windows NT 10.0; Win64; x64) AppleWebKit/537.36 (KHTML, like Gecko) Chrome/143.0.0.0 Safari/537.36 Edg/143.0.0.0"
14.108.234.5 - - [07/Jan/2026:15:59:10 +0800] "GET /wp-content/uploads/2025/07/1753456723-%E5%8F%8C%E7%9B%B8%E9%92%A2roduct_Single600.webp HTTP/1.1" 200 22790 "http://cqqizhou.com/" "Mozilla/5.0 (Windows NT 10.0; Win64; x64) AppleWebKit/537.36 (KHTML, like Gecko) Chrome/143.0.0.0 Safari/537.36 Edg/143.0.0.0"
14.108.234.5 - - [07/Jan/2026:15:59:10 +0800] "GET /wp-content/uploads/2025/07/1753453127-%E4%BD%99%E5%8D%B7product_Single600%C3%97284.webp HTTP/1.1" 200 18744 "http://cqqizhou.com/" "Mozilla/5.0 (Windows NT 10.0; Win64; x64) AppleWebKit/537.36 (KHTML, like Gecko) Chrome/143.0.0.0 Safari/537.36 Edg/143.0.0.0"
14.108.234.5 - - [07/Jan/2026:15:59:10 +0800] "GET /wp-content/uploads/2025/07/1753453096-%E5%8F%8C%E7%9B%B8%E9%92%A2product_Single600%C3%97284.webp HTTP/1.1" 200 14562 "http://cqqizhou.com/" "Mozilla/5.0 (Windows NT 10.0; Win64; x64) AppleWebKit/537.36 (KHTML, like Gecko) Chrome/143.0.0.0 Safari/537.36 Edg/143.0.0.0"
14.108.234.5 - - [07/Jan/2026:15:59:10 +0800] "GET /wp-content/uploads/2025/07/1753456770-%E7%83%AD%E9%95%80%E9%94%8C%E5%8D%B7product_Single600.webp HTTP/1.1" 200 27502 "http://cqqizhou.com/" "Mozilla/5.0 (Windows NT 10.0; Win64; x64) AppleWebKit/537.36 (KHTML, like Gecko) Chrome/143.0.0.0 Safari/537.36 Edg/143.0.0.0"
14.108.234.5 - - [07/Jan/2026:15:59:10 +0800] "GET /wp-content/uploads/2025/12/1765265398-qizhou_Slider_3840%C3%972160_20251209-scaled-50x100.webp HTTP/1.1" 200 2166 "http://cqqizhou.com/" "Mozilla/5.0 (Windows NT 10.0; Win64; x64) AppleWebKit/537.36 (KHTML, like Gecko) Chrome/143.0.0.0 Safari/537.36 Edg/143.0.0.0"
14.108.234.5 - - [07/Jan/2026:15:59:10 +0800] "GET /wp-content/uploads/revslider/slider-1/1750861156-logistics_Slider_3840%C3%972160_20250625191356-scaled-50x100.webp HTTP/1.1" 200 1416 "http://cqqizhou.com/" "Mozilla/5.0 (Windows NT 10.0; Win64; x64) AppleWebKit/537.36 (KHTML, like Gecko) Chrome/143.0.0.0 Safari/537.36 Edg/143.0.0.0"
36.133.115.36 - - [07/Jan/2026:15:59:11 +0800] "POST /wp-cron.php?doing_wp_cron=1767772751.4894759654998779296875 HTTP/1.1" 200 31 "-" "WordPress/6.8.3; http://cqqizhou.com"
14.108.234.5 - - [07/Jan/2026:15:59:11 +0800] "GET /wp-json/sliderrevolution/sliders/1?srengine=7&slideid=2 HTTP/1.1" 200 2058 "http://cqqizhou.com/" "Mozilla/5.0 (Windows NT 10.0; Win64; x64) AppleWebKit/537.36 (KHTML, like Gecko) Chrome/143.0.0.0 Safari/537.36 Edg/143.0.0.0"
14.108.234.5 - - [07/Jan/2026:15:59:11 +0800] "GET /wp-json/sliderrevolution/sliders/1?srengine=7&slideid=3 HTTP/1.1" 200 2286 "http://cqqizhou.com/" "Mozilla/5.0 (Windows NT 10.0; Win64; x64) AppleWebKit/537.36 (KHTML, like Gecko) Chrome/143.0.0.0 Safari/537.36 Edg/143.0.0.0"
14.108.234.5 - - [07/Jan/2026:15:59:11 +0800] "GET /wp-content/uploads/2025/12/1765265398-qizhou_Slider_3840%C3%972160_20251209-scaled.webp HTTP/1.1" 200 175208 "http://cqqizhou.com/" "Mozilla/5.0 (Windows NT 10.0; Win64; x64) AppleWebKit/537.36 (KHTML, like Gecko) Chrome/143.0.0.0 Safari/537.36 Edg/143.0.0.0"
14.108.234.5 - - [07/Jan/2026:15:59:11 +0800] "GET /wp-content/uploads/revslider/slider-1/1750861156-logistics_Slider_3840%C3%972160_20250625191356-scaled.webp HTTP/1.1" 200 197360 "http://cqqizhou.com/" "Mozilla/5.0 (Windows NT 10.0; Win64; x64) AppleWebKit/537.36 (KHTML, like Gecko) Chrome/143.0.0.0 Safari/537.36 Edg/143.0.0.0"
14.108.234.5 - - [07/Jan/2026:15:59:19 +0800] "GET /wp-content/uploads/2025/12/1765268955-qizhou_Slider1_3840%C3%972160_20251210-scaled-50x100.webp HTTP/1.1" 200 1812 "http://cqqizhou.com/" "Mozilla/5.0 (Windows NT 10.0; Win64; x64) AppleWebKit/537.36 (KHTML, like Gecko) Chrome/143.0.0.0 Safari/537.36 Edg/143.0.0.0"
14.108.234.5 - - [07/Jan/2026:15:59:22 +0800] "GET /wp-admin/ HTTP/1.1" 302 5 "-" "Mozilla/5.0 (Windows NT 10.0; Win64; x64) AppleWebKit/537.36 (KHTML, like Gecko) Chrome/143.0.0.0 Safari/537.36 Edg/143.0.0.0"
14.108.234.5 - - [07/Jan/2026:15:59:22 +0800] "GET /wp-login.php?redirect_to=http%3A%2F%2Fcqqizhou.com%2Fwp-admin%2F&reauth=1 HTTP/1.1" 200 2775 "-" "Mozilla/5.0 (Windows NT 10.0; Win64; x64) AppleWebKit/537.36 (KHTML, like Gecko) Chrome/143.0.0.0 Safari/537.36 Edg/143.0.0.0"
14.108.234.5 - - [07/Jan/2026:15:59:28 +0800] "POST /wp-login.php HTTP/1.1" 302 5 "http://cqqizhou.com/wp-login.php?redirect_to=http%3A%2F%2Fcqqizhou.com%2Fwp-admin%2F&reauth=1" "Mozilla/5.0 (Windows NT 10.0; Win64; x64) AppleWebKit/537.36 (KHTML, like Gecko) Chrome/143.0.0.0 Safari/537.36 Edg/143.0.0.0"
14.108.234.5 - - [07/Jan/2026:15:59:36 +0800] "GET /wp-admin/ HTTP/1.1" 200 60776 "http://cqqizhou.com/wp-login.php?redirect_to=http%3A%2F%2Fcqqizhou.com%2Fwp-admin%2F&reauth=1" "Mozilla/5.0 (Windows NT 10.0; Win64; x64) AppleWebKit/537.36 (KHTML, like Gecko) Chrome/143.0.0.0 Safari/537.36 Edg/143.0.0.0"
14.108.234.5 - - [07/Jan/2026:15:59:36 +0800] "GET /wp-admin/load-styles.php?c=0&dir=ltr&load%5Bchunk_0%5D=dashicons,admin-bar,site-health,common,forms,admin-menu,dashboard,list-tables,edit,revisions,media,themes,about,nav-menus,wp-poi&load%5Bchunk_1%5D=nter,widgets,site-icon,l10n,buttons,media-views,wp-color-picker,editor-buttons,wp-auth-check&ver=6.8.3 HTTP/1.1" 200 115549 "http://cqqizhou.com/wp-admin/" "Mozilla/5.0 (Windows NT 10.0; Win64; x64) AppleWebKit/537.36 (KHTML, like Gecko) Chrome/143.0.0.0 Safari/537.36 Edg/143.0.0.0"
14.108.234.5 - - [07/Jan/2026:15:59:36 +0800] "GET /wp-admin/load-scripts.php?c=0&load%5Bchunk_0%5D=jquery-core,jquery-migrate,utils,wp-dom-ready,wp-hooks&ver=6.8.3 HTTP/1.1" 200 36655 "http://cqqizhou.com/wp-admin/" "Mozilla/5.0 (Windows NT 10.0; Win64; x64) AppleWebKit/537.36 (KHTML, like Gecko) Chrome/143.0.0.0 Safari/537.36 Edg/143.0.0.0"
14.108.234.5 - - [07/Jan/2026:15:59:37 +0800] "GET /wp-admin/load-scripts.php?c=0&load%5Bchunk_0%5D=hoverIntent&ver=6.8.3 HTTP/1.1" 200 719 "http://cqqizhou.com/wp-admin/" "Mozilla/5.0 (Windows NT 10.0; Win64; x64) AppleWebKit/537.36 (KHTML, like Gecko) Chrome/143.0.0.0 Safari/537.36 Edg/143.0.0.0"
14.108.234.5 - - [07/Jan/2026:15:59:45 +0800] "GET /wp-admin/edit.php?post_type=page HTTP/1.1" 200 59809 "http://cqqizhou.com/wp-admin/" "Mozilla/5.0 (Windows NT 10.0; Win64; x64) AppleWebKit/537.36 (KHTML, like Gecko) Chrome/143.0.0.0 Safari/537.36 Edg/143.0.0.0"
14.108.234.5 - - [07/Jan/2026:15:59:45 +0800] "GET /wp-admin/load-styles.php?c=0&dir=ltr&load%5Bchunk_0%5D=dashicons,admin-bar,common,forms,admin-menu,dashboard,list-tables,edit,revisions,media,themes,about,nav-menus,wp-pointer,widgets&load%5Bchunk_1%5D=,site-icon,l10n,buttons,media-views,wp-color-picker,editor-buttons,wp-auth-check&ver=6.8.3 HTTP/1.1" 200 114431 "http://cqqizhou.com/wp-admin/edit.php?post_type=page" "Mozilla/5.0 (Windows NT 10.0; Win64; x64) AppleWebKit/537.36 (KHTML, like Gecko) Chrome/143.0.0.0 Safari/537.36 Edg/143.0.0.0"
36.133.115.36 - - [07/Jan/2026:15:59:46 +0800] "POST /wp-cron.php?doing_wp_cron=1767772786.8355040550231933593750 HTTP/1.1" 200 31 "-" "WordPress/6.8.3; http://cqqizhou.com"
14.108.234.5 - - [07/Jan/2026:15:59:46 +0800] "POST /wp-admin/admin-ajax.php HTTP/1.1" 200 78 "http://cqqizhou.com/wp-admin/edit.php?post_type=page" "Mozilla/5.0 (Windows NT 10.0; Win64; x64) AppleWebKit/537.36 (KHTML, like Gecko) Chrome/143.0.0.0 Safari/537.36 Edg/143.0.0.0"
14.108.234.5 - - [07/Jan/2026:15:59:57 +0800] "POST /wp-admin/admin-ajax.php HTTP/1.1" 200 78 "http://cqqizhou.com/wp-admin/edit.php?post_type=page" "Mozilla/5.0 (Windows NT 10.0; Win64; x64) AppleWebKit/537.36 (KHTML, like Gecko) Chrome/143.0.0.0 Safari/537.36 Edg/143.0.0.0"
14.108.234.5 - - [07/Jan/2026:16:00:06 +0800] "POST /wp-admin/admin-ajax.php HTTP/1.1" 200 78 "http://cqqizhou.com/wp-admin/edit.php?post_type=page" "Mozilla/5.0 (Windows NT 10.0; Win64; x64) AppleWebKit/537.36 (KHTML, like Gecko) Chrome/143.0.0.0 Safari/537.36 Edg/143.0.0.0"
14.108.234.5 - - [07/Jan/2026:16:00:13 +0800] "GET /logistics/ HTTP/1.1" 200 32029 "http://cqqizhou.com/wp-admin/edit.php?post_type=page" "Mozilla/5.0 (Windows NT 10.0; Win64; x64) AppleWebKit/537.36 (KHTML, like Gecko) Chrome/143.0.0.0 Safari/537.36 Edg/143.0.0.0"
14.108.234.5 - - [07/Jan/2026:16:00:13 +0800] "GET /wp-content/uploads/2026/01/1767696162-qizhoutruck3.webp HTTP/1.1" 200 19026 "http://cqqizhou.com/logistics/" "Mozilla/5.0 (Windows NT 10.0; Win64; x64) AppleWebKit/537.36 (KHTML, like Gecko) Chrome/143.0.0.0 Safari/537.36 Edg/143.0.0.0"
14.108.234.5 - - [07/Jan/2026:16:00:14 +0800] "GET /wp-content/uploads/2026/01/1767696142-aojiaqiao20260104.webp HTTP/1.1" 200 184988 "http://cqqizhou.com/wp-content/uploads/elementor/css/post-1959.css?ver=1767696434" "Mozilla/5.0 (Windows NT 10.0; Win64; x64) AppleWebKit/537.36 (KHTML, like Gecko) Chrome/143.0.0.0 Safari/537.36 Edg/143.0.0.0"
14.108.234.5 - - [07/Jan/2026:16:00:15 +0800] "GET /wp-json/contact-form-7/v1/contact-forms/1444/feedback/schema HTTP/1.1" 200 270 "http://cqqizhou.com/logistics/" "Mozilla/5.0 (Windows NT 10.0; Win64; x64) AppleWebKit/537.36 (KHTML, like Gecko) Chrome/143.0.0.0 Safari/537.36 Edg/143.0.0.0"
14.108.234.5 - - [07/Jan/2026:16:00:17 +0800] "GET /wp-json/contact-form-7/v1/contact-forms/1444/refill HTTP/1.1" 200 33 "http://cqqizhou.com/logistics/" "Mozilla/5.0 (Windows NT 10.0; Win64; x64) AppleWebKit/537.36 (KHTML, like Gecko) Chrome/143.0.0.0 Safari/537.36 Edg/143.0.0.0"
14.108.234.5 - - [07/Jan/2026:16:00:17 +0800] "POST /wp-admin/admin-ajax.php HTTP/1.1" 200 78 "http://cqqizhou.com/wp-admin/edit.php?post_type=page" "Mozilla/5.0 (Windows NT 10.0; Win64; x64) AppleWebKit/537.36 (KHTML, like Gecko) Chrome/143.0.0.0 Safari/537.36 Edg/143.0.0.0"
14.108.234.5 - - [07/Jan/2026:16:00:18 +0800] "GET /wp-content/uploads/2026/01/1767618076-Logistics_BG2508.webp HTTP/1.1" 200 94788 "http://cqqizhou.com/wp-content/uploads/elementor/css/post-1959.css?ver=1767696434" "Mozilla/5.0 (Windows NT 10.0; Win64; x64) AppleWebKit/537.36 (KHTML, like Gecko) Chrome/143.0.0.0 Safari/537.36 Edg/143.0.0.0"
14.108.234.5 - - [07/Jan/2026:16:00:27 +0800] "POST /wp-admin/admin-ajax.php HTTP/1.1" 200 78 "http://cqqizhou.com/wp-admin/edit.php?post_type=page" "Mozilla/5.0 (Windows NT 10.0; Win64; x64) AppleWebKit/537.36 (KHTML, like Gecko) Chrome/143.0.0.0 Safari/537.36 Edg/143.0.0.0"
117.135.127.13 - - [07/Jan/2026:16:00:31 +0800] "GET / HTTP/1.1" 301 5 "http://www.cqqizhou.com" "Mozilla/5.0 (Windows NT 6.1; WOW64) AppleWebKit/537.36 (KHTML, like Gecko) Chrome/48.0.2564.109 Safari/537.36"
223.155.219.227 - - [07/Jan/2026:16:00:32 +0800] "GET / HTTP/1.1" 200 34700 "http://www.cqqizhou.com" "Mozilla/5.0 (Windows NT 6.1; WOW64) AppleWebKit/537.36 (KHTML, like Gecko) Chrome/48.0.2564.109 Safari/537.36"
14.108.234.5 - - [07/Jan/2026:16:00:32 +0800] "GET /wp-admin/load-scripts.php?c=0&load%5Bchunk_0%5D=jquery-core,jquery-migrate,jquery-ui-core,jquery-ui-mouse,jquery-ui-draggable,underscore,backbone,wp-api-request,wp-hooks&ver=6.8.3 HTTP/1.1" 200 62569 "http://cqqizhou.com/wp-admin/post.php?post=1959&action=elementor" "Mozilla/5.0 (Windows NT 10.0; Win64; x64) AppleWebKit/537.36 (KHTML, like Gecko) Chrome/143.0.0.0 Safari/537.36 Edg/143.0.0.0"
14.108.234.5 - - [07/Jan/2026:16:00:34 +0800] "GET /wp-admin/load-scripts.php?c=0&load%5Bchunk_0%5D=react,react-dom&ver=6.8.3 HTTP/1.1" 200 45577 "http://cqqizhou.com/wp-admin/post.php?post=1959&action=elementor" "Mozilla/5.0 (Windows NT 10.0; Win64; x64) AppleWebKit/537.36 (KHTML, like Gecko) Chrome/143.0.0.0 Safari/537.36 Edg/143.0.0.0"
14.108.234.5 - - [07/Jan/2026:16:00:36 +0800] "GET /wp-admin/post.php?post=1959&action=elementor HTTP/1.1" 200 310980 "http://cqqizhou.com/wp-admin/edit.php?post_type=page" "Mozilla/5.0 (Windows NT 10.0; Win64; x64) AppleWebKit/537.36 (KHTML, like Gecko) Chrome/143.0.0.0 Safari/537.36 Edg/143.0.0.0"
14.108.234.5 - - [07/Jan/2026:16:00:39 +0800] "GET /wp-json/elementor/v1/global-widget/templates HTTP/1.1" 200 33 "http://cqqizhou.com/wp-admin/post.php?post=1959&action=elementor" "Mozilla/5.0 (Windows NT 10.0; Win64; x64) AppleWebKit/537.36 (KHTML, like Gecko) Chrome/143.0.0.0 Safari/537.36 Edg/143.0.0.0"
14.108.234.5 - - [07/Jan/2026:16:00:39 +0800] "GET /wp-json/elementor/v1/checklist/user-progress HTTP/1.1" 200 222 "http://cqqizhou.com/wp-admin/post.php?post=1959&action=elementor" "Mozilla/5.0 (Windows NT 10.0; Win64; x64) AppleWebKit/537.36 (KHTML, like Gecko) Chrome/143.0.0.0 Safari/537.36 Edg/143.0.0.0"
