14.108.234.5 - - [07/Jan/2026:16:00:39 +0800] "GET /wp-json/elementor/v1/site-navigation/recent-posts?posts_per_page=6&_locale=user HTTP/1.1" 200 368 "http://cqqizhou.com/wp-admin/post.php?post=1959&action=elementor" "Mozilla/5.0 (Windows NT 10.0; Win64; x64) AppleWebKit/537.36 (KHTML, like Gecko) Chrome/143.0.0.0 Safari/537.36 Edg/143.0.0.0"
14.108.234.5 - - [07/Jan/2026:16:00:39 +0800] "GET /wp-json/elementor/v1/kit-elements-defaults HTTP/1.1" 200 33 "http://cqqizhou.com/wp-admin/post.php?post=1959&action=elementor" "Mozilla/5.0 (Windows NT 10.0; Win64; x64) AppleWebKit/537.36 (KHTML, like Gecko) Chrome/143.0.0.0 Safari/537.36 Edg/143.0.0.0"
14.108.234.5 - - [07/Jan/2026:16:00:39 +0800] "POST /wp-admin/admin-ajax.php HTTP/1.1" 200 107 "http://cqqizhou.com/wp-admin/post.php?post=1959&action=elementor" "Mozilla/5.0 (Windows NT 10.0; Win64; x64) AppleWebKit/537.36 (KHTML, like Gecko) Chrome/143.0.0.0 Safari/537.36 Edg/143.0.0.0"
14.108.234.5 - - [07/Jan/2026:16:00:39 +0800] "GET /logistics/?elementor-preview=1959&ver=1767772827 HTTP/1.1" 200 21015 "http://cqqizhou.com/wp-admin/post.php?post=1959&action=elementor" "Mozilla/5.0 (Windows NT 10.0; Win64; x64) AppleWebKit/537.36 (KHTML, like Gecko) Chrome/143.0.0.0 Safari/537.36 Edg/143.0.0.0"
14.108.234.5 - - [07/Jan/2026:16:00:43 +0800] "POST /wp-admin/admin-ajax.php HTTP/1.1" 200 569001 "http://cqqizhou.com/wp-admin/post.php?post=1959&action=elementor" "Mozilla/5.0 (Windows NT 10.0; Win64; x64) AppleWebKit/537.36 (KHTML, like Gecko) Chrome/143.0.0.0 Safari/537.36 Edg/143.0.0.0"
14.108.234.5 - - [07/Jan/2026:16:00:44 +0800] "GET /wp-json/elementor/v1/globals HTTP/1.1" 200 336 "http://cqqizhou.com/wp-admin/post.php?post=1959&action=elementor" "Mozilla/5.0 (Windows NT 10.0; Win64; x64) AppleWebKit/537.36 (KHTML, like Gecko) Chrome/143.0.0.0 Safari/537.36 Edg/143.0.0.0"
36.133.115.36 - - [07/Jan/2026:16:00:46 +0800] "POST /wp-cron.php?doing_wp_cron=1767772846.3871920108795166015625 HTTP/1.1" 200 31 "-" "WordPress/6.8.3; http://cqqizhou.com"
14.108.234.5 - - [07/Jan/2026:16:00:46 +0800] "GET /wp-json/elementor/v1/user-data/current-user?context=edit HTTP/1.1" 200 544 "http://cqqizhou.com/wp-admin/post.php?post=1959&action=elementor" "Mozilla/5.0 (Windows NT 10.0; Win64; x64) AppleWebKit/537.36 (KHTML, like Gecko) Chrome/143.0.0.0 Safari/537.36 Edg/143.0.0.0"
14.108.234.5 - - [07/Jan/2026:16:00:46 +0800] "POST /wp-admin/admin-ajax.php HTTP/1.1" 200 439 "http://cqqizhou.com/wp-admin/post.php?post=1959&action=elementor" "Mozilla/5.0 (Windows NT 10.0; Win64; x64) AppleWebKit/537.36 (KHTML, like Gecko) Chrome/143.0.0.0 Safari/537.36 Edg/143.0.0.0"
14.108.234.5 - - [07/Jan/2026:16:00:54 +0800] "POST /wp-admin/admin-ajax.php HTTP/1.1" 200 107 "http://cqqizhou.com/wp-admin/post.php?post=1959&action=elementor" "Mozilla/5.0 (Windows NT 10.0; Win64; x64) AppleWebKit/537.36 (KHTML, like Gecko) Chrome/143.0.0.0 Safari/537.36 Edg/143.0.0.0"
14.108.234.5 - - [07/Jan/2026:16:01:10 +0800] "POST /wp-admin/admin-ajax.php HTTP/1.1" 200 107 "http://cqqizhou.com/wp-admin/post.php?post=1959&action=elementor" "Mozilla/5.0 (Windows NT 10.0; Win64; x64) AppleWebKit/537.36 (KHTML, like Gecko) Chrome/143.0.0.0 Safari/537.36 Edg/143.0.0.0"
204.76.203.219 - - [07/Jan/2026:16:01:14 +0800] "GET / HTTP/1.1" 200 34276 "-" "Mozilla/5.0 (Windows NT 10.0; Win64; x64) AppleWebKit/537.36 (KHTML, like Gecko) Chrome/90.0.4430.85 Safari/537.36 Edg/90.0.818.46"
14.108.234.5 - - [07/Jan/2026:16:01:15 +0800] "GET /wp-admin/edit.php?post_type=elementor_icons HTTP/1.1" 200 50170 "http://cqqizhou.com/wp-admin/post.php?post=1959&action=elementor" "Mozilla/5.0 (Windows NT 10.0; Win64; x64) AppleWebKit/537.36 (KHTML, like Gecko) Chrome/143.0.0.0 Safari/537.36 Edg/143.0.0.0"
14.108.234.5 - - [07/Jan/2026:16:01:16 +0800] "POST /wp-admin/admin-ajax.php HTTP/1.1" 200 78 "http://cqqizhou.com/wp-admin/edit.php?post_type=elementor_icons" "Mozilla/5.0 (Windows NT 10.0; Win64; x64) AppleWebKit/537.36 (KHTML, like Gecko) Chrome/143.0.0.0 Safari/537.36 Edg/143.0.0.0"
14.108.234.5 - - [07/Jan/2026:16:01:23 +0800] "GET /wp-admin/post-new.php?post_type=elementor_icons HTTP/1.1" 200 71028 "http://cqqizhou.com/wp-admin/edit.php?post_type=elementor_icons" "Mozilla/5.0 (Windows NT 10.0; Win64; x64) AppleWebKit/537.36 (KHTML, like Gecko) Chrome/143.0.0.0 Safari/537.36 Edg/143.0.0.0"
14.108.234.5 - - [07/Jan/2026:16:01:23 +0800] "GET /wp-admin/load-styles.php?c=0&dir=ltr&load%5Bchunk_0%5D=dashicons,admin-bar,common,forms,admin-menu,dashboard,list-tables,edit,revisions,media,themes,about,nav-menus,wp-pointer,widgets&load%5Bchunk_1%5D=,site-icon,l10n,buttons,media-views,wp-color-picker,editor-buttons,wp-auth-check,wp-jquery-ui-dialog&ver=6.8.3 HTTP/1.1" 200 115250 "http://cqqizhou.com/wp-admin/post-new.php?post_type=elementor_icons" "Mozilla/5.0 (Windows NT 10.0; Win64; x64) AppleWebKit/537.36 (KHTML, like Gecko) Chrome/143.0.0.0 Safari/537.36 Edg/143.0.0.0"
14.108.234.5 - - [07/Jan/2026:16:01:25 +0800] "POST /wp-admin/admin-ajax.php HTTP/1.1" 200 107 "http://cqqizhou.com/wp-admin/post.php?post=1959&action=elementor" "Mozilla/5.0 (Windows NT 10.0; Win64; x64) AppleWebKit/537.36 (KHTML, like Gecko) Chrome/143.0.0.0 Safari/537.36 Edg/143.0.0.0"
198.244.242.151 - - [07/Jan/2026:16:01:33 +0800] "GET /portfolio-tag/ansteel-thyssen/ HTTP/1.1" 200 22523 "-" "Mozilla/5.0 (compatible; AhrefsBot/7.0; +http://ahrefs.com/robot/)"
36.133.115.36 - - [07/Jan/2026:16:01:47 +0800] "POST /wp-cron.php?doing_wp_cron=1767772907.9371180534362792968750 HTTP/1.1" 200 31 "-" "WordPress/6.8.3; http://cqqizhou.com"
14.108.234.5 - - [07/Jan/2026:16:01:48 +0800] "POST /wp-admin/admin-ajax.php HTTP/1.1" 200 107 "http://cqqizhou.com/wp-admin/post.php?post=1959&action=elementor" "Mozilla/5.0 (Windows NT 10.0; Win64; x64) AppleWebKit/537.36 (KHTML, like Gecko) Chrome/143.0.0.0 Safari/537.36 Edg/143.0.0.0"
14.108.234.5 - - [07/Jan/2026:16:01:48 +0800] "GET /wp-json/elementor/v1/checklist/user-progress HTTP/1.1" 200 222 "http://cqqizhou.com/wp-admin/post.php?post=1959&action=elementor" "Mozilla/5.0 (Windows NT 10.0; Win64; x64) AppleWebKit/537.36 (KHTML, like Gecko) Chrome/143.0.0.0 Safari/537.36 Edg/143.0.0.0"
14.108.234.5 - - [07/Jan/2026:16:01:58 +0800] "POST /wp-admin/admin-ajax.php HTTP/1.1" 200 57 "http://cqqizhou.com/wp-admin/post.php?post=1959&action=elementor" "Mozilla/5.0 (Windows NT 10.0; Win64; x64) AppleWebKit/537.36 (KHTML, like Gecko) Chrome/143.0.0.0 Safari/537.36 Edg/143.0.0.0"
14.108.234.5 - - [07/Jan/2026:16:01:58 +0800] "POST /wp-admin/admin-ajax.php HTTP/1.1" 200 113 "http://cqqizhou.com/wp-admin/post.php?post=1959&action=elementor" "Mozilla/5.0 (Windows NT 10.0; Win64; x64) AppleWebKit/537.36 (KHTML, like Gecko) Chrome/143.0.0.0 Safari/537.36 Edg/143.0.0.0"
14.108.234.5 - - [07/Jan/2026:16:02:03 +0800] "POST /wp-admin/admin-ajax.php HTTP/1.1" 200 107 "http://cqqizhou.com/wp-admin/post.php?post=1959&action=elementor" "Mozilla/5.0 (Windows NT 10.0; Win64; x64) AppleWebKit/537.36 (KHTML, like Gecko) Chrome/143.0.0.0 Safari/537.36 Edg/143.0.0.0"
14.108.234.5 - - [07/Jan/2026:16:02:16 +0800] "POST /wp-admin/async-upload.php HTTP/1.1" 200 156 "http://cqqizhou.com/wp-admin/post.php?post=1959&action=elementor" "Mozilla/5.0 (Windows NT 10.0; Win64; x64) AppleWebKit/537.36 (KHTML, like Gecko) Chrome/143.0.0.0 Safari/537.36 Edg/143.0.0.0"
14.108.234.5 - - [07/Jan/2026:16:02:18 +0800] "POST /wp-admin/admin-ajax.php HTTP/1.1" 200 107 "http://cqqizhou.com/wp-admin/post.php?post=1959&action=elementor" "Mozilla/5.0 (Windows NT 10.0; Win64; x64) AppleWebKit/537.36 (KHTML, like Gecko) Chrome/143.0.0.0 Safari/537.36 Edg/143.0.0.0"
14.108.234.5 - - [07/Jan/2026:16:02:28 +0800] "POST /wp-admin/admin-ajax.php HTTP/1.1" 200 78 "http://cqqizhou.com/wp-admin/edit.php?post_type=page" "Mozilla/5.0 (Windows NT 10.0; Win64; x64) AppleWebKit/537.36 (KHTML, like Gecko) Chrome/143.0.0.0 Safari/537.36 Edg/143.0.0.0"
14.108.234.5 - - [07/Jan/2026:16:02:33 +0800] "POST /wp-admin/admin-ajax.php HTTP/1.1" 200 107 "http://cqqizhou.com/wp-admin/post.php?post=1959&action=elementor" "Mozilla/5.0 (Windows NT 10.0; Win64; x64) AppleWebKit/537.36 (KHTML, like Gecko) Chrome/143.0.0.0 Safari/537.36 Edg/143.0.0.0"
36.133.115.36 - - [07/Jan/2026:16:02:48 +0800] "POST /wp-cron.php?doing_wp_cron=1767772968.0317089557647705078125 HTTP/1.1" 200 31 "-" "WordPress/6.8.3; http://cqqizhou.com"
14.108.234.5 - - [07/Jan/2026:16:02:48 +0800] "POST /wp-admin/admin-ajax.php HTTP/1.1" 200 107 "http://cqqizhou.com/wp-admin/post.php?post=1959&action=elementor" "Mozilla/5.0 (Windows NT 10.0; Win64; x64) AppleWebKit/537.36 (KHTML, like Gecko) Chrome/143.0.0.0 Safari/537.36 Edg/143.0.0.0"
14.108.234.5 - - [07/Jan/2026:16:03:03 +0800] "POST /wp-admin/admin-ajax.php HTTP/1.1" 200 107 "http://cqqizhou.com/wp-admin/post.php?post=1959&action=elementor" "Mozilla/5.0 (Windows NT 10.0; Win64; x64) AppleWebKit/537.36 (KHTML, like Gecko) Chrome/143.0.0.0 Safari/537.36 Edg/143.0.0.0"
14.108.234.5 - - [07/Jan/2026:16:03:18 +0800] "POST /wp-admin/admin-ajax.php HTTP/1.1" 200 107 "http://cqqizhou.com/wp-admin/post.php?post=1959&action=elementor" "Mozilla/5.0 (Windows NT 10.0; Win64; x64) AppleWebKit/537.36 (KHTML, like Gecko) Chrome/143.0.0.0 Safari/537.36 Edg/143.0.0.0"
14.108.234.5 - - [07/Jan/2026:16:03:33 +0800] "POST /wp-admin/admin-ajax.php HTTP/1.1" 200 107 "http://cqqizhou.com/wp-admin/post.php?post=1959&action=elementor" "Mozilla/5.0 (Windows NT 10.0; Win64; x64) AppleWebKit/537.36 (KHTML, like Gecko) Chrome/143.0.0.0 Safari/537.36 Edg/143.0.0.0"
36.133.115.36 - - [07/Jan/2026:16:03:48 +0800] "POST /wp-cron.php?doing_wp_cron=1767773028.5227310657501220703125 HTTP/1.1" 200 31 "-" "WordPress/6.8.3; http://cqqizhou.com"
14.108.234.5 - - [07/Jan/2026:16:03:48 +0800] "POST /wp-admin/admin-ajax.php HTTP/1.1" 200 107 "http://cqqizhou.com/wp-admin/post.php?post=1959&action=elementor" "Mozilla/5.0 (Windows NT 10.0; Win64; x64) AppleWebKit/537.36 (KHTML, like Gecko) Chrome/143.0.0.0 Safari/537.36 Edg/143.0.0.0"
14.108.234.5 - - [07/Jan/2026:16:04:29 +0800] "POST /wp-admin/admin-ajax.php HTTP/1.1" 200 78 "http://cqqizhou.com/wp-admin/edit.php?post_type=page" "Mozilla/5.0 (Windows NT 10.0; Win64; x64) AppleWebKit/537.36 (KHTML, like Gecko) Chrome/143.0.0.0 Safari/537.36 Edg/143.0.0.0"
36.133.115.36 - - [07/Jan/2026:16:05:49 +0800] "POST /wp-cron.php?doing_wp_cron=1767773149.5871241092681884765625 HTTP/1.1" 200 31 "-" "WordPress/6.8.3; http://cqqizhou.com"
14.108.234.5 - - [07/Jan/2026:16:05:49 +0800] "POST /wp-admin/admin-ajax.php HTTP/1.1" 200 107 "http://cqqizhou.com/wp-admin/post.php?post=1959&action=elementor" "Mozilla/5.0 (Windows NT 10.0; Win64; x64) AppleWebKit/537.36 (KHTML, like Gecko) Chrome/143.0.0.0 Safari/537.36 Edg/143.0.0.0"
14.108.234.5 - - [07/Jan/2026:16:06:30 +0800] "POST /wp-admin/admin-ajax.php HTTP/1.1" 200 78 "http://cqqizhou.com/wp-admin/edit.php?post_type=page" "Mozilla/5.0 (Windows NT 10.0; Win64; x64) AppleWebKit/537.36 (KHTML, like Gecko) Chrome/143.0.0.0 Safari/537.36 Edg/143.0.0.0"
36.133.115.36 - - [07/Jan/2026:16:07:50 +0800] "POST /wp-cron.php?doing_wp_cron=1767773270.5657649040222167968750 HTTP/1.1" 200 31 "-" "WordPress/6.8.3; http://cqqizhou.com"
14.108.234.5 - - [07/Jan/2026:16:07:50 +0800] "POST /wp-admin/admin-ajax.php HTTP/1.1" 200 107 "http://cqqizhou.com/wp-admin/post.php?post=1959&action=elementor" "Mozilla/5.0 (Windows NT 10.0; Win64; x64) AppleWebKit/537.36 (KHTML, like Gecko) Chrome/143.0.0.0 Safari/537.36 Edg/143.0.0.0"
204.76.203.18 - - [07/Jan/2026:16:08:15 +0800] "GET / HTTP/1.1" 200 109837 "-" "-"
36.133.115.36 - - [07/Jan/2026:16:08:22 +0800] "POST /wp-cron.php?doing_wp_cron=1767773302.6985139846801757812500 HTTP/1.1" 200 31 "-" "WordPress/6.8.3; http://cqqizhou.com"
204.76.203.18 - - [07/Jan/2026:16:08:23 +0800] "GET / HTTP/1.1" 200 109837 "-" "-"
204.76.203.18 - - [07/Jan/2026:16:08:25 +0800] "GET / HTTP/1.1" 499 0 "-" "-"
204.76.203.18 - - [07/Jan/2026:16:08:27 +0800] "GET / HTTP/1.1" 200 109837 "-" "-"
14.108.234.5 - - [07/Jan/2026:16:08:31 +0800] "POST /wp-admin/admin-ajax.php HTTP/1.1" 200 78 "http://cqqizhou.com/wp-admin/edit.php?post_type=page" "Mozilla/5.0 (Windows NT 10.0; Win64; x64) AppleWebKit/537.36 (KHTML, like Gecko) Chrome/143.0.0.0 Safari/537.36 Edg/143.0.0.0"
36.133.115.36 - - [07/Jan/2026:16:08:50 +0800] "POST /wp-cron.php?doing_wp_cron=1767773330.9113221168518066406250 HTTP/1.1" 200 31 "-" "WordPress/6.8.3; http://cqqizhou.com"
95.214.54.147 - - [07/Jan/2026:16:08:50 +0800] "GET / HTTP/1.1" 301 5 "-" "Wget"
38.46.221.123 - - [07/Jan/2026:16:09:28 +0800] "GET http://check.9tb.org/ HTTP/1.1" 301 5 "-" "Go-http-client/1.1"
38.46.221.123 - - [07/Jan/2026:16:09:28 +0800] "GET http://cqqizhou.com/ HTTP/1.1" 200 34700 "http://check.9tb.org" "Go-http-client/1.1"
36.133.115.36 - - [07/Jan/2026:16:09:51 +0800] "POST /wp-cron.php?doing_wp_cron=1767773391.5246379375457763671875 HTTP/1.1" 200 31 "-" "WordPress/6.8.3; http://cqqizhou.com"
14.108.234.5 - - [07/Jan/2026:16:09:51 +0800] "POST /wp-admin/admin-ajax.php HTTP/1.1" 200 107 "http://cqqizhou.com/wp-admin/post.php?post=1959&action=elementor" "Mozilla/5.0 (Windows NT 10.0; Win64; x64) AppleWebKit/537.36 (KHTML, like Gecko) Chrome/143.0.0.0 Safari/537.36 Edg/143.0.0.0"
14.108.234.5 - - [07/Jan/2026:16:10:32 +0800] "POST /wp-admin/admin-ajax.php HTTP/1.1" 200 78 "http://cqqizhou.com/wp-admin/edit.php?post_type=page" "Mozilla/5.0 (Windows NT 10.0; Win64; x64) AppleWebKit/537.36 (KHTML, like Gecko) Chrome/143.0.0.0 Safari/537.36 Edg/143.0.0.0"
36.133.115.36 - - [07/Jan/2026:16:11:52 +0800] "POST /wp-cron.php?doing_wp_cron=1767773512.5922739505767822265625 HTTP/1.1" 200 31 "-" "WordPress/6.8.3; http://cqqizhou.com"
14.108.234.5 - - [07/Jan/2026:16:11:52 +0800] "POST /wp-admin/admin-ajax.php HTTP/1.1" 200 107 "http://cqqizhou.com/wp-admin/post.php?post=1959&action=elementor" "Mozilla/5.0 (Windows NT 10.0; Win64; x64) AppleWebKit/537.36 (KHTML, like Gecko) Chrome/143.0.0.0 Safari/537.36 Edg/143.0.0.0"
36.133.115.36 - - [07/Jan/2026:16:13:53 +0800] "POST /wp-cron.php?doing_wp_cron=1767773633.5597720146179199218750 HTTP/1.1" 200 31 "-" "WordPress/6.8.3; http://cqqizhou.com"
14.108.234.5 - - [07/Jan/2026:16:13:53 +0800] "POST /wp-admin/admin-ajax.php HTTP/1.1" 200 107 "http://cqqizhou.com/wp-admin/post.php?post=1959&action=elementor" "Mozilla/5.0 (Windows NT 10.0; Win64; x64) AppleWebKit/537.36 (KHTML, like Gecko) Chrome/143.0.0.0 Safari/537.36 Edg/143.0.0.0"
72.167.44.205 - - [07/Jan/2026:16:14:24 +0800] "HEAD /invoker/EJBInvokerServlet HTTP/1.1" 404 0 "-" "Mozilla/5.0 (Macintosh; Intel Mac OS X 10.10; rv:38.0) Gecko/20100101 Firefox/38.0"
72.167.44.205 - - [07/Jan/2026:16:14:27 +0800] "HEAD /jmx-console/HtmlAdaptor?action=inspectMBean&name=jboss.system:type=ServerInfo HTTP/1.1" 404 0 "-" "Mozilla/5.0 (Macintosh; Intel Mac OS X 10.10; rv:38.0) Gecko/20100101 Firefox/38.0"
72.167.44.205 - - [07/Jan/2026:16:14:29 +0800] "HEAD /invoker/JMXInvokerServlet HTTP/1.1" 404 0 "-" "Mozilla/5.0 (Macintosh; Intel Mac OS X 10.10; rv:38.0) Gecko/20100101 Firefox/38.0"
72.167.44.205 - - [07/Jan/2026:16:14:33 +0800] "HEAD /web-console/ServerInfo.jsp HTTP/1.1" 404 0 "-" "Mozilla/5.0 (Macintosh; Intel Mac OS X 10.10; rv:38.0) Gecko/20100101 Firefox/38.0"
36.133.115.36 - - [07/Jan/2026:16:15:54 +0800] "POST /wp-cron.php?doing_wp_cron=1767773754.5434329509735107421875 HTTP/1.1" 200 31 "-" "WordPress/6.8.3; http://cqqizhou.com"
14.108.234.5 - - [07/Jan/2026:16:15:54 +0800] "POST /wp-admin/admin-ajax.php HTTP/1.1" 200 107 "http://cqqizhou.com/wp-admin/post.php?post=1959&action=elementor" "Mozilla/5.0 (Windows NT 10.0; Win64; x64) AppleWebKit/537.36 (KHTML, like Gecko) Chrome/143.0.0.0 Safari/537.36 Edg/143.0.0.0"
36.133.115.36 - - [07/Jan/2026:16:17:55 +0800] "POST /wp-cron.php?doing_wp_cron=1767773875.5089340209960937500000 HTTP/1.1" 200 31 "-" "WordPress/6.8.3; http://cqqizhou.com"
14.108.234.5 - - [07/Jan/2026:16:17:55 +0800] "POST /wp-admin/admin-ajax.php HTTP/1.1" 200 107 "http://cqqizhou.com/wp-admin/post.php?post=1959&action=elementor" "Mozilla/5.0 (Windows NT 10.0; Win64; x64) AppleWebKit/537.36 (KHTML, like Gecko) Chrome/143.0.0.0 Safari/537.36 Edg/143.0.0.0"
36.133.115.36 - - [07/Jan/2026:16:19:56 +0800] "POST /wp-cron.php?doing_wp_cron=1767773996.5087509155273437500000 HTTP/1.1" 200 31 "-" "WordPress/6.8.3; http://cqqizhou.com"
14.108.234.5 - - [07/Jan/2026:16:19:56 +0800] "POST /wp-admin/admin-ajax.php HTTP/1.1" 200 107 "http://cqqizhou.com/wp-admin/post.php?post=1959&action=elementor" "Mozilla/5.0 (Windows NT 10.0; Win64; x64) AppleWebKit/537.36 (KHTML, like Gecko) Chrome/143.0.0.0 Safari/537.36 Edg/143.0.0.0"
36.133.115.36 - - [07/Jan/2026:16:21:57 +0800] "POST /wp-cron.php?doing_wp_cron=1767774117.5179159641265869140625 HTTP/1.1" 200 31 "-" "WordPress/6.8.3; http://cqqizhou.com"
14.108.234.5 - - [07/Jan/2026:16:21:57 +0800] "POST /wp-admin/admin-ajax.php HTTP/1.1" 200 107 "http://cqqizhou.com/wp-admin/post.php?post=1959&action=elementor" "Mozilla/5.0 (Windows NT 10.0; Win64; x64) AppleWebKit/537.36 (KHTML, like Gecko) Chrome/143.0.0.0 Safari/537.36 Edg/143.0.0.0"
36.133.115.36 - - [07/Jan/2026:16:23:58 +0800] "POST /wp-cron.php?doing_wp_cron=1767774238.5585858821868896484375 HTTP/1.1" 200 31 "-" "WordPress/6.8.3; http://cqqizhou.com"
14.108.234.5 - - [07/Jan/2026:16:23:58 +0800] "POST /wp-admin/admin-ajax.php HTTP/1.1" 200 107 "http://cqqizhou.com/wp-admin/post.php?post=1959&action=elementor" "Mozilla/5.0 (Windows NT 10.0; Win64; x64) AppleWebKit/537.36 (KHTML, like Gecko) Chrome/143.0.0.0 Safari/537.36 Edg/143.0.0.0"
36.133.115.36 - - [07/Jan/2026:16:25:59 +0800] "POST /wp-cron.php?doing_wp_cron=1767774359.6084880828857421875000 HTTP/1.1" 200 31 "-" "WordPress/6.8.3; http://cqqizhou.com"
14.108.234.5 - - [07/Jan/2026:16:25:59 +0800] "POST /wp-admin/admin-ajax.php HTTP/1.1" 200 107 "http://cqqizhou.com/wp-admin/post.php?post=1959&action=elementor" "Mozilla/5.0 (Windows NT 10.0; Win64; x64) AppleWebKit/537.36 (KHTML, like Gecko) Chrome/143.0.0.0 Safari/537.36 Edg/143.0.0.0"
139.9.55.116 - - [07/Jan/2026:16:27:08 +0800] "GET /admin/uploadf.php?submit=1 HTTP/1.1" 404 47 "-" "Mozilla/5.0 (Windows NT 10.0; Win64; x64)"
36.133.115.36 - - [07/Jan/2026:16:28:00 +0800] "POST /wp-cron.php?doing_wp_cron=1767774480.5168828964233398437500 HTTP/1.1" 200 31 "-" "WordPress/6.8.3; http://cqqizhou.com"
14.108.234.5 - - [07/Jan/2026:16:28:00 +0800] "POST /wp-admin/admin-ajax.php HTTP/1.1" 200 107 "http://cqqizhou.com/wp-admin/post.php?post=1959&action=elementor" "Mozilla/5.0 (Windows NT 10.0; Win64; x64) AppleWebKit/537.36 (KHTML, like Gecko) Chrome/143.0.0.0 Safari/537.36 Edg/143.0.0.0"
36.133.115.36 - - [07/Jan/2026:16:29:01 +0800] "POST /wp-cron.php?doing_wp_cron=1767774541.6817119121551513671875 HTTP/1.1" 200 31 "-" "WordPress/6.8.3; http://cqqizhou.com"
39.72.83.184 - - [07/Jan/2026:16:29:01 +0800] "GET /services HTTP/1.1" 301 5 "http://cqqizhou.com" "Mozilla/5.0 (Windows NT 6.2; Win64; x64) AppleWebKit/537.36 (KHTML, like Gecko) Chrome/60.0.3112.90 Safari/537.36"
39.72.83.184 - - [07/Jan/2026:16:29:01 +0800] "GET http://cqqizhou.com/services/ HTTP/1.1" 200 26157 "http://cqqizhou.com" "Mozilla/5.0 (Windows NT 6.2; Win64; x64) AppleWebKit/537.36 (KHTML, like Gecko) Chrome/60.0.3112.90 Safari/537.36"
39.72.83.184 - - [07/Jan/2026:16:29:06 +0800] "GET http://cqqizhou.com/logistics HTTP/1.1" 301 5 "http://cqqizhou.com" "Mozilla/5.0 (compatible; MSIE 9.0; Windows NT 6.1; WOW64; Trident/5.0)"
39.72.83.184 - - [07/Jan/2026:16:29:06 +0800] "GET http://cqqizhou.com/logistics/ HTTP/1.1" 200 29834 "http://cqqizhou.com" "Mozilla/5.0 (compatible; MSIE 9.0; Windows NT 6.1; WOW64; Trident/5.0)"
39.72.83.184 - - [07/Jan/2026:16:29:09 +0800] "GET http://cqqizhou.com/bug HTTP/1.1" 301 5 "http://cqqizhou.com" "Mozilla/5.0 (Windows NT 10.0; Win64; x64) AppleWebKit/537.36 (KHTML, like Gecko) Chrome/61.0.3163.100 Safari/537.36"
39.72.83.184 - - [07/Jan/2026:16:29:10 +0800] "GET http://cqqizhou.com/bug/ HTTP/1.1" 200 12820 "http://cqqizhou.com" "Mozilla/5.0 (Windows NT 10.0; Win64; x64) AppleWebKit/537.36 (KHTML, like Gecko) Chrome/61.0.3163.100 Safari/537.36"
39.72.83.184 - - [07/Jan/2026:16:29:22 +0800] "GET http://cqqizhou.com/contacts HTTP/1.1" 301 5 "http://cqqizhou.com" "Mozilla/4.0 (compatible; MSIE 7.0; Windows NT 6.1; WOW64; Trident/4.0; SLCC2; Media Center PC 6.0; .NET CLR 3.5.30729; .NET CLR 3.0.30729; .NET CLR 2.0.50727; .NET4.0C; .NET4.0E)"
39.72.83.184 - - [07/Jan/2026:16:29:22 +0800] "GET http://cqqizhou.com/contacts/ HTTP/1.1" 200 21722 "http://cqqizhou.com" "Mozilla/4.0 (compatible; MSIE 7.0; Windows NT 6.1; WOW64; Trident/4.0; SLCC2; Media Center PC 6.0; .NET CLR 3.5.30729; .NET CLR 3.0.30729; .NET CLR 2.0.50727; .NET4.0C; .NET4.0E)"
36.133.115.36 - - [07/Jan/2026:16:30:01 +0800] "POST /wp-cron.php?doing_wp_cron=1767774601.5272989273071289062500 HTTP/1.1" 200 31 "-" "WordPress/6.8.3; http://cqqizhou.com"
14.108.234.5 - - [07/Jan/2026:16:30:01 +0800] "POST /wp-admin/admin-ajax.php HTTP/1.1" 200 107 "http://cqqizhou.com/wp-admin/post.php?post=1959&action=elementor" "Mozilla/5.0 (Windows NT 10.0; Win64; x64) AppleWebKit/537.36 (KHTML, like Gecko) Chrome/143.0.0.0 Safari/537.36 Edg/143.0.0.0"
36.133.115.36 - - [07/Jan/2026:16:32:03 +0800] "POST /wp-cron.php?doing_wp_cron=1767774723.1114640235900878906250 HTTP/1.1" 200 31 "-" "WordPress/6.8.3; http://cqqizhou.com"
14.108.234.5 - - [07/Jan/2026:16:32:03 +0800] "POST /wp-admin/admin-ajax.php HTTP/1.1" 200 107 "http://cqqizhou.com/wp-admin/post.php?post=1959&action=elementor" "Mozilla/5.0 (Windows NT 10.0; Win64; x64) AppleWebKit/537.36 (KHTML, like Gecko) Chrome/143.0.0.0 Safari/537.36 Edg/143.0.0.0"
36.133.115.36 - - [07/Jan/2026:16:34:03 +0800] "POST /wp-cron.php?doing_wp_cron=1767774843.5488910675048828125000 HTTP/1.1" 200 31 "-" "WordPress/6.8.3; http://cqqizhou.com"
14.108.234.5 - - [07/Jan/2026:16:34:03 +0800] "POST /wp-admin/admin-ajax.php HTTP/1.1" 200 107 "http://cqqizhou.com/wp-admin/post.php?post=1959&action=elementor" "Mozilla/5.0 (Windows NT 10.0; Win64; x64) AppleWebKit/537.36 (KHTML, like Gecko) Chrome/143.0.0.0 Safari/537.36 Edg/143.0.0.0"
36.133.115.36 - - [07/Jan/2026:16:36:04 +0800] "POST /wp-cron.php?doing_wp_cron=1767774964.6096260547637939453125 HTTP/1.1" 200 31 "-" "WordPress/6.8.3; http://cqqizhou.com"
14.108.234.5 - - [07/Jan/2026:16:36:04 +0800] "POST /wp-admin/admin-ajax.php HTTP/1.1" 200 107 "http://cqqizhou.com/wp-admin/post.php?post=1959&action=elementor" "Mozilla/5.0 (Windows NT 10.0; Win64; x64) AppleWebKit/537.36 (KHTML, like Gecko) Chrome/143.0.0.0 Safari/537.36 Edg/143.0.0.0"
43.159.152.4 - - [07/Jan/2026:16:36:34 +0800] "GET / HTTP/1.1" 301 5 "-" "Mozilla/5.0 (iPhone; CPU iPhone OS 13_2_3 like Mac OS X) AppleWebKit/605.1.15 (KHTML, like Gecko) Version/13.0.3 Mobile/15E148 Safari/604.1"
43.159.152.4 - - [07/Jan/2026:16:36:37 +0800] "GET / HTTP/1.1" 200 34275 "http://www.cqqizhou.com" "Mozilla/5.0 (iPhone; CPU iPhone OS 13_2_3 like Mac OS X) AppleWebKit/605.1.15 (KHTML, like Gecko) Version/13.0.3 Mobile/15E148 Safari/604.1"
36.133.115.36 - - [07/Jan/2026:16:38:05 +0800] "POST /wp-cron.php?doing_wp_cron=1767775085.5111188888549804687500 HTTP/1.1" 200 31 "-" "WordPress/6.8.3; http://cqqizhou.com"
14.108.234.5 - - [07/Jan/2026:16:38:05 +0800] "POST /wp-admin/admin-ajax.php HTTP/1.1" 200 107 "http://cqqizhou.com/wp-admin/post.php?post=1959&action=elementor" "Mozilla/5.0 (Windows NT 10.0; Win64; x64) AppleWebKit/537.36 (KHTML, like Gecko) Chrome/143.0.0.0 Safari/537.36 Edg/143.0.0.0"
36.133.115.36 - - [07/Jan/2026:16:40:06 +0800] "POST /wp-cron.php?doing_wp_cron=1767775206.5587549209594726562500 HTTP/1.1" 200 31 "-" "WordPress/6.8.3; http://cqqizhou.com"
14.108.234.5 - - [07/Jan/2026:16:40:06 +0800] "POST /wp-admin/admin-ajax.php HTTP/1.1" 200 107 "http://cqqizhou.com/wp-admin/post.php?post=1959&action=elementor" "Mozilla/5.0 (Windows NT 10.0; Win64; x64) AppleWebKit/537.36 (KHTML, like Gecko) Chrome/143.0.0.0 Safari/537.36 Edg/143.0.0.0"
36.133.115.36 - - [07/Jan/2026:16:41:53 +0800] "POST /wp-cron.php?doing_wp_cron=1767775313.2817480564117431640625 HTTP/1.1" 200 31 "-" "WordPress/6.8.3; http://cqqizhou.com"
66.249.68.71 - - [07/Jan/2026:16:41:53 +0800] "GET /robots.txt HTTP/1.1" 200 190 "-" "Mozilla/5.0 (compatible; Googlebot/2.1; +http://www.google.com/bot.html)"
14.108.234.5 - - [07/Jan/2026:16:42:07 +0800] "POST /wp-admin/admin-ajax.php HTTP/1.1" 200 107 "http://cqqizhou.com/wp-admin/post.php?post=1959&action=elementor" "Mozilla/5.0 (Windows NT 10.0; Win64; x64) AppleWebKit/537.36 (KHTML, like Gecko) Chrome/143.0.0.0 Safari/537.36 Edg/143.0.0.0"
36.133.115.36 - - [07/Jan/2026:16:44:08 +0800] "POST /wp-cron.php?doing_wp_cron=1767775448.5090351104736328125000 HTTP/1.1" 200 31 "-" "WordPress/6.8.3; http://cqqizhou.com"
14.108.234.5 - - [07/Jan/2026:16:44:08 +0800] "POST /wp-admin/admin-ajax.php HTTP/1.1" 200 107 "http://cqqizhou.com/wp-admin/post.php?post=1959&action=elementor" "Mozilla/5.0 (Windows NT 10.0; Win64; x64) AppleWebKit/537.36 (KHTML, like Gecko) Chrome/143.0.0.0 Safari/537.36 Edg/143.0.0.0"
36.133.115.36 - - [07/Jan/2026:16:45:51 +0800] "POST /wp-cron.php?doing_wp_cron=1767775551.1765079498291015625000 HTTP/1.1" 200 31 "-" "WordPress/6.8.3; http://cqqizhou.com"
193.142.147.209 - - [07/Jan/2026:16:45:51 +0800] "POST / HTTP/1.1" 200 34275 "-" "Mozilla/5.0 (Windows NT 10.0; Win64; x64) AppleWebKit/537.36"
14.108.234.5 - - [07/Jan/2026:16:46:09 +0800] "POST /wp-admin/admin-ajax.php HTTP/1.1" 200 107 "http://cqqizhou.com/wp-admin/post.php?post=1959&action=elementor" "Mozilla/5.0 (Windows NT 10.0; Win64; x64) AppleWebKit/537.36 (KHTML, like Gecko) Chrome/143.0.0.0 Safari/537.36 Edg/143.0.0.0"
36.133.115.36 - - [07/Jan/2026:16:46:53 +0800] "POST /wp-cron.php?doing_wp_cron=1767775613.2618410587310791015625 HTTP/1.1" 200 31 "-" "WordPress/6.8.3; http://cqqizhou.com"
36.133.108.119 - - [07/Jan/2026:16:46:53 +0800] "HEAD /services HTTP/1.1" 301 0 "-" "Mozilla/5.0 (compatible; MSIE 8.0; Windows NT 5.1; Trident/4.0; SLCC1; .NET CLR 3.0.4506.2152; .NET CLR 3.5.30729; .NET CLR 1.1.4322)"
36.133.115.36 - - [07/Jan/2026:16:48:10 +0800] "POST /wp-cron.php?doing_wp_cron=1767775690.5227909088134765625000 HTTP/1.1" 200 31 "-" "WordPress/6.8.3; http://cqqizhou.com"
14.108.234.5 - - [07/Jan/2026:16:48:10 +0800] "POST /wp-admin/admin-ajax.php HTTP/1.1" 200 107 "http://cqqizhou.com/wp-admin/post.php?post=1959&action=elementor" "Mozilla/5.0 (Windows NT 10.0; Win64; x64) AppleWebKit/537.36 (KHTML, like Gecko) Chrome/143.0.0.0 Safari/537.36 Edg/143.0.0.0"
36.133.115.36 - - [07/Jan/2026:16:50:11 +0800] "POST /wp-cron.php?doing_wp_cron=1767775811.5280380249023437500000 HTTP/1.1" 200 31 "-" "WordPress/6.8.3; http://cqqizhou.com"
14.108.234.5 - - [07/Jan/2026:16:50:11 +0800] "POST /wp-admin/admin-ajax.php HTTP/1.1" 200 107 "http://cqqizhou.com/wp-admin/post.php?post=1959&action=elementor" "Mozilla/5.0 (Windows NT 10.0; Win64; x64) AppleWebKit/537.36 (KHTML, like Gecko) Chrome/143.0.0.0 Safari/537.36 Edg/143.0.0.0"
36.133.115.36 - - [07/Jan/2026:16:52:13 +0800] "POST /wp-cron.php?doing_wp_cron=1767775933.4289250373840332031250 HTTP/1.1" 200 31 "-" "WordPress/6.8.3; http://cqqizhou.com"
14.108.234.5 - - [07/Jan/2026:16:52:13 +0800] "POST /wp-admin/admin-ajax.php HTTP/1.1" 200 107 "http://cqqizhou.com/wp-admin/post.php?post=1959&action=elementor" "Mozilla/5.0 (Windows NT 10.0; Win64; x64) AppleWebKit/537.36 (KHTML, like Gecko) Chrome/143.0.0.0 Safari/537.36 Edg/143.0.0.0"
36.133.115.36 - - [07/Jan/2026:16:53:41 +0800] "POST /wp-cron.php?doing_wp_cron=1767776021.1182370185852050781250 HTTP/1.1" 200 31 "-" "WordPress/6.8.3; http://cqqizhou.com"
36.133.108.119 - - [07/Jan/2026:16:53:41 +0800] "HEAD /aab9 HTTP/1.1" 404 0 "-" "Mozilla/5.0 (iPad; CPU OS 6_0 like Mac OS X) AppleWebKit/536.26 (KHTML, like Gecko) Version/6.0 Mobile/10A5355d Safari/8536.25"
36.133.115.36 - - [07/Jan/2026:16:54:13 +0800] "POST /wp-cron.php?doing_wp_cron=1767776053.5074839591979980468750 HTTP/1.1" 200 31 "-" "WordPress/6.8.3; http://cqqizhou.com"
14.108.234.5 - - [07/Jan/2026:16:54:13 +0800] "POST /wp-admin/admin-ajax.php HTTP/1.1" 200 107 "http://cqqizhou.com/wp-admin/post.php?post=1959&action=elementor" "Mozilla/5.0 (Windows NT 10.0; Win64; x64) AppleWebKit/537.36 (KHTML, like Gecko) Chrome/143.0.0.0 Safari/537.36 Edg/143.0.0.0"
36.133.115.36 - - [07/Jan/2026:16:56:14 +0800] "POST /wp-cron.php?doing_wp_cron=1767776174.5998420715332031250000 HTTP/1.1" 200 31 "-" "WordPress/6.8.3; http://cqqizhou.com"
14.108.234.5 - - [07/Jan/2026:16:56:14 +0800] "POST /wp-admin/admin-ajax.php HTTP/1.1" 200 107 "http://cqqizhou.com/wp-admin/post.php?post=1959&action=elementor" "Mozilla/5.0 (Windows NT 10.0; Win64; x64) AppleWebKit/537.36 (KHTML, like Gecko) Chrome/143.0.0.0 Safari/537.36 Edg/143.0.0.0"
36.133.115.36 - - [07/Jan/2026:16:58:15 +0800] "POST /wp-cron.php?doing_wp_cron=1767776295.5114600658416748046875 HTTP/1.1" 200 31 "-" "WordPress/6.8.3; http://cqqizhou.com"
14.108.234.5 - - [07/Jan/2026:16:58:15 +0800] "POST /wp-admin/admin-ajax.php HTTP/1.1" 200 107 "http://cqqizhou.com/wp-admin/post.php?post=1959&action=elementor" "Mozilla/5.0 (Windows NT 10.0; Win64; x64) AppleWebKit/537.36 (KHTML, like Gecko) Chrome/143.0.0.0 Safari/537.36 Edg/143.0.0.0"
36.133.115.36 - - [07/Jan/2026:16:59:08 +0800] "POST /wp-cron.php?doing_wp_cron=1767776348.9317190647125244140625 HTTP/1.1" 200 31 "-" "WordPress/6.8.3; http://cqqizhou.com"
204.76.203.219 - - [07/Jan/2026:16:59:09 +0800] "GET / HTTP/1.1" 200 34275 "-" "Mozilla/5.0 (Windows NT 10.0; Win64; x64) AppleWebKit/537.36 (KHTML, like Gecko) Chrome/90.0.4430.85 Safari/537.36 Edg/90.0.818.46"
36.133.115.36 - - [07/Jan/2026:17:00:16 +0800] "POST /wp-cron.php?doing_wp_cron=1767776416.5586059093475341796875 HTTP/1.1" 200 31 "-" "WordPress/6.8.3; http://cqqizhou.com"
14.108.234.5 - - [07/Jan/2026:17:00:16 +0800] "POST /wp-admin/admin-ajax.php HTTP/1.1" 200 107 "http://cqqizhou.com/wp-admin/post.php?post=1959&action=elementor" "Mozilla/5.0 (Windows NT 10.0; Win64; x64) AppleWebKit/537.36 (KHTML, like Gecko) Chrome/143.0.0.0 Safari/537.36 Edg/143.0.0.0"
36.133.115.36 - - [07/Jan/2026:17:02:17 +0800] "POST /wp-cron.php?doing_wp_cron=1767776537.5237441062927246093750 HTTP/1.1" 200 31 "-" "WordPress/6.8.3; http://cqqizhou.com"
14.108.234.5 - - [07/Jan/2026:17:02:17 +0800] "POST /wp-admin/admin-ajax.php HTTP/1.1" 200 107 "http://cqqizhou.com/wp-admin/post.php?post=1959&action=elementor" "Mozilla/5.0 (Windows NT 10.0; Win64; x64) AppleWebKit/537.36 (KHTML, like Gecko) Chrome/143.0.0.0 Safari/537.36 Edg/143.0.0.0"
36.133.115.36 - - [07/Jan/2026:17:08:38 +0800] "POST /wp-cron.php?doing_wp_cron=1767776918.8972160816192626953125 HTTP/1.1" 200 31 "-" "WordPress/6.8.3; http://cqqizhou.com"
78.153.140.224 - - [07/Jan/2026:17:08:38 +0800] "GET /.env HTTP/1.1" 404 31364 "-" "Mozilla/5.0 (X11; U; Linux i686; de; rv:1.8.0.11) Gecko/20070327 Ubuntu/dapper-security Firefox/1.5.0.11"
36.133.115.36 - - [07/Jan/2026:17:15:38 +0800] "POST /wp-cron.php?doing_wp_cron=1767777338.5789361000061035156250 HTTP/1.1" 200 31 "-" "WordPress/6.8.3; http://cqqizhou.com"
148.153.56.62 - - [07/Jan/2026:17:15:38 +0800] "GET /84wy HTTP/1.1" 301 5 "-" "Mozilla/5.0 (Macintosh; Intel Mac OS X 10.9; rv:32.0) Gecko/20100101 Firefox/32.0"
148.153.56.62 - - [07/Jan/2026:17:15:39 +0800] "GET /84wy HTTP/1.1" 404 8980 "http://36.133.115.36:80/84wy" "Mozilla/5.0 (Macintosh; Intel Mac OS X 10.9; rv:32.0) Gecko/20100101 Firefox/32.0"
148.153.56.62 - - [07/Jan/2026:17:15:40 +0800] "GET /kj7Q HTTP/1.1" 301 5 "-" "Mozilla/5.0 (Macintosh; Intel Mac OS X 10.9; rv:32.0) Gecko/20100101 Firefox/32.0"
43.173.1.69 - - [07/Jan/2026:17:15:41 +0800] "GET / HTTP/1.1" 200 34274 "-" "Mozilla/5.0 (iPhone; CPU iPhone OS 13_2_3 like Mac OS X) AppleWebKit/605.1.15 (KHTML, like Gecko) Version/13.0.3 Mobile/15E148 Safari/604.1"
148.153.56.62 - - [07/Jan/2026:17:15:42 +0800] "GET /kj7Q HTTP/1.1" 404 8979 "http://36.133.115.36:80/kj7Q" "Mozilla/5.0 (Macintosh; Intel Mac OS X 10.9; rv:32.0) Gecko/20100101 Firefox/32.0"
148.153.56.62 - - [07/Jan/2026:17:15:44 +0800] "GET /aab8 HTTP/1.1" 301 5 "-" "Mozilla/5.0 (Macintosh; Intel Mac OS X 10.9; rv:32.0) Gecko/20100101 Firefox/32.0"
36.133.115.36 - - [07/Jan/2026:17:15:46 +0800] "POST /wp-cron.php?doing_wp_cron=1767777346.8651230335235595703125 HTTP/1.1" 200 31 "-" "WordPress/6.8.3; http://cqqizhou.com"
148.153.56.62 - - [07/Jan/2026:17:15:46 +0800] "GET /aab8 HTTP/1.1" 404 8979 "http://36.133.115.36:80/aab8" "Mozilla/5.0 (Macintosh; Intel Mac OS X 10.9; rv:32.0) Gecko/20100101 Firefox/32.0"
148.153.56.62 - - [07/Jan/2026:17:15:48 +0800] "GET /aab9 HTTP/1.1" 301 5 "-" "Mozilla/5.0 (Macintosh; Intel Mac OS X 10.9; rv:32.0) Gecko/20100101 Firefox/32.0"
148.153.56.62 - - [07/Jan/2026:17:15:49 +0800] "GET /aab9 HTTP/1.1" 404 8980 "http://36.133.115.36:80/aab9" "Mozilla/5.0 (Macintosh; Intel Mac OS X 10.9; rv:32.0) Gecko/20100101 Firefox/32.0"
36.133.115.36 - - [07/Jan/2026:17:21:46 +0800] "POST /wp-cron.php?doing_wp_cron=1767777706.4032349586486816406250 HTTP/1.1" 200 31 "-" "WordPress/6.8.3; http://cqqizhou.com"
195.178.110.162 - - [07/Jan/2026:17:21:46 +0800] "GET /.env HTTP/1.1" 404 8978 "-" "Mozilla/5.0 (SMART-TV; X11; Linux armv7l) AppleWebkit/537.42 (KHTML, like Gecko) Chromium/25.0.1349.2 Chrome/25.0.1349.2 Safari/537.42"
36.133.115.36 - - [07/Jan/2026:17:31:21 +0800] "POST /wp-cron.php?doing_wp_cron=1767778281.6603429317474365234375 HTTP/1.1" 200 31 "-" "WordPress/6.8.3; http://cqqizhou.com"
51.161.37.152 - - [07/Jan/2026:17:31:21 +0800] "GET /robots.txt HTTP/1.1" 200 190 "-" "Mozilla/5.0 (compatible; AhrefsBot/7.0; +http://ahrefs.com/robot/)"
51.195.215.249 - - [07/Jan/2026:17:31:25 +0800] "GET /portfolio/hot-dip-galvanized-coil/ HTTP/1.1" 200 22324 "-" "Mozilla/5.0 (compatible; AhrefsBot/7.0; +http://ahrefs.com/robot/)"
36.133.115.36 - - [07/Jan/2026:17:32:12 +0800] "POST /wp-cron.php?doing_wp_cron=1767778332.5789051055908203125000 HTTP/1.1" 200 31 "-" "WordPress/6.8.3; http://cqqizhou.com"
38.46.221.123 - - [07/Jan/2026:17:32:12 +0800] "GET http://check.9tb.org/ HTTP/1.1" 301 5 "-" "Go-http-client/1.1"
38.46.221.123 - - [07/Jan/2026:17:32:14 +0800] "GET http://cqqizhou.com/ HTTP/1.1" 200 34700 "http://check.9tb.org" "Go-http-client/1.1"
36.133.108.119 - - [07/Jan/2026:17:32:19 +0800] "HEAD / HTTP/1.1" 301 0 "-" "Mozilla/5.0 (Windows; U; Windows NT 6.1; en-US) AppleWebKit/533.20.25 (KHTML, like Gecko) Version/5.0.4 Safari/533.20.27"
36.133.115.36 - - [07/Jan/2026:17:51:06 +0800] "POST /wp-cron.php?doing_wp_cron=1767779466.0276010036468505859375 HTTP/1.1" 200 31 "-" "WordPress/6.8.3; http://cqqizhou.com"
204.76.203.219 - - [07/Jan/2026:17:51:06 +0800] "GET / HTTP/1.1" 200 34275 "-" "Mozilla/5.0 (Windows NT 10.0; Win64; x64) AppleWebKit/537.36 (KHTML, like Gecko) Chrome/90.0.4430.85 Safari/537.36 Edg/90.0.818.46"
36.133.115.36 - - [07/Jan/2026:17:54:17 +0800] "POST /wp-cron.php?doing_wp_cron=1767779657.7251150608062744140625 HTTP/1.1" 200 31 "-" "WordPress/6.8.3; http://cqqizhou.com"
206.168.34.63 - - [07/Jan/2026:17:54:17 +0800] "GET /sitemap.xml HTTP/1.1" 200 492 "-" "Mozilla/5.0 (compatible; CensysInspect/1.1; +https://about.censys.io/)"
36.133.115.36 - - [07/Jan/2026:18:06:51 +0800] "POST /wp-cron.php?doing_wp_cron=1767780411.6953110694885253906250 HTTP/1.1" 200 31 "-" "WordPress/6.8.3; http://cqqizhou.com"
64.62.197.107 - - [07/Jan/2026:18:06:51 +0800] "GET / HTTP/1.1" 301 5 "-" "Mozilla/5.0 (Windows NT 10.0; rv:125.0) Gecko/20100101 Firefox/125.0"
93.174.93.12 - - [07/Jan/2026:18:07:26 +0800] "GET / HTTP/1.0" 301 0 "-" "Mozilla/5.0 (iPhone; CPU iPhone OS 12_3_1 like Mac OS X) AppleWebKit/605.1.15 (KHTML, like Gecko) Mobile/15E148 MicroMessenger/7.0.5(0x17000523) NetType/WIFI Language/en"
36.133.115.36 - - [07/Jan/2026:18:07:48 +0800] "POST /wp-cron.php?doing_wp_cron=1767780468.8049409389495849609375 HTTP/1.1" 200 31 "-" "WordPress/6.8.3; http://cqqizhou.com"
64.62.197.107 - - [07/Jan/2026:18:07:48 +0800] "GET /webui/ HTTP/1.1" 404 8980 "-" "Mozilla/5.0 (Windows NT 10.0; Win64; x64) AppleWebKit/537.36 (KHTML, like Gecko) Chrome/124.0.0.0 Safari/537.36"
64.62.197.120 - - [07/Jan/2026:18:08:22 +0800] "GET / HTTP/1.1" 301 5 "-" "Mozilla/5.0 (Windows NT 10.0; Win64; x64) AppleWebKit/537.36 (KHTML, like Gecko) Chrome/124.0.0.0 Safari/537.36"
64.62.197.115 - - [07/Jan/2026:18:08:24 +0800] "GET / HTTP/1.1" 200 34700 "http://36.133.115.36/" "Mozilla/5.0 (Windows NT 10.0; Win64; x64) AppleWebKit/537.36 (KHTML, like Gecko) Chrome/124.0.0.0 Safari/537.36"
36.133.115.36 - - [07/Jan/2026:18:08:56 +0800] "POST /wp-cron.php?doing_wp_cron=1767780536.0887451171875000000000 HTTP/1.1" 200 31 "-" "WordPress/6.8.3; http://cqqizhou.com"
95.214.55.71 - - [07/Jan/2026:18:08:56 +0800] "GET / HTTP/1.1" 200 109842 "-" "python-requests/2.31.0"
64.62.197.107 - - [07/Jan/2026:18:09:44 +0800] "GET /geoserver/web/ HTTP/1.1" 404 8981 "-" "Mozilla/5.0 (Windows NT 10.0; rv:125.0) Gecko/20100101 Firefox/125.0"
36.133.115.36 - - [07/Jan/2026:18:39:06 +0800] "POST /wp-cron.php?doing_wp_cron=1767782346.5427739620208740234375 HTTP/1.1" 200 31 "-" "WordPress/6.8.3; http://cqqizhou.com"
180.153.236.35 - - [07/Jan/2026:18:39:06 +0800] "GET / HTTP/1.1" 301 5 "http://www.cqqizhou.com/" "Mozilla/5.0 (Windows NT 10.0; Win64; x64) AppleWebKit/537.36 (KHTML, like Gecko) Chrome/140.0.0.0 Safari/537.36 Edg/140.0.0.0; 360Spider"
180.153.236.116 - - [07/Jan/2026:18:39:22 +0800] "GET / HTTP/1.1" 200 34700 "http://cqqizhou.com/" "Mozilla/5.0 (Windows NT 10.0; Win64; x64) AppleWebKit/537.36 (KHTML, like Gecko) Chrome/140.0.0.0 Safari/537.36 Edg/140.0.0.0; 360Spider"
36.133.115.36 - - [07/Jan/2026:18:41:15 +0800] "POST /wp-cron.php?doing_wp_cron=1767782474.9736540317535400390625 HTTP/1.1" 200 31 "-" "WordPress/6.8.3; http://cqqizhou.com"
66.249.79.227 - - [07/Jan/2026:18:41:15 +0800] "GET /robots.txt HTTP/1.1" 301 5 "-" "Mozilla/5.0 (compatible; Googlebot/2.1; +http://www.google.com/bot.html)"
66.249.68.70 - - [07/Jan/2026:18:41:20 +0800] "GET /robots.txt HTTP/1.1" 200 190 "-" "Mozilla/5.0 (compatible; Googlebot/2.1; +http://www.google.com/bot.html)"
66.249.79.227 - - [07/Jan/2026:18:41:21 +0800] "GET / HTTP/1.1" 301 5 "-" "Mozilla/5.0 (Linux; Android 6.0.1; Nexus 5X Build/MMB29P) AppleWebKit/537.36 (KHTML, like Gecko) Chrome/143.0.7499.169 Mobile Safari/537.36 (compatible; Googlebot/2.1; +http://www.google.com/bot.html)"
66.249.68.64 - - [07/Jan/2026:18:41:22 +0800] "GET / HTTP/1.1" 200 34274 "-" "Mozilla/5.0 (Linux; Android 6.0.1; Nexus 5X Build/MMB29P) AppleWebKit/537.36 (KHTML, like Gecko) Chrome/143.0.7499.169 Mobile Safari/537.36 (compatible; Googlebot/2.1; +http://www.google.com/bot.html)"
198.244.240.152 - - [07/Jan/2026:18:56:02 +0800] "GET /2162/ HTTP/1.1" 200 25182 "-" "Mozilla/5.0 (compatible; AhrefsBot/7.0; +http://ahrefs.com/robot/)"
36.133.115.36 - - [07/Jan/2026:19:05:32 +0800] "POST /wp-cron.php?doing_wp_cron=1767783932.2391560077667236328125 HTTP/1.1" 200 31 "-" "WordPress/6.8.3; http://cqqizhou.com"
204.76.203.6 - - [07/Jan/2026:19:05:32 +0800] "GET /SDK/webLanguage HTTP/1.1" 301 5 "-" "Mozilla/5.0 (Windows NT 10.0; Win64; x64) AppleWebKit/537.36 (KHTML, like Gecko) Chrome/90.0.4430.85 Safari/537.36 Edg/90.0.818.46"
36.133.115.36 - - [07/Jan/2026:19:08:38 +0800] "POST /wp-cron.php?doing_wp_cron=1767784117.9653120040893554687500 HTTP/1.1" 200 31 "-" "WordPress/6.8.3; http://cqqizhou.com"
143.198.179.104 - - [07/Jan/2026:19:08:38 +0800] "GET / HTTP/1.1" 301 5 "-" "Mozilla/5.0 zgrab/0.x"
143.198.179.104 - - [07/Jan/2026:19:08:38 +0800] "GET / HTTP/1.1" 200 34700 "http://36.133.115.36/" "Mozilla/5.0 zgrab/0.x"
87.121.84.125 - - [07/Jan/2026:19:09:21 +0800] "GET /public/assets/jquery-file-upload/server/php/index.php?file=tf2rghf.jpg HTTP/1.1" 404 27 "-" "ALittle Client"
36.133.115.36 - - [07/Jan/2026:19:10:58 +0800] "POST /wp-cron.php?doing_wp_cron=1767784258.8732469081878662109375 HTTP/1.1" 200 31 "-" "WordPress/6.8.3; http://cqqizhou.com"
159.203.45.163 - - [07/Jan/2026:19:10:58 +0800] "POST /hello.world?%ADd+allow_url_include%3d1+%ADd+auto_prepend_file%3dphp://input HTTP/1.1" 404 31364 "-" "libredtail-http"
159.203.45.163 - - [07/Jan/2026:19:11:00 +0800] "POST /?%ADd+allow_url_include%3d1+%ADd+auto_prepend_file%3dphp://input HTTP/1.1" 200 155928 "-" "libredtail-http"
159.203.45.163 - - [07/Jan/2026:19:11:01 +0800] "GET /vendor/phpunit/phpunit/src/Util/PHP/eval-stdin.php HTTP/1.1" 404 27 "-" "libredtail-http"
159.203.45.163 - - [07/Jan/2026:19:11:03 +0800] "GET /vendor/phpunit/phpunit/Util/PHP/eval-stdin.php HTTP/1.1" 404 27 "-" "libredtail-http"
159.203.45.163 - - [07/Jan/2026:19:11:03 +0800] "GET /vendor/phpunit/src/Util/PHP/eval-stdin.php HTTP/1.1" 404 27 "-" "libredtail-http"
159.203.45.163 - - [07/Jan/2026:19:11:03 +0800] "GET /vendor/phpunit/Util/PHP/eval-stdin.php HTTP/1.1" 404 27 "-" "libredtail-http"
159.203.45.163 - - [07/Jan/2026:19:11:04 +0800] "GET /vendor/phpunit/phpunit/LICENSE/eval-stdin.php HTTP/1.1" 404 27 "-" "libredtail-http"
159.203.45.163 - - [07/Jan/2026:19:11:04 +0800] "GET /vendor/vendor/phpunit/phpunit/src/Util/PHP/eval-stdin.php HTTP/1.1" 404 27 "-" "libredtail-http"
159.203.45.163 - - [07/Jan/2026:19:11:04 +0800] "GET /phpunit/phpunit/src/Util/PHP/eval-stdin.php HTTP/1.1" 404 27 "-" "libredtail-http"
159.203.45.163 - - [07/Jan/2026:19:11:05 +0800] "GET /phpunit/phpunit/Util/PHP/eval-stdin.php HTTP/1.1" 404 27 "-" "libredtail-http"
159.203.45.163 - - [07/Jan/2026:19:11:05 +0800] "GET /phpunit/src/Util/PHP/eval-stdin.php HTTP/1.1" 404 27 "-" "libredtail-http"
159.203.45.163 - - [07/Jan/2026:19:11:06 +0800] "GET /phpunit/Util/PHP/eval-stdin.php HTTP/1.1" 404 27 "-" "libredtail-http"
159.203.45.163 - - [07/Jan/2026:19:11:06 +0800] "GET /lib/phpunit/phpunit/src/Util/PHP/eval-stdin.php HTTP/1.1" 404 27 "-" "libredtail-http"
159.203.45.163 - - [07/Jan/2026:19:11:06 +0800] "GET /lib/phpunit/phpunit/Util/PHP/eval-stdin.php HTTP/1.1" 404 27 "-" "libredtail-http"
159.203.45.163 - - [07/Jan/2026:19:11:07 +0800] "GET /lib/phpunit/src/Util/PHP/eval-stdin.php HTTP/1.1" 404 27 "-" "libredtail-http"
159.203.45.163 - - [07/Jan/2026:19:11:07 +0800] "GET /lib/phpunit/Util/PHP/eval-stdin.php HTTP/1.1" 404 27 "-" "libredtail-http"
159.203.45.163 - - [07/Jan/2026:19:11:08 +0800] "GET /lib/vendor/phpunit/phpunit/src/Util/PHP/eval-stdin.php HTTP/1.1" 404 27 "-" "libredtail-http"
159.203.45.163 - - [07/Jan/2026:19:11:08 +0800] "GET /laravel/vendor/phpunit/phpunit/src/Util/PHP/eval-stdin.php HTTP/1.1" 404 27 "-" "libredtail-http"
159.203.45.163 - - [07/Jan/2026:19:11:09 +0800] "GET /www/vendor/phpunit/phpunit/src/Util/PHP/eval-stdin.php HTTP/1.1" 404 27 "-" "libredtail-http"
159.203.45.163 - - [07/Jan/2026:19:11:09 +0800] "GET /ws/vendor/phpunit/phpunit/src/Util/PHP/eval-stdin.php HTTP/1.1" 404 27 "-" "libredtail-http"
159.203.45.163 - - [07/Jan/2026:19:11:09 +0800] "GET /yii/vendor/phpunit/phpunit/src/Util/PHP/eval-stdin.php HTTP/1.1" 404 27 "-" "libredtail-http"
159.203.45.163 - - [07/Jan/2026:19:11:10 +0800] "GET /zend/vendor/phpunit/phpunit/src/Util/PHP/eval-stdin.php HTTP/1.1" 404 27 "-" "libredtail-http"
159.203.45.163 - - [07/Jan/2026:19:11:10 +0800] "GET /ws/ec/vendor/phpunit/phpunit/src/Util/PHP/eval-stdin.php HTTP/1.1" 404 27 "-" "libredtail-http"
159.203.45.163 - - [07/Jan/2026:19:11:11 +0800] "GET /V2/vendor/phpunit/phpunit/src/Util/PHP/eval-stdin.php HTTP/1.1" 404 27 "-" "libredtail-http"
159.203.45.163 - - [07/Jan/2026:19:11:11 +0800] "GET /tests/vendor/phpunit/phpunit/src/Util/PHP/eval-stdin.php HTTP/1.1" 404 27 "-" "libredtail-http"
159.203.45.163 - - [07/Jan/2026:19:11:12 +0800] "GET /test/vendor/phpunit/phpunit/src/Util/PHP/eval-stdin.php HTTP/1.1" 404 27 "-" "libredtail-http"
159.203.45.163 - - [07/Jan/2026:19:11:12 +0800] "GET /testing/vendor/phpunit/phpunit/src/Util/PHP/eval-stdin.php HTTP/1.1" 404 27 "-" "libredtail-http"
159.203.45.163 - - [07/Jan/2026:19:11:12 +0800] "GET /api/vendor/phpunit/phpunit/src/Util/PHP/eval-stdin.php HTTP/1.1" 404 27 "-" "libredtail-http"
159.203.45.163 - - [07/Jan/2026:19:11:12 +0800] "GET /demo/vendor/phpunit/phpunit/src/Util/PHP/eval-stdin.php HTTP/1.1" 404 27 "-" "libredtail-http"
159.203.45.163 - - [07/Jan/2026:19:11:13 +0800] "GET /cms/vendor/phpunit/phpunit/src/Util/PHP/eval-stdin.php HTTP/1.1" 404 27 "-" "libredtail-http"
159.203.45.163 - - [07/Jan/2026:19:11:14 +0800] "GET /crm/vendor/phpunit/phpunit/src/Util/PHP/eval-stdin.php HTTP/1.1" 404 27 "-" "libredtail-http"
159.203.45.163 - - [07/Jan/2026:19:11:14 +0800] "GET /admin/vendor/phpunit/phpunit/src/Util/PHP/eval-stdin.php HTTP/1.1" 404 27 "-" "libredtail-http"
159.203.45.163 - - [07/Jan/2026:19:11:15 +0800] "GET /backup/vendor/phpunit/phpunit/src/Util/PHP/eval-stdin.php HTTP/1.1" 404 27 "-" "libredtail-http"
159.203.45.163 - - [07/Jan/2026:19:11:15 +0800] "GET /blog/vendor/phpunit/phpunit/src/Util/PHP/eval-stdin.php HTTP/1.1" 404 27 "-" "libredtail-http"
159.203.45.163 - - [07/Jan/2026:19:11:17 +0800] "GET /workspace/drupal/vendor/phpunit/phpunit/src/Util/PHP/eval-stdin.php HTTP/1.1" 404 27 "-" "libredtail-http"
159.203.45.163 - - [07/Jan/2026:19:11:17 +0800] "GET /panel/vendor/phpunit/phpunit/src/Util/PHP/eval-stdin.php HTTP/1.1" 404 27 "-" "libredtail-http"
159.203.45.163 - - [07/Jan/2026:19:11:18 +0800] "GET /public/vendor/phpunit/phpunit/src/Util/PHP/eval-stdin.php HTTP/1.1" 404 27 "-" "libredtail-http"
159.203.45.163 - - [07/Jan/2026:19:11:18 +0800] "GET /apps/vendor/phpunit/phpunit/src/Util/PHP/eval-stdin.php HTTP/1.1" 404 27 "-" "libredtail-http"
159.203.45.163 - - [07/Jan/2026:19:11:19 +0800] "GET /app/vendor/phpunit/phpunit/src/Util/PHP/eval-stdin.php HTTP/1.1" 404 27 "-" "libredtail-http"
159.203.45.163 - - [07/Jan/2026:19:11:21 +0800] "GET /index.php?s=/index/\x5Cthink\x5Capp/invokefunction&function=call_user_func_array&vars[0]=md5&vars[1][]=Hello HTTP/1.1" 200 65505 "-" "libredtail-http"
159.203.45.163 - - [07/Jan/2026:19:11:24 +0800] "GET /public/index.php?s=/index/\x5Cthink\x5Capp/invokefunction&function=call_user_func_array&vars[0]=md5&vars[1][]=Hello HTTP/1.1" 404 27 "-" "libredtail-http"
159.203.45.163 - - [07/Jan/2026:19:11:25 +0800] "GET /index.php?lang=../../../../../../../../usr/local/lib/php/pearcmd&+config-create+/&/<?echo(md5(\x22hi\x22));?>+/tmp/index1.php HTTP/1.1" 200 155928 "-" "libredtail-http"
159.203.45.163 - - [07/Jan/2026:19:11:30 +0800] "GET /index.php?lang=../../../../../../../../tmp/index1 HTTP/1.1" 200 155928 "-" "libredtail-http"
159.203.45.163 - - [07/Jan/2026:19:11:32 +0800] "GET /containers/json HTTP/1.1" 301 5 "-" "libredtail-http"
159.203.45.163 - - [07/Jan/2026:19:11:35 +0800] "GET /containers/json HTTP/1.1" 301 5 "-" "libredtail-http"
36.133.115.36 - - [07/Jan/2026:19:12:50 +0800] "POST /wp-cron.php?doing_wp_cron=1767784370.3104350566864013671875 HTTP/1.1" 200 31 "-" "WordPress/6.8.3; http://cqqizhou.com"
193.142.147.209 - - [07/Jan/2026:19:12:51 +0800] "POST / HTTP/1.1" 200 34274 "-" "Mozilla/5.0 (Windows NT 10.0; Win64; x64) AppleWebKit/537.36"
36.133.115.36 - - [07/Jan/2026:19:16:10 +0800] "POST /wp-cron.php?doing_wp_cron=1767784570.6888859272003173828125 HTTP/1.1" 200 31 "-" "WordPress/6.8.3; http://cqqizhou.com"
40.77.167.27 - - [07/Jan/2026:19:16:10 +0800] "GET /sitemap.xml HTTP/1.1" 200 492 "-" "Mozilla/5.0 AppleWebKit/537.36 (KHTML, like Gecko; compatible; bingbot/2.0; +http://www.bing.com/bingbot.htm) Chrome/116.0.1938.76 Safari/537.36"
199.244.88.228 - - [07/Jan/2026:19:18:24 +0800] "GET / HTTP/1.1" 200 34700 "-" "Mozilla/5.0 (X11; Linux x86_64) AppleWebKit/537.36 (KHTML, like Gecko) Chrome/105.0.0.0 Safari/537.36"
36.133.115.36 - - [07/Jan/2026:19:24:36 +0800] "POST /wp-cron.php?doing_wp_cron=1767785076.5638720989227294921875 HTTP/1.1" 200 31 "-" "WordPress/6.8.3; http://cqqizhou.com"
43.173.1.57 - - [07/Jan/2026:19:24:36 +0800] "GET / HTTP/1.1" 301 5 "-" "Mozilla/5.0 (iPhone; CPU iPhone OS 13_2_3 like Mac OS X) AppleWebKit/605.1.15 (KHTML, like Gecko) Version/13.0.3 Mobile/15E148 Safari/604.1"
43.173.1.57 - - [07/Jan/2026:19:24:38 +0800] "GET / HTTP/1.1" 200 34275 "http://36.133.115.36" "Mozilla/5.0 (iPhone; CPU iPhone OS 13_2_3 like Mac OS X) AppleWebKit/605.1.15 (KHTML, like Gecko) Version/13.0.3 Mobile/15E148 Safari/604.1"
36.133.115.36 - - [07/Jan/2026:19:32:19 +0800] "POST /wp-cron.php?doing_wp_cron=1767785539.9194369316101074218750 HTTP/1.1" 200 31 "-" "WordPress/6.8.3; http://cqqizhou.com"
164.52.24.178 - - [07/Jan/2026:19:32:19 +0800] "GET / HTTP/1.1" 301 5 "-" "Mozilla/5.0 (Windows NT 10.0; Win64; x64) AppleWebKit/537.36 (KHTML, like Gecko) Chrome/114.0.0.0 Safari/537.36"
164.52.24.178 - - [07/Jan/2026:19:32:24 +0800] "GET / HTTP/1.1" 301 5 "-" "-"
164.52.24.178 - - [07/Jan/2026:19:32:28 +0800] "GET / HTTP/1.1" 200 157675 "-" "Mozilla/5.0 (Windows NT 10.0; Win64; x64) AppleWebKit/537.36 (KHTML, like Gecko) Chrome/114.0.0.0 Safari/537.36"
36.133.115.36 - - [07/Jan/2026:19:34:45 +0800] "POST /wp-cron.php?doing_wp_cron=1767785685.3948500156402587890625 HTTP/1.1" 200 31 "-" "WordPress/6.8.3; http://cqqizhou.com"
185.241.208.170 - - [07/Jan/2026:19:34:45 +0800] "GET /.git/HEAD HTTP/1.1" 404 8980 "-" "Mozilla/5.0 (Windows; U; Win98; en-US; rv:1.4) Gecko Netscape/7.1 (ax)"
123.57.13.121 - - [07/Jan/2026:19:42:25 +0800] "GET / HTTP/1.1" 200 34700 "-" "Mozilla/5.0 (Windows NT 10.0; Win64; x64) AppleWebKit/537.36 (KHTML, like Gecko) Chrome/104.0.0.0 Safari/537.36"
36.133.115.36 - - [07/Jan/2026:19:46:39 +0800] "POST /wp-cron.php?doing_wp_cron=1767786399.1831889152526855468750 HTTP/1.1" 200 31 "-" "WordPress/6.8.3; http://cqqizhou.com"
43.135.145.73 - - [07/Jan/2026:19:46:39 +0800] "GET / HTTP/1.1" 200 34274 "-" "Mozilla/5.0 (iPhone; CPU iPhone OS 13_2_3 like Mac OS X) AppleWebKit/605.1.15 (KHTML, like Gecko) Version/13.0.3 Mobile/15E148 Safari/604.1"
198.244.242.179 - - [07/Jan/2026:19:58:36 +0800] "GET /portfolio/duplex-stainless-steel/ HTTP/1.1" 200 22165 "-" "Mozilla/5.0 (compatible; AhrefsBot/7.0; +http://ahrefs.com/robot/)"
36.133.115.36 - - [07/Jan/2026:20:00:52 +0800] "POST /wp-cron.php?doing_wp_cron=1767787252.4929409027099609375000 HTTP/1.1" 200 31 "-" "WordPress/6.8.3; http://cqqizhou.com"
