14.108.233.234 - - [15/Dec/2025:16:06:50 +0800] "POST /wp-admin/admin-ajax.php HTTP/1.1" 200 107 "http://cqqizhou.com/wp-admin/post.php?post=1959&action=elementor" "Mozilla/5.0 (Windows NT 10.0; Win64; x64) AppleWebKit/537.36 (KHTML, like Gecko) Chrome/142.0.0.0 Safari/537.36 Edg/142.0.0.0"
216.244.66.245 - - [15/Dec/2025:16:07:35 +0800] "GET /robots.txt HTTP/1.1" 200 390 "-" "Mozilla/5.0 (compatible; DotBot/1.2; +https://opensiteexplorer.org/dotbot; help@moz.com)"
36.133.115.36 - - [15/Dec/2025:16:08:51 +0800] "POST /wp-cron.php?doing_wp_cron=1765786131.1021780967712402343750 HTTP/1.1" 200 31 "-" "WordPress/6.8.3; http://cqqizhou.com"
14.108.233.234 - - [15/Dec/2025:16:08:51 +0800] "POST /wp-admin/admin-ajax.php HTTP/1.1" 200 107 "http://cqqizhou.com/wp-admin/post.php?post=1959&action=elementor" "Mozilla/5.0 (Windows NT 10.0; Win64; x64) AppleWebKit/537.36 (KHTML, like Gecko) Chrome/142.0.0.0 Safari/537.36 Edg/142.0.0.0"
116.179.32.82 - - [15/Dec/2025:16:09:13 +0800] "GET /portfolio/duplex-stainless-steel/ HTTP/1.1" 200 22145 "-" "Mozilla/5.0 (compatible; Baiduspider/2.0; +http://www.baidu.com/search/spider.html)"
116.179.37.169 - - [15/Dec/2025:16:09:14 +0800] "GET /wp-content/uploads/2025/07/1753453096-%E5%8F%8C%E7%9B%B8%E9%92%A2product_Single600%C3%97284-300x142.webp HTTP/1.1" 200 7412 "http://cqqizhou.com/portfolio/duplex-stainless-steel/" "Mozilla/5.0 (compatible; Baiduspider-render/2.0; +http://www.baidu.com/search/spider.html)"
116.179.37.92 - - [15/Dec/2025:16:09:14 +0800] "GET /wp-content/uploads/2025/07/1753456770-%E7%83%AD%E9%95%80%E9%94%8C%E5%8D%B7product_Single600-150x150.webp HTTP/1.1" 200 5124 "http://cqqizhou.com/portfolio/duplex-stainless-steel/" "Mozilla/5.0 (compatible; Baiduspider-render/2.0; +http://www.baidu.com/search/spider.html)"
116.179.37.174 - - [15/Dec/2025:16:09:14 +0800] "GET /wp-content/uploads/2025/07/1753456723-%E5%8F%8C%E7%9B%B8%E9%92%A2roduct_Single600-150x150.webp HTTP/1.1" 200 4390 "http://cqqizhou.com/portfolio/duplex-stainless-steel/" "Mozilla/5.0 (compatible; Baiduspider-render/2.0; +http://www.baidu.com/search/spider.html)"
36.133.115.36 - - [15/Dec/2025:16:10:52 +0800] "POST /wp-cron.php?doing_wp_cron=1765786252.6312379837036132812500 HTTP/1.1" 200 31 "-" "WordPress/6.8.3; http://cqqizhou.com"
14.108.233.234 - - [15/Dec/2025:16:10:52 +0800] "POST /wp-admin/admin-ajax.php HTTP/1.1" 200 107 "http://cqqizhou.com/wp-admin/post.php?post=1959&action=elementor" "Mozilla/5.0 (Windows NT 10.0; Win64; x64) AppleWebKit/537.36 (KHTML, like Gecko) Chrome/142.0.0.0 Safari/537.36 Edg/142.0.0.0"
36.133.115.36 - - [15/Dec/2025:16:12:53 +0800] "POST /wp-cron.php?doing_wp_cron=1765786373.0926508903503417968750 HTTP/1.1" 200 31 "-" "WordPress/6.8.3; http://cqqizhou.com"
14.108.233.234 - - [15/Dec/2025:16:12:53 +0800] "POST /wp-admin/admin-ajax.php HTTP/1.1" 200 107 "http://cqqizhou.com/wp-admin/post.php?post=1959&action=elementor" "Mozilla/5.0 (Windows NT 10.0; Win64; x64) AppleWebKit/537.36 (KHTML, like Gecko) Chrome/142.0.0.0 Safari/537.36 Edg/142.0.0.0"
216.244.66.245 - - [15/Dec/2025:16:14:07 +0800] "GET /wp-content/uploads/2025/11/1762908489-QZ_Photo-9.webp HTTP/1.1" 200 149094 "-" "Mozilla/5.0 (compatible; DotBot/1.2; +https://opensiteexplorer.org/dotbot; help@moz.com)"
36.133.115.36 - - [15/Dec/2025:16:14:54 +0800] "POST /wp-cron.php?doing_wp_cron=1765786494.0928380489349365234375 HTTP/1.1" 200 31 "-" "WordPress/6.8.3; http://cqqizhou.com"
14.108.233.234 - - [15/Dec/2025:16:14:54 +0800] "POST /wp-admin/admin-ajax.php HTTP/1.1" 200 107 "http://cqqizhou.com/wp-admin/post.php?post=1959&action=elementor" "Mozilla/5.0 (Windows NT 10.0; Win64; x64) AppleWebKit/537.36 (KHTML, like Gecko) Chrome/142.0.0.0 Safari/537.36 Edg/142.0.0.0"
36.133.115.36 - - [15/Dec/2025:16:16:55 +0800] "POST /wp-cron.php?doing_wp_cron=1765786615.0756471157073974609375 HTTP/1.1" 200 31 "-" "WordPress/6.8.3; http://cqqizhou.com"
14.108.233.234 - - [15/Dec/2025:16:16:55 +0800] "POST /wp-admin/admin-ajax.php HTTP/1.1" 200 107 "http://cqqizhou.com/wp-admin/post.php?post=1959&action=elementor" "Mozilla/5.0 (Windows NT 10.0; Win64; x64) AppleWebKit/537.36 (KHTML, like Gecko) Chrome/142.0.0.0 Safari/537.36 Edg/142.0.0.0"
180.153.236.199 - - [15/Dec/2025:16:17:15 +0800] "GET / HTTP/1.1" 200 33674 "http://cqqizhou.com/" "Mozilla/5.0 (Linux; Android 10; K) AppleWebKit/537.36 (KHTML, like Gecko) Chrome/131.0.0.0 Mobile Safari/537.36; 360Spider"
36.133.115.36 - - [15/Dec/2025:16:18:56 +0800] "POST /wp-cron.php?doing_wp_cron=1765786736.0800399780273437500000 HTTP/1.1" 200 31 "-" "WordPress/6.8.3; http://cqqizhou.com"
14.108.233.234 - - [15/Dec/2025:16:18:56 +0800] "POST /wp-admin/admin-ajax.php HTTP/1.1" 200 107 "http://cqqizhou.com/wp-admin/post.php?post=1959&action=elementor" "Mozilla/5.0 (Windows NT 10.0; Win64; x64) AppleWebKit/537.36 (KHTML, like Gecko) Chrome/142.0.0.0 Safari/537.36 Edg/142.0.0.0"
36.133.115.36 - - [15/Dec/2025:16:20:57 +0800] "POST /wp-cron.php?doing_wp_cron=1765786857.1278250217437744140625 HTTP/1.1" 200 31 "-" "WordPress/6.8.3; http://cqqizhou.com"
14.108.233.234 - - [15/Dec/2025:16:20:57 +0800] "POST /wp-admin/admin-ajax.php HTTP/1.1" 200 107 "http://cqqizhou.com/wp-admin/post.php?post=1959&action=elementor" "Mozilla/5.0 (Windows NT 10.0; Win64; x64) AppleWebKit/537.36 (KHTML, like Gecko) Chrome/142.0.0.0 Safari/537.36 Edg/142.0.0.0"
111.27.68.232 - - [15/Dec/2025:16:22:24 +0800] "GET / HTTP/1.1" 200 34106 "-" "Mozilla/5.0 (Windows NT 6.2; Win64; x64) AppleWebKit/537.36 (KHTML, like Gecko) Chrome/85.0.4183.38"
36.133.115.36 - - [15/Dec/2025:16:22:31 +0800] "POST /wp-cron.php?doing_wp_cron=1765786951.1335129737854003906250 HTTP/1.1" 200 31 "-" "WordPress/6.8.3; http://cqqizhou.com"
39.73.55.202 - - [15/Dec/2025:16:22:31 +0800] "GET / HTTP/1.1" 301 5 "-" "Mozilla/5.0 (Windows NT 6.1) AppleWebKit/537.36 (KHTML, like Gecko) Chrome/75.0.3770.8"
110.251.56.198 - - [15/Dec/2025:16:22:40 +0800] "GET / HTTP/1.1" 301 5 "-" "Mozilla/5.0 (Windows NT 6.1) AppleWebKit/537.36 (KHTML, like Gecko) Chrome/75.0.3770.8"
111.27.68.232 - - [15/Dec/2025:16:22:42 +0800] "GET / HTTP/1.1" 301 5 "-" "Mozilla/5.0 (Windows NT 6.1) AppleWebKit/537.36 (KHTML, like Gecko) Chrome/75.0.3770.8"
124.165.53.174 - - [15/Dec/2025:16:22:43 +0800] "GET / HTTP/1.1" 301 5 "-" "Mozilla/5.0 (Windows NT 6.1) AppleWebKit/537.36 (KHTML, like Gecko) Chrome/75.0.3770.8"
124.165.53.174 - - [15/Dec/2025:16:22:45 +0800] "GET / HTTP/1.1" 301 5 "-" "Mozilla/5.0 (Windows NT 6.1) AppleWebKit/537.36 (KHTML, like Gecko) Chrome/75.0.3770.8"
36.133.115.36 - - [15/Dec/2025:16:22:48 +0800] "POST /wp-cron.php?doing_wp_cron=1765786968.8196129798889160156250 HTTP/1.1" 200 31 "-" "WordPress/6.8.3; http://cqqizhou.com"
111.29.226.245 - - [15/Dec/2025:16:22:48 +0800] "GET / HTTP/1.1" 301 5 "-" "Mozilla/5.0 (Windows NT 6.1) AppleWebKit/537.36 (KHTML, like Gecko) Chrome/75.0.3770.8"
111.41.217.144 - - [15/Dec/2025:16:22:53 +0800] "GET / HTTP/1.1" 301 5 "-" "Mozilla/5.0 (Windows NT 6.1) AppleWebKit/537.36 (KHTML, like Gecko) Chrome/75.0.3770.8"
14.108.233.234 - - [15/Dec/2025:16:22:58 +0800] "POST /wp-admin/admin-ajax.php HTTP/1.1" 200 107 "http://cqqizhou.com/wp-admin/post.php?post=1959&action=elementor" "Mozilla/5.0 (Windows NT 10.0; Win64; x64) AppleWebKit/537.36 (KHTML, like Gecko) Chrome/142.0.0.0 Safari/537.36 Edg/142.0.0.0"
120.216.219.90 - - [15/Dec/2025:16:23:06 +0800] "GET / HTTP/1.1" 301 5 "-" "Mozilla/5.0 (Windows NT 6.1) AppleWebKit/537.36 (KHTML, like Gecko) Chrome/75.0.3770.8"
27.189.224.87 - - [15/Dec/2025:16:23:09 +0800] "GET / HTTP/1.1" 301 5 "-" "Mozilla/5.0 (Windows NT 6.1) AppleWebKit/537.36 (KHTML, like Gecko) Chrome/75.0.3770.8"
185.191.171.12 - - [15/Dec/2025:16:23:11 +0800] "GET /robots.txt HTTP/1.1" 200 190 "-" "Mozilla/5.0 (compatible; SemrushBot/7~bl; +http://www.semrush.com/bot.html)"
85.208.96.208 - - [15/Dec/2025:16:23:12 +0800] "GET /portfolio/%E5%86%B7%E8%BD%A7%E6%9D%BF/ HTTP/1.1" 200 18951 "-" "Mozilla/5.0 (compatible; SemrushBot/7~bl; +http://www.semrush.com/bot.html)"
36.133.115.36 - - [15/Dec/2025:16:24:59 +0800] "POST /wp-cron.php?doing_wp_cron=1765787099.1131260395050048828125 HTTP/1.1" 200 31 "-" "WordPress/6.8.3; http://cqqizhou.com"
14.108.233.234 - - [15/Dec/2025:16:24:59 +0800] "POST /wp-admin/admin-ajax.php HTTP/1.1" 200 107 "http://cqqizhou.com/wp-admin/post.php?post=1959&action=elementor" "Mozilla/5.0 (Windows NT 10.0; Win64; x64) AppleWebKit/537.36 (KHTML, like Gecko) Chrome/142.0.0.0 Safari/537.36 Edg/142.0.0.0"
157.245.209.233 - - [15/Dec/2025:16:27:37 +0800] "GET /admin/config.php HTTP/1.0" 404 16 "-" "xfa1,nvdorz,nvd0rz"
52.167.144.181 - - [15/Dec/2025:16:32:42 +0800] "GET /wp-content/uploads/2025/07/1753453096-%E5%8F%8C%E7%9B%B8%E9%92%A2product_Single600%C3%97284.webp HTTP/1.1" 200 14562 "-" "Mozilla/5.0 AppleWebKit/537.36 (KHTML, like Gecko; compatible; bingbot/2.0; +http://www.bing.com/bingbot.htm) Chrome/116.0.1938.76 Safari/537.36"
36.133.115.36 - - [15/Dec/2025:16:34:07 +0800] "POST /wp-cron.php?doing_wp_cron=1765787647.2531170845031738281250 HTTP/1.1" 200 31 "-" "WordPress/6.8.3; http://cqqizhou.com"
204.76.203.212 - - [15/Dec/2025:16:34:07 +0800] "GET / HTTP/1.1" 200 33674 "-" "Mozilla/5.0 (Windows NT 10.0; Win64; x64) AppleWebKit/537.36 (KHTML, like Gecko) Chrome/90.0.4430.85 Safari/537.36 Edg/90.0.818.46"
180.163.28.180 - - [15/Dec/2025:16:51:46 +0800] "GET /2339/ HTTP/1.1" 200 21005 "-" "Mozilla/5.0 (Windows NT 10.0; Win64; x64) AppleWebKit/537.36 (KHTML, like Gecko) Chrome/135.0.0.0 Safari/537.36"
14.108.232.115 - - [15/Dec/2025:16:51:47 +0800] "GET /2339/ HTTP/1.1" 304 0 "-" "Mozilla/5.0 (Windows NT 10.0; Win64; x64) AppleWebKit/537.36 (KHTML, like Gecko) Chrome/143.0.0.0 Safari/537.36 Edg/143.0.0.0"
14.108.232.115 - - [15/Dec/2025:16:51:47 +0800] "GET /wp-content/uploads/2025/12/1765253089-20251209103501_96_61.webp HTTP/1.1" 304 0 "http://cqqizhou.com/2339/" "Mozilla/5.0 (Windows NT 10.0; Win64; x64) AppleWebKit/537.36 (KHTML, like Gecko) Chrome/143.0.0.0 Safari/537.36 Edg/143.0.0.0"
14.108.232.115 - - [15/Dec/2025:16:51:47 +0800] "GET /wp-content/uploads/2025/12/1765248735-20251209104226_108_60.webp HTTP/1.1" 304 0 "http://cqqizhou.com/2339/" "Mozilla/5.0 (Windows NT 10.0; Win64; x64) AppleWebKit/537.36 (KHTML, like Gecko) Chrome/143.0.0.0 Safari/537.36 Edg/143.0.0.0"
14.108.232.115 - - [15/Dec/2025:16:51:47 +0800] "GET /wp-content/uploads/2025/12/1765248770-20251209104226_107_60.webp HTTP/1.1" 304 0 "http://cqqizhou.com/2339/" "Mozilla/5.0 (Windows NT 10.0; Win64; x64) AppleWebKit/537.36 (KHTML, like Gecko) Chrome/143.0.0.0 Safari/537.36 Edg/143.0.0.0"
14.108.232.115 - - [15/Dec/2025:16:51:47 +0800] "GET /wp-content/uploads/2025/12/1765249046-20251209104228_110_60.webp HTTP/1.1" 304 0 "http://cqqizhou.com/2339/" "Mozilla/5.0 (Windows NT 10.0; Win64; x64) AppleWebKit/537.36 (KHTML, like Gecko) Chrome/143.0.0.0 Safari/537.36 Edg/143.0.0.0"
36.133.115.36 - - [15/Dec/2025:16:53:40 +0800] "POST /wp-cron.php?doing_wp_cron=1765788820.9358770847320556640625 HTTP/1.1" 200 31 "-" "WordPress/6.8.3; http://cqqizhou.com"
216.244.66.245 - - [15/Dec/2025:16:53:40 +0800] "GET /robots.txt HTTP/1.1" 200 390 "-" "Mozilla/5.0 (compatible; DotBot/1.2; +https://opensiteexplorer.org/dotbot; help@moz.com)"
36.133.115.36 - - [15/Dec/2025:16:57:09 +0800] "POST /wp-cron.php?doing_wp_cron=1765789029.0360729694366455078125 HTTP/1.1" 200 31 "-" "WordPress/6.8.3; http://cqqizhou.com"
71.6.232.28 - - [15/Dec/2025:16:57:09 +0800] "GET / HTTP/1.1" 301 5 "-" "Mozilla/5.0 (Windows NT 10.0; Win64; x64) AppleWebKit/537.36 (KHTML, like Gecko) Chrome/134.0.0.0 Safari/537.36"
91.224.92.55 - - [15/Dec/2025:16:58:46 +0800] "OPTIONS / HTTP/1.1" 405 552 "-" "Mozilla/5.0 (Windows NT 10.0; Win64; x64) AppleWebKit/537.36 (KHTML, like Gecko) Chrome/114.0.5735.199 Safari/537.36"
36.133.115.36 - - [15/Dec/2025:16:58:57 +0800] "POST /wp-cron.php?doing_wp_cron=1765789137.7936670780181884765625 HTTP/1.1" 200 31 "-" "WordPress/6.8.3; http://cqqizhou.com"
89.42.231.244 - - [15/Dec/2025:16:58:57 +0800] "GET /SDK/webLanguage HTTP/1.1" 301 5 "-" "Mozilla/5.0 (Windows NT 10.0; Win64; x64) AppleWebKit/537.36 (KHTML, like Gecko) Chrome/90.0.4430.85 Safari/537.36 Edg/90.0.818.46"
36.133.115.36 - - [15/Dec/2025:17:01:54 +0800] "POST /wp-cron.php?doing_wp_cron=1765789314.4955339431762695312500 HTTP/1.1" 200 31 "-" "WordPress/6.8.3; http://cqqizhou.com"
167.172.138.111 - - [15/Dec/2025:17:01:54 +0800] "GET / HTTP/1.1" 301 5 "-" "Mozilla/5.0 (X11; Linux x86_64) AppleWebKit/537.36 (KHTML, like Gecko) Chrome/139.0.0.0 Safari/537.36"
14.108.232.115 - - [15/Dec/2025:17:05:43 +0800] "GET /2215/ HTTP/1.1" 200 24381 "http://cqqizhou.com/2339/" "Mozilla/5.0 (Windows NT 10.0; Win64; x64) AppleWebKit/537.36 (KHTML, like Gecko) Chrome/143.0.0.0 Safari/537.36 Edg/143.0.0.0"
14.108.232.115 - - [15/Dec/2025:17:05:43 +0800] "GET /wp-content/uploads/2025/08/1755826390-DSC01765-150x150.webp HTTP/1.1" 200 6586 "http://cqqizhou.com/2215/" "Mozilla/5.0 (Windows NT 10.0; Win64; x64) AppleWebKit/537.36 (KHTML, like Gecko) Chrome/143.0.0.0 Safari/537.36 Edg/143.0.0.0"
36.133.115.36 - - [15/Dec/2025:17:05:44 +0800] "POST /wp-cron.php?doing_wp_cron=1765789544.4280140399932861328125 HTTP/1.1" 200 31 "-" "WordPress/6.8.3; http://cqqizhou.com"
14.108.232.115 - - [15/Dec/2025:17:05:44 +0800] "POST /wp-admin/admin-ajax.php HTTP/1.1" 403 33 "http://cqqizhou.com/2215/" "Mozilla/5.0 (Windows NT 10.0; Win64; x64) AppleWebKit/537.36 (KHTML, like Gecko) Chrome/143.0.0.0 Safari/537.36 Edg/143.0.0.0"
36.133.115.36 - - [15/Dec/2025:17:05:54 +0800] "POST /wp-cron.php?doing_wp_cron=1765789554.3989639282226562500000 HTTP/1.1" 200 31 "-" "WordPress/6.8.3; http://cqqizhou.com"
14.108.232.115 - - [15/Dec/2025:17:05:54 +0800] "POST /wp-admin/admin-ajax.php HTTP/1.1" 403 33 "http://cqqizhou.com/2215/" "Mozilla/5.0 (Windows NT 10.0; Win64; x64) AppleWebKit/537.36 (KHTML, like Gecko) Chrome/143.0.0.0 Safari/537.36 Edg/143.0.0.0"
36.133.115.36 - - [15/Dec/2025:17:08:00 +0800] "POST /wp-cron.php?doing_wp_cron=1765789679.9695179462432861328125 HTTP/1.1" 200 31 "-" "WordPress/6.8.3; http://cqqizhou.com"
89.42.231.244 - - [15/Dec/2025:17:08:00 +0800] "POST / HTTP/1.1" 200 33674 "-" "Mozilla/5.0 (Windows NT 10.0; Win64; x64) Assetnote/1.0.0"
36.133.115.36 - - [15/Dec/2025:17:14:36 +0800] "POST /wp-cron.php?doing_wp_cron=1765790076.9396049976348876953125 HTTP/1.1" 200 31 "-" "WordPress/6.8.3; http://cqqizhou.com"
193.142.147.209 - - [15/Dec/2025:17:14:36 +0800] "GET /cgi-bin/luci/;stok=/locale HTTP/1.1" 301 5 "-" "-"
193.142.147.209 - - [15/Dec/2025:17:14:38 +0800] "GET /cgi-bin/luci/;stok=/locale HTTP/1.1" 404 31364 "http://36.133.115.36:80/cgi-bin/luci/;stok=/locale" "-"
36.133.115.36 - - [15/Dec/2025:17:22:06 +0800] "POST /wp-cron.php?doing_wp_cron=1765790526.6086640357971191406250 HTTP/1.1" 200 31 "-" "WordPress/6.8.3; http://cqqizhou.com"
204.76.203.212 - - [15/Dec/2025:17:22:06 +0800] "GET / HTTP/1.1" 200 33673 "-" "Mozilla/5.0 (Windows NT 10.0; Win64; x64) AppleWebKit/537.36 (KHTML, like Gecko) Chrome/90.0.4430.85 Safari/537.36 Edg/90.0.818.46"
36.133.115.36 - - [15/Dec/2025:17:29:05 +0800] "POST /wp-cron.php?doing_wp_cron=1765790945.4840960502624511718750 HTTP/1.1" 200 31 "-" "WordPress/6.8.3; http://cqqizhou.com"
43.135.145.117 - - [15/Dec/2025:17:29:05 +0800] "GET / HTTP/1.1" 200 33673 "-" "Mozilla/5.0 (iPhone; CPU iPhone OS 13_2_3 like Mac OS X) AppleWebKit/605.1.15 (KHTML, like Gecko) Version/13.0.3 Mobile/15E148 Safari/604.1"
172.207.12.118 - - [15/Dec/2025:17:54:40 +0800] "GET /wp-content/plugins/hellopress/wp_filemanager.php HTTP/1.1" 404 27 "-" "-"
172.207.12.118 - - [15/Dec/2025:17:54:41 +0800] "GET /berlin.php HTTP/1.1" 404 27 "-" "-"
172.207.12.118 - - [15/Dec/2025:17:54:41 +0800] "GET /class-t.api.php HTTP/1.1" 404 27 "-" "-"
172.207.12.118 - - [15/Dec/2025:17:54:41 +0800] "GET /xz89.php HTTP/1.1" 404 27 "-" "-"
172.207.12.118 - - [15/Dec/2025:17:54:41 +0800] "GET /lopst.php HTTP/1.1" 404 27 "-" "-"
172.207.12.118 - - [15/Dec/2025:17:54:41 +0800] "GET /wsvvs.php HTTP/1.1" 404 27 "-" "-"
172.207.12.118 - - [15/Dec/2025:17:54:41 +0800] "GET /vbbn.php HTTP/1.1" 404 27 "-" "-"
172.207.12.118 - - [15/Dec/2025:17:54:41 +0800] "GET /pn.php HTTP/1.1" 404 27 "-" "-"
172.207.12.118 - - [15/Dec/2025:17:54:41 +0800] "GET /fz.php HTTP/1.1" 404 27 "-" "-"
172.207.12.118 - - [15/Dec/2025:17:54:41 +0800] "GET /sang.php HTTP/1.1" 404 27 "-" "-"
172.207.12.118 - - [15/Dec/2025:17:54:41 +0800] "GET /0o0.php HTTP/1.1" 404 27 "-" "-"
172.207.12.118 - - [15/Dec/2025:17:54:42 +0800] "GET /zxl.php HTTP/1.1" 404 27 "-" "-"
172.207.12.118 - - [15/Dec/2025:17:54:42 +0800] "GET /zwso.php HTTP/1.1" 404 27 "-" "-"
172.207.12.118 - - [15/Dec/2025:17:54:42 +0800] "GET /wp-admin/css/colors/blue/index.php HTTP/1.1" 404 27 "-" "-"
172.207.12.118 - - [15/Dec/2025:17:54:42 +0800] "GET /class19.php HTTP/1.1" 404 27 "-" "-"
172.207.12.118 - - [15/Dec/2025:17:54:42 +0800] "GET /class20.php HTTP/1.1" 404 27 "-" "-"
172.207.12.118 - - [15/Dec/2025:17:54:42 +0800] "GET /admin.php?p= HTTP/1.1" 404 27 "-" "-"
172.207.12.118 - - [15/Dec/2025:17:54:42 +0800] "GET /randkeyword.php HTTP/1.1" 404 27 "-" "-"
172.207.12.118 - - [15/Dec/2025:17:54:42 +0800] "GET /fwe.php HTTP/1.1" 404 27 "-" "-"
172.207.12.118 - - [15/Dec/2025:17:54:42 +0800] "GET /g.php HTTP/1.1" 404 27 "-" "-"
172.207.12.118 - - [15/Dec/2025:17:54:42 +0800] "GET /tx1.php HTTP/1.1" 404 27 "-" "-"
172.207.12.118 - - [15/Dec/2025:17:54:43 +0800] "GET /xv.php HTTP/1.1" 404 27 "-" "-"
172.207.12.118 - - [15/Dec/2025:17:54:43 +0800] "GET /htaccess.php HTTP/1.1" 404 27 "-" "-"
172.207.12.118 - - [15/Dec/2025:17:54:43 +0800] "GET /readme.php HTTP/1.1" 404 27 "-" "-"
172.207.12.118 - - [15/Dec/2025:17:54:43 +0800] "GET /fv.php HTTP/1.1" 404 27 "-" "-"
172.207.12.118 - - [15/Dec/2025:17:54:43 +0800] "GET /file.php? HTTP/1.1" 404 27 "-" "-"
172.207.12.118 - - [15/Dec/2025:17:54:43 +0800] "GET /lsd.php HTTP/1.1" 404 27 "-" "-"
172.207.12.118 - - [15/Dec/2025:17:54:43 +0800] "GET /as.php HTTP/1.1" 404 27 "-" "-"
172.207.12.118 - - [15/Dec/2025:17:54:43 +0800] "GET /wsd.php HTTP/1.1" 404 27 "-" "-"
172.207.12.118 - - [15/Dec/2025:17:54:43 +0800] "GET /gtc.php HTTP/1.1" 404 27 "-" "-"
172.207.12.118 - - [15/Dec/2025:17:54:44 +0800] "GET /atx.php HTTP/1.1" 404 27 "-" "-"
172.207.12.118 - - [15/Dec/2025:17:54:44 +0800] "GET /z60.php HTTP/1.1" 404 27 "-" "-"
172.207.12.118 - - [15/Dec/2025:17:54:44 +0800] "GET /403.php HTTP/1.1" 404 27 "-" "-"
172.207.12.118 - - [15/Dec/2025:17:54:44 +0800] "GET /themes.php HTTP/1.1" 404 27 "-" "-"
172.207.12.118 - - [15/Dec/2025:17:54:44 +0800] "GET /wp-admin/maint/about.php HTTP/1.1" 404 27 "-" "-"
172.207.12.118 - - [15/Dec/2025:17:54:44 +0800] "GET /wp-admin/network/wp-conflg.php?p= HTTP/1.1" 404 27 "-" "-"
172.207.12.118 - - [15/Dec/2025:17:54:44 +0800] "GET /click.php HTTP/1.1" 404 27 "-" "-"
172.207.12.118 - - [15/Dec/2025:17:54:44 +0800] "GET /install.php HTTP/1.1" 404 27 "-" "-"
172.207.12.118 - - [15/Dec/2025:17:54:44 +0800] "GET /simple.php HTTP/1.1" 404 27 "-" "-"
172.207.12.118 - - [15/Dec/2025:17:54:44 +0800] "GET /css.php HTTP/1.1" 404 27 "-" "-"
172.207.12.118 - - [15/Dec/2025:17:54:45 +0800] "GET /cong.php HTTP/1.1" 404 27 "-" "-"
172.207.12.118 - - [15/Dec/2025:17:54:45 +0800] "GET /wp-includes/images/wp-login.php HTTP/1.1" 404 27 "-" "-"
172.207.12.118 - - [15/Dec/2025:17:54:45 +0800] "GET /cong.php HTTP/1.1" 404 27 "-" "-"
172.207.12.118 - - [15/Dec/2025:17:54:45 +0800] "GET /w.php HTTP/1.1" 404 27 "-" "-"
172.207.12.118 - - [15/Dec/2025:17:54:45 +0800] "GET /404.php HTTP/1.1" 404 27 "-" "-"
172.207.12.118 - - [15/Dec/2025:17:54:45 +0800] "GET /ioxi-o.php HTTP/1.1" 404 27 "-" "-"
172.207.12.118 - - [15/Dec/2025:17:54:45 +0800] "GET /0x.php HTTP/1.1" 404 27 "-" "-"
172.207.12.118 - - [15/Dec/2025:17:54:45 +0800] "GET /css.php HTTP/1.1" 404 27 "-" "-"
172.207.12.118 - - [15/Dec/2025:17:54:45 +0800] "GET /222.php HTTP/1.1" 404 27 "-" "-"
172.207.12.118 - - [15/Dec/2025:17:54:46 +0800] "GET /wp-content/index.php HTTP/1.1" 200 5 "-" "-"
172.207.12.118 - - [15/Dec/2025:17:54:46 +0800] "GET /admin.php HTTP/1.1" 404 27 "-" "-"
172.207.12.118 - - [15/Dec/2025:17:54:46 +0800] "GET /wp-admin/maint/maint.php HTTP/1.1" 404 27 "-" "-"
172.207.12.118 - - [15/Dec/2025:17:54:46 +0800] "GET /classwithtostring.php HTTP/1.1" 404 27 "-" "-"
172.207.12.118 - - [15/Dec/2025:17:54:46 +0800] "GET /abcd.php HTTP/1.1" 404 27 "-" "-"
172.207.12.118 - - [15/Dec/2025:17:54:46 +0800] "GET /autoload_classmap.php?p= HTTP/1.1" 404 27 "-" "-"
172.207.12.118 - - [15/Dec/2025:17:54:46 +0800] "GET /inputs.php HTTP/1.1" 404 27 "-" "-"
172.207.12.118 - - [15/Dec/2025:17:54:46 +0800] "GET /about3.php HTTP/1.1" 404 27 "-" "-"
172.207.12.118 - - [15/Dec/2025:17:54:46 +0800] "GET /themes/twentytwentytwo/index.php HTTP/1.1" 404 27 "-" "-"
172.207.12.118 - - [15/Dec/2025:17:54:46 +0800] "GET /wp-admin/js/wp-conflg.php?p= HTTP/1.1" 404 27 "-" "-"
172.207.12.118 - - [15/Dec/2025:17:54:47 +0800] "GET /wp-admin/wp-conflg.php?p= HTTP/1.1" 404 27 "-" "-"
172.207.12.118 - - [15/Dec/2025:17:54:47 +0800] "GET /wp-admin/css/wp-conflg.php?p= HTTP/1.1" 404 27 "-" "-"
172.207.12.118 - - [15/Dec/2025:17:54:47 +0800] "GET /manager.php?p= HTTP/1.1" 404 27 "-" "-"
172.207.12.118 - - [15/Dec/2025:17:54:47 +0800] "GET /item.php HTTP/1.1" 404 27 "-" "-"
172.207.12.118 - - [15/Dec/2025:17:54:47 +0800] "GET /plugins/Cache/footer.php HTTP/1.1" 404 27 "-" "-"
172.207.12.118 - - [15/Dec/2025:17:54:47 +0800] "GET /404.php HTTP/1.1" 404 27 "-" "-"
172.207.12.118 - - [15/Dec/2025:17:54:47 +0800] "GET /wp-content/plugins/index.php HTTP/1.1" 200 5 "-" "-"
172.207.12.118 - - [15/Dec/2025:17:54:47 +0800] "GET /sx.php HTTP/1.1" 404 27 "-" "-"
172.207.12.118 - - [15/Dec/2025:17:54:47 +0800] "GET /wp-admin/maint/admin.php HTTP/1.1" 404 27 "-" "-"
172.207.12.118 - - [15/Dec/2025:17:54:48 +0800] "GET /alfa.php HTTP/1.1" 404 27 "-" "-"
36.133.115.36 - - [15/Dec/2025:17:54:48 +0800] "POST /wp-cron.php?doing_wp_cron=1765792488.7693378925323486328125 HTTP/1.1" 200 31 "-" "WordPress/6.8.3; http://cqqizhou.com"
172.207.12.118 - - [15/Dec/2025:17:54:48 +0800] "GET /wp-trackback.php HTTP/1.1" 404 140 "-" "-"
172.207.12.118 - - [15/Dec/2025:17:54:48 +0800] "GET /.well-known/index.php HTTP/1.1" 404 27 "-" "-"
172.207.12.118 - - [15/Dec/2025:17:54:49 +0800] "GET /wp-admin/network/plugins.php HTTP/1.1" 302 5 "-" "-"
172.207.12.118 - - [15/Dec/2025:17:54:50 +0800] "GET /wp-login.php?redirect_to=http%3A%2F%2Fcqqizhou.com%2Fwp-admin%2Fnetwork%2Fplugins.php&reauth=1 HTTP/1.1" 200 8691 "-" "-"
172.207.12.118 - - [15/Dec/2025:17:54:51 +0800] "GET /wp-admin/about.php HTTP/1.1" 302 5 "-" "-"
172.207.12.118 - - [15/Dec/2025:17:54:51 +0800] "GET /wp-login.php?redirect_to=http%3A%2F%2Fcqqizhou.com%2Fwp-admin%2Fabout.php&reauth=1 HTTP/1.1" 200 8681 "-" "-"
172.207.12.118 - - [15/Dec/2025:17:54:51 +0800] "GET /gmo.php HTTP/1.1" 404 27 "-" "-"
172.207.12.118 - - [15/Dec/2025:17:54:52 +0800] "GET /wp-includes/ID3/about.php HTTP/1.1" 404 27 "-" "-"
172.207.12.118 - - [15/Dec/2025:17:54:52 +0800] "GET /css/index.php HTTP/1.1" 404 27 "-" "-"
172.207.12.118 - - [15/Dec/2025:17:54:52 +0800] "GET /wp-includes/SimplePie/wp-login.php HTTP/1.1" 404 27 "-" "-"
172.207.12.118 - - [15/Dec/2025:17:54:52 +0800] "GET /wp-content/themes/about.php HTTP/1.1" 404 27 "-" "-"
172.207.12.118 - - [15/Dec/2025:17:54:52 +0800] "GET /filemanager/dialog.php HTTP/1.1" 404 27 "-" "-"
172.207.12.118 - - [15/Dec/2025:17:54:52 +0800] "GET /wp-admin/maint/index.php HTTP/1.1" 404 27 "-" "-"
172.207.12.118 - - [15/Dec/2025:17:54:52 +0800] "GET /wp-includes/customize/about.php HTTP/1.1" 404 27 "-" "-"
172.207.12.118 - - [15/Dec/2025:17:54:52 +0800] "GET /index/function.php HTTP/1.1" 404 27 "-" "-"
172.207.12.118 - - [15/Dec/2025:17:54:52 +0800] "GET /uploads/autoload_classmap.php HTTP/1.1" 404 27 "-" "-"
172.207.12.118 - - [15/Dec/2025:17:54:52 +0800] "GET /wp-includes/style-engine/about.php HTTP/1.1" 404 27 "-" "-"
172.207.12.118 - - [15/Dec/2025:17:54:53 +0800] "GET /ww1.php HTTP/1.1" 404 27 "-" "-"
172.207.12.118 - - [15/Dec/2025:17:54:53 +0800] "GET /about/function.php HTTP/1.1" 404 27 "-" "-"
172.207.12.118 - - [15/Dec/2025:17:54:53 +0800] "GET /admin/function.php HTTP/1.1" 404 27 "-" "-"
172.207.12.118 - - [15/Dec/2025:17:54:53 +0800] "GET /.well-known/acme-challenge/index.php HTTP/1.1" 404 27 "-" "-"
172.207.12.118 - - [15/Dec/2025:17:54:53 +0800] "GET /css/colors/blue/index.php HTTP/1.1" 404 27 "-" "-"
172.207.12.118 - - [15/Dec/2025:17:54:53 +0800] "GET /security.php HTTP/1.1" 404 27 "-" "-"
172.207.12.118 - - [15/Dec/2025:17:54:54 +0800] "GET /wp-admin/user/about.php HTTP/1.1" 302 5 "-" "-"
172.207.12.118 - - [15/Dec/2025:17:54:55 +0800] "GET /wp-login.php?redirect_to=http%3A%2F%2Fcqqizhou.com%2Fwp-admin%2Fuser%2Fabout.php&reauth=1 HTTP/1.1" 200 8686 "-" "-"
172.207.12.118 - - [15/Dec/2025:17:54:55 +0800] "GET /wp-admin/js/index.php HTTP/1.1" 404 27 "-" "-"
172.207.12.118 - - [15/Dec/2025:17:54:55 +0800] "GET /wp-content/upgrade/about.php HTTP/1.1" 404 27 "-" "-"
172.207.12.118 - - [15/Dec/2025:17:54:55 +0800] "GET /wp-includes/assets/index.php HTTP/1.1" 404 27 "-" "-"
172.207.12.118 - - [15/Dec/2025:17:54:55 +0800] "GET /wp-content/radio.php HTTP/1.1" 404 27 "-" "-"
172.207.12.118 - - [15/Dec/2025:17:54:55 +0800] "GET /wp-includes/fonts/index.php?p= HTTP/1.1" 404 27 "-" "-"
172.207.12.118 - - [15/Dec/2025:17:54:55 +0800] "GET /.well-known/admin.php HTTP/1.1" 404 27 "-" "-"
172.207.12.118 - - [15/Dec/2025:17:54:55 +0800] "GET /wp-content/admin.php HTTP/1.1" 404 27 "-" "-"
172.207.12.118 - - [15/Dec/2025:17:54:56 +0800] "GET /wp-content/plugins/admin.php HTTP/1.1" 404 27 "-" "-"
172.207.12.118 - - [15/Dec/2025:17:54:56 +0800] "GET /wp-content/themes/twentytwentytwo/index.php?p= HTTP/1.1" 404 27 "-" "-"
172.207.12.118 - - [15/Dec/2025:17:54:56 +0800] "GET /class.php HTTP/1.1" 404 27 "-" "-"
172.207.12.118 - - [15/Dec/2025:17:54:56 +0800] "GET /bless5.php HTTP/1.1" 404 27 "-" "-"
172.207.12.118 - - [15/Dec/2025:17:54:56 +0800] "GET /wp-includes/js/codemirror/index.php HTTP/1.1" 404 27 "-" "-"
172.207.12.118 - - [15/Dec/2025:17:54:56 +0800] "GET /wp-includes/block-patterns/index.php HTTP/1.1" 404 27 "-" "-"
172.207.12.118 - - [15/Dec/2025:17:54:56 +0800] "GET /lock360.php HTTP/1.1" 404 27 "-" "-"
172.207.12.118 - - [15/Dec/2025:17:54:56 +0800] "GET /f35.php HTTP/1.1" 404 27 "-" "-"
172.207.12.118 - - [15/Dec/2025:17:54:56 +0800] "GET /ioxi-o1.php HTTP/1.1" 404 27 "-" "-"
172.207.12.118 - - [15/Dec/2025:17:54:57 +0800] "GET /ha.php HTTP/1.1" 404 27 "-" "-"
172.207.12.118 - - [15/Dec/2025:17:54:57 +0800] "GET /gg.php HTTP/1.1" 404 27 "-" "-"
172.207.12.118 - - [15/Dec/2025:17:54:57 +0800] "GET /ar.php HTTP/1.1" 404 27 "-" "-"
172.207.12.118 - - [15/Dec/2025:17:54:57 +0800] "GET /x.php HTTP/1.1" 404 27 "-" "-"
172.207.12.118 - - [15/Dec/2025:17:54:57 +0800] "GET /xx.php HTTP/1.1" 404 27 "-" "-"
172.207.12.118 - - [15/Dec/2025:17:54:57 +0800] "GET /gifclass4.php HTTP/1.1" 404 27 "-" "-"
172.207.12.118 - - [15/Dec/2025:17:54:57 +0800] "GET /bibil.php HTTP/1.1" 404 27 "-" "-"
172.207.12.118 - - [15/Dec/2025:17:54:57 +0800] "GET /radio.php HTTP/1.1" 404 27 "-" "-"
172.207.12.118 - - [15/Dec/2025:17:54:57 +0800] "GET /files.php HTTP/1.1" 404 27 "-" "-"
172.207.12.118 - - [15/Dec/2025:17:54:57 +0800] "GET /file7.php HTTP/1.1" 404 27 "-" "-"
172.207.12.118 - - [15/Dec/2025:17:54:58 +0800] "GET /gifclass.php HTTP/1.1" 404 27 "-" "-"
172.207.12.118 - - [15/Dec/2025:17:54:58 +0800] "GET /wp-admin/css/colors/midnight/about.php HTTP/1.1" 404 27 "-" "-"
172.207.12.118 - - [15/Dec/2025:17:54:58 +0800] "GET /nox.php HTTP/1.1" 404 27 "-" "-"
172.207.12.118 - - [15/Dec/2025:17:54:58 +0800] "GET /file48.php HTTP/1.1" 404 27 "-" "-"
172.207.12.118 - - [15/Dec/2025:17:54:58 +0800] "GET /info.php HTTP/1.1" 200 29 "-" "-"
172.207.12.118 - - [15/Dec/2025:17:54:58 +0800] "GET /class9.php HTTP/1.1" 404 27 "-" "-"
172.207.12.118 - - [15/Dec/2025:17:54:58 +0800] "GET /la.php HTTP/1.1" 404 27 "-" "-"
172.207.12.118 - - [15/Dec/2025:17:54:58 +0800] "GET /bless11.php HTTP/1.1" 404 27 "-" "-"
172.207.12.118 - - [15/Dec/2025:17:54:58 +0800] "GET /ton.php HTTP/1.1" 404 27 "-" "-"
172.207.12.118 - - [15/Dec/2025:17:54:59 +0800] "GET /403.php HTTP/1.1" 404 27 "-" "-"
172.207.12.118 - - [15/Dec/2025:17:54:59 +0800] "GET /file9.php HTTP/1.1" 404 27 "-" "-"
172.207.12.118 - - [15/Dec/2025:17:54:59 +0800] "GET /ac.php HTTP/1.1" 404 27 "-" "-"
172.207.12.118 - - [15/Dec/2025:17:54:59 +0800] "GET /az.php HTTP/1.1" 404 27 "-" "-"
172.207.12.118 - - [15/Dec/2025:17:54:59 +0800] "GET /xaz.php HTTP/1.1" 404 27 "-" "-"
172.207.12.118 - - [15/Dec/2025:17:54:59 +0800] "GET /galex.php HTTP/1.1" 404 27 "-" "-"
172.207.12.118 - - [15/Dec/2025:17:54:59 +0800] "GET /xb.php HTTP/1.1" 404 27 "-" "-"
172.207.12.118 - - [15/Dec/2025:17:54:59 +0800] "GET /vx.php HTTP/1.1" 404 27 "-" "-"
172.207.12.118 - - [15/Dec/2025:17:54:59 +0800] "GET /rh.php HTTP/1.1" 404 27 "-" "-"
172.207.12.118 - - [15/Dec/2025:17:55:00 +0800] "GET /chosen.php HTTP/1.1" 404 27 "-" "-"
172.207.12.118 - - [15/Dec/2025:17:55:00 +0800] "GET /.well-known/acme-challenge/wp-login.php HTTP/1.1" 404 27 "-" "-"
172.207.12.118 - - [15/Dec/2025:17:55:00 +0800] "GET /wp-good.php HTTP/1.1" 404 27 "-" "-"
172.207.12.118 - - [15/Dec/2025:17:55:00 +0800] "GET /xse25.php HTTP/1.1" 404 27 "-" "-"
172.207.12.118 - - [15/Dec/2025:17:55:00 +0800] "GET /wp-includes/customize/sx.php HTTP/1.1" 404 27 "-" "-"
172.207.12.118 - - [15/Dec/2025:17:55:00 +0800] "GET /wp-includes/blocks/about.php HTTP/1.1" 404 27 "-" "-"
172.207.12.118 - - [15/Dec/2025:17:55:00 +0800] "GET /cgi-bin/wp-login.php HTTP/1.1" 404 27 "-" "-"
172.207.12.118 - - [15/Dec/2025:17:55:00 +0800] "GET /wp-admin/includes/index.php HTTP/1.1" 404 27 "-" "-"
172.207.12.118 - - [15/Dec/2025:17:55:00 +0800] "GET /wp-includes/index.php HTTP/1.1" 404 27 "-" "-"
172.207.12.118 - - [15/Dec/2025:17:55:00 +0800] "GET /wp-signin.php HTTP/1.1" 404 27 "-" "-"
172.207.12.118 - - [15/Dec/2025:17:55:01 +0800] "GET /wp-includes/rest-api/about.php HTTP/1.1" 404 27 "-" "-"
172.207.12.118 - - [15/Dec/2025:17:55:01 +0800] "GET /shoyo.php HTTP/1.1" 404 27 "-" "-"
172.207.12.118 - - [15/Dec/2025:17:55:01 +0800] "GET /flower.php HTTP/1.1" 404 27 "-" "-"
172.207.12.118 - - [15/Dec/2025:17:55:01 +0800] "GET /waq.php HTTP/1.1" 404 27 "-" "-"
172.207.12.118 - - [15/Dec/2025:17:55:01 +0800] "GET /wakak.php HTTP/1.1" 404 27 "-" "-"
172.207.12.118 - - [15/Dec/2025:17:55:01 +0800] "GET /wp-gzone.php HTTP/1.1" 404 27 "-" "-"
172.207.12.118 - - [15/Dec/2025:17:55:01 +0800] "GET /ufwodvsa.php HTTP/1.1" 404 27 "-" "-"
172.207.12.118 - - [15/Dec/2025:17:55:01 +0800] "GET /quoys.php HTTP/1.1" 404 27 "-" "-"
172.207.12.118 - - [15/Dec/2025:17:55:01 +0800] "GET /adminfuns.php HTTP/1.1" 404 27 "-" "-"
172.207.12.118 - - [15/Dec/2025:17:55:02 +0800] "GET /wp-includes/wp-class.php HTTP/1.1" 404 27 "-" "-"
172.207.12.118 - - [15/Dec/2025:17:55:02 +0800] "GET /wp-includes/widgets/index.php HTTP/1.1" 404 27 "-" "-"
172.207.12.118 - - [15/Dec/2025:17:55:02 +0800] "GET /img/wp-login.php HTTP/1.1" 404 27 "-" "-"
172.207.12.118 - - [15/Dec/2025:17:55:02 +0800] "GET /wp-admin/maint/wp-damin.php HTTP/1.1" 404 27 "-" "-"
172.207.12.118 - - [15/Dec/2025:17:55:02 +0800] "GET /cro.php HTTP/1.1" 404 27 "-" "-"
172.207.12.118 - - [15/Dec/2025:17:55:02 +0800] "GET /wen.php HTTP/1.1" 404 27 "-" "-"
172.207.12.118 - - [15/Dec/2025:17:55:02 +0800] "GET /cwclass.php HTTP/1.1" 404 27 "-" "-"
172.207.12.118 - - [15/Dec/2025:17:55:02 +0800] "GET /ah24.php HTTP/1.1" 404 27 "-" "-"
172.207.12.118 - - [15/Dec/2025:17:55:02 +0800] "GET /rtx.php HTTP/1.1" 404 27 "-" "-"
172.207.12.118 - - [15/Dec/2025:17:55:03 +0800] "GET /bipas.php HTTP/1.1" 404 27 "-" "-"
172.207.12.118 - - [15/Dec/2025:17:55:03 +0800] "GET /conte.php HTTP/1.1" 404 27 "-" "-"
34.46.34.65 - - [15/Dec/2025:17:55:44 +0800] "OPTIONS / HTTP/1.0" 405 150 "-" "-"
36.133.115.36 - - [15/Dec/2025:18:10:32 +0800] "POST /wp-cron.php?doing_wp_cron=1765793432.9509530067443847656250 HTTP/1.1" 200 31 "-" "WordPress/6.8.3; http://cqqizhou.com"
92.63.197.197 - - [15/Dec/2025:18:10:33 +0800] "GET / HTTP/1.1" 301 5 "-" "Mozilla/5.0 (Macintosh; Intel Mac OS X 10_10_3) AppleWebKit/537.36 (KHTML, like Gecko) Chrome/43.0.2357.124 Safari/537.36"
36.133.115.36 - - [15/Dec/2025:18:14:37 +0800] "POST /wp-cron.php?doing_wp_cron=1765793677.3720819950103759765625 HTTP/1.1" 200 31 "-" "WordPress/6.8.3; http://cqqizhou.com"
204.76.203.212 - - [15/Dec/2025:18:14:37 +0800] "GET / HTTP/1.1" 200 33674 "-" "Mozilla/5.0 (Windows NT 10.0; Win64; x64) AppleWebKit/537.36 (KHTML, like Gecko) Chrome/90.0.4430.85 Safari/537.36 Edg/90.0.818.46"
36.133.115.36 - - [15/Dec/2025:18:20:04 +0800] "POST /wp-cron.php?doing_wp_cron=1765794004.6001639366149902343750 HTTP/1.1" 200 31 "-" "WordPress/6.8.3; http://cqqizhou.com"
185.16.39.52 - - [15/Dec/2025:18:20:04 +0800] "GET / HTTP/1.1" 200 33673 "-" "-"
36.133.115.36 - - [15/Dec/2025:18:33:53 +0800] "POST /wp-cron.php?doing_wp_cron=1765794833.5920689105987548828125 HTTP/1.1" 200 31 "-" "WordPress/6.8.3; http://cqqizhou.com"
43.157.153.236 - - [15/Dec/2025:18:33:53 +0800] "GET / HTTP/1.1" 200 33674 "-" "Mozilla/5.0 (iPhone; CPU iPhone OS 13_2_3 like Mac OS X) AppleWebKit/605.1.15 (KHTML, like Gecko) Version/13.0.3 Mobile/15E148 Safari/604.1"
36.133.115.36 - - [15/Dec/2025:18:37:38 +0800] "POST /wp-cron.php?doing_wp_cron=1765795058.2725770473480224609375 HTTP/1.1" 200 31 "-" "WordPress/6.8.3; http://cqqizhou.com"
149.50.103.48 - - [15/Dec/2025:18:37:38 +0800] "GET / HTTP/1.1" 200 33674 "-" "Mozilla/5.0 (Windows NT 10.0; Win64; x64) AppleWebKit/537.36 (KHTML, like Gecko) Chrome/90.0.4430.85 Safari/537.36 Edg/90.0.818.46"
36.133.115.36 - - [15/Dec/2025:18:54:06 +0800] "POST /wp-cron.php?doing_wp_cron=1765796046.0455739498138427734375 HTTP/1.1" 200 31 "-" "WordPress/6.8.3; http://cqqizhou.com"
74.7.242.9 - - [15/Dec/2025:18:54:06 +0800] "GET /wp-sitemap.xml HTTP/1.1" 501 253 "-" "Mozilla/5.0 AppleWebKit/537.36 (KHTML, like Gecko; compatible; GPTBot/1.3; +https://openai.com/gptbot)"
36.133.115.36 - - [15/Dec/2025:19:00:01 +0800] "POST /wp-cron.php?doing_wp_cron=1765796401.5274031162261962890625 HTTP/1.1" 200 31 "-" "WordPress/6.8.3; http://cqqizhou.com"
204.76.203.212 - - [15/Dec/2025:19:00:01 +0800] "GET / HTTP/1.1" 200 33672 "-" "Mozilla/5.0 (Windows NT 10.0; Win64; x64) AppleWebKit/537.36 (KHTML, like Gecko) Chrome/90.0.4430.85 Safari/537.36 Edg/90.0.818.46"
51.68.247.207 - - [15/Dec/2025:19:00:09 +0800] "GET /media/ HTTP/1.1" 304 0 "-" "Mozilla/5.0 (compatible; AhrefsBot/7.0; +http://ahrefs.com/robot/)"
36.133.115.36 - - [15/Dec/2025:19:04:46 +0800] "POST /wp-cron.php?doing_wp_cron=1765796686.8974668979644775390625 HTTP/1.1" 200 31 "-" "WordPress/6.8.3; http://cqqizhou.com"
164.52.24.178 - - [15/Dec/2025:19:04:46 +0800] "GET / HTTP/1.1" 301 5 "-" "Mozilla/5.0 (Windows NT 10.0; Win64; x64) AppleWebKit/537.36 (KHTML, like Gecko) Chrome/114.0.0.0 Safari/537.36"
164.52.24.178 - - [15/Dec/2025:19:04:50 +0800] "GET / HTTP/1.1" 301 5 "-" "-"
164.52.24.178 - - [15/Dec/2025:19:04:55 +0800] "GET / HTTP/1.1" 200 153978 "-" "Mozilla/5.0 (Windows NT 10.0; Win64; x64) AppleWebKit/537.36 (KHTML, like Gecko) Chrome/114.0.0.0 Safari/537.36"
36.133.115.36 - - [15/Dec/2025:19:06:37 +0800] "POST /wp-cron.php?doing_wp_cron=1765796797.7174320220947265625000 HTTP/1.1" 200 31 "-" "WordPress/6.8.3; http://cqqizhou.com"
36.133.108.119 - - [15/Dec/2025:19:06:37 +0800] "HEAD /HNAP1 HTTP/1.1" 404 0 "-" "Mozilla/5.0 (compatible; MSIE 8.0; Windows NT 5.1; Trident/4.0; SLCC1; .NET CLR 3.0.4506.2152; .NET CLR 3.5.30729; .NET CLR 1.1.4322)"
36.133.115.36 - - [15/Dec/2025:19:11:30 +0800] "POST /wp-cron.php?doing_wp_cron=1765797090.5042450428009033203125 HTTP/1.1" 200 31 "-" "WordPress/6.8.3; http://cqqizhou.com"
119.102.250.89 - - [15/Dec/2025:19:11:30 +0800] "GET / HTTP/1.1" 301 5 "-" "Mozilla/5.0 (Windows NT 5.3; Win64; x64) AppleWebKit/537.36 (KHTML, like Gecko) Chrome/71.0.2500.88 Safari/537.36"
119.102.250.89 - - [15/Dec/2025:19:11:30 +0800] "GET / HTTP/1.1" 200 34106 "-" "Mozilla/5.0 (Windows NT 5.3; Win64; x64) AppleWebKit/537.36 (KHTML, like Gecko) Chrome/71.0.2500.88 Safari/537.36"
119.102.250.89 - - [15/Dec/2025:19:11:30 +0800] "GET /contacts/ HTTP/1.1" 200 21713 "-" "Mozilla/5.0 (Windows NT 5.7; Win64; x64) AppleWebKit/537.36 (KHTML, like Gecko) Chrome/75.0.1348.88 Safari/537.36"
36.133.115.36 - - [15/Dec/2025:19:17:29 +0800] "POST /wp-cron.php?doing_wp_cron=1765797449.4331459999084472656250 HTTP/1.1" 200 31 "-" "WordPress/6.8.3; http://cqqizhou.com"
47.96.157.127 - - [15/Dec/2025:19:17:29 +0800] "GET /wp-login.php HTTP/1.1" 200 2774 "-" "Mozilla/5.0"
47.96.157.127 - - [15/Dec/2025:19:17:30 +0800] "GET /?author=1 HTTP/1.1" 301 5 "-" "Mozilla/5.0"
47.96.157.127 - - [15/Dec/2025:19:17:30 +0800] "GET /?author=2 HTTP/1.1" 301 5 "-" "Mozilla/5.0"
36.133.115.36 - - [15/Dec/2025:19:19:31 +0800] "POST /wp-cron.php?doing_wp_cron=1765797571.8690071105957031250000 HTTP/1.1" 200 31 "-" "WordPress/6.8.3; http://cqqizhou.com"
131.0.251.50 - - [15/Dec/2025:19:19:33 +0800] "GET / HTTP/1.1" 200 152290 "-" "Mozilla/5.0 (Windows NT 10.0; WOW64) AppleWebKit/537.36 (KHTML, like Gecko) Chrome/52.0.2743.116 Safari/537.36"
36.133.115.36 - - [15/Dec/2025:19:24:30 +0800] "POST /wp-cron.php?doing_wp_cron=1765797870.8036410808563232421875 HTTP/1.1" 200 31 "-" "WordPress/6.8.3; http://cqqizhou.com"
183.134.59.133 - - [15/Dec/2025:19:24:31 +0800] "GET / HTTP/1.1" 200 33674 "-" "Dalvik/2.1.0 (Linux; U; Android 9.0; ZTE BA520 Build/MRA58K)"
183.134.59.133 - - [15/Dec/2025:19:24:43 +0800] "GET / HTTP/1.1" 200 33674 "-" "Mozilla/5.0 (Linux; U; Android 7.0; zh-CN; SM-G9550 Build/NRD90M) AppleWebKit/537.36 (KHTML, like Gecko) Version/4.0 Chrome/57.0.2987.108 UCBrowser/11.6.4.950 UCBS/2.11.1.27 Mobile Safari/537.36 AliApp(TB/7.2.3) WindVane/8.0.0 1080X2094"
183.134.59.133 - - [15/Dec/2025:19:24:59 +0800] "GET / HTTP/1.1" 200 34106 "-" "Mozilla/5.0 (Macintosh; Intel Mac OS X 10_11) AppleWebKit/601.1.27 (KHTML, like Gecko) Chrome/47.0.2526.106 Safari/601.1.27"
36.133.115.36 - - [15/Dec/2025:19:26:35 +0800] "POST /wp-cron.php?doing_wp_cron=1765797995.4102070331573486328125 HTTP/1.1" 200 31 "-" "WordPress/6.8.3; http://cqqizhou.com"
193.142.147.209 - - [15/Dec/2025:19:26:35 +0800] "GET /cgi-bin/luci/;stok=/locale HTTP/1.1" 301 5 "-" "-"
193.142.147.209 - - [15/Dec/2025:19:26:37 +0800] "GET /cgi-bin/luci/;stok=/locale HTTP/1.1" 404 31364 "http://36.133.115.36:80/cgi-bin/luci/;stok=/locale" "-"
36.133.115.36 - - [15/Dec/2025:19:29:53 +0800] "POST /wp-cron.php?doing_wp_cron=1765798193.9576039314270019531250 HTTP/1.1" 200 31 "-" "WordPress/6.8.3; http://cqqizhou.com"
183.134.59.133 - - [15/Dec/2025:19:29:54 +0800] "GET / HTTP/1.1" 200 33674 "-" "Dalvik/2.1.0 (Linux; U; Android 9.0; ZTE BA520 Build/MRA58K)"
183.134.59.133 - - [15/Dec/2025:19:34:41 +0800] "GET / HTTP/1.1" 200 34106 "-" "Mozilla/5.0 (Macintosh; Intel Mac OS X 10_11) AppleWebKit/601.1.27 (KHTML, like Gecko) Chrome/47.0.2526.106 Safari/601.1.27"
36.133.115.36 - - [15/Dec/2025:19:43:30 +0800] "POST /wp-cron.php?doing_wp_cron=1765799009.9897239208221435546875 HTTP/1.1" 200 31 "-" "WordPress/6.8.3; http://cqqizhou.com"
157.55.39.62 - - [15/Dec/2025:19:43:30 +0800] "GET /?s=2025 HTTP/1.1" 200 19587 "-" "Mozilla/5.0 AppleWebKit/537.36 (KHTML, like Gecko; compatible; bingbot/2.0; +http://www.bing.com/bingbot.htm) Chrome/116.0.1938.76 Safari/537.36"
36.133.115.36 - - [15/Dec/2025:19:56:06 +0800] "POST /wp-cron.php?doing_wp_cron=1765799766.1406850814819335937500 HTTP/1.1" 200 31 "-" "WordPress/6.8.3; http://cqqizhou.com"
101.33.81.73 - - [15/Dec/2025:19:56:06 +0800] "GET / HTTP/1.1" 301 5 "-" "Mozilla/5.0 (iPhone; CPU iPhone OS 13_2_3 like Mac OS X) AppleWebKit/605.1.15 (KHTML, like Gecko) Version/13.0.3 Mobile/15E148 Safari/604.1"
101.33.81.73 - - [15/Dec/2025:19:56:07 +0800] "GET / HTTP/1.1" 200 33674 "http://36.133.115.36" "Mozilla/5.0 (iPhone; CPU iPhone OS 13_2_3 like Mac OS X) AppleWebKit/605.1.15 (KHTML, like Gecko) Version/13.0.3 Mobile/15E148 Safari/604.1"
36.133.115.36 - - [15/Dec/2025:19:58:37 +0800] "POST /wp-cron.php?doing_wp_cron=1765799917.5085990428924560546875 HTTP/1.1" 200 31 "-" "WordPress/6.8.3; http://cqqizhou.com"
207.46.13.107 - - [15/Dec/2025:19:58:37 +0800] "GET /?s=2026 HTTP/1.1" 200 17723 "-" "Mozilla/5.0 AppleWebKit/537.36 (KHTML, like Gecko; compatible; bingbot/2.0; +http://www.bing.com/bingbot.htm) Chrome/116.0.1938.76 Safari/537.36"
36.133.115.36 - - [15/Dec/2025:20:14:44 +0800] "POST /wp-cron.php?doing_wp_cron=1765800884.9070870876312255859375 HTTP/1.1" 200 31 "-" "WordPress/6.8.3; http://cqqizhou.com"
14.108.233.234 - - [15/Dec/2025:20:14:44 +0800] "POST /wp-admin/admin-ajax.php HTTP/1.1" 200 160 "http://cqqizhou.com/wp-admin/post.php?post=1959&action=elementor" "Mozilla/5.0 (Windows NT 10.0; Win64; x64) AppleWebKit/537.36 (KHTML, like Gecko) Chrome/142.0.0.0 Safari/537.36 Edg/142.0.0.0"
14.108.233.234 - - [15/Dec/2025:20:14:44 +0800] "GET /wp-json/elementor/v1/checklist/user-progress HTTP/1.1" 200 222 "http://cqqizhou.com/wp-admin/post.php?post=1959&action=elementor" "Mozilla/5.0 (Windows NT 10.0; Win64; x64) AppleWebKit/537.36 (KHTML, like Gecko) Chrome/142.0.0.0 Safari/537.36 Edg/142.0.0.0"
157.55.39.10 - - [15/Dec/2025:20:20:18 +0800] "GET /about/ HTTP/1.1" 200 29978 "-" "Mozilla/5.0 AppleWebKit/537.36 (KHTML, like Gecko; compatible; bingbot/2.0; +http://www.bing.com/bingbot.htm) Chrome/116.0.1938.76 Safari/537.36"
64.62.156.152 - - [15/Dec/2025:20:21:36 +0800] "GET / HTTP/1.1" 499 0 "-" "Mozilla/5.0 (Windows NT 10.0; Win64; x64) AppleWebKit/537.36 (KHTML, like Gecko) Chrome/108.0.0.0 Safari/537.36 OPR/94.0.0.0"
36.133.115.36 - - [15/Dec/2025:20:21:36 +0800] "POST /wp-cron.php?doing_wp_cron=1765801296.0820438861846923828125 HTTP/1.1" 200 31 "-" "WordPress/6.8.3; http://cqqizhou.com"
91.224.92.121 - - [15/Dec/2025:20:37:54 +0800] "OPTIONS / HTTP/1.1" 405 552 "-" "Mozilla/5.0 (Windows NT 10.0; Win64; x64) AppleWebKit/537.36 (KHTML, like Gecko) Chrome/114.0.5735.199 Safari/537.36"
36.133.115.36 - - [15/Dec/2025:20:47:34 +0800] "POST /wp-cron.php?doing_wp_cron=1765802854.5365428924560546875000 HTTP/1.1" 200 31 "-" "WordPress/6.8.3; http://cqqizhou.com"
20.64.104.70 - - [15/Dec/2025:20:47:34 +0800] "GET /ReportServer HTTP/1.1" 404 8982 "-" "Mozilla/5.0 zgrab/0.x"
36.133.115.36 - - [15/Dec/2025:20:52:07 +0800] "POST /wp-cron.php?doing_wp_cron=1765803127.3364179134368896484375 HTTP/1.1" 200 31 "-" "WordPress/6.8.3; http://cqqizhou.com"
167.94.146.61 - - [15/Dec/2025:20:52:07 +0800] "GET / HTTP/1.1" 200 152290 "-" "-"
167.94.146.61 - - [15/Dec/2025:20:52:17 +0800] "GET / HTTP/1.1" 301 5 "-" "Mozilla/5.0 (compatible; CensysInspect/1.1; +https://about.censys.io/)"
193.56.28.230 - - [15/Dec/2025:21:05:04 +0800] "GET /book/index.php?c=search&catid=23%20and%20(select%201%20from%20(select%20count(*),concat(md5(1),floor(rand(0)*2))x%20from%20information_schema.tables%20group%20by%20x)a) HTTP/1.1" 404 27 "-" "Mozilla/5.0 (Windows NT 6.1; WOW64; rv:31.0) Gecko/20100101 Chrome/23.0.1271.64 Safari/537.11"
36.133.115.36 - - [15/Dec/2025:21:05:06 +0800] "POST /wp-cron.php?doing_wp_cron=1765803906.4510920047760009765625 HTTP/1.1" 200 31 "-" "WordPress/6.8.3; http://cqqizhou.com"
104.207.43.151 - - [15/Dec/2025:21:05:06 +0800] "GET /prod-api/v2/api-docs HTTP/1.1" 404 31364 "-" "Mozilla/5.0 (Windows NT 6.1; WOW64; rv:31.0) Gecko/20100101 Chrome/23.0.1271.64 Safari/537.11"
209.50.191.51 - - [15/Dec/2025:21:05:07 +0800] "GET /shop/index.php?c=search&catid=23%20and%20(select%201%20from%20(select%20count(*),concat(md5(1),floor(rand(0)*2))x%20from%20information_schema.tables%20group%20by%20x)a) HTTP/1.1" 404 27 "-" "Mozilla/5.0 (Windows NT 6.1; WOW64; rv:31.0) Gecko/20100101 Chrome/23.0.1271.64 Safari/537.11"
104.207.50.194 - - [15/Dec/2025:21:05:08 +0800] "GET /wp-admin/tools.php?page=backup_manager&download_backup_file=../wp-config.php HTTP/1.1" 302 5 "-" "Mozilla/5.0 (Windows NT 6.1; WOW64; rv:31.0) Gecko/20100101 Chrome/23.0.1271.64 Safari/537.11"
104.207.43.151 - - [15/Dec/2025:21:05:09 +0800] "GET /v2/api-docs HTTP/1.1" 404 31364 "-" "Mozilla/5.0 (Windows NT 6.1; WOW64; rv:31.0) Gecko/20100101 Chrome/23.0.1271.64 Safari/537.11"
209.50.187.161 - - [15/Dec/2025:21:05:11 +0800] "GET /video/index.php?c=search&catid=23%20and%20(select%201%20from%20(select%20count(*),concat(md5(1),floor(rand(0)*2))x%20from%20information_schema.tables%20group%20by%20x)a) HTTP/1.1" 404 27 "-" "Mozilla/5.0 (Windows NT 6.1; WOW64; rv:31.0) Gecko/20100101 Chrome/23.0.1271.64 Safari/537.11"
104.207.43.151 - - [15/Dec/2025:21:05:13 +0800] "GET /swagger/v1/swagger.json HTTP/1.1" 404 31364 "-" "Mozilla/5.0 (Windows NT 6.1; WOW64; rv:31.0) Gecko/20100101 Chrome/23.0.1271.64 Safari/537.11"
104.207.43.151 - - [15/Dec/2025:21:05:20 +0800] "GET /swagger/docs/v1 HTTP/1.1" 404 31364 "-" "Mozilla/5.0 (Windows NT 6.1; WOW64; rv:31.0) Gecko/20100101 Chrome/23.0.1271.64 Safari/537.11"
104.207.43.151 - - [15/Dec/2025:21:05:27 +0800] "GET /api/swagger.json HTTP/1.1" 200 81923 "-" "Mozilla/5.0 (Windows NT 6.1; WOW64; rv:31.0) Gecko/20100101 Chrome/23.0.1271.64 Safari/537.11"
104.207.43.151 - - [15/Dec/2025:21:05:40 +0800] "GET /v3/api-docs HTTP/1.1" 404 31364 "-" "Mozilla/5.0 (Windows NT 6.1; WOW64; rv:31.0) Gecko/20100101 Chrome/23.0.1271.64 Safari/537.11"
36.133.115.36 - - [15/Dec/2025:21:05:48 +0800] "POST /wp-cron.php?doing_wp_cron=1765803948.2141320705413818359375 HTTP/1.1" 200 31 "-" "WordPress/6.8.3; http://cqqizhou.com"
149.50.103.48 - - [15/Dec/2025:21:05:48 +0800] "GET / HTTP/1.1" 200 33673 "-" "Mozilla/5.0 (Windows NT 10.0; Win64; x64) AppleWebKit/537.36 (KHTML, like Gecko) Chrome/90.0.4430.85 Safari/537.36 Edg/90.0.818.46"
45.3.47.182 - - [15/Dec/2025:21:06:19 +0800] "GET /wp-content/force-download.php?file=../wp-config.php HTTP/1.1" 404 27 "-" "Mozilla/5.0 (Windows NT 6.1; WOW64; rv:31.0) Gecko/20100101 Chrome/23.0.1271.64 Safari/537.11"
36.133.115.36 - - [15/Dec/2025:21:09:12 +0800] "POST /wp-cron.php?doing_wp_cron=1765804152.8150999546051025390625 HTTP/1.1" 200 31 "-" "WordPress/6.8.3; http://cqqizhou.com"
147.135.212.217 - - [15/Dec/2025:21:09:12 +0800] "GET /robots.txt HTTP/1.1" 200 390 "-" "Mozilla/5.0 (compatible; MJ12bot/v1.4.8; http://mj12bot.com/)"
147.135.212.217 - - [15/Dec/2025:21:09:14 +0800] "GET /portfolio-tag/%E9%9E%8D%E9%92%A2%E8%92%82%E6%A3%AE/ HTTP/1.1" 200 22787 "-" "Mozilla/5.0 (compatible; MJ12bot/v1.4.8; http://mj12bot.com/)"
147.135.212.217 - - [15/Dec/2025:21:09:16 +0800] "GET /portfolio/%E5%86%B7%E8%BD%A7%E5%8D%B7/ HTTP/1.1" 200 22077 "-" "Mozilla/5.0 (compatible; MJ12bot/v1.4.8; http://mj12bot.com/)"
147.135.212.217 - - [15/Dec/2025:21:09:19 +0800] "GET /portfolio/%E5%86%B7%E8%BD%A7%E6%9D%BF/ HTTP/1.1" 200 18951 "-" "Mozilla/5.0 (compatible; MJ12bot/v1.4.8; http://mj12bot.com/)"
36.133.115.36 - - [15/Dec/2025:21:13:46 +0800] "POST /wp-cron.php?doing_wp_cron=1765804426.9000749588012695312500 HTTP/1.1" 200 31 "-" "WordPress/6.8.3; http://cqqizhou.com"
199.127.63.154 - - [15/Dec/2025:21:13:46 +0800] "GET /robots.txt HTTP/1.0" 200 378 "-" "xfa1"
167.71.193.245 - - [15/Dec/2025:21:31:50 +0800] "GET / HTTP/1.1" 200 153978 "-" "Mozilla/5.0 (Windows NT 10.0; Win64; x64) AppleWebKit/537.36 (KHTML, like Gecko) Chrome/95.0.4638.69 Safari/537.36"
167.71.193.245 - - [15/Dec/2025:21:31:52 +0800] "GET /wp-includes/ID3/license.txt HTTP/1.1" 200 1396 "-" "Mozilla/5.0 (Windows NT 10.0; Win64; x64) AppleWebKit/537.36 (KHTML, like Gecko) Chrome/95.0.4638.69 Safari/537.36"
36.133.115.36 - - [15/Dec/2025:21:31:53 +0800] "POST /wp-cron.php?doing_wp_cron=1765805513.7633829116821289062500 HTTP/1.1" 200 31 "-" "WordPress/6.8.3; http://cqqizhou.com"
167.71.193.245 - - [15/Dec/2025:21:31:53 +0800] "GET /feed/ HTTP/1.1" 200 71819 "-" "Mozilla/5.0 (Windows NT 10.0; Win64; x64) AppleWebKit/537.36 (KHTML, like Gecko) Chrome/95.0.4638.69 Safari/537.36"
167.71.193.245 - - [15/Dec/2025:21:31:55 +0800] "GET /xmlrpc.php?rsd HTTP/1.1" 200 700 "-" "Mozilla/5.0 (Windows NT 10.0; Win64; x64) AppleWebKit/537.36 (KHTML, like Gecko) Chrome/95.0.4638.69 Safari/537.36"
167.71.193.245 - - [15/Dec/2025:21:31:56 +0800] "GET /?author=1 HTTP/1.1" 301 5 "-" "Mozilla/5.0 (Windows NT 10.0; Win64; x64) AppleWebKit/537.36 (KHTML, like Gecko) Chrome/95.0.4638.69 Safari/537.36"
167.71.193.245 - - [15/Dec/2025:21:31:57 +0800] "GET /?author=2 HTTP/1.1" 404 31364 "-" "Mozilla/5.0 (Windows NT 10.0; Win64; x64) AppleWebKit/537.36 (KHTML, like Gecko) Chrome/95.0.4638.69 Safari/537.36"
167.71.193.245 - - [15/Dec/2025:21:32:45 +0800] "GET /wp-json/wp/v2/users/ HTTP/1.1" 200 498 "-" "Mozilla/5.0 (Windows NT 10.0; Win64; x64) AppleWebKit/537.36 (KHTML, like Gecko) Chrome/95.0.4638.69 Safari/537.36"
36.133.115.36 - - [15/Dec/2025:21:32:46 +0800] "POST /wp-cron.php?doing_wp_cron=1765805566.1203000545501708984375 HTTP/1.1" 200 31 "-" "WordPress/6.8.3; http://cqqizhou.com"
167.71.193.245 - - [15/Dec/2025:21:32:46 +0800] "POST /xmlrpc.php HTTP/1.1" 200 415 "-" "Mozilla/5.0 (Windows NT 10.0; Win64; x64) AppleWebKit/537.36 (KHTML, like Gecko) Chrome/95.0.4638.69 Safari/537.36"
167.71.193.245 - - [15/Dec/2025:21:32:47 +0800] "POST /xmlrpc.php HTTP/1.1" 200 415 "-" "Mozilla/5.0 (Windows NT 10.0; Win64; x64) AppleWebKit/537.36 (KHTML, like Gecko) Chrome/95.0.4638.69 Safari/537.36"
167.71.193.245 - - [15/Dec/2025:21:32:48 +0800] "POST /xmlrpc.php HTTP/1.1" 200 415 "-" "Mozilla/5.0 (Windows NT 10.0; Win64; x64) AppleWebKit/537.36 (KHTML, like Gecko) Chrome/95.0.4638.69 Safari/537.36"
167.71.193.245 - - [15/Dec/2025:21:32:49 +0800] "POST /xmlrpc.php HTTP/1.1" 200 415 "-" "Mozilla/5.0 (Windows NT 10.0; Win64; x64) AppleWebKit/537.36 (KHTML, like Gecko) Chrome/95.0.4638.69 Safari/537.36"
167.71.193.245 - - [15/Dec/2025:21:32:51 +0800] "POST /xmlrpc.php HTTP/1.1" 200 415 "-" "Mozilla/5.0 (Windows NT 10.0; Win64; x64) AppleWebKit/537.36 (KHTML, like Gecko) Chrome/95.0.4638.69 Safari/537.36"
