61.155.157.28 - - [15/Dec/2025:09:25:05 +0800] "GET /wp-content/uploads/2025/07/1753453127-%E4%BD%99%E5%8D%B7product_Single600%C3%97284.webp HTTP/1.1" 200 18744 "http://cqqizhou.com/" "Mozilla/5.0 (Windows NT 10.0; Win64; x64) AppleWebKit/537.36 (KHTML, like Gecko) Chrome/100.0.4896.127 Safari/537.36"
61.155.157.28 - - [15/Dec/2025:09:25:06 +0800] "GET /wp-content/uploads/2025/12/1765268955-qizhou_Slider1_3840%C3%972160_20251210-scaled.webp HTTP/1.1" 200 152162 "http://cqqizhou.com/" "Mozilla/5.0 (Windows NT 10.0; Win64; x64) AppleWebKit/537.36 (KHTML, like Gecko) Chrome/100.0.4896.127 Safari/537.36"
61.155.157.28 - - [15/Dec/2025:09:25:06 +0800] "GET /wp-content/uploads/2025/12/1765265398-qizhou_Slider_3840%C3%972160_20251209-scaled-50x100.webp HTTP/1.1" 200 2166 "http://cqqizhou.com/" "Mozilla/5.0 (Windows NT 10.0; Win64; x64) AppleWebKit/537.36 (KHTML, like Gecko) Chrome/100.0.4896.127 Safari/537.36"
61.155.157.28 - - [15/Dec/2025:09:25:06 +0800] "GET /wp-content/uploads/revslider/slider-1/1750861156-logistics_Slider_3840%C3%972160_20250625191356-scaled-50x100.webp HTTP/1.1" 200 1416 "http://cqqizhou.com/" "Mozilla/5.0 (Windows NT 10.0; Win64; x64) AppleWebKit/537.36 (KHTML, like Gecko) Chrome/100.0.4896.127 Safari/537.36"
36.133.115.36 - - [15/Dec/2025:09:25:07 +0800] "POST /wp-cron.php?doing_wp_cron=1765761907.7078819274902343750000 HTTP/1.1" 200 31 "-" "WordPress/6.8.3; http://cqqizhou.com"
36.133.115.36 - - [15/Dec/2025:09:25:07 +0800] "POST /wp-cron.php?doing_wp_cron=1765761907.7078471183776855468750 HTTP/1.1" 200 31 "-" "WordPress/6.8.3; http://cqqizhou.com"
61.155.157.28 - - [15/Dec/2025:09:25:07 +0800] "GET /wp-json/sliderrevolution/sliders/1?srengine=7&slideid=2 HTTP/1.1" 200 2058 "http://cqqizhou.com/" "Mozilla/5.0 (Windows NT 10.0; Win64; x64) AppleWebKit/537.36 (KHTML, like Gecko) Chrome/100.0.4896.127 Safari/537.36"
61.155.157.28 - - [15/Dec/2025:09:25:07 +0800] "GET /wp-json/sliderrevolution/sliders/1?srengine=7&slideid=3 HTTP/1.1" 200 2286 "http://cqqizhou.com/" "Mozilla/5.0 (Windows NT 10.0; Win64; x64) AppleWebKit/537.36 (KHTML, like Gecko) Chrome/100.0.4896.127 Safari/537.36"
61.155.157.28 - - [15/Dec/2025:09:25:08 +0800] "GET /wp-content/uploads/revslider/slider-1/1750861156-logistics_Slider_3840%C3%972160_20250625191356-scaled.webp HTTP/1.1" 200 197360 "http://cqqizhou.com/" "Mozilla/5.0 (Windows NT 10.0; Win64; x64) AppleWebKit/537.36 (KHTML, like Gecko) Chrome/100.0.4896.127 Safari/537.36"
61.155.157.28 - - [15/Dec/2025:09:25:08 +0800] "GET /wp-content/uploads/2025/12/1765265398-qizhou_Slider_3840%C3%972160_20251209-scaled.webp HTTP/1.1" 200 175208 "http://cqqizhou.com/" "Mozilla/5.0 (Windows NT 10.0; Win64; x64) AppleWebKit/537.36 (KHTML, like Gecko) Chrome/100.0.4896.127 Safari/537.36"
61.155.157.28 - - [15/Dec/2025:09:25:11 +0800] "GET /wp-content/uploads/2025/07/1753454299-Article_images_W900px.webp HTTP/1.1" 200 52418 "http://cqqizhou.com/" "Mozilla/5.0 (Windows NT 10.0; Win64; x64) AppleWebKit/537.36 (KHTML, like Gecko) Chrome/100.0.4896.127 Safari/537.36"
61.155.157.28 - - [15/Dec/2025:09:25:16 +0800] "GET /wp-content/uploads/2025/07/1751829454-Smart-warehousing800x500.webp HTTP/1.1" 200 79504 "http://cqqizhou.com/wp-content/uploads/elementor/css/post-1666.css?ver=1765281897" "Mozilla/5.0 (Windows NT 10.0; Win64; x64) AppleWebKit/537.36 (KHTML, like Gecko) Chrome/100.0.4896.127 Safari/537.36"
183.196.8.2 - - [15/Dec/2025:09:26:33 +0800] "GET /about/ HTTP/1.1" 200 29978 "https://cn.bing.com/" "Mozilla/5.0 (Windows NT 10.0; Win64; x64) AppleWebKit/537.36 (KHTML, like Gecko) Chrome/143.0.0.0 Safari/537.36 Edg/143.0.0.0"
183.196.8.2 - - [15/Dec/2025:09:26:33 +0800] "GET /wp-content/uploads/2025/07/1750649803-qizhou800x500_2.webp HTTP/1.1" 200 63616 "http://cqqizhou.com/about/" "Mozilla/5.0 (Windows NT 10.0; Win64; x64) AppleWebKit/537.36 (KHTML, like Gecko) Chrome/143.0.0.0 Safari/537.36 Edg/143.0.0.0"
183.196.8.2 - - [15/Dec/2025:09:26:33 +0800] "GET /wp-content/uploads/2025/07/1750945444-honor300%C3%97206_2.webp HTTP/1.1" 200 71296 "http://cqqizhou.com/about/" "Mozilla/5.0 (Windows NT 10.0; Win64; x64) AppleWebKit/537.36 (KHTML, like Gecko) Chrome/143.0.0.0 Safari/537.36 Edg/143.0.0.0"
183.196.8.2 - - [15/Dec/2025:09:26:33 +0800] "GET /wp-content/uploads/2025/07/1750945417-honor300%C3%97206_1.webp HTTP/1.1" 200 57666 "http://cqqizhou.com/about/" "Mozilla/5.0 (Windows NT 10.0; Win64; x64) AppleWebKit/537.36 (KHTML, like Gecko) Chrome/143.0.0.0 Safari/537.36 Edg/143.0.0.0"
183.196.8.2 - - [15/Dec/2025:09:26:34 +0800] "GET /wp-content/uploads/2025/07/1750671800-partner1_200x50.webp HTTP/1.1" 200 2244 "http://cqqizhou.com/about/" "Mozilla/5.0 (Windows NT 10.0; Win64; x64) AppleWebKit/537.36 (KHTML, like Gecko) Chrome/143.0.0.0 Safari/537.36 Edg/143.0.0.0"
183.196.8.2 - - [15/Dec/2025:09:26:34 +0800] "GET /wp-content/uploads/2025/07/1750671801-partner2_200x50.webp HTTP/1.1" 200 3946 "http://cqqizhou.com/about/" "Mozilla/5.0 (Windows NT 10.0; Win64; x64) AppleWebKit/537.36 (KHTML, like Gecko) Chrome/143.0.0.0 Safari/537.36 Edg/143.0.0.0"
183.196.8.2 - - [15/Dec/2025:09:26:34 +0800] "GET /wp-content/uploads/2025/06/1750755307-qizhoucangku2000x400_2025624.webp HTTP/1.1" 200 45470 "http://cqqizhou.com/about/" "Mozilla/5.0 (Windows NT 10.0; Win64; x64) AppleWebKit/537.36 (KHTML, like Gecko) Chrome/143.0.0.0 Safari/537.36 Edg/143.0.0.0"
183.196.8.2 - - [15/Dec/2025:09:26:34 +0800] "GET /wp-content/uploads/elementor/thumbs/1751373145-About_Qizhoudalou_W800px-r91b70ok8huvvdr4ynxnf302e8ie3iydlh6ag9ew82.webp HTTP/1.1" 200 37938 "http://cqqizhou.com/about/" "Mozilla/5.0 (Windows NT 10.0; Win64; x64) AppleWebKit/537.36 (KHTML, like Gecko) Chrome/143.0.0.0 Safari/537.36 Edg/143.0.0.0"
183.196.8.2 - - [15/Dec/2025:09:26:34 +0800] "GET /wp-content/uploads/elementor/thumbs/1751209300-Hello-Qizhou3-r91b71mdtei8mab1rr8x739cnvi1mafuaga3vbed3o.webp HTTP/1.1" 200 39120 "http://cqqizhou.com/about/" "Mozilla/5.0 (Windows NT 10.0; Win64; x64) AppleWebKit/537.36 (KHTML, like Gecko) Chrome/143.0.0.0 Safari/537.36 Edg/143.0.0.0"
183.196.8.2 - - [15/Dec/2025:09:26:34 +0800] "GET /wp-content/uploads/2025/07/1750671803-partner3_200x50.webp HTTP/1.1" 200 4414 "http://cqqizhou.com/about/" "Mozilla/5.0 (Windows NT 10.0; Win64; x64) AppleWebKit/537.36 (KHTML, like Gecko) Chrome/143.0.0.0 Safari/537.36 Edg/143.0.0.0"
183.196.8.2 - - [15/Dec/2025:09:26:34 +0800] "GET /wp-content/uploads/2025/07/1750671805-partner4_200x50.webp HTTP/1.1" 200 2390 "http://cqqizhou.com/about/" "Mozilla/5.0 (Windows NT 10.0; Win64; x64) AppleWebKit/537.36 (KHTML, like Gecko) Chrome/143.0.0.0 Safari/537.36 Edg/143.0.0.0"
183.196.8.2 - - [15/Dec/2025:09:26:34 +0800] "GET /wp-content/uploads/2025/07/1750671806-partner5_200x50.webp HTTP/1.1" 200 2840 "http://cqqizhou.com/about/" "Mozilla/5.0 (Windows NT 10.0; Win64; x64) AppleWebKit/537.36 (KHTML, like Gecko) Chrome/143.0.0.0 Safari/537.36 Edg/143.0.0.0"
183.196.8.2 - - [15/Dec/2025:09:26:34 +0800] "GET /wp-content/uploads/2025/07/1750671808-partner6_200x50.webp HTTP/1.1" 200 3004 "http://cqqizhou.com/about/" "Mozilla/5.0 (Windows NT 10.0; Win64; x64) AppleWebKit/537.36 (KHTML, like Gecko) Chrome/143.0.0.0 Safari/537.36 Edg/143.0.0.0"
183.196.8.2 - - [15/Dec/2025:09:26:34 +0800] "GET /wp-content/uploads/2025/07/1751425283-qizhou.kf_.qq_.com_.webp HTTP/1.1" 200 16864 "http://cqqizhou.com/about/" "Mozilla/5.0 (Windows NT 10.0; Win64; x64) AppleWebKit/537.36 (KHTML, like Gecko) Chrome/143.0.0.0 Safari/537.36 Edg/143.0.0.0"
183.196.8.2 - - [15/Dec/2025:09:26:34 +0800] "GET /wp-content/uploads/2025/07/1750649197-qizhou1920x1080_6.webp HTTP/1.1" 200 150354 "http://cqqizhou.com/about/" "Mozilla/5.0 (Windows NT 10.0; Win64; x64) AppleWebKit/537.36 (KHTML, like Gecko) Chrome/143.0.0.0 Safari/537.36 Edg/143.0.0.0"
183.196.8.2 - - [15/Dec/2025:09:26:34 +0800] "GET /wp-content/uploads/2025/07/1750649183-qizhou1920x1080_2.webp HTTP/1.1" 200 267936 "http://cqqizhou.com/about/" "Mozilla/5.0 (Windows NT 10.0; Win64; x64) AppleWebKit/537.36 (KHTML, like Gecko) Chrome/143.0.0.0 Safari/537.36 Edg/143.0.0.0"
183.196.8.2 - - [15/Dec/2025:09:26:34 +0800] "GET /wp-content/uploads/2025/07/1750649189-qizhou1920x1080_4.webp HTTP/1.1" 200 174962 "http://cqqizhou.com/about/" "Mozilla/5.0 (Windows NT 10.0; Win64; x64) AppleWebKit/537.36 (KHTML, like Gecko) Chrome/143.0.0.0 Safari/537.36 Edg/143.0.0.0"
183.196.8.2 - - [15/Dec/2025:09:26:34 +0800] "GET /wp-content/uploads/2025/07/1750649179-qizhou1920x1080_1.webp HTTP/1.1" 200 172154 "http://cqqizhou.com/about/" "Mozilla/5.0 (Windows NT 10.0; Win64; x64) AppleWebKit/537.36 (KHTML, like Gecko) Chrome/143.0.0.0 Safari/537.36 Edg/143.0.0.0"
183.196.8.2 - - [15/Dec/2025:09:26:34 +0800] "GET /wp-content/uploads/2025/07/1750649193-qizhou1920x1080_5.webp HTTP/1.1" 200 110214 "http://cqqizhou.com/about/" "Mozilla/5.0 (Windows NT 10.0; Win64; x64) AppleWebKit/537.36 (KHTML, like Gecko) Chrome/143.0.0.0 Safari/537.36 Edg/143.0.0.0"
183.196.8.2 - - [15/Dec/2025:09:26:34 +0800] "GET /wp-content/uploads/2025/07/1750649186-qizhou1920x1080_3.webp HTTP/1.1" 200 134070 "http://cqqizhou.com/about/" "Mozilla/5.0 (Windows NT 10.0; Win64; x64) AppleWebKit/537.36 (KHTML, like Gecko) Chrome/143.0.0.0 Safari/537.36 Edg/143.0.0.0"
183.196.8.2 - - [15/Dec/2025:09:26:34 +0800] "GET /wp-content/uploads/2025/07/1750649200-qizhou1920x1080_7.webp HTTP/1.1" 200 238866 "http://cqqizhou.com/about/" "Mozilla/5.0 (Windows NT 10.0; Win64; x64) AppleWebKit/537.36 (KHTML, like Gecko) Chrome/143.0.0.0 Safari/537.36 Edg/143.0.0.0"
183.196.8.2 - - [15/Dec/2025:09:26:34 +0800] "GET /wp-content/uploads/2025/07/1750649203-qizhou1920x1080_8.webp HTTP/1.1" 200 256782 "http://cqqizhou.com/about/" "Mozilla/5.0 (Windows NT 10.0; Win64; x64) AppleWebKit/537.36 (KHTML, like Gecko) Chrome/143.0.0.0 Safari/537.36 Edg/143.0.0.0"
183.196.8.2 - - [15/Dec/2025:09:26:34 +0800] "GET /wp-content/uploads/2025/07/1750649215-qizhou1920x1080_11.webp HTTP/1.1" 200 171642 "http://cqqizhou.com/about/" "Mozilla/5.0 (Windows NT 10.0; Win64; x64) AppleWebKit/537.36 (KHTML, like Gecko) Chrome/143.0.0.0 Safari/537.36 Edg/143.0.0.0"
183.196.8.2 - - [15/Dec/2025:09:26:34 +0800] "GET /wp-content/uploads/2025/07/1750649207-qizhou1920x1080_9.webp HTTP/1.1" 200 146108 "http://cqqizhou.com/about/" "Mozilla/5.0 (Windows NT 10.0; Win64; x64) AppleWebKit/537.36 (KHTML, like Gecko) Chrome/143.0.0.0 Safari/537.36 Edg/143.0.0.0"
183.196.8.2 - - [15/Dec/2025:09:26:34 +0800] "GET /wp-content/uploads/2025/07/1750649212-qizhou1920x1080_10.webp HTTP/1.1" 200 143362 "http://cqqizhou.com/about/" "Mozilla/5.0 (Windows NT 10.0; Win64; x64) AppleWebKit/537.36 (KHTML, like Gecko) Chrome/143.0.0.0 Safari/537.36 Edg/143.0.0.0"
183.196.8.2 - - [15/Dec/2025:09:26:37 +0800] "GET /wp-content/uploads/2025/07/1750945514-honor300%C3%97206_3.webp HTTP/1.1" 200 74124 "http://cqqizhou.com/about/" "Mozilla/5.0 (Windows NT 10.0; Win64; x64) AppleWebKit/537.36 (KHTML, like Gecko) Chrome/143.0.0.0 Safari/537.36 Edg/143.0.0.0"
183.196.8.2 - - [15/Dec/2025:09:26:46 +0800] "GET /wp-content/uploads/2025/07/1750945616-honor300%C3%97206_4.webp HTTP/1.1" 200 33814 "http://cqqizhou.com/about/" "Mozilla/5.0 (Windows NT 10.0; Win64; x64) AppleWebKit/537.36 (KHTML, like Gecko) Chrome/143.0.0.0 Safari/537.36 Edg/143.0.0.0"
183.196.8.2 - - [15/Dec/2025:09:26:46 +0800] "GET /wp-content/uploads/2025/07/1750945650-honor300%C3%97206_6.webp HTTP/1.1" 200 66306 "http://cqqizhou.com/about/" "Mozilla/5.0 (Windows NT 10.0; Win64; x64) AppleWebKit/537.36 (KHTML, like Gecko) Chrome/143.0.0.0 Safari/537.36 Edg/143.0.0.0"
183.196.8.2 - - [15/Dec/2025:09:26:46 +0800] "GET /wp-content/uploads/2025/07/1750945637-honor300%C3%97206_5.webp HTTP/1.1" 200 77368 "http://cqqizhou.com/about/" "Mozilla/5.0 (Windows NT 10.0; Win64; x64) AppleWebKit/537.36 (KHTML, like Gecko) Chrome/143.0.0.0 Safari/537.36 Edg/143.0.0.0"
183.196.8.2 - - [15/Dec/2025:09:26:47 +0800] "GET /wp-content/uploads/2025/07/1750656103-Visionr2000x800_20250623131702.webp HTTP/1.1" 200 57650 "http://cqqizhou.com/wp-content/uploads/elementor/css/post-1849.css?ver=1765315481" "Mozilla/5.0 (Windows NT 10.0; Win64; x64) AppleWebKit/537.36 (KHTML, like Gecko) Chrome/143.0.0.0 Safari/537.36 Edg/143.0.0.0"
222.222.45.99 - - [15/Dec/2025:09:31:35 +0800] "GET /services/ HTTP/1.1" 200 31631 "http://cqqizhou.com/about/" "Mozilla/5.0 (Windows NT 10.0; Win64; x64) AppleWebKit/537.36 (KHTML, like Gecko) Chrome/143.0.0.0 Safari/537.36 Edg/143.0.0.0"
222.222.45.99 - - [15/Dec/2025:09:31:35 +0800] "GET /wp-content/uploads/2025/07/1751829518-Precision-processing-services800x500.webp HTTP/1.1" 200 28964 "http://cqqizhou.com/services/" "Mozilla/5.0 (Windows NT 10.0; Win64; x64) AppleWebKit/537.36 (KHTML, like Gecko) Chrome/143.0.0.0 Safari/537.36 Edg/143.0.0.0"
222.222.45.99 - - [15/Dec/2025:09:31:35 +0800] "GET /wp-content/uploads/2025/12/1764853157-ISO3-731x1024.webp HTTP/1.1" 200 105856 "http://cqqizhou.com/services/" "Mozilla/5.0 (Windows NT 10.0; Win64; x64) AppleWebKit/537.36 (KHTML, like Gecko) Chrome/143.0.0.0 Safari/537.36 Edg/143.0.0.0"
222.222.45.99 - - [15/Dec/2025:09:31:35 +0800] "GET /wp-content/uploads/2025/12/1764853155-ISO2-731x1024.webp HTTP/1.1" 200 91446 "http://cqqizhou.com/services/" "Mozilla/5.0 (Windows NT 10.0; Win64; x64) AppleWebKit/537.36 (KHTML, like Gecko) Chrome/143.0.0.0 Safari/537.36 Edg/143.0.0.0"
222.222.45.99 - - [15/Dec/2025:09:31:35 +0800] "GET /wp-content/uploads/2025/07/1750174127-Marketing1920x800_3.webp HTTP/1.1" 200 52790 "http://cqqizhou.com/wp-content/uploads/elementor/css/post-1659.css?ver=1765604942" "Mozilla/5.0 (Windows NT 10.0; Win64; x64) AppleWebKit/537.36 (KHTML, like Gecko) Chrome/143.0.0.0 Safari/537.36 Edg/143.0.0.0"
222.222.45.99 - - [15/Dec/2025:09:31:37 +0800] "GET /wp-content/uploads/2025/12/1764853152-ISO1-731x1024.webp HTTP/1.1" 200 111032 "http://cqqizhou.com/services/" "Mozilla/5.0 (Windows NT 10.0; Win64; x64) AppleWebKit/537.36 (KHTML, like Gecko) Chrome/143.0.0.0 Safari/537.36 Edg/143.0.0.0"
222.222.45.99 - - [15/Dec/2025:09:31:38 +0800] "GET /wp-content/uploads/2025/07/1751829454-Smart-warehousing800x500.webp HTTP/1.1" 200 79504 "http://cqqizhou.com/services/" "Mozilla/5.0 (Windows NT 10.0; Win64; x64) AppleWebKit/537.36 (KHTML, like Gecko) Chrome/143.0.0.0 Safari/537.36 Edg/143.0.0.0"
222.222.45.99 - - [15/Dec/2025:09:31:42 +0800] "GET /wp-content/uploads/2025/07/1753405252-Services_Banner2000%C3%97400px2.webp HTTP/1.1" 200 23730 "http://cqqizhou.com/wp-content/uploads/elementor/css/post-1659.css?ver=1765604942" "Mozilla/5.0 (Windows NT 10.0; Win64; x64) AppleWebKit/537.36 (KHTML, like Gecko) Chrome/143.0.0.0 Safari/537.36 Edg/143.0.0.0"
222.222.45.99 - - [15/Dec/2025:09:31:47 +0800] "GET /about/ HTTP/1.1" 200 29978 "http://cqqizhou.com/services/" "Mozilla/5.0 (Windows NT 10.0; Win64; x64) AppleWebKit/537.36 (KHTML, like Gecko) Chrome/143.0.0.0 Safari/537.36 Edg/143.0.0.0"
36.133.115.36 - - [15/Dec/2025:09:32:28 +0800] "POST /wp-cron.php?doing_wp_cron=1765762348.7734909057617187500000 HTTP/1.1" 200 31 "-" "WordPress/6.8.3; http://cqqizhou.com"
193.142.147.209 - - [15/Dec/2025:09:32:28 +0800] "GET /index.asp HTTP/1.1" 301 5 "-" "Hello World/1.0"
37.59.204.159 - - [15/Dec/2025:09:37:39 +0800] "GET /2339/ HTTP/1.1" 304 0 "-" "Mozilla/5.0 (compatible; AhrefsBot/7.0; +http://ahrefs.com/robot/)"
36.133.115.36 - - [15/Dec/2025:09:40:51 +0800] "POST /wp-cron.php?doing_wp_cron=1765762851.7323260307312011718750 HTTP/1.1" 200 31 "-" "WordPress/6.8.3; http://cqqizhou.com"
141.98.11.140 - - [15/Dec/2025:09:40:52 +0800] "GET / HTTP/1.1" 200 152290 "-" "-"
39.144.90.233 - - [15/Dec/2025:09:41:40 +0800] "GET /adminer/login.php HTTP/1.1" 404 47 "-" "python-requests/2.27.1"
36.133.115.36 - - [15/Dec/2025:09:44:11 +0800] "POST /wp-cron.php?doing_wp_cron=1765763051.4474949836730957031250 HTTP/1.1" 200 31 "-" "WordPress/6.8.3; http://cqqizhou.com"
14.215.163.132 - - [15/Dec/2025:09:44:11 +0800] "GET / HTTP/1.1" 301 5 "-" "Mozilla/5.0 (iPhone; CPU iPhone OS 13_2_3 like Mac OS X) AppleWebKit/605.1.15 (KHTML, like Gecko) Version/13.0.3 Mobile/15E148 Safari/604.1"
36.133.115.36 - - [15/Dec/2025:09:54:40 +0800] "POST /wp-cron.php?doing_wp_cron=1765763680.4588830471038818359375 HTTP/1.1" 200 31 "-" "WordPress/6.8.3; http://cqqizhou.com"
3.132.23.201 - - [15/Dec/2025:09:54:40 +0800] "GET / HTTP/1.1" 301 5 "-" "cypex.ai/scanning Mozilla/5.0 (Macintosh; Intel Mac OS X 10_15_7) Chrome/126.0.0.0 Safari/537.36"
36.133.115.36 - - [15/Dec/2025:09:58:47 +0800] "POST /wp-cron.php?doing_wp_cron=1765763927.8092749118804931640625 HTTP/1.1" 200 31 "-" "WordPress/6.8.3; http://cqqizhou.com"
223.108.79.101 - - [15/Dec/2025:09:58:47 +0800] "GET / HTTP/1.1" 301 5 "-" "Mozilla/5.0 (Linux; Android 10; MI 9 Build/QKQ1.190825.002; wv) AppleWebKit/537.36 (KHTML, like Gecko) Version/4.0 Chrome/86.0.4240.198 Mobile Safari/537.36 MMWEBID/1234 MicroMessenger/8.0.1.1841(0x2800015D) WeChat/arm64"
223.108.79.101 - - [15/Dec/2025:09:58:49 +0800] "GET / HTTP/1.1" 200 33674 "-" "Mozilla/5.0 (Linux; Android 10; MI 9 Build/QKQ1.190825.002; wv) AppleWebKit/537.36 (KHTML, like Gecko) Version/4.0 Chrome/86.0.4240.198 Mobile Safari/537.36 MMWEBID/1234 MicroMessenger/8.0.1.1841(0x2800015D) WeChat/arm64"
223.108.79.101 - - [15/Dec/2025:09:58:51 +0800] "GET / HTTP/1.1" 301 5 "-" "Mozilla/5.0 (Linux; Android 13; 23049RAD8C Build/TKQ1.221114.001) AppleWebKit/537.36 (KHTML, like Gecko) Version/4.0 Chrome/115.0.0.0 Mobile Safari/537.36 MicroMessenger/8.0.45"
223.108.79.101 - - [15/Dec/2025:09:58:52 +0800] "GET / HTTP/1.1" 200 33673 "-" "Mozilla/5.0 (Linux; Android 13; 23049RAD8C Build/TKQ1.221114.001) AppleWebKit/537.36 (KHTML, like Gecko) Version/4.0 Chrome/115.0.0.0 Mobile Safari/537.36 MicroMessenger/8.0.45"
223.108.79.101 - - [15/Dec/2025:09:58:52 +0800] "GET /wp-content/uploads/2025/07/1751425283-qizhou.kf_.qq_.com_.webp HTTP/1.1" 200 16864 "https://servicewechat.com/" "Mozilla/5.0 (Linux; Android 13; 23049RAD8C Build/TKQ1.221114.001) AppleWebKit/537.36 (KHTML, like Gecko) Version/4.0 Chrome/115.0.0.0 Mobile Safari/537.36 MicroMessenger/8.0.45"
223.108.79.101 - - [15/Dec/2025:09:58:54 +0800] "GET /wp-content/uploads/2025/07/1753453127-%E4%BD%99%E5%8D%B7product_Single600%C3%97284.webp HTTP/1.1" 200 18744 "https://servicewechat.com/" "Mozilla/5.0 (Linux; Android 13; 23049RAD8C Build/TKQ1.221114.001) AppleWebKit/537.36 (KHTML, like Gecko) Version/4.0 Chrome/115.0.0.0 Mobile Safari/537.36 MicroMessenger/8.0.45"
223.108.79.101 - - [15/Dec/2025:09:58:54 +0800] "GET /wp-content/uploads/2025/07/1753453096-%E5%8F%8C%E7%9B%B8%E9%92%A2product_Single600%C3%97284.webp HTTP/1.1" 200 14562 "https://servicewechat.com/" "Mozilla/5.0 (Linux; Android 13; 23049RAD8C Build/TKQ1.221114.001) AppleWebKit/537.36 (KHTML, like Gecko) Version/4.0 Chrome/115.0.0.0 Mobile Safari/537.36 MicroMessenger/8.0.45"
223.108.79.101 - - [15/Dec/2025:09:58:54 +0800] "GET /wp-content/uploads/2025/07/1753456770-%E7%83%AD%E9%95%80%E9%94%8C%E5%8D%B7product_Single600.webp HTTP/1.1" 200 27502 "https://servicewechat.com/" "Mozilla/5.0 (Linux; Android 13; 23049RAD8C Build/TKQ1.221114.001) AppleWebKit/537.36 (KHTML, like Gecko) Version/4.0 Chrome/115.0.0.0 Mobile Safari/537.36 MicroMessenger/8.0.45"
223.108.79.101 - - [15/Dec/2025:09:58:54 +0800] "GET /wp-content/uploads/2025/07/1753456723-%E5%8F%8C%E7%9B%B8%E9%92%A2roduct_Single600.webp HTTP/1.1" 200 22790 "https://servicewechat.com/" "Mozilla/5.0 (Linux; Android 13; 23049RAD8C Build/TKQ1.221114.001) AppleWebKit/537.36 (KHTML, like Gecko) Version/4.0 Chrome/115.0.0.0 Mobile Safari/537.36 MicroMessenger/8.0.45"
223.108.79.101 - - [15/Dec/2025:09:58:54 +0800] "GET /wp-content/uploads/2025/12/1765268955-qizhou_Slider1_3840%C3%972160_20251210-scaled.webp HTTP/1.1" 200 152162 "https://servicewechat.com/" "Mozilla/5.0 (Linux; Android 13; 23049RAD8C Build/TKQ1.221114.001) AppleWebKit/537.36 (KHTML, like Gecko) Version/4.0 Chrome/115.0.0.0 Mobile Safari/537.36 MicroMessenger/8.0.45"
223.108.79.101 - - [15/Dec/2025:09:58:54 +0800] "GET /wp-content/uploads/2025/12/1765265398-qizhou_Slider_3840%C3%972160_20251209-scaled-50x100.webp HTTP/1.1" 200 2166 "https://servicewechat.com/" "Mozilla/5.0 (Linux; Android 13; 23049RAD8C Build/TKQ1.221114.001) AppleWebKit/537.36 (KHTML, like Gecko) Version/4.0 Chrome/115.0.0.0 Mobile Safari/537.36 MicroMessenger/8.0.45"
223.108.79.101 - - [15/Dec/2025:09:58:54 +0800] "GET /wp-content/uploads/revslider/slider-1/1750861156-logistics_Slider_3840%C3%972160_20250625191356-scaled-50x100.webp HTTP/1.1" 200 1416 "https://servicewechat.com/" "Mozilla/5.0 (Linux; Android 13; 23049RAD8C Build/TKQ1.221114.001) AppleWebKit/537.36 (KHTML, like Gecko) Version/4.0 Chrome/115.0.0.0 Mobile Safari/537.36 MicroMessenger/8.0.45"
223.108.79.101 - - [15/Dec/2025:09:58:55 +0800] "GET /wp-json/sliderrevolution/sliders/1?srengine=7&slideid=3 HTTP/1.1" 200 2286 "https://servicewechat.com/" "Mozilla/5.0 (Linux; Android 13; 23049RAD8C Build/TKQ1.221114.001) AppleWebKit/537.36 (KHTML, like Gecko) Version/4.0 Chrome/115.0.0.0 Mobile Safari/537.36 MicroMessenger/8.0.45"
223.108.79.101 - - [15/Dec/2025:09:58:55 +0800] "GET /wp-json/sliderrevolution/sliders/1?srengine=7&slideid=2 HTTP/1.1" 200 2058 "https://servicewechat.com/" "Mozilla/5.0 (Linux; Android 13; 23049RAD8C Build/TKQ1.221114.001) AppleWebKit/537.36 (KHTML, like Gecko) Version/4.0 Chrome/115.0.0.0 Mobile Safari/537.36 MicroMessenger/8.0.45"
223.108.79.101 - - [15/Dec/2025:09:58:55 +0800] "GET /wp-content/uploads/2025/12/1765265398-qizhou_Slider_3840%C3%972160_20251209-scaled.webp HTTP/1.1" 200 175208 "https://servicewechat.com/" "Mozilla/5.0 (Linux; Android 13; 23049RAD8C Build/TKQ1.221114.001) AppleWebKit/537.36 (KHTML, like Gecko) Version/4.0 Chrome/115.0.0.0 Mobile Safari/537.36 MicroMessenger/8.0.45"
223.108.79.101 - - [15/Dec/2025:09:58:55 +0800] "GET /wp-content/uploads/revslider/slider-1/1750861156-logistics_Slider_3840%C3%972160_20250625191356-scaled.webp HTTP/1.1" 200 197360 "https://servicewechat.com/" "Mozilla/5.0 (Linux; Android 13; 23049RAD8C Build/TKQ1.221114.001) AppleWebKit/537.36 (KHTML, like Gecko) Version/4.0 Chrome/115.0.0.0 Mobile Safari/537.36 MicroMessenger/8.0.45"
180.163.30.100 - - [15/Dec/2025:09:59:00 +0800] "GET /2339/ HTTP/1.1" 200 21005 "-" "Mozilla/5.0 (Macintosh; Intel Mac OS X 10_15_7) AppleWebKit/537.36 (KHTML, like Gecko) Chrome/134.0.0.0 Safari/537.36"
39.144.224.200 - - [15/Dec/2025:09:59:01 +0800] "GET /2339/ HTTP/1.1" 200 20652 "-" "Mozilla/5.0 (Linux; Android 12; CET-AL60 Build/HUAWEICET-AL60; wv) AppleWebKit/537.36 (KHTML, like Gecko) Version/4.0 Chrome/142.0.7444.173 Mobile Safari/537.36 XWEB/1420087 MMWEBSDK/20251006 MMWEBID/6107 MicroMessenger/8.0.66.2980(0x28004236) WeChat/arm64 Weixin NetType/4G Language/zh_CN ABI/arm64"
39.144.224.200 - - [15/Dec/2025:09:59:01 +0800] "GET /wp-content/uploads/2025/12/1765253089-20251209103501_96_61.webp HTTP/1.1" 304 0 "http://cqqizhou.com/2339/" "Mozilla/5.0 (Linux; Android 12; CET-AL60 Build/HUAWEICET-AL60; wv) AppleWebKit/537.36 (KHTML, like Gecko) Version/4.0 Chrome/142.0.7444.173 Mobile Safari/537.36 XWEB/1420087 MMWEBSDK/20251006 MMWEBID/6107 MicroMessenger/8.0.66.2980(0x28004236) WeChat/arm64 Weixin NetType/4G Language/zh_CN ABI/arm64"
39.144.224.200 - - [15/Dec/2025:09:59:01 +0800] "GET /wp-content/uploads/2025/12/1765248735-20251209104226_108_60.webp HTTP/1.1" 200 55962 "http://cqqizhou.com/2339/" "Mozilla/5.0 (Linux; Android 12; CET-AL60 Build/HUAWEICET-AL60; wv) AppleWebKit/537.36 (KHTML, like Gecko) Version/4.0 Chrome/142.0.7444.173 Mobile Safari/537.36 XWEB/1420087 MMWEBSDK/20251006 MMWEBID/6107 MicroMessenger/8.0.66.2980(0x28004236) WeChat/arm64 Weixin NetType/4G Language/zh_CN ABI/arm64"
39.144.224.200 - - [15/Dec/2025:09:59:01 +0800] "GET /wp-content/uploads/2025/12/1765248770-20251209104226_107_60.webp HTTP/1.1" 200 66916 "http://cqqizhou.com/2339/" "Mozilla/5.0 (Linux; Android 12; CET-AL60 Build/HUAWEICET-AL60; wv) AppleWebKit/537.36 (KHTML, like Gecko) Version/4.0 Chrome/142.0.7444.173 Mobile Safari/537.36 XWEB/1420087 MMWEBSDK/20251006 MMWEBID/6107 MicroMessenger/8.0.66.2980(0x28004236) WeChat/arm64 Weixin NetType/4G Language/zh_CN ABI/arm64"
39.144.224.200 - - [15/Dec/2025:09:59:01 +0800] "GET /wp-content/uploads/2025/08/1755826456-DSC01841.webp HTTP/1.1" 200 87046 "http://cqqizhou.com/2339/" "Mozilla/5.0 (Linux; Android 12; CET-AL60 Build/HUAWEICET-AL60; wv) AppleWebKit/537.36 (KHTML, like Gecko) Version/4.0 Chrome/142.0.7444.173 Mobile Safari/537.36 XWEB/1420087 MMWEBSDK/20251006 MMWEBID/6107 MicroMessenger/8.0.66.2980(0x28004236) WeChat/arm64 Weixin NetType/4G Language/zh_CN ABI/arm64"
39.144.224.200 - - [15/Dec/2025:09:59:01 +0800] "GET /wp-content/uploads/2025/12/1765249046-20251209104228_110_60.webp HTTP/1.1" 200 64834 "http://cqqizhou.com/2339/" "Mozilla/5.0 (Linux; Android 12; CET-AL60 Build/HUAWEICET-AL60; wv) AppleWebKit/537.36 (KHTML, like Gecko) Version/4.0 Chrome/142.0.7444.173 Mobile Safari/537.36 XWEB/1420087 MMWEBSDK/20251006 MMWEBID/6107 MicroMessenger/8.0.66.2980(0x28004236) WeChat/arm64 Weixin NetType/4G Language/zh_CN ABI/arm64"
36.133.115.36 - - [15/Dec/2025:10:04:30 +0800] "POST /wp-cron.php?doing_wp_cron=1765764269.9804909229278564453125 HTTP/1.1" 200 31 "-" "WordPress/6.8.3; http://cqqizhou.com"
204.76.203.212 - - [15/Dec/2025:10:04:30 +0800] "GET / HTTP/1.1" 200 33672 "-" "Mozilla/5.0 (Windows NT 10.0; Win64; x64) AppleWebKit/537.36 (KHTML, like Gecko) Chrome/90.0.4430.85 Safari/537.36 Edg/90.0.818.46"
193.142.147.209 - - [15/Dec/2025:10:04:36 +0800] "GET /cgi-bin/luci/;stok=/locale HTTP/1.1" 301 5 "-" "-"
193.142.147.209 - - [15/Dec/2025:10:04:37 +0800] "GET /cgi-bin/luci/;stok=/locale HTTP/1.1" 404 31364 "http://36.133.115.36:80/cgi-bin/luci/;stok=/locale" "-"
221.178.143.70 - - [15/Dec/2025:10:05:48 +0800] "GET / HTTP/1.1" 200 34106 "-" "Mozilla/5.0 (X11; U; Linux i686; zh-TW; rv:1.8.1.3) Gecko/20070309 Firefox/2.0.0.3"
221.178.143.70 - - [15/Dec/2025:10:05:50 +0800] "GET / HTTP/1.1" 200 34106 "-" "Mozilla/5.0 (Macintosh; Intel Mac OS X 10_11) AppleWebKit/601.1.27 (KHTML, like Gecko) Chrome/47.0.2526.106 Safari/601.1.27"
36.133.115.36 - - [15/Dec/2025:10:05:51 +0800] "POST /wp-cron.php?doing_wp_cron=1765764351.8630828857421875000000 HTTP/1.1" 200 31 "-" "WordPress/6.8.3; http://cqqizhou.com"
221.178.143.70 - - [15/Dec/2025:10:05:51 +0800] "GET / HTTP/1.1" 301 5 "-" "Mozilla/5.0 (Macintosh; Intel Mac OS X 10_11) AppleWebKit/601.1.27 (KHTML, like Gecko) Chrome/47.0.2526.106 Safari/601.1.27"
221.178.143.70 - - [15/Dec/2025:10:06:02 +0800] "GET / HTTP/1.1" 200 34106 "-" "Mozilla/5.0 (Macintosh; Intel Mac OS X 10_11) AppleWebKit/601.1.27 (KHTML, like Gecko) Chrome/47.0.2526.106 Safari/601.1.27"
221.178.143.70 - - [15/Dec/2025:10:06:38 +0800] "GET / HTTP/1.1" 200 33674 "-" "Dalvik/2.1.0 (Linux; U; Android 9.0; ZTE BA520 Build/MRA58K)"
221.178.143.70 - - [15/Dec/2025:10:06:44 +0800] "GET / HTTP/1.1" 301 5 "-" "Dalvik/2.1.0 (Linux; U; Android 9.0; ZTE BA520 Build/MRA58K)"
221.178.143.70 - - [15/Dec/2025:10:06:45 +0800] "GET / HTTP/1.1" 200 33673 "-" "Dalvik/2.1.0 (Linux; U; Android 9.0; ZTE BA520 Build/MRA58K)"
36.133.115.36 - - [15/Dec/2025:10:07:00 +0800] "POST /wp-cron.php?doing_wp_cron=1765764420.7896220684051513671875 HTTP/1.1" 200 31 "-" "WordPress/6.8.3; http://cqqizhou.com"
36.150.60.24 - - [15/Dec/2025:10:07:01 +0800] "GET / HTTP/1.1" 200 33673 "-" "Mozilla/5.0 (Linux; U; Android 8.0.0; zh-CN; SM-G9500 Build/R16NW) AppleWebKit/537.36 (KHTML, like Gecko) Version/4.0 Chrome/57.0.2987.108 UCBrowser/11.9.4.974 UWS/2.14.0.13 Mobile Safari/537.36 AliApp(TB/7.10.4) UCBS/2.11.1.1 TTID/10004868@taobao_android_7.10.4 WindVane/8.3.0 1080X2076"
36.150.60.24 - - [15/Dec/2025:10:07:29 +0800] "GET / HTTP/1.1" 200 34106 "-" "Mozilla/5.0 (Macintosh; Intel Mac OS X 10_11) AppleWebKit/601.1.27 (KHTML, like Gecko) Chrome/47.0.2526.106 Safari/601.1.27"
36.133.115.36 - - [15/Dec/2025:10:07:48 +0800] "POST /wp-cron.php?doing_wp_cron=1765764468.8561179637908935546875 HTTP/1.1" 200 31 "-" "WordPress/6.8.3; http://cqqizhou.com"
36.150.60.24 - - [15/Dec/2025:10:07:48 +0800] "GET / HTTP/1.1" 301 5 "-" "Mozilla/5.0 (Linux; U; Android 6.0.1; zh-CN; SM-G9350 Build/MMB29M) AppleWebKit/537.36 (KHTML, like Gecko) Version/4.0 Chrome/57.0.2987.108 UCBrowser/11.6.4.950 UCBS/2.11.1.28 Mobile Safari/537.36 AliApp(TB/7.3.1.3) WindVane/8.3.0 1440X2560"
36.133.115.36 - - [15/Dec/2025:10:09:53 +0800] "POST /wp-cron.php?doing_wp_cron=1765764593.1557190418243408203125 HTTP/1.1" 200 31 "-" "WordPress/6.8.3; http://cqqizhou.com"
62.60.135.189 - - [15/Dec/2025:10:09:53 +0800] "GET /.git/config HTTP/1.1" 404 8981 "-" "Mozilla/5.0 (Macintosh; Intel Mac OS X 10_15_6) AppleWebKit/605.1.15 (KHTML, like Gecko) Version/15.6,2 Safari/605.1.15"
36.150.60.24 - - [15/Dec/2025:10:22:18 +0800] "GET /?teir HTTP/1.1" 301 5 "-" "Mozilla/5.0 (Linux; U; Android 6.0.1; zh-CN; SM-G9350 Build/MMB29M) AppleWebKit/537.36 (KHTML, like Gecko) Version/4.0 Chrome/57.0.2987.108 UCBrowser/11.6.4.950 UCBS/2.11.1.28 Mobile Safari/537.36 AliApp(TB/7.3.1.3) WindVane/8.3.0 1440X2560"
36.133.115.36 - - [15/Dec/2025:10:22:18 +0800] "POST /wp-cron.php?doing_wp_cron=1765765338.3296270370483398437500 HTTP/1.1" 200 31 "-" "WordPress/6.8.3; http://cqqizhou.com"
36.133.115.36 - - [15/Dec/2025:10:22:18 +0800] "POST /wp-cron.php?doing_wp_cron=1765765338.3296070098876953125000 HTTP/1.1" 200 31 "-" "WordPress/6.8.3; http://cqqizhou.com"
36.150.60.24 - - [15/Dec/2025:10:22:18 +0800] "GET /api/Event/Products/Average HTTP/1.1" 301 5 "-" "Mozilla/5.0 (Linux; U; Android 6.0.1; zh-CN; SM-G9350 Build/MMB29M) AppleWebKit/537.36 (KHTML, like Gecko) Version/4.0 Chrome/57.0.2987.108 UCBrowser/11.6.4.950 UCBS/2.11.1.28 Mobile Safari/537.36 AliApp(TB/7.3.1.3) WindVane/8.3.0 1440X2560"
36.150.60.24 - - [15/Dec/2025:10:22:18 +0800] "GET /index/index/info?type=ultimate&date=1633382774669 HTTP/1.1" 301 5 "-" "Mozilla/5.0 (Linux; U; Android 6.0.1; zh-CN; SM-G9350 Build/MMB29M) AppleWebKit/537.36 (KHTML, like Gecko) Version/4.0 Chrome/57.0.2987.108 UCBrowser/11.6.4.950 UCBS/2.11.1.28 Mobile Safari/537.36 AliApp(TB/7.3.1.3) WindVane/8.3.0 1440X2560"
36.150.60.24 - - [15/Dec/2025:10:22:18 +0800] "GET /index.php/user/login HTTP/1.1" 301 5 "-" "Mozilla/5.0 (Linux; U; Android 6.0.1; zh-CN; SM-G9350 Build/MMB29M) AppleWebKit/537.36 (KHTML, like Gecko) Version/4.0 Chrome/57.0.2987.108 UCBrowser/11.6.4.950 UCBS/2.11.1.28 Mobile Safari/537.36 AliApp(TB/7.3.1.3) WindVane/8.3.0 1440X2560"
36.133.115.36 - - [15/Dec/2025:10:23:22 +0800] "POST /wp-cron.php?doing_wp_cron=1765765402.2220900058746337890625 HTTP/1.1" 200 31 "-" "WordPress/6.8.3; http://cqqizhou.com"
193.142.147.209 - - [15/Dec/2025:10:23:22 +0800] "GET /index.asp HTTP/1.1" 301 5 "-" "Hello World/1.0"
36.133.115.36 - - [15/Dec/2025:10:47:41 +0800] "POST /wp-cron.php?doing_wp_cron=1765766860.9750878810882568359375 HTTP/1.1" 200 31 "-" "WordPress/6.8.3; http://cqqizhou.com"
49.51.33.159 - - [15/Dec/2025:10:47:41 +0800] "GET / HTTP/1.1" 200 33674 "-" "Mozilla/5.0 (iPhone; CPU iPhone OS 13_2_3 like Mac OS X) AppleWebKit/605.1.15 (KHTML, like Gecko) Version/13.0.3 Mobile/15E148 Safari/604.1"
36.133.115.36 - - [15/Dec/2025:10:51:59 +0800] "POST /wp-cron.php?doing_wp_cron=1765767119.6024999618530273437500 HTTP/1.1" 200 31 "-" "WordPress/6.8.3; http://cqqizhou.com"
103.203.56.3 - - [15/Dec/2025:10:51:59 +0800] "GET / HTTP/1.1" 301 5 "-" "HTTP Banner Detection (https://security.ipip.net)"
36.133.115.36 - - [15/Dec/2025:10:53:28 +0800] "POST /wp-cron.php?doing_wp_cron=1765767208.3234369754791259765625 HTTP/1.1" 200 31 "-" "WordPress/6.8.3; http://cqqizhou.com"
204.76.203.212 - - [15/Dec/2025:10:53:28 +0800] "GET / HTTP/1.1" 200 33674 "-" "Mozilla/5.0 (Windows NT 10.0; Win64; x64) AppleWebKit/537.36 (KHTML, like Gecko) Chrome/90.0.4430.85 Safari/537.36 Edg/90.0.818.46"
149.50.103.48 - - [15/Dec/2025:10:53:41 +0800] "GET / HTTP/1.1" 200 33674 "-" "Mozilla/5.0 (Windows NT 10.0; Win64; x64) AppleWebKit/537.36 (KHTML, like Gecko) Chrome/90.0.4430.85 Safari/537.36 Edg/90.0.818.46"
36.133.115.36 - - [15/Dec/2025:11:01:36 +0800] "POST /wp-cron.php?doing_wp_cron=1765767696.4694559574127197265625 HTTP/1.1" 200 31 "-" "WordPress/6.8.3; http://cqqizhou.com"
116.62.143.63 - - [15/Dec/2025:11:01:36 +0800] "GET / HTTP/1.1" 301 5 "-" "Mozilla/5.0 (Windows NT 10.0; Win64; x64) AppleWebKit/537.36 (KHTML, like Gecko) Chrome/133.0.0.0 Safari/537.36"
116.62.143.63 - - [15/Dec/2025:11:01:37 +0800] "GET / HTTP/1.1" 200 34106 "http://36.133.115.36/" "Mozilla/5.0 (Windows NT 10.0; Win64; x64) AppleWebKit/537.36 (KHTML, like Gecko) Chrome/133.0.0.0 Safari/537.36"
121.237.36.31 - - [15/Dec/2025:11:23:05 +0800] "GET / HTTP/1.1" 200 34106 "-" "Mozilla/5.0 (X11; U; OpenBSD i386; en-US; rv:1.8.1.4) Gecko/20070704 Firefox/2.0.0.6"
36.133.115.36 - - [15/Dec/2025:11:24:33 +0800] "POST /wp-cron.php?doing_wp_cron=1765769073.6713929176330566406250 HTTP/1.1" 200 31 "-" "WordPress/6.8.3; http://cqqizhou.com"
121.237.36.31 - - [15/Dec/2025:11:24:34 +0800] "GET / HTTP/1.1" 200 33674 "-" "Dalvik/2.1.0 (Linux; U; Android 9.0; ZTE BA520 Build/MRA58K)"
121.237.36.29 - - [15/Dec/2025:11:24:34 +0800] "GET / HTTP/1.1" 200 33673 "-" "Mozilla/5.0 (Linux; Android 5.0.2; Redmi Note 2 Build/LRX22G; wv) AppleWebKit/537.36 (KHTML, like Gecko) Version/4.0 Chrome/48.0.2564.116 Mobile Safari/537.36 T7/10.3 baiduboxapp/10.3.6.13 (Baidu; P1 5.0.2)"
36.133.115.36 - - [15/Dec/2025:11:26:11 +0800] "POST /wp-cron.php?doing_wp_cron=1765769171.6845510005950927734375 HTTP/1.1" 200 31 "-" "WordPress/6.8.3; http://cqqizhou.com"
185.16.39.52 - - [15/Dec/2025:11:26:12 +0800] "GET / HTTP/1.1" 200 109842 "-" "python-requests/2.31.0"
36.133.115.36 - - [15/Dec/2025:11:28:23 +0800] "POST /wp-cron.php?doing_wp_cron=1765769303.1482009887695312500000 HTTP/1.1" 200 31 "-" "WordPress/6.8.3; http://cqqizhou.com"
147.185.133.137 - - [15/Dec/2025:11:28:23 +0800] "GET / HTTP/1.1" 200 33673 "-" "Hello from Palo Alto Networks, find out more about our scans in https://docs-cortex.paloaltonetworks.com/r/1/Cortex-Xpanse/Scanning-activity"
36.133.115.36 - - [15/Dec/2025:11:34:17 +0800] "POST /wp-cron.php?doing_wp_cron=1765769657.4580500125885009765625 HTTP/1.1" 200 31 "-" "WordPress/6.8.3; http://cqqizhou.com"
54.37.118.69 - - [15/Dec/2025:11:34:17 +0800] "GET /robots.txt HTTP/1.1" 200 190 "-" "Mozilla/5.0 (compatible; AhrefsBot/7.0; +http://ahrefs.com/robot/)"
51.75.236.146 - - [15/Dec/2025:11:34:21 +0800] "GET / HTTP/1.1" 200 34106 "-" "Mozilla/5.0 (compatible; AhrefsBot/7.0; +http://ahrefs.com/robot/)"
36.133.115.36 - - [15/Dec/2025:11:35:32 +0800] "POST /wp-cron.php?doing_wp_cron=1765769732.0413200855255126953125 HTTP/1.1" 200 31 "-" "WordPress/6.8.3; http://cqqizhou.com"
43.166.244.192 - - [15/Dec/2025:11:35:32 +0800] "GET / HTTP/1.1" 200 33674 "-" "Mozilla/5.0 (iPhone; CPU iPhone OS 13_2_3 like Mac OS X) AppleWebKit/605.1.15 (KHTML, like Gecko) Version/13.0.3 Mobile/15E148 Safari/604.1"
216.244.66.245 - - [15/Dec/2025:11:35:45 +0800] "GET /robots.txt HTTP/1.1" 200 390 "-" "Mozilla/5.0 (compatible; DotBot/1.2; +https://opensiteexplorer.org/dotbot; help@moz.com)"
36.133.115.36 - - [15/Dec/2025:11:37:18 +0800] "POST /wp-cron.php?doing_wp_cron=1765769838.0892429351806640625000 HTTP/1.1" 200 31 "-" "WordPress/6.8.3; http://cqqizhou.com"
121.237.36.31 - - [15/Dec/2025:11:37:18 +0800] "GET / HTTP/1.1" 200 33674 "-" "Dalvik/2.1.0 (Linux; U; Android 9.0; ZTE BA520 Build/MRA58K)"
36.133.115.36 - - [15/Dec/2025:11:41:55 +0800] "POST /wp-cron.php?doing_wp_cron=1765770115.1825370788574218750000 HTTP/1.1" 200 31 "-" "WordPress/6.8.3; http://cqqizhou.com"
204.76.203.212 - - [15/Dec/2025:11:41:55 +0800] "GET / HTTP/1.1" 200 33672 "-" "Mozilla/5.0 (Windows NT 10.0; Win64; x64) AppleWebKit/537.36 (KHTML, like Gecko) Chrome/90.0.4430.85 Safari/537.36 Edg/90.0.818.46"
216.244.66.245 - - [15/Dec/2025:11:42:10 +0800] "GET /wp-content/uploads/2025/11/1762864369-QZ_Photo-11.webp HTTP/1.1" 200 240198 "-" "Mozilla/5.0 (compatible; DotBot/1.2; +https://opensiteexplorer.org/dotbot; help@moz.com)"
36.133.115.36 - - [15/Dec/2025:11:50:35 +0800] "POST /wp-cron.php?doing_wp_cron=1765770635.1642460823059082031250 HTTP/1.1" 200 31 "-" "WordPress/6.8.3; http://cqqizhou.com"
36.150.60.24 - - [15/Dec/2025:11:50:35 +0800] "GET / HTTP/1.1" 200 33674 "-" "Dalvik/2.1.0 (Linux; U; Android 9.0; ZTE BA520 Build/MRA58K)"
36.150.60.24 - - [15/Dec/2025:11:50:35 +0800] "GET / HTTP/1.1" 301 5 "-" "Dalvik/2.1.0 (Linux; U; Android 9.0; ZTE BA520 Build/MRA58K)"
36.150.60.24 - - [15/Dec/2025:11:50:36 +0800] "GET / HTTP/1.1" 200 33674 "-" "Dalvik/2.1.0 (Linux; U; Android 9.0; ZTE BA520 Build/MRA58K)"
36.133.115.36 - - [15/Dec/2025:11:56:23 +0800] "POST /wp-cron.php?doing_wp_cron=1765770983.6212830543518066406250 HTTP/1.1" 200 31 "-" "WordPress/6.8.3; http://cqqizhou.com"
38.58.179.181 - - [15/Dec/2025:11:56:23 +0800] "GET http://check.9tb.org/ HTTP/1.1" 301 5 "-" "Mozilla/5.0 (Windows NT 10.0; Win64; x64) AppleWebKit/537.36"
38.58.179.181 - - [15/Dec/2025:11:56:23 +0800] "GET http://cqqizhou.com/ HTTP/1.1" 200 34106 "http://check.9tb.org" "Mozilla/5.0 (Windows NT 10.0; Win64; x64) AppleWebKit/537.36"
36.133.115.36 - - [15/Dec/2025:12:02:51 +0800] "POST /wp-cron.php?doing_wp_cron=1765771371.7932350635528564453125 HTTP/1.1" 200 31 "-" "WordPress/6.8.3; http://cqqizhou.com"
103.93.93.239 - - [15/Dec/2025:12:02:52 +0800] "GET / HTTP/1.1" 200 152290 "-" "Mozilla/5.0 (Windows NT 6.1; WOW64) AppleWebKit/537.36 (KHTML, like Gecko) Chrome/52.0.2743.116 Safari/537.36"
36.133.115.36 - - [15/Dec/2025:12:20:09 +0800] "POST /wp-cron.php?doing_wp_cron=1765772408.9578568935394287109375 HTTP/1.1" 200 31 "-" "WordPress/6.8.3; http://cqqizhou.com"
52.165.88.155 - - [15/Dec/2025:12:20:09 +0800] "GET /developmentserver/metadatauploader HTTP/1.1" 404 8981 "-" "Mozilla/5.0 zgrab/0.x"
36.133.115.36 - - [15/Dec/2025:12:21:18 +0800] "POST /wp-cron.php?doing_wp_cron=1765772478.5489530563354492187500 HTTP/1.1" 200 31 "-" "WordPress/6.8.3; http://cqqizhou.com"
216.244.66.245 - - [15/Dec/2025:12:21:18 +0800] "GET /robots.txt HTTP/1.1" 200 390 "-" "Mozilla/5.0 (compatible; DotBot/1.2; +https://opensiteexplorer.org/dotbot; help@moz.com)"
36.133.115.36 - - [15/Dec/2025:12:25:29 +0800] "POST /wp-cron.php?doing_wp_cron=1765772729.8696639537811279296875 HTTP/1.1" 200 31 "-" "WordPress/6.8.3; http://cqqizhou.com"
20.65.194.61 - - [15/Dec/2025:12:25:29 +0800] "GET /portal/redlion HTTP/1.1" 404 8981 "-" "Mozilla/5.0 zgrab/0.x"
216.244.66.245 - - [15/Dec/2025:12:28:05 +0800] "GET /wp-content/uploads/2025/07/1750649193-qizhou1920x1080_5.webp HTTP/1.1" 200 110214 "-" "Mozilla/5.0 (compatible; DotBot/1.2; +https://opensiteexplorer.org/dotbot; help@moz.com)"
36.133.115.36 - - [15/Dec/2025:12:31:30 +0800] "POST /wp-cron.php?doing_wp_cron=1765773090.5329248905181884765625 HTTP/1.1" 200 31 "-" "WordPress/6.8.3; http://cqqizhou.com"
204.76.203.20 - - [15/Dec/2025:12:31:30 +0800] "GET /index.asp HTTP/1.1" 301 5 "-" "Hello World/1.0"
36.133.115.36 - - [15/Dec/2025:12:33:00 +0800] "POST /wp-cron.php?doing_wp_cron=1765773180.3111579418182373046875 HTTP/1.1" 200 31 "-" "WordPress/6.8.3; http://cqqizhou.com"
204.76.203.212 - - [15/Dec/2025:12:33:00 +0800] "GET / HTTP/1.1" 200 33674 "-" "Mozilla/5.0 (Windows NT 10.0; Win64; x64) AppleWebKit/537.36 (KHTML, like Gecko) Chrome/90.0.4430.85 Safari/537.36 Edg/90.0.818.46"
36.133.115.36 - - [15/Dec/2025:12:57:07 +0800] "POST /wp-cron.php?doing_wp_cron=1765774627.1193380355834960937500 HTTP/1.1" 200 31 "-" "WordPress/6.8.3; http://cqqizhou.com"
62.60.130.228 - - [15/Dec/2025:12:57:07 +0800] "GET /wp-login.php HTTP/1.1" 200 2774 "-" "Mozilla/5.0 (Macintosh; Intel Mac OS X 13_6_1) AppleWebKit/605.1.15 (KHTML, like Gecko) Version/16.6 Safari/605.1.15"
62.60.130.228 - - [15/Dec/2025:12:57:08 +0800] "POST /wp-login.php HTTP/1.1" 200 2988 "http://CQQIZHOU.COM/wp-login.php" "Mozilla/5.0 (Macintosh; Intel Mac OS X 13_6_1) AppleWebKit/537.36 (KHTML, like Gecko) Chrome/121.0.0.0 Safari/537.36"
62.60.130.228 - - [15/Dec/2025:12:57:11 +0800] "POST /wp-login.php HTTP/1.1" 200 2983 "http://CQQIZHOU.COM/wp-login.php" "Mozilla/5.0 (Macintosh; Intel Mac OS X 13_6_1; rv:121.0) Gecko/20100101 Firefox/121.0"
62.60.130.228 - - [15/Dec/2025:12:57:14 +0800] "POST /wp-login.php HTTP/1.1" 200 2988 "http://CQQIZHOU.COM/wp-login.php" "Mozilla/5.0 (Macintosh; Intel Mac OS X 10_15_7; rv:119.0) Gecko/20100101 Firefox/119.0"
62.60.130.228 - - [15/Dec/2025:12:57:18 +0800] "POST /wp-login.php HTTP/1.1" 200 2932 "http://CQQIZHOU.COM/wp-login.php" "Mozilla/5.0 (Windows NT 11.0; Win64; x64) AppleWebKit/537.36 (KHTML, like Gecko) Chrome/121.0.0.0 Safari/537.36"
62.60.130.228 - - [15/Dec/2025:12:57:22 +0800] "POST /wp-login.php HTTP/1.1" 200 2932 "http://CQQIZHOU.COM/wp-login.php" "Mozilla/5.0 (X11; Ubuntu; Linux x86_64) AppleWebKit/537.36 (KHTML, like Gecko) Chrome/118.0.0.0 Safari/537.36"
62.60.130.228 - - [15/Dec/2025:12:57:27 +0800] "POST /wp-login.php HTTP/1.1" 200 2985 "http://CQQIZHOU.COM/wp-login.php" "Mozilla/5.0 (Windows NT 11.0; Win64; x64) AppleWebKit/537.36 (KHTML, like Gecko) Chrome/121.0.0.0 Safari/537.36"
62.60.130.228 - - [15/Dec/2025:12:57:29 +0800] "POST /wp-login.php HTTP/1.1" 200 2988 "http://CQQIZHOU.COM/wp-login.php" "Mozilla/5.0 (Macintosh; Intel Mac OS X 13_6_1) AppleWebKit/605.1.15 (KHTML, like Gecko) Version/17.0 Safari/605.1.15"
62.60.130.228 - - [15/Dec/2025:12:57:32 +0800] "POST /wp-login.php HTTP/1.1" 200 2987 "http://CQQIZHOU.COM/wp-login.php" "Mozilla/5.0 (Windows NT 10.0; Win64; x64; rv:119.0) Gecko/20100101 Firefox/119.0"
62.60.130.228 - - [15/Dec/2025:12:57:35 +0800] "POST /wp-login.php HTTP/1.1" 200 2984 "http://CQQIZHOU.COM/wp-login.php" "Mozilla/5.0 (Macintosh; Intel Mac OS X 13_6_1; rv:118.0) Gecko/20100101 Firefox/118.0"
62.60.130.228 - - [15/Dec/2025:12:57:38 +0800] "POST /wp-login.php HTTP/1.1" 200 2932 "http://CQQIZHOU.COM/wp-login.php" "Mozilla/5.0 (Windows NT 10.0; Win64; x64; rv:118.0) Gecko/20100101 Firefox/118.0"
62.60.130.228 - - [15/Dec/2025:12:57:40 +0800] "POST /wp-login.php HTTP/1.1" 200 2932 "http://CQQIZHOU.COM/wp-login.php" "Mozilla/5.0 (Macintosh; Intel Mac OS X 10_15_7; rv:120.0) Gecko/20100101 Firefox/120.0"
62.60.130.228 - - [15/Dec/2025:12:57:43 +0800] "POST /wp-login.php HTTP/1.1" 200 2983 "http://CQQIZHOU.COM/wp-login.php" "Mozilla/5.0 (Macintosh; Intel Mac OS X 10_15_7; rv:120.0) Gecko/20100101 Firefox/120.0"
62.60.130.228 - - [15/Dec/2025:12:57:45 +0800] "POST /wp-login.php HTTP/1.1" 200 2983 "http://CQQIZHOU.COM/wp-login.php" "Mozilla/5.0 (Macintosh; Intel Mac OS X 10_15_7; rv:121.0) Gecko/20100101 Firefox/121.0"
36.133.115.36 - - [15/Dec/2025:12:58:10 +0800] "POST /wp-cron.php?doing_wp_cron=1765774690.8177130222320556640625 HTTP/1.1" 200 31 "-" "WordPress/6.8.3; http://cqqizhou.com"
101.24.120.101 - - [15/Dec/2025:12:58:10 +0800] "GET / HTTP/1.1" 301 5 "https://m.baidu.com/from=1001192y/bd_page_type=1/ssid=0/uid=0/pu=usm%402%2Csz%401320_1001%2Cta%40iphone_2_12.0_28_16.0/baiduid=24C888F22CBC8ACE20D4DF472CB34EC7/w=0_10_/t=iphone/l=1/tc?clk_type=1&vit=osres&l=1&baiduid=24C888F22CBC8ACE20D4DF472CB34EC7&t=iphone&ref=www_iphone&from=1001192y&ssid=0&lid=8479414677422216872&bd_page_type=1&pu=usm%402%2Csz%401320_1001%2Cta%40iphone_2_12.0_28_16.0&order=5&fm=alop&extra=%7B%22baikan_type%22%3A%224%22%7D&isAtom=1&waplogo=1&clk_info=%7B%22tplname%22%3A%22www_index%22%2C%22srcid%22%3A1599%2C%22jumpType%22%3A%22%22%2C%22urlsign%22%3A%2216716533792412644635%22%2C%22t%22%3A1765774686777%2C%22xpath%22%3A%22div-div-article(sc_ala)-section-div2(pure-summary)-div-div-div(abstract)-div-div-span%22%7D&dict=-1&otn=1&is_baidu=0&tj=www_index_5_0_10_title&m=8&cltj=normal_title&asres=1&phoneos=bd_search_iphone&title=%E9%87%8D%E5%BA%86%E5%90%AF%E8%88%9F%E7%AE%A1%E7%90%86-%E4%B8%80%E7%AB%99%E5%BC%8F%E9%92%A2%E6%9D%90%E4%BE%9B%E5%BA%94%E9%93%BE%E7%AE%A1%E7%90%86&wd=&eqid=75aceeb926fc16a810000003693f9553&w_qd=IlPT2AEptyoA_ykwuusc5QKxD5pPipsmyC9YfxnR9OUtYw55S6NdrHzjawBqlLQTvB7&bdver=2_1&tcplug=1&sec=8692&di=8ce7273751ce1361&bdenc=1&nsrc=g5Zsd3KFzZAyDK7NUNYfAXIZJ80e8n4ynUTUKraAKbcl0jvyYRV%2FdeYaILfgi5yCzjcVmwg2j%2FICsg7PfumCGQ%3D%3D&ck0=469&ck1=79&ck2=222&ck3=357&ck6=5&ck7=294&ala_anti=ck0%40469%2Cck1%4079%2Cck7%40294" "Mozilla/5.0 (Linux; Android 12; HarmonyOS; PLR-AL30; HMSCore 6.15.4.322) AppleWebKit/537.36 (KHTML, like Gecko) Chrome/114.0.5735.196 HuaweiBrowser/16.0.11.301 Mobile Safari/537.36"
101.24.120.101 - - [15/Dec/2025:12:58:12 +0800] "GET / HTTP/1.1" 200 33674 "https://m.baidu.com/from=1001192y/bd_page_type=1/ssid=0/uid=0/pu=usm%402%2Csz%401320_1001%2Cta%40iphone_2_12.0_28_16.0/baiduid=24C888F22CBC8ACE20D4DF472CB34EC7/w=0_10_/t=iphone/l=1/tc?clk_type=1&vit=osres&l=1&baiduid=24C888F22CBC8ACE20D4DF472CB34EC7&t=iphone&ref=www_iphone&from=1001192y&ssid=0&lid=8479414677422216872&bd_page_type=1&pu=usm%402%2Csz%401320_1001%2Cta%40iphone_2_12.0_28_16.0&order=5&fm=alop&extra=%7B%22baikan_type%22%3A%224%22%7D&isAtom=1&waplogo=1&clk_info=%7B%22tplname%22%3A%22www_index%22%2C%22srcid%22%3A1599%2C%22jumpType%22%3A%22%22%2C%22urlsign%22%3A%2216716533792412644635%22%2C%22t%22%3A1765774686777%2C%22xpath%22%3A%22div-div-article(sc_ala)-section-div2(pure-summary)-div-div-div(abstract)-div-div-span%22%7D&dict=-1&otn=1&is_baidu=0&tj=www_index_5_0_10_title&m=8&cltj=normal_title&asres=1&phoneos=bd_search_iphone&title=%E9%87%8D%E5%BA%86%E5%90%AF%E8%88%9F%E7%AE%A1%E7%90%86-%E4%B8%80%E7%AB%99%E5%BC%8F%E9%92%A2%E6%9D%90%E4%BE%9B%E5%BA%94%E9%93%BE%E7%AE%A1%E7%90%86&wd=&eqid=75aceeb926fc16a810000003693f9553&w_qd=IlPT2AEptyoA_ykwuusc5QKxD5pPipsmyC9YfxnR9OUtYw55S6NdrHzjawBqlLQTvB7&bdver=2_1&tcplug=1&sec=8692&di=8ce7273751ce1361&bdenc=1&nsrc=g5Zsd3KFzZAyDK7NUNYfAXIZJ80e8n4ynUTUKraAKbcl0jvyYRV%2FdeYaILfgi5yCzjcVmwg2j%2FICsg7PfumCGQ%3D%3D&ck0=469&ck1=79&ck2=222&ck3=357&ck6=5&ck7=294&ala_anti=ck0%40469%2Cck1%4079%2Cck7%40294" "Mozilla/5.0 (Linux; Android 12; HarmonyOS; PLR-AL30; HMSCore 6.15.4.322) AppleWebKit/537.36 (KHTML, like Gecko) Chrome/114.0.5735.196 HuaweiBrowser/16.0.11.301 Mobile Safari/537.36"
101.24.120.101 - - [15/Dec/2025:12:58:13 +0800] "GET /wp-content/uploads/2025/07/1751425283-qizhou.kf_.qq_.com_.webp HTTP/1.1" 200 16864 "http://cqqizhou.com/" "Mozilla/5.0 (Linux; Android 12; HarmonyOS; PLR-AL30; HMSCore 6.15.4.322) AppleWebKit/537.36 (KHTML, like Gecko) Chrome/114.0.5735.196 HuaweiBrowser/16.0.11.301 Mobile Safari/537.36"
101.24.120.101 - - [15/Dec/2025:12:58:15 +0800] "GET /wp-content/uploads/2025/07/1753453096-%E5%8F%8C%E7%9B%B8%E9%92%A2product_Single600%C3%97284.webp HTTP/1.1" 200 14562 "http://cqqizhou.com/" "Mozilla/5.0 (Linux; Android 12; HarmonyOS; PLR-AL30; HMSCore 6.15.4.322) AppleWebKit/537.36 (KHTML, like Gecko) Chrome/114.0.5735.196 HuaweiBrowser/16.0.11.301 Mobile Safari/537.36"
101.24.120.101 - - [15/Dec/2025:12:58:15 +0800] "GET /wp-content/uploads/2025/07/1753453127-%E4%BD%99%E5%8D%B7product_Single600%C3%97284.webp HTTP/1.1" 200 18744 "http://cqqizhou.com/" "Mozilla/5.0 (Linux; Android 12; HarmonyOS; PLR-AL30; HMSCore 6.15.4.322) AppleWebKit/537.36 (KHTML, like Gecko) Chrome/114.0.5735.196 HuaweiBrowser/16.0.11.301 Mobile Safari/537.36"
101.24.120.101 - - [15/Dec/2025:12:58:15 +0800] "GET /wp-content/uploads/2025/07/1753456770-%E7%83%AD%E9%95%80%E9%94%8C%E5%8D%B7product_Single600.webp HTTP/1.1" 200 27502 "http://cqqizhou.com/" "Mozilla/5.0 (Linux; Android 12; HarmonyOS; PLR-AL30; HMSCore 6.15.4.322) AppleWebKit/537.36 (KHTML, like Gecko) Chrome/114.0.5735.196 HuaweiBrowser/16.0.11.301 Mobile Safari/537.36"
101.24.120.101 - - [15/Dec/2025:12:58:15 +0800] "GET /wp-content/uploads/2025/07/1753456723-%E5%8F%8C%E7%9B%B8%E9%92%A2roduct_Single600.webp HTTP/1.1" 200 22790 "http://cqqizhou.com/" "Mozilla/5.0 (Linux; Android 12; HarmonyOS; PLR-AL30; HMSCore 6.15.4.322) AppleWebKit/537.36 (KHTML, like Gecko) Chrome/114.0.5735.196 HuaweiBrowser/16.0.11.301 Mobile Safari/537.36"
101.24.120.101 - - [15/Dec/2025:12:58:15 +0800] "GET /wp-content/uploads/2025/12/1765268955-qizhou_Slider1_3840%C3%972160_20251210-scaled.webp HTTP/1.1" 200 152162 "http://cqqizhou.com/" "Mozilla/5.0 (Linux; Android 12; HarmonyOS; PLR-AL30; HMSCore 6.15.4.322) AppleWebKit/537.36 (KHTML, like Gecko) Chrome/114.0.5735.196 HuaweiBrowser/16.0.11.301 Mobile Safari/537.36"
101.24.120.101 - - [15/Dec/2025:12:58:15 +0800] "GET /wp-content/uploads/2025/12/1765265398-qizhou_Slider_3840%C3%972160_20251209-scaled-50x100.webp HTTP/1.1" 200 2166 "http://cqqizhou.com/" "Mozilla/5.0 (Linux; Android 12; HarmonyOS; PLR-AL30; HMSCore 6.15.4.322) AppleWebKit/537.36 (KHTML, like Gecko) Chrome/114.0.5735.196 HuaweiBrowser/16.0.11.301 Mobile Safari/537.36"
101.24.120.101 - - [15/Dec/2025:12:58:15 +0800] "GET /wp-content/uploads/revslider/slider-1/1750861156-logistics_Slider_3840%C3%972160_20250625191356-scaled-50x100.webp HTTP/1.1" 200 1416 "http://cqqizhou.com/" "Mozilla/5.0 (Linux; Android 12; HarmonyOS; PLR-AL30; HMSCore 6.15.4.322) AppleWebKit/537.36 (KHTML, like Gecko) Chrome/114.0.5735.196 HuaweiBrowser/16.0.11.301 Mobile Safari/537.36"
