36.133.115.36 - - [22/Nov/2025:04:25:35 +0800] "POST /wp-cron.php?doing_wp_cron=1763756734.9848399162292480468750 HTTP/1.1" 200 31 "-" "WordPress/6.8.3; http://cqqizhou.com"
182.44.10.67 - - [22/Nov/2025:04:25:35 +0800] "GET / HTTP/1.1" 301 5 "-" "Mozilla/5.0 (iPhone; CPU iPhone OS 13_2_3 like Mac OS X) AppleWebKit/605.1.15 (KHTML, like Gecko) Version/13.0.3 Mobile/15E148 Safari/604.1"
182.44.10.67 - - [22/Nov/2025:04:25:36 +0800] "GET / HTTP/1.1" 200 33528 "http://www.cqqizhou.com" "Mozilla/5.0 (iPhone; CPU iPhone OS 13_2_3 like Mac OS X) AppleWebKit/605.1.15 (KHTML, like Gecko) Version/13.0.3 Mobile/15E148 Safari/604.1"
36.133.115.36 - - [22/Nov/2025:04:28:29 +0800] "POST /wp-cron.php?doing_wp_cron=1763756909.0697250366210937500000 HTTP/1.1" 200 31 "-" "WordPress/6.8.3; http://cqqizhou.com"
144.217.73.102 - - [22/Nov/2025:04:28:29 +0800] "POST /xmlrpc.php HTTP/1.1" 200 217 "http://cqqizhou.com" "Mozilla/5.0 (Windows NT 10.0; Win64; x64) AppleWebKit/537.36 (KHTML, like Gecko) Chrome/115.0.5790.171 Safari/537.36 Edg/115.0.1901.203"
36.133.115.36 - - [22/Nov/2025:04:31:31 +0800] "POST /wp-cron.php?doing_wp_cron=1763757091.0695309638977050781250 HTTP/1.1" 200 31 "-" "WordPress/6.8.3; http://cqqizhou.com"
196.127.161.236 - - [22/Nov/2025:04:31:31 +0800] "GET /.env HTTP/1.1" 404 8990 "-" "Mozilla/5.0 (Linux; U; Android 4.4.2; en-US; HM NOTE 1W Build/KOT49H) AppleWebKit/534.30 (KHTML, like Gecko) Version/4.0 UCBrowser/11.0.5.850 U3/0.8.0 Mobile Safari/534.30"
196.127.161.236 - - [22/Nov/2025:04:31:32 +0800] "POST / HTTP/1.1" 200 33527 "-" "Mozilla/5.0 (Linux; U; Android 4.4.2; en-US; HM NOTE 1W Build/KOT49H) AppleWebKit/534.30 (KHTML, like Gecko) Version/4.0 UCBrowser/11.0.5.850 U3/0.8.0 Mobile Safari/534.30"
192.248.56.1 - - [22/Nov/2025:04:31:35 +0800] "POST /xmlrpc.php HTTP/1.1" 200 217 "http://cqqizhou.com" "Mozilla/5.0 (Windows NT 10.0; Win64; x64) AppleWebKit/537.36 (KHTML, like Gecko) Chrome/126.0.0.0 Safari/537.36 Edg/126.0.0.0"
36.133.115.36 - - [22/Nov/2025:04:35:37 +0800] "POST /wp-cron.php?doing_wp_cron=1763757337.6423320770263671875000 HTTP/1.1" 200 31 "-" "WordPress/6.8.3; http://cqqizhou.com"
157.230.29.20 - - [22/Nov/2025:04:35:37 +0800] "GET / HTTP/1.1" 200 33528 "-" "Mozilla/5.0 (Windows NT 10.0; Win64; x64) AppleWebKit/537.36 (KHTML, like Gecko) Chrome/90.0.4430.85 Safari/537.36 Edg/90.0.818.46"
36.133.115.36 - - [22/Nov/2025:04:37:37 +0800] "POST /wp-cron.php?doing_wp_cron=1763757457.8903229236602783203125 HTTP/1.1" 200 31 "-" "WordPress/6.8.3; http://cqqizhou.com"
167.172.41.47 - - [22/Nov/2025:04:37:37 +0800] "POST /xmlrpc.php HTTP/1.1" 200 217 "http://cqqizhou.com" "Mozilla/5.0 (Macintosh; Intel Mac OS X 10_15_7; rv:128.0) Gecko/20100101 Firefox/128.0"
43.135.148.92 - - [22/Nov/2025:04:40:15 +0800] "GET /wp-content/plugins/revslider/ HTTP/1.1" 200 31 "-" "Mozilla/5.0 (iPhone; CPU iPhone OS 13_2_3 like Mac OS X) AppleWebKit/605.1.15 (KHTML, like Gecko) Version/13.0.3 Mobile/15E148 Safari/604.1"
36.133.115.36 - - [22/Nov/2025:04:40:44 +0800] "POST /wp-cron.php?doing_wp_cron=1763757644.6217319965362548828125 HTTP/1.1" 200 31 "-" "WordPress/6.8.3; http://cqqizhou.com"
104.219.248.116 - - [22/Nov/2025:04:40:44 +0800] "POST /xmlrpc.php HTTP/1.1" 200 217 "http://cqqizhou.com" "Mozilla/5.0 (Windows NT 10.0; Win64; x64; rv:126.0) Gecko/20100101 Firefox/126.0"
36.133.115.36 - - [22/Nov/2025:04:43:46 +0800] "POST /wp-cron.php?doing_wp_cron=1763757826.9052898883819580078125 HTTP/1.1" 200 31 "-" "WordPress/6.8.3; http://cqqizhou.com"
5.160.146.1 - - [22/Nov/2025:04:43:46 +0800] "POST /xmlrpc.php HTTP/1.1" 200 217 "http://cqqizhou.com" "Mozilla/5.0 (Windows NT 10.0; Win64; x64; rv:127.0) Gecko/20100101 Firefox/127.0"
36.133.115.36 - - [22/Nov/2025:04:46:46 +0800] "POST /wp-cron.php?doing_wp_cron=1763758006.5156650543212890625000 HTTP/1.1" 200 31 "-" "WordPress/6.8.3; http://cqqizhou.com"
208.109.32.191 - - [22/Nov/2025:04:46:46 +0800] "POST /xmlrpc.php HTTP/1.1" 200 217 "http://cqqizhou.com" "Mozilla/5.0 (Windows NT 10.0; Win64; x64; rv:129.0) Gecko/20100101 Firefox/129.0"
36.133.115.36 - - [22/Nov/2025:04:48:03 +0800] "POST /wp-cron.php?doing_wp_cron=1763758083.4736649990081787109375 HTTP/1.1" 200 31 "-" "WordPress/6.8.3; http://cqqizhou.com"
85.190.254.48 - - [22/Nov/2025:04:48:03 +0800] "GET /robots.txt HTTP/1.1" 200 390 "-" "Mozilla/5.0 (compatible; MJ12bot/v1.4.8; http://mj12bot.com/)"
85.190.254.48 - - [22/Nov/2025:04:48:05 +0800] "GET /portfolio/%E5%86%B7%E8%BD%A7%E5%8D%B7/ HTTP/1.1" 200 22126 "-" "Mozilla/5.0 (compatible; MJ12bot/v1.4.8; http://mj12bot.com/)"
43.156.202.34 - - [22/Nov/2025:04:48:44 +0800] "GET /wp-content/uploads/2025/07/1753410289-News2000 HTTP/1.1" 404 8990 "-" "Mozilla/5.0 (iPhone; CPU iPhone OS 13_2_3 like Mac OS X) AppleWebKit/605.1.15 (KHTML, like Gecko) Version/13.0.3 Mobile/15E148 Safari/604.1"
36.133.115.36 - - [22/Nov/2025:04:52:49 +0800] "POST /wp-cron.php?doing_wp_cron=1763758369.8729341030120849609375 HTTP/1.1" 200 31 "-" "WordPress/6.8.3; http://cqqizhou.com"
104.207.254.70 - - [22/Nov/2025:04:52:49 +0800] "POST /xmlrpc.php HTTP/1.1" 200 217 "http://cqqizhou.com" "Mozilla/5.0 (Macintosh; Intel Mac OS X 10_15_7; rv:128.0) Gecko/20100101 Firefox/128.0"
36.133.115.36 - - [22/Nov/2025:05:00:20 +0800] "POST /wp-cron.php?doing_wp_cron=1763758820.7791810035705566406250 HTTP/1.1" 200 31 "-" "WordPress/6.8.3; http://cqqizhou.com"
43.153.10.13 - - [22/Nov/2025:05:00:21 +0800] "GET /contacts/ HTTP/1.1" 200 18599 "-" "Mozilla/5.0 (iPhone; CPU iPhone OS 13_2_3 like Mac OS X) AppleWebKit/605.1.15 (KHTML, like Gecko) Version/13.0.3 Mobile/15E148 Safari/604.1"
36.133.115.36 - - [22/Nov/2025:05:05:19 +0800] "POST /wp-cron.php?doing_wp_cron=1763759119.9209771156311035156250 HTTP/1.1" 200 31 "-" "WordPress/6.8.3; http://cqqizhou.com"
68.72.143.114 - - [22/Nov/2025:05:05:19 +0800] "POST /xmlrpc.php HTTP/1.1" 200 217 "http://cqqizhou.com" "Mozilla/5.0 (Windows NT 10.0; Win64; x64) AppleWebKit/537.36 (KHTML, like Gecko) Chrome/113.0.5672.126 Safari/537.36 Edg/113.0.1774.50"
36.133.115.36 - - [22/Nov/2025:05:08:12 +0800] "POST /wp-cron.php?doing_wp_cron=1763759292.6692099571228027343750 HTTP/1.1" 200 31 "-" "WordPress/6.8.3; http://cqqizhou.com"
209.42.20.53 - - [22/Nov/2025:05:08:12 +0800] "POST /xmlrpc.php HTTP/1.1" 200 217 "http://cqqizhou.com" "Mozilla/5.0 (Windows NT 10.0; Win64; x64) AppleWebKit/537.36 (KHTML, like Gecko) Chrome/113.0.5672.126 Safari/537.36 Edg/113.0.1774.50"
36.133.115.36 - - [22/Nov/2025:05:10:40 +0800] "POST /wp-cron.php?doing_wp_cron=1763759440.4518649578094482421875 HTTP/1.1" 200 31 "-" "WordPress/6.8.3; http://cqqizhou.com"
157.230.29.20 - - [22/Nov/2025:05:10:40 +0800] "GET / HTTP/1.1" 200 33528 "-" "Mozilla/5.0 (Windows NT 10.0; Win64; x64) AppleWebKit/537.36 (KHTML, like Gecko) Chrome/90.0.4430.85 Safari/537.36 Edg/90.0.818.46"
36.133.115.36 - - [22/Nov/2025:05:11:15 +0800] "POST /wp-cron.php?doing_wp_cron=1763759475.0470490455627441406250 HTTP/1.1" 200 31 "-" "WordPress/6.8.3; http://cqqizhou.com"
134.209.73.108 - - [22/Nov/2025:05:11:15 +0800] "POST /xmlrpc.php HTTP/1.1" 200 217 "http://cqqizhou.com" "Mozilla/5.0 (Macintosh; Intel Mac OS X 10_15_7) AppleWebKit/537.36 (KHTML, like Gecko) Chrome/113.0.5672.93 Safari/537.36"
36.133.115.36 - - [22/Nov/2025:05:14:22 +0800] "POST /wp-cron.php?doing_wp_cron=1763759662.7218680381774902343750 HTTP/1.1" 200 31 "-" "WordPress/6.8.3; http://cqqizhou.com"
51.222.106.76 - - [22/Nov/2025:05:14:22 +0800] "POST /xmlrpc.php HTTP/1.1" 200 217 "http://cqqizhou.com" "Mozilla/5.0 (Macintosh; Intel Mac OS X 14.5) AppleWebKit/618.3.5 (KHTML, like Gecko) Version/17.4 Safari/618.3.5"
36.133.115.36 - - [22/Nov/2025:05:17:20 +0800] "POST /wp-cron.php?doing_wp_cron=1763759840.0976591110229492187500 HTTP/1.1" 200 31 "-" "WordPress/6.8.3; http://cqqizhou.com"
116.179.32.14 - - [22/Nov/2025:05:17:20 +0800] "GET /services/processing/ HTTP/1.1" 200 22965 "-" "Mozilla/5.0 (compatible; Baiduspider/2.0; +http://www.baidu.com/search/spider.html)"
36.133.115.36 - - [22/Nov/2025:05:20:42 +0800] "POST /wp-cron.php?doing_wp_cron=1763760042.4716730117797851562500 HTTP/1.1" 200 31 "-" "WordPress/6.8.3; http://cqqizhou.com"
43.135.144.126 - - [22/Nov/2025:05:20:42 +0800] "GET /portfolio/duplex-stainless-steel/ HTTP/1.1" 200 18719 "-" "Mozilla/5.0 (iPhone; CPU iPhone OS 13_2_3 like Mac OS X) AppleWebKit/605.1.15 (KHTML, like Gecko) Version/13.0.3 Mobile/15E148 Safari/604.1"
36.133.115.36 - - [22/Nov/2025:05:22:09 +0800] "POST /wp-cron.php?doing_wp_cron=1763760129.7699699401855468750000 HTTP/1.1" 200 31 "-" "WordPress/6.8.3; http://cqqizhou.com"
92.205.224.57 - - [22/Nov/2025:05:22:10 +0800] "POST /xmlrpc.php HTTP/1.1" 200 217 "-" "Mozilla/5.0 (X11; Ubuntu; Linux x86_64; rv:85.0) Gecko/20100101 Firefox/91.0"
36.133.115.36 - - [22/Nov/2025:05:26:38 +0800] "POST /wp-cron.php?doing_wp_cron=1763760398.2465159893035888671875 HTTP/1.1" 200 31 "-" "WordPress/6.8.3; http://cqqizhou.com"
209.38.230.167 - - [22/Nov/2025:05:26:38 +0800] "POST /xmlrpc.php HTTP/1.1" 200 217 "http://cqqizhou.com" "Mozilla/5.0 (Windows NT 10.0; Win64; x64) AppleWebKit/537.36 (KHTML, like Gecko) Chrome/126.0.0.0 Safari/537.36 Edg/126.0.0.0"
36.133.115.36 - - [22/Nov/2025:05:28:53 +0800] "POST /wp-cron.php?doing_wp_cron=1763760533.2381711006164550781250 HTTP/1.1" 200 31 "-" "WordPress/6.8.3; http://cqqizhou.com"
43.167.232.38 - - [22/Nov/2025:05:28:53 +0800] "GET /wp-json/ HTTP/1.1" 200 19172 "-" "Mozilla/5.0 (iPhone; CPU iPhone OS 13_2_3 like Mac OS X) AppleWebKit/605.1.15 (KHTML, like Gecko) Version/13.0.3 Mobile/15E148 Safari/604.1"
103.78.195.182 - - [22/Nov/2025:05:29:41 +0800] "POST /xmlrpc.php HTTP/1.1" 200 217 "http://cqqizhou.com" "Mozilla/5.0 (Windows NT 10.0; Win64; x64) AppleWebKit/537.36 (KHTML, like Gecko) Chrome/116.0.5845.96 Safari/537.36 Edg/116.0.1938.62"
36.133.115.36 - - [22/Nov/2025:05:29:52 +0800] "POST /wp-cron.php?doing_wp_cron=1763760592.8980491161346435546875 HTTP/1.1" 200 31 "-" "WordPress/6.8.3; http://cqqizhou.com"
87.121.84.52 - - [22/Nov/2025:05:29:53 +0800] "GET / HTTP/1.0" 200 109870 "-" "Mozilla/5.0 (X11; Linux x86_64; rv:140.0) Gecko/20100101 Firefox/140.0"
176.65.148.16 - - [22/Nov/2025:05:30:24 +0800] "GET /index.htm HTTP/1.1" 301 5 "-" "Mozilla/5.0"
36.133.115.36 - - [22/Nov/2025:05:32:49 +0800] "POST /wp-cron.php?doing_wp_cron=1763760769.0276300907135009765625 HTTP/1.1" 200 31 "-" "WordPress/6.8.3; http://cqqizhou.com"
89.46.110.149 - - [22/Nov/2025:05:32:49 +0800] "POST /xmlrpc.php HTTP/1.1" 200 217 "http://cqqizhou.com" "Mozilla/5.0 (Macintosh; Intel Mac OS X 10_15_7) AppleWebKit/537.36 (KHTML, like Gecko) Chrome/112.0.5615.138 Safari/537.36"
87.120.191.124 - - [22/Nov/2025:05:33:19 +0800] "GET /cgi-bin/luci/;stok=/locale HTTP/1.1" 301 5 "-" "-"
87.120.191.124 - - [22/Nov/2025:05:33:20 +0800] "GET /cgi-bin/luci/;stok=/locale HTTP/1.1" 404 31381 "http://36.133.115.36:80/cgi-bin/luci/;stok=/locale" "-"
36.133.115.36 - - [22/Nov/2025:05:38:51 +0800] "POST /wp-cron.php?doing_wp_cron=1763761131.3548059463500976562500 HTTP/1.1" 200 31 "-" "WordPress/6.8.3; http://cqqizhou.com"
206.189.153.166 - - [22/Nov/2025:05:38:51 +0800] "POST /xmlrpc.php HTTP/1.1" 200 217 "http://cqqizhou.com" "Mozilla/5.0 (Windows NT 10.0; Win64; x64) AppleWebKit/537.36 (KHTML, like Gecko) Chrome/112.0.5615.138 Safari/537.36"
43.166.239.145 - - [22/Nov/2025:05:39:09 +0800] "GET /feed/ HTTP/1.1" 200 82044 "-" "Mozilla/5.0 (iPhone; CPU iPhone OS 13_2_3 like Mac OS X) AppleWebKit/605.1.15 (KHTML, like Gecko) Version/13.0.3 Mobile/15E148 Safari/604.1"
36.133.115.36 - - [22/Nov/2025:05:44:57 +0800] "POST /wp-cron.php?doing_wp_cron=1763761497.0750999450683593750000 HTTP/1.1" 200 31 "-" "WordPress/6.8.3; http://cqqizhou.com"
208.109.32.191 - - [22/Nov/2025:05:44:57 +0800] "POST /xmlrpc.php HTTP/1.1" 200 217 "http://cqqizhou.com" "Mozilla/5.0 (Macintosh; Intel Mac OS X 10_15_7; rv:129.0) Gecko/20100101 Firefox/129.0"
36.133.115.36 - - [22/Nov/2025:05:48:00 +0800] "POST /wp-cron.php?doing_wp_cron=1763761680.6202850341796875000000 HTTP/1.1" 200 31 "-" "WordPress/6.8.3; http://cqqizhou.com"
206.189.153.166 - - [22/Nov/2025:05:48:00 +0800] "POST /xmlrpc.php HTTP/1.1" 200 217 "http://cqqizhou.com" "Mozilla/5.0 (Macintosh; Intel Mac OS X 10_15_7; rv:128.0) Gecko/20100101 Firefox/128.0"
43.156.204.134 - - [22/Nov/2025:05:48:25 +0800] "GET /wp-content/uploads/2025/11/1762826323-Contacts2000x400_20251111.webp HTTP/1.1" 200 15144 "-" "Mozilla/5.0 (iPhone; CPU iPhone OS 13_2_3 like Mac OS X) AppleWebKit/605.1.15 (KHTML, like Gecko) Version/13.0.3 Mobile/15E148 Safari/604.1"
36.133.115.36 - - [22/Nov/2025:05:49:23 +0800] "POST /wp-cron.php?doing_wp_cron=1763761763.1139829158782958984375 HTTP/1.1" 200 31 "-" "WordPress/6.8.3; http://cqqizhou.com"
157.230.29.20 - - [22/Nov/2025:05:49:23 +0800] "GET / HTTP/1.1" 200 33525 "-" "Mozilla/5.0 (Windows NT 10.0; Win64; x64) AppleWebKit/537.36 (KHTML, like Gecko) Chrome/90.0.4430.85 Safari/537.36 Edg/90.0.818.46"
36.133.115.36 - - [22/Nov/2025:05:51:02 +0800] "POST /wp-cron.php?doing_wp_cron=1763761862.6528360843658447265625 HTTP/1.1" 200 31 "-" "WordPress/6.8.3; http://cqqizhou.com"
51.255.71.164 - - [22/Nov/2025:05:51:02 +0800] "POST /xmlrpc.php HTTP/1.1" 200 217 "http://cqqizhou.com" "Mozilla/5.0 (Macintosh; Intel Mac OS X 10_15_7) AppleWebKit/537.36 (KHTML, like Gecko) Chrome/126.0.0.0 Safari/537.36"
36.133.115.36 - - [22/Nov/2025:05:54:04 +0800] "POST /wp-cron.php?doing_wp_cron=1763762044.2162129878997802734375 HTTP/1.1" 200 31 "-" "WordPress/6.8.3; http://cqqizhou.com"
145.239.93.122 - - [22/Nov/2025:05:54:04 +0800] "POST /xmlrpc.php HTTP/1.1" 200 217 "http://cqqizhou.com" "Mozilla/5.0 (Windows NT 11.0; Win64; x64) AppleWebKit/537.36 (KHTML, like Gecko) Chrome/126.0.0.0 Safari/537.36 Edg/126.0.0.0"
36.133.115.36 - - [22/Nov/2025:05:57:11 +0800] "POST /wp-cron.php?doing_wp_cron=1763762231.2065329551696777343750 HTTP/1.1" 200 31 "-" "WordPress/6.8.3; http://cqqizhou.com"
104.248.45.30 - - [22/Nov/2025:05:57:11 +0800] "POST /xmlrpc.php HTTP/1.1" 200 217 "http://cqqizhou.com" "Mozilla/5.0 (Macintosh; Intel Mac OS X 10.15; rv:126.0) Gecko/20100101 Firefox/126.0"
36.133.115.36 - - [22/Nov/2025:06:00:23 +0800] "POST /wp-cron.php?doing_wp_cron=1763762423.7762749195098876953125 HTTP/1.1" 200 31 "-" "WordPress/6.8.3; http://cqqizhou.com"
134.122.67.125 - - [22/Nov/2025:06:00:23 +0800] "POST /xmlrpc.php HTTP/1.1" 200 217 "http://cqqizhou.com" "Mozilla/5.0 (Windows NT 11.0; Win64; x64; rv:126.0) Gecko/20100101 Firefox/126.0"
43.130.16.140 - - [22/Nov/2025:06:00:54 +0800] "GET /wp-content/uploads/2025/07/1750005875-qizhou_map2025616.webp HTTP/1.1" 200 348798 "-" "Mozilla/5.0 (iPhone; CPU iPhone OS 13_2_3 like Mac OS X) AppleWebKit/605.1.15 (KHTML, like Gecko) Version/13.0.3 Mobile/15E148 Safari/604.1"
36.133.115.36 - - [22/Nov/2025:06:01:27 +0800] "POST /wp-cron.php?doing_wp_cron=1763762487.7855579853057861328125 HTTP/1.1" 200 31 "-" "WordPress/6.8.3; http://cqqizhou.com"
43.130.106.18 - - [22/Nov/2025:06:01:28 +0800] "GET / HTTP/1.1" 200 33527 "-" "Mozilla/5.0 (iPhone; CPU iPhone OS 13_2_3 like Mac OS X) AppleWebKit/605.1.15 (KHTML, like Gecko) Version/13.0.3 Mobile/15E148 Safari/604.1"
36.133.115.36 - - [22/Nov/2025:06:03:24 +0800] "POST /wp-cron.php?doing_wp_cron=1763762604.2509720325469970703125 HTTP/1.1" 200 31 "-" "WordPress/6.8.3; http://cqqizhou.com"
92.114.50.2 - - [22/Nov/2025:06:03:24 +0800] "POST /xmlrpc.php HTTP/1.1" 200 217 "http://cqqizhou.com" "Mozilla/5.0 (Windows NT 10.0; Win64; x64; rv:127.0) Gecko/20100101 Firefox/127.0"
36.133.115.36 - - [22/Nov/2025:06:04:21 +0800] "POST /wp-cron.php?doing_wp_cron=1763762661.1112799644470214843750 HTTP/1.1" 200 31 "-" "WordPress/6.8.3; http://cqqizhou.com"
124.133.208.186 - - [22/Nov/2025:06:04:21 +0800] "GET / HTTP/1.1" 301 5 "-" "Mozilla/5.082584686 Mozilla/5.0 (iPhone; CPU iPhone OS 11_4_1 like Mac OS X) AppleWebKit/605.1.15 (KHTML, like Gecko) Version/11.0 Mobile/15E148 Safari/604.1"
36.106.167.22 - - [22/Nov/2025:06:04:23 +0800] "GET / HTTP/1.1" 200 33526 "-" "Mozilla/5.082584686 Mozilla/5.0 (iPhone; CPU iPhone OS 11_4_1 like Mac OS X) AppleWebKit/605.1.15 (KHTML, like Gecko) Version/11.0 Mobile/15E148 Safari/604.1"
36.133.115.36 - - [22/Nov/2025:06:06:29 +0800] "POST /wp-cron.php?doing_wp_cron=1763762789.3932719230651855468750 HTTP/1.1" 200 31 "-" "WordPress/6.8.3; http://cqqizhou.com"
103.173.66.134 - - [22/Nov/2025:06:06:29 +0800] "POST /xmlrpc.php HTTP/1.1" 200 217 "http://cqqizhou.com" "Mozilla/5.0 (Windows NT 10.0; Win64; x64; rv:127.0) Gecko/20100101 Firefox/127.0"
36.133.115.36 - - [22/Nov/2025:06:09:32 +0800] "POST /wp-cron.php?doing_wp_cron=1763762972.4938991069793701171875 HTTP/1.1" 200 31 "-" "WordPress/6.8.3; http://cqqizhou.com"
45.151.61.12 - - [22/Nov/2025:06:09:32 +0800] "POST /xmlrpc.php HTTP/1.1" 200 217 "http://cqqizhou.com" "Mozilla/5.0 (Windows NT 10.0; Win64; x64) AppleWebKit/537.36 (KHTML, like Gecko) Chrome/114.0.5735.134 Safari/537.36"
36.133.115.36 - - [22/Nov/2025:06:12:34 +0800] "POST /wp-cron.php?doing_wp_cron=1763763154.7659339904785156250000 HTTP/1.1" 200 31 "-" "WordPress/6.8.3; http://cqqizhou.com"
89.46.107.133 - - [22/Nov/2025:06:12:34 +0800] "POST /xmlrpc.php HTTP/1.1" 200 217 "http://cqqizhou.com" "Mozilla/5.0 (Macintosh; Intel Mac OS X 10_15_7) AppleWebKit/537.36 (KHTML, like Gecko) Chrome/114.0.5735.134 Safari/537.36"
36.133.115.36 - - [22/Nov/2025:06:15:41 +0800] "POST /wp-cron.php?doing_wp_cron=1763763341.5231430530548095703125 HTTP/1.1" 200 31 "-" "WordPress/6.8.3; http://cqqizhou.com"
208.109.32.191 - - [22/Nov/2025:06:15:41 +0800] "POST /xmlrpc.php HTTP/1.1" 200 217 "http://cqqizhou.com" "Mozilla/5.0 (Macintosh; Intel Mac OS X 10_15_7; rv:129.0) Gecko/20100101 Firefox/129.0"
36.133.115.36 - - [22/Nov/2025:06:16:05 +0800] "POST /wp-cron.php?doing_wp_cron=1763763365.7592039108276367187500 HTTP/1.1" 200 31 "-" "WordPress/6.8.3; http://cqqizhou.com"
5.187.35.21 - - [22/Nov/2025:06:16:06 +0800] "GET / HTTP/1.1" 200 152189 "-" "-"
36.133.115.36 - - [22/Nov/2025:06:19:22 +0800] "POST /wp-cron.php?doing_wp_cron=1763763562.2178890705108642578125 HTTP/1.1" 200 31 "-" "WordPress/6.8.3; http://cqqizhou.com"
49.51.47.100 - - [22/Nov/2025:06:19:22 +0800] "GET /about/ HTTP/1.1" 200 24297 "-" "Mozilla/5.0 (iPhone; CPU iPhone OS 13_2_3 like Mac OS X) AppleWebKit/605.1.15 (KHTML, like Gecko) Version/13.0.3 Mobile/15E148 Safari/604.1"
36.133.115.36 - - [22/Nov/2025:06:24:47 +0800] "POST /wp-cron.php?doing_wp_cron=1763763887.1949250698089599609375 HTTP/1.1" 200 31 "-" "WordPress/6.8.3; http://cqqizhou.com"
70.40.255.4 - - [22/Nov/2025:06:24:47 +0800] "POST /xmlrpc.php HTTP/1.1" 200 217 "http://cqqizhou.com" "Mozilla/5.0 (Macintosh; Intel Mac OS X 10_15_7) AppleWebKit/537.36 (KHTML, like Gecko) Chrome/126.0.0.0 Safari/537.36"
36.133.115.36 - - [22/Nov/2025:06:31:45 +0800] "POST /wp-cron.php?doing_wp_cron=1763764305.8264861106872558593750 HTTP/1.1" 200 31 "-" "WordPress/6.8.3; http://cqqizhou.com"
43.135.148.92 - - [22/Nov/2025:06:31:46 +0800] "GET /2165/ HTTP/1.1" 200 23045 "-" "Mozilla/5.0 (iPhone; CPU iPhone OS 13_2_3 like Mac OS X) AppleWebKit/605.1.15 (KHTML, like Gecko) Version/13.0.3 Mobile/15E148 Safari/604.1"
36.133.115.36 - - [22/Nov/2025:06:32:59 +0800] "POST /wp-cron.php?doing_wp_cron=1763764379.2015979290008544921875 HTTP/1.1" 200 31 "-" "WordPress/6.8.3; http://cqqizhou.com"
220.181.108.169 - - [22/Nov/2025:06:32:59 +0800] "GET /wp-content/uploads/2025/07/1753453096-%CB%AB%CF%E0%B8%D6product_Single600%A1%C1284.webp HTTP/1.1" 404 31381 "-" "Mozilla/5.0 (compatible; Baiduspider/2.0; +http://www.baidu.com/search/spider.html)"
220.181.108.167 - - [22/Nov/2025:06:32:59 +0800] "GET /wp-content/uploads/2025/07/1753456723-%CB%AB%CF%E0%B8%D6roduct_Single600.webp HTTP/1.1" 404 31381 "-" "Mozilla/5.0 (compatible; Baiduspider/2.0; +http://www.baidu.com/search/spider.html)"
220.181.108.146 - - [22/Nov/2025:06:33:00 +0800] "GET /wp-content/uploads/2025/07/1753456770-%C8%C8%B6%C6%D0%BF%BE%EDproduct_Single600.webp HTTP/1.1" 404 31381 "-" "Mozilla/5.0 (compatible; Baiduspider/2.0; +http://www.baidu.com/search/spider.html)"
220.181.108.166 - - [22/Nov/2025:06:33:01 +0800] "GET /wp-content/uploads/2025/07/1753453127-%D3%E0%BE%EDproduct_Single600%A1%C1284.webp HTTP/1.1" 404 31381 "-" "Mozilla/5.0 (compatible; Baiduspider/2.0; +http://www.baidu.com/search/spider.html)"
116.179.32.236 - - [22/Nov/2025:06:33:07 +0800] "GET /logistics HTTP/1.1" 301 5 "-" "Mozilla/5.0 (compatible; Baiduspider/2.0; +http://www.baidu.com/search/spider.html)"
116.179.32.39 - - [22/Nov/2025:06:33:08 +0800] "GET /logistics/ HTTP/1.1" 200 22459 "-" "Mozilla/5.0 (compatible; Baiduspider/2.0; +http://www.baidu.com/search/spider.html)"
36.133.115.36 - - [22/Nov/2025:06:33:56 +0800] "POST /wp-cron.php?doing_wp_cron=1763764436.4291439056396484375000 HTTP/1.1" 200 31 "-" "WordPress/6.8.3; http://cqqizhou.com"
92.114.50.2 - - [22/Nov/2025:06:33:56 +0800] "POST /xmlrpc.php HTTP/1.1" 200 217 "http://cqqizhou.com" "Mozilla/5.0 (Macintosh; Intel Mac OS X 10_15_7) AppleWebKit/537.36 (KHTML, like Gecko) Chrome/116.0.5845.96 Safari/537.36"
36.133.115.36 - - [22/Nov/2025:06:36:55 +0800] "POST /wp-cron.php?doing_wp_cron=1763764615.9362189769744873046875 HTTP/1.1" 200 31 "-" "WordPress/6.8.3; http://cqqizhou.com"
103.153.42.102 - - [22/Nov/2025:06:36:56 +0800] "POST /xmlrpc.php HTTP/1.1" 200 217 "http://cqqizhou.com" "Mozilla/5.0 (Windows NT 10.0; Win64; x64) AppleWebKit/537.36 (KHTML, like Gecko) Chrome/114.0.5735.199 Safari/537.36 Edg/114.0.1823.67"
36.133.115.36 - - [22/Nov/2025:06:39:54 +0800] "POST /wp-cron.php?doing_wp_cron=1763764794.0856449604034423828125 HTTP/1.1" 200 31 "-" "WordPress/6.8.3; http://cqqizhou.com"
66.249.68.70 - - [22/Nov/2025:06:39:54 +0800] "GET /wp-sitemap.xml HTTP/1.1" 501 253 "-" "Mozilla/5.0 (compatible; Googlebot/2.1; +http://www.google.com/bot.html)"
43.167.236.228 - - [22/Nov/2025:06:39:55 +0800] "GET /2163/ HTTP/1.1" 200 19896 "-" "Mozilla/5.0 (iPhone; CPU iPhone OS 13_2_3 like Mac OS X) AppleWebKit/605.1.15 (KHTML, like Gecko) Version/13.0.3 Mobile/15E148 Safari/604.1"
132.148.72.207 - - [22/Nov/2025:06:40:00 +0800] "POST /xmlrpc.php HTTP/1.1" 200 217 "http://cqqizhou.com" "Mozilla/5.0 (Macintosh; Intel Mac OS X 14.3) AppleWebKit/614.31.14 (KHTML, like Gecko) Version/17.0.96 Safari/614.31.14"
36.133.115.36 - - [22/Nov/2025:06:40:55 +0800] "POST /wp-cron.php?doing_wp_cron=1763764855.3304839134216308593750 HTTP/1.1" 200 31 "-" "WordPress/6.8.3; http://cqqizhou.com"
66.249.68.64 - - [22/Nov/2025:06:40:55 +0800] "GET /wp-sitemap.xml HTTP/1.1" 501 253 "-" "Mozilla/5.0 (compatible; Googlebot/2.1; +http://www.google.com/bot.html)"
36.133.115.36 - - [22/Nov/2025:06:43:04 +0800] "POST /wp-cron.php?doing_wp_cron=1763764984.4069790840148925781250 HTTP/1.1" 200 31 "-" "WordPress/6.8.3; http://cqqizhou.com"
185.199.236.107 - - [22/Nov/2025:06:43:04 +0800] "POST /xmlrpc.php HTTP/1.1" 200 217 "http://cqqizhou.com" "Mozilla/5.0 (Windows NT 10.0; Win64; x64; rv:125.0.1) Gecko/20100101 Firefox/125.0.1"
36.133.115.36 - - [22/Nov/2025:06:45:05 +0800] "POST /wp-cron.php?doing_wp_cron=1763765105.5287790298461914062500 HTTP/1.1" 200 31 "-" "WordPress/6.8.3; http://cqqizhou.com"
87.120.191.125 - - [22/Nov/2025:06:45:05 +0800] "GET / HTTP/1.1" 200 33528 "-" "Mozilla/5.0 (Windows NT 10.0; Win64; x64) AppleWebKit/537.36 (KHTML, like Gecko) Chrome/90.0.4430.85 Safari/537.36 Edg/90.0.818.46"
157.230.29.20 - - [22/Nov/2025:06:45:07 +0800] "GET / HTTP/1.1" 200 33528 "-" "Mozilla/5.0 (Windows NT 10.0; Win64; x64) AppleWebKit/537.36 (KHTML, like Gecko) Chrome/90.0.4430.85 Safari/537.36 Edg/90.0.818.46"
36.133.115.36 - - [22/Nov/2025:06:49:20 +0800] "POST /wp-cron.php?doing_wp_cron=1763765360.1381399631500244140625 HTTP/1.1" 200 31 "-" "WordPress/6.8.3; http://cqqizhou.com"
202.174.110.119 - - [22/Nov/2025:06:49:20 +0800] "POST /xmlrpc.php HTTP/1.1" 200 217 "http://cqqizhou.com" "Mozilla/5.0 (Windows NT 11.0; Win64; x64; rv:126.0) Gecko/20100101 Firefox/126.0"
66.132.153.141 - - [22/Nov/2025:06:49:31 +0800] "GET /robots.txt HTTP/1.1" 200 190 "-" "Mozilla/5.0 (compatible; CensysInspect/1.1; +https://about.censys.io/)"
36.133.115.36 - - [22/Nov/2025:06:50:27 +0800] "POST /wp-cron.php?doing_wp_cron=1763765427.0258479118347167968750 HTTP/1.1" 200 31 "-" "WordPress/6.8.3; http://cqqizhou.com"
43.166.136.202 - - [22/Nov/2025:06:50:27 +0800] "GET /portfolio-category/dual-phase-steel/ HTTP/1.1" 200 17662 "-" "Mozilla/5.0 (iPhone; CPU iPhone OS 13_2_3 like Mac OS X) AppleWebKit/605.1.15 (KHTML, like Gecko) Version/13.0.3 Mobile/15E148 Safari/604.1"
36.133.115.36 - - [22/Nov/2025:06:52:28 +0800] "POST /wp-cron.php?doing_wp_cron=1763765548.1928369998931884765625 HTTP/1.1" 200 31 "-" "WordPress/6.8.3; http://cqqizhou.com"
121.41.176.251 - - [22/Nov/2025:06:52:28 +0800] "GET / HTTP/1.0" 301 0 "-" "-"
121.41.176.251 - - [22/Nov/2025:06:52:32 +0800] "GET /nmaplowercheck1763765551 HTTP/1.1" 404 31381 "-" "Mozilla/5.0 (compatible; Nmap Scripting Engine; https://nmap.org/book/nse.html)"
121.41.176.251 - - [22/Nov/2025:06:52:32 +0800] "POST /sdk HTTP/1.1" 404 31381 "-" "Mozilla/5.0 (compatible; Nmap Scripting Engine; https://nmap.org/book/nse.html)"
121.41.176.251 - - [22/Nov/2025:06:52:33 +0800] "GET /evox/about HTTP/1.1" 404 31381 "-" "Mozilla/5.0 (compatible; Nmap Scripting Engine; https://nmap.org/book/nse.html)"
36.133.115.36 - - [22/Nov/2025:06:52:52 +0800] "POST /wp-cron.php?doing_wp_cron=1763765572.5643270015716552734375 HTTP/1.1" 200 31 "-" "WordPress/6.8.3; http://cqqizhou.com"
121.41.176.251 - - [22/Nov/2025:06:52:52 +0800] "GET / HTTP/1.0" 301 0 "-" "-"
36.133.115.36 - - [22/Nov/2025:06:58:34 +0800] "POST /wp-cron.php?doing_wp_cron=1763765914.9307870864868164062500 HTTP/1.1" 200 31 "-" "WordPress/6.8.3; http://cqqizhou.com"
206.189.149.69 - - [22/Nov/2025:06:58:34 +0800] "POST /xmlrpc.php HTTP/1.1" 200 217 "http://cqqizhou.com" "Mozilla/5.0 (Macintosh; Intel Mac OS X 10_15_7; rv:129.0) Gecko/20100101 Firefox/129.0"
36.133.115.36 - - [22/Nov/2025:06:59:29 +0800] "POST /wp-cron.php?doing_wp_cron=1763765969.4263679981231689453125 HTTP/1.1" 200 31 "-" "WordPress/6.8.3; http://cqqizhou.com"
66.249.68.71 - - [22/Nov/2025:06:59:29 +0800] "GET /media/ HTTP/1.1" 200 23994 "-" "Mozilla/5.0 (Linux; Android 6.0.1; Nexus 5X Build/MMB29P) AppleWebKit/537.36 (KHTML, like Gecko) Chrome/141.0.7390.122 Mobile Safari/537.36 (compatible; Googlebot/2.1; +http://www.google.com/bot.html)"
36.133.115.36 - - [22/Nov/2025:07:01:46 +0800] "POST /wp-cron.php?doing_wp_cron=1763766106.5857129096984863281250 HTTP/1.1" 200 31 "-" "WordPress/6.8.3; http://cqqizhou.com"
35.222.238.74 - - [22/Nov/2025:07:01:46 +0800] "POST /xmlrpc.php HTTP/1.1" 200 217 "http://cqqizhou.com" "Mozilla/5.0 (Windows NT 11.0; Win64; x64) AppleWebKit/537.36 (KHTML, like Gecko) Chrome/126.0.0.0 Safari/537.36"
36.133.115.36 - - [22/Nov/2025:07:03:33 +0800] "POST /wp-cron.php?doing_wp_cron=1763766213.6212699413299560546875 HTTP/1.1" 200 31 "-" "WordPress/6.8.3; http://cqqizhou.com"
43.165.189.110 - - [22/Nov/2025:07:03:33 +0800] "GET /wp-json/oembed/1.0/embed?url=http%3A%2F%2Fcqqizhou.com%2F HTTP/1.1" 200 1097 "-" "Mozilla/5.0 (iPhone; CPU iPhone OS 13_2_3 like Mac OS X) AppleWebKit/605.1.15 (KHTML, like Gecko) Version/13.0.3 Mobile/15E148 Safari/604.1"
36.133.115.36 - - [22/Nov/2025:07:05:00 +0800] "POST /wp-cron.php?doing_wp_cron=1763766300.3731720447540283203125 HTTP/1.1" 200 31 "-" "WordPress/6.8.3; http://cqqizhou.com"
162.144.44.81 - - [22/Nov/2025:07:05:00 +0800] "POST /xmlrpc.php HTTP/1.1" 200 217 "http://cqqizhou.com" "Mozilla/5.0 (Windows NT 10.0; Win64; x64) AppleWebKit/537.36 (KHTML, like Gecko) Chrome/115.0.5790.171 Safari/537.36 Edg/115.0.1901.203"
48.210.228.230 - - [22/Nov/2025:07:07:11 +0800] "GET /wp-content/plugins/hellopress/wp_filemanager.php HTTP/1.1" 404 27 "-" "-"
48.210.228.230 - - [22/Nov/2025:07:07:11 +0800] "GET /farah.php HTTP/1.1" 404 27 "-" "-"
48.210.228.230 - - [22/Nov/2025:07:07:11 +0800] "GET /witmm.php HTTP/1.1" 404 27 "-" "-"
48.210.228.230 - - [22/Nov/2025:07:07:11 +0800] "GET /fix.php HTTP/1.1" 404 27 "-" "-"
48.210.228.230 - - [22/Nov/2025:07:07:11 +0800] "GET /wp-editor.php HTTP/1.1" 404 27 "-" "-"
48.210.228.230 - - [22/Nov/2025:07:07:12 +0800] "GET /shlo.php HTTP/1.1" 404 27 "-" "-"
48.210.228.230 - - [22/Nov/2025:07:07:12 +0800] "GET /repeater.php HTTP/1.1" 404 27 "-" "-"
48.210.228.230 - - [22/Nov/2025:07:07:12 +0800] "GET /admin.php HTTP/1.1" 404 27 "-" "-"
48.210.228.230 - - [22/Nov/2025:07:07:12 +0800] "GET /about.php HTTP/1.1" 404 27 "-" "-"
48.210.228.230 - - [22/Nov/2025:07:07:12 +0800] "GET /wp-2019.php HTTP/1.1" 404 27 "-" "-"
48.210.228.230 - - [22/Nov/2025:07:07:12 +0800] "GET /atomlib.php HTTP/1.1" 404 27 "-" "-"
48.210.228.230 - - [22/Nov/2025:07:07:12 +0800] "GET /css.php HTTP/1.1" 404 27 "-" "-"
48.210.228.230 - - [22/Nov/2025:07:07:12 +0800] "GET /simple.php HTTP/1.1" 404 27 "-" "-"
48.210.228.230 - - [22/Nov/2025:07:07:12 +0800] "GET /log.php HTTP/1.1" 404 27 "-" "-"
36.133.115.36 - - [22/Nov/2025:07:07:13 +0800] "POST /wp-cron.php?doing_wp_cron=1763766433.6183860301971435546875 HTTP/1.1" 200 31 "-" "WordPress/6.8.3; http://cqqizhou.com"
48.210.228.230 - - [22/Nov/2025:07:07:13 +0800] "GET /index.php HTTP/1.1" 301 5 "-" "-"
48.210.228.230 - - [22/Nov/2025:07:07:14 +0800] "GET / HTTP/1.1" 200 153877 "-" "-"
48.210.228.230 - - [22/Nov/2025:07:07:14 +0800] "GET /mail.php HTTP/1.1" 404 27 "-" "-"
48.210.228.230 - - [22/Nov/2025:07:07:14 +0800] "GET /lufix.php HTTP/1.1" 404 27 "-" "-"
48.210.228.230 - - [22/Nov/2025:07:07:14 +0800] "GET /doc.php HTTP/1.1" 404 27 "-" "-"
48.210.228.230 - - [22/Nov/2025:07:07:14 +0800] "GET /bak.php HTTP/1.1" 404 27 "-" "-"
48.210.228.230 - - [22/Nov/2025:07:07:14 +0800] "GET /content.php HTTP/1.1" 404 27 "-" "-"
48.210.228.230 - - [22/Nov/2025:07:07:14 +0800] "GET /upfile.php HTTP/1.1" 404 27 "-" "-"
48.210.228.230 - - [22/Nov/2025:07:07:14 +0800] "GET /wp.php HTTP/1.1" 404 27 "-" "-"
48.210.228.230 - - [22/Nov/2025:07:07:15 +0800] "GET /wp-conflg.php HTTP/1.1" 404 27 "-" "-"
48.210.228.230 - - [22/Nov/2025:07:07:15 +0800] "GET /bypass.php HTTP/1.1" 404 27 "-" "-"
48.210.228.230 - - [22/Nov/2025:07:07:15 +0800] "GET /wp-activate.php HTTP/1.1" 302 5 "-" "-"
48.210.228.230 - - [22/Nov/2025:07:07:16 +0800] "GET /wp-login.php?action=register HTTP/1.1" 302 5 "-" "-"
48.210.228.230 - - [22/Nov/2025:07:07:16 +0800] "GET /wp-login.php?registration=disabled HTTP/1.1" 200 8853 "-" "-"
48.210.228.230 - - [22/Nov/2025:07:07:16 +0800] "GET /404.php HTTP/1.1" 404 27 "-" "-"
48.210.228.230 - - [22/Nov/2025:07:07:17 +0800] "GET /updates.php HTTP/1.1" 404 27 "-" "-"
48.210.228.230 - - [22/Nov/2025:07:07:17 +0800] "GET /radio.php HTTP/1.1" 404 27 "-" "-"
48.210.228.230 - - [22/Nov/2025:07:07:17 +0800] "GET /plugins.php HTTP/1.1" 404 27 "-" "-"
48.210.228.230 - - [22/Nov/2025:07:07:17 +0800] "GET /xmrlpc.php HTTP/1.1" 404 27 "-" "-"
48.210.228.230 - - [22/Nov/2025:07:07:17 +0800] "GET /ae.php HTTP/1.1" 404 27 "-" "-"
48.210.228.230 - - [22/Nov/2025:07:07:17 +0800] "GET /moon.php HTTP/1.1" 404 27 "-" "-"
48.210.228.230 - - [22/Nov/2025:07:07:17 +0800] "GET /blog.php HTTP/1.1" 404 27 "-" "-"
48.210.228.230 - - [22/Nov/2025:07:07:17 +0800] "GET /themes.php HTTP/1.1" 404 27 "-" "-"
48.210.228.230 - - [22/Nov/2025:07:07:17 +0800] "GET /ini.php HTTP/1.1" 404 27 "-" "-"
48.210.228.230 - - [22/Nov/2025:07:07:18 +0800] "GET /as.php HTTP/1.1" 404 27 "-" "-"
48.210.228.230 - - [22/Nov/2025:07:07:18 +0800] "GET /shell.php HTTP/1.1" 404 27 "-" "-"
48.210.228.230 - - [22/Nov/2025:07:07:18 +0800] "GET /ws.php HTTP/1.1" 404 27 "-" "-"
48.210.228.230 - - [22/Nov/2025:07:07:18 +0800] "GET /dropdown.php HTTP/1.1" 404 27 "-" "-"
48.210.228.230 - - [22/Nov/2025:07:07:18 +0800] "GET /makeasmtp.php HTTP/1.1" 404 27 "-" "-"
48.210.228.230 - - [22/Nov/2025:07:07:18 +0800] "GET /wp-sigunq.php HTTP/1.1" 404 27 "-" "-"
48.210.228.230 - - [22/Nov/2025:07:07:18 +0800] "GET /wso112233.php HTTP/1.1" 404 27 "-" "-"
48.210.228.230 - - [22/Nov/2025:07:07:18 +0800] "GET /wp-atom.php HTTP/1.1" 404 27 "-" "-"
48.210.228.230 - - [22/Nov/2025:07:07:18 +0800] "GET /alfanew.php HTTP/1.1" 404 27 "-" "-"
48.210.228.230 - - [22/Nov/2025:07:07:19 +0800] "GET /fw.php HTTP/1.1" 404 27 "-" "-"
48.210.228.230 - - [22/Nov/2025:07:07:19 +0800] "GET /install.php HTTP/1.1" 404 27 "-" "-"
48.210.228.230 - - [22/Nov/2025:07:07:19 +0800] "GET /wp-login.php HTTP/1.1" 200 8672 "-" "-"
48.210.228.230 - - [22/Nov/2025:07:07:20 +0800] "GET /kaza.php HTTP/1.1" 404 27 "-" "-"
48.210.228.230 - - [22/Nov/2025:07:07:20 +0800] "GET /wsd.php HTTP/1.1" 404 27 "-" "-"
48.210.228.230 - - [22/Nov/2025:07:07:20 +0800] "GET /gifclass4.php HTTP/1.1" 404 27 "-" "-"
48.210.228.230 - - [22/Nov/2025:07:07:20 +0800] "GET /info.php HTTP/1.1" 200 29 "-" "-"
48.210.228.230 - - [22/Nov/2025:07:07:20 +0800] "GET /333.php HTTP/1.1" 404 27 "-" "-"
48.210.228.230 - - [22/Nov/2025:07:07:20 +0800] "GET /cfile.php HTTP/1.1" 404 27 "-" "-"
48.210.228.230 - - [22/Nov/2025:07:07:20 +0800] "GET /bless3.php HTTP/1.1" 404 27 "-" "-"
48.210.228.230 - - [22/Nov/2025:07:07:20 +0800] "GET /bless.php HTTP/1.1" 404 27 "-" "-"
48.210.228.230 - - [22/Nov/2025:07:07:20 +0800] "GET /doti.php HTTP/1.1" 404 27 "-" "-"
48.210.228.230 - - [22/Nov/2025:07:07:21 +0800] "GET /031.php HTTP/1.1" 404 27 "-" "-"
48.210.228.230 - - [22/Nov/2025:07:07:21 +0800] "GET /wfile.php HTTP/1.1" 404 27 "-" "-"
48.210.228.230 - - [22/Nov/2025:07:07:21 +0800] "GET /lala.php HTTP/1.1" 404 27 "-" "-"
48.210.228.230 - - [22/Nov/2025:07:07:21 +0800] "GET /gmo.php HTTP/1.1" 404 27 "-" "-"
48.210.228.230 - - [22/Nov/2025:07:07:21 +0800] "GET /he.php HTTP/1.1" 404 27 "-" "-"
48.210.228.230 - - [22/Nov/2025:07:07:21 +0800] "GET /plss3.php HTTP/1.1" 404 27 "-" "-"
48.210.228.230 - - [22/Nov/2025:07:07:21 +0800] "GET /ton.php HTTP/1.1" 404 27 "-" "-"
48.210.228.230 - - [22/Nov/2025:07:07:21 +0800] "GET /nfile.php HTTP/1.1" 404 27 "-" "-"
48.210.228.230 - - [22/Nov/2025:07:07:21 +0800] "GET /ffile.php HTTP/1.1" 404 27 "-" "-"
48.210.228.230 - - [22/Nov/2025:07:07:22 +0800] "GET /file18.php HTTP/1.1" 404 27 "-" "-"
48.210.228.230 - - [22/Nov/2025:07:07:22 +0800] "GET /file21.php HTTP/1.1" 404 27 "-" "-"
48.210.228.230 - - [22/Nov/2025:07:07:22 +0800] "GET /yellow.php HTTP/1.1" 404 27 "-" "-"
48.210.228.230 - - [22/Nov/2025:07:07:22 +0800] "GET /file1.php HTTP/1.1" 404 27 "-" "-"
48.210.228.230 - - [22/Nov/2025:07:07:22 +0800] "GET /geck.php HTTP/1.1" 404 27 "-" "-"
48.210.228.230 - - [22/Nov/2025:07:07:22 +0800] "GET /file4.php HTTP/1.1" 404 27 "-" "-"
48.210.228.230 - - [22/Nov/2025:07:07:22 +0800] "GET /file88.php HTTP/1.1" 404 27 "-" "-"
48.210.228.230 - - [22/Nov/2025:07:07:22 +0800] "GET /111.php HTTP/1.1" 404 27 "-" "-"
48.210.228.230 - - [22/Nov/2025:07:07:22 +0800] "GET /size.php HTTP/1.1" 404 27 "-" "-"
48.210.228.230 - - [22/Nov/2025:07:07:23 +0800] "GET /bolt.php HTTP/1.1" 404 27 "-" "-"
48.210.228.230 - - [22/Nov/2025:07:07:23 +0800] "GET /file8.php HTTP/1.1" 404 27 "-" "-"
48.210.228.230 - - [22/Nov/2025:07:07:23 +0800] "GET /file2.php HTTP/1.1" 404 27 "-" "-"
48.210.228.230 - - [22/Nov/2025:07:07:23 +0800] "GET /vee.php HTTP/1.1" 404 27 "-" "-"
48.210.228.230 - - [22/Nov/2025:07:07:23 +0800] "GET /a2.php HTTP/1.1" 404 27 "-" "-"
48.210.228.230 - - [22/Nov/2025:07:07:23 +0800] "GET /mlex.php HTTP/1.1" 404 27 "-" "-"
48.210.228.230 - - [22/Nov/2025:07:07:23 +0800] "GET /030.php HTTP/1.1" 404 27 "-" "-"
48.210.228.230 - - [22/Nov/2025:07:07:23 +0800] "GET /haa.php HTTP/1.1" 404 27 "-" "-"
48.210.228.230 - - [22/Nov/2025:07:07:23 +0800] "GET /xsox.php HTTP/1.1" 404 27 "-" "-"
48.210.228.230 - - [22/Nov/2025:07:07:23 +0800] "GET /classgoto24.php HTTP/1.1" 404 27 "-" "-"
48.210.228.230 - - [22/Nov/2025:07:07:24 +0800] "GET /inde.php HTTP/1.1" 404 27 "-" "-"
48.210.228.230 - - [22/Nov/2025:07:07:24 +0800] "GET /akk.php HTTP/1.1" 404 27 "-" "-"
48.210.228.230 - - [22/Nov/2025:07:07:24 +0800] "GET /alpa.php HTTP/1.1" 404 27 "-" "-"
48.210.228.230 - - [22/Nov/2025:07:07:24 +0800] "GET /finny.php HTTP/1.1" 404 27 "-" "-"
48.210.228.230 - - [22/Nov/2025:07:07:24 +0800] "GET /file15.php HTTP/1.1" 404 27 "-" "-"
48.210.228.230 - - [22/Nov/2025:07:07:24 +0800] "GET /0x0x.php HTTP/1.1" 404 27 "-" "-"
48.210.228.230 - - [22/Nov/2025:07:07:24 +0800] "GET /2clas.php HTTP/1.1" 404 27 "-" "-"
48.210.228.230 - - [22/Nov/2025:07:07:24 +0800] "GET /file9.php HTTP/1.1" 404 27 "-" "-"
48.210.228.230 - - [22/Nov/2025:07:07:24 +0800] "GET /aaa.php HTTP/1.1" 404 27 "-" "-"
48.210.228.230 - - [22/Nov/2025:07:07:25 +0800] "GET /ilex.php HTTP/1.1" 404 27 "-" "-"
48.210.228.230 - - [22/Nov/2025:07:07:25 +0800] "GET /tor.php HTTP/1.1" 404 27 "-" "-"
48.210.228.230 - - [22/Nov/2025:07:07:25 +0800] "GET /klex.php HTTP/1.1" 404 27 "-" "-"
36.133.115.36 - - [22/Nov/2025:07:08:18 +0800] "POST /wp-cron.php?doing_wp_cron=1763766498.2385931015014648437500 HTTP/1.1" 200 31 "-" "WordPress/6.8.3; http://cqqizhou.com"
209.42.20.53 - - [22/Nov/2025:07:08:18 +0800] "POST /xmlrpc.php HTTP/1.1" 200 217 "http://cqqizhou.com" "Mozilla/5.0 (Windows NT 10.0; Win64; x64; rv:126.0) Gecko/20100101 Firefox/126.0"
49.51.233.46 - - [22/Nov/2025:07:10:13 +0800] "GET /wp-content/uploads/2025/07/1750649203-qizhou1920x1080_8.webp HTTP/1.1" 200 256782 "-" "Mozilla/5.0 (iPhone; CPU iPhone OS 13_2_3 like Mac OS X) AppleWebKit/605.1.15 (KHTML, like Gecko) Version/13.0.3 Mobile/15E148 Safari/604.1"
36.133.115.36 - - [22/Nov/2025:07:14:42 +0800] "POST /wp-cron.php?doing_wp_cron=1763766882.6253321170806884765625 HTTP/1.1" 200 31 "-" "WordPress/6.8.3; http://cqqizhou.com"
213.156.43.111 - - [22/Nov/2025:07:14:42 +0800] "POST /xmlrpc.php HTTP/1.1" 200 217 "http://cqqizhou.com" "Mozilla/5.0 (Macintosh; Intel Mac OS X 14_6) AppleWebKit/605.1.15 (KHTML, like Gecko) Version/17.5 Safari/605.1.15"
36.133.115.36 - - [22/Nov/2025:07:17:53 +0800] "POST /wp-cron.php?doing_wp_cron=1763767073.7613420486450195312500 HTTP/1.1" 200 31 "-" "WordPress/6.8.3; http://cqqizhou.com"
150.158.50.113 - - [22/Nov/2025:07:17:53 +0800] "POST /xmlrpc.php HTTP/1.1" 200 217 "http://cqqizhou.com" "Mozilla/5.0 (Windows NT 11.0; Win64; x64) AppleWebKit/537.36 (KHTML, like Gecko) Chrome/126.0.0.0 Safari/537.36"
180.153.236.84 - - [22/Nov/2025:07:19:45 +0800] "GET / HTTP/1.1" 200 33988 "http://cqqizhou.com" "Mozilla/5.0 (Windows NT 10.0; Win64; x64) AppleWebKit/537.36 (KHTML, like Gecko) Chrome/140.0.0.0 Safari/537.36 Edg/140.0.0.0; 360Spider"
43.157.50.58 - - [22/Nov/2025:07:19:45 +0800] "GET /wp-content/uploads/elementor/thumbs/1751373145-About_Qizhoudalou_W800px-r91b70ok8huvvdr4ynxnf302e8ie3iydlh6ag9ew82.webp HTTP/1.1" 200 37938 "-" "Mozilla/5.0 (iPhone; CPU iPhone OS 13_2_3 like Mac OS X) AppleWebKit/605.1.15 (KHTML, like Gecko) Version/13.0.3 Mobile/15E148 Safari/604.1"
36.133.115.36 - - [22/Nov/2025:07:23:15 +0800] "POST /wp-cron.php?doing_wp_cron=1763767395.5017480850219726562500 HTTP/1.1" 200 31 "-" "WordPress/6.8.3; http://cqqizhou.com"
180.153.236.30 - - [22/Nov/2025:07:23:15 +0800] "GET / HTTP/1.1" 200 33528 "http://cqqizhou.com/" "Mozilla/5.0 (Linux; Android 10; K) AppleWebKit/537.36 (KHTML, like Gecko) Chrome/131.0.0.0 Mobile Safari/537.36; 360Spider"
180.153.236.41 - - [22/Nov/2025:07:23:22 +0800] "GET / HTTP/1.1" 200 33528 "http://cqqizhou.com/" "Mozilla/5.0 (Linux; Android 10; K) AppleWebKit/537.36 (KHTML, like Gecko) Chrome/131.0.0.0 Mobile Safari/537.36; 360Spider"
36.133.115.36 - - [22/Nov/2025:07:24:25 +0800] "POST /wp-cron.php?doing_wp_cron=1763767465.7795639038085937500000 HTTP/1.1" 200 31 "-" "WordPress/6.8.3; http://cqqizhou.com"
157.230.29.20 - - [22/Nov/2025:07:24:26 +0800] "GET / HTTP/1.1" 200 33528 "-" "Mozilla/5.0 (Windows NT 10.0; Win64; x64) AppleWebKit/537.36 (KHTML, like Gecko) Chrome/90.0.4430.85 Safari/537.36 Edg/90.0.818.46"
182.253.58.139 - - [22/Nov/2025:07:24:27 +0800] "POST /xmlrpc.php HTTP/1.1" 200 217 "http://cqqizhou.com" "Mozilla/5.0 (Windows NT 10.0; Win64; x64) AppleWebKit/537.36 (KHTML, like Gecko) Chrome/126.0.0.0 Safari/537.36"
36.133.115.36 - - [22/Nov/2025:07:30:40 +0800] "POST /wp-cron.php?doing_wp_cron=1763767840.3100678920745849609375 HTTP/1.1" 200 31 "-" "WordPress/6.8.3; http://cqqizhou.com"
123.1.133.4 - - [22/Nov/2025:07:30:40 +0800] "POST /xmlrpc.php HTTP/1.1" 200 217 "http://cqqizhou.com" "Mozilla/5.0 (Windows NT 10.0; Win64; x64; rv:127.0) Gecko/20100101 Firefox/127.0"
36.133.115.36 - - [22/Nov/2025:07:33:52 +0800] "POST /wp-cron.php?doing_wp_cron=1763768032.8401010036468505859375 HTTP/1.1" 200 31 "-" "WordPress/6.8.3; http://cqqizhou.com"
59.110.47.144 - - [22/Nov/2025:07:33:52 +0800] "POST /xmlrpc.php HTTP/1.1" 200 217 "http://cqqizhou.com" "Mozilla/5.0 (Windows NT 10.0; Win64; x64) AppleWebKit/537.36 (KHTML, like Gecko) Chrome/116.0.5845.96 Safari/537.36"
36.133.115.36 - - [22/Nov/2025:07:36:23 +0800] "POST /wp-cron.php?doing_wp_cron=1763768183.4931550025939941406250 HTTP/1.1" 200 31 "-" "WordPress/6.8.3; http://cqqizhou.com"
122.45.51.68 - - [22/Nov/2025:07:36:23 +0800] "POST /xmlrpc.php HTTP/1.1" 200 217 "-" "Mozilla/5.0 (X11; Ubuntu; Linux x86_64; rv:85.0) Gecko/20100101 Firefox/91.0"
36.133.115.36 - - [22/Nov/2025:07:39:05 +0800] "POST /wp-cron.php?doing_wp_cron=1763768345.7533459663391113281250 HTTP/1.1" 200 31 "-" "WordPress/6.8.3; http://cqqizhou.com"
49.51.183.220 - - [22/Nov/2025:07:39:05 +0800] "GET /2215/ HTTP/1.1" 200 20122 "-" "Mozilla/5.0 (iPhone; CPU iPhone OS 13_2_3 like Mac OS X) AppleWebKit/605.1.15 (KHTML, like Gecko) Version/13.0.3 Mobile/15E148 Safari/604.1"
36.133.115.36 - - [22/Nov/2025:07:40:07 +0800] "POST /wp-cron.php?doing_wp_cron=1763768406.9769289493560791015625 HTTP/1.1" 200 31 "-" "WordPress/6.8.3; http://cqqizhou.com"
120.78.88.119 - - [22/Nov/2025:07:40:07 +0800] "POST /xmlrpc.php HTTP/1.1" 200 217 "http://cqqizhou.com" "Mozilla/5.0 (Macintosh; Intel Mac OS X 14.3) AppleWebKit/614.31.14 (KHTML, like Gecko) Version/17.0.96 Safari/614.31.14"
36.133.115.36 - - [22/Nov/2025:07:43:21 +0800] "POST /wp-cron.php?doing_wp_cron=1763768601.1227920055389404296875 HTTP/1.1" 200 31 "-" "WordPress/6.8.3; http://cqqizhou.com"
103.163.214.43 - - [22/Nov/2025:07:43:21 +0800] "POST /xmlrpc.php HTTP/1.1" 200 217 "http://cqqizhou.com" "Mozilla/5.0 (Windows NT 10.0; Win64; x64) AppleWebKit/537.36 (KHTML, like Gecko) Chrome/126.0.0.0 Safari/537.36"
36.133.115.36 - - [22/Nov/2025:07:49:41 +0800] "POST /wp-cron.php?doing_wp_cron=1763768981.2949779033660888671875 HTTP/1.1" 200 31 "-" "WordPress/6.8.3; http://cqqizhou.com"
142.93.110.8 - - [22/Nov/2025:07:49:41 +0800] "POST /xmlrpc.php HTTP/1.1" 200 217 "http://cqqizhou.com" "Mozilla/5.0 (Windows NT 10.0; Win64; x64) AppleWebKit/537.36 (KHTML, like Gecko) Chrome/113.0.5672.93 Safari/537.36"
36.133.115.36 - - [22/Nov/2025:07:50:44 +0800] "POST /wp-cron.php?doing_wp_cron=1763769044.1520760059356689453125 HTTP/1.1" 200 31 "-" "WordPress/6.8.3; http://cqqizhou.com"
5.187.35.21 - - [22/Nov/2025:07:50:44 +0800] "GET / HTTP/1.1" 200 152189 "-" "-"
36.133.115.36 - - [22/Nov/2025:07:51:19 +0800] "POST /wp-cron.php?doing_wp_cron=1763769079.8203670978546142578125 HTTP/1.1" 200 31 "-" "WordPress/6.8.3; http://cqqizhou.com"
43.153.27.244 - - [22/Nov/2025:07:51:20 +0800] "GET /portfolio/ HTTP/1.1" 200 17053 "-" "Mozilla/5.0 (iPhone; CPU iPhone OS 13_2_3 like Mac OS X) AppleWebKit/605.1.15 (KHTML, like Gecko) Version/13.0.3 Mobile/15E148 Safari/604.1"
36.133.115.36 - - [22/Nov/2025:07:52:54 +0800] "POST /wp-cron.php?doing_wp_cron=1763769174.4791500568389892578125 HTTP/1.1" 200 31 "-" "WordPress/6.8.3; http://cqqizhou.com"
124.156.178.131 - - [22/Nov/2025:07:52:54 +0800] "POST /xmlrpc.php HTTP/1.1" 200 217 "http://cqqizhou.com" "Mozilla/5.0 (Windows NT 10.0; Win64; x64) AppleWebKit/537.36 (KHTML, like Gecko) Chrome/115.0.5790.171 Safari/537.36 Edg/115.0.1901.203"
36.133.115.36 - - [22/Nov/2025:07:54:28 +0800] "POST /wp-cron.php?doing_wp_cron=1763769268.6423850059509277343750 HTTP/1.1" 200 31 "-" "WordPress/6.8.3; http://cqqizhou.com"
157.230.29.20 - - [22/Nov/2025:07:54:28 +0800] "GET / HTTP/1.1" 200 33528 "-" "Mozilla/5.0 (Windows NT 10.0; Win64; x64) AppleWebKit/537.36 (KHTML, like Gecko) Chrome/90.0.4430.85 Safari/537.36 Edg/90.0.818.46"
36.133.115.36 - - [22/Nov/2025:07:56:05 +0800] "POST /wp-cron.php?doing_wp_cron=1763769365.1146850585937500000000 HTTP/1.1" 200 31 "-" "WordPress/6.8.3; http://cqqizhou.com"
201.249.66.174 - - [22/Nov/2025:07:56:05 +0800] "POST /xmlrpc.php HTTP/1.1" 200 217 "http://cqqizhou.com" "Mozilla/5.0 (Windows NT 10.0; Win64; x64) AppleWebKit/537.36 (KHTML, like Gecko) Chrome/115.0.5790.171 Safari/537.36 Edg/115.0.1901.203"
36.133.115.36 - - [22/Nov/2025:07:59:20 +0800] "POST /wp-cron.php?doing_wp_cron=1763769560.4245450496673583984375 HTTP/1.1" 200 31 "-" "WordPress/6.8.3; http://cqqizhou.com"
182.253.58.139 - - [22/Nov/2025:07:59:20 +0800] "POST /xmlrpc.php HTTP/1.1" 200 217 "http://cqqizhou.com" "Mozilla/5.0 (Macintosh; Intel Mac OS X 13.3; rv:126.0) Gecko/20100101 Firefox/126.0"
43.159.145.149 - - [22/Nov/2025:08:01:51 +0800] "GET /wp-content/uploads/2025/07/1753455746-DSC01472-768x432.webp HTTP/1.1" 200 31096 "-" "Mozilla/5.0 (iPhone; CPU iPhone OS 13_2_3 like Mac OS X) AppleWebKit/605.1.15 (KHTML, like Gecko) Version/13.0.3 Mobile/15E148 Safari/604.1"
36.133.115.36 - - [22/Nov/2025:08:02:40 +0800] "POST /wp-cron.php?doing_wp_cron=1763769760.3815050125122070312500 HTTP/1.1" 200 31 "-" "WordPress/6.8.3; http://cqqizhou.com"
162.241.126.57 - - [22/Nov/2025:08:02:40 +0800] "POST /xmlrpc.php HTTP/1.1" 200 217 "http://cqqizhou.com" "Mozilla/5.0 (Macintosh; Intel Mac OS X 10_15_7) AppleWebKit/537.36 (KHTML, like Gecko) Chrome/116.0.5845.96 Safari/537.36"
36.133.115.36 - - [22/Nov/2025:08:05:56 +0800] "POST /wp-cron.php?doing_wp_cron=1763769956.2859408855438232421875 HTTP/1.1" 200 31 "-" "WordPress/6.8.3; http://cqqizhou.com"
206.189.153.166 - - [22/Nov/2025:08:05:56 +0800] "POST /xmlrpc.php HTTP/1.1" 200 217 "http://cqqizhou.com" "Mozilla/5.0 (Macintosh; Intel Mac OS X 14.5) AppleWebKit/618.3.5 (KHTML, like Gecko) Version/17.4 Safari/618.3.5"
36.133.115.36 - - [22/Nov/2025:08:12:27 +0800] "POST /wp-cron.php?doing_wp_cron=1763770347.0592129230499267578125 HTTP/1.1" 200 31 "-" "WordPress/6.8.3; http://cqqizhou.com"
165.22.240.243 - - [22/Nov/2025:08:12:27 +0800] "POST /xmlrpc.php HTTP/1.1" 200 217 "http://cqqizhou.com" "Mozilla/5.0 (Macintosh; Intel Mac OS X 10_15_7; rv:125.0.1) Gecko/20100101 Firefox/125.0.1"
36.133.115.36 - - [22/Nov/2025:08:12:49 +0800] "POST /wp-cron.php?doing_wp_cron=1763770369.7045660018920898437500 HTTP/1.1" 200 31 "-" "WordPress/6.8.3; http://cqqizhou.com"
49.51.183.220 - - [22/Nov/2025:08:12:49 +0800] "GET /wp-json/oembed/1.0/embed?url=http%3A%2F%2Fcqqizhou.com%2F2215%2F HTTP/1.1" 200 1238 "-" "Mozilla/5.0 (iPhone; CPU iPhone OS 13_2_3 like Mac OS X) AppleWebKit/605.1.15 (KHTML, like Gecko) Version/13.0.3 Mobile/15E148 Safari/604.1"
36.133.115.36 - - [22/Nov/2025:08:14:29 +0800] "POST /wp-cron.php?doing_wp_cron=1763770469.5670719146728515625000 HTTP/1.1" 200 31 "-" "WordPress/6.8.3; http://cqqizhou.com"
66.249.68.64 - - [22/Nov/2025:08:14:29 +0800] "GET /services/ HTTP/1.1" 200 19830 "-" "Mozilla/5.0 (Linux; Android 6.0.1; Nexus 5X Build/MMB29P) AppleWebKit/537.36 (KHTML, like Gecko) Chrome/141.0.7390.122 Mobile Safari/537.36 (compatible; Googlebot/2.1; +http://www.google.com/bot.html)"
36.133.115.36 - - [22/Nov/2025:08:15:38 +0800] "POST /wp-cron.php?doing_wp_cron=1763770538.3700320720672607421875 HTTP/1.1" 200 31 "-" "WordPress/6.8.3; http://cqqizhou.com"
51.255.71.164 - - [22/Nov/2025:08:15:38 +0800] "POST /xmlrpc.php HTTP/1.1" 200 217 "http://cqqizhou.com" "Mozilla/5.0 (Windows NT 10.0; Win64; x64) AppleWebKit/537.36 (KHTML, like Gecko) Chrome/113.0.5672.126 Safari/537.36 Edg/113.0.1774.50"
36.133.115.36 - - [22/Nov/2025:08:17:24 +0800] "POST /wp-cron.php?doing_wp_cron=1763770644.2799921035766601562500 HTTP/1.1" 200 31 "-" "WordPress/6.8.3; http://cqqizhou.com"
45.135.193.9 - - [22/Nov/2025:08:17:24 +0800] "GET http://ip-api.com/json/ HTTP/1.1" 404 8985 "-" "Go-http-client/1.1"
36.133.115.36 - - [22/Nov/2025:08:18:53 +0800] "POST /wp-cron.php?doing_wp_cron=1763770733.3916139602661132812500 HTTP/1.1" 200 31 "-" "WordPress/6.8.3; http://cqqizhou.com"
113.192.8.160 - - [22/Nov/2025:08:18:53 +0800] "POST /xmlrpc.php HTTP/1.1" 200 217 "http://cqqizhou.com" "Mozilla/5.0 (Macintosh; Intel Mac OS X 13_3) AppleWebKit/537.36 (KHTML, like Gecko) Chrome/126.0.0.0 Safari/537.36 Edg/126.0.0.0"
36.133.115.36 - - [22/Nov/2025:08:22:08 +0800] "POST /wp-cron.php?doing_wp_cron=1763770928.7041599750518798828125 HTTP/1.1" 200 31 "-" "WordPress/6.8.3; http://cqqizhou.com"
68.183.58.166 - - [22/Nov/2025:08:22:08 +0800] "POST /xmlrpc.php HTTP/1.1" 200 217 "http://cqqizhou.com" "Mozilla/5.0 (Macintosh; Intel Mac OS X 14_6) AppleWebKit/605.1.15 (KHTML, like Gecko) Version/17.5 Safari/605.1.15"
36.133.115.36 - - [22/Nov/2025:08:25:21 +0800] "POST /wp-cron.php?doing_wp_cron=1763771121.8450100421905517578125 HTTP/1.1" 200 31 "-" "WordPress/6.8.3; http://cqqizhou.com"
134.122.67.125 - - [22/Nov/2025:08:25:21 +0800] "POST /xmlrpc.php HTTP/1.1" 200 217 "http://cqqizhou.com" "Mozilla/5.0 (Windows NT 10.0; Win64; x64) AppleWebKit/537.36 (KHTML, like Gecko) Chrome/114.0.5735.134 Safari/537.36"
36.133.115.36 - - [22/Nov/2025:08:28:38 +0800] "POST /wp-cron.php?doing_wp_cron=1763771318.7524890899658203125000 HTTP/1.1" 200 31 "-" "WordPress/6.8.3; http://cqqizhou.com"
103.161.170.99 - - [22/Nov/2025:08:28:38 +0800] "POST /xmlrpc.php HTTP/1.1" 200 217 "http://cqqizhou.com" "Mozilla/5.0 (Windows NT 11.0; Win64; x64) AppleWebKit/537.36 (KHTML, like Gecko) Chrome/126.0.0.0 Safari/537.36 Edg/126.0.0.0"
43.166.224.244 - - [22/Nov/2025:08:29:24 +0800] "GET /wp-content/uploads/2025/08/1755826456-DSC01841.webp HTTP/1.1" 200 87046 "-" "Mozilla/5.0 (iPhone; CPU iPhone OS 13_2_3 like Mac OS X) AppleWebKit/605.1.15 (KHTML, like Gecko) Version/13.0.3 Mobile/15E148 Safari/604.1"
