HEX
Server: nginx/1.16.1
System: Linux ecs-04358622 4.19.90-2107.6.0.0100.oe1.bclinux.x86_64 #1 SMP Wed Dec 1 19:59:44 CST 2021 x86_64
User: nginx (994)
PHP: 8.0.0
Disabled: NONE
Upload Files
File: /home/logs/cqqizhou_access_2025-11-09.log
36.133.115.36 - - [09/Nov/2025:00:13:48 +0800] "POST /wp-cron.php?doing_wp_cron=1762618428.6193680763244628906250 HTTP/1.1" 200 31 "-" "WordPress/6.8.2; http://cqqizhou.com"
121.229.185.160 - - [09/Nov/2025:00:13:48 +0800] "GET / HTTP/1.1" 301 5 "-" "Mozilla/5.0 (iPhone; CPU iPhone OS 13_2_3 like Mac OS X) AppleWebKit/605.1.15 (KHTML, like Gecko) Version/13.0.3 Mobile/15E148 Safari/604.1"
180.153.236.7 - - [09/Nov/2025:00:25:26 +0800] "GET / HTTP/1.1" 200 33931 "http://cqqizhou.com/" "Mozilla/5.0 (Windows NT 10.0; Win64; x64) AppleWebKit/537.36 (KHTML, like Gecko) Chrome/140.0.0.0 Safari/537.36 Edg/140.0.0.0; 360Spider"
36.133.115.36 - - [09/Nov/2025:00:31:23 +0800] "POST /wp-cron.php?doing_wp_cron=1762619483.9021520614624023437500 HTTP/1.1" 200 31 "-" "WordPress/6.8.2; http://cqqizhou.com"
180.184.103.128 - - [09/Nov/2025:00:31:24 +0800] "GET /portfolio-category/pickled-coil/ HTTP/1.1" 200 17593 "-" "Mozilla/5.0 (Linux; Android 10; V1950A; wv) AppleWebKit/537.36 (KHTML, like Gecko) Chrome/62.0.3202.84 Mobile Safari/537.36 VivoBrowser/20.2.3.0"
36.133.115.36 - - [09/Nov/2025:00:43:46 +0800] "POST /wp-cron.php?doing_wp_cron=1762620225.9831960201263427734375 HTTP/1.1" 200 31 "-" "WordPress/6.8.2; http://cqqizhou.com"
180.184.79.125 - - [09/Nov/2025:00:43:46 +0800] "GET /about/ HTTP/1.1" 200 24239 "-" "Mozilla/5.0 (Linux; Android 10; V1950A; wv) AppleWebKit/537.36 (KHTML, like Gecko) Chrome/62.0.3202.84 Mobile Safari/537.36 VivoBrowser/20.2.3.0"
180.153.236.213 - - [09/Nov/2025:00:50:21 +0800] "GET / HTTP/1.1" 200 33931 "http://cqqizhou.com/" "Mozilla/5.0 (Windows NT 10.0; Win64; x64) AppleWebKit/537.36 (KHTML, like Gecko) Chrome/140.0.0.0 Safari/537.36 Edg/140.0.0.0; 360Spider"
123.57.13.121 - - [09/Nov/2025:00:52:33 +0800] "GET / HTTP/1.1" 200 33931 "-" "Mozilla/5.0 (Windows NT 10.0; Win64; x64) AppleWebKit/537.36 (KHTML, like Gecko) Chrome/104.0.0.0 Safari/537.36"
36.133.115.36 - - [09/Nov/2025:00:53:52 +0800] "POST /wp-cron.php?doing_wp_cron=1762620832.1942880153656005859375 HTTP/1.1" 200 31 "-" "WordPress/6.8.2; http://cqqizhou.com"
180.153.236.162 - - [09/Nov/2025:00:53:52 +0800] "GET / HTTP/1.1" 200 33467 "http://cqqizhou.com/" "Mozilla/5.0 (Linux; Android 10; K) AppleWebKit/537.36 (KHTML, like Gecko) Chrome/131.0.0.0 Mobile Safari/537.36; 360Spider"
220.181.108.82 - - [09/Nov/2025:01:14:22 +0800] "GET /2162/ HTTP/1.1" 200 25455 "-" "Mozilla/5.0 (compatible; Baiduspider/2.0; +http://www.baidu.com/search/spider.html)"
116.179.32.93 - - [09/Nov/2025:01:14:22 +0800] "GET /portfolio-tag/%E9%9E%8D%E9%92%A2%E8%92%82%E6%A3%AE/ HTTP/1.1" 200 22716 "-" "Mozilla/5.0 (compatible; Baiduspider/2.0; +http://www.baidu.com/search/spider.html)"
220.181.108.167 - - [09/Nov/2025:01:14:22 +0800] "GET /portfolio/pickled-coil/ HTTP/1.1" 200 22144 "-" "Mozilla/5.0 (compatible; Baiduspider/2.0; +http://www.baidu.com/search/spider.html)"
116.179.37.167 - - [09/Nov/2025:01:14:24 +0800] "GET /wp-content/uploads/2025/07/1753453127-%E4%BD%99%E5%8D%B7product_Single600%C3%97284-150x150.webp HTTP/1.1" 200 5480 "http://cqqizhou.com/portfolio/pickled-coil/" "Mozilla/5.0 (compatible; Baiduspider-render/2.0; +http://www.baidu.com/search/spider.html)"
116.179.37.95 - - [09/Nov/2025:01:14:27 +0800] "GET /wp-content/uploads/2025/07/1753454089-Article_images_W900px.webp HTTP/1.1" 200 27552 "http://cqqizhou.com/2162/" "Mozilla/5.0 (compatible; Baiduspider-render/2.0; +http://www.baidu.com/search/spider.html)"
116.179.32.224 - - [09/Nov/2025:01:14:54 +0800] "GET /2162/ HTTP/1.1" 200 25455 "-" "Mozilla/5.0 (compatible; Baiduspider/2.0; +http://www.baidu.com/search/spider.html)"
36.133.115.36 - - [09/Nov/2025:01:49:07 +0800] "POST /wp-cron.php?doing_wp_cron=1762624147.4404599666595458984375 HTTP/1.1" 200 31 "-" "WordPress/6.8.2; http://cqqizhou.com"
115.159.33.43 - - [09/Nov/2025:01:49:07 +0800] "GET / HTTP/1.1" 301 5 "-" "Mozilla/5.0 (Windows NT 10.0; Win64; x64) AppleWebKit/537.36 (KHTML, like Gecko) Chrome/79.0.3945.117 Safari/537.36"
36.133.115.36 - - [09/Nov/2025:01:52:38 +0800] "POST /wp-cron.php?doing_wp_cron=1762624358.1293630599975585937500 HTTP/1.1" 200 31 "-" "WordPress/6.8.2; http://cqqizhou.com"
213.209.157.24 - - [09/Nov/2025:01:52:38 +0800] "GET /.env HTTP/1.1" 404 8989 "-" "Mozilla/5.0 (X11; U; Linux x86_64; us; rv:1.9.1.19) Gecko/20110430 shadowfox/7.0 (like Firefox/7.0"
59.62.64.18 - - [09/Nov/2025:02:17:08 +0800] "GET /plus/erraddsave.php?dopost=saveedit&a=b&arrs1%5B%5D=99&arrs1%5B%5D=102&arrs1%5B%5D=103&arrs1%5B%5D=95&arrs1%5B%5D=100&arrs1%5B%5D=98&arrs1%5B%5D=112&arrs1%5B%5D=114&arrs1%5B%5D=101&arrs1%5B%5D=102&arrs1%5B%5D=105&arrs1%5B%5D=120&arrs2%5B%5D=103&arrs2%5B%5D=100&arrs2%5B%5D=109&arrs2%5B%5D=105&arrs2%5B%5D=110&arrs2%5B%5D=96&arrs2%5B%5D=32&arrs2%5B%5D=83&arrs2%5B%5D=69&arrs2%5B%5D=84&arrs2%5B%5D=32&arrs2%5B%5D=96&arrs2%5B%5D=117&arrs2%5B%5D=115&arrs2%5B%5D=101&arrs2%5B%5D=114&arrs2%5B%5D=105&arrs2%5B%5D=100&arrs2%5B%5D=96&arrs2%5B%5D=61&arrs2%5B%5D=39&arrs2%5B%5D=115&arrs2%5B%5D=112&arrs2%5B%5D=105&arrs2%5B%5D=100&arrs2%5B%5D=101&arrs2%5B%5D=114&arrs2%5B%5D=39&arrs2%5B%5D=44&arrs2%5B%5D=32&arrs2%5B%5D=96&arrs2%5B%5D=112&arrs2%5B%5D=119&arrs2%5B%5D=100&arrs2%5B%5D=96&arrs2%5B%5D=61&arrs2%5B%5D=39&arrs2%5B%5D=102&arrs2%5B%5D=50&arrs2%5B%5D=57&arrs2%5B%5D=55&arrs2%5B%5D=97&arrs2%5B%5D=53&arrs2%5B%5D=55&arrs2%5B%5D=97&arrs2%5B%5D=53&arrs2%5B%5D=97&arrs2%5B%5D=55&arrs2%5B%5D=52&arrs2%5B%5D=51&arrs2%5B%5D=56&arrs2%5B%5D=57&arrs2%5B%5D=52&arrs2%5B%5D=97&arrs2%5B%5D=48&arrs2%5B%5D=101&arrs2%5B%5D=52&arrs2%5B%5D=39&arrs2%5B%5D=32&arrs2%5B%5D=119&arrs2%5B%5D=104&arrs2%5B%5D=101&arrs2%5B%5D=114&arrs2%5B%5D=101&arrs2%5B%5D=32&arrs2%5B%5D=105&arrs2%5B%5D=100&arrs2%5B%5D=61&arrs2%5B%5D=49&arrs2%5B%5D=32&arrs2%5B%5D=35 HTTP/1.1" 404 47 "http://www.cqqizhou.com/plus/erraddsave.php?dopost=saveedit&a=b&arrs1[]=99&arrs1[]=102&arrs1[]=103&arrs1[]=95&arrs1[]=100&arrs1[]=98&arrs1[]=112&arrs1[]=114&arrs1[]=101&arrs1[]=102&arrs1[]=105&arrs1[]=120&arrs2[]=103&arrs2[]=100&arrs2[]=109&arrs2[]=105&arrs2[]=110&arrs2[]=96&arrs2[]=32&arrs2[]=83&arrs2[]=69&arrs2[]=84&arrs2[]=32&arrs2[]=96&arrs2[]=117&arrs2[]=115&arrs2[]=101&arrs2[]=114&arrs2[]=105&arrs2[]=100&arrs2[]=96&arrs2[]=61&arrs2[]=39&arrs2[]=115&arrs2[]=112&arrs2[]=105&arrs2[]=100&arrs2[]=101&arrs2[]=114&arrs2[]=39&arrs2[]=44&arrs2[]=32&arrs2[]=96&arrs2[]=112&arrs2[]=119&arrs2[]=100&arrs2[]=96&arrs2[]=61&arrs2[]=39&arrs2[]=102&arrs2[]=50&arrs2[]=57&arrs2[]=55&arrs2[]=97&arrs2[]=53&arrs2[]=55&arrs2[]=97&arrs2[]=53&arrs2[]=97&arrs2[]=55&arrs2[]=52&arrs2[]=51&arrs2[]=56&arrs2[]=57&arrs2[]=52&arrs2[]=97&arrs2[]=48&arrs2[]=101&arrs2[]=52&arrs2[]=39&arrs2[]=32&arrs2[]=119&arrs2[]=104&arrs2[]=101&arrs2[]=114&arrs2[]=101&arrs2[]=32&arrs2[]=105&arrs2[]=100&arrs2[]=61&arrs2[]=49&arrs2[]=32&arrs2[]=35" "Mozilla/5.0 (Windows NT 6.1; WOW64) AppleWebKit/537.11 (KHTML, like Gecko) Chrome/23.0.1271.97 Safari/537.11"
123.57.13.121 - - [09/Nov/2025:02:23:25 +0800] "GET / HTTP/1.1" 200 33931 "-" "Mozilla/5.0 (Windows NT 10.0; Win64; x64) AppleWebKit/537.36 (KHTML, like Gecko) Chrome/104.0.0.0 Safari/537.36"
36.133.115.36 - - [09/Nov/2025:03:06:53 +0800] "POST /wp-cron.php?doing_wp_cron=1762628813.1820659637451171875000 HTTP/1.1" 200 31 "-" "WordPress/6.8.2; http://cqqizhou.com"
167.71.218.215 - - [09/Nov/2025:03:06:53 +0800] "GET /sftp-config.json HTTP/1.1" 404 8989 "-" "Mozilla/5.0 (Macintosh; Intel Mac OS X 10.15; rv:77.0) Gecko/20100101 Firefox/77.0"
167.71.218.215 - - [09/Nov/2025:03:06:54 +0800] "GET /.vscode/sftp.json HTTP/1.1" 404 8990 "-" "Mozilla/5.0 (Macintosh; Intel Mac OS X 10.15; rv:77.0) Gecko/20100101 Firefox/77.0"
167.71.218.215 - - [09/Nov/2025:03:06:54 +0800] "GET /.vscode/ftp-config.json HTTP/1.1" 404 8990 "-" "Mozilla/5.0 (Macintosh; Intel Mac OS X 10.15; rv:77.0) Gecko/20100101 Firefox/77.0"
167.71.218.215 - - [09/Nov/2025:03:06:55 +0800] "GET /.vscode/ftp-sync.json HTTP/1.1" 404 8989 "-" "Mozilla/5.0 (Macintosh; Intel Mac OS X 10.15; rv:77.0) Gecko/20100101 Firefox/77.0"
167.71.218.215 - - [09/Nov/2025:03:06:56 +0800] "GET /.sftp-config.json HTTP/1.1" 404 8989 "-" "Mozilla/5.0 (Macintosh; Intel Mac OS X 10.15; rv:77.0) Gecko/20100101 Firefox/77.0"
167.71.218.215 - - [09/Nov/2025:03:06:57 +0800] "GET /ftp-sync.json HTTP/1.1" 404 8989 "-" "Mozilla/5.0 (Macintosh; Intel Mac OS X 10.15; rv:77.0) Gecko/20100101 Firefox/77.0"
167.71.218.215 - - [09/Nov/2025:03:06:57 +0800] "GET /.ftp-sync.json HTTP/1.1" 404 8989 "-" "Mozilla/5.0 (Macintosh; Intel Mac OS X 10.15; rv:77.0) Gecko/20100101 Firefox/77.0"
167.71.218.215 - - [09/Nov/2025:03:06:58 +0800] "GET /ftp-config.json HTTP/1.1" 404 8989 "-" "Mozilla/5.0 (Macintosh; Intel Mac OS X 10.15; rv:77.0) Gecko/20100101 Firefox/77.0"
167.71.218.215 - - [09/Nov/2025:03:06:59 +0800] "GET /.ftp-config.json HTTP/1.1" 404 8989 "-" "Mozilla/5.0 (Macintosh; Intel Mac OS X 10.15; rv:77.0) Gecko/20100101 Firefox/77.0"
36.133.115.36 - - [09/Nov/2025:03:16:11 +0800] "POST /wp-cron.php?doing_wp_cron=1762629371.7790400981903076171875 HTTP/1.1" 200 31 "-" "WordPress/6.8.2; http://cqqizhou.com"
43.153.10.83 - - [09/Nov/2025:03:16:11 +0800] "GET / HTTP/1.1" 301 5 "-" "Mozilla/5.0 (iPhone; CPU iPhone OS 13_2_3 like Mac OS X) AppleWebKit/605.1.15 (KHTML, like Gecko) Version/13.0.3 Mobile/15E148 Safari/604.1"
43.153.10.83 - - [09/Nov/2025:03:16:14 +0800] "GET / HTTP/1.1" 200 33467 "http://36.133.115.36" "Mozilla/5.0 (iPhone; CPU iPhone OS 13_2_3 like Mac OS X) AppleWebKit/605.1.15 (KHTML, like Gecko) Version/13.0.3 Mobile/15E148 Safari/604.1"
36.133.115.36 - - [09/Nov/2025:03:38:09 +0800] "POST /wp-cron.php?doing_wp_cron=1762630689.8546071052551269531250 HTTP/1.1" 200 31 "-" "WordPress/6.8.2; http://cqqizhou.com"
43.130.26.3 - - [09/Nov/2025:03:38:10 +0800] "GET /about/ HTTP/1.1" 200 24239 "-" "Mozilla/5.0 (iPhone; CPU iPhone OS 13_2_3 like Mac OS X) AppleWebKit/605.1.15 (KHTML, like Gecko) Version/13.0.3 Mobile/15E148 Safari/604.1"
106.228.0.80 - - [09/Nov/2025:03:43:37 +0800] "GET /install/index.php?step=11&insLockfile=a&s_lang=a&install_demo_name=../data/admin/config_update.php HTTP/1.1" 404 47 "http://www.cqqizhou.com/install/index.php?step=11&insLockfile=a&s_lang=a&install_demo_name=../data/admin/config_update.php" "Mozilla/5.0 (Windows NT 6.1; WOW64) AppleWebKit/537.11 (KHTML, like Gecko) Chrome/23.0.1271.97 Safari/537.11"
36.133.115.36 - - [09/Nov/2025:03:45:46 +0800] "POST /wp-cron.php?doing_wp_cron=1762631146.3605411052703857421875 HTTP/1.1" 200 31 "-" "WordPress/6.8.2; http://cqqizhou.com"
170.106.65.93 - - [09/Nov/2025:03:45:46 +0800] "GET / HTTP/1.1" 200 33467 "-" "Mozilla/5.0 (iPhone; CPU iPhone OS 13_2_3 like Mac OS X) AppleWebKit/605.1.15 (KHTML, like Gecko) Version/13.0.3 Mobile/15E148 Safari/604.1"
36.133.115.36 - - [09/Nov/2025:03:57:57 +0800] "POST /wp-cron.php?doing_wp_cron=1762631877.7649350166320800781250 HTTP/1.1" 200 31 "-" "WordPress/6.8.2; http://cqqizhou.com"
43.135.135.57 - - [09/Nov/2025:03:57:58 +0800] "GET /portfolio/hot-dip-galvanized-coil/ HTTP/1.1" 200 18792 "-" "Mozilla/5.0 (iPhone; CPU iPhone OS 13_2_3 like Mac OS X) AppleWebKit/605.1.15 (KHTML, like Gecko) Version/13.0.3 Mobile/15E148 Safari/604.1"
36.133.115.36 - - [09/Nov/2025:04:07:27 +0800] "POST /wp-cron.php?doing_wp_cron=1762632447.0361270904541015625000 HTTP/1.1" 200 31 "-" "WordPress/6.8.2; http://cqqizhou.com"
43.157.188.74 - - [09/Nov/2025:04:07:27 +0800] "GET /portfolio/remaining-rolls/ HTTP/1.1" 200 18671 "-" "Mozilla/5.0 (iPhone; CPU iPhone OS 13_2_3 like Mac OS X) AppleWebKit/605.1.15 (KHTML, like Gecko) Version/13.0.3 Mobile/15E148 Safari/604.1"
36.133.115.36 - - [09/Nov/2025:04:19:06 +0800] "POST /wp-cron.php?doing_wp_cron=1762633146.5825140476226806640625 HTTP/1.1" 200 31 "-" "WordPress/6.8.2; http://cqqizhou.com"
43.156.228.27 - - [09/Nov/2025:04:19:06 +0800] "GET /portfolio-category/remaining-rolls/ HTTP/1.1" 200 17569 "-" "Mozilla/5.0 (iPhone; CPU iPhone OS 13_2_3 like Mac OS X) AppleWebKit/605.1.15 (KHTML, like Gecko) Version/13.0.3 Mobile/15E148 Safari/604.1"
36.133.115.36 - - [09/Nov/2025:04:29:09 +0800] "POST /wp-cron.php?doing_wp_cron=1762633749.2160499095916748046875 HTTP/1.1" 200 31 "-" "WordPress/6.8.2; http://cqqizhou.com"
156.59.188.151 - - [09/Nov/2025:04:29:09 +0800] "GET /wp-login.php HTTP/1.1" 200 2779 "-" "Mozilla/5.0"
156.59.188.151 - - [09/Nov/2025:04:29:10 +0800] "GET /?author=1 HTTP/1.1" 301 5 "-" "Mozilla/5.0"
156.59.188.151 - - [09/Nov/2025:04:29:11 +0800] "GET /?author=2 HTTP/1.1" 404 8989 "-" "Mozilla/5.0"
170.106.148.137 - - [09/Nov/2025:04:29:21 +0800] "GET /wp-content/uploads/2025/07/1753587901-Slider_3840 HTTP/1.1" 404 8989 "-" "Mozilla/5.0 (iPhone; CPU iPhone OS 13_2_3 like Mac OS X) AppleWebKit/605.1.15 (KHTML, like Gecko) Version/13.0.3 Mobile/15E148 Safari/604.1"
36.133.115.36 - - [09/Nov/2025:04:31:16 +0800] "POST /wp-cron.php?doing_wp_cron=1762633876.8705110549926757812500 HTTP/1.1" 200 31 "-" "WordPress/6.8.2; http://cqqizhou.com"
65.108.125.120 - - [09/Nov/2025:04:31:16 +0800] "GET /robots.txt HTTP/1.1" 200 390 "-" "Mozilla/5.0 (compatible; MJ12bot/v1.4.8; http://mj12bot.com/)"
65.108.125.120 - - [09/Nov/2025:04:31:18 +0800] "GET /portfolio-tag/%E9%9E%8D%E9%92%A2%E8%92%82%E6%A3%AE/ HTTP/1.1" 200 22716 "-" "Mozilla/5.0 (compatible; MJ12bot/v1.4.8; http://mj12bot.com/)"
65.108.125.120 - - [09/Nov/2025:04:31:21 +0800] "GET /portfolio/%E5%86%B7%E8%BD%A7%E6%9D%BF/ HTTP/1.1" 200 22075 "-" "Mozilla/5.0 (compatible; MJ12bot/v1.4.8; http://mj12bot.com/)"
43.130.74.193 - - [09/Nov/2025:04:36:42 +0800] "GET /wp-content/uploads/2025/07/1750649179-qizhou1920x1080_1.webp HTTP/1.1" 200 172154 "-" "Mozilla/5.0 (iPhone; CPU iPhone OS 13_2_3 like Mac OS X) AppleWebKit/605.1.15 (KHTML, like Gecko) Version/13.0.3 Mobile/15E148 Safari/604.1"
43.166.250.187 - - [09/Nov/2025:04:47:16 +0800] "GET /wp-content/uploads/2025/07/1750649189-qizhou1920x1080_4.webp HTTP/1.1" 200 174962 "-" "Mozilla/5.0 (iPhone; CPU iPhone OS 13_2_3 like Mac OS X) AppleWebKit/605.1.15 (KHTML, like Gecko) Version/13.0.3 Mobile/15E148 Safari/604.1"
36.133.115.36 - - [09/Nov/2025:04:55:37 +0800] "POST /wp-cron.php?doing_wp_cron=1762635337.9113399982452392578125 HTTP/1.1" 200 31 "-" "WordPress/6.8.2; http://cqqizhou.com"
129.226.213.145 - - [09/Nov/2025:04:55:38 +0800] "GET /logistics/ HTTP/1.1" 200 18248 "-" "Mozilla/5.0 (iPhone; CPU iPhone OS 13_2_3 like Mac OS X) AppleWebKit/605.1.15 (KHTML, like Gecko) Version/13.0.3 Mobile/15E148 Safari/604.1"
36.133.115.36 - - [09/Nov/2025:05:00:29 +0800] "POST /wp-cron.php?doing_wp_cron=1762635629.2347960472106933593750 HTTP/1.1" 200 31 "-" "WordPress/6.8.2; http://cqqizhou.com"
147.135.215.173 - - [09/Nov/2025:05:00:29 +0800] "GET /robots.txt HTTP/1.1" 200 390 "-" "Mozilla/5.0 (compatible; MJ12bot/v1.4.8; http://mj12bot.com/)"
147.135.215.173 - - [09/Nov/2025:05:00:32 +0800] "GET /portfolio-tag/%E9%9E%8D%E9%92%A2%E8%92%82%E6%A3%AE/ HTTP/1.1" 200 22716 "-" "Mozilla/5.0 (compatible; MJ12bot/v1.4.8; http://mj12bot.com/)"
147.135.215.173 - - [09/Nov/2025:05:00:38 +0800] "GET /portfolio/%E5%86%B7%E8%BD%A7%E5%8D%B7/ HTTP/1.1" 200 22071 "-" "Mozilla/5.0 (compatible; MJ12bot/v1.4.8; http://mj12bot.com/)"
36.133.115.36 - - [09/Nov/2025:05:06:20 +0800] "POST /wp-cron.php?doing_wp_cron=1762635980.0420110225677490234375 HTTP/1.1" 200 31 "-" "WordPress/6.8.2; http://cqqizhou.com"
43.153.86.78 - - [09/Nov/2025:05:06:20 +0800] "GET /portfolio/ HTTP/1.1" 200 16989 "-" "Mozilla/5.0 (iPhone; CPU iPhone OS 13_2_3 like Mac OS X) AppleWebKit/605.1.15 (KHTML, like Gecko) Version/13.0.3 Mobile/15E148 Safari/604.1"
36.133.115.36 - - [09/Nov/2025:05:15:53 +0800] "POST /wp-cron.php?doing_wp_cron=1762636553.0016479492187500000000 HTTP/1.1" 200 31 "-" "WordPress/6.8.2; http://cqqizhou.com"
49.51.252.146 - - [09/Nov/2025:05:15:53 +0800] "GET /portfolio-tag/%e9%9e%8d%e9%92%a2%e8%92%82%e6%a3%ae/ HTTP/1.1" 200 18098 "-" "Mozilla/5.0 (iPhone; CPU iPhone OS 13_2_3 like Mac OS X) AppleWebKit/605.1.15 (KHTML, like Gecko) Version/13.0.3 Mobile/15E148 Safari/604.1"
36.133.115.36 - - [09/Nov/2025:05:25:59 +0800] "POST /wp-cron.php?doing_wp_cron=1762637159.6436591148376464843750 HTTP/1.1" 200 31 "-" "WordPress/6.8.2; http://cqqizhou.com"
43.153.67.21 - - [09/Nov/2025:05:25:59 +0800] "GET /2215/ HTTP/1.1" 200 20058 "-" "Mozilla/5.0 (iPhone; CPU iPhone OS 13_2_3 like Mac OS X) AppleWebKit/605.1.15 (KHTML, like Gecko) Version/13.0.3 Mobile/15E148 Safari/604.1"
36.133.115.36 - - [09/Nov/2025:05:32:17 +0800] "POST /wp-cron.php?doing_wp_cron=1762637537.8684589862823486328125 HTTP/1.1" 200 31 "-" "WordPress/6.8.2; http://cqqizhou.com"
206.168.34.114 - - [09/Nov/2025:05:32:17 +0800] "GET / HTTP/1.1" 301 5 "-" "Mozilla/5.0 (compatible; CensysInspect/1.1; +https://about.censys.io/)"
206.168.34.114 - - [09/Nov/2025:05:32:26 +0800] "GET /.well-known/security.txt HTTP/1.1" 404 8989 "-" "Mozilla/5.0 (compatible; CensysInspect/1.1; +https://about.censys.io/)"
36.133.115.36 - - [09/Nov/2025:05:35:51 +0800] "POST /wp-cron.php?doing_wp_cron=1762637751.6262090206146240234375 HTTP/1.1" 200 31 "-" "WordPress/6.8.2; http://cqqizhou.com"
170.106.143.6 - - [09/Nov/2025:05:35:51 +0800] "GET /club/ HTTP/1.1" 200 11903 "-" "Mozilla/5.0 (iPhone; CPU iPhone OS 13_2_3 like Mac OS X) AppleWebKit/605.1.15 (KHTML, like Gecko) Version/13.0.3 Mobile/15E148 Safari/604.1"
101.33.66.34 - - [09/Nov/2025:05:47:00 +0800] "GET /wp-content/uploads/2025/07/1751864664-Logistics800x500_1.webp HTTP/1.1" 200 76914 "-" "Mozilla/5.0 (iPhone; CPU iPhone OS 13_2_3 like Mac OS X) AppleWebKit/605.1.15 (KHTML, like Gecko) Version/13.0.3 Mobile/15E148 Safari/604.1"
36.133.115.36 - - [09/Nov/2025:05:48:52 +0800] "POST /wp-cron.php?doing_wp_cron=1762638532.6663179397583007812500 HTTP/1.1" 200 31 "-" "WordPress/6.8.2; http://cqqizhou.com"
110.80.135.11 - - [09/Nov/2025:05:48:52 +0800] "GET / HTTP/1.1" 301 5 "-" "-"
180.153.236.157 - - [09/Nov/2025:05:53:55 +0800] "GET / HTTP/1.1" 200 33931 "http://cqqizhou.com" "Mozilla/5.0 (Windows NT 10.0; Win64; x64) AppleWebKit/537.36 (KHTML, like Gecko) Chrome/140.0.0.0 Safari/537.36 Edg/140.0.0.0; 360Spider"
43.157.43.147 - - [09/Nov/2025:05:58:22 +0800] "GET /wp-content/uploads/2025/07/1751864682-Logistics800x500_2-300x188.webp HTTP/1.1" 200 9470 "-" "Mozilla/5.0 (iPhone; CPU iPhone OS 13_2_3 like Mac OS X) AppleWebKit/605.1.15 (KHTML, like Gecko) Version/13.0.3 Mobile/15E148 Safari/604.1"
36.133.115.36 - - [09/Nov/2025:06:06:10 +0800] "POST /wp-cron.php?doing_wp_cron=1762639570.4707129001617431640625 HTTP/1.1" 200 31 "-" "WordPress/6.8.2; http://cqqizhou.com"
43.130.15.147 - - [09/Nov/2025:06:06:10 +0800] "GET /portfolio/duplex-stainless-steel/ HTTP/1.1" 200 18652 "-" "Mozilla/5.0 (iPhone; CPU iPhone OS 13_2_3 like Mac OS X) AppleWebKit/605.1.15 (KHTML, like Gecko) Version/13.0.3 Mobile/15E148 Safari/604.1"
36.133.115.36 - - [09/Nov/2025:06:10:36 +0800] "POST /wp-cron.php?doing_wp_cron=1762639836.9472410678863525390625 HTTP/1.1" 200 31 "-" "WordPress/6.8.2; http://cqqizhou.com"
111.172.249.49 - - [09/Nov/2025:06:10:37 +0800] "GET / HTTP/1.1" 200 33467 "-" "Mozilla/5.0 (iPhone; CPU iPhone OS 13_2_3 like Mac OS X) AppleWebKit/605.1.15 (KHTML, like Gecko) Version/13.0.3 Mobile/15E148 Safari/604.1"
36.133.115.36 - - [09/Nov/2025:06:12:37 +0800] "POST /wp-cron.php?doing_wp_cron=1762639956.9673640727996826171875 HTTP/1.1" 200 31 "-" "WordPress/6.8.2; http://cqqizhou.com"
43.135.185.59 - - [09/Nov/2025:06:12:37 +0800] "GET /portfolio-category/cold-rolled-coil/ HTTP/1.1" 200 17616 "-" "Mozilla/5.0 (iPhone; CPU iPhone OS 13_2_3 like Mac OS X) AppleWebKit/605.1.15 (KHTML, like Gecko) Version/13.0.3 Mobile/15E148 Safari/604.1"
43.130.14.245 - - [09/Nov/2025:06:27:37 +0800] "GET /wp-content/uploads/2025/07/1751425283-qizhou.kf_.qq_.com_.webp HTTP/1.1" 200 16864 "-" "Mozilla/5.0 (iPhone; CPU iPhone OS 13_2_3 like Mac OS X) AppleWebKit/605.1.15 (KHTML, like Gecko) Version/13.0.3 Mobile/15E148 Safari/604.1"
36.133.115.36 - - [09/Nov/2025:06:49:07 +0800] "POST /wp-cron.php?doing_wp_cron=1762642147.1501948833465576171875 HTTP/1.1" 200 31 "-" "WordPress/6.8.2; http://cqqizhou.com"
103.143.11.97 - - [09/Nov/2025:06:49:07 +0800] "POST /hello.world?%ADd+allow_url_include%3d1+%ADd+auto_prepend_file%3dphp://input HTTP/1.1" 404 31381 "-" "libredtail-http"
103.143.11.97 - - [09/Nov/2025:06:49:15 +0800] "POST /?%ADd+allow_url_include%3d1+%ADd+auto_prepend_file%3dphp://input HTTP/1.1" 200 151919 "-" "libredtail-http"
103.143.11.97 - - [09/Nov/2025:06:49:16 +0800] "GET /vendor/phpunit/phpunit/src/Util/PHP/eval-stdin.php HTTP/1.1" 404 27 "-" "libredtail-http"
103.143.11.97 - - [09/Nov/2025:06:49:17 +0800] "GET /vendor/phpunit/phpunit/Util/PHP/eval-stdin.php HTTP/1.1" 404 27 "-" "libredtail-http"
103.143.11.97 - - [09/Nov/2025:06:49:17 +0800] "GET /vendor/phpunit/src/Util/PHP/eval-stdin.php HTTP/1.1" 404 27 "-" "libredtail-http"
103.143.11.97 - - [09/Nov/2025:06:49:17 +0800] "GET /vendor/phpunit/Util/PHP/eval-stdin.php HTTP/1.1" 404 27 "-" "libredtail-http"
103.143.11.97 - - [09/Nov/2025:06:49:17 +0800] "GET /vendor/phpunit/phpunit/LICENSE/eval-stdin.php HTTP/1.1" 404 27 "-" "libredtail-http"
103.143.11.97 - - [09/Nov/2025:06:49:17 +0800] "GET /vendor/vendor/phpunit/phpunit/src/Util/PHP/eval-stdin.php HTTP/1.1" 404 27 "-" "libredtail-http"
103.143.11.97 - - [09/Nov/2025:06:49:18 +0800] "GET /phpunit/phpunit/src/Util/PHP/eval-stdin.php HTTP/1.1" 404 27 "-" "libredtail-http"
103.143.11.97 - - [09/Nov/2025:06:49:18 +0800] "GET /phpunit/phpunit/Util/PHP/eval-stdin.php HTTP/1.1" 404 27 "-" "libredtail-http"
103.143.11.97 - - [09/Nov/2025:06:49:18 +0800] "GET /phpunit/src/Util/PHP/eval-stdin.php HTTP/1.1" 404 27 "-" "libredtail-http"
103.143.11.97 - - [09/Nov/2025:06:49:18 +0800] "GET /phpunit/Util/PHP/eval-stdin.php HTTP/1.1" 404 27 "-" "libredtail-http"
103.143.11.97 - - [09/Nov/2025:06:49:18 +0800] "GET /lib/phpunit/phpunit/src/Util/PHP/eval-stdin.php HTTP/1.1" 404 27 "-" "libredtail-http"
103.143.11.97 - - [09/Nov/2025:06:49:19 +0800] "GET /lib/phpunit/phpunit/Util/PHP/eval-stdin.php HTTP/1.1" 404 27 "-" "libredtail-http"
103.143.11.97 - - [09/Nov/2025:06:49:19 +0800] "GET /lib/phpunit/src/Util/PHP/eval-stdin.php HTTP/1.1" 404 27 "-" "libredtail-http"
103.143.11.97 - - [09/Nov/2025:06:49:19 +0800] "GET /lib/phpunit/Util/PHP/eval-stdin.php HTTP/1.1" 404 27 "-" "libredtail-http"
103.143.11.97 - - [09/Nov/2025:06:49:19 +0800] "GET /lib/vendor/phpunit/phpunit/src/Util/PHP/eval-stdin.php HTTP/1.1" 404 27 "-" "libredtail-http"
103.143.11.97 - - [09/Nov/2025:06:49:19 +0800] "GET /laravel/vendor/phpunit/phpunit/src/Util/PHP/eval-stdin.php HTTP/1.1" 404 27 "-" "libredtail-http"
103.143.11.97 - - [09/Nov/2025:06:49:19 +0800] "GET /www/vendor/phpunit/phpunit/src/Util/PHP/eval-stdin.php HTTP/1.1" 404 27 "-" "libredtail-http"
103.143.11.97 - - [09/Nov/2025:06:49:20 +0800] "GET /ws/vendor/phpunit/phpunit/src/Util/PHP/eval-stdin.php HTTP/1.1" 404 27 "-" "libredtail-http"
103.143.11.97 - - [09/Nov/2025:06:49:20 +0800] "GET /yii/vendor/phpunit/phpunit/src/Util/PHP/eval-stdin.php HTTP/1.1" 404 27 "-" "libredtail-http"
103.143.11.97 - - [09/Nov/2025:06:49:20 +0800] "GET /zend/vendor/phpunit/phpunit/src/Util/PHP/eval-stdin.php HTTP/1.1" 404 27 "-" "libredtail-http"
103.143.11.97 - - [09/Nov/2025:06:49:20 +0800] "GET /ws/ec/vendor/phpunit/phpunit/src/Util/PHP/eval-stdin.php HTTP/1.1" 404 27 "-" "libredtail-http"
103.143.11.97 - - [09/Nov/2025:06:49:20 +0800] "GET /V2/vendor/phpunit/phpunit/src/Util/PHP/eval-stdin.php HTTP/1.1" 404 27 "-" "libredtail-http"
103.143.11.97 - - [09/Nov/2025:06:49:21 +0800] "GET /tests/vendor/phpunit/phpunit/src/Util/PHP/eval-stdin.php HTTP/1.1" 404 27 "-" "libredtail-http"
103.143.11.97 - - [09/Nov/2025:06:49:21 +0800] "GET /test/vendor/phpunit/phpunit/src/Util/PHP/eval-stdin.php HTTP/1.1" 404 27 "-" "libredtail-http"
103.143.11.97 - - [09/Nov/2025:06:49:21 +0800] "GET /testing/vendor/phpunit/phpunit/src/Util/PHP/eval-stdin.php HTTP/1.1" 404 27 "-" "libredtail-http"
103.143.11.97 - - [09/Nov/2025:06:49:21 +0800] "GET /api/vendor/phpunit/phpunit/src/Util/PHP/eval-stdin.php HTTP/1.1" 404 27 "-" "libredtail-http"
103.143.11.97 - - [09/Nov/2025:06:49:21 +0800] "GET /demo/vendor/phpunit/phpunit/src/Util/PHP/eval-stdin.php HTTP/1.1" 404 27 "-" "libredtail-http"
103.143.11.97 - - [09/Nov/2025:06:49:22 +0800] "GET /cms/vendor/phpunit/phpunit/src/Util/PHP/eval-stdin.php HTTP/1.1" 404 27 "-" "libredtail-http"
103.143.11.97 - - [09/Nov/2025:06:49:22 +0800] "GET /crm/vendor/phpunit/phpunit/src/Util/PHP/eval-stdin.php HTTP/1.1" 404 27 "-" "libredtail-http"
103.143.11.97 - - [09/Nov/2025:06:49:22 +0800] "GET /admin/vendor/phpunit/phpunit/src/Util/PHP/eval-stdin.php HTTP/1.1" 404 27 "-" "libredtail-http"
103.143.11.97 - - [09/Nov/2025:06:49:22 +0800] "GET /backup/vendor/phpunit/phpunit/src/Util/PHP/eval-stdin.php HTTP/1.1" 404 27 "-" "libredtail-http"
103.143.11.97 - - [09/Nov/2025:06:49:22 +0800] "GET /blog/vendor/phpunit/phpunit/src/Util/PHP/eval-stdin.php HTTP/1.1" 404 27 "-" "libredtail-http"
103.143.11.97 - - [09/Nov/2025:06:49:23 +0800] "GET /workspace/drupal/vendor/phpunit/phpunit/src/Util/PHP/eval-stdin.php HTTP/1.1" 404 27 "-" "libredtail-http"
103.143.11.97 - - [09/Nov/2025:06:49:23 +0800] "GET /panel/vendor/phpunit/phpunit/src/Util/PHP/eval-stdin.php HTTP/1.1" 404 27 "-" "libredtail-http"
103.143.11.97 - - [09/Nov/2025:06:49:23 +0800] "GET /public/vendor/phpunit/phpunit/src/Util/PHP/eval-stdin.php HTTP/1.1" 404 27 "-" "libredtail-http"
103.143.11.97 - - [09/Nov/2025:06:49:23 +0800] "GET /apps/vendor/phpunit/phpunit/src/Util/PHP/eval-stdin.php HTTP/1.1" 404 27 "-" "libredtail-http"
103.143.11.97 - - [09/Nov/2025:06:49:23 +0800] "GET /app/vendor/phpunit/phpunit/src/Util/PHP/eval-stdin.php HTTP/1.1" 404 27 "-" "libredtail-http"
103.143.11.97 - - [09/Nov/2025:06:49:24 +0800] "GET /index.php?s=/index/\x5Cthink\x5Capp/invokefunction&function=call_user_func_array&vars[0]=md5&vars[1][]=Hello HTTP/1.1" 200 64806 "-" "libredtail-http"
103.143.11.97 - - [09/Nov/2025:06:49:25 +0800] "GET /public/index.php?s=/index/\x5Cthink\x5Capp/invokefunction&function=call_user_func_array&vars[0]=md5&vars[1][]=Hello HTTP/1.1" 404 27 "-" "libredtail-http"
103.143.11.97 - - [09/Nov/2025:06:49:27 +0800] "GET /index.php?lang=../../../../../../../../usr/local/lib/php/pearcmd&+config-create+/&/<?echo(md5(\x22hi\x22));?>+/tmp/index1.php HTTP/1.1" 200 151919 "-" "libredtail-http"
103.143.11.97 - - [09/Nov/2025:06:49:29 +0800] "GET /index.php?lang=../../../../../../../../tmp/index1 HTTP/1.1" 200 151919 "-" "libredtail-http"
103.143.11.97 - - [09/Nov/2025:06:49:30 +0800] "GET /containers/json HTTP/1.1" 301 5 "-" "libredtail-http"
103.143.11.97 - - [09/Nov/2025:06:49:33 +0800] "GET /containers/json HTTP/1.1" 301 5 "-" "libredtail-http"
36.133.115.36 - - [09/Nov/2025:06:49:53 +0800] "POST /wp-cron.php?doing_wp_cron=1762642193.4324851036071777343750 HTTP/1.1" 200 31 "-" "WordPress/6.8.2; http://cqqizhou.com"
216.73.216.85 - - [09/Nov/2025:06:49:53 +0800] "GET /robots.txt HTTP/1.1" 200 390 "-" "Mozilla/5.0 AppleWebKit/537.36 (KHTML, like Gecko; compatible; ClaudeBot/1.0; +claudebot@anthropic.com)"
216.73.216.85 - - [09/Nov/2025:06:49:54 +0800] "GET /wp-sitemap.xml HTTP/1.1" 501 253 "-" "Mozilla/5.0 AppleWebKit/537.36 (KHTML, like Gecko; compatible; ClaudeBot/1.0; +claudebot@anthropic.com)"
36.133.115.36 - - [09/Nov/2025:06:54:22 +0800] "POST /wp-cron.php?doing_wp_cron=1762642462.2156839370727539062500 HTTP/1.1" 200 31 "-" "WordPress/6.8.2; http://cqqizhou.com"
31.0.8.194 - - [09/Nov/2025:06:54:22 +0800] "GET / HTTP/1.0" 301 0 "-" "Hello World"
36.133.115.36 - - [09/Nov/2025:07:16:06 +0800] "POST /wp-cron.php?doing_wp_cron=1762643766.3066790103912353515625 HTTP/1.1" 200 31 "-" "WordPress/6.8.2; http://cqqizhou.com"
52.167.144.136 - - [09/Nov/2025:07:16:06 +0800] "GET /sitemap.xml HTTP/1.1" 200 499 "-" "Mozilla/5.0 AppleWebKit/537.36 (KHTML, like Gecko; compatible; bingbot/2.0; +http://www.bing.com/bingbot.htm) Chrome/116.0.1938.76 Safari/537.36"
36.133.115.36 - - [09/Nov/2025:07:21:33 +0800] "POST /wp-cron.php?doing_wp_cron=1762644093.6747949123382568359375 HTTP/1.1" 200 31 "-" "WordPress/6.8.2; http://cqqizhou.com"
156.59.188.151 - - [09/Nov/2025:07:21:33 +0800] "POST /wp-login.php HTTP/1.1" 200 9110 "-" "Mozilla/5.0"
36.133.115.36 - - [09/Nov/2025:07:26:42 +0800] "POST /wp-cron.php?doing_wp_cron=1762644402.8018829822540283203125 HTTP/1.1" 200 31 "-" "WordPress/6.8.2; http://cqqizhou.com"
156.59.188.151 - - [09/Nov/2025:07:26:42 +0800] "POST /wp-login.php HTTP/1.1" 200 9110 "-" "Mozilla/5.0"
36.133.115.36 - - [09/Nov/2025:07:31:01 +0800] "POST /wp-cron.php?doing_wp_cron=1762644661.3693559169769287109375 HTTP/1.1" 200 31 "-" "WordPress/6.8.2; http://cqqizhou.com"
156.59.188.151 - - [09/Nov/2025:07:31:01 +0800] "POST /wp-login.php HTTP/1.1" 200 9110 "-" "Mozilla/5.0"
36.133.115.36 - - [09/Nov/2025:07:35:12 +0800] "POST /wp-cron.php?doing_wp_cron=1762644912.1550619602203369140625 HTTP/1.1" 200 31 "-" "WordPress/6.8.2; http://cqqizhou.com"
156.59.188.151 - - [09/Nov/2025:07:35:12 +0800] "POST /wp-login.php HTTP/1.1" 200 9110 "-" "Mozilla/5.0"
36.133.115.36 - - [09/Nov/2025:07:39:35 +0800] "POST /wp-cron.php?doing_wp_cron=1762645174.9841721057891845703125 HTTP/1.1" 200 31 "-" "WordPress/6.8.2; http://cqqizhou.com"
156.59.188.151 - - [09/Nov/2025:07:39:35 +0800] "POST /wp-login.php HTTP/1.1" 200 9110 "-" "Mozilla/5.0"
36.133.115.36 - - [09/Nov/2025:07:44:04 +0800] "POST /wp-cron.php?doing_wp_cron=1762645444.2102389335632324218750 HTTP/1.1" 200 31 "-" "WordPress/6.8.2; http://cqqizhou.com"
156.59.188.151 - - [09/Nov/2025:07:44:04 +0800] "POST /wp-login.php HTTP/1.1" 200 9110 "-" "Mozilla/5.0"
36.133.115.36 - - [09/Nov/2025:07:48:05 +0800] "POST /wp-cron.php?doing_wp_cron=1762645685.6428248882293701171875 HTTP/1.1" 200 31 "-" "WordPress/6.8.2; http://cqqizhou.com"
66.132.153.124 - - [09/Nov/2025:07:48:05 +0800] "GET /sitemap.xml HTTP/1.1" 200 499 "-" "Mozilla/5.0 (compatible; CensysInspect/1.1; +https://about.censys.io/)"
36.133.115.36 - - [09/Nov/2025:07:48:53 +0800] "POST /wp-cron.php?doing_wp_cron=1762645733.1309390068054199218750 HTTP/1.1" 200 31 "-" "WordPress/6.8.2; http://cqqizhou.com"
156.59.188.151 - - [09/Nov/2025:07:48:53 +0800] "POST /wp-login.php HTTP/1.1" 200 9110 "-" "Mozilla/5.0"
36.133.115.36 - - [09/Nov/2025:07:50:01 +0800] "POST /wp-cron.php?doing_wp_cron=1762645801.0859429836273193359375 HTTP/1.1" 200 31 "-" "WordPress/6.8.2; http://cqqizhou.com"
66.132.153.121 - - [09/Nov/2025:07:50:01 +0800] "GET /robots.txt HTTP/1.1" 200 190 "-" "Mozilla/5.0 (compatible; CensysInspect/1.1; +https://about.censys.io/)"
36.133.115.36 - - [09/Nov/2025:07:53:49 +0800] "POST /wp-cron.php?doing_wp_cron=1762646029.6245689392089843750000 HTTP/1.1" 200 31 "-" "WordPress/6.8.2; http://cqqizhou.com"
156.59.188.151 - - [09/Nov/2025:07:53:49 +0800] "POST /wp-login.php HTTP/1.1" 200 9110 "-" "Mozilla/5.0"
36.133.115.36 - - [09/Nov/2025:07:59:03 +0800] "POST /wp-cron.php?doing_wp_cron=1762646343.8089389801025390625000 HTTP/1.1" 200 31 "-" "WordPress/6.8.2; http://cqqizhou.com"
156.59.188.151 - - [09/Nov/2025:07:59:03 +0800] "POST /wp-login.php HTTP/1.1" 200 9110 "-" "Mozilla/5.0"
36.133.115.36 - - [09/Nov/2025:08:04:46 +0800] "POST /wp-cron.php?doing_wp_cron=1762646686.8178009986877441406250 HTTP/1.1" 200 31 "-" "WordPress/6.8.2; http://cqqizhou.com"
156.59.188.151 - - [09/Nov/2025:08:04:46 +0800] "POST /wp-login.php HTTP/1.1" 200 9110 "-" "Mozilla/5.0"
36.133.115.36 - - [09/Nov/2025:08:10:46 +0800] "POST /wp-cron.php?doing_wp_cron=1762647045.9812710285186767578125 HTTP/1.1" 200 31 "-" "WordPress/6.8.2; http://cqqizhou.com"
156.59.188.151 - - [09/Nov/2025:08:10:46 +0800] "POST /wp-login.php HTTP/1.1" 200 9110 "-" "Mozilla/5.0"
36.133.115.36 - - [09/Nov/2025:08:16:58 +0800] "POST /wp-cron.php?doing_wp_cron=1762647418.0006508827209472656250 HTTP/1.1" 200 31 "-" "WordPress/6.8.2; http://cqqizhou.com"
156.59.188.151 - - [09/Nov/2025:08:16:58 +0800] "POST /wp-login.php HTTP/1.1" 200 9110 "-" "Mozilla/5.0"
36.133.115.36 - - [09/Nov/2025:08:21:35 +0800] "POST /wp-cron.php?doing_wp_cron=1762647695.5307929515838623046875 HTTP/1.1" 200 31 "-" "WordPress/6.8.2; http://cqqizhou.com"
213.209.143.66 - - [09/Nov/2025:08:21:35 +0800] "GET / HTTP/1.1" 200 33466 "-" "Mozilla/5.0 (Windows NT 10.0; Win64; x64) AppleWebKit/537.36 (KHTML, like Gecko) Chrome/90.0.4430.85 Safari/537.36 Edg/90.0.818.46"
36.133.115.36 - - [09/Nov/2025:09:00:48 +0800] "POST /wp-cron.php?doing_wp_cron=1762650048.6216518878936767578125 HTTP/1.1" 200 31 "-" "WordPress/6.8.2; http://cqqizhou.com"
89.142.106.130 - - [09/Nov/2025:09:00:49 +0800] "GET / HTTP/1.1" 200 151919 "-" "Mozilla/5.0 (Macintosh; Intel Mac OS X 10_11_6) AppleWebKit/601.7.7 (KHTML, like Gecko) Version/9.1.2 Safari/601.7.7"
36.133.115.36 - - [09/Nov/2025:09:02:24 +0800] "POST /wp-cron.php?doing_wp_cron=1762650144.5525140762329101562500 HTTP/1.1" 200 31 "-" "WordPress/6.8.2; http://cqqizhou.com"
207.154.228.110 - - [09/Nov/2025:09:02:24 +0800] "GET / HTTP/1.1" 301 5 "-" "Mozilla/5.0 (Windows NT 10.0; Win64; x64; rv:109.0) Gecko/20100101 Firefox/118.0"
36.133.115.36 - - [09/Nov/2025:09:39:54 +0800] "POST /wp-cron.php?doing_wp_cron=1762652394.3634920120239257812500 HTTP/1.1" 200 31 "-" "WordPress/6.8.2; http://cqqizhou.com"
213.209.143.66 - - [09/Nov/2025:09:39:54 +0800] "GET / HTTP/1.1" 200 33466 "-" "Mozilla/5.0 (Windows NT 10.0; Win64; x64) AppleWebKit/537.36 (KHTML, like Gecko) Chrome/90.0.4430.85 Safari/537.36 Edg/90.0.818.46"
36.133.115.36 - - [09/Nov/2025:09:54:22 +0800] "POST /wp-cron.php?doing_wp_cron=1762653262.8670210838317871093750 HTTP/1.1" 200 31 "-" "WordPress/6.8.2; http://cqqizhou.com"
20.65.193.234 - - [09/Nov/2025:09:54:22 +0800] "GET /hudson HTTP/1.1" 404 8989 "-" "Mozilla/5.0 zgrab/0.x"
183.226.245.95 - - [09/Nov/2025:10:10:23 +0800] "GET /wp-content/uploads/2025/07/1750945514-honor300%C3%97206_3.webp HTTP/1.1" 200 74124 "http://cqqizhou.com/about/" "Mozilla/5.0 (Windows NT 10.0; Win64; x64) AppleWebKit/537.36 (KHTML, like Gecko) Chrome/142.0.0.0 Safari/537.36 Edg/142.0.0.0"
183.226.245.95 - - [09/Nov/2025:10:10:23 +0800] "GET /wp-content/uploads/2025/07/1750945616-honor300%C3%97206_4.webp HTTP/1.1" 200 33814 "http://cqqizhou.com/about/" "Mozilla/5.0 (Windows NT 10.0; Win64; x64) AppleWebKit/537.36 (KHTML, like Gecko) Chrome/142.0.0.0 Safari/537.36 Edg/142.0.0.0"
183.226.245.95 - - [09/Nov/2025:10:10:23 +0800] "GET /wp-content/uploads/2025/07/1750945650-honor300%C3%97206_6.webp HTTP/1.1" 200 66306 "http://cqqizhou.com/about/" "Mozilla/5.0 (Windows NT 10.0; Win64; x64) AppleWebKit/537.36 (KHTML, like Gecko) Chrome/142.0.0.0 Safari/537.36 Edg/142.0.0.0"
183.226.245.95 - - [09/Nov/2025:10:10:23 +0800] "GET /wp-content/uploads/2025/07/1750945637-honor300%C3%97206_5.webp HTTP/1.1" 200 77368 "http://cqqizhou.com/about/" "Mozilla/5.0 (Windows NT 10.0; Win64; x64) AppleWebKit/537.36 (KHTML, like Gecko) Chrome/142.0.0.0 Safari/537.36 Edg/142.0.0.0"
183.226.245.95 - - [09/Nov/2025:10:10:28 +0800] "GET /wp-content/uploads/2025/07/1750656103-Visionr2000x800_20250623131702.webp HTTP/1.1" 200 57650 "http://cqqizhou.com/wp-content/uploads/elementor/css/post-1849.css?ver=1755835654" "Mozilla/5.0 (Windows NT 10.0; Win64; x64) AppleWebKit/537.36 (KHTML, like Gecko) Chrome/142.0.0.0 Safari/537.36 Edg/142.0.0.0"
36.133.115.36 - - [09/Nov/2025:10:22:22 +0800] "POST /wp-cron.php?doing_wp_cron=1762654942.5589520931243896484375 HTTP/1.1" 200 31 "-" "WordPress/6.8.2; http://cqqizhou.com"
103.252.89.75 - - [09/Nov/2025:10:22:23 +0800] "GET / HTTP/1.1" 200 151919 "-" "-"
36.133.115.36 - - [09/Nov/2025:10:25:52 +0800] "POST /wp-cron.php?doing_wp_cron=1762655152.7716519832611083984375 HTTP/1.1" 200 31 "-" "WordPress/6.8.2; http://cqqizhou.com"
216.73.216.85 - - [09/Nov/2025:10:25:52 +0800] "GET /robots.txt HTTP/1.1" 200 390 "-" "Mozilla/5.0 AppleWebKit/537.36 (KHTML, like Gecko; compatible; ClaudeBot/1.0; +claudebot@anthropic.com)"
216.73.216.85 - - [09/Nov/2025:10:25:53 +0800] "GET /wp-sitemap.xml HTTP/1.1" 501 253 "-" "Mozilla/5.0 AppleWebKit/537.36 (KHTML, like Gecko; compatible; ClaudeBot/1.0; +claudebot@anthropic.com)"
36.133.115.36 - - [09/Nov/2025:10:37:37 +0800] "POST /wp-cron.php?doing_wp_cron=1762655857.7364530563354492187500 HTTP/1.1" 200 31 "-" "WordPress/6.8.2; http://cqqizhou.com"
52.167.144.66 - - [09/Nov/2025:10:37:37 +0800] "GET /robots.txt HTTP/1.1" 200 190 "-" "Mozilla/5.0 AppleWebKit/537.36 (KHTML, like Gecko; compatible; bingbot/2.0; +http://www.bing.com/bingbot.htm) Chrome/116.0.1938.76 Safari/537.36"
52.167.144.195 - - [09/Nov/2025:10:57:06 +0800] "GET /wp-content/uploads/2025/07/1753455746-DSC01472-150x150.webp HTTP/1.1" 200 4760 "-" "Mozilla/5.0 AppleWebKit/537.36 (KHTML, like Gecko; compatible; bingbot/2.0; +http://www.bing.com/bingbot.htm) Chrome/116.0.1938.76 Safari/537.36"
36.133.115.36 - - [09/Nov/2025:11:01:37 +0800] "POST /wp-cron.php?doing_wp_cron=1762657297.4282128810882568359375 HTTP/1.1" 200 31 "-" "WordPress/6.8.2; http://cqqizhou.com"
143.198.45.156 - - [09/Nov/2025:11:01:37 +0800] "GET / HTTP/1.1" 301 5 "-" "Mozilla/5.0 (Windows NT 10.0; Win64; x64) AppleWebKit/537.36 (KHTML, like Gecko) Chrome/108.0.0.0 Safari/537.36"
143.198.45.156 - - [09/Nov/2025:11:01:38 +0800] "GET / HTTP/1.1" 200 33931 "http://36.133.115.36/" "Mozilla/5.0 (Windows NT 10.0; Win64; x64) AppleWebKit/537.36 (KHTML, like Gecko) Chrome/108.0.0.0 Safari/537.36"
143.198.45.156 - - [09/Nov/2025:11:01:39 +0800] "GET /form.html HTTP/1.1" 404 8989 "-" "curl/8.1.2"
143.198.45.156 - - [09/Nov/2025:11:01:40 +0800] "GET /upl.php HTTP/1.1" 404 47 "-" "Mozilla/5.0"
143.198.45.156 - - [09/Nov/2025:11:01:41 +0800] "GET /t4 HTTP/1.1" 404 8989 "-" "Mozilla/5.0"
143.198.45.156 - - [09/Nov/2025:11:01:42 +0800] "GET /geoip/ HTTP/1.1" 404 8989 "-" "Mozilla/5.0 (Windows NT 10.0; Win64; x64) AppleWebKit/537.36 (KHTML, like Gecko) Chrome/108.0.0.0 Safari/537.36"
143.198.45.156 - - [09/Nov/2025:11:01:43 +0800] "GET /1.php HTTP/1.1" 404 47 "-" "Mozilla/5.0 (Windows NT 10.0; Win64; x64) AppleWebKit/537.36 (KHTML, like Gecko) Chrome/108.0.0.0 Safari/537.36"
143.198.45.156 - - [09/Nov/2025:11:01:43 +0800] "GET /systembc/password.php HTTP/1.1" 404 47 "-" "Mozilla/5.0 (Windows NT 10.0; Win64; x64) AppleWebKit/537.36 (KHTML, like Gecko) Chrome/108.0.0.0 Safari/537.36"
143.198.45.156 - - [09/Nov/2025:11:01:44 +0800] "GET /password.php HTTP/1.1" 404 47 "-" "Mozilla/5.0 (Windows NT 10.0; Win64; x64) AppleWebKit/537.36 (KHTML, like Gecko) Chrome/108.0.0.0 Safari/537.36"
205.169.39.57 - - [09/Nov/2025:11:12:20 +0800] "GET / HTTP/1.1" 200 33931 "-" "Mozilla/5.0 (Windows NT 10.0; Win64; x64) AppleWebKit/537.36 (KHTML, like Gecko) Chrome/117.0.5938.132 Safari/537.36"
205.169.39.57 - - [09/Nov/2025:11:12:21 +0800] "GET /wp-content/uploads/2025/07/1751425283-qizhou.kf_.qq_.com_.webp HTTP/1.1" 200 16864 "http://cqqizhou.com/" "Mozilla/5.0 (Windows NT 10.0; Win64; x64) AppleWebKit/537.36 (KHTML, like Gecko) Chrome/117.0.5938.132 Safari/537.36"
205.169.39.57 - - [09/Nov/2025:11:12:23 +0800] "GET /wp-content/uploads/2025/07/1750174127-Marketing1920x800_3.webp HTTP/1.1" 200 52790 "http://cqqizhou.com/wp-content/uploads/elementor/css/post-1666.css?ver=1756373176" "Mozilla/5.0 (Windows NT 10.0; Win64; x64) AppleWebKit/537.36 (KHTML, like Gecko) Chrome/117.0.5938.132 Safari/537.36"
205.169.39.57 - - [09/Nov/2025:11:12:24 +0800] "GET /wp-content/uploads/2025/07/1753456723-%E5%8F%8C%E7%9B%B8%E9%92%A2roduct_Single600.webp HTTP/1.1" 200 22790 "http://cqqizhou.com/" "Mozilla/5.0 (Windows NT 10.0; Win64; x64) AppleWebKit/537.36 (KHTML, like Gecko) Chrome/117.0.5938.132 Safari/537.36"
205.169.39.57 - - [09/Nov/2025:11:12:24 +0800] "GET /wp-content/uploads/2025/07/1753453127-%E4%BD%99%E5%8D%B7product_Single600%C3%97284.webp HTTP/1.1" 200 18744 "http://cqqizhou.com/" "Mozilla/5.0 (Windows NT 10.0; Win64; x64) AppleWebKit/537.36 (KHTML, like Gecko) Chrome/117.0.5938.132 Safari/537.36"
205.169.39.57 - - [09/Nov/2025:11:12:24 +0800] "GET /wp-content/uploads/2025/07/1753453096-%E5%8F%8C%E7%9B%B8%E9%92%A2product_Single600%C3%97284.webp HTTP/1.1" 200 14562 "http://cqqizhou.com/" "Mozilla/5.0 (Windows NT 10.0; Win64; x64) AppleWebKit/537.36 (KHTML, like Gecko) Chrome/117.0.5938.132 Safari/537.36"
205.169.39.57 - - [09/Nov/2025:11:12:24 +0800] "GET /wp-content/uploads/2025/07/1753456770-%E7%83%AD%E9%95%80%E9%94%8C%E5%8D%B7product_Single600.webp HTTP/1.1" 200 27502 "http://cqqizhou.com/" "Mozilla/5.0 (Windows NT 10.0; Win64; x64) AppleWebKit/537.36 (KHTML, like Gecko) Chrome/117.0.5938.132 Safari/537.36"
205.169.39.57 - - [09/Nov/2025:11:12:25 +0800] "GET /wp-content/uploads/2025/07/1753454089-Article_images_W900px.webp HTTP/1.1" 200 27552 "http://cqqizhou.com/" "Mozilla/5.0 (Windows NT 10.0; Win64; x64) AppleWebKit/537.36 (KHTML, like Gecko) Chrome/117.0.5938.132 Safari/537.36"
205.169.39.57 - - [09/Nov/2025:11:12:25 +0800] "GET /wp-content/uploads/2025/07/1753454299-Article_images_W900px.webp HTTP/1.1" 200 52418 "http://cqqizhou.com/" "Mozilla/5.0 (Windows NT 10.0; Win64; x64) AppleWebKit/537.36 (KHTML, like Gecko) Chrome/117.0.5938.132 Safari/537.36"
205.169.39.57 - - [09/Nov/2025:11:12:26 +0800] "GET /wp-content/uploads/revslider/slider-1/1750929639-yuanjing_Slider_3840%C3%972160_20250626171955-scaled.webp HTTP/1.1" 200 203290 "http://cqqizhou.com/" "Mozilla/5.0 (Windows NT 10.0; Win64; x64) AppleWebKit/537.36 (KHTML, like Gecko) Chrome/117.0.5938.132 Safari/537.36"
205.169.39.57 - - [09/Nov/2025:11:12:26 +0800] "GET /wp-content/uploads/revslider/slider-1/1750861156-logistics_Slider_3840%C3%972160_20250625191356-scaled-50x100.webp HTTP/1.1" 200 1416 "http://cqqizhou.com/" "Mozilla/5.0 (Windows NT 10.0; Win64; x64) AppleWebKit/537.36 (KHTML, like Gecko) Chrome/117.0.5938.132 Safari/537.36"
205.169.39.57 - - [09/Nov/2025:11:12:26 +0800] "GET /wp-content/uploads/2025/07/1753587901-Slider_3840%C3%972160_20250727-scaled-50x100.webp HTTP/1.1" 200 1660 "http://cqqizhou.com/" "Mozilla/5.0 (Windows NT 10.0; Win64; x64) AppleWebKit/537.36 (KHTML, like Gecko) Chrome/117.0.5938.132 Safari/537.36"
205.169.39.57 - - [09/Nov/2025:11:12:27 +0800] "GET /wp-content/uploads/2025/07/1753587901-Slider_3840%C3%972160_20250727-scaled-50x100.webp HTTP/1.1" 200 1660 "http://cqqizhou.com/" "Mozilla/5.0 (Windows NT 10.0; Win64; x64) AppleWebKit/537.36 (KHTML, like Gecko) Chrome/117.0.5938.132 Safari/537.36"
205.169.39.57 - - [09/Nov/2025:11:12:27 +0800] "GET /wp-content/uploads/revslider/slider-1/1750861156-logistics_Slider_3840%C3%972160_20250625191356-scaled-50x100.webp HTTP/1.1" 200 1416 "http://cqqizhou.com/" "Mozilla/5.0 (Windows NT 10.0; Win64; x64) AppleWebKit/537.36 (KHTML, like Gecko) Chrome/117.0.5938.132 Safari/537.36"
36.133.115.36 - - [09/Nov/2025:11:12:27 +0800] "POST /wp-cron.php?doing_wp_cron=1762657947.7137908935546875000000 HTTP/1.1" 200 31 "-" "WordPress/6.8.2; http://cqqizhou.com"
205.169.39.57 - - [09/Nov/2025:11:12:27 +0800] "GET /wp-json/sliderrevolution/sliders/1?srengine=7&slideid=2 HTTP/1.1" 200 2058 "http://cqqizhou.com/" "Mozilla/5.0 (Windows NT 10.0; Win64; x64) AppleWebKit/537.36 (KHTML, like Gecko) Chrome/117.0.5938.132 Safari/537.36"
205.169.39.57 - - [09/Nov/2025:11:12:27 +0800] "GET /wp-json/sliderrevolution/sliders/1?srengine=7&slideid=3 HTTP/1.1" 200 2292 "http://cqqizhou.com/" "Mozilla/5.0 (Windows NT 10.0; Win64; x64) AppleWebKit/537.36 (KHTML, like Gecko) Chrome/117.0.5938.132 Safari/537.36"
205.169.39.57 - - [09/Nov/2025:11:12:28 +0800] "GET /wp-content/uploads/revslider/slider-1/1750861156-logistics_Slider_3840%C3%972160_20250625191356-scaled.webp HTTP/1.1" 200 197360 "http://cqqizhou.com/" "Mozilla/5.0 (Windows NT 10.0; Win64; x64) AppleWebKit/537.36 (KHTML, like Gecko) Chrome/117.0.5938.132 Safari/537.36"
205.169.39.57 - - [09/Nov/2025:11:12:28 +0800] "GET /wp-content/uploads/2025/07/1753587901-Slider_3840%C3%972160_20250727-scaled.webp HTTP/1.1" 200 141034 "http://cqqizhou.com/" "Mozilla/5.0 (Windows NT 10.0; Win64; x64) AppleWebKit/537.36 (KHTML, like Gecko) Chrome/117.0.5938.132 Safari/537.36"
205.169.39.57 - - [09/Nov/2025:11:12:36 +0800] "GET /wp-content/uploads/revslider/slider-1/1750929639-yuanjing_Slider_3840%C3%972160_20250626171955-scaled-50x100.webp HTTP/1.1" 200 1784 "http://cqqizhou.com/" "Mozilla/5.0 (X11; Linux x86_64) AppleWebKit/537.36 (KHTML, like Gecko) HeadlessChrome/127.0.6533.119 Safari/537.36"
36.133.115.36 - - [09/Nov/2025:11:16:45 +0800] "POST /wp-cron.php?doing_wp_cron=1762658205.7472629547119140625000 HTTP/1.1" 200 31 "-" "WordPress/6.8.2; http://cqqizhou.com"
94.74.182.142 - - [09/Nov/2025:11:16:47 +0800] "GET / HTTP/1.1" 200 151919 "-" "-"
36.133.115.36 - - [09/Nov/2025:11:59:09 +0800] "POST /wp-cron.php?doing_wp_cron=1762660749.1307740211486816406250 HTTP/1.1" 200 31 "-" "WordPress/6.8.2; http://cqqizhou.com"
110.166.71.39 - - [09/Nov/2025:11:59:09 +0800] "GET / HTTP/1.1" 301 5 "-" "Mozilla/5.0 (iPhone; CPU iPhone OS 13_2_3 like Mac OS X) AppleWebKit/605.1.15 (KHTML, like Gecko) Version/13.0.3 Mobile/15E148 Safari/604.1"
36.133.115.36 - - [09/Nov/2025:12:03:33 +0800] "POST /wp-cron.php?doing_wp_cron=1762661013.5763649940490722656250 HTTP/1.1" 200 31 "-" "WordPress/6.8.2; http://cqqizhou.com"
91.232.238.112 - - [09/Nov/2025:12:03:33 +0800] "GET / HTTP/1.0" 301 0 "-" "ivre-masscan/1.3 https://github.com/robertdavidgraham/"
158.173.156.224 - - [09/Nov/2025:12:04:21 +0800] "GET / HTTP/1.0" 200 153652 "http://cqqizhou.com/" "Mozilla/5.0 (Windows NT 10.0; Win64; x64) AppleWebKit/537.36 (KHTML, like Gecko) Chrome/129.0.0.0 Safari/537.36"
158.173.156.224 - - [09/Nov/2025:12:04:22 +0800] "GET /contacts/ HTTP/1.0" 200 76104 "http://cqqizhou.com/contacts/" "Mozilla/5.0 (Windows NT 10.0; Win64; x64) AppleWebKit/537.36 (KHTML, like Gecko) Chrome/129.0.0.0 Safari/537.36"
36.133.115.36 - - [09/Nov/2025:12:04:26 +0800] "POST /wp-cron.php?doing_wp_cron=1762661066.3384308815002441406250 HTTP/1.1" 200 31 "-" "WordPress/6.8.2; http://cqqizhou.com"
158.173.156.224 - - [09/Nov/2025:12:04:28 +0800] "POST /contacts/ HTTP/1.0" 200 69479 "http://cqqizhou.com/contacts/" "Mozilla/5.0 (Windows NT 10.0; Win64; x64) AppleWebKit/537.36 (KHTML, like Gecko) Chrome/129.0.0.0 Safari/537.36"
36.133.115.36 - - [09/Nov/2025:12:07:52 +0800] "POST /wp-cron.php?doing_wp_cron=1762661272.6757190227508544921875 HTTP/1.1" 200 31 "-" "WordPress/6.8.2; http://cqqizhou.com"
178.20.42.24 - - [09/Nov/2025:12:07:52 +0800] "GET /wp-login.php?action=register HTTP/1.1" 302 5 "-" "Mozilla/4.0 (compatible; MSIE 6.0; Windows NT 5.1; SV1)"
178.20.42.24 - - [09/Nov/2025:12:07:53 +0800] "GET /wp-login.php?registration=disabled HTTP/1.1" 200 2870 "-" "Mozilla/4.0 (compatible; MSIE 6.0; Windows NT 5.1; SV1)"
36.133.115.36 - - [09/Nov/2025:12:27:12 +0800] "POST /wp-cron.php?doing_wp_cron=1762662432.2885670661926269531250 HTTP/1.1" 200 31 "-" "WordPress/6.8.2; http://cqqizhou.com"
43.166.247.155 - - [09/Nov/2025:12:27:12 +0800] "GET / HTTP/1.1" 200 33466 "-" "Mozilla/5.0 (iPhone; CPU iPhone OS 13_2_3 like Mac OS X) AppleWebKit/605.1.15 (KHTML, like Gecko) Version/13.0.3 Mobile/15E148 Safari/604.1"
36.133.115.36 - - [09/Nov/2025:12:34:50 +0800] "POST /wp-cron.php?doing_wp_cron=1762662890.7358040809631347656250 HTTP/1.1" 200 31 "-" "WordPress/6.8.2; http://cqqizhou.com"
213.209.143.66 - - [09/Nov/2025:12:34:51 +0800] "GET / HTTP/1.1" 200 33467 "-" "Mozilla/5.0 (Windows NT 10.0; Win64; x64) AppleWebKit/537.36 (KHTML, like Gecko) Chrome/90.0.4430.85 Safari/537.36 Edg/90.0.818.46"
36.133.115.36 - - [09/Nov/2025:12:42:16 +0800] "POST /wp-cron.php?doing_wp_cron=1762663336.6824839115142822265625 HTTP/1.1" 200 31 "-" "WordPress/6.8.2; http://cqqizhou.com"
170.106.152.218 - - [09/Nov/2025:12:42:16 +0800] "GET /wp-content/uploads/2025/07/1753453127- HTTP/1.1" 404 8989 "-" "Mozilla/5.0 (iPhone; CPU iPhone OS 13_2_3 like Mac OS X) AppleWebKit/605.1.15 (KHTML, like Gecko) Version/13.0.3 Mobile/15E148 Safari/604.1"
36.133.115.36 - - [09/Nov/2025:12:50:39 +0800] "POST /wp-cron.php?doing_wp_cron=1762663839.0236270427703857421875 HTTP/1.1" 200 31 "-" "WordPress/6.8.2; http://cqqizhou.com"
43.163.206.70 - - [09/Nov/2025:12:50:39 +0800] "GET / HTTP/1.1" 200 33467 "-" "Mozilla/5.0 (iPhone; CPU iPhone OS 13_2_3 like Mac OS X) AppleWebKit/605.1.15 (KHTML, like Gecko) Version/13.0.3 Mobile/15E148 Safari/604.1"
36.133.115.36 - - [09/Nov/2025:12:56:41 +0800] "POST /wp-cron.php?doing_wp_cron=1762664201.0027089118957519531250 HTTP/1.1" 200 31 "-" "WordPress/6.8.2; http://cqqizhou.com"
216.73.216.85 - - [09/Nov/2025:12:56:41 +0800] "GET /robots.txt HTTP/1.1" 200 390 "-" "Mozilla/5.0 AppleWebKit/537.36 (KHTML, like Gecko; compatible; ClaudeBot/1.0; +claudebot@anthropic.com)"
216.73.216.85 - - [09/Nov/2025:12:56:41 +0800] "GET /wp-sitemap.xml HTTP/1.1" 501 253 "-" "Mozilla/5.0 AppleWebKit/537.36 (KHTML, like Gecko; compatible; ClaudeBot/1.0; +claudebot@anthropic.com)"
36.133.115.36 - - [09/Nov/2025:13:01:25 +0800] "POST /wp-cron.php?doing_wp_cron=1762664485.7781879901885986328125 HTTP/1.1" 200 31 "-" "WordPress/6.8.2; http://cqqizhou.com"
43.166.1.243 - - [09/Nov/2025:13:01:26 +0800] "GET / HTTP/1.1" 200 33467 "-" "Mozilla/5.0 (iPhone; CPU iPhone OS 13_2_3 like Mac OS X) AppleWebKit/605.1.15 (KHTML, like Gecko) Version/13.0.3 Mobile/15E148 Safari/604.1"
36.133.115.36 - - [09/Nov/2025:13:10:37 +0800] "POST /wp-cron.php?doing_wp_cron=1762665037.0179541110992431640625 HTTP/1.1" 200 31 "-" "WordPress/6.8.2; http://cqqizhou.com"
43.156.228.27 - - [09/Nov/2025:13:10:37 +0800] "GET / HTTP/1.1" 200 33467 "-" "Mozilla/5.0 (iPhone; CPU iPhone OS 13_2_3 like Mac OS X) AppleWebKit/605.1.15 (KHTML, like Gecko) Version/13.0.3 Mobile/15E148 Safari/604.1"
36.133.115.36 - - [09/Nov/2025:13:23:17 +0800] "POST /wp-cron.php?doing_wp_cron=1762665797.5608170032501220703125 HTTP/1.1" 200 31 "-" "WordPress/6.8.2; http://cqqizhou.com"
