File: /home/logs/cqqizhou_access_2025-10-02.log
36.133.115.36 - - [02/Oct/2025:00:06:01 +0800] "POST /wp-cron.php?doing_wp_cron=1759334761.4454779624938964843750 HTTP/1.1" 200 31 "-" "WordPress/6.8.2; http://cqqizhou.com"
41.35.151.226 - - [02/Oct/2025:00:06:02 +0800] "GET / HTTP/1.1" 200 151919 "-" "Mozilla/5.0 (Windows NT 6.1; WOW64) AppleWebKit/537.36 (KHTML, like Gecko) Chrome/52.0.2743.116 Safari/537.36"
162.14.210.15 - - [02/Oct/2025:00:06:35 +0800] "GET / HTTP/1.1" 301 5 "-" "Mozilla/5.0 (iPhone; CPU iPhone OS 13_2_3 like Mac OS X) AppleWebKit/605.1.15 (KHTML, like Gecko) Version/13.0.3 Mobile/15E148 Safari/604.1"
162.14.210.15 - - [02/Oct/2025:00:06:36 +0800] "GET / HTTP/1.1" 200 33466 "http://www.cqqizhou.com" "Mozilla/5.0 (iPhone; CPU iPhone OS 13_2_3 like Mac OS X) AppleWebKit/605.1.15 (KHTML, like Gecko) Version/13.0.3 Mobile/15E148 Safari/604.1"
36.133.115.36 - - [02/Oct/2025:00:08:28 +0800] "POST /wp-cron.php?doing_wp_cron=1759334908.1289288997650146484375 HTTP/1.1" 200 31 "-" "WordPress/6.8.2; http://cqqizhou.com"
43.156.156.96 - - [02/Oct/2025:00:08:28 +0800] "GET / HTTP/1.1" 200 33466 "-" "Mozilla/5.0 (iPhone; CPU iPhone OS 13_2_3 like Mac OS X) AppleWebKit/605.1.15 (KHTML, like Gecko) Version/13.0.3 Mobile/15E148 Safari/604.1"
36.133.115.36 - - [02/Oct/2025:00:14:05 +0800] "POST /wp-cron.php?doing_wp_cron=1759335245.6630780696868896484375 HTTP/1.1" 200 31 "-" "WordPress/6.8.2; http://cqqizhou.com"
170.106.82.209 - - [02/Oct/2025:00:14:05 +0800] "GET / HTTP/1.1" 200 33466 "-" "Mozilla/5.0 (iPhone; CPU iPhone OS 13_2_3 like Mac OS X) AppleWebKit/605.1.15 (KHTML, like Gecko) Version/13.0.3 Mobile/15E148 Safari/604.1"
43.166.253.94 - - [02/Oct/2025:00:22:50 +0800] "GET /material.html HTTP/1.1" 200 6459 "-" "Mozilla/5.0 (iPhone; CPU iPhone OS 13_2_3 like Mac OS X) AppleWebKit/605.1.15 (KHTML, like Gecko) Version/13.0.3 Mobile/15E148 Safari/604.1"
36.133.115.36 - - [02/Oct/2025:00:30:34 +0800] "POST /wp-cron.php?doing_wp_cron=1759336234.2555139064788818359375 HTTP/1.1" 200 31 "-" "WordPress/6.8.2; http://cqqizhou.com"
87.120.191.70 - - [02/Oct/2025:00:30:34 +0800] "GET / HTTP/1.1" 200 33466 "-" "Mozilla/5.0 (Windows NT 10.0; Win64; x64) AppleWebKit/537.36 (KHTML, like Gecko) Chrome/90.0.4430.85 Safari/537.36 Edg/90.0.818.46"
50.7.252.138 - - [02/Oct/2025:00:30:41 +0800] "GET /html/ie.html HTTP/1.1" 404 8989 "-" "Mozilla/5.0 (Windows NT 10.0; Win64; x64) AppleWebKit/537.36 (KHTML, like Gecko) Chrome/137.0.0.0 Safari/537.36"
50.7.252.138 - - [02/Oct/2025:00:30:41 +0800] "GET /' HTTP/1.1" 301 5 "-" "Mozilla/5.0 (Windows NT 10.0; Win64; x64) AppleWebKit/537.36 (KHTML, like Gecko) Chrome/137.0.0.0 Safari/537.36"
50.7.252.138 - - [02/Oct/2025:00:30:42 +0800] "GET / HTTP/1.1" 301 5 "http://36.133.115.36/'" "Mozilla/5.0 (Windows NT 10.0; Win64; x64) AppleWebKit/537.36 (KHTML, like Gecko) Chrome/137.0.0.0 Safari/537.36"
50.7.252.138 - - [02/Oct/2025:00:30:43 +0800] "GET / HTTP/1.1" 200 39369 "http://36.133.115.36/" "Mozilla/5.0 (Windows NT 10.0; Win64; x64) AppleWebKit/537.36 (KHTML, like Gecko) Chrome/137.0.0.0 Safari/537.36"
36.133.115.36 - - [02/Oct/2025:00:32:23 +0800] "POST /wp-cron.php?doing_wp_cron=1759336343.6379139423370361328125 HTTP/1.1" 200 31 "-" "WordPress/6.8.2; http://cqqizhou.com"
45.142.195.99 - - [02/Oct/2025:00:32:23 +0800] "GET / HTTP/1.1" 200 33466 "-" "Mozilla/5.0 (Windows NT 10.0; Win64; x64) AppleWebKit/537.36 (KHTML, like Gecko) Chrome/90.0.4430.85 Safari/537.36 Edg/90.0.818.46"
170.106.143.6 - - [02/Oct/2025:00:32:28 +0800] "GET /wp-json/oembed/1.0/embed?url=http%3A%2F%2Fcqqizhou.com%2F HTTP/1.1" 200 1095 "-" "Mozilla/5.0 (iPhone; CPU iPhone OS 13_2_3 like Mac OS X) AppleWebKit/605.1.15 (KHTML, like Gecko) Version/13.0.3 Mobile/15E148 Safari/604.1"
36.133.115.36 - - [02/Oct/2025:00:34:10 +0800] "POST /wp-cron.php?doing_wp_cron=1759336450.3652460575103759765625 HTTP/1.1" 200 31 "-" "WordPress/6.8.2; http://cqqizhou.com"
37.60.141.156 - - [02/Oct/2025:00:34:11 +0800] "GET / HTTP/1.1" 200 151919 "-" "Mozilla/5.0 (Windows NT 10.0; Win64; x64) AppleWebKit/537.36 (KHTML, like Gecko) Chrome/42.0.2311.135 Safari/537.36 Edge/12.246"
36.133.115.36 - - [02/Oct/2025:00:47:44 +0800] "POST /wp-cron.php?doing_wp_cron=1759337264.1837649345397949218750 HTTP/1.1" 200 31 "-" "WordPress/6.8.2; http://cqqizhou.com"
87.120.191.6 - - [02/Oct/2025:00:47:44 +0800] "GET / HTTP/1.1" 200 33466 "-" "Mozilla/5.0 (Windows NT 10.0; Win64; x64) AppleWebKit/537.36 (KHTML, like Gecko) Chrome/90.0.4430.85 Safari/537.36 Edg/90.0.818.46"
36.133.115.36 - - [02/Oct/2025:01:13:47 +0800] "POST /wp-cron.php?doing_wp_cron=1759338827.1073551177978515625000 HTTP/1.1" 200 31 "-" "WordPress/6.8.2; http://cqqizhou.com"
175.155.191.104 - - [02/Oct/2025:01:13:47 +0800] "GET /data/mysqli_error_trace.inc HTTP/1.1" 404 8990 "http://cqqizhou.com/data/mysqli_error_trace.inc" "Mozilla/4.0 (compatible; MSIE 7.0; Windows NT 6.1; WOW64; Trident/7.0; SLCC2; .NET CLR 2.0.50727; .NET CLR 3.5.30729; .NET CLR 3.0.30729; Media Center PC 6.0; .NET4.0C; .NET4.0E)"
36.133.115.36 - - [02/Oct/2025:01:34:01 +0800] "POST /wp-cron.php?doing_wp_cron=1759340041.4453508853912353515625 HTTP/1.1" 200 31 "-" "WordPress/6.8.2; http://cqqizhou.com"
87.120.191.70 - - [02/Oct/2025:01:34:01 +0800] "GET / HTTP/1.1" 200 33466 "-" "Mozilla/5.0 (Windows NT 10.0; Win64; x64) AppleWebKit/537.36 (KHTML, like Gecko) Chrome/90.0.4430.85 Safari/537.36 Edg/90.0.818.46"
36.133.115.36 - - [02/Oct/2025:01:41:40 +0800] "POST /wp-cron.php?doing_wp_cron=1759340500.6867659091949462890625 HTTP/1.1" 200 31 "-" "WordPress/6.8.2; http://cqqizhou.com"
45.142.195.99 - - [02/Oct/2025:01:41:40 +0800] "GET / HTTP/1.1" 200 33466 "-" "Mozilla/5.0 (Windows NT 10.0; Win64; x64) AppleWebKit/537.36 (KHTML, like Gecko) Chrome/90.0.4430.85 Safari/537.36 Edg/90.0.818.46"
36.133.115.36 - - [02/Oct/2025:01:42:03 +0800] "POST /wp-cron.php?doing_wp_cron=1759340523.8439369201660156250000 HTTP/1.1" 200 31 "-" "WordPress/6.8.2; http://cqqizhou.com"
115.159.33.43 - - [02/Oct/2025:01:42:03 +0800] "GET / HTTP/1.1" 301 5 "-" "Mozilla/5.0 (Windows NT 10.0; Win64; x64) AppleWebKit/537.36 (KHTML, like Gecko) Chrome/79.0.3945.117 Safari/537.36"
42.236.101.209 - - [02/Oct/2025:01:53:11 +0800] "GET / HTTP/1.1" 200 39369 "http://cqqizhou.com" "Mozilla/5.0 (Windows NT 10.0; Win64; x64) AppleWebKit/537.36 (KHTML, like Gecko) Chrome/140.0.0.0 Safari/537.36 Edg/140.0.0.0; 360Spider"
36.133.115.36 - - [02/Oct/2025:01:58:34 +0800] "POST /wp-cron.php?doing_wp_cron=1759341514.7036910057067871093750 HTTP/1.1" 200 31 "-" "WordPress/6.8.2; http://cqqizhou.com"
195.178.110.109 - - [02/Oct/2025:01:58:34 +0800] "GET / HTTP/1.1" 301 5 "-" "l9tcpid/v1.1.0"
36.133.115.36 - - [02/Oct/2025:02:10:44 +0800] "POST /wp-cron.php?doing_wp_cron=1759342244.1888499259948730468750 HTTP/1.1" 200 31 "-" "WordPress/6.8.2; http://cqqizhou.com"
195.178.110.15 - - [02/Oct/2025:02:10:44 +0800] "GET / HTTP/1.1" 301 5 "-" "l9tcpid/v1.1.0"
36.133.115.36 - - [02/Oct/2025:02:10:53 +0800] "POST /wp-cron.php?doing_wp_cron=1759342253.8188650608062744140625 HTTP/1.1" 200 31 "-" "WordPress/6.8.2; http://cqqizhou.com"
47.82.11.114 - - [02/Oct/2025:02:10:53 +0800] "GET /wp-content/plugins/elementor/assets/lib/swiper/v8/swiper-bundle.min.js.map HTTP/1.1" 404 8989 "-" "Mozilla/5.0 (Windows NT 10.0; Win64; x64) AppleWebKit/537.36 (KHTML, like Gecko) Chrome/135.0.0.0 Safari/537.36"
36.133.115.36 - - [02/Oct/2025:02:17:11 +0800] "POST /wp-cron.php?doing_wp_cron=1759342631.1401500701904296875000 HTTP/1.1" 200 31 "-" "WordPress/6.8.2; http://cqqizhou.com"
87.120.191.6 - - [02/Oct/2025:02:17:11 +0800] "GET / HTTP/1.1" 200 33466 "-" "Mozilla/5.0 (Windows NT 10.0; Win64; x64) AppleWebKit/537.36 (KHTML, like Gecko) Chrome/90.0.4430.85 Safari/537.36 Edg/90.0.818.46"
36.133.115.36 - - [02/Oct/2025:02:30:52 +0800] "POST /wp-cron.php?doing_wp_cron=1759343452.2727420330047607421875 HTTP/1.1" 200 31 "-" "WordPress/6.8.2; http://cqqizhou.com"
37.60.141.156 - - [02/Oct/2025:02:30:53 +0800] "GET / HTTP/1.1" 200 151919 "-" "Mozilla/5.0 (Windows NT 10.0; Win64; x64) AppleWebKit/537.36 (KHTML, like Gecko) Chrome/42.0.2311.135 Safari/537.36 Edge/12.246"
220.181.108.167 - - [02/Oct/2025:02:38:50 +0800] "GET /portfolio-tag/%E9%9E%8D%E9%92%A2%E8%92%82%E6%A3%AE/ HTTP/1.1" 200 22644 "-" "Mozilla/5.0 (compatible; Baiduspider/2.0; +http://www.baidu.com/search/spider.html)"
36.133.115.36 - - [02/Oct/2025:02:39:31 +0800] "POST /wp-cron.php?doing_wp_cron=1759343971.5720388889312744140625 HTTP/1.1" 200 31 "-" "WordPress/6.8.2; http://cqqizhou.com"
87.120.191.70 - - [02/Oct/2025:02:39:31 +0800] "GET / HTTP/1.1" 200 33466 "-" "Mozilla/5.0 (Windows NT 10.0; Win64; x64) AppleWebKit/537.36 (KHTML, like Gecko) Chrome/90.0.4430.85 Safari/537.36 Edg/90.0.818.46"
36.133.115.36 - - [02/Oct/2025:02:40:44 +0800] "POST /wp-cron.php?doing_wp_cron=1759344044.6525950431823730468750 HTTP/1.1" 200 31 "-" "WordPress/6.8.2; http://cqqizhou.com"
43.130.57.46 - - [02/Oct/2025:02:40:44 +0800] "GET / HTTP/1.1" 301 5 "-" "Mozilla/5.0 (iPhone; CPU iPhone OS 13_2_3 like Mac OS X) AppleWebKit/605.1.15 (KHTML, like Gecko) Version/13.0.3 Mobile/15E148 Safari/604.1"
36.133.115.36 - - [02/Oct/2025:02:40:46 +0800] "POST /wp-cron.php?doing_wp_cron=1759344046.8888700008392333984375 HTTP/1.1" 200 31 "-" "WordPress/6.8.2; http://cqqizhou.com"
43.130.57.46 - - [02/Oct/2025:02:40:47 +0800] "GET / HTTP/1.1" 200 33466 "http://36.133.115.36" "Mozilla/5.0 (iPhone; CPU iPhone OS 13_2_3 like Mac OS X) AppleWebKit/605.1.15 (KHTML, like Gecko) Version/13.0.3 Mobile/15E148 Safari/604.1"
51.91.190.39 - - [02/Oct/2025:02:52:10 +0800] "GET /admin/config.php HTTP/1.0" 404 16 "-" "xfa1"
36.133.115.36 - - [02/Oct/2025:02:53:41 +0800] "POST /wp-cron.php?doing_wp_cron=1759344821.1748371124267578125000 HTTP/1.1" 200 31 "-" "WordPress/6.8.2; http://cqqizhou.com"
45.142.195.99 - - [02/Oct/2025:02:53:41 +0800] "GET / HTTP/1.1" 200 33466 "-" "Mozilla/5.0 (Windows NT 10.0; Win64; x64) AppleWebKit/537.36 (KHTML, like Gecko) Chrome/90.0.4430.85 Safari/537.36 Edg/90.0.818.46"
47.82.11.187 - - [02/Oct/2025:03:02:15 +0800] "GET /wp-content/plugins/wp-rocket/assets/js/wpr-beacon.min.js.map HTTP/1.1" 200 83050 "-" "Mozilla/5.0 (Windows NT 10.0; Win64; x64) AppleWebKit/537.36 (KHTML, like Gecko) Chrome/135.0.0.0 Safari/537.36"
44.243.226.224 - - [02/Oct/2025:03:15:28 +0800] "OPTIONS / HTTP/1.1" 405 552 "-" "Mozilla/5.0 (Macintosh; Intel Mac OS X 10_11_5) AppleWebKit/537.36 (KHTML, like Gecko) Chrome/50.0.2661.102 Safari/537.36"
36.133.115.36 - - [02/Oct/2025:03:20:24 +0800] "POST /wp-cron.php?doing_wp_cron=1759346424.5286331176757812500000 HTTP/1.1" 200 31 "-" "WordPress/6.8.2; http://cqqizhou.com"
37.60.141.156 - - [02/Oct/2025:03:20:24 +0800] "GET /cgi-bin/luci/;stok=/locale HTTP/1.1" 301 5 "-" "-"
36.133.115.36 - - [02/Oct/2025:03:33:49 +0800] "POST /wp-cron.php?doing_wp_cron=1759347229.3714671134948730468750 HTTP/1.1" 200 31 "-" "WordPress/6.8.2; http://cqqizhou.com"
36.133.108.121 - - [02/Oct/2025:03:33:49 +0800] "HEAD /cgi-bin/login.cgi HTTP/1.1" 404 0 "-" "Mozilla/5.0 (compatible; MSIE 9.0; Windows NT 6.1; Trident/5.0; FunWebProducts)"
36.133.115.36 - - [02/Oct/2025:03:40:40 +0800] "POST /wp-cron.php?doing_wp_cron=1759347640.7728440761566162109375 HTTP/1.1" 200 31 "-" "WordPress/6.8.2; http://cqqizhou.com"
87.120.191.6 - - [02/Oct/2025:03:40:41 +0800] "GET / HTTP/1.1" 200 33466 "-" "Mozilla/5.0 (Windows NT 10.0; Win64; x64) AppleWebKit/537.36 (KHTML, like Gecko) Chrome/90.0.4430.85 Safari/537.36 Edg/90.0.818.46"
36.133.115.36 - - [02/Oct/2025:03:43:33 +0800] "POST /wp-cron.php?doing_wp_cron=1759347812.9918670654296875000000 HTTP/1.1" 200 31 "-" "WordPress/6.8.2; http://cqqizhou.com"
87.120.191.70 - - [02/Oct/2025:03:43:33 +0800] "GET / HTTP/1.1" 200 33467 "-" "Mozilla/5.0 (Windows NT 10.0; Win64; x64) AppleWebKit/537.36 (KHTML, like Gecko) Chrome/90.0.4430.85 Safari/537.36 Edg/90.0.818.46"
36.133.115.36 - - [02/Oct/2025:03:49:45 +0800] "POST /wp-cron.php?doing_wp_cron=1759348185.6871969699859619140625 HTTP/1.1" 200 31 "-" "WordPress/6.8.2; http://cqqizhou.com"
195.178.110.160 - - [02/Oct/2025:03:49:45 +0800] "GET / HTTP/1.1" 301 5 "-" "l9tcpid/v1.1.0"
93.123.109.214 - - [02/Oct/2025:03:50:29 +0800] "GET / HTTP/1.1" 301 5 "-" "l9tcpid/v1.1.0"
36.133.115.36 - - [02/Oct/2025:03:54:49 +0800] "POST /wp-cron.php?doing_wp_cron=1759348489.8944430351257324218750 HTTP/1.1" 200 31 "-" "WordPress/6.8.2; http://cqqizhou.com"
20.171.207.17 - - [02/Oct/2025:03:54:49 +0800] "GET /wp-sitemap.xml HTTP/1.1" 501 253 "-" "Mozilla/5.0 AppleWebKit/537.36 (KHTML, like Gecko; compatible; GPTBot/1.2; +https://openai.com/gptbot)"
167.99.195.3 - - [02/Oct/2025:03:55:13 +0800] "GET / HTTP/1.1" 200 39369 "-" "Mozilla/5.0 (X11; Linux x86_64; rv:139.0) Gecko/20100101 Firefox/139.0"
36.133.115.36 - - [02/Oct/2025:03:57:46 +0800] "POST /wp-cron.php?doing_wp_cron=1759348666.5585050582885742187500 HTTP/1.1" 200 31 "-" "WordPress/6.8.2; http://cqqizhou.com"
45.142.195.99 - - [02/Oct/2025:03:57:46 +0800] "GET / HTTP/1.1" 200 33467 "-" "Mozilla/5.0 (Windows NT 10.0; Win64; x64) AppleWebKit/537.36 (KHTML, like Gecko) Chrome/90.0.4430.85 Safari/537.36 Edg/90.0.818.46"
185.39.19.43 - - [02/Oct/2025:04:09:05 +0800] "GET / HTTP/1.0" 200 165852 "http://cqqizhou.com/" "Mozilla/5.0 (Windows NT 10.0; Win64; x64) AppleWebKit/537.36 (KHTML, like Gecko) Chrome/131.0.0.0 Safari/537.36 Avast/131.0.0.0"
185.39.19.43 - - [02/Oct/2025:04:09:06 +0800] "GET /contacts/ HTTP/1.0" 200 76104 "http://cqqizhou.com/contacts/" "Mozilla/5.0 (Windows NT 10.0; Win64; x64) AppleWebKit/537.36 (KHTML, like Gecko) Chrome/131.0.0.0 Safari/537.36 Avast/131.0.0.0"
36.133.115.36 - - [02/Oct/2025:04:09:07 +0800] "POST /wp-cron.php?doing_wp_cron=1759349347.7878010272979736328125 HTTP/1.1" 200 31 "-" "WordPress/6.8.2; http://cqqizhou.com"
185.39.19.43 - - [02/Oct/2025:04:09:08 +0800] "POST /contacts/ HTTP/1.0" 200 68868 "http://cqqizhou.com/contacts/" "Mozilla/5.0 (Windows NT 10.0; Win64; x64) AppleWebKit/537.36 (KHTML, like Gecko) Chrome/131.0.0.0 Safari/537.36 Avast/131.0.0.0"
36.133.115.36 - - [02/Oct/2025:04:11:43 +0800] "POST /wp-cron.php?doing_wp_cron=1759349503.4080140590667724609375 HTTP/1.1" 200 31 "-" "WordPress/6.8.2; http://cqqizhou.com"
18.234.36.30 - - [02/Oct/2025:04:11:43 +0800] "GET / HTTP/1.1" 301 5 "-" "Mozilla/5.0 (Windows NT 10.0; Win64; x64) AppleWebKit/537.36 (KHTML, like Gecko) Chrome/136.0.0.0 Safari/537.36"
36.133.115.36 - - [02/Oct/2025:04:42:22 +0800] "POST /wp-cron.php?doing_wp_cron=1759351342.0730419158935546875000 HTTP/1.1" 200 31 "-" "WordPress/6.8.2; http://cqqizhou.com"
37.60.141.156 - - [02/Oct/2025:04:42:22 +0800] "GET / HTTP/1.1" 200 151919 "-" "Mozilla/5.0 (Windows NT 10.0; Win64; x64) AppleWebKit/537.36 (KHTML, like Gecko) Chrome/42.0.2311.135 Safari/537.36 Edge/12.246"
36.133.115.36 - - [02/Oct/2025:04:48:32 +0800] "POST /wp-cron.php?doing_wp_cron=1759351712.8705370426177978515625 HTTP/1.1" 200 31 "-" "WordPress/6.8.2; http://cqqizhou.com"
87.120.191.70 - - [02/Oct/2025:04:48:33 +0800] "GET / HTTP/1.1" 200 33466 "-" "Mozilla/5.0 (Windows NT 10.0; Win64; x64) AppleWebKit/537.36 (KHTML, like Gecko) Chrome/90.0.4430.85 Safari/537.36 Edg/90.0.818.46"
36.133.115.36 - - [02/Oct/2025:04:56:35 +0800] "POST /wp-cron.php?doing_wp_cron=1759352195.9306659698486328125000 HTTP/1.1" 200 31 "-" "WordPress/6.8.2; http://cqqizhou.com"
45.142.195.99 - - [02/Oct/2025:04:56:36 +0800] "GET / HTTP/1.1" 200 33466 "-" "Mozilla/5.0 (Windows NT 10.0; Win64; x64) AppleWebKit/537.36 (KHTML, like Gecko) Chrome/90.0.4430.85 Safari/537.36 Edg/90.0.818.46"
36.133.115.36 - - [02/Oct/2025:05:18:14 +0800] "POST /wp-cron.php?doing_wp_cron=1759353494.0677089691162109375000 HTTP/1.1" 200 31 "-" "WordPress/6.8.2; http://cqqizhou.com"
87.120.191.6 - - [02/Oct/2025:05:18:14 +0800] "GET / HTTP/1.1" 200 33466 "-" "Mozilla/5.0 (Windows NT 10.0; Win64; x64) AppleWebKit/537.36 (KHTML, like Gecko) Chrome/90.0.4430.85 Safari/537.36 Edg/90.0.818.46"
36.133.115.36 - - [02/Oct/2025:05:30:58 +0800] "POST /wp-cron.php?doing_wp_cron=1759354258.4490940570831298828125 HTTP/1.1" 200 31 "-" "WordPress/6.8.2; http://cqqizhou.com"
165.154.206.35 - - [02/Oct/2025:05:30:58 +0800] "GET /version HTTP/1.1" 301 5 "-" "-"
165.154.206.35 - - [02/Oct/2025:05:31:01 +0800] "GET / HTTP/1.1" 200 151919 "-" "-"
165.154.206.35 - - [02/Oct/2025:05:31:05 +0800] "GET / HTTP/1.1" 200 151919 "-" "-"
165.154.206.35 - - [02/Oct/2025:05:31:06 +0800] "GET /v1 HTTP/1.1" 301 5 "-" "-"
165.154.206.35 - - [02/Oct/2025:05:31:10 +0800] "GET / HTTP/1.1" 200 151919 "-" "-"
165.154.206.35 - - [02/Oct/2025:05:31:23 +0800] "GET / HTTP/1.1" 200 151919 "-" "Mozilla/5.0 (Windows NT 6.1) AppleWebKit/537.36 (KHTML, like Gecko) Chrome/49.0.2623.112 Safari/537.36"
37.60.141.156 - - [02/Oct/2025:05:31:43 +0800] "GET /cgi-bin/luci/;stok=/locale HTTP/1.1" 301 5 "-" "-"
37.60.141.156 - - [02/Oct/2025:05:31:44 +0800] "GET /cgi-bin/luci/;stok=/locale HTTP/1.1" 404 31381 "http://36.133.115.36:80/cgi-bin/luci/;stok=/locale" "-"
36.133.115.36 - - [02/Oct/2025:05:44:42 +0800] "POST /wp-cron.php?doing_wp_cron=1759355082.6011700630187988281250 HTTP/1.1" 200 31 "-" "WordPress/6.8.2; http://cqqizhou.com"
164.52.24.179 - - [02/Oct/2025:05:44:42 +0800] "GET / HTTP/1.1" 301 5 "-" "Mozilla/5.0 (Windows NT 10.0; Win64; x64) AppleWebKit/537.36 (KHTML, like Gecko) Chrome/114.0.0.0 Safari/537.36"
36.133.115.36 - - [02/Oct/2025:05:44:46 +0800] "POST /wp-cron.php?doing_wp_cron=1759355086.4137289524078369140625 HTTP/1.1" 200 31 "-" "WordPress/6.8.2; http://cqqizhou.com"
164.52.24.179 - - [02/Oct/2025:05:44:46 +0800] "GET / HTTP/1.1" 301 5 "-" "-"
36.133.115.36 - - [02/Oct/2025:05:46:18 +0800] "POST /wp-cron.php?doing_wp_cron=1759355178.5632801055908203125000 HTTP/1.1" 200 31 "-" "WordPress/6.8.2; http://cqqizhou.com"
52.167.144.167 - - [02/Oct/2025:05:46:18 +0800] "GET /?s=2026 HTTP/1.1" 200 17612 "-" "Mozilla/5.0 AppleWebKit/537.36 (KHTML, like Gecko; compatible; bingbot/2.0; +http://www.bing.com/bingbot.htm) Chrome/116.0.1938.76 Safari/537.36"
36.133.115.36 - - [02/Oct/2025:05:51:08 +0800] "POST /wp-cron.php?doing_wp_cron=1759355468.4052069187164306640625 HTTP/1.1" 200 31 "-" "WordPress/6.8.2; http://cqqizhou.com"
87.120.191.70 - - [02/Oct/2025:05:51:08 +0800] "GET / HTTP/1.1" 200 33466 "-" "Mozilla/5.0 (Windows NT 10.0; Win64; x64) AppleWebKit/537.36 (KHTML, like Gecko) Chrome/90.0.4430.85 Safari/537.36 Edg/90.0.818.46"
36.133.115.36 - - [02/Oct/2025:06:00:01 +0800] "POST /wp-cron.php?doing_wp_cron=1759356001.0070331096649169921875 HTTP/1.1" 200 31 "-" "WordPress/6.8.2; http://cqqizhou.com"
45.142.195.99 - - [02/Oct/2025:06:00:01 +0800] "GET / HTTP/1.1" 200 33466 "-" "Mozilla/5.0 (Windows NT 10.0; Win64; x64) AppleWebKit/537.36 (KHTML, like Gecko) Chrome/90.0.4430.85 Safari/537.36 Edg/90.0.818.46"
36.133.115.36 - - [02/Oct/2025:06:06:30 +0800] "POST /wp-cron.php?doing_wp_cron=1759356390.3069770336151123046875 HTTP/1.1" 200 31 "-" "WordPress/6.8.2; http://cqqizhou.com"
27.28.44.215 - - [02/Oct/2025:06:06:30 +0800] "GET / HTTP/1.1" 301 5 "-" "Mozilla/5.0 (Windows NT 10.6; Win64; x64) AppleWebKit/537.36 (KHTML, like Gecko) Chrome/75.0.1282.88 Safari/537.36"
27.28.44.215 - - [02/Oct/2025:06:06:30 +0800] "GET / HTTP/1.1" 200 39369 "-" "Mozilla/5.0 (Windows NT 10.6; Win64; x64) AppleWebKit/537.36 (KHTML, like Gecko) Chrome/75.0.1282.88 Safari/537.36"
27.28.44.215 - - [02/Oct/2025:06:06:30 +0800] "GET /contacts/ HTTP/1.1" 200 21496 "-" "Mozilla/5.0 (Windows NT 8.1; Win64; x64) AppleWebKit/537.36 (KHTML, like Gecko) Chrome/70.0.2558.88 Safari/537.36"
36.133.115.36 - - [02/Oct/2025:06:14:29 +0800] "POST /wp-cron.php?doing_wp_cron=1759356869.1905930042266845703125 HTTP/1.1" 200 31 "-" "WordPress/6.8.2; http://cqqizhou.com"
37.60.141.156 - - [02/Oct/2025:06:14:29 +0800] "GET / HTTP/1.1" 200 151919 "-" "Mozilla/5.0 (Windows NT 10.0; Win64; x64) AppleWebKit/537.36 (KHTML, like Gecko) Chrome/42.0.2311.135 Safari/537.36 Edge/12.246"
36.133.115.36 - - [02/Oct/2025:06:35:40 +0800] "POST /wp-cron.php?doing_wp_cron=1759358140.4309649467468261718750 HTTP/1.1" 200 31 "-" "WordPress/6.8.2; http://cqqizhou.com"
45.156.129.46 - - [02/Oct/2025:06:35:40 +0800] "GET / HTTP/1.1" 301 5 "-" "Mozilla/5.0 (Windows NT 10.0; Win64; x64) AppleWebKit/537.36 (KHTML, like Gecko) Chrome/60.0.3112.113 Safari/537.36"
45.156.129.46 - - [02/Oct/2025:06:35:41 +0800] "GET / HTTP/1.1" 200 39369 "http://36.133.115.36/" "Mozilla/5.0 (Windows NT 10.0; Win64; x64) AppleWebKit/537.36 (KHTML, like Gecko) Chrome/60.0.3112.113 Safari/537.36"
36.133.115.36 - - [02/Oct/2025:06:41:08 +0800] "POST /wp-cron.php?doing_wp_cron=1759358468.0783619880676269531250 HTTP/1.1" 200 31 "-" "WordPress/6.8.2; http://cqqizhou.com"
87.120.191.6 - - [02/Oct/2025:06:41:08 +0800] "GET / HTTP/1.1" 200 33466 "-" "Mozilla/5.0 (Windows NT 10.0; Win64; x64) AppleWebKit/537.36 (KHTML, like Gecko) Chrome/90.0.4430.85 Safari/537.36 Edg/90.0.818.46"
36.133.115.36 - - [02/Oct/2025:06:42:35 +0800] "POST /wp-cron.php?doing_wp_cron=1759358555.4311270713806152343750 HTTP/1.1" 200 31 "-" "WordPress/6.8.2; http://cqqizhou.com"
180.149.125.169 - - [02/Oct/2025:06:42:35 +0800] "GET / HTTP/1.1" 301 5 "-" "Mozilla/5.0 (Windows NT 5.1; Win64; x64) AppleWebKit/537.36 (KHTML, like Gecko) Chrome/60.0.3112.90 Safari/537.36"
180.149.125.169 - - [02/Oct/2025:06:42:36 +0800] "GET / HTTP/1.1" 200 39369 "http://36.133.115.36/" "Mozilla/5.0 (Windows NT 5.1; Win64; x64) AppleWebKit/537.36 (KHTML, like Gecko) Chrome/60.0.3112.90 Safari/537.36"
36.133.115.36 - - [02/Oct/2025:06:53:50 +0800] "POST /wp-cron.php?doing_wp_cron=1759359230.0222120285034179687500 HTTP/1.1" 200 31 "-" "WordPress/6.8.2; http://cqqizhou.com"
87.120.191.70 - - [02/Oct/2025:06:53:50 +0800] "GET / HTTP/1.1" 200 33466 "-" "Mozilla/5.0 (Windows NT 10.0; Win64; x64) AppleWebKit/537.36 (KHTML, like Gecko) Chrome/90.0.4430.85 Safari/537.36 Edg/90.0.818.46"
36.133.115.36 - - [02/Oct/2025:06:59:51 +0800] "POST /wp-cron.php?doing_wp_cron=1759359591.7067670822143554687500 HTTP/1.1" 200 31 "-" "WordPress/6.8.2; http://cqqizhou.com"
45.142.195.99 - - [02/Oct/2025:06:59:52 +0800] "GET / HTTP/1.1" 200 33466 "-" "Mozilla/5.0 (Windows NT 10.0; Win64; x64) AppleWebKit/537.36 (KHTML, like Gecko) Chrome/90.0.4430.85 Safari/537.36 Edg/90.0.818.46"
36.133.115.36 - - [02/Oct/2025:07:02:05 +0800] "POST /wp-cron.php?doing_wp_cron=1759359725.2544810771942138671875 HTTP/1.1" 200 31 "-" "WordPress/6.8.2; http://cqqizhou.com"
162.243.187.196 - - [02/Oct/2025:07:02:05 +0800] "GET /.env HTTP/1.1" 404 8990 "-" "Mozilla/5.0; Keydrop.io/1.0(onlyscans.com/about);"
162.243.187.196 - - [02/Oct/2025:07:02:06 +0800] "GET /.git/config HTTP/1.1" 404 8990 "-" "Mozilla/5.0; Keydrop.io/1.0(onlyscans.com/about);"
36.133.115.36 - - [02/Oct/2025:07:15:09 +0800] "POST /wp-cron.php?doing_wp_cron=1759360509.9600939750671386718750 HTTP/1.1" 200 31 "-" "WordPress/6.8.2; http://cqqizhou.com"
37.60.141.156 - - [02/Oct/2025:07:15:10 +0800] "GET /cgi-bin/luci/;stok=/locale HTTP/1.1" 301 5 "-" "-"
37.60.141.156 - - [02/Oct/2025:07:15:11 +0800] "GET /cgi-bin/luci/;stok=/locale HTTP/1.1" 404 31381 "http://36.133.115.36:80/cgi-bin/luci/;stok=/locale" "-"
36.133.115.36 - - [02/Oct/2025:07:38:22 +0800] "POST /wp-cron.php?doing_wp_cron=1759361902.1876220703125000000000 HTTP/1.1" 200 31 "-" "WordPress/6.8.2; http://cqqizhou.com"
45.55.185.224 - - [02/Oct/2025:07:38:22 +0800] "GET / HTTP/1.1" 301 5 "-" "Mozilla/5.0 (compatible; InternetMeasurement/1.0; +https://internet-measurement.com/)"
45.55.185.224 - - [02/Oct/2025:07:38:24 +0800] "GET / HTTP/1.1" 200 39369 "http://36.133.115.36" "Mozilla/5.0 (compatible; InternetMeasurement/1.0; +https://internet-measurement.com/)"
36.133.115.36 - - [02/Oct/2025:07:39:17 +0800] "POST /wp-cron.php?doing_wp_cron=1759361957.2877120971679687500000 HTTP/1.1" 200 31 "-" "WordPress/6.8.2; http://cqqizhou.com"
47.237.177.222 - - [02/Oct/2025:07:39:17 +0800] "GET http://passport.baidu.com/ HTTP/1.1" 200 33466 "-" "-"
36.133.115.36 - - [02/Oct/2025:07:50:45 +0800] "POST /wp-cron.php?doing_wp_cron=1759362645.1186609268188476562500 HTTP/1.1" 200 31 "-" "WordPress/6.8.2; http://cqqizhou.com"
36.133.108.121 - - [02/Oct/2025:07:50:45 +0800] "HEAD /developmentserver/metadatauploader HTTP/1.1" 404 0 "-" "Mozilla/5.0 (compatible; MSIE 10.0; Windows NT 6.1; Trident/6.0)"
36.133.115.36 - - [02/Oct/2025:07:52:00 +0800] "POST /wp-cron.php?doing_wp_cron=1759362720.2836780548095703125000 HTTP/1.1" 200 31 "-" "WordPress/6.8.2; http://cqqizhou.com"
87.120.191.70 - - [02/Oct/2025:07:52:00 +0800] "GET / HTTP/1.1" 200 33465 "-" "Mozilla/5.0 (Windows NT 10.0; Win64; x64) AppleWebKit/537.36 (KHTML, like Gecko) Chrome/90.0.4430.85 Safari/537.36 Edg/90.0.818.46"
36.133.115.36 - - [02/Oct/2025:08:01:58 +0800] "POST /wp-cron.php?doing_wp_cron=1759363318.5716180801391601562500 HTTP/1.1" 200 31 "-" "WordPress/6.8.2; http://cqqizhou.com"
65.49.1.52 - - [02/Oct/2025:08:01:58 +0800] "GET / HTTP/1.1" 301 5 "-" "Mozilla/5.0 (Windows NT 6.1; rv:102.0) Gecko/20100101 Goanna/6.6 Firefox/102.0 PaleMoon/33.0.0"
36.133.115.36 - - [02/Oct/2025:08:03:16 +0800] "POST /wp-cron.php?doing_wp_cron=1759363396.5284259319305419921875 HTTP/1.1" 200 31 "-" "WordPress/6.8.2; http://cqqizhou.com"
65.49.1.52 - - [02/Oct/2025:08:03:16 +0800] "GET /webui/ HTTP/1.1" 404 8990 "-" "Mozilla/5.0 (Windows NT 10.0; WOW64) AppleWebKit/537.36 (KHTML, like Gecko) Chrome/94.0.4606.71 Safari/537.36 SE 2.X MetaSr 1.0"
36.133.115.36 - - [02/Oct/2025:08:03:53 +0800] "POST /wp-cron.php?doing_wp_cron=1759363433.6496338844299316406250 HTTP/1.1" 200 31 "-" "WordPress/6.8.2; http://cqqizhou.com"
65.49.1.59 - - [02/Oct/2025:08:03:53 +0800] "GET / HTTP/1.1" 301 5 "-" "Mozilla/5.0 (Windows NT 10.0; WOW64) AppleWebKit/537.36 (KHTML, like Gecko) Chrome/94.0.4606.71 Safari/537.36 SE 2.X MetaSr 1.0"
65.49.1.61 - - [02/Oct/2025:08:03:55 +0800] "GET / HTTP/1.1" 200 39369 "http://36.133.115.36/" "Mozilla/5.0 (Windows NT 10.0; WOW64) AppleWebKit/537.36 (KHTML, like Gecko) Chrome/94.0.4606.71 Safari/537.36 SE 2.X MetaSr 1.0"
36.133.115.36 - - [02/Oct/2025:08:05:56 +0800] "POST /wp-cron.php?doing_wp_cron=1759363556.4598400592803955078125 HTTP/1.1" 200 31 "-" "WordPress/6.8.2; http://cqqizhou.com"
65.49.1.52 - - [02/Oct/2025:08:05:56 +0800] "GET /geoserver/web/ HTTP/1.1" 404 8989 "-" "Mozilla/5.0 (Windows NT 6.1; rv:102.0) Gecko/20100101 Goanna/6.6 Firefox/102.0 PaleMoon/33.0.0"
180.149.125.171 - - [02/Oct/2025:08:08:48 +0800] "GET /stalker_portal/server/tools/auth_simple.php HTTP/1.1" 404 47 "-" "Mozilla/5.0 (Windows NT 5.1; Win64; x64) AppleWebKit/537.36 (KHTML, like Gecko) Chrome/60.0.3112.90 Safari/537.36"
36.133.115.36 - - [02/Oct/2025:08:09:49 +0800] "POST /wp-cron.php?doing_wp_cron=1759363789.8959829807281494140625 HTTP/1.1" 200 31 "-" "WordPress/6.8.2; http://cqqizhou.com"
37.60.141.156 - - [02/Oct/2025:08:09:50 +0800] "GET / HTTP/1.1" 200 151919 "-" "Mozilla/5.0 (Windows NT 10.0; Win64; x64) AppleWebKit/537.36 (KHTML, like Gecko) Chrome/42.0.2311.135 Safari/537.36 Edge/12.246"
36.133.115.36 - - [02/Oct/2025:08:11:16 +0800] "POST /wp-cron.php?doing_wp_cron=1759363876.2119550704956054687500 HTTP/1.1" 200 31 "-" "WordPress/6.8.2; http://cqqizhou.com"
87.120.191.6 - - [02/Oct/2025:08:11:16 +0800] "GET / HTTP/1.1" 200 33466 "-" "Mozilla/5.0 (Windows NT 10.0; Win64; x64) AppleWebKit/537.36 (KHTML, like Gecko) Chrome/90.0.4430.85 Safari/537.36 Edg/90.0.818.46"
36.133.115.36 - - [02/Oct/2025:08:26:01 +0800] "POST /wp-cron.php?doing_wp_cron=1759364761.9641530513763427734375 HTTP/1.1" 200 31 "-" "WordPress/6.8.2; http://cqqizhou.com"
8.209.96.179 - - [02/Oct/2025:08:26:02 +0800] "GET / HTTP/1.1" 301 5 "-" "Mozilla/5.0 zgrab/0.x"
36.133.115.36 - - [02/Oct/2025:08:48:37 +0800] "POST /wp-cron.php?doing_wp_cron=1759366117.5785479545593261718750 HTTP/1.1" 200 31 "-" "WordPress/6.8.2; http://cqqizhou.com"
37.60.141.156 - - [02/Oct/2025:08:48:37 +0800] "GET /cgi-bin/luci/;stok=/locale HTTP/1.1" 301 5 "-" "-"
37.60.141.156 - - [02/Oct/2025:08:48:38 +0800] "GET /cgi-bin/luci/;stok=/locale HTTP/1.1" 404 31381 "http://36.133.115.36:80/cgi-bin/luci/;stok=/locale" "-"
36.133.115.36 - - [02/Oct/2025:08:57:18 +0800] "POST /wp-cron.php?doing_wp_cron=1759366638.5845799446105957031250 HTTP/1.1" 200 31 "-" "WordPress/6.8.2; http://cqqizhou.com"
45.142.195.99 - - [02/Oct/2025:08:57:18 +0800] "GET / HTTP/1.1" 200 33466 "-" "Mozilla/5.0 (Windows NT 10.0; Win64; x64) AppleWebKit/537.36 (KHTML, like Gecko) Chrome/90.0.4430.85 Safari/537.36 Edg/90.0.818.46"
36.133.115.36 - - [02/Oct/2025:08:57:53 +0800] "POST /wp-cron.php?doing_wp_cron=1759366673.1232180595397949218750 HTTP/1.1" 200 31 "-" "WordPress/6.8.2; http://cqqizhou.com"
87.120.191.70 - - [02/Oct/2025:08:57:53 +0800] "GET / HTTP/1.1" 200 33466 "-" "Mozilla/5.0 (Windows NT 10.0; Win64; x64) AppleWebKit/537.36 (KHTML, like Gecko) Chrome/90.0.4430.85 Safari/537.36 Edg/90.0.818.46"
36.133.115.36 - - [02/Oct/2025:09:35:37 +0800] "POST /wp-cron.php?doing_wp_cron=1759368937.1767830848693847656250 HTTP/1.1" 200 31 "-" "WordPress/6.8.2; http://cqqizhou.com"
36.133.108.119 - - [02/Oct/2025:09:35:37 +0800] "HEAD / HTTP/1.1" 301 0 "-" "Mozilla/5.0 (Windows NT 6.2; WOW64) AppleWebKit/537.14 (KHTML, like Gecko) Chrome/24.0.1292.0 Safari/537.14"
36.133.115.36 - - [02/Oct/2025:09:35:50 +0800] "POST /wp-cron.php?doing_wp_cron=1759368950.4535310268402099609375 HTTP/1.1" 200 31 "-" "WordPress/6.8.2; http://cqqizhou.com"
87.120.191.6 - - [02/Oct/2025:09:35:50 +0800] "GET / HTTP/1.1" 200 33466 "-" "Mozilla/5.0 (Windows NT 10.0; Win64; x64) AppleWebKit/537.36 (KHTML, like Gecko) Chrome/90.0.4430.85 Safari/537.36 Edg/90.0.818.46"
135.181.43.127 - - [02/Oct/2025:09:40:36 +0800] "GET /admin/config.php HTTP/1.0" 404 16 "-" "xfa1"
36.133.115.36 - - [02/Oct/2025:09:55:16 +0800] "POST /wp-cron.php?doing_wp_cron=1759370116.6638050079345703125000 HTTP/1.1" 200 31 "-" "WordPress/6.8.2; http://cqqizhou.com"
45.142.195.99 - - [02/Oct/2025:09:55:16 +0800] "GET / HTTP/1.1" 200 33465 "-" "Mozilla/5.0 (Windows NT 10.0; Win64; x64) AppleWebKit/537.36 (KHTML, like Gecko) Chrome/90.0.4430.85 Safari/537.36 Edg/90.0.818.46"
36.133.115.36 - - [02/Oct/2025:10:02:31 +0800] "POST /wp-cron.php?doing_wp_cron=1759370551.9235630035400390625000 HTTP/1.1" 200 31 "-" "WordPress/6.8.2; http://cqqizhou.com"
195.178.110.201 - - [02/Oct/2025:10:02:32 +0800] "GET /.git/refs/ HTTP/1.1" 404 8990 "-" "Mozilla/5.0 (OS/2; Warp 4.5; rv:45.0) Gecko/20100101 Firefox/45.0"
36.133.115.36 - - [02/Oct/2025:10:03:08 +0800] "POST /wp-cron.php?doing_wp_cron=1759370588.6709260940551757812500 HTTP/1.1" 200 31 "-" "WordPress/6.8.2; http://cqqizhou.com"
87.120.191.70 - - [02/Oct/2025:10:03:08 +0800] "GET / HTTP/1.1" 200 33466 "-" "Mozilla/5.0 (Windows NT 10.0; Win64; x64) AppleWebKit/537.36 (KHTML, like Gecko) Chrome/90.0.4430.85 Safari/537.36 Edg/90.0.818.46"
36.133.115.36 - - [02/Oct/2025:10:17:20 +0800] "POST /wp-cron.php?doing_wp_cron=1759371440.2543549537658691406250 HTTP/1.1" 200 31 "-" "WordPress/6.8.2; http://cqqizhou.com"
37.60.141.156 - - [02/Oct/2025:10:17:21 +0800] "GET / HTTP/1.1" 200 151919 "-" "Mozilla/5.0 (Windows NT 10.0; Win64; x64) AppleWebKit/537.36 (KHTML, like Gecko) Chrome/42.0.2311.135 Safari/537.36 Edge/12.246"
36.133.115.36 - - [02/Oct/2025:10:43:05 +0800] "POST /wp-cron.php?doing_wp_cron=1759372985.3007519245147705078125 HTTP/1.1" 200 31 "-" "WordPress/6.8.2; http://cqqizhou.com"
43.133.14.237 - - [02/Oct/2025:10:43:05 +0800] "GET / HTTP/1.1" 301 5 "-" "Mozilla/5.0 (iPhone; CPU iPhone OS 13_2_3 like Mac OS X) AppleWebKit/605.1.15 (KHTML, like Gecko) Version/13.0.3 Mobile/15E148 Safari/604.1"
43.133.14.237 - - [02/Oct/2025:10:43:07 +0800] "GET / HTTP/1.1" 200 33466 "http://www.cqqizhou.com" "Mozilla/5.0 (iPhone; CPU iPhone OS 13_2_3 like Mac OS X) AppleWebKit/605.1.15 (KHTML, like Gecko) Version/13.0.3 Mobile/15E148 Safari/604.1"
36.133.115.36 - - [02/Oct/2025:11:02:25 +0800] "POST /wp-cron.php?doing_wp_cron=1759374145.8481719493865966796875 HTTP/1.1" 200 31 "-" "WordPress/6.8.2; http://cqqizhou.com"
87.120.191.70 - - [02/Oct/2025:11:02:26 +0800] "GET / HTTP/1.1" 200 33466 "-" "Mozilla/5.0 (Windows NT 10.0; Win64; x64) AppleWebKit/537.36 (KHTML, like Gecko) Chrome/90.0.4430.85 Safari/537.36 Edg/90.0.818.46"
36.133.115.36 - - [02/Oct/2025:11:06:54 +0800] "POST /wp-cron.php?doing_wp_cron=1759374414.3356590270996093750000 HTTP/1.1" 200 31 "-" "WordPress/6.8.2; http://cqqizhou.com"
87.120.191.6 - - [02/Oct/2025:11:06:54 +0800] "GET / HTTP/1.1" 200 33466 "-" "Mozilla/5.0 (Windows NT 10.0; Win64; x64) AppleWebKit/537.36 (KHTML, like Gecko) Chrome/90.0.4430.85 Safari/537.36 Edg/90.0.818.46"
36.133.115.36 - - [02/Oct/2025:11:23:37 +0800] "POST /wp-cron.php?doing_wp_cron=1759375417.3827331066131591796875 HTTP/1.1" 200 31 "-" "WordPress/6.8.2; http://cqqizhou.com"
58.49.233.126 - - [02/Oct/2025:11:23:37 +0800] "GET / HTTP/1.1" 200 33466 "-" "Mozilla/5.0 (iPhone; CPU iPhone OS 13_2_3 like Mac OS X) AppleWebKit/605.1.15 (KHTML, like Gecko) Version/13.0.3 Mobile/15E148 Safari/604.1"
36.133.115.36 - - [02/Oct/2025:11:27:11 +0800] "POST /wp-cron.php?doing_wp_cron=1759375630.9931900501251220703125 HTTP/1.1" 200 31 "-" "WordPress/6.8.2; http://cqqizhou.com"
20.118.217.143 - - [02/Oct/2025:11:27:11 +0800] "GET /portal/redlion HTTP/1.1" 404 8990 "-" "Mozilla/5.0 zgrab/0.x"
36.133.115.36 - - [02/Oct/2025:11:41:39 +0800] "POST /wp-cron.php?doing_wp_cron=1759376499.3642659187316894531250 HTTP/1.1" 200 31 "-" "WordPress/6.8.2; http://cqqizhou.com"
45.141.215.51 - - [02/Oct/2025:11:41:39 +0800] "GET /.env HTTP/1.1" 404 8990 "-" "python-requests/2.26.0"
45.141.215.51 - - [02/Oct/2025:11:41:40 +0800] "POST / HTTP/1.1" 200 33466 "-" "python-requests/2.26.0"
36.133.115.36 - - [02/Oct/2025:11:48:14 +0800] "POST /wp-cron.php?doing_wp_cron=1759376894.7839119434356689453125 HTTP/1.1" 200 31 "-" "WordPress/6.8.2; http://cqqizhou.com"
20.64.105.237 - - [02/Oct/2025:11:48:14 +0800] "GET / HTTP/1.1" 301 5 "-" "Mozilla/5.0 zgrab/0.x"
36.133.115.36 - - [02/Oct/2025:11:57:04 +0800] "POST /wp-cron.php?doing_wp_cron=1759377424.6258840560913085937500 HTTP/1.1" 200 31 "-" "WordPress/6.8.2; http://cqqizhou.com"
45.142.195.99 - - [02/Oct/2025:11:57:04 +0800] "GET / HTTP/1.1" 200 33467 "-" "Mozilla/5.0 (Windows NT 10.0; Win64; x64) AppleWebKit/537.36 (KHTML, like Gecko) Chrome/90.0.4430.85 Safari/537.36 Edg/90.0.818.46"
36.133.115.36 - - [02/Oct/2025:12:08:12 +0800] "POST /wp-cron.php?doing_wp_cron=1759378092.1642599105834960937500 HTTP/1.1" 200 31 "-" "WordPress/6.8.2; http://cqqizhou.com"
87.120.191.70 - - [02/Oct/2025:12:08:12 +0800] "GET / HTTP/1.1" 200 33466 "-" "Mozilla/5.0 (Windows NT 10.0; Win64; x64) AppleWebKit/537.36 (KHTML, like Gecko) Chrome/90.0.4430.85 Safari/537.36 Edg/90.0.818.46"
36.133.115.36 - - [02/Oct/2025:12:10:51 +0800] "POST /wp-cron.php?doing_wp_cron=1759378251.3243548870086669921875 HTTP/1.1" 200 31 "-" "WordPress/6.8.2; http://cqqizhou.com"
87.120.191.70 - - [02/Oct/2025:12:10:51 +0800] "GET / HTTP/1.1" 200 33466 "-" "Mozilla/5.0 (Windows NT 10.0; Win64; x64) AppleWebKit/537.36 (KHTML, like Gecko) Chrome/90.0.4430.85 Safari/537.36 Edg/90.0.818.46"
87.120.191.6 - - [02/Oct/2025:12:11:31 +0800] "GET / HTTP/1.1" 200 33466 "-" "Mozilla/5.0 (Windows NT 10.0; Win64; x64) AppleWebKit/537.36 (KHTML, like Gecko) Chrome/90.0.4430.85 Safari/537.36 Edg/90.0.818.46"
52.167.144.16 - - [02/Oct/2025:12:29:33 +0800] "GET /about/ HTTP/1.1" 200 30088 "-" "Mozilla/5.0 AppleWebKit/537.36 (KHTML, like Gecko; compatible; bingbot/2.0; +http://www.bing.com/bingbot.htm) Chrome/116.0.1938.76 Safari/537.36"
36.133.115.36 - - [02/Oct/2025:12:42:33 +0800] "POST /wp-cron.php?doing_wp_cron=1759380153.4645769596099853515625 HTTP/1.1" 200 31 "-" "WordPress/6.8.2; http://cqqizhou.com"
60.220.116.166 - - [02/Oct/2025:12:42:33 +0800] "GET / HTTP/1.1" 301 5 "-" "Mozilla/5.0 (Windows NT 6.2) AppleWebKit/537.36 (KHTML, like Gecko) Chrome/74.0.3729.6"
60.220.116.166 - - [02/Oct/2025:12:42:35 +0800] "GET / HTTP/1.1" 200 39369 "-" "Mozilla/5.0 (Windows NT 6.2) AppleWebKit/537.36 (KHTML, like Gecko) Chrome/74.0.3729.6"
113.13.116.69 - - [02/Oct/2025:12:43:51 +0800] "GET / HTTP/1.1" 200 39369 "-" "Mozilla/5.0 (Windows NT 6.1) AppleWebKit/537.36 (KHTML, like Gecko) Chrome/73.0.3683.20"
205.169.39.11 - - [02/Oct/2025:12:48:39 +0800] "GET / HTTP/1.1" 200 39369 "-" "Mozilla/5.0 (Windows NT 10.0; Win64; x64) AppleWebKit/537.36 (KHTML, like Gecko) Chrome/117.0.5938.132 Safari/537.36"
205.169.39.11 - - [02/Oct/2025:12:48:41 +0800] "GET /wp-content/uploads/2025/07/1751425283-qizhou.kf_.qq_.com_.webp HTTP/1.1" 200 16864 "http://cqqizhou.com/" "Mozilla/5.0 (Windows NT 10.0; Win64; x64) AppleWebKit/537.36 (KHTML, like Gecko) Chrome/117.0.5938.132 Safari/537.36"
205.169.39.11 - - [02/Oct/2025:12:48:45 +0800] "GET /wp-content/uploads/2025/07/1750174127-Marketing1920x800_3.webp HTTP/1.1" 200 52790 "http://cqqizhou.com/wp-content/uploads/elementor/css/post-1666.css?ver=1756373176" "Mozilla/5.0 (Windows NT 10.0; Win64; x64) AppleWebKit/537.36 (KHTML, like Gecko) Chrome/117.0.5938.132 Safari/537.36"
205.169.39.11 - - [02/Oct/2025:12:48:46 +0800] "GET /wp-content/uploads/2025/07/1753456723-%E5%8F%8C%E7%9B%B8%E9%92%A2roduct_Single600.webp HTTP/1.1" 200 22790 "http://cqqizhou.com/" "Mozilla/5.0 (Windows NT 10.0; Win64; x64) AppleWebKit/537.36 (KHTML, like Gecko) Chrome/117.0.5938.132 Safari/537.36"
205.169.39.11 - - [02/Oct/2025:12:48:46 +0800] "GET /wp-content/uploads/2025/07/1753456770-%E7%83%AD%E9%95%80%E9%94%8C%E5%8D%B7product_Single600.webp HTTP/1.1" 200 27502 "http://cqqizhou.com/" "Mozilla/5.0 (Windows NT 10.0; Win64; x64) AppleWebKit/537.36 (KHTML, like Gecko) Chrome/117.0.5938.132 Safari/537.36"
205.169.39.11 - - [02/Oct/2025:12:48:46 +0800] "GET /wp-content/uploads/2025/07/1753453127-%E4%BD%99%E5%8D%B7product_Single600%C3%97284.webp HTTP/1.1" 200 18744 "http://cqqizhou.com/" "Mozilla/5.0 (Windows NT 10.0; Win64; x64) AppleWebKit/537.36 (KHTML, like Gecko) Chrome/117.0.5938.132 Safari/537.36"
205.169.39.11 - - [02/Oct/2025:12:48:46 +0800] "GET /wp-content/uploads/2025/07/1753453096-%E5%8F%8C%E7%9B%B8%E9%92%A2product_Single600%C3%97284.webp HTTP/1.1" 200 14562 "http://cqqizhou.com/" "Mozilla/5.0 (Windows NT 10.0; Win64; x64) AppleWebKit/537.36 (KHTML, like Gecko) Chrome/117.0.5938.132 Safari/537.36"
205.169.39.11 - - [02/Oct/2025:12:48:47 +0800] "GET /wp-content/uploads/revslider/slider-1/1750929639-yuanjing_Slider_3840%C3%972160_20250626171955-scaled.webp HTTP/1.1" 200 203290 "http://cqqizhou.com/" "Mozilla/5.0 (Windows NT 10.0; Win64; x64) AppleWebKit/537.36 (KHTML, like Gecko) Chrome/117.0.5938.132 Safari/537.36"
36.133.115.36 - - [02/Oct/2025:12:48:48 +0800] "POST /wp-cron.php?doing_wp_cron=1759380528.0060970783233642578125 HTTP/1.1" 200 31 "-" "WordPress/6.8.2; http://cqqizhou.com"
205.169.39.11 - - [02/Oct/2025:12:48:48 +0800] "POST /wp-admin/admin-ajax.php HTTP/1.1" 403 33 "http://cqqizhou.com/" "Mozilla/5.0 (Windows NT 10.0; Win64; x64) AppleWebKit/537.36 (KHTML, like Gecko) Chrome/117.0.5938.132 Safari/537.36"
205.169.39.11 - - [02/Oct/2025:12:48:48 +0800] "GET /wp-content/uploads/2025/07/1753587901-Slider_3840%C3%972160_20250727-scaled-50x100.webp HTTP/1.1" 200 1660 "http://cqqizhou.com/" "Mozilla/5.0 (Windows NT 10.0; Win64; x64) AppleWebKit/537.36 (KHTML, like Gecko) Chrome/117.0.5938.132 Safari/537.36"
205.169.39.11 - - [02/Oct/2025:12:48:48 +0800] "GET /wp-content/uploads/revslider/slider-1/1750861156-logistics_Slider_3840%C3%972160_20250625191356-scaled-50x100.webp HTTP/1.1" 200 1416 "http://cqqizhou.com/" "Mozilla/5.0 (Windows NT 10.0; Win64; x64) AppleWebKit/537.36 (KHTML, like Gecko) Chrome/117.0.5938.132 Safari/537.36"
205.169.39.11 - - [02/Oct/2025:12:48:48 +0800] "GET /wp-content/uploads/revslider/slider-1/1750861156-logistics_Slider_3840%C3%972160_20250625191356-scaled-50x100.webp HTTP/1.1" 200 1416 "http://cqqizhou.com/" "Mozilla/5.0 (Windows NT 10.0; Win64; x64) AppleWebKit/537.36 (KHTML, like Gecko) Chrome/117.0.5938.132 Safari/537.36"
205.169.39.11 - - [02/Oct/2025:12:48:48 +0800] "GET /wp-content/uploads/2025/07/1753587901-Slider_3840%C3%972160_20250727-scaled-50x100.webp HTTP/1.1" 200 1660 "http://cqqizhou.com/" "Mozilla/5.0 (Windows NT 10.0; Win64; x64) AppleWebKit/537.36 (KHTML, like Gecko) Chrome/117.0.5938.132 Safari/537.36"
205.169.39.11 - - [02/Oct/2025:12:48:48 +0800] "GET /wp-json/sliderrevolution/sliders/1?srengine=7&slideid=2 HTTP/1.1" 200 2058 "http://cqqizhou.com/" "Mozilla/5.0 (Windows NT 10.0; Win64; x64) AppleWebKit/537.36 (KHTML, like Gecko) Chrome/117.0.5938.132 Safari/537.36"
205.169.39.11 - - [02/Oct/2025:12:48:48 +0800] "GET /wp-json/sliderrevolution/sliders/1?srengine=7&slideid=3 HTTP/1.1" 200 2292 "http://cqqizhou.com/" "Mozilla/5.0 (Windows NT 10.0; Win64; x64) AppleWebKit/537.36 (KHTML, like Gecko) Chrome/117.0.5938.132 Safari/537.36"
205.169.39.11 - - [02/Oct/2025:12:48:49 +0800] "GET /wp-content/uploads/2025/07/1753587901-Slider_3840%C3%972160_20250727-scaled.webp HTTP/1.1" 200 141034 "http://cqqizhou.com/" "Mozilla/5.0 (Windows NT 10.0; Win64; x64) AppleWebKit/537.36 (KHTML, like Gecko) Chrome/117.0.5938.132 Safari/537.36"
205.169.39.11 - - [02/Oct/2025:12:48:49 +0800] "GET /wp-content/uploads/revslider/slider-1/1750861156-logistics_Slider_3840%C3%972160_20250625191356-scaled.webp HTTP/1.1" 200 197360 "http://cqqizhou.com/" "Mozilla/5.0 (Windows NT 10.0; Win64; x64) AppleWebKit/537.36 (KHTML, like Gecko) Chrome/117.0.5938.132 Safari/537.36"
36.133.115.36 - - [02/Oct/2025:13:07:11 +0800] "POST /wp-cron.php?doing_wp_cron=1759381631.5689001083374023437500 HTTP/1.1" 200 31 "-" "WordPress/6.8.2; http://cqqizhou.com"
37.60.141.156 - - [02/Oct/2025:13:07:11 +0800] "GET /cgi-bin/luci/;stok=/locale HTTP/1.1" 301 5 "-" "-"
37.60.141.156 - - [02/Oct/2025:13:07:12 +0800] "GET /cgi-bin/luci/;stok=/locale HTTP/1.1" 404 31381 "http://36.133.115.36:80/cgi-bin/luci/;stok=/locale" "-"
36.133.108.121 - - [02/Oct/2025:13:07:17 +0800] "HEAD /query?q=SHOW+DIAGNOSTICS HTTP/1.1" 404 0 "-" "Mozilla/5.0 (compatible; MSIE 10.0; Windows NT 6.1; Trident/6.0)"
36.133.115.36 - - [02/Oct/2025:13:10:36 +0800] "POST /wp-cron.php?doing_wp_cron=1759381836.0926289558410644531250 HTTP/1.1" 200 31 "-" "WordPress/6.8.2; http://cqqizhou.com"
43.153.15.51 - - [02/Oct/2025:13:10:36 +0800] "GET / HTTP/1.1" 200 33466 "-" "Mozilla/5.0 (iPhone; CPU iPhone OS 13_2_3 like Mac OS X) AppleWebKit/605.1.15 (KHTML, like Gecko) Version/13.0.3 Mobile/15E148 Safari/604.1"
36.133.115.36 - - [02/Oct/2025:13:14:36 +0800] "POST /wp-cron.php?doing_wp_cron=1759382076.9390780925750732421875 HTTP/1.1" 200 31 "-" "WordPress/6.8.2; http://cqqizhou.com"
45.142.195.99 - - [02/Oct/2025:13:14:37 +0800] "GET / HTTP/1.1" 200 33466 "-" "Mozilla/5.0 (Windows NT 10.0; Win64; x64) AppleWebKit/537.36 (KHTML, like Gecko) Chrome/90.0.4430.85 Safari/537.36 Edg/90.0.818.46"
36.133.115.36 - - [02/Oct/2025:13:23:57 +0800] "POST /wp-cron.php?doing_wp_cron=1759382637.6561000347137451171875 HTTP/1.1" 200 31 "-" "WordPress/6.8.2; http://cqqizhou.com"
87.120.191.70 - - [02/Oct/2025:13:23:57 +0800] "GET / HTTP/1.1" 200 33466 "-" "Mozilla/5.0 (Windows NT 10.0; Win64; x64) AppleWebKit/537.36 (KHTML, like Gecko) Chrome/90.0.4430.85 Safari/537.36 Edg/90.0.818.46"
42.236.17.5 - - [02/Oct/2025:13:36:36 +0800] "GET / HTTP/1.1" 200 39369 "http://cqqizhou.com/" "Mozilla/5.0 (Windows NT 10.0; Win64; x64) AppleWebKit/537.36 (KHTML, like Gecko) Chrome/140.0.0.0 Safari/537.36 Edg/140.0.0.0; 360Spider"
42.236.17.218 - - [02/Oct/2025:13:38:03 +0800] "GET / HTTP/1.1" 200 39369 "http://cqqizhou.com/" "Mozilla/5.0 (Windows NT 10.0; Win64; x64) AppleWebKit/537.36 (KHTML, like Gecko) Chrome/140.0.0.0 Safari/537.36 Edg/140.0.0.0; 360Spider"
36.133.115.36 - - [02/Oct/2025:13:42:14 +0800] "POST /wp-cron.php?doing_wp_cron=1759383734.2405200004577636718750 HTTP/1.1" 200 31 "-" "WordPress/6.8.2; http://cqqizhou.com"
173.252.87.116 - - [02/Oct/2025:13:42:14 +0800] "GET /robots.txt HTTP/1.1" 200 390 "-" "facebookexternalhit/1.1 (+http://www.facebook.com/externalhit_uatext.php)"
173.252.87.14 - - [02/Oct/2025:13:42:15 +0800] "GET /robots.txt HTTP/1.1" 200 390 "-" "facebookexternalhit/1.1 (+http://www.facebook.com/externalhit_uatext.php)"
36.133.115.36 - - [02/Oct/2025:13:44:57 +0800] "POST /wp-cron.php?doing_wp_cron=1759383897.6003599166870117187500 HTTP/1.1" 200 31 "-" "WordPress/6.8.2; http://cqqizhou.com"
45.86.86.143 - - [02/Oct/2025:13:44:57 +0800] "POST /php-cgi/php-cgi.exe?%ADd+cgi.force_redirect%3D0+%ADd+disable_functions%3D%22%22+%ADd+allow_url_include%3D1+%ADd+auto_prepend_file%3Dphp://input HTTP/1.1" 404 8990 "-" "python-requests/2.31.0"
36.133.115.36 - - [02/Oct/2025:13:47:01 +0800] "POST /wp-cron.php?doing_wp_cron=1759384021.4169859886169433593750 HTTP/1.1" 200 31 "-" "WordPress/6.8.2; http://cqqizhou.com"
157.230.107.249 - - [02/Oct/2025:13:47:01 +0800] "GET / HTTP/1.1" 301 5 "-" "Mozilla/5.0 (Windows NT 10.0; Win64; x64) AppleWebKit/537.36 (KHTML, like Gecko) Chrome/108.0.0.0 Safari/537.36"
157.230.107.249 - - [02/Oct/2025:13:47:04 +0800] "GET / HTTP/1.1" 200 39369 "http://36.133.115.36/" "Mozilla/5.0 (Windows NT 10.0; Win64; x64) AppleWebKit/537.36 (KHTML, like Gecko) Chrome/108.0.0.0 Safari/537.36"
157.230.107.249 - - [02/Oct/2025:13:47:06 +0800] "GET /form.html HTTP/1.1" 404 8990 "-" "curl/8.1.2"
157.230.107.249 - - [02/Oct/2025:13:47:06 +0800] "GET /upl.php HTTP/1.1" 404 47 "-" "Mozilla/5.0"
157.230.107.249 - - [02/Oct/2025:13:47:07 +0800] "GET /t4 HTTP/1.1" 404 8990 "-" "Mozilla/5.0"
157.230.107.249 - - [02/Oct/2025:13:47:09 +0800] "GET /geoip/ HTTP/1.1" 404 8990 "-" "Mozilla/5.0 (Windows NT 10.0; Win64; x64) AppleWebKit/537.36 (KHTML, like Gecko) Chrome/108.0.0.0 Safari/537.36"
157.230.107.249 - - [02/Oct/2025:13:47:13 +0800] "GET /1.php HTTP/1.1" 404 47 "-" "Mozilla/5.0 (Windows NT 10.0; Win64; x64) AppleWebKit/537.36 (KHTML, like Gecko) Chrome/108.0.0.0 Safari/537.36"
157.230.107.249 - - [02/Oct/2025:13:47:14 +0800] "GET /systembc/password.php HTTP/1.1" 404 47 "-" "Mozilla/5.0 (Windows NT 10.0; Win64; x64) AppleWebKit/537.36 (KHTML, like Gecko) Chrome/108.0.0.0 Safari/537.36"
157.230.107.249 - - [02/Oct/2025:13:47:14 +0800] "GET /password.php HTTP/1.1" 404 47 "-" "Mozilla/5.0 (Windows NT 10.0; Win64; x64) AppleWebKit/537.36 (KHTML, like Gecko) Chrome/108.0.0.0 Safari/537.36"
36.133.115.36 - - [02/Oct/2025:13:48:31 +0800] "POST /wp-cron.php?doing_wp_cron=1759384111.6247289180755615234375 HTTP/1.1" 200 31 "-" "WordPress/6.8.2; http://cqqizhou.com"
87.120.191.6 - - [02/Oct/2025:13:48:31 +0800] "GET / HTTP/1.1" 200 33466 "-" "Mozilla/5.0 (Windows NT 10.0; Win64; x64) AppleWebKit/537.36 (KHTML, like Gecko) Chrome/90.0.4430.85 Safari/537.36 Edg/90.0.818.46"
36.133.115.36 - - [02/Oct/2025:13:57:59 +0800] "POST /wp-cron.php?doing_wp_cron=1759384679.6255910396575927734375 HTTP/1.1" 200 31 "-" "WordPress/6.8.2; http://cqqizhou.com"
37.60.141.156 - - [02/Oct/2025:13:58:00 +0800] "GET / HTTP/1.1" 200 151919 "-" "Mozilla/5.0 (Windows NT 10.0; Win64; x64) AppleWebKit/537.36 (KHTML, like Gecko) Chrome/42.0.2311.135 Safari/537.36 Edge/12.246"
36.133.115.36 - - [02/Oct/2025:14:01:42 +0800] "POST /wp-cron.php?doing_wp_cron=1759384902.4633278846740722656250 HTTP/1.1" 200 31 "-" "WordPress/6.8.2; http://cqqizhou.com"
49.51.166.228 - - [02/Oct/2025:14:01:42 +0800] "GET / HTTP/1.1" 200 33466 "-" "Mozilla/5.0 (iPhone; CPU iPhone OS 13_2_3 like Mac OS X) AppleWebKit/605.1.15 (KHTML, like Gecko) Version/13.0.3 Mobile/15E148 Safari/604.1"
36.133.115.36 - - [02/Oct/2025:14:04:00 +0800] "POST /wp-cron.php?doing_wp_cron=1759385040.5986740589141845703125 HTTP/1.1" 200 31 "-" "WordPress/6.8.2; http://cqqizhou.com"
185.177.72.48 - - [02/Oct/2025:14:04:00 +0800] "GET / HTTP/1.1" 301 5 "-" "Mozilla/5.0 (Windows NT 10.0; Win64; x64) AppleWebKit/537.36 (KHTML, like Gecko) Chrome/58.0.3029.110 Safari/537.36"
185.177.72.48 - - [02/Oct/2025:14:04:04 +0800] "GET / HTTP/1.1" 200 39369 "-" "Mozilla/5.0 (Windows NT 10.0; Win64; x64) AppleWebKit/537.36 (KHTML, like Gecko) Chrome/58.0.3029.110 Safari/537.36"
36.133.115.36 - - [02/Oct/2025:14:12:44 +0800] "POST /wp-cron.php?doing_wp_cron=1759385564.2496221065521240234375 HTTP/1.1" 200 31 "-" "WordPress/6.8.2; http://cqqizhou.com"
45.142.195.99 - - [02/Oct/2025:14:12:44 +0800] "GET / HTTP/1.1" 200 33466 "-" "Mozilla/5.0 (Windows NT 10.0; Win64; x64) AppleWebKit/537.36 (KHTML, like Gecko) Chrome/90.0.4430.85 Safari/537.36 Edg/90.0.818.46"
36.133.115.36 - - [02/Oct/2025:14:22:04 +0800] "POST /wp-cron.php?doing_wp_cron=1759386124.5702879428863525390625 HTTP/1.1" 200 31 "-" "WordPress/6.8.2; http://cqqizhou.com"
42.236.101.203 - - [02/Oct/2025:14:22:04 +0800] "GET / HTTP/1.1" 200 33466 "http://cqqizhou.com/" "Mozilla/5.0 (Linux; Android 10; K) AppleWebKit/537.36 (KHTML, like Gecko) Chrome/131.0.0.0 Mobile Safari/537.36; 360Spider"
36.133.115.36 - - [02/Oct/2025:14:27:34 +0800] "POST /wp-cron.php?doing_wp_cron=1759386454.5724239349365234375000 HTTP/1.1" 200 31 "-" "WordPress/6.8.2; http://cqqizhou.com"
45.38.44.226 - - [02/Oct/2025:14:27:34 +0800] "POST /boaform/admin/formLogin HTTP/1.1" 404 8991 "http://36.133.115.36:80/admin/login.asp" "Mozilla/5.0 (X11; Ubuntu; Linux x86_64; rv:71.0) Gecko/20100101 Firefox/71.0"
36.133.115.36 - - [02/Oct/2025:14:32:03 +0800] "POST /wp-cron.php?doing_wp_cron=1759386723.5084519386291503906250 HTTP/1.1" 200 31 "-" "WordPress/6.8.2; http://cqqizhou.com"
37.60.141.156 - - [02/Oct/2025:14:32:03 +0800] "GET /cgi-bin/luci/;stok=/locale HTTP/1.1" 301 5 "-" "-"
37.60.141.156 - - [02/Oct/2025:14:32:05 +0800] "GET /cgi-bin/luci/;stok=/locale HTTP/1.1" 404 31381 "http://36.133.115.36:80/cgi-bin/luci/;stok=/locale" "-"
36.133.115.36 - - [02/Oct/2025:14:55:15 +0800] "POST /wp-cron.php?doing_wp_cron=1759388115.2489159107208251953125 HTTP/1.1" 200 31 "-" "WordPress/6.8.2; http://cqqizhou.com"
87.121.84.17 - - [02/Oct/2025:14:55:15 +0800] "GET / HTTP/1.1" 200 33466 "-" "Mozilla/5.0 (X11; Linux x86_64) AppleWebKit/537.36 (KHTML, like Gecko) Chrome/105.0.0.0 Safari/537.36"
