113.207.43.117 - - [22/Sep/2025:14:52:08 +0800] "GET /about/ HTTP/1.1" 200 30088 "http://cqqizhou.com/" "Mozilla/5.0 (Windows NT 10.0; Win64; x64) AppleWebKit/537.36 (KHTML, like Gecko) Chrome/124.0.0.0 Safari/537.36 SLBrowser/9.0.6.8151 SLBChan/112 SLBVPV/64-bit"
113.207.43.117 - - [22/Sep/2025:14:52:08 +0800] "GET /wp-content/uploads/2025/07/1750945444-honor300%C3%97206_2.webp HTTP/1.1" 200 71296 "http://cqqizhou.com/about/" "Mozilla/5.0 (Windows NT 10.0; Win64; x64) AppleWebKit/537.36 (KHTML, like Gecko) Chrome/124.0.0.0 Safari/537.36 SLBrowser/9.0.6.8151 SLBChan/112 SLBVPV/64-bit"
113.207.43.117 - - [22/Sep/2025:14:52:08 +0800] "GET /wp-content/uploads/2025/07/1750945417-honor300%C3%97206_1.webp HTTP/1.1" 200 57666 "http://cqqizhou.com/about/" "Mozilla/5.0 (Windows NT 10.0; Win64; x64) AppleWebKit/537.36 (KHTML, like Gecko) Chrome/124.0.0.0 Safari/537.36 SLBrowser/9.0.6.8151 SLBChan/112 SLBVPV/64-bit"
113.207.43.117 - - [22/Sep/2025:14:52:08 +0800] "GET /wp-content/uploads/2025/07/1750649803-qizhou800x500_2.webp HTTP/1.1" 200 63616 "http://cqqizhou.com/about/" "Mozilla/5.0 (Windows NT 10.0; Win64; x64) AppleWebKit/537.36 (KHTML, like Gecko) Chrome/124.0.0.0 Safari/537.36 SLBrowser/9.0.6.8151 SLBChan/112 SLBVPV/64-bit"
113.207.43.117 - - [22/Sep/2025:14:52:08 +0800] "GET /wp-content/uploads/2025/07/1750671801-partner2_200x50.webp HTTP/1.1" 200 3946 "http://cqqizhou.com/about/" "Mozilla/5.0 (Windows NT 10.0; Win64; x64) AppleWebKit/537.36 (KHTML, like Gecko) Chrome/124.0.0.0 Safari/537.36 SLBrowser/9.0.6.8151 SLBChan/112 SLBVPV/64-bit"
113.207.43.117 - - [22/Sep/2025:14:52:08 +0800] "GET /wp-content/uploads/2025/07/1750671800-partner1_200x50.webp HTTP/1.1" 200 2244 "http://cqqizhou.com/about/" "Mozilla/5.0 (Windows NT 10.0; Win64; x64) AppleWebKit/537.36 (KHTML, like Gecko) Chrome/124.0.0.0 Safari/537.36 SLBrowser/9.0.6.8151 SLBChan/112 SLBVPV/64-bit"
113.207.43.117 - - [22/Sep/2025:14:52:08 +0800] "GET /wp-content/uploads/2025/07/1750671805-partner4_200x50.webp HTTP/1.1" 200 2390 "http://cqqizhou.com/about/" "Mozilla/5.0 (Windows NT 10.0; Win64; x64) AppleWebKit/537.36 (KHTML, like Gecko) Chrome/124.0.0.0 Safari/537.36 SLBrowser/9.0.6.8151 SLBChan/112 SLBVPV/64-bit"
113.207.43.117 - - [22/Sep/2025:14:52:08 +0800] "GET /wp-content/uploads/2025/07/1750671803-partner3_200x50.webp HTTP/1.1" 200 4414 "http://cqqizhou.com/about/" "Mozilla/5.0 (Windows NT 10.0; Win64; x64) AppleWebKit/537.36 (KHTML, like Gecko) Chrome/124.0.0.0 Safari/537.36 SLBrowser/9.0.6.8151 SLBChan/112 SLBVPV/64-bit"
113.207.43.117 - - [22/Sep/2025:14:52:08 +0800] "GET /wp-content/uploads/2025/06/1750755307-qizhoucangku2000x400_2025624.webp HTTP/1.1" 200 45470 "http://cqqizhou.com/about/" "Mozilla/5.0 (Windows NT 10.0; Win64; x64) AppleWebKit/537.36 (KHTML, like Gecko) Chrome/124.0.0.0 Safari/537.36 SLBrowser/9.0.6.8151 SLBChan/112 SLBVPV/64-bit"
113.207.43.117 - - [22/Sep/2025:14:52:08 +0800] "GET /wp-content/uploads/2025/07/1750671806-partner5_200x50.webp HTTP/1.1" 200 2840 "http://cqqizhou.com/about/" "Mozilla/5.0 (Windows NT 10.0; Win64; x64) AppleWebKit/537.36 (KHTML, like Gecko) Chrome/124.0.0.0 Safari/537.36 SLBrowser/9.0.6.8151 SLBChan/112 SLBVPV/64-bit"
113.207.43.117 - - [22/Sep/2025:14:52:09 +0800] "GET /wp-content/uploads/elementor/thumbs/1751373145-About_Qizhoudalou_W800px-r91b70ok8huvvdr4ynxnf302e8ie3iydlh6ag9ew82.webp HTTP/1.1" 200 37938 "http://cqqizhou.com/about/" "Mozilla/5.0 (Windows NT 10.0; Win64; x64) AppleWebKit/537.36 (KHTML, like Gecko) Chrome/124.0.0.0 Safari/537.36 SLBrowser/9.0.6.8151 SLBChan/112 SLBVPV/64-bit"
113.207.43.117 - - [22/Sep/2025:14:52:09 +0800] "GET /wp-content/uploads/elementor/thumbs/1751209300-Hello-Qizhou3-r91b71mdtei8mab1rr8x739cnvi1mafuaga3vbed3o.webp HTTP/1.1" 200 39120 "http://cqqizhou.com/about/" "Mozilla/5.0 (Windows NT 10.0; Win64; x64) AppleWebKit/537.36 (KHTML, like Gecko) Chrome/124.0.0.0 Safari/537.36 SLBrowser/9.0.6.8151 SLBChan/112 SLBVPV/64-bit"
113.207.43.117 - - [22/Sep/2025:14:52:09 +0800] "GET /wp-content/uploads/2025/07/1750671808-partner6_200x50.webp HTTP/1.1" 200 3004 "http://cqqizhou.com/about/" "Mozilla/5.0 (Windows NT 10.0; Win64; x64) AppleWebKit/537.36 (KHTML, like Gecko) Chrome/124.0.0.0 Safari/537.36 SLBrowser/9.0.6.8151 SLBChan/112 SLBVPV/64-bit"
113.207.43.117 - - [22/Sep/2025:14:52:09 +0800] "GET /wp-content/uploads/2025/07/1750649186-qizhou1920x1080_3.webp HTTP/1.1" 200 134070 "http://cqqizhou.com/about/" "Mozilla/5.0 (Windows NT 10.0; Win64; x64) AppleWebKit/537.36 (KHTML, like Gecko) Chrome/124.0.0.0 Safari/537.36 SLBrowser/9.0.6.8151 SLBChan/112 SLBVPV/64-bit"
113.207.43.117 - - [22/Sep/2025:14:52:09 +0800] "GET /wp-content/uploads/2025/07/1750649183-qizhou1920x1080_2.webp HTTP/1.1" 200 267936 "http://cqqizhou.com/about/" "Mozilla/5.0 (Windows NT 10.0; Win64; x64) AppleWebKit/537.36 (KHTML, like Gecko) Chrome/124.0.0.0 Safari/537.36 SLBrowser/9.0.6.8151 SLBChan/112 SLBVPV/64-bit"
113.207.43.117 - - [22/Sep/2025:14:52:09 +0800] "GET /wp-content/uploads/2025/07/1750649189-qizhou1920x1080_4.webp HTTP/1.1" 200 174962 "http://cqqizhou.com/about/" "Mozilla/5.0 (Windows NT 10.0; Win64; x64) AppleWebKit/537.36 (KHTML, like Gecko) Chrome/124.0.0.0 Safari/537.36 SLBrowser/9.0.6.8151 SLBChan/112 SLBVPV/64-bit"
113.207.43.117 - - [22/Sep/2025:14:52:09 +0800] "GET /wp-content/uploads/2025/07/1750649197-qizhou1920x1080_6.webp HTTP/1.1" 200 150354 "http://cqqizhou.com/about/" "Mozilla/5.0 (Windows NT 10.0; Win64; x64) AppleWebKit/537.36 (KHTML, like Gecko) Chrome/124.0.0.0 Safari/537.36 SLBrowser/9.0.6.8151 SLBChan/112 SLBVPV/64-bit"
113.207.43.117 - - [22/Sep/2025:14:52:09 +0800] "GET /wp-content/uploads/2025/07/1750649193-qizhou1920x1080_5.webp HTTP/1.1" 200 110214 "http://cqqizhou.com/about/" "Mozilla/5.0 (Windows NT 10.0; Win64; x64) AppleWebKit/537.36 (KHTML, like Gecko) Chrome/124.0.0.0 Safari/537.36 SLBrowser/9.0.6.8151 SLBChan/112 SLBVPV/64-bit"
113.207.43.117 - - [22/Sep/2025:14:52:09 +0800] "GET /wp-content/uploads/2025/07/1750649179-qizhou1920x1080_1.webp HTTP/1.1" 200 172154 "http://cqqizhou.com/about/" "Mozilla/5.0 (Windows NT 10.0; Win64; x64) AppleWebKit/537.36 (KHTML, like Gecko) Chrome/124.0.0.0 Safari/537.36 SLBrowser/9.0.6.8151 SLBChan/112 SLBVPV/64-bit"
113.207.43.117 - - [22/Sep/2025:14:52:09 +0800] "GET /wp-content/uploads/2025/07/1750649200-qizhou1920x1080_7.webp HTTP/1.1" 200 238866 "http://cqqizhou.com/about/" "Mozilla/5.0 (Windows NT 10.0; Win64; x64) AppleWebKit/537.36 (KHTML, like Gecko) Chrome/124.0.0.0 Safari/537.36 SLBrowser/9.0.6.8151 SLBChan/112 SLBVPV/64-bit"
113.207.43.117 - - [22/Sep/2025:14:52:09 +0800] "GET /wp-content/uploads/2025/07/1750649203-qizhou1920x1080_8.webp HTTP/1.1" 200 256782 "http://cqqizhou.com/about/" "Mozilla/5.0 (Windows NT 10.0; Win64; x64) AppleWebKit/537.36 (KHTML, like Gecko) Chrome/124.0.0.0 Safari/537.36 SLBrowser/9.0.6.8151 SLBChan/112 SLBVPV/64-bit"
113.207.43.117 - - [22/Sep/2025:14:52:10 +0800] "GET /wp-content/uploads/2025/07/1750649207-qizhou1920x1080_9.webp HTTP/1.1" 200 146108 "http://cqqizhou.com/about/" "Mozilla/5.0 (Windows NT 10.0; Win64; x64) AppleWebKit/537.36 (KHTML, like Gecko) Chrome/124.0.0.0 Safari/537.36 SLBrowser/9.0.6.8151 SLBChan/112 SLBVPV/64-bit"
113.207.43.117 - - [22/Sep/2025:14:52:10 +0800] "GET /wp-content/uploads/2025/07/1750649215-qizhou1920x1080_11.webp HTTP/1.1" 200 171642 "http://cqqizhou.com/about/" "Mozilla/5.0 (Windows NT 10.0; Win64; x64) AppleWebKit/537.36 (KHTML, like Gecko) Chrome/124.0.0.0 Safari/537.36 SLBrowser/9.0.6.8151 SLBChan/112 SLBVPV/64-bit"
113.207.43.117 - - [22/Sep/2025:14:52:10 +0800] "GET /wp-content/uploads/2025/07/1750649212-qizhou1920x1080_10.webp HTTP/1.1" 200 143362 "http://cqqizhou.com/about/" "Mozilla/5.0 (Windows NT 10.0; Win64; x64) AppleWebKit/537.36 (KHTML, like Gecko) Chrome/124.0.0.0 Safari/537.36 SLBrowser/9.0.6.8151 SLBChan/112 SLBVPV/64-bit"
113.207.43.117 - - [22/Sep/2025:14:54:01 +0800] "GET /wp-content/uploads/2025/07/1750945514-honor300%C3%97206_3.webp HTTP/1.1" 200 74124 "http://cqqizhou.com/about/" "Mozilla/5.0 (Windows NT 10.0; Win64; x64) AppleWebKit/537.36 (KHTML, like Gecko) Chrome/124.0.0.0 Safari/537.36 SLBrowser/9.0.6.8151 SLBChan/112 SLBVPV/64-bit"
113.207.43.117 - - [22/Sep/2025:14:54:10 +0800] "GET /wp-content/uploads/2025/07/1750945616-honor300%C3%97206_4.webp HTTP/1.1" 200 33814 "http://cqqizhou.com/about/" "Mozilla/5.0 (Windows NT 10.0; Win64; x64) AppleWebKit/537.36 (KHTML, like Gecko) Chrome/124.0.0.0 Safari/537.36 SLBrowser/9.0.6.8151 SLBChan/112 SLBVPV/64-bit"
113.207.43.117 - - [22/Sep/2025:14:54:10 +0800] "GET /wp-content/uploads/2025/07/1750945637-honor300%C3%97206_5.webp HTTP/1.1" 200 77368 "http://cqqizhou.com/about/" "Mozilla/5.0 (Windows NT 10.0; Win64; x64) AppleWebKit/537.36 (KHTML, like Gecko) Chrome/124.0.0.0 Safari/537.36 SLBrowser/9.0.6.8151 SLBChan/112 SLBVPV/64-bit"
113.207.43.117 - - [22/Sep/2025:14:54:10 +0800] "GET /wp-content/uploads/2025/07/1750945650-honor300%C3%97206_6.webp HTTP/1.1" 200 66306 "http://cqqizhou.com/about/" "Mozilla/5.0 (Windows NT 10.0; Win64; x64) AppleWebKit/537.36 (KHTML, like Gecko) Chrome/124.0.0.0 Safari/537.36 SLBrowser/9.0.6.8151 SLBChan/112 SLBVPV/64-bit"
113.207.43.117 - - [22/Sep/2025:14:54:11 +0800] "GET /wp-content/uploads/2025/07/1750656103-Visionr2000x800_20250623131702.webp HTTP/1.1" 200 57650 "http://cqqizhou.com/wp-content/uploads/elementor/css/post-1849.css?ver=1755835654" "Mozilla/5.0 (Windows NT 10.0; Win64; x64) AppleWebKit/537.36 (KHTML, like Gecko) Chrome/124.0.0.0 Safari/537.36 SLBrowser/9.0.6.8151 SLBChan/112 SLBVPV/64-bit"
113.207.43.117 - - [22/Sep/2025:14:56:31 +0800] "GET /services/ HTTP/1.1" 200 25528 "http://cqqizhou.com/about/" "Mozilla/5.0 (Windows NT 10.0; Win64; x64) AppleWebKit/537.36 (KHTML, like Gecko) Chrome/124.0.0.0 Safari/537.36 SLBrowser/9.0.6.8151 SLBChan/112 SLBVPV/64-bit"
113.207.43.117 - - [22/Sep/2025:14:56:31 +0800] "GET /wp-content/uploads/2025/07/1751829454-Smart-warehousing800x500.webp HTTP/1.1" 200 79504 "http://cqqizhou.com/services/" "Mozilla/5.0 (Windows NT 10.0; Win64; x64) AppleWebKit/537.36 (KHTML, like Gecko) Chrome/124.0.0.0 Safari/537.36 SLBrowser/9.0.6.8151 SLBChan/112 SLBVPV/64-bit"
113.207.43.117 - - [22/Sep/2025:14:56:31 +0800] "GET /wp-content/uploads/2025/07/1751829518-Precision-processing-services800x500.webp HTTP/1.1" 200 28964 "http://cqqizhou.com/services/" "Mozilla/5.0 (Windows NT 10.0; Win64; x64) AppleWebKit/537.36 (KHTML, like Gecko) Chrome/124.0.0.0 Safari/537.36 SLBrowser/9.0.6.8151 SLBChan/112 SLBVPV/64-bit"
113.207.43.117 - - [22/Sep/2025:14:56:31 +0800] "GET /wp-content/uploads/2025/07/1751857929-3D-one-stop-supply-chain-service-W900px2.webp HTTP/1.1" 200 38362 "http://cqqizhou.com/services/" "Mozilla/5.0 (Windows NT 10.0; Win64; x64) AppleWebKit/537.36 (KHTML, like Gecko) Chrome/124.0.0.0 Safari/537.36 SLBrowser/9.0.6.8151 SLBChan/112 SLBVPV/64-bit"
113.207.43.117 - - [22/Sep/2025:14:56:31 +0800] "GET /wp-content/uploads/2025/07/1753405252-Services_Banner2000%C3%97400px2.webp HTTP/1.1" 200 23730 "http://cqqizhou.com/services/" "Mozilla/5.0 (Windows NT 10.0; Win64; x64) AppleWebKit/537.36 (KHTML, like Gecko) Chrome/124.0.0.0 Safari/537.36 SLBrowser/9.0.6.8151 SLBChan/112 SLBVPV/64-bit"
113.207.43.117 - - [22/Sep/2025:14:59:22 +0800] "GET /logistics/ HTTP/1.1" 200 22410 "http://cqqizhou.com/services/" "Mozilla/5.0 (Windows NT 10.0; Win64; x64) AppleWebKit/537.36 (KHTML, like Gecko) Chrome/124.0.0.0 Safari/537.36 SLBrowser/9.0.6.8151 SLBChan/112 SLBVPV/64-bit"
113.207.43.117 - - [22/Sep/2025:14:59:22 +0800] "GET /wp-content/uploads/2025/07/1751864664-Logistics800x500_1.webp HTTP/1.1" 200 76914 "http://cqqizhou.com/logistics/" "Mozilla/5.0 (Windows NT 10.0; Win64; x64) AppleWebKit/537.36 (KHTML, like Gecko) Chrome/124.0.0.0 Safari/537.36 SLBrowser/9.0.6.8151 SLBChan/112 SLBVPV/64-bit"
113.207.43.117 - - [22/Sep/2025:14:59:22 +0800] "GET /wp-content/uploads/2025/07/1751864682-Logistics800x500_2.webp HTTP/1.1" 200 27420 "http://cqqizhou.com/logistics/" "Mozilla/5.0 (Windows NT 10.0; Win64; x64) AppleWebKit/537.36 (KHTML, like Gecko) Chrome/124.0.0.0 Safari/537.36 SLBrowser/9.0.6.8151 SLBChan/112 SLBVPV/64-bit"
113.207.43.117 - - [22/Sep/2025:14:59:22 +0800] "GET /wp-content/uploads/2025/07/1753407887-Logistics_Banner2000%C3%97400px-%E6%8B%B7%E8%B4%9D.webp HTTP/1.1" 200 18866 "http://cqqizhou.com/logistics/" "Mozilla/5.0 (Windows NT 10.0; Win64; x64) AppleWebKit/537.36 (KHTML, like Gecko) Chrome/124.0.0.0 Safari/537.36 SLBrowser/9.0.6.8151 SLBChan/112 SLBVPV/64-bit"
36.133.115.36 - - [22/Sep/2025:15:04:19 +0800] "POST /wp-cron.php?doing_wp_cron=1758524659.4305460453033447265625 HTTP/1.1" 200 31 "-" "WordPress/6.8.2; http://cqqizhou.com"
35.203.210.135 - - [22/Sep/2025:15:04:19 +0800] "GET / HTTP/1.1" 200 33468 "-" "Hello from Palo Alto Networks, find out more about our scans in https://docs-cortex.paloaltonetworks.com/r/1/Cortex-Xpanse/Scanning-activity"
36.133.115.36 - - [22/Sep/2025:15:08:37 +0800] "POST /wp-cron.php?doing_wp_cron=1758524916.9712619781494140625000 HTTP/1.1" 200 31 "-" "WordPress/6.8.2; http://cqqizhou.com"
87.120.191.70 - - [22/Sep/2025:15:08:37 +0800] "GET / HTTP/1.1" 200 33468 "-" "Mozilla/5.0 (Windows NT 10.0; Win64; x64) AppleWebKit/537.36 (KHTML, like Gecko) Chrome/90.0.4430.85 Safari/537.36 Edg/90.0.818.46"
36.133.115.36 - - [22/Sep/2025:15:10:20 +0800] "POST /wp-cron.php?doing_wp_cron=1758525020.4971530437469482421875 HTTP/1.1" 200 31 "-" "WordPress/6.8.2; http://cqqizhou.com"
192.155.90.118 - - [22/Sep/2025:15:10:20 +0800] "GET / HTTP/1.1" 301 5 "-" "Mozilla/5.0 (Macintosh; Intel Mac OS X 13_1) AppleWebKit/537.36 (KHTML, like Gecko) Chrome/108.0.0.0 Safari/537.36"
192.155.90.118 - - [22/Sep/2025:15:10:21 +0800] "GET / HTTP/1.1" 200 39369 "http://36.133.115.36/" "Mozilla/5.0 (Macintosh; Intel Mac OS X 13_1) AppleWebKit/537.36 (KHTML, like Gecko) Chrome/108.0.0.0 Safari/537.36"
36.133.115.36 - - [22/Sep/2025:15:20:25 +0800] "POST /wp-cron.php?doing_wp_cron=1758525625.3092739582061767578125 HTTP/1.1" 200 31 "-" "WordPress/6.8.2; http://cqqizhou.com"
20.118.217.181 - - [22/Sep/2025:15:20:25 +0800] "GET /actuator/health HTTP/1.1" 404 8990 "-" "Mozilla/5.0 zgrab/0.x"
92.222.181.205 - - [22/Sep/2025:15:20:30 +0800] "POST /xmlrpc.php HTTP/1.1" 200 217 "-" "Mozilla/5.0 (X11; Ubuntu; Linux x86_64; rv:85.0) Gecko/20100101 Firefox/91.0"
36.133.115.36 - - [22/Sep/2025:15:21:12 +0800] "POST /wp-cron.php?doing_wp_cron=1758525672.8917899131774902343750 HTTP/1.1" 200 31 "-" "WordPress/6.8.2; http://cqqizhou.com"
103.252.89.69 - - [22/Sep/2025:15:21:32 +0800] "GET / HTTP/1.1" 200 109837 "-" "-"
43.157.52.37 - - [22/Sep/2025:15:21:45 +0800] "GET / HTTP/1.1" 301 5 "-" "Mozilla/5.0 (iPhone; CPU iPhone OS 13_2_3 like Mac OS X) AppleWebKit/605.1.15 (KHTML, like Gecko) Version/13.0.3 Mobile/15E148 Safari/604.1"
36.133.115.36 - - [22/Sep/2025:15:21:47 +0800] "POST /wp-cron.php?doing_wp_cron=1758525707.4778668880462646484375 HTTP/1.1" 200 31 "-" "WordPress/6.8.2; http://cqqizhou.com"
43.157.52.37 - - [22/Sep/2025:15:21:47 +0800] "GET / HTTP/1.1" 200 33469 "http://36.133.115.36" "Mozilla/5.0 (iPhone; CPU iPhone OS 13_2_3 like Mac OS X) AppleWebKit/605.1.15 (KHTML, like Gecko) Version/13.0.3 Mobile/15E148 Safari/604.1"
36.133.115.36 - - [22/Sep/2025:15:31:41 +0800] "POST /wp-cron.php?doing_wp_cron=1758526301.1539890766143798828125 HTTP/1.1" 200 31 "-" "WordPress/6.8.2; http://cqqizhou.com"
104.131.50.21 - - [22/Sep/2025:15:31:41 +0800] "GET /.git/config HTTP/1.1" 404 8990 "-" "Mozilla/5.0 (X11; Linux x86_64) AppleWebKit/537.36 (KHTML, like Gecko) Chrome/81.0.4044.129 Safari/537.36"
36.133.115.36 - - [22/Sep/2025:15:48:34 +0800] "POST /wp-cron.php?doing_wp_cron=1758527314.3131299018859863281250 HTTP/1.1" 200 31 "-" "WordPress/6.8.2; http://cqqizhou.com"
45.142.193.144 - - [22/Sep/2025:15:48:34 +0800] "GET / HTTP/1.1" 200 33467 "-" "Mozilla/5.0 (Windows NT 10.0; Win64; x64) AppleWebKit/537.36 (KHTML, like Gecko) Chrome/90.0.4430.85 Safari/537.36 Edg/90.0.818.46"
36.133.115.36 - - [22/Sep/2025:15:57:42 +0800] "POST /wp-cron.php?doing_wp_cron=1758527862.0077409744262695312500 HTTP/1.1" 200 31 "-" "WordPress/6.8.2; http://cqqizhou.com"
50.30.32.22 - - [22/Sep/2025:15:57:42 +0800] "POST /xmlrpc.php HTTP/1.1" 200 217 "-" "Mozilla/5.0 (X11; Ubuntu; Linux x86_64; rv:85.0) Gecko/20100101 Firefox/91.0"
36.133.115.36 - - [22/Sep/2025:16:03:05 +0800] "POST /wp-cron.php?doing_wp_cron=1758528185.1977889537811279296875 HTTP/1.1" 200 31 "-" "WordPress/6.8.2; http://cqqizhou.com"
87.120.191.70 - - [22/Sep/2025:16:03:05 +0800] "GET / HTTP/1.1" 200 33468 "-" "Mozilla/5.0 (Windows NT 10.0; Win64; x64) AppleWebKit/537.36 (KHTML, like Gecko) Chrome/90.0.4430.85 Safari/537.36 Edg/90.0.818.46"
36.133.115.36 - - [22/Sep/2025:16:12:01 +0800] "POST /wp-cron.php?doing_wp_cron=1758528721.1340858936309814453125 HTTP/1.1" 200 31 "-" "WordPress/6.8.2; http://cqqizhou.com"
176.65.149.245 - - [22/Sep/2025:16:12:01 +0800] "GET / HTTP/1.1" 200 33468 "-" "Mozilla/5.0 (Windows NT 10.0; Win64; x64) AppleWebKit/537.36 (KHTML, like Gecko) Chrome/90.0.4430.85 Safari/537.36 Edg/90.0.818.46"
36.133.115.36 - - [22/Sep/2025:16:35:22 +0800] "POST /wp-cron.php?doing_wp_cron=1758530122.3184540271759033203125 HTTP/1.1" 200 31 "-" "WordPress/6.8.2; http://cqqizhou.com"
165.22.114.2 - - [22/Sep/2025:16:35:22 +0800] "GET / HTTP/1.1" 301 5 "-" "Mozilla/5.0 (X11; Linux x86_64) AppleWebKit/537.36 (KHTML, like Gecko) Chrome/139.0.0.0 Safari/537.36"
36.133.115.36 - - [22/Sep/2025:16:38:29 +0800] "POST /wp-cron.php?doing_wp_cron=1758530309.9514360427856445312500 HTTP/1.1" 200 31 "-" "WordPress/6.8.2; http://cqqizhou.com"
45.142.193.144 - - [22/Sep/2025:16:38:30 +0800] "GET / HTTP/1.1" 200 33468 "-" "Mozilla/5.0 (Windows NT 10.0; Win64; x64) AppleWebKit/537.36 (KHTML, like Gecko) Chrome/90.0.4430.85 Safari/537.36 Edg/90.0.818.46"
36.133.115.36 - - [22/Sep/2025:16:39:35 +0800] "POST /wp-cron.php?doing_wp_cron=1758530375.2073640823364257812500 HTTP/1.1" 200 31 "-" "WordPress/6.8.2; http://cqqizhou.com"
51.210.194.206 - - [22/Sep/2025:16:39:35 +0800] "POST /xmlrpc.php HTTP/1.1" 200 217 "-" "Mozilla/5.0 (X11; Ubuntu; Linux x86_64; rv:85.0) Gecko/20100101 Firefox/91.0"
36.133.115.36 - - [22/Sep/2025:17:01:20 +0800] "POST /wp-cron.php?doing_wp_cron=1758531680.5743460655212402343750 HTTP/1.1" 200 31 "-" "WordPress/6.8.2; http://cqqizhou.com"
87.120.191.70 - - [22/Sep/2025:17:01:20 +0800] "GET / HTTP/1.1" 200 33468 "-" "Mozilla/5.0 (Windows NT 10.0; Win64; x64) AppleWebKit/537.36 (KHTML, like Gecko) Chrome/90.0.4430.85 Safari/537.36 Edg/90.0.818.46"
36.133.115.36 - - [22/Sep/2025:17:03:41 +0800] "POST /wp-cron.php?doing_wp_cron=1758531821.4199569225311279296875 HTTP/1.1" 200 31 "-" "WordPress/6.8.2; http://cqqizhou.com"
182.42.105.144 - - [22/Sep/2025:17:03:41 +0800] "GET / HTTP/1.1" 301 5 "-" "Mozilla/5.0 (iPhone; CPU iPhone OS 13_2_3 like Mac OS X) AppleWebKit/605.1.15 (KHTML, like Gecko) Version/13.0.3 Mobile/15E148 Safari/604.1"
182.42.105.144 - - [22/Sep/2025:17:03:44 +0800] "GET / HTTP/1.1" 200 33468 "http://www.cqqizhou.com" "Mozilla/5.0 (iPhone; CPU iPhone OS 13_2_3 like Mac OS X) AppleWebKit/605.1.15 (KHTML, like Gecko) Version/13.0.3 Mobile/15E148 Safari/604.1"
36.133.115.36 - - [22/Sep/2025:17:05:03 +0800] "POST /wp-cron.php?doing_wp_cron=1758531903.2653429508209228515625 HTTP/1.1" 200 31 "-" "WordPress/6.8.2; http://cqqizhou.com"
149.50.103.48 - - [22/Sep/2025:17:05:03 +0800] "GET / HTTP/1.1" 200 33468 "-" "Mozilla/5.0 (Windows NT 10.0; Win64; x64) AppleWebKit/537.36 (KHTML, like Gecko) Chrome/90.0.4430.85 Safari/537.36 Edg/90.0.818.46"
116.179.32.83 - - [22/Sep/2025:17:05:35 +0800] "GET /wp-content/uploads/2025/07/1750649189-qizhou1920x1080_4.webp HTTP/1.1" 200 174962 "-" "Baiduspider-image+(+http://www.baidu.com/search/spider.htm)"
36.133.115.36 - - [22/Sep/2025:17:05:51 +0800] "POST /wp-cron.php?doing_wp_cron=1758531951.8945848941802978515625 HTTP/1.1" 200 31 "-" "WordPress/6.8.2; http://cqqizhou.com"
220.181.51.92 - - [22/Sep/2025:17:05:51 +0800] "GET /robots.txt HTTP/1.1" 200 190 "-" "Mozilla/5.0 (Windows NT 10.0; WOW64) AppleWebKit/537.36 (KHTML, like Gecko) Chrome/48.0.2564.116 Safari/537.36"
36.133.115.36 - - [22/Sep/2025:17:17:04 +0800] "POST /wp-cron.php?doing_wp_cron=1758532624.3507170677185058593750 HTTP/1.1" 200 31 "-" "WordPress/6.8.2; http://cqqizhou.com"
176.65.149.245 - - [22/Sep/2025:17:17:04 +0800] "GET / HTTP/1.1" 200 33469 "-" "Mozilla/5.0 (Windows NT 10.0; Win64; x64) AppleWebKit/537.36 (KHTML, like Gecko) Chrome/90.0.4430.85 Safari/537.36 Edg/90.0.818.46"
36.133.115.36 - - [22/Sep/2025:17:26:51 +0800] "POST /wp-cron.php?doing_wp_cron=1758533211.6457190513610839843750 HTTP/1.1" 200 31 "-" "WordPress/6.8.2; http://cqqizhou.com"
112.196.0.228 - - [22/Sep/2025:17:26:53 +0800] "POST /xmlrpc.php HTTP/1.1" 200 217 "-" "Mozilla/5.0 (X11; Ubuntu; Linux x86_64; rv:85.0) Gecko/20100101 Firefox/91.0"
36.133.115.36 - - [22/Sep/2025:17:37:03 +0800] "POST /wp-cron.php?doing_wp_cron=1758533823.7354919910430908203125 HTTP/1.1" 200 31 "-" "WordPress/6.8.2; http://cqqizhou.com"
43.128.156.124 - - [22/Sep/2025:17:37:04 +0800] "GET / HTTP/1.1" 200 33468 "-" "Mozilla/5.0 (iPhone; CPU iPhone OS 13_2_3 like Mac OS X) AppleWebKit/605.1.15 (KHTML, like Gecko) Version/13.0.3 Mobile/15E148 Safari/604.1"
36.133.115.36 - - [22/Sep/2025:18:01:28 +0800] "POST /wp-cron.php?doing_wp_cron=1758535288.5026490688323974609375 HTTP/1.1" 200 31 "-" "WordPress/6.8.2; http://cqqizhou.com"
87.120.191.70 - - [22/Sep/2025:18:01:28 +0800] "GET / HTTP/1.1" 200 33468 "-" "Mozilla/5.0 (Windows NT 10.0; Win64; x64) AppleWebKit/537.36 (KHTML, like Gecko) Chrome/90.0.4430.85 Safari/537.36 Edg/90.0.818.46"
36.133.115.36 - - [22/Sep/2025:18:12:59 +0800] "POST /wp-cron.php?doing_wp_cron=1758535979.5138258934020996093750 HTTP/1.1" 200 31 "-" "WordPress/6.8.2; http://cqqizhou.com"
91.224.92.17 - - [22/Sep/2025:18:13:05 +0800] "GET / HTTP/1.1" 200 96805 "-" "-"
36.133.115.36 - - [22/Sep/2025:18:20:35 +0800] "POST /wp-cron.php?doing_wp_cron=1758536435.9451909065246582031250 HTTP/1.1" 200 31 "-" "WordPress/6.8.2; http://cqqizhou.com"
112.196.0.228 - - [22/Sep/2025:18:20:36 +0800] "POST /xmlrpc.php HTTP/1.1" 200 217 "-" "Mozilla/5.0 (X11; Ubuntu; Linux x86_64; rv:85.0) Gecko/20100101 Firefox/91.0"
36.133.115.36 - - [22/Sep/2025:18:33:13 +0800] "POST /wp-cron.php?doing_wp_cron=1758537193.0765430927276611328125 HTTP/1.1" 200 31 "-" "WordPress/6.8.2; http://cqqizhou.com"
45.142.193.144 - - [22/Sep/2025:18:33:13 +0800] "GET / HTTP/1.1" 200 33468 "-" "Mozilla/5.0 (Windows NT 10.0; Win64; x64) AppleWebKit/537.36 (KHTML, like Gecko) Chrome/90.0.4430.85 Safari/537.36 Edg/90.0.818.46"
36.133.115.36 - - [22/Sep/2025:18:48:18 +0800] "POST /wp-cron.php?doing_wp_cron=1758538098.2060449123382568359375 HTTP/1.1" 200 31 "-" "WordPress/6.8.2; http://cqqizhou.com"
43.135.133.241 - - [22/Sep/2025:18:48:18 +0800] "GET / HTTP/1.1" 200 33468 "-" "Mozilla/5.0 (iPhone; CPU iPhone OS 13_2_3 like Mac OS X) AppleWebKit/605.1.15 (KHTML, like Gecko) Version/13.0.3 Mobile/15E148 Safari/604.1"
45.135.193.100 - - [22/Sep/2025:18:48:32 +0800] "GET / HTTP/1.1" 200 151919 "-" "-"
36.133.115.36 - - [22/Sep/2025:18:59:05 +0800] "POST /wp-cron.php?doing_wp_cron=1758538745.6304509639739990234375 HTTP/1.1" 200 31 "-" "WordPress/6.8.2; http://cqqizhou.com"
45.142.193.144 - - [22/Sep/2025:18:59:05 +0800] "GET / HTTP/1.1" 200 33468 "-" "Mozilla/5.0 (Windows NT 10.0; Win64; x64) AppleWebKit/537.36 (KHTML, like Gecko) Chrome/90.0.4430.85 Safari/537.36 Edg/90.0.818.46"
36.133.115.36 - - [22/Sep/2025:19:08:53 +0800] "POST /wp-cron.php?doing_wp_cron=1758539333.0433409214019775390625 HTTP/1.1" 200 31 "-" "WordPress/6.8.2; http://cqqizhou.com"
87.120.191.70 - - [22/Sep/2025:19:08:53 +0800] "GET / HTTP/1.1" 200 33468 "-" "Mozilla/5.0 (Windows NT 10.0; Win64; x64) AppleWebKit/537.36 (KHTML, like Gecko) Chrome/90.0.4430.85 Safari/537.36 Edg/90.0.818.46"
36.133.115.36 - - [22/Sep/2025:19:16:57 +0800] "POST /wp-cron.php?doing_wp_cron=1758539816.9954719543457031250000 HTTP/1.1" 200 31 "-" "WordPress/6.8.2; http://cqqizhou.com"
176.65.148.40 - - [22/Sep/2025:19:16:57 +0800] "GET / HTTP/1.1" 200 33468 "-" "Mozilla/5.0 (Windows NT 10.0; Win64; x64) AppleWebKit/537.36 (KHTML, like Gecko) Chrome/90.0.4430.85 Safari/537.36 Edg/90.0.818.46"
36.133.115.36 - - [22/Sep/2025:19:21:31 +0800] "POST /wp-cron.php?doing_wp_cron=1758540091.0676150321960449218750 HTTP/1.1" 200 31 "-" "WordPress/6.8.2; http://cqqizhou.com"
20.205.110.167 - - [22/Sep/2025:19:21:31 +0800] "POST /xmlrpc.php HTTP/1.1" 200 217 "-" "Mozilla/5.0 (X11; Ubuntu; Linux x86_64; rv:85.0) Gecko/20100101 Firefox/91.0"
36.133.115.36 - - [22/Sep/2025:19:37:20 +0800] "POST /wp-cron.php?doing_wp_cron=1758541040.1340670585632324218750 HTTP/1.1" 200 31 "-" "WordPress/6.8.2; http://cqqizhou.com"
149.50.103.48 - - [22/Sep/2025:19:37:20 +0800] "GET / HTTP/1.1" 200 33468 "-" "Mozilla/5.0 (Windows NT 10.0; Win64; x64) AppleWebKit/537.36 (KHTML, like Gecko) Chrome/90.0.4430.85 Safari/537.36 Edg/90.0.818.46"
34.35.86.237 - - [22/Sep/2025:19:50:38 +0800] "GET /wp-content/themes/travelscape/json.php HTTP/1.1" 404 47 "-" "Mozilla/5.0 (Windows NT 10.0; Win64; x64) AppleWebKit/537.36 (KHTML, like Gecko) Chrome/91.0.4472.124 Safari/537.36"
34.35.86.237 - - [22/Sep/2025:19:50:39 +0800] "GET /wp-content/themes/aahana/json.php HTTP/1.1" 404 47 "-" "Mozilla/5.0 (Windows NT 10.0; Win64; x64) AppleWebKit/537.36 (KHTML, like Gecko) Chrome/91.0.4472.124 Safari/537.36"
34.35.86.237 - - [22/Sep/2025:19:50:39 +0800] "GET /wp-content/themes/travel/issue.php HTTP/1.1" 404 47 "-" "Mozilla/5.0 (Windows NT 10.0; Win64; x64) AppleWebKit/537.36 (KHTML, like Gecko) Chrome/91.0.4472.124 Safari/537.36"
34.35.86.237 - - [22/Sep/2025:19:50:40 +0800] "GET /about.php HTTP/1.1" 404 47 "-" "Mozilla/5.0 (Windows NT 10.0; Win64; x64) AppleWebKit/537.36 (KHTML, like Gecko) Chrome/91.0.4472.124 Safari/537.36"
34.35.86.237 - - [22/Sep/2025:19:50:41 +0800] "GET /wp-content/themes/digital-download/new.php HTTP/1.1" 404 47 "-" "Mozilla/5.0 (Windows NT 10.0; Win64; x64) AppleWebKit/537.36 (KHTML, like Gecko) Chrome/91.0.4472.124 Safari/537.36"
34.35.86.237 - - [22/Sep/2025:19:50:41 +0800] "GET /epinyins.php HTTP/1.1" 404 47 "-" "Mozilla/5.0 (Windows NT 10.0; Win64; x64) AppleWebKit/537.36 (KHTML, like Gecko) Chrome/91.0.4472.124 Safari/537.36"
34.35.86.237 - - [22/Sep/2025:19:50:42 +0800] "GET /wp-admin/dropdown.php HTTP/1.1" 404 47 "-" "Mozilla/5.0 (Windows NT 10.0; Win64; x64) AppleWebKit/537.36 (KHTML, like Gecko) Chrome/91.0.4472.124 Safari/537.36"
34.35.86.237 - - [22/Sep/2025:19:50:43 +0800] "GET /wp-content/plugins/dummyyummy/wp-signup.php HTTP/1.1" 404 47 "-" "Mozilla/5.0 (Windows NT 10.0; Win64; x64) AppleWebKit/537.36 (KHTML, like Gecko) Chrome/91.0.4472.124 Safari/537.36"
34.35.86.237 - - [22/Sep/2025:19:50:43 +0800] "GET /wp-content/plugins/w0rdpr3ssnew/wp-login.php HTTP/1.1" 404 47 "-" "Mozilla/5.0 (Windows NT 10.0; Win64; x64) AppleWebKit/537.36 (KHTML, like Gecko) Chrome/91.0.4472.124 Safari/537.36"
34.35.86.237 - - [22/Sep/2025:19:50:44 +0800] "GET /wp-content/plugins/ccx/index.php HTTP/1.1" 404 47 "-" "Mozilla/5.0 (Windows NT 10.0; Win64; x64) AppleWebKit/537.36 (KHTML, like Gecko) Chrome/91.0.4472.124 Safari/537.36"
34.35.86.237 - - [22/Sep/2025:19:50:45 +0800] "GET /fosil.php HTTP/1.1" 404 47 "-" "Mozilla/5.0 (Windows NT 10.0; Win64; x64) AppleWebKit/537.36 (KHTML, like Gecko) Chrome/91.0.4472.124 Safari/537.36"
34.35.86.237 - - [22/Sep/2025:19:50:46 +0800] "GET /wp-content/plugins/content-management/content.php HTTP/1.1" 404 47 "-" "Mozilla/5.0 (Windows NT 10.0; Win64; x64) AppleWebKit/537.36 (KHTML, like Gecko) Chrome/91.0.4472.124 Safari/537.36"
34.35.86.237 - - [22/Sep/2025:19:50:47 +0800] "GET /ws.php HTTP/1.1" 404 47 "-" "Mozilla/5.0 (Windows NT 10.0; Win64; x64) AppleWebKit/537.36 (KHTML, like Gecko) Chrome/91.0.4472.124 Safari/537.36"
34.35.86.237 - - [22/Sep/2025:19:50:48 +0800] "GET /wp-admin/user/wp-login.php HTTP/1.1" 404 47 "-" "Mozilla/5.0 (Windows NT 10.0; Win64; x64) AppleWebKit/537.36 (KHTML, like Gecko) Chrome/91.0.4472.124 Safari/537.36"
34.35.86.237 - - [22/Sep/2025:19:50:48 +0800] "GET /wp-includes/images/wp-login.php HTTP/1.1" 404 47 "-" "Mozilla/5.0 (Windows NT 10.0; Win64; x64) AppleWebKit/537.36 (KHTML, like Gecko) Chrome/91.0.4472.124 Safari/537.36"
34.35.86.237 - - [22/Sep/2025:19:50:49 +0800] "GET /xt/index.php HTTP/1.1" 404 47 "-" "Mozilla/5.0 (Windows NT 10.0; Win64; x64) AppleWebKit/537.36 (KHTML, like Gecko) Chrome/91.0.4472.124 Safari/537.36"
34.35.86.237 - - [22/Sep/2025:19:50:50 +0800] "GET /xleet-shell.php HTTP/1.1" 404 47 "-" "Mozilla/5.0 (Windows NT 10.0; Win64; x64) AppleWebKit/537.36 (KHTML, like Gecko) Chrome/91.0.4472.124 Safari/537.36"
34.35.86.237 - - [22/Sep/2025:19:50:51 +0800] "GET /xleet.php HTTP/1.1" 404 47 "-" "Mozilla/5.0 (Windows NT 10.0; Win64; x64) AppleWebKit/537.36 (KHTML, like Gecko) Chrome/91.0.4472.124 Safari/537.36"
34.35.86.237 - - [22/Sep/2025:19:50:51 +0800] "GET /.well-known/pki-validation/wp-login.php HTTP/1.1" 404 47 "-" "Mozilla/5.0 (Windows NT 10.0; Win64; x64) AppleWebKit/537.36 (KHTML, like Gecko) Chrome/91.0.4472.124 Safari/537.36"
34.35.86.237 - - [22/Sep/2025:19:50:52 +0800] "GET /wp-admin/wp-login.php HTTP/1.1" 404 47 "-" "Mozilla/5.0 (Windows NT 10.0; Win64; x64) AppleWebKit/537.36 (KHTML, like Gecko) Chrome/91.0.4472.124 Safari/537.36"
34.35.86.237 - - [22/Sep/2025:19:50:53 +0800] "GET /cgi-bin/wp-login.php HTTP/1.1" 404 47 "-" "Mozilla/5.0 (Windows NT 10.0; Win64; x64) AppleWebKit/537.36 (KHTML, like Gecko) Chrome/91.0.4472.124 Safari/537.36"
34.35.86.237 - - [22/Sep/2025:19:50:54 +0800] "GET /.wp-cli/wp-login.php HTTP/1.1" 404 47 "-" "Mozilla/5.0 (Windows NT 10.0; Win64; x64) AppleWebKit/537.36 (KHTML, like Gecko) Chrome/91.0.4472.124 Safari/537.36"
34.35.86.237 - - [22/Sep/2025:19:50:55 +0800] "GET /wp-content/uploads/wp-login.php HTTP/1.1" 404 47 "-" "Mozilla/5.0 (Windows NT 10.0; Win64; x64) AppleWebKit/537.36 (KHTML, like Gecko) Chrome/91.0.4472.124 Safari/537.36"
34.35.86.237 - - [22/Sep/2025:19:50:56 +0800] "GET /vendor/phpunit/phpunit/src/Util/PHP/eval-stdin.php HTTP/1.1" 404 47 "-" "Mozilla/5.0 (Windows NT 10.0; Win64; x64) AppleWebKit/537.36 (KHTML, like Gecko) Chrome/91.0.4472.124 Safari/537.36"
36.133.115.36 - - [22/Sep/2025:19:50:57 +0800] "POST /wp-cron.php?doing_wp_cron=1758541857.8083291053771972656250 HTTP/1.1" 200 31 "-" "WordPress/6.8.2; http://cqqizhou.com"
34.35.86.237 - - [22/Sep/2025:19:50:57 +0800] "GET /wp-config.php HTTP/1.1" 200 31 "-" "Mozilla/5.0 (Windows NT 10.0; Win64; x64) AppleWebKit/537.36 (KHTML, like Gecko) Chrome/91.0.4472.124 Safari/537.36"
34.35.86.237 - - [22/Sep/2025:19:50:59 +0800] "GET /wp-config.php.bak HTTP/1.1" 404 8990 "-" "Mozilla/5.0 (Windows NT 10.0; Win64; x64) AppleWebKit/537.36 (KHTML, like Gecko) Chrome/91.0.4472.124 Safari/537.36"
34.35.86.237 - - [22/Sep/2025:19:51:00 +0800] "GET /wp-config.php.old HTTP/1.1" 404 8989 "-" "Mozilla/5.0 (Windows NT 10.0; Win64; x64) AppleWebKit/537.36 (KHTML, like Gecko) Chrome/91.0.4472.124 Safari/537.36"
34.35.86.237 - - [22/Sep/2025:19:51:02 +0800] "GET /wp-config.php.save HTTP/1.1" 404 8990 "-" "Mozilla/5.0 (Windows NT 10.0; Win64; x64) AppleWebKit/537.36 (KHTML, like Gecko) Chrome/91.0.4472.124 Safari/537.36"
34.35.86.237 - - [22/Sep/2025:19:51:03 +0800] "GET /wp-config.php.dist HTTP/1.1" 404 8990 "-" "Mozilla/5.0 (Windows NT 10.0; Win64; x64) AppleWebKit/537.36 (KHTML, like Gecko) Chrome/91.0.4472.124 Safari/537.36"
34.35.86.237 - - [22/Sep/2025:19:51:05 +0800] "GET /debug.log HTTP/1.1" 404 8990 "-" "Mozilla/5.0 (Windows NT 10.0; Win64; x64) AppleWebKit/537.36 (KHTML, like Gecko) Chrome/91.0.4472.124 Safari/537.36"
34.35.86.237 - - [22/Sep/2025:19:51:06 +0800] "POST /xmlrpc.php HTTP/1.1" 200 217 "-" "Mozilla/5.0 (Windows NT 10.0; Win64; x64) AppleWebKit/537.36 (KHTML, like Gecko) Chrome/91.0.4472.124 Safari/537.36"
34.35.86.237 - - [22/Sep/2025:19:51:07 +0800] "POST /xmlrpc.php HTTP/1.1" 200 217 "-" "Mozilla/5.0 (Windows NT 10.0; Win64; x64) AppleWebKit/537.36 (KHTML, like Gecko) Chrome/91.0.4472.124 Safari/537.36"
36.133.115.36 - - [22/Sep/2025:19:55:25 +0800] "POST /wp-cron.php?doing_wp_cron=1758542125.9195981025695800781250 HTTP/1.1" 200 31 "-" "WordPress/6.8.2; http://cqqizhou.com"
71.6.232.20 - - [22/Sep/2025:19:55:25 +0800] "GET / HTTP/1.1" 301 5 "-" "Mozilla/5.0 (Windows NT 10.0; Win64; x64) AppleWebKit/537.36 (KHTML, like Gecko) Chrome/134.0.0.0 Safari/537.36"
36.133.115.36 - - [22/Sep/2025:20:04:49 +0800] "POST /wp-cron.php?doing_wp_cron=1758542689.8985190391540527343750 HTTP/1.1" 200 31 "-" "WordPress/6.8.2; http://cqqizhou.com"
87.120.191.70 - - [22/Sep/2025:20:04:50 +0800] "GET / HTTP/1.1" 200 33466 "-" "Mozilla/5.0 (Windows NT 10.0; Win64; x64) AppleWebKit/537.36 (KHTML, like Gecko) Chrome/90.0.4430.85 Safari/537.36 Edg/90.0.818.46"
36.133.115.36 - - [22/Sep/2025:20:06:35 +0800] "POST /wp-cron.php?doing_wp_cron=1758542795.6918299198150634765625 HTTP/1.1" 200 31 "-" "WordPress/6.8.2; http://cqqizhou.com"
60.191.125.35 - - [22/Sep/2025:20:06:35 +0800] "HEAD http://112.124.42.80:63435/ HTTP/1.1" 200 0 "-" "Mozilla/5.0 (Macintosh; Intel Mac OS X 10_11_6) AppleWebKit/537.36 (KHTML, like Gecko) Chrome/53.0.2785.143 Safari/537.36"
36.133.115.36 - - [22/Sep/2025:20:22:10 +0800] "POST /wp-cron.php?doing_wp_cron=1758543730.1671829223632812500000 HTTP/1.1" 200 31 "-" "WordPress/6.8.2; http://cqqizhou.com"
45.142.193.144 - - [22/Sep/2025:20:22:10 +0800] "GET / HTTP/1.1" 200 33465 "-" "Mozilla/5.0 (Windows NT 10.0; Win64; x64) AppleWebKit/537.36 (KHTML, like Gecko) Chrome/90.0.4430.85 Safari/537.36 Edg/90.0.818.46"
36.133.115.36 - - [22/Sep/2025:20:27:12 +0800] "POST /wp-cron.php?doing_wp_cron=1758544032.5713369846343994140625 HTTP/1.1" 200 31 "-" "WordPress/6.8.2; http://cqqizhou.com"
183.134.59.134 - - [22/Sep/2025:20:27:12 +0800] "GET / HTTP/1.1" 301 5 "-" "Dalvik/2.1.0 (Linux; U; Android 9.0; ZTE BA520 Build/MRA58K)"
183.134.59.134 - - [22/Sep/2025:20:27:13 +0800] "GET / HTTP/1.1" 200 33466 "-" "Dalvik/2.1.0 (Linux; U; Android 9.0; ZTE BA520 Build/MRA58K)"
36.133.115.36 - - [22/Sep/2025:20:28:13 +0800] "POST /wp-cron.php?doing_wp_cron=1758544093.4215719699859619140625 HTTP/1.1" 200 31 "-" "WordPress/6.8.2; http://cqqizhou.com"
183.134.59.134 - - [22/Sep/2025:20:28:13 +0800] "GET / HTTP/1.1" 301 5 "-" "Mozilla/5.0 (Windows; U; Windows NT 5.0; de; rv:1.8.0.11) Gecko/20070312 Firefox/1.5.0.11"
36.133.115.36 - - [22/Sep/2025:20:28:53 +0800] "POST /wp-cron.php?doing_wp_cron=1758544132.9661839008331298828125 HTTP/1.1" 200 31 "-" "WordPress/6.8.2; http://cqqizhou.com"
115.79.32.136 - - [22/Sep/2025:20:28:53 +0800] "POST /xmlrpc.php HTTP/1.1" 200 217 "-" "Mozilla/5.0 (X11; Ubuntu; Linux x86_64; rv:85.0) Gecko/20100101 Firefox/91.0"
43.135.135.57 - - [22/Sep/2025:20:29:07 +0800] "GET / HTTP/1.1" 301 5 "-" "Mozilla/5.0 (iPhone; CPU iPhone OS 13_2_3 like Mac OS X) AppleWebKit/605.1.15 (KHTML, like Gecko) Version/13.0.3 Mobile/15E148 Safari/604.1"
43.135.135.57 - - [22/Sep/2025:20:29:11 +0800] "GET / HTTP/1.1" 200 33466 "http://www.cqqizhou.com" "Mozilla/5.0 (iPhone; CPU iPhone OS 13_2_3 like Mac OS X) AppleWebKit/605.1.15 (KHTML, like Gecko) Version/13.0.3 Mobile/15E148 Safari/604.1"
36.133.115.36 - - [22/Sep/2025:20:31:53 +0800] "POST /wp-cron.php?doing_wp_cron=1758544313.7480659484863281250000 HTTP/1.1" 200 31 "-" "WordPress/6.8.2; http://cqqizhou.com"
183.134.59.134 - - [22/Sep/2025:20:31:53 +0800] "GET / HTTP/1.1" 301 5 "-" "Mozilla/5.0 (Macintosh; Intel Mac OS X 10_11) AppleWebKit/601.1.27 (KHTML, like Gecko) Chrome/47.0.2526.106 Safari/601.1.27"
183.134.59.134 - - [22/Sep/2025:20:31:54 +0800] "GET / HTTP/1.1" 200 39369 "-" "Mozilla/5.0 (Macintosh; Intel Mac OS X 10_11) AppleWebKit/601.1.27 (KHTML, like Gecko) Chrome/47.0.2526.106 Safari/601.1.27"
36.133.115.36 - - [22/Sep/2025:20:35:20 +0800] "POST /wp-cron.php?doing_wp_cron=1758544520.3800458908081054687500 HTTP/1.1" 200 31 "-" "WordPress/6.8.2; http://cqqizhou.com"
176.65.149.245 - - [22/Sep/2025:20:35:20 +0800] "GET / HTTP/1.1" 200 33466 "-" "Mozilla/5.0 (Windows NT 10.0; Win64; x64) AppleWebKit/537.36 (KHTML, like Gecko) Chrome/90.0.4430.85 Safari/537.36 Edg/90.0.818.46"
36.133.115.36 - - [22/Sep/2025:20:48:33 +0800] "POST /wp-cron.php?doing_wp_cron=1758545313.9416360855102539062500 HTTP/1.1" 200 31 "-" "WordPress/6.8.2; http://cqqizhou.com"
43.166.136.24 - - [22/Sep/2025:20:48:33 +0800] "GET / HTTP/1.1" 301 5 "-" "Mozilla/5.0 (iPhone; CPU iPhone OS 13_2_3 like Mac OS X) AppleWebKit/605.1.15 (KHTML, like Gecko) Version/13.0.3 Mobile/15E148 Safari/604.1"
43.166.136.24 - - [22/Sep/2025:20:48:36 +0800] "GET / HTTP/1.1" 200 33466 "http://36.133.115.36" "Mozilla/5.0 (iPhone; CPU iPhone OS 13_2_3 like Mac OS X) AppleWebKit/605.1.15 (KHTML, like Gecko) Version/13.0.3 Mobile/15E148 Safari/604.1"
36.133.115.36 - - [22/Sep/2025:20:55:29 +0800] "POST /wp-cron.php?doing_wp_cron=1758545729.4347510337829589843750 HTTP/1.1" 200 31 "-" "WordPress/6.8.2; http://cqqizhou.com"
162.14.197.180 - - [22/Sep/2025:20:55:29 +0800] "GET / HTTP/1.1" 200 33466 "-" "Mozilla/5.0 (iPhone; CPU iPhone OS 13_2_3 like Mac OS X) AppleWebKit/605.1.15 (KHTML, like Gecko) Version/13.0.3 Mobile/15E148 Safari/604.1"
36.133.115.36 - - [22/Sep/2025:21:08:21 +0800] "POST /wp-cron.php?doing_wp_cron=1758546501.5769000053405761718750 HTTP/1.1" 200 31 "-" "WordPress/6.8.2; http://cqqizhou.com"
87.120.191.70 - - [22/Sep/2025:21:08:21 +0800] "GET / HTTP/1.1" 200 33466 "-" "Mozilla/5.0 (Windows NT 10.0; Win64; x64) AppleWebKit/537.36 (KHTML, like Gecko) Chrome/90.0.4430.85 Safari/537.36 Edg/90.0.818.46"
36.133.115.36 - - [22/Sep/2025:21:27:11 +0800] "POST /wp-cron.php?doing_wp_cron=1758547631.2684509754180908203125 HTTP/1.1" 200 31 "-" "WordPress/6.8.2; http://cqqizhou.com"
34.79.212.94 - - [22/Sep/2025:21:27:11 +0800] "GET / HTTP/1.1" 301 5 "-" "python-requests/2.32.5"
87.255.194.135 - - [22/Sep/2025:21:38:20 +0800] "GET /admin/config.php HTTP/1.0" 404 16 "-" "xfa1"
36.133.115.36 - - [22/Sep/2025:21:40:38 +0800] "POST /wp-cron.php?doing_wp_cron=1758548438.5341210365295410156250 HTTP/1.1" 200 31 "-" "WordPress/6.8.2; http://cqqizhou.com"
103.42.117.165 - - [22/Sep/2025:21:40:38 +0800] "POST /xmlrpc.php HTTP/1.1" 200 217 "-" "Mozilla/5.0 (X11; Ubuntu; Linux x86_64; rv:85.0) Gecko/20100101 Firefox/91.0"
36.133.115.36 - - [22/Sep/2025:22:05:05 +0800] "POST /wp-cron.php?doing_wp_cron=1758549905.1441619396209716796875 HTTP/1.1" 200 31 "-" "WordPress/6.8.2; http://cqqizhou.com"
87.120.191.70 - - [22/Sep/2025:22:05:05 +0800] "GET / HTTP/1.1" 200 33466 "-" "Mozilla/5.0 (Windows NT 10.0; Win64; x64) AppleWebKit/537.36 (KHTML, like Gecko) Chrome/90.0.4430.85 Safari/537.36 Edg/90.0.818.46"
36.133.115.36 - - [22/Sep/2025:22:10:36 +0800] "POST /wp-cron.php?doing_wp_cron=1758550236.3655080795288085937500 HTTP/1.1" 200 31 "-" "WordPress/6.8.2; http://cqqizhou.com"
176.65.149.245 - - [22/Sep/2025:22:10:36 +0800] "GET / HTTP/1.1" 200 33466 "-" "Mozilla/5.0 (Windows NT 10.0; Win64; x64) AppleWebKit/537.36 (KHTML, like Gecko) Chrome/90.0.4430.85 Safari/537.36 Edg/90.0.818.46"
36.133.115.36 - - [22/Sep/2025:22:16:01 +0800] "POST /wp-cron.php?doing_wp_cron=1758550561.3804869651794433593750 HTTP/1.1" 200 31 "-" "WordPress/6.8.2; http://cqqizhou.com"
149.50.103.48 - - [22/Sep/2025:22:16:01 +0800] "GET / HTTP/1.1" 200 33466 "-" "Mozilla/5.0 (Windows NT 10.0; Win64; x64) AppleWebKit/537.36 (KHTML, like Gecko) Chrome/90.0.4430.85 Safari/537.36 Edg/90.0.818.46"
36.133.115.36 - - [22/Sep/2025:22:17:14 +0800] "POST /wp-cron.php?doing_wp_cron=1758550633.9805738925933837890625 HTTP/1.1" 200 31 "-" "WordPress/6.8.2; http://cqqizhou.com"
119.101.54.56 - - [22/Sep/2025:22:17:14 +0800] "GET / HTTP/1.0" 301 0 "https://www.baidu.com/" "Mozilla/5.0 (Macintosh; Intel Mac OS X 10_15_6) AppleWebKit/537.36 (KHTML, like Gecko) Chrome/91.0.4472.164 Safari/537.36"
119.101.54.56 - - [22/Sep/2025:22:17:14 +0800] "GET / HTTP/1.0" 200 165852 "https://www.baidu.com/" "Mozilla/5.0 (Macintosh; Intel Mac OS X 10_15_6) AppleWebKit/537.36 (KHTML, like Gecko) Chrome/91.0.4472.164 Safari/537.36"
36.133.115.36 - - [22/Sep/2025:22:20:27 +0800] "POST /wp-cron.php?doing_wp_cron=1758550827.5350360870361328125000 HTTP/1.1" 200 31 "-" "WordPress/6.8.2; http://cqqizhou.com"
107.136.207.122 - - [22/Sep/2025:22:20:27 +0800] "GET /wp-login.php HTTP/1.1" 200 2779 "-" "GRequests/0.10"
107.136.207.122 - - [22/Sep/2025:22:20:29 +0800] "POST /wp-login.php HTTP/1.1" 200 2925 "-" "GRequests/0.10"
36.133.115.36 - - [22/Sep/2025:22:29:06 +0800] "POST /wp-cron.php?doing_wp_cron=1758551346.4967689514160156250000 HTTP/1.1" 200 31 "-" "WordPress/6.8.2; http://cqqizhou.com"
27.157.89.82 - - [22/Sep/2025:22:29:06 +0800] "GET / HTTP/1.0" 301 0 "https://www.baidu.com/" "Mozilla/5.0 (Macintosh; Intel Mac OS X 10_15_6) AppleWebKit/537.36 (KHTML, like Gecko) Chrome/91.0.4472.164 Safari/537.36"
27.157.89.82 - - [22/Sep/2025:22:29:07 +0800] "GET / HTTP/1.0" 200 165852 "https://www.baidu.com/" "Mozilla/5.0 (Macintosh; Intel Mac OS X 10_15_6) AppleWebKit/537.36 (KHTML, like Gecko) Chrome/91.0.4472.164 Safari/537.36"
183.166.118.209 - - [22/Sep/2025:22:36:20 +0800] "GET //contacts/ HTTP/1.0" 200 76104 "https://www.baidu.com/" "Mozilla/5.0 (Macintosh; Intel Mac OS X 10_15_6) AppleWebKit/537.36 (KHTML, like Gecko) Chrome/91.0.4472.164 Safari/537.36"
183.165.129.55 - - [22/Sep/2025:22:36:21 +0800] "GET //about/ HTTP/1.0" 200 119193 "https://www.baidu.com/" "Mozilla/5.0 (Macintosh; Intel Mac OS X 10_15_6) AppleWebKit/537.36 (KHTML, like Gecko) Chrome/91.0.4472.164 Safari/537.36"
36.133.115.36 - - [22/Sep/2025:22:54:12 +0800] "POST /wp-cron.php?doing_wp_cron=1758552852.1232659816741943359375 HTTP/1.1" 200 31 "-" "WordPress/6.8.2; http://cqqizhou.com"
212.72.171.49 - - [22/Sep/2025:22:54:12 +0800] "POST /xmlrpc.php HTTP/1.1" 200 217 "-" "Mozilla/5.0 (X11; Ubuntu; Linux x86_64; rv:85.0) Gecko/20100101 Firefox/91.0"
36.133.115.36 - - [22/Sep/2025:23:15:08 +0800] "POST /wp-cron.php?doing_wp_cron=1758554108.7823710441589355468750 HTTP/1.1" 200 31 "-" "WordPress/6.8.2; http://cqqizhou.com"
45.142.193.144 - - [22/Sep/2025:23:15:09 +0800] "GET / HTTP/1.1" 200 33466 "-" "Mozilla/5.0 (Windows NT 10.0; Win64; x64) AppleWebKit/537.36 (KHTML, like Gecko) Chrome/90.0.4430.85 Safari/537.36 Edg/90.0.818.46"
36.133.115.36 - - [22/Sep/2025:23:19:35 +0800] "POST /wp-cron.php?doing_wp_cron=1758554375.4205520153045654296875 HTTP/1.1" 200 31 "-" "WordPress/6.8.2; http://cqqizhou.com"
43.153.135.208 - - [22/Sep/2025:23:19:35 +0800] "GET / HTTP/1.1" 200 33466 "-" "Mozilla/5.0 (iPhone; CPU iPhone OS 13_2_3 like Mac OS X) AppleWebKit/605.1.15 (KHTML, like Gecko) Version/13.0.3 Mobile/15E148 Safari/604.1"
36.133.115.36 - - [22/Sep/2025:23:23:18 +0800] "POST /wp-cron.php?doing_wp_cron=1758554598.7529280185699462890625 HTTP/1.1" 200 31 "-" "WordPress/6.8.2; http://cqqizhou.com"
196.251.81.194 - - [22/Sep/2025:23:23:18 +0800] "GET /.git/logs/refs/ HTTP/1.1" 404 8989 "-" "Mozilla/5.0 (X11; Ubuntu; Linux x86_64; rv:20.0) Gecko/20100101 Firefox/20.0"
36.133.115.36 - - [22/Sep/2025:23:33:11 +0800] "POST /wp-cron.php?doing_wp_cron=1758555191.3091449737548828125000 HTTP/1.1" 200 31 "-" "WordPress/6.8.2; http://cqqizhou.com"
192.159.99.101 - - [22/Sep/2025:23:33:13 +0800] "GET / HTTP/1.1" 200 151919 "-" "-"
36.133.115.36 - - [22/Sep/2025:23:51:33 +0800] "POST /wp-cron.php?doing_wp_cron=1758556293.2043209075927734375000 HTTP/1.1" 200 31 "-" "WordPress/6.8.2; http://cqqizhou.com"
43.166.255.102 - - [22/Sep/2025:23:51:33 +0800] "GET / HTTP/1.1" 200 33466 "-" "Mozilla/5.0 (iPhone; CPU iPhone OS 13_2_3 like Mac OS X) AppleWebKit/605.1.15 (KHTML, like Gecko) Version/13.0.3 Mobile/15E148 Safari/604.1"
36.133.115.36 - - [22/Sep/2025:23:52:39 +0800] "POST /wp-cron.php?doing_wp_cron=1758556359.0135920047760009765625 HTTP/1.1" 200 31 "-" "WordPress/6.8.2; http://cqqizhou.com"
45.135.193.100 - - [22/Sep/2025:23:52:39 +0800] "GET / HTTP/1.1" 200 151919 "-" "-"