111.10.180.180 - - [08/Sep/2025:16:05:14 +0800] "GET /wp-content/uploads/2025/07/1753454089-Article_images_W900px.webp HTTP/1.1" 200 27552 "http://cqqizhou.com/news/" "Mozilla/5.0 (X11; Linux x86_64) AppleWebKit/537.36 (KHTML, like Gecko) Chrome/126.0.6478.251 Safari/537.36"
111.10.180.180 - - [08/Sep/2025:16:05:14 +0800] "GET /wp-content/uploads/2025/07/1753410289-News2000%C3%97400_202571.webp HTTP/1.1" 200 17830 "http://cqqizhou.com/news/" "Mozilla/5.0 (X11; Linux x86_64) AppleWebKit/537.36 (KHTML, like Gecko) Chrome/126.0.6478.251 Safari/537.36"
36.133.115.36 - - [08/Sep/2025:16:05:17 +0800] "POST /wp-cron.php?doing_wp_cron=1757318717.8095629215240478515625 HTTP/1.1" 200 31 "-" "WordPress/6.8.2; http://cqqizhou.com"
111.10.180.180 - - [08/Sep/2025:16:05:17 +0800] "POST /wp-admin/admin-ajax.php HTTP/1.1" 403 33 "http://cqqizhou.com/news/" "Mozilla/5.0 (X11; Linux x86_64) AppleWebKit/537.36 (KHTML, like Gecko) Chrome/126.0.6478.251 Safari/537.36"
111.10.180.180 - - [08/Sep/2025:16:05:19 +0800] "GET /2231/ HTTP/1.1" 200 23680 "http://cqqizhou.com/news/" "Mozilla/5.0 (X11; Linux x86_64) AppleWebKit/537.36 (KHTML, like Gecko) Chrome/126.0.6478.251 Safari/537.36"
111.10.180.180 - - [08/Sep/2025:16:05:19 +0800] "GET /wp-content/uploads/2025/09/1756868585-20250903104658_78_5.webp HTTP/1.1" 200 39636 "http://cqqizhou.com/2231/" "Mozilla/5.0 (X11; Linux x86_64) AppleWebKit/537.36 (KHTML, like Gecko) Chrome/126.0.6478.251 Safari/537.36"
111.10.180.180 - - [08/Sep/2025:16:05:19 +0800] "GET /wp-content/uploads/2025/08/1755826456-DSC01841-150x150.webp HTTP/1.1" 200 9850 "http://cqqizhou.com/2231/" "Mozilla/5.0 (X11; Linux x86_64) AppleWebKit/537.36 (KHTML, like Gecko) Chrome/126.0.6478.251 Safari/537.36"
111.10.180.180 - - [08/Sep/2025:16:05:20 +0800] "POST /wp-admin/admin-ajax.php HTTP/1.1" 403 33 "http://cqqizhou.com/2231/" "Mozilla/5.0 (X11; Linux x86_64) AppleWebKit/537.36 (KHTML, like Gecko) Chrome/126.0.6478.251 Safari/537.36"
111.10.180.180 - - [08/Sep/2025:16:05:29 +0800] "GET /?s=%E5%AD%99 HTTP/1.1" 200 17163 "http://cqqizhou.com/2231/" "Mozilla/5.0 (X11; Linux x86_64) AppleWebKit/537.36 (KHTML, like Gecko) Chrome/126.0.6478.251 Safari/537.36"
111.10.180.180 - - [08/Sep/2025:16:05:30 +0800] "POST /wp-admin/admin-ajax.php HTTP/1.1" 403 33 "http://cqqizhou.com/2231/" "Mozilla/5.0 (X11; Linux x86_64) AppleWebKit/537.36 (KHTML, like Gecko) Chrome/126.0.6478.251 Safari/537.36"
111.10.180.180 - - [08/Sep/2025:16:05:34 +0800] "GET /2165/ HTTP/1.1" 200 27212 "http://cqqizhou.com/?s=%E5%AD%99" "Mozilla/5.0 (X11; Linux x86_64) AppleWebKit/537.36 (KHTML, like Gecko) Chrome/126.0.6478.251 Safari/537.36"
111.10.180.180 - - [08/Sep/2025:16:05:34 +0800] "GET /wp-content/uploads/2025/07/1753455650-DSC01469.webp HTTP/1.1" 200 32132 "http://cqqizhou.com/2165/" "Mozilla/5.0 (X11; Linux x86_64) AppleWebKit/537.36 (KHTML, like Gecko) Chrome/126.0.6478.251 Safari/537.36"
111.10.180.180 - - [08/Sep/2025:16:05:34 +0800] "GET /wp-content/uploads/2025/07/1753454089-Article_images_W900px-150x150.webp HTTP/1.1" 200 5292 "http://cqqizhou.com/2165/" "Mozilla/5.0 (X11; Linux x86_64) AppleWebKit/537.36 (KHTML, like Gecko) Chrome/126.0.6478.251 Safari/537.36"
111.10.180.180 - - [08/Sep/2025:16:05:34 +0800] "GET /wp-content/uploads/2025/08/1755826390-DSC01765-150x150.webp HTTP/1.1" 200 6586 "http://cqqizhou.com/2165/" "Mozilla/5.0 (X11; Linux x86_64) AppleWebKit/537.36 (KHTML, like Gecko) Chrome/126.0.6478.251 Safari/537.36"
111.10.180.180 - - [08/Sep/2025:16:05:34 +0800] "GET /wp-content/uploads/2025/07/1753453719-Article_images1_W900px.webp HTTP/1.1" 200 78234 "http://cqqizhou.com/2165/" "Mozilla/5.0 (X11; Linux x86_64) AppleWebKit/537.36 (KHTML, like Gecko) Chrome/126.0.6478.251 Safari/537.36"
111.10.180.180 - - [08/Sep/2025:16:05:43 +0800] "GET /2215/ HTTP/1.1" 200 20293 "http://cqqizhou.com/2165/" "Mozilla/5.0 (X11; Linux x86_64) AppleWebKit/537.36 (KHTML, like Gecko) Chrome/126.0.6478.251 Safari/537.36"
111.10.180.180 - - [08/Sep/2025:16:05:43 +0800] "GET /wp-content/uploads/2025/09/1756868614-20250903104654_74_5-150x150.webp HTTP/1.1" 200 5712 "http://cqqizhou.com/2215/" "Mozilla/5.0 (X11; Linux x86_64) AppleWebKit/537.36 (KHTML, like Gecko) Chrome/126.0.6478.251 Safari/537.36"
111.10.180.180 - - [08/Sep/2025:16:06:01 +0800] "GET /2164/ HTTP/1.1" 200 23705 "http://cqqizhou.com/2231/" "Mozilla/5.0 (X11; Linux x86_64) AppleWebKit/537.36 (KHTML, like Gecko) Chrome/126.0.6478.251 Safari/537.36"
111.10.180.180 - - [08/Sep/2025:16:06:01 +0800] "GET /wp-content/uploads/2025/07/1753455746-DSC01472-150x150.webp HTTP/1.1" 200 4760 "http://cqqizhou.com/2164/" "Mozilla/5.0 (X11; Linux x86_64) AppleWebKit/537.36 (KHTML, like Gecko) Chrome/126.0.6478.251 Safari/537.36"
36.133.115.36 - - [08/Sep/2025:16:06:02 +0800] "POST /wp-cron.php?doing_wp_cron=1757318762.6269180774688720703125 HTTP/1.1" 200 31 "-" "WordPress/6.8.2; http://cqqizhou.com"
111.10.180.180 - - [08/Sep/2025:16:06:02 +0800] "POST /wp-admin/admin-ajax.php HTTP/1.1" 403 33 "http://cqqizhou.com/2164/" "Mozilla/5.0 (X11; Linux x86_64) AppleWebKit/537.36 (KHTML, like Gecko) Chrome/126.0.6478.251 Safari/537.36"
36.133.115.36 - - [08/Sep/2025:16:17:32 +0800] "POST /wp-cron.php?doing_wp_cron=1757319452.6413331031799316406250 HTTP/1.1" 200 31 "-" "WordPress/6.8.2; http://cqqizhou.com"
45.135.193.100 - - [08/Sep/2025:16:17:32 +0800] "GET / HTTP/1.1" 200 33467 "-" "Mozilla/5.0 (Windows NT 10.0; Win64; x64) AppleWebKit/537.36 (KHTML, like Gecko) Chrome/90.0.4430.85 Safari/537.36 Edg/90.0.818.46"
36.133.115.36 - - [08/Sep/2025:16:21:55 +0800] "POST /wp-cron.php?doing_wp_cron=1757319715.8221271038055419921875 HTTP/1.1" 200 31 "-" "WordPress/6.8.2; http://cqqizhou.com"
157.230.183.131 - - [08/Sep/2025:16:21:55 +0800] "GET / HTTP/1.1" 301 5 "-" "Mozilla/5.0 (X11; Linux x86_64) AppleWebKit/537.36 (KHTML, like Gecko) Chrome/139.0.0.0 Safari/537.36"
36.133.115.36 - - [08/Sep/2025:16:53:18 +0800] "POST /wp-cron.php?doing_wp_cron=1757321598.0729379653930664062500 HTTP/1.1" 200 31 "-" "WordPress/6.8.2; http://cqqizhou.com"
149.50.103.48 - - [08/Sep/2025:16:53:18 +0800] "GET / HTTP/1.1" 200 33467 "-" "Mozilla/5.0 (Windows NT 10.0; Win64; x64) AppleWebKit/537.36 (KHTML, like Gecko) Chrome/90.0.4430.85 Safari/537.36 Edg/90.0.818.46"
36.133.115.36 - - [08/Sep/2025:16:54:22 +0800] "POST /wp-cron.php?doing_wp_cron=1757321662.2680630683898925781250 HTTP/1.1" 200 31 "-" "WordPress/6.8.2; http://cqqizhou.com"
45.135.193.100 - - [08/Sep/2025:16:54:22 +0800] "GET / HTTP/1.1" 200 33467 "-" "Mozilla/5.0 (Windows NT 10.0; Win64; x64) AppleWebKit/537.36 (KHTML, like Gecko) Chrome/90.0.4430.85 Safari/537.36 Edg/90.0.818.46"
36.133.115.36 - - [08/Sep/2025:17:05:45 +0800] "POST /wp-cron.php?doing_wp_cron=1757322345.8475649356842041015625 HTTP/1.1" 200 31 "-" "WordPress/6.8.2; http://cqqizhou.com"
35.205.128.136 - - [08/Sep/2025:17:05:45 +0800] "GET / HTTP/1.1" 301 5 "-" "python-requests/2.32.4"
36.133.115.36 - - [08/Sep/2025:17:06:52 +0800] "POST /wp-cron.php?doing_wp_cron=1757322412.2626531124114990234375 HTTP/1.1" 200 31 "-" "WordPress/6.8.2; http://cqqizhou.com"
52.167.144.56 - - [08/Sep/2025:17:06:52 +0800] "GET /robots.txt HTTP/1.1" 301 5 "-" "Mozilla/5.0 AppleWebKit/537.36 (KHTML, like Gecko; compatible; bingbot/2.0; +http://www.bing.com/bingbot.htm) Chrome/116.0.1938.76 Safari/537.36"
52.167.144.56 - - [08/Sep/2025:17:06:53 +0800] "GET /robots.txt HTTP/1.1" 200 190 "-" "Mozilla/5.0 AppleWebKit/537.36 (KHTML, like Gecko; compatible; bingbot/2.0; +http://www.bing.com/bingbot.htm) Chrome/116.0.1938.76 Safari/537.36"
36.133.115.36 - - [08/Sep/2025:17:10:21 +0800] "POST /wp-cron.php?doing_wp_cron=1757322621.8098480701446533203125 HTTP/1.1" 200 31 "-" "WordPress/6.8.2; http://cqqizhou.com"
35.203.211.14 - - [08/Sep/2025:17:10:21 +0800] "GET /wp-login.php HTTP/1.1" 200 8672 "-" "Hello from Palo Alto Networks, find out more about our scans in https://docs-cortex.paloaltonetworks.com/r/1/Cortex-Xpanse/Scanning-activity"
180.184.144.39 - - [08/Sep/2025:17:15:26 +0800] "GET / HTTP/1.1" 200 39369 "-" "Mozilla/5.0 (Macintosh; Intel Mac OS X 10_15_7) AppleWebKit/537.36 (KHTML, like Gecko) Chrome/106.0.0.0 Safari/537.36"
36.133.115.36 - - [08/Sep/2025:17:28:47 +0800] "POST /wp-cron.php?doing_wp_cron=1757323727.3190360069274902343750 HTTP/1.1" 200 31 "-" "WordPress/6.8.2; http://cqqizhou.com"
43.157.168.43 - - [08/Sep/2025:17:28:47 +0800] "GET / HTTP/1.1" 200 33466 "-" "Mozilla/5.0 (iPhone; CPU iPhone OS 13_2_3 like Mac OS X) AppleWebKit/605.1.15 (KHTML, like Gecko) Version/13.0.3 Mobile/15E148 Safari/604.1"
36.133.115.36 - - [08/Sep/2025:17:32:16 +0800] "POST /wp-cron.php?doing_wp_cron=1757323936.7873980998992919921875 HTTP/1.1" 200 31 "-" "WordPress/6.8.2; http://cqqizhou.com"
154.81.45.130 - - [08/Sep/2025:17:32:16 +0800] "GET /about/ HTTP/1.1" 301 5 "-" "Mozilla/5.0 (Windows NT 10.0; Win64; x64) AppleWebKit/537.36 (KHTML, like Gecko) Chrome/131.0.0.0 Safari/537.36 Edg/131.0.0.0"
45.135.193.100 - - [08/Sep/2025:17:32:30 +0800] "GET / HTTP/1.1" 200 33467 "-" "Mozilla/5.0 (Windows NT 10.0; Win64; x64) AppleWebKit/537.36 (KHTML, like Gecko) Chrome/90.0.4430.85 Safari/537.36 Edg/90.0.818.46"
18.116.240.208 - - [08/Sep/2025:17:36:00 +0800] "HEAD / HTTP/1.1" 200 0 "https://cqqizhou.com/" "Mozilla/5.0 (Windows NT 10.0; Win64; x64) AppleWebKit/537.36 (KHTML, like Gecko) Chrome/91.0.4472.124 Safari/537.36"
36.133.115.36 - - [08/Sep/2025:17:36:01 +0800] "POST /wp-cron.php?doing_wp_cron=1757324161.4870810508728027343750 HTTP/1.1" 200 31 "-" "WordPress/6.8.2; http://cqqizhou.com"
18.116.240.208 - - [08/Sep/2025:17:36:01 +0800] "GET /xmlrpc.php HTTP/1.1" 405 53 "https://www.google.com/" "Mozilla/5.0 (Windows NT 10.0; Win64; x64) AppleWebKit/537.36 (KHTML, like Gecko) Chrome/91.0.4472.124 Safari/537.36"
18.116.240.208 - - [08/Sep/2025:17:36:02 +0800] "GET /wp-json/wp/v2/users HTTP/1.1" 200 282 "-" "python-requests/2.32.3"
18.116.240.208 - - [08/Sep/2025:17:36:03 +0800] "GET /author-sitemap.xml HTTP/1.1" 404 8990 "-" "python-requests/2.32.3"
18.116.240.208 - - [08/Sep/2025:17:36:04 +0800] "POST /xmlrpc.php HTTP/1.1" 200 217 "https://www.google.com/" "Mozilla/5.0 (Windows NT 10.0; Win64; x64) AppleWebKit/537.36 (KHTML, like Gecko) Chrome/91.0.4472.124 Safari/537.36"
18.116.240.208 - - [08/Sep/2025:17:36:06 +0800] "POST /xmlrpc.php HTTP/1.1" 200 217 "https://www.google.com/" "Mozilla/5.0 (Windows NT 10.0; Win64; x64) AppleWebKit/537.36 (KHTML, like Gecko) Chrome/91.0.4472.124 Safari/537.36"
18.116.240.208 - - [08/Sep/2025:17:36:07 +0800] "POST /xmlrpc.php HTTP/1.1" 200 217 "https://www.google.com/" "Mozilla/5.0 (Windows NT 10.0; Win64; x64) AppleWebKit/537.36 (KHTML, like Gecko) Chrome/91.0.4472.124 Safari/537.36"
18.116.240.208 - - [08/Sep/2025:17:36:08 +0800] "POST /xmlrpc.php HTTP/1.1" 200 217 "https://www.google.com/" "Mozilla/5.0 (Windows NT 10.0; Win64; x64) AppleWebKit/537.36 (KHTML, like Gecko) Chrome/91.0.4472.124 Safari/537.36"
18.116.240.208 - - [08/Sep/2025:17:36:09 +0800] "POST /xmlrpc.php HTTP/1.1" 200 217 "https://www.google.com/" "Mozilla/5.0 (Windows NT 10.0; Win64; x64) AppleWebKit/537.36 (KHTML, like Gecko) Chrome/91.0.4472.124 Safari/537.36"
18.116.240.208 - - [08/Sep/2025:17:36:10 +0800] "POST /xmlrpc.php HTTP/1.1" 200 217 "https://www.google.com/" "Mozilla/5.0 (Windows NT 10.0; Win64; x64) AppleWebKit/537.36 (KHTML, like Gecko) Chrome/91.0.4472.124 Safari/537.36"
18.116.240.208 - - [08/Sep/2025:17:36:11 +0800] "POST /xmlrpc.php HTTP/1.1" 200 217 "https://www.google.com/" "Mozilla/5.0 (Windows NT 10.0; Win64; x64) AppleWebKit/537.36 (KHTML, like Gecko) Chrome/91.0.4472.124 Safari/537.36"
18.116.240.208 - - [08/Sep/2025:17:36:12 +0800] "POST /xmlrpc.php HTTP/1.1" 200 217 "https://www.google.com/" "Mozilla/5.0 (Windows NT 10.0; Win64; x64) AppleWebKit/537.36 (KHTML, like Gecko) Chrome/91.0.4472.124 Safari/537.36"
18.116.240.208 - - [08/Sep/2025:17:36:13 +0800] "POST /xmlrpc.php HTTP/1.1" 200 217 "https://www.google.com/" "Mozilla/5.0 (Windows NT 10.0; Win64; x64) AppleWebKit/537.36 (KHTML, like Gecko) Chrome/91.0.4472.124 Safari/537.36"
18.116.240.208 - - [08/Sep/2025:17:36:15 +0800] "POST /xmlrpc.php HTTP/1.1" 200 217 "https://www.google.com/" "Mozilla/5.0 (Windows NT 10.0; Win64; x64) AppleWebKit/537.36 (KHTML, like Gecko) Chrome/91.0.4472.124 Safari/537.36"
18.116.240.208 - - [08/Sep/2025:17:36:16 +0800] "POST /xmlrpc.php HTTP/1.1" 200 217 "https://www.google.com/" "Mozilla/5.0 (Windows NT 10.0; Win64; x64) AppleWebKit/537.36 (KHTML, like Gecko) Chrome/91.0.4472.124 Safari/537.36"
18.116.240.208 - - [08/Sep/2025:17:36:17 +0800] "POST /xmlrpc.php HTTP/1.1" 200 217 "https://www.google.com/" "Mozilla/5.0 (Windows NT 10.0; Win64; x64) AppleWebKit/537.36 (KHTML, like Gecko) Chrome/91.0.4472.124 Safari/537.36"
18.116.240.208 - - [08/Sep/2025:17:36:18 +0800] "POST /xmlrpc.php HTTP/1.1" 200 217 "https://www.google.com/" "Mozilla/5.0 (Windows NT 10.0; Win64; x64) AppleWebKit/537.36 (KHTML, like Gecko) Chrome/91.0.4472.124 Safari/537.36"
18.116.240.208 - - [08/Sep/2025:17:36:19 +0800] "POST /xmlrpc.php HTTP/1.1" 200 217 "https://www.google.com/" "Mozilla/5.0 (Windows NT 10.0; Win64; x64) AppleWebKit/537.36 (KHTML, like Gecko) Chrome/91.0.4472.124 Safari/537.36"
18.116.240.208 - - [08/Sep/2025:17:36:20 +0800] "POST /xmlrpc.php HTTP/1.1" 200 217 "https://www.google.com/" "Mozilla/5.0 (Windows NT 10.0; Win64; x64) AppleWebKit/537.36 (KHTML, like Gecko) Chrome/91.0.4472.124 Safari/537.36"
18.116.240.208 - - [08/Sep/2025:17:36:21 +0800] "POST /xmlrpc.php HTTP/1.1" 200 217 "https://www.google.com/" "Mozilla/5.0 (Windows NT 10.0; Win64; x64) AppleWebKit/537.36 (KHTML, like Gecko) Chrome/91.0.4472.124 Safari/537.36"
18.116.240.208 - - [08/Sep/2025:17:36:22 +0800] "POST /xmlrpc.php HTTP/1.1" 200 217 "https://www.google.com/" "Mozilla/5.0 (Windows NT 10.0; Win64; x64) AppleWebKit/537.36 (KHTML, like Gecko) Chrome/91.0.4472.124 Safari/537.36"
18.116.240.208 - - [08/Sep/2025:17:36:24 +0800] "POST /xmlrpc.php HTTP/1.1" 200 217 "https://www.google.com/" "Mozilla/5.0 (Windows NT 10.0; Win64; x64) AppleWebKit/537.36 (KHTML, like Gecko) Chrome/91.0.4472.124 Safari/537.36"
18.116.240.208 - - [08/Sep/2025:17:36:25 +0800] "POST /xmlrpc.php HTTP/1.1" 200 217 "https://www.google.com/" "Mozilla/5.0 (Windows NT 10.0; Win64; x64) AppleWebKit/537.36 (KHTML, like Gecko) Chrome/91.0.4472.124 Safari/537.36"
18.116.240.208 - - [08/Sep/2025:17:36:26 +0800] "POST /xmlrpc.php HTTP/1.1" 200 217 "https://www.google.com/" "Mozilla/5.0 (Windows NT 10.0; Win64; x64) AppleWebKit/537.36 (KHTML, like Gecko) Chrome/91.0.4472.124 Safari/537.36"
18.116.240.208 - - [08/Sep/2025:17:36:27 +0800] "POST /xmlrpc.php HTTP/1.1" 200 217 "https://www.google.com/" "Mozilla/5.0 (Windows NT 10.0; Win64; x64) AppleWebKit/537.36 (KHTML, like Gecko) Chrome/91.0.4472.124 Safari/537.36"
18.116.240.208 - - [08/Sep/2025:17:36:28 +0800] "POST /xmlrpc.php HTTP/1.1" 200 217 "https://www.google.com/" "Mozilla/5.0 (Windows NT 10.0; Win64; x64) AppleWebKit/537.36 (KHTML, like Gecko) Chrome/91.0.4472.124 Safari/537.36"
18.116.240.208 - - [08/Sep/2025:17:36:29 +0800] "POST /xmlrpc.php HTTP/1.1" 200 217 "https://www.google.com/" "Mozilla/5.0 (Windows NT 10.0; Win64; x64) AppleWebKit/537.36 (KHTML, like Gecko) Chrome/91.0.4472.124 Safari/537.36"
18.116.240.208 - - [08/Sep/2025:17:36:30 +0800] "POST /xmlrpc.php HTTP/1.1" 200 217 "https://www.google.com/" "Mozilla/5.0 (Windows NT 10.0; Win64; x64) AppleWebKit/537.36 (KHTML, like Gecko) Chrome/91.0.4472.124 Safari/537.36"
18.116.240.208 - - [08/Sep/2025:17:36:31 +0800] "POST /xmlrpc.php HTTP/1.1" 200 217 "https://www.google.com/" "Mozilla/5.0 (Windows NT 10.0; Win64; x64) AppleWebKit/537.36 (KHTML, like Gecko) Chrome/91.0.4472.124 Safari/537.36"
18.116.240.208 - - [08/Sep/2025:17:36:33 +0800] "POST /xmlrpc.php HTTP/1.1" 200 217 "https://www.google.com/" "Mozilla/5.0 (Windows NT 10.0; Win64; x64) AppleWebKit/537.36 (KHTML, like Gecko) Chrome/91.0.4472.124 Safari/537.36"
18.116.240.208 - - [08/Sep/2025:17:36:34 +0800] "POST /xmlrpc.php HTTP/1.1" 200 217 "https://www.google.com/" "Mozilla/5.0 (Windows NT 10.0; Win64; x64) AppleWebKit/537.36 (KHTML, like Gecko) Chrome/91.0.4472.124 Safari/537.36"
18.116.240.208 - - [08/Sep/2025:17:36:35 +0800] "POST /xmlrpc.php HTTP/1.1" 200 217 "https://www.google.com/" "Mozilla/5.0 (Windows NT 10.0; Win64; x64) AppleWebKit/537.36 (KHTML, like Gecko) Chrome/91.0.4472.124 Safari/537.36"
18.116.240.208 - - [08/Sep/2025:17:36:36 +0800] "POST /xmlrpc.php HTTP/1.1" 200 217 "https://www.google.com/" "Mozilla/5.0 (Windows NT 10.0; Win64; x64) AppleWebKit/537.36 (KHTML, like Gecko) Chrome/91.0.4472.124 Safari/537.36"
18.116.240.208 - - [08/Sep/2025:17:36:37 +0800] "POST /xmlrpc.php HTTP/1.1" 200 217 "https://www.google.com/" "Mozilla/5.0 (Windows NT 10.0; Win64; x64) AppleWebKit/537.36 (KHTML, like Gecko) Chrome/91.0.4472.124 Safari/537.36"
18.116.240.208 - - [08/Sep/2025:17:36:38 +0800] "POST /xmlrpc.php HTTP/1.1" 200 217 "https://www.google.com/" "Mozilla/5.0 (Windows NT 10.0; Win64; x64) AppleWebKit/537.36 (KHTML, like Gecko) Chrome/91.0.4472.124 Safari/537.36"
18.116.240.208 - - [08/Sep/2025:17:36:39 +0800] "POST /xmlrpc.php HTTP/1.1" 200 217 "https://www.google.com/" "Mozilla/5.0 (Windows NT 10.0; Win64; x64) AppleWebKit/537.36 (KHTML, like Gecko) Chrome/91.0.4472.124 Safari/537.36"
18.116.240.208 - - [08/Sep/2025:17:36:40 +0800] "POST /xmlrpc.php HTTP/1.1" 200 217 "https://www.google.com/" "Mozilla/5.0 (Windows NT 10.0; Win64; x64) AppleWebKit/537.36 (KHTML, like Gecko) Chrome/91.0.4472.124 Safari/537.36"
18.116.240.208 - - [08/Sep/2025:17:36:41 +0800] "POST /xmlrpc.php HTTP/1.1" 200 217 "https://www.google.com/" "Mozilla/5.0 (Windows NT 10.0; Win64; x64) AppleWebKit/537.36 (KHTML, like Gecko) Chrome/91.0.4472.124 Safari/537.36"
18.116.240.208 - - [08/Sep/2025:17:36:43 +0800] "POST /xmlrpc.php HTTP/1.1" 200 217 "https://www.google.com/" "Mozilla/5.0 (Windows NT 10.0; Win64; x64) AppleWebKit/537.36 (KHTML, like Gecko) Chrome/91.0.4472.124 Safari/537.36"
18.116.240.208 - - [08/Sep/2025:17:36:44 +0800] "POST /xmlrpc.php HTTP/1.1" 200 217 "https://www.google.com/" "Mozilla/5.0 (Windows NT 10.0; Win64; x64) AppleWebKit/537.36 (KHTML, like Gecko) Chrome/91.0.4472.124 Safari/537.36"
18.116.240.208 - - [08/Sep/2025:17:36:45 +0800] "POST /xmlrpc.php HTTP/1.1" 200 217 "https://www.google.com/" "Mozilla/5.0 (Windows NT 10.0; Win64; x64) AppleWebKit/537.36 (KHTML, like Gecko) Chrome/91.0.4472.124 Safari/537.36"
36.133.115.36 - - [08/Sep/2025:17:36:46 +0800] "POST /wp-cron.php?doing_wp_cron=1757324206.3596780300140380859375 HTTP/1.1" 200 31 "-" "WordPress/6.8.2; http://cqqizhou.com"
18.116.240.208 - - [08/Sep/2025:17:36:46 +0800] "POST /xmlrpc.php HTTP/1.1" 200 217 "https://www.google.com/" "Mozilla/5.0 (Windows NT 10.0; Win64; x64) AppleWebKit/537.36 (KHTML, like Gecko) Chrome/91.0.4472.124 Safari/537.36"
18.116.240.208 - - [08/Sep/2025:17:36:47 +0800] "POST /xmlrpc.php HTTP/1.1" 200 217 "https://www.google.com/" "Mozilla/5.0 (Windows NT 10.0; Win64; x64) AppleWebKit/537.36 (KHTML, like Gecko) Chrome/91.0.4472.124 Safari/537.36"
18.116.240.208 - - [08/Sep/2025:17:36:48 +0800] "POST /xmlrpc.php HTTP/1.1" 200 217 "https://www.google.com/" "Mozilla/5.0 (Windows NT 10.0; Win64; x64) AppleWebKit/537.36 (KHTML, like Gecko) Chrome/91.0.4472.124 Safari/537.36"
18.116.240.208 - - [08/Sep/2025:17:36:49 +0800] "POST /xmlrpc.php HTTP/1.1" 200 217 "https://www.google.com/" "Mozilla/5.0 (Windows NT 10.0; Win64; x64) AppleWebKit/537.36 (KHTML, like Gecko) Chrome/91.0.4472.124 Safari/537.36"
18.116.240.208 - - [08/Sep/2025:17:36:50 +0800] "POST /xmlrpc.php HTTP/1.1" 200 217 "https://www.google.com/" "Mozilla/5.0 (Windows NT 10.0; Win64; x64) AppleWebKit/537.36 (KHTML, like Gecko) Chrome/91.0.4472.124 Safari/537.36"
18.116.240.208 - - [08/Sep/2025:17:36:52 +0800] "POST /xmlrpc.php HTTP/1.1" 200 217 "https://www.google.com/" "Mozilla/5.0 (Windows NT 10.0; Win64; x64) AppleWebKit/537.36 (KHTML, like Gecko) Chrome/91.0.4472.124 Safari/537.36"
18.116.240.208 - - [08/Sep/2025:17:36:53 +0800] "POST /xmlrpc.php HTTP/1.1" 200 217 "https://www.google.com/" "Mozilla/5.0 (Windows NT 10.0; Win64; x64) AppleWebKit/537.36 (KHTML, like Gecko) Chrome/91.0.4472.124 Safari/537.36"
18.116.240.208 - - [08/Sep/2025:17:36:54 +0800] "POST /xmlrpc.php HTTP/1.1" 200 217 "https://www.google.com/" "Mozilla/5.0 (Windows NT 10.0; Win64; x64) AppleWebKit/537.36 (KHTML, like Gecko) Chrome/91.0.4472.124 Safari/537.36"
18.116.240.208 - - [08/Sep/2025:17:36:55 +0800] "POST /xmlrpc.php HTTP/1.1" 200 217 "https://www.google.com/" "Mozilla/5.0 (Windows NT 10.0; Win64; x64) AppleWebKit/537.36 (KHTML, like Gecko) Chrome/91.0.4472.124 Safari/537.36"
18.116.240.208 - - [08/Sep/2025:17:36:56 +0800] "POST /xmlrpc.php HTTP/1.1" 200 217 "https://www.google.com/" "Mozilla/5.0 (Windows NT 10.0; Win64; x64) AppleWebKit/537.36 (KHTML, like Gecko) Chrome/91.0.4472.124 Safari/537.36"
18.116.240.208 - - [08/Sep/2025:17:36:57 +0800] "POST /xmlrpc.php HTTP/1.1" 200 217 "https://www.google.com/" "Mozilla/5.0 (Windows NT 10.0; Win64; x64) AppleWebKit/537.36 (KHTML, like Gecko) Chrome/91.0.4472.124 Safari/537.36"
18.116.240.208 - - [08/Sep/2025:17:36:58 +0800] "POST /xmlrpc.php HTTP/1.1" 200 217 "https://www.google.com/" "Mozilla/5.0 (Windows NT 10.0; Win64; x64) AppleWebKit/537.36 (KHTML, like Gecko) Chrome/91.0.4472.124 Safari/537.36"
18.116.240.208 - - [08/Sep/2025:17:36:59 +0800] "POST /xmlrpc.php HTTP/1.1" 200 217 "https://www.google.com/" "Mozilla/5.0 (Windows NT 10.0; Win64; x64) AppleWebKit/537.36 (KHTML, like Gecko) Chrome/91.0.4472.124 Safari/537.36"
18.116.240.208 - - [08/Sep/2025:17:37:00 +0800] "POST /xmlrpc.php HTTP/1.1" 200 217 "https://www.google.com/" "Mozilla/5.0 (Windows NT 10.0; Win64; x64) AppleWebKit/537.36 (KHTML, like Gecko) Chrome/91.0.4472.124 Safari/537.36"
18.116.240.208 - - [08/Sep/2025:17:37:01 +0800] "POST /xmlrpc.php HTTP/1.1" 200 217 "https://www.google.com/" "Mozilla/5.0 (Windows NT 10.0; Win64; x64) AppleWebKit/537.36 (KHTML, like Gecko) Chrome/91.0.4472.124 Safari/537.36"
18.116.240.208 - - [08/Sep/2025:17:37:03 +0800] "POST /xmlrpc.php HTTP/1.1" 200 217 "https://www.google.com/" "Mozilla/5.0 (Windows NT 10.0; Win64; x64) AppleWebKit/537.36 (KHTML, like Gecko) Chrome/91.0.4472.124 Safari/537.36"
18.116.240.208 - - [08/Sep/2025:17:37:04 +0800] "POST /xmlrpc.php HTTP/1.1" 200 217 "https://www.google.com/" "Mozilla/5.0 (Windows NT 10.0; Win64; x64) AppleWebKit/537.36 (KHTML, like Gecko) Chrome/91.0.4472.124 Safari/537.36"
18.116.240.208 - - [08/Sep/2025:17:37:05 +0800] "POST /xmlrpc.php HTTP/1.1" 200 217 "https://www.google.com/" "Mozilla/5.0 (Windows NT 10.0; Win64; x64) AppleWebKit/537.36 (KHTML, like Gecko) Chrome/91.0.4472.124 Safari/537.36"
18.116.240.208 - - [08/Sep/2025:17:37:06 +0800] "POST /xmlrpc.php HTTP/1.1" 200 217 "https://www.google.com/" "Mozilla/5.0 (Windows NT 10.0; Win64; x64) AppleWebKit/537.36 (KHTML, like Gecko) Chrome/91.0.4472.124 Safari/537.36"
18.116.240.208 - - [08/Sep/2025:17:37:07 +0800] "POST /xmlrpc.php HTTP/1.1" 200 217 "https://www.google.com/" "Mozilla/5.0 (Windows NT 10.0; Win64; x64) AppleWebKit/537.36 (KHTML, like Gecko) Chrome/91.0.4472.124 Safari/537.36"
18.116.240.208 - - [08/Sep/2025:17:37:08 +0800] "POST /xmlrpc.php HTTP/1.1" 200 217 "https://www.google.com/" "Mozilla/5.0 (Windows NT 10.0; Win64; x64) AppleWebKit/537.36 (KHTML, like Gecko) Chrome/91.0.4472.124 Safari/537.36"
18.116.240.208 - - [08/Sep/2025:17:37:09 +0800] "POST /xmlrpc.php HTTP/1.1" 200 217 "https://www.google.com/" "Mozilla/5.0 (Windows NT 10.0; Win64; x64) AppleWebKit/537.36 (KHTML, like Gecko) Chrome/91.0.4472.124 Safari/537.36"
18.116.240.208 - - [08/Sep/2025:17:37:10 +0800] "POST /xmlrpc.php HTTP/1.1" 200 217 "https://www.google.com/" "Mozilla/5.0 (Windows NT 10.0; Win64; x64) AppleWebKit/537.36 (KHTML, like Gecko) Chrome/91.0.4472.124 Safari/537.36"
18.116.240.208 - - [08/Sep/2025:17:37:11 +0800] "POST /xmlrpc.php HTTP/1.1" 200 217 "https://www.google.com/" "Mozilla/5.0 (Windows NT 10.0; Win64; x64) AppleWebKit/537.36 (KHTML, like Gecko) Chrome/91.0.4472.124 Safari/537.36"
18.116.240.208 - - [08/Sep/2025:17:37:13 +0800] "POST /xmlrpc.php HTTP/1.1" 200 217 "https://www.google.com/" "Mozilla/5.0 (Windows NT 10.0; Win64; x64) AppleWebKit/537.36 (KHTML, like Gecko) Chrome/91.0.4472.124 Safari/537.36"
18.116.240.208 - - [08/Sep/2025:17:37:14 +0800] "POST /xmlrpc.php HTTP/1.1" 200 217 "https://www.google.com/" "Mozilla/5.0 (Windows NT 10.0; Win64; x64) AppleWebKit/537.36 (KHTML, like Gecko) Chrome/91.0.4472.124 Safari/537.36"
18.116.240.208 - - [08/Sep/2025:17:37:15 +0800] "POST /xmlrpc.php HTTP/1.1" 200 217 "https://www.google.com/" "Mozilla/5.0 (Windows NT 10.0; Win64; x64) AppleWebKit/537.36 (KHTML, like Gecko) Chrome/91.0.4472.124 Safari/537.36"
18.116.240.208 - - [08/Sep/2025:17:37:16 +0800] "POST /xmlrpc.php HTTP/1.1" 200 217 "https://www.google.com/" "Mozilla/5.0 (Windows NT 10.0; Win64; x64) AppleWebKit/537.36 (KHTML, like Gecko) Chrome/91.0.4472.124 Safari/537.36"
18.116.240.208 - - [08/Sep/2025:17:37:17 +0800] "POST /xmlrpc.php HTTP/1.1" 200 217 "https://www.google.com/" "Mozilla/5.0 (Windows NT 10.0; Win64; x64) AppleWebKit/537.36 (KHTML, like Gecko) Chrome/91.0.4472.124 Safari/537.36"
18.116.240.208 - - [08/Sep/2025:17:37:18 +0800] "POST /xmlrpc.php HTTP/1.1" 200 217 "https://www.google.com/" "Mozilla/5.0 (Windows NT 10.0; Win64; x64) AppleWebKit/537.36 (KHTML, like Gecko) Chrome/91.0.4472.124 Safari/537.36"
18.116.240.208 - - [08/Sep/2025:17:37:19 +0800] "POST /xmlrpc.php HTTP/1.1" 200 217 "https://www.google.com/" "Mozilla/5.0 (Windows NT 10.0; Win64; x64) AppleWebKit/537.36 (KHTML, like Gecko) Chrome/91.0.4472.124 Safari/537.36"
18.116.240.208 - - [08/Sep/2025:17:37:20 +0800] "POST /xmlrpc.php HTTP/1.1" 200 217 "https://www.google.com/" "Mozilla/5.0 (Windows NT 10.0; Win64; x64) AppleWebKit/537.36 (KHTML, like Gecko) Chrome/91.0.4472.124 Safari/537.36"
18.116.240.208 - - [08/Sep/2025:17:37:21 +0800] "POST /xmlrpc.php HTTP/1.1" 200 217 "https://www.google.com/" "Mozilla/5.0 (Windows NT 10.0; Win64; x64) AppleWebKit/537.36 (KHTML, like Gecko) Chrome/91.0.4472.124 Safari/537.36"
18.116.240.208 - - [08/Sep/2025:17:37:23 +0800] "POST /xmlrpc.php HTTP/1.1" 200 217 "https://www.google.com/" "Mozilla/5.0 (Windows NT 10.0; Win64; x64) AppleWebKit/537.36 (KHTML, like Gecko) Chrome/91.0.4472.124 Safari/537.36"
18.116.240.208 - - [08/Sep/2025:17:37:24 +0800] "POST /xmlrpc.php HTTP/1.1" 200 217 "https://www.google.com/" "Mozilla/5.0 (Windows NT 10.0; Win64; x64) AppleWebKit/537.36 (KHTML, like Gecko) Chrome/91.0.4472.124 Safari/537.36"
18.116.240.208 - - [08/Sep/2025:17:37:25 +0800] "POST /xmlrpc.php HTTP/1.1" 200 217 "https://www.google.com/" "Mozilla/5.0 (Windows NT 10.0; Win64; x64) AppleWebKit/537.36 (KHTML, like Gecko) Chrome/91.0.4472.124 Safari/537.36"
18.116.240.208 - - [08/Sep/2025:17:37:26 +0800] "POST /xmlrpc.php HTTP/1.1" 200 217 "https://www.google.com/" "Mozilla/5.0 (Windows NT 10.0; Win64; x64) AppleWebKit/537.36 (KHTML, like Gecko) Chrome/91.0.4472.124 Safari/537.36"
18.116.240.208 - - [08/Sep/2025:17:37:27 +0800] "POST /xmlrpc.php HTTP/1.1" 200 217 "https://www.google.com/" "Mozilla/5.0 (Windows NT 10.0; Win64; x64) AppleWebKit/537.36 (KHTML, like Gecko) Chrome/91.0.4472.124 Safari/537.36"
18.116.240.208 - - [08/Sep/2025:17:37:28 +0800] "POST /xmlrpc.php HTTP/1.1" 200 217 "https://www.google.com/" "Mozilla/5.0 (Windows NT 10.0; Win64; x64) AppleWebKit/537.36 (KHTML, like Gecko) Chrome/91.0.4472.124 Safari/537.36"
18.116.240.208 - - [08/Sep/2025:17:37:29 +0800] "POST /xmlrpc.php HTTP/1.1" 200 217 "https://www.google.com/" "Mozilla/5.0 (Windows NT 10.0; Win64; x64) AppleWebKit/537.36 (KHTML, like Gecko) Chrome/91.0.4472.124 Safari/537.36"
18.116.240.208 - - [08/Sep/2025:17:37:30 +0800] "POST /xmlrpc.php HTTP/1.1" 200 217 "https://www.google.com/" "Mozilla/5.0 (Windows NT 10.0; Win64; x64) AppleWebKit/537.36 (KHTML, like Gecko) Chrome/91.0.4472.124 Safari/537.36"
18.116.240.208 - - [08/Sep/2025:17:37:32 +0800] "POST /xmlrpc.php HTTP/1.1" 200 217 "https://www.google.com/" "Mozilla/5.0 (Windows NT 10.0; Win64; x64) AppleWebKit/537.36 (KHTML, like Gecko) Chrome/91.0.4472.124 Safari/537.36"
18.116.240.208 - - [08/Sep/2025:17:37:33 +0800] "POST /xmlrpc.php HTTP/1.1" 200 217 "https://www.google.com/" "Mozilla/5.0 (Windows NT 10.0; Win64; x64) AppleWebKit/537.36 (KHTML, like Gecko) Chrome/91.0.4472.124 Safari/537.36"
18.116.240.208 - - [08/Sep/2025:17:37:34 +0800] "POST /xmlrpc.php HTTP/1.1" 200 217 "https://www.google.com/" "Mozilla/5.0 (Windows NT 10.0; Win64; x64) AppleWebKit/537.36 (KHTML, like Gecko) Chrome/91.0.4472.124 Safari/537.36"
18.116.240.208 - - [08/Sep/2025:17:37:35 +0800] "POST /xmlrpc.php HTTP/1.1" 200 217 "https://www.google.com/" "Mozilla/5.0 (Windows NT 10.0; Win64; x64) AppleWebKit/537.36 (KHTML, like Gecko) Chrome/91.0.4472.124 Safari/537.36"
18.116.240.208 - - [08/Sep/2025:17:37:36 +0800] "POST /xmlrpc.php HTTP/1.1" 200 217 "https://www.google.com/" "Mozilla/5.0 (Windows NT 10.0; Win64; x64) AppleWebKit/537.36 (KHTML, like Gecko) Chrome/91.0.4472.124 Safari/537.36"
18.116.240.208 - - [08/Sep/2025:17:37:37 +0800] "POST /xmlrpc.php HTTP/1.1" 200 217 "https://www.google.com/" "Mozilla/5.0 (Windows NT 10.0; Win64; x64) AppleWebKit/537.36 (KHTML, like Gecko) Chrome/91.0.4472.124 Safari/537.36"
18.116.240.208 - - [08/Sep/2025:17:37:38 +0800] "POST /xmlrpc.php HTTP/1.1" 200 217 "https://www.google.com/" "Mozilla/5.0 (Windows NT 10.0; Win64; x64) AppleWebKit/537.36 (KHTML, like Gecko) Chrome/91.0.4472.124 Safari/537.36"
18.116.240.208 - - [08/Sep/2025:17:37:39 +0800] "POST /xmlrpc.php HTTP/1.1" 200 217 "https://www.google.com/" "Mozilla/5.0 (Windows NT 10.0; Win64; x64) AppleWebKit/537.36 (KHTML, like Gecko) Chrome/91.0.4472.124 Safari/537.36"
18.116.240.208 - - [08/Sep/2025:17:37:40 +0800] "POST /xmlrpc.php HTTP/1.1" 200 217 "https://www.google.com/" "Mozilla/5.0 (Windows NT 10.0; Win64; x64) AppleWebKit/537.36 (KHTML, like Gecko) Chrome/91.0.4472.124 Safari/537.36"
18.116.240.208 - - [08/Sep/2025:17:37:42 +0800] "POST /xmlrpc.php HTTP/1.1" 200 217 "https://www.google.com/" "Mozilla/5.0 (Windows NT 10.0; Win64; x64) AppleWebKit/537.36 (KHTML, like Gecko) Chrome/91.0.4472.124 Safari/537.36"
18.116.240.208 - - [08/Sep/2025:17:37:43 +0800] "POST /xmlrpc.php HTTP/1.1" 200 217 "https://www.google.com/" "Mozilla/5.0 (Windows NT 10.0; Win64; x64) AppleWebKit/537.36 (KHTML, like Gecko) Chrome/91.0.4472.124 Safari/537.36"
18.116.240.208 - - [08/Sep/2025:17:37:44 +0800] "POST /xmlrpc.php HTTP/1.1" 200 217 "https://www.google.com/" "Mozilla/5.0 (Windows NT 10.0; Win64; x64) AppleWebKit/537.36 (KHTML, like Gecko) Chrome/91.0.4472.124 Safari/537.36"
18.116.240.208 - - [08/Sep/2025:17:37:45 +0800] "POST /xmlrpc.php HTTP/1.1" 200 217 "https://www.google.com/" "Mozilla/5.0 (Windows NT 10.0; Win64; x64) AppleWebKit/537.36 (KHTML, like Gecko) Chrome/91.0.4472.124 Safari/537.36"
36.133.115.36 - - [08/Sep/2025:17:37:46 +0800] "POST /wp-cron.php?doing_wp_cron=1757324266.3744709491729736328125 HTTP/1.1" 200 31 "-" "WordPress/6.8.2; http://cqqizhou.com"
18.116.240.208 - - [08/Sep/2025:17:37:46 +0800] "POST /xmlrpc.php HTTP/1.1" 200 217 "https://www.google.com/" "Mozilla/5.0 (Windows NT 10.0; Win64; x64) AppleWebKit/537.36 (KHTML, like Gecko) Chrome/91.0.4472.124 Safari/537.36"
18.116.240.208 - - [08/Sep/2025:17:37:47 +0800] "POST /xmlrpc.php HTTP/1.1" 200 217 "https://www.google.com/" "Mozilla/5.0 (Windows NT 10.0; Win64; x64) AppleWebKit/537.36 (KHTML, like Gecko) Chrome/91.0.4472.124 Safari/537.36"
18.116.240.208 - - [08/Sep/2025:17:37:48 +0800] "POST /xmlrpc.php HTTP/1.1" 200 217 "https://www.google.com/" "Mozilla/5.0 (Windows NT 10.0; Win64; x64) AppleWebKit/537.36 (KHTML, like Gecko) Chrome/91.0.4472.124 Safari/537.36"
18.116.240.208 - - [08/Sep/2025:17:37:49 +0800] "POST /xmlrpc.php HTTP/1.1" 200 217 "https://www.google.com/" "Mozilla/5.0 (Windows NT 10.0; Win64; x64) AppleWebKit/537.36 (KHTML, like Gecko) Chrome/91.0.4472.124 Safari/537.36"
18.116.240.208 - - [08/Sep/2025:17:37:50 +0800] "POST /xmlrpc.php HTTP/1.1" 200 217 "https://www.google.com/" "Mozilla/5.0 (Windows NT 10.0; Win64; x64) AppleWebKit/537.36 (KHTML, like Gecko) Chrome/91.0.4472.124 Safari/537.36"
18.116.240.208 - - [08/Sep/2025:17:37:51 +0800] "POST /xmlrpc.php HTTP/1.1" 200 217 "https://www.google.com/" "Mozilla/5.0 (Windows NT 10.0; Win64; x64) AppleWebKit/537.36 (KHTML, like Gecko) Chrome/91.0.4472.124 Safari/537.36"
18.116.240.208 - - [08/Sep/2025:17:37:53 +0800] "POST /xmlrpc.php HTTP/1.1" 200 217 "https://www.google.com/" "Mozilla/5.0 (Windows NT 10.0; Win64; x64) AppleWebKit/537.36 (KHTML, like Gecko) Chrome/91.0.4472.124 Safari/537.36"
18.116.240.208 - - [08/Sep/2025:17:37:54 +0800] "POST /xmlrpc.php HTTP/1.1" 200 217 "https://www.google.com/" "Mozilla/5.0 (Windows NT 10.0; Win64; x64) AppleWebKit/537.36 (KHTML, like Gecko) Chrome/91.0.4472.124 Safari/537.36"
18.116.240.208 - - [08/Sep/2025:17:37:55 +0800] "POST /xmlrpc.php HTTP/1.1" 200 217 "https://www.google.com/" "Mozilla/5.0 (Windows NT 10.0; Win64; x64) AppleWebKit/537.36 (KHTML, like Gecko) Chrome/91.0.4472.124 Safari/537.36"
18.116.240.208 - - [08/Sep/2025:17:37:56 +0800] "POST /xmlrpc.php HTTP/1.1" 200 217 "https://www.google.com/" "Mozilla/5.0 (Windows NT 10.0; Win64; x64) AppleWebKit/537.36 (KHTML, like Gecko) Chrome/91.0.4472.124 Safari/537.36"
18.116.240.208 - - [08/Sep/2025:17:37:57 +0800] "POST /xmlrpc.php HTTP/1.1" 200 217 "https://www.google.com/" "Mozilla/5.0 (Windows NT 10.0; Win64; x64) AppleWebKit/537.36 (KHTML, like Gecko) Chrome/91.0.4472.124 Safari/537.36"
18.116.240.208 - - [08/Sep/2025:17:37:58 +0800] "POST /xmlrpc.php HTTP/1.1" 200 217 "https://www.google.com/" "Mozilla/5.0 (Windows NT 10.0; Win64; x64) AppleWebKit/537.36 (KHTML, like Gecko) Chrome/91.0.4472.124 Safari/537.36"
18.116.240.208 - - [08/Sep/2025:17:37:59 +0800] "POST /xmlrpc.php HTTP/1.1" 200 217 "https://www.google.com/" "Mozilla/5.0 (Windows NT 10.0; Win64; x64) AppleWebKit/537.36 (KHTML, like Gecko) Chrome/91.0.4472.124 Safari/537.36"
18.116.240.208 - - [08/Sep/2025:17:38:00 +0800] "POST /xmlrpc.php HTTP/1.1" 200 217 "https://www.google.com/" "Mozilla/5.0 (Windows NT 10.0; Win64; x64) AppleWebKit/537.36 (KHTML, like Gecko) Chrome/91.0.4472.124 Safari/537.36"
18.116.240.208 - - [08/Sep/2025:17:38:01 +0800] "POST /xmlrpc.php HTTP/1.1" 200 217 "https://www.google.com/" "Mozilla/5.0 (Windows NT 10.0; Win64; x64) AppleWebKit/537.36 (KHTML, like Gecko) Chrome/91.0.4472.124 Safari/537.36"
18.116.240.208 - - [08/Sep/2025:17:38:02 +0800] "POST /xmlrpc.php HTTP/1.1" 200 217 "https://www.google.com/" "Mozilla/5.0 (Windows NT 10.0; Win64; x64) AppleWebKit/537.36 (KHTML, like Gecko) Chrome/91.0.4472.124 Safari/537.36"
18.116.240.208 - - [08/Sep/2025:17:38:04 +0800] "POST /xmlrpc.php HTTP/1.1" 200 217 "https://www.google.com/" "Mozilla/5.0 (Windows NT 10.0; Win64; x64) AppleWebKit/537.36 (KHTML, like Gecko) Chrome/91.0.4472.124 Safari/537.36"
18.116.240.208 - - [08/Sep/2025:17:38:05 +0800] "POST /xmlrpc.php HTTP/1.1" 200 217 "https://www.google.com/" "Mozilla/5.0 (Windows NT 10.0; Win64; x64) AppleWebKit/537.36 (KHTML, like Gecko) Chrome/91.0.4472.124 Safari/537.36"
18.116.240.208 - - [08/Sep/2025:17:38:06 +0800] "POST /xmlrpc.php HTTP/1.1" 200 217 "https://www.google.com/" "Mozilla/5.0 (Windows NT 10.0; Win64; x64) AppleWebKit/537.36 (KHTML, like Gecko) Chrome/91.0.4472.124 Safari/537.36"
18.116.240.208 - - [08/Sep/2025:17:38:07 +0800] "POST /xmlrpc.php HTTP/1.1" 200 217 "https://www.google.com/" "Mozilla/5.0 (Windows NT 10.0; Win64; x64) AppleWebKit/537.36 (KHTML, like Gecko) Chrome/91.0.4472.124 Safari/537.36"
18.116.240.208 - - [08/Sep/2025:17:38:08 +0800] "POST /xmlrpc.php HTTP/1.1" 200 217 "https://www.google.com/" "Mozilla/5.0 (Windows NT 10.0; Win64; x64) AppleWebKit/537.36 (KHTML, like Gecko) Chrome/91.0.4472.124 Safari/537.36"
18.116.240.208 - - [08/Sep/2025:17:38:09 +0800] "POST /xmlrpc.php HTTP/1.1" 200 217 "https://www.google.com/" "Mozilla/5.0 (Windows NT 10.0; Win64; x64) AppleWebKit/537.36 (KHTML, like Gecko) Chrome/91.0.4472.124 Safari/537.36"
18.116.240.208 - - [08/Sep/2025:17:38:10 +0800] "POST /xmlrpc.php HTTP/1.1" 200 217 "https://www.google.com/" "Mozilla/5.0 (Windows NT 10.0; Win64; x64) AppleWebKit/537.36 (KHTML, like Gecko) Chrome/91.0.4472.124 Safari/537.36"
18.116.240.208 - - [08/Sep/2025:17:38:11 +0800] "POST /xmlrpc.php HTTP/1.1" 200 217 "https://www.google.com/" "Mozilla/5.0 (Windows NT 10.0; Win64; x64) AppleWebKit/537.36 (KHTML, like Gecko) Chrome/91.0.4472.124 Safari/537.36"
18.116.240.208 - - [08/Sep/2025:17:38:12 +0800] "POST /xmlrpc.php HTTP/1.1" 200 217 "https://www.google.com/" "Mozilla/5.0 (Windows NT 10.0; Win64; x64) AppleWebKit/537.36 (KHTML, like Gecko) Chrome/91.0.4472.124 Safari/537.36"
18.116.240.208 - - [08/Sep/2025:17:38:14 +0800] "POST /xmlrpc.php HTTP/1.1" 200 217 "https://www.google.com/" "Mozilla/5.0 (Windows NT 10.0; Win64; x64) AppleWebKit/537.36 (KHTML, like Gecko) Chrome/91.0.4472.124 Safari/537.36"
18.116.240.208 - - [08/Sep/2025:17:38:15 +0800] "POST /xmlrpc.php HTTP/1.1" 200 217 "https://www.google.com/" "Mozilla/5.0 (Windows NT 10.0; Win64; x64) AppleWebKit/537.36 (KHTML, like Gecko) Chrome/91.0.4472.124 Safari/537.36"
18.116.240.208 - - [08/Sep/2025:17:38:16 +0800] "POST /xmlrpc.php HTTP/1.1" 200 217 "https://www.google.com/" "Mozilla/5.0 (Windows NT 10.0; Win64; x64) AppleWebKit/537.36 (KHTML, like Gecko) Chrome/91.0.4472.124 Safari/537.36"
18.116.240.208 - - [08/Sep/2025:17:38:17 +0800] "POST /xmlrpc.php HTTP/1.1" 200 217 "https://www.google.com/" "Mozilla/5.0 (Windows NT 10.0; Win64; x64) AppleWebKit/537.36 (KHTML, like Gecko) Chrome/91.0.4472.124 Safari/537.36"
18.116.240.208 - - [08/Sep/2025:17:38:18 +0800] "POST /xmlrpc.php HTTP/1.1" 200 217 "https://www.google.com/" "Mozilla/5.0 (Windows NT 10.0; Win64; x64) AppleWebKit/537.36 (KHTML, like Gecko) Chrome/91.0.4472.124 Safari/537.36"
18.116.240.208 - - [08/Sep/2025:17:38:19 +0800] "POST /xmlrpc.php HTTP/1.1" 200 217 "https://www.google.com/" "Mozilla/5.0 (Windows NT 10.0; Win64; x64) AppleWebKit/537.36 (KHTML, like Gecko) Chrome/91.0.4472.124 Safari/537.36"
36.133.115.36 - - [08/Sep/2025:17:38:20 +0800] "POST /wp-cron.php?doing_wp_cron=1757324300.7184770107269287109375 HTTP/1.1" 200 31 "-" "WordPress/6.8.2; http://cqqizhou.com"
18.116.240.208 - - [08/Sep/2025:17:38:20 +0800] "POST /xmlrpc.php HTTP/1.1" 200 217 "https://www.google.com/" "Mozilla/5.0 (Windows NT 10.0; Win64; x64) AppleWebKit/537.36 (KHTML, like Gecko) Chrome/91.0.4472.124 Safari/537.36"
18.116.240.208 - - [08/Sep/2025:17:38:21 +0800] "POST /xmlrpc.php HTTP/1.1" 200 217 "https://www.google.com/" "Mozilla/5.0 (Windows NT 10.0; Win64; x64) AppleWebKit/537.36 (KHTML, like Gecko) Chrome/91.0.4472.124 Safari/537.36"
18.116.240.208 - - [08/Sep/2025:17:38:23 +0800] "POST /xmlrpc.php HTTP/1.1" 200 217 "https://www.google.com/" "Mozilla/5.0 (Windows NT 10.0; Win64; x64) AppleWebKit/537.36 (KHTML, like Gecko) Chrome/91.0.4472.124 Safari/537.36"
18.116.240.208 - - [08/Sep/2025:17:38:24 +0800] "POST /xmlrpc.php HTTP/1.1" 200 217 "https://www.google.com/" "Mozilla/5.0 (Windows NT 10.0; Win64; x64) AppleWebKit/537.36 (KHTML, like Gecko) Chrome/91.0.4472.124 Safari/537.36"
18.116.240.208 - - [08/Sep/2025:17:38:25 +0800] "POST /xmlrpc.php HTTP/1.1" 200 217 "https://www.google.com/" "Mozilla/5.0 (Windows NT 10.0; Win64; x64) AppleWebKit/537.36 (KHTML, like Gecko) Chrome/91.0.4472.124 Safari/537.36"
18.116.240.208 - - [08/Sep/2025:17:38:26 +0800] "POST /xmlrpc.php HTTP/1.1" 200 217 "https://www.google.com/" "Mozilla/5.0 (Windows NT 10.0; Win64; x64) AppleWebKit/537.36 (KHTML, like Gecko) Chrome/91.0.4472.124 Safari/537.36"
18.116.240.208 - - [08/Sep/2025:17:38:27 +0800] "POST /xmlrpc.php HTTP/1.1" 200 217 "https://www.google.com/" "Mozilla/5.0 (Windows NT 10.0; Win64; x64) AppleWebKit/537.36 (KHTML, like Gecko) Chrome/91.0.4472.124 Safari/537.36"
18.116.240.208 - - [08/Sep/2025:17:38:28 +0800] "POST /xmlrpc.php HTTP/1.1" 200 217 "https://www.google.com/" "Mozilla/5.0 (Windows NT 10.0; Win64; x64) AppleWebKit/537.36 (KHTML, like Gecko) Chrome/91.0.4472.124 Safari/537.36"
18.116.240.208 - - [08/Sep/2025:17:38:29 +0800] "POST /xmlrpc.php HTTP/1.1" 200 217 "https://www.google.com/" "Mozilla/5.0 (Windows NT 10.0; Win64; x64) AppleWebKit/537.36 (KHTML, like Gecko) Chrome/91.0.4472.124 Safari/537.36"
18.116.240.208 - - [08/Sep/2025:17:38:30 +0800] "POST /xmlrpc.php HTTP/1.1" 200 217 "https://www.google.com/" "Mozilla/5.0 (Windows NT 10.0; Win64; x64) AppleWebKit/537.36 (KHTML, like Gecko) Chrome/91.0.4472.124 Safari/537.36"
18.116.240.208 - - [08/Sep/2025:17:38:31 +0800] "POST /xmlrpc.php HTTP/1.1" 200 217 "https://www.google.com/" "Mozilla/5.0 (Windows NT 10.0; Win64; x64) AppleWebKit/537.36 (KHTML, like Gecko) Chrome/91.0.4472.124 Safari/537.36"
18.116.240.208 - - [08/Sep/2025:17:38:33 +0800] "POST /xmlrpc.php HTTP/1.1" 200 217 "https://www.google.com/" "Mozilla/5.0 (Windows NT 10.0; Win64; x64) AppleWebKit/537.36 (KHTML, like Gecko) Chrome/91.0.4472.124 Safari/537.36"
18.116.240.208 - - [08/Sep/2025:17:38:34 +0800] "POST /xmlrpc.php HTTP/1.1" 200 217 "https://www.google.com/" "Mozilla/5.0 (Windows NT 10.0; Win64; x64) AppleWebKit/537.36 (KHTML, like Gecko) Chrome/91.0.4472.124 Safari/537.36"
18.116.240.208 - - [08/Sep/2025:17:38:35 +0800] "POST /xmlrpc.php HTTP/1.1" 200 217 "https://www.google.com/" "Mozilla/5.0 (Windows NT 10.0; Win64; x64) AppleWebKit/537.36 (KHTML, like Gecko) Chrome/91.0.4472.124 Safari/537.36"
18.116.240.208 - - [08/Sep/2025:17:38:36 +0800] "POST /xmlrpc.php HTTP/1.1" 200 217 "https://www.google.com/" "Mozilla/5.0 (Windows NT 10.0; Win64; x64) AppleWebKit/537.36 (KHTML, like Gecko) Chrome/91.0.4472.124 Safari/537.36"
18.116.240.208 - - [08/Sep/2025:17:38:37 +0800] "POST /xmlrpc.php HTTP/1.1" 200 217 "https://www.google.com/" "Mozilla/5.0 (Windows NT 10.0; Win64; x64) AppleWebKit/537.36 (KHTML, like Gecko) Chrome/91.0.4472.124 Safari/537.36"
18.116.240.208 - - [08/Sep/2025:17:38:38 +0800] "POST /xmlrpc.php HTTP/1.1" 200 217 "https://www.google.com/" "Mozilla/5.0 (Windows NT 10.0; Win64; x64) AppleWebKit/537.36 (KHTML, like Gecko) Chrome/91.0.4472.124 Safari/537.36"
18.116.240.208 - - [08/Sep/2025:17:38:39 +0800] "POST /xmlrpc.php HTTP/1.1" 200 217 "https://www.google.com/" "Mozilla/5.0 (Windows NT 10.0; Win64; x64) AppleWebKit/537.36 (KHTML, like Gecko) Chrome/91.0.4472.124 Safari/537.36"
18.116.240.208 - - [08/Sep/2025:17:38:40 +0800] "POST /xmlrpc.php HTTP/1.1" 200 217 "https://www.google.com/" "Mozilla/5.0 (Windows NT 10.0; Win64; x64) AppleWebKit/537.36 (KHTML, like Gecko) Chrome/91.0.4472.124 Safari/537.36"
18.116.240.208 - - [08/Sep/2025:17:38:42 +0800] "POST /xmlrpc.php HTTP/1.1" 200 217 "https://www.google.com/" "Mozilla/5.0 (Windows NT 10.0; Win64; x64) AppleWebKit/537.36 (KHTML, like Gecko) Chrome/91.0.4472.124 Safari/537.36"
18.116.240.208 - - [08/Sep/2025:17:38:43 +0800] "POST /xmlrpc.php HTTP/1.1" 200 217 "https://www.google.com/" "Mozilla/5.0 (Windows NT 10.0; Win64; x64) AppleWebKit/537.36 (KHTML, like Gecko) Chrome/91.0.4472.124 Safari/537.36"
18.116.240.208 - - [08/Sep/2025:17:38:44 +0800] "POST /xmlrpc.php HTTP/1.1" 200 217 "https://www.google.com/" "Mozilla/5.0 (Windows NT 10.0; Win64; x64) AppleWebKit/537.36 (KHTML, like Gecko) Chrome/91.0.4472.124 Safari/537.36"
18.116.240.208 - - [08/Sep/2025:17:38:45 +0800] "POST /xmlrpc.php HTTP/1.1" 200 217 "https://www.google.com/" "Mozilla/5.0 (Windows NT 10.0; Win64; x64) AppleWebKit/537.36 (KHTML, like Gecko) Chrome/91.0.4472.124 Safari/537.36"
36.133.115.36 - - [08/Sep/2025:17:38:46 +0800] "POST /wp-cron.php?doing_wp_cron=1757324326.5337610244750976562500 HTTP/1.1" 200 31 "-" "WordPress/6.8.2; http://cqqizhou.com"
18.116.240.208 - - [08/Sep/2025:17:38:46 +0800] "POST /xmlrpc.php HTTP/1.1" 200 217 "https://www.google.com/" "Mozilla/5.0 (Windows NT 10.0; Win64; x64) AppleWebKit/537.36 (KHTML, like Gecko) Chrome/91.0.4472.124 Safari/537.36"
18.116.240.208 - - [08/Sep/2025:17:38:47 +0800] "POST /xmlrpc.php HTTP/1.1" 200 217 "https://www.google.com/" "Mozilla/5.0 (Windows NT 10.0; Win64; x64) AppleWebKit/537.36 (KHTML, like Gecko) Chrome/91.0.4472.124 Safari/537.36"
18.116.240.208 - - [08/Sep/2025:17:38:48 +0800] "POST /xmlrpc.php HTTP/1.1" 200 217 "https://www.google.com/" "Mozilla/5.0 (Windows NT 10.0; Win64; x64) AppleWebKit/537.36 (KHTML, like Gecko) Chrome/91.0.4472.124 Safari/537.36"
18.116.240.208 - - [08/Sep/2025:17:38:49 +0800] "POST /xmlrpc.php HTTP/1.1" 200 217 "https://www.google.com/" "Mozilla/5.0 (Windows NT 10.0; Win64; x64) AppleWebKit/537.36 (KHTML, like Gecko) Chrome/91.0.4472.124 Safari/537.36"
18.116.240.208 - - [08/Sep/2025:17:38:51 +0800] "POST /xmlrpc.php HTTP/1.1" 200 217 "https://www.google.com/" "Mozilla/5.0 (Windows NT 10.0; Win64; x64) AppleWebKit/537.36 (KHTML, like Gecko) Chrome/91.0.4472.124 Safari/537.36"
18.116.240.208 - - [08/Sep/2025:17:38:52 +0800] "POST /xmlrpc.php HTTP/1.1" 200 217 "https://www.google.com/" "Mozilla/5.0 (Windows NT 10.0; Win64; x64) AppleWebKit/537.36 (KHTML, like Gecko) Chrome/91.0.4472.124 Safari/537.36"
18.116.240.208 - - [08/Sep/2025:17:38:53 +0800] "POST /xmlrpc.php HTTP/1.1" 200 217 "https://www.google.com/" "Mozilla/5.0 (Windows NT 10.0; Win64; x64) AppleWebKit/537.36 (KHTML, like Gecko) Chrome/91.0.4472.124 Safari/537.36"
18.116.240.208 - - [08/Sep/2025:17:38:54 +0800] "POST /xmlrpc.php HTTP/1.1" 200 217 "https://www.google.com/" "Mozilla/5.0 (Windows NT 10.0; Win64; x64) AppleWebKit/537.36 (KHTML, like Gecko) Chrome/91.0.4472.124 Safari/537.36"
18.116.240.208 - - [08/Sep/2025:17:38:55 +0800] "POST /xmlrpc.php HTTP/1.1" 200 217 "https://www.google.com/" "Mozilla/5.0 (Windows NT 10.0; Win64; x64) AppleWebKit/537.36 (KHTML, like Gecko) Chrome/91.0.4472.124 Safari/537.36"
18.116.240.208 - - [08/Sep/2025:17:38:56 +0800] "POST /xmlrpc.php HTTP/1.1" 200 217 "https://www.google.com/" "Mozilla/5.0 (Windows NT 10.0; Win64; x64) AppleWebKit/537.36 (KHTML, like Gecko) Chrome/91.0.4472.124 Safari/537.36"
18.116.240.208 - - [08/Sep/2025:17:38:57 +0800] "POST /xmlrpc.php HTTP/1.1" 200 217 "https://www.google.com/" "Mozilla/5.0 (Windows NT 10.0; Win64; x64) AppleWebKit/537.36 (KHTML, like Gecko) Chrome/91.0.4472.124 Safari/537.36"
18.116.240.208 - - [08/Sep/2025:17:38:58 +0800] "POST /xmlrpc.php HTTP/1.1" 200 217 "https://www.google.com/" "Mozilla/5.0 (Windows NT 10.0; Win64; x64) AppleWebKit/537.36 (KHTML, like Gecko) Chrome/91.0.4472.124 Safari/537.36"
18.116.240.208 - - [08/Sep/2025:17:39:00 +0800] "POST /xmlrpc.php HTTP/1.1" 200 217 "https://www.google.com/" "Mozilla/5.0 (Windows NT 10.0; Win64; x64) AppleWebKit/537.36 (KHTML, like Gecko) Chrome/91.0.4472.124 Safari/537.36"
18.116.240.208 - - [08/Sep/2025:17:39:01 +0800] "POST /xmlrpc.php HTTP/1.1" 200 217 "https://www.google.com/" "Mozilla/5.0 (Windows NT 10.0; Win64; x64) AppleWebKit/537.36 (KHTML, like Gecko) Chrome/91.0.4472.124 Safari/537.36"
18.116.240.208 - - [08/Sep/2025:17:39:02 +0800] "POST /xmlrpc.php HTTP/1.1" 200 217 "https://www.google.com/" "Mozilla/5.0 (Windows NT 10.0; Win64; x64) AppleWebKit/537.36 (KHTML, like Gecko) Chrome/91.0.4472.124 Safari/537.36"
18.116.240.208 - - [08/Sep/2025:17:39:03 +0800] "POST /xmlrpc.php HTTP/1.1" 200 217 "https://www.google.com/" "Mozilla/5.0 (Windows NT 10.0; Win64; x64) AppleWebKit/537.36 (KHTML, like Gecko) Chrome/91.0.4472.124 Safari/537.36"
18.116.240.208 - - [08/Sep/2025:17:39:04 +0800] "POST /xmlrpc.php HTTP/1.1" 200 217 "https://www.google.com/" "Mozilla/5.0 (Windows NT 10.0; Win64; x64) AppleWebKit/537.36 (KHTML, like Gecko) Chrome/91.0.4472.124 Safari/537.36"
18.116.240.208 - - [08/Sep/2025:17:39:05 +0800] "POST /xmlrpc.php HTTP/1.1" 200 217 "https://www.google.com/" "Mozilla/5.0 (Windows NT 10.0; Win64; x64) AppleWebKit/537.36 (KHTML, like Gecko) Chrome/91.0.4472.124 Safari/537.36"
18.116.240.208 - - [08/Sep/2025:17:39:06 +0800] "POST /xmlrpc.php HTTP/1.1" 200 217 "https://www.google.com/" "Mozilla/5.0 (Windows NT 10.0; Win64; x64) AppleWebKit/537.36 (KHTML, like Gecko) Chrome/91.0.4472.124 Safari/537.36"
18.116.240.208 - - [08/Sep/2025:17:39:07 +0800] "POST /xmlrpc.php HTTP/1.1" 200 217 "https://www.google.com/" "Mozilla/5.0 (Windows NT 10.0; Win64; x64) AppleWebKit/537.36 (KHTML, like Gecko) Chrome/91.0.4472.124 Safari/537.36"
18.116.240.208 - - [08/Sep/2025:17:39:09 +0800] "POST /xmlrpc.php HTTP/1.1" 200 217 "https://www.google.com/" "Mozilla/5.0 (Windows NT 10.0; Win64; x64) AppleWebKit/537.36 (KHTML, like Gecko) Chrome/91.0.4472.124 Safari/537.36"
18.116.240.208 - - [08/Sep/2025:17:39:10 +0800] "POST /xmlrpc.php HTTP/1.1" 200 217 "https://www.google.com/" "Mozilla/5.0 (Windows NT 10.0; Win64; x64) AppleWebKit/537.36 (KHTML, like Gecko) Chrome/91.0.4472.124 Safari/537.36"
18.116.240.208 - - [08/Sep/2025:17:39:11 +0800] "POST /xmlrpc.php HTTP/1.1" 200 217 "https://www.google.com/" "Mozilla/5.0 (Windows NT 10.0; Win64; x64) AppleWebKit/537.36 (KHTML, like Gecko) Chrome/91.0.4472.124 Safari/537.36"
18.116.240.208 - - [08/Sep/2025:17:39:12 +0800] "POST /xmlrpc.php HTTP/1.1" 200 217 "https://www.google.com/" "Mozilla/5.0 (Windows NT 10.0; Win64; x64) AppleWebKit/537.36 (KHTML, like Gecko) Chrome/91.0.4472.124 Safari/537.36"
18.116.240.208 - - [08/Sep/2025:17:39:13 +0800] "POST /xmlrpc.php HTTP/1.1" 200 217 "https://www.google.com/" "Mozilla/5.0 (Windows NT 10.0; Win64; x64) AppleWebKit/537.36 (KHTML, like Gecko) Chrome/91.0.4472.124 Safari/537.36"
18.116.240.208 - - [08/Sep/2025:17:39:14 +0800] "POST /xmlrpc.php HTTP/1.1" 200 217 "https://www.google.com/" "Mozilla/5.0 (Windows NT 10.0; Win64; x64) AppleWebKit/537.36 (KHTML, like Gecko) Chrome/91.0.4472.124 Safari/537.36"
18.116.240.208 - - [08/Sep/2025:17:39:15 +0800] "POST /xmlrpc.php HTTP/1.1" 200 217 "https://www.google.com/" "Mozilla/5.0 (Windows NT 10.0; Win64; x64) AppleWebKit/537.36 (KHTML, like Gecko) Chrome/91.0.4472.124 Safari/537.36"
