172.190.142.176 - - [08/Sep/2025:11:21:16 +0800] "GET /pm.php HTTP/1.1" 404 27 "-" "-"
172.190.142.176 - - [08/Sep/2025:11:21:17 +0800] "GET /new4.php HTTP/1.1" 404 27 "-" "-"
172.190.142.176 - - [08/Sep/2025:11:21:17 +0800] "GET /vxrl.php HTTP/1.1" 404 27 "-" "-"
172.190.142.176 - - [08/Sep/2025:11:21:17 +0800] "GET /shorw.php HTTP/1.1" 404 27 "-" "-"
172.190.142.176 - - [08/Sep/2025:11:21:17 +0800] "GET /giclass.php HTTP/1.1" 404 27 "-" "-"
172.190.142.176 - - [08/Sep/2025:11:21:18 +0800] "GET /orm.php HTTP/1.1" 404 27 "-" "-"
172.190.142.176 - - [08/Sep/2025:11:21:18 +0800] "GET /gmo.php HTTP/1.1" 404 27 "-" "-"
172.190.142.176 - - [08/Sep/2025:11:21:18 +0800] "GET /ioxi2.php HTTP/1.1" 404 27 "-" "-"
172.190.142.176 - - [08/Sep/2025:11:21:19 +0800] "GET /zcxb.php HTTP/1.1" 404 27 "-" "-"
172.190.142.176 - - [08/Sep/2025:11:21:19 +0800] "GET /wpls.php HTTP/1.1" 404 27 "-" "-"
172.190.142.176 - - [08/Sep/2025:11:21:19 +0800] "GET /testas.php HTTP/1.1" 404 27 "-" "-"
172.190.142.176 - - [08/Sep/2025:11:21:19 +0800] "GET /nope.php HTTP/1.1" 404 27 "-" "-"
172.190.142.176 - - [08/Sep/2025:11:21:20 +0800] "GET /reyha.php HTTP/1.1" 404 27 "-" "-"
172.190.142.176 - - [08/Sep/2025:11:21:20 +0800] "GET /ma1.php HTTP/1.1" 404 27 "-" "-"
172.190.142.176 - - [08/Sep/2025:11:21:20 +0800] "GET /bypltspd.php HTTP/1.1" 404 27 "-" "-"
172.190.142.176 - - [08/Sep/2025:11:21:20 +0800] "GET /aaa.php HTTP/1.1" 404 27 "-" "-"
172.190.142.176 - - [08/Sep/2025:11:21:21 +0800] "GET /wp-xm.php HTTP/1.1" 404 27 "-" "-"
172.190.142.176 - - [08/Sep/2025:11:21:21 +0800] "GET /zeal.php HTTP/1.1" 404 27 "-" "-"
172.190.142.176 - - [08/Sep/2025:11:21:21 +0800] "GET /h8h9.php HTTP/1.1" 404 27 "-" "-"
172.190.142.176 - - [08/Sep/2025:11:21:22 +0800] "GET /zasd.php HTTP/1.1" 404 27 "-" "-"
172.190.142.176 - - [08/Sep/2025:11:21:22 +0800] "GET /xzs.php HTTP/1.1" 404 27 "-" "-"
172.190.142.176 - - [08/Sep/2025:11:21:22 +0800] "GET /yep.php HTTP/1.1" 404 27 "-" "-"
172.190.142.176 - - [08/Sep/2025:11:21:22 +0800] "GET /des.php HTTP/1.1" 404 27 "-" "-"
172.190.142.176 - - [08/Sep/2025:11:21:23 +0800] "GET /xex.php HTTP/1.1" 404 27 "-" "-"
172.190.142.176 - - [08/Sep/2025:11:21:23 +0800] "GET /tox.php HTTP/1.1" 404 27 "-" "-"
172.190.142.176 - - [08/Sep/2025:11:21:23 +0800] "GET /racs3.php HTTP/1.1" 404 27 "-" "-"
172.190.142.176 - - [08/Sep/2025:11:21:23 +0800] "GET /wp-cliner.php HTTP/1.1" 404 27 "-" "-"
172.190.142.176 - - [08/Sep/2025:11:21:24 +0800] "GET /law.php HTTP/1.1" 404 27 "-" "-"
172.190.142.176 - - [08/Sep/2025:11:21:24 +0800] "GET /moo.php HTTP/1.1" 404 27 "-" "-"
172.190.142.176 - - [08/Sep/2025:11:21:24 +0800] "GET /file4.php HTTP/1.1" 404 27 "-" "-"
172.190.142.176 - - [08/Sep/2025:11:21:24 +0800] "GET /file17.php HTTP/1.1" 404 27 "-" "-"
172.190.142.176 - - [08/Sep/2025:11:21:25 +0800] "GET /nae.php HTTP/1.1" 404 27 "-" "-"
47.108.117.45 - - [08/Sep/2025:11:21:31 +0800] "GET /wp-content/plugins/revslider/public/js/ HTTP/1.1" 403 548 "-" "Mozilla/5.0 (Windows NT 6.1; WOW64) AppleWebKit/537.36 (KHTML, like Gecko) Chrome/86.0.4240.198 Safari/537.36"
36.133.115.36 - - [08/Sep/2025:11:21:59 +0800] "POST /wp-cron.php?doing_wp_cron=1757301719.7413320541381835937500 HTTP/1.1" 200 31 "-" "WordPress/6.8.2; http://cqqizhou.com"
121.42.253.62 - - [08/Sep/2025:11:21:59 +0800] "GET /comments/ HTTP/1.1" 404 8990 "-" "Mozilla/5.0 (Windows NT 6.1; WOW64) AppleWebKit/537.36 (KHTML, like Gecko) Chrome/86.0.4240.198 Safari/537.36"
47.109.44.73 - - [08/Sep/2025:11:22:08 +0800] "GET /wp-content/uploads/elementor/css/ HTTP/1.1" 403 548 "-" "Mozilla/5.0 (Windows NT 6.1; WOW64) AppleWebKit/537.36 (KHTML, like Gecko) Chrome/86.0.4240.198 Safari/537.36"
47.109.54.65 - - [08/Sep/2025:11:22:43 +0800] "GET /2160/ HTTP/1.1" 200 29934 "-" "Mozilla/5.0 (Windows NT 6.1; WOW64) AppleWebKit/537.36 (KHTML, like Gecko) Chrome/86.0.4240.198 Safari/537.36"
47.109.54.65 - - [08/Sep/2025:11:23:22 +0800] "GET /wp-content/cache/min/1/wp-content/plugins/revslider/public/ HTTP/1.1" 403 548 "-" "Mozilla/5.0 (Windows NT 6.1; WOW64) AppleWebKit/537.36 (KHTML, like Gecko) Chrome/86.0.4240.198 Safari/537.36"
139.129.246.141 - - [08/Sep/2025:11:23:33 +0800] "GET /wp-content/cache/min/1/wp-content/plugins/revslider/public/css/fonts/ HTTP/1.1" 403 548 "-" "Mozilla/5.0 (Windows NT 6.1; WOW64) AppleWebKit/537.36 (KHTML, like Gecko) Chrome/86.0.4240.198 Safari/537.36"
47.109.54.65 - - [08/Sep/2025:11:23:45 +0800] "GET /material.html HTTP/1.1" 200 6459 "-" "Mozilla/5.0 (Windows NT 6.1; WOW64) AppleWebKit/537.36 (KHTML, like Gecko) Chrome/86.0.4240.198 Safari/537.36"
47.108.117.45 - - [08/Sep/2025:11:24:12 +0800] "GET /wp-content/cache/min/1/wp-content/plugins/smartideo/ HTTP/1.1" 403 548 "-" "Mozilla/5.0 (Windows NT 6.1; WOW64) AppleWebKit/537.36 (KHTML, like Gecko) Chrome/86.0.4240.198 Safari/537.36"
47.109.54.65 - - [08/Sep/2025:11:24:38 +0800] "GET /wp-content/plugins/elementor-pro/ HTTP/1.1" 403 548 "-" "Mozilla/5.0 (Windows NT 6.1; WOW64) AppleWebKit/537.36 (KHTML, like Gecko) Chrome/86.0.4240.198 Safari/537.36"
36.133.115.36 - - [08/Sep/2025:11:26:10 +0800] "POST /wp-cron.php?doing_wp_cron=1757301970.1431100368499755859375 HTTP/1.1" 200 31 "-" "WordPress/6.8.2; http://cqqizhou.com"
14.103.214.168 - - [08/Sep/2025:11:26:10 +0800] "POST /hello.world?%ADd+allow_url_include%3d1+%ADd+auto_prepend_file%3dphp://input HTTP/1.1" 404 31381 "-" "libredtail-http"
14.103.214.168 - - [08/Sep/2025:11:26:11 +0800] "POST /?%ADd+allow_url_include%3d1+%ADd+auto_prepend_file%3dphp://input HTTP/1.1" 200 151919 "-" "libredtail-http"
14.103.214.168 - - [08/Sep/2025:11:26:12 +0800] "GET /vendor/phpunit/phpunit/src/Util/PHP/eval-stdin.php HTTP/1.1" 404 27 "-" "libredtail-http"
14.103.214.168 - - [08/Sep/2025:11:26:12 +0800] "GET /vendor/phpunit/phpunit/Util/PHP/eval-stdin.php HTTP/1.1" 404 27 "-" "libredtail-http"
14.103.214.168 - - [08/Sep/2025:11:26:13 +0800] "GET /vendor/phpunit/src/Util/PHP/eval-stdin.php HTTP/1.1" 404 27 "-" "libredtail-http"
14.103.214.168 - - [08/Sep/2025:11:26:13 +0800] "GET /vendor/phpunit/Util/PHP/eval-stdin.php HTTP/1.1" 404 27 "-" "libredtail-http"
14.103.214.168 - - [08/Sep/2025:11:26:13 +0800] "GET /vendor/phpunit/phpunit/LICENSE/eval-stdin.php HTTP/1.1" 404 27 "-" "libredtail-http"
14.103.214.168 - - [08/Sep/2025:11:26:13 +0800] "GET /vendor/vendor/phpunit/phpunit/src/Util/PHP/eval-stdin.php HTTP/1.1" 404 27 "-" "libredtail-http"
14.103.214.168 - - [08/Sep/2025:11:26:13 +0800] "GET /phpunit/phpunit/src/Util/PHP/eval-stdin.php HTTP/1.1" 404 27 "-" "libredtail-http"
14.103.214.168 - - [08/Sep/2025:11:26:13 +0800] "GET /phpunit/phpunit/Util/PHP/eval-stdin.php HTTP/1.1" 404 27 "-" "libredtail-http"
14.103.214.168 - - [08/Sep/2025:11:26:13 +0800] "GET /phpunit/src/Util/PHP/eval-stdin.php HTTP/1.1" 404 27 "-" "libredtail-http"
14.103.214.168 - - [08/Sep/2025:11:26:13 +0800] "GET /phpunit/Util/PHP/eval-stdin.php HTTP/1.1" 404 27 "-" "libredtail-http"
14.103.214.168 - - [08/Sep/2025:11:26:13 +0800] "GET /lib/phpunit/phpunit/src/Util/PHP/eval-stdin.php HTTP/1.1" 404 27 "-" "libredtail-http"
14.103.214.168 - - [08/Sep/2025:11:26:13 +0800] "GET /lib/phpunit/phpunit/Util/PHP/eval-stdin.php HTTP/1.1" 404 27 "-" "libredtail-http"
14.103.214.168 - - [08/Sep/2025:11:26:13 +0800] "GET /lib/phpunit/src/Util/PHP/eval-stdin.php HTTP/1.1" 404 27 "-" "libredtail-http"
14.103.214.168 - - [08/Sep/2025:11:26:13 +0800] "GET /lib/phpunit/Util/PHP/eval-stdin.php HTTP/1.1" 404 27 "-" "libredtail-http"
14.103.214.168 - - [08/Sep/2025:11:26:14 +0800] "GET /lib/vendor/phpunit/phpunit/src/Util/PHP/eval-stdin.php HTTP/1.1" 404 27 "-" "libredtail-http"
14.103.214.168 - - [08/Sep/2025:11:26:14 +0800] "GET /laravel/vendor/phpunit/phpunit/src/Util/PHP/eval-stdin.php HTTP/1.1" 404 27 "-" "libredtail-http"
14.103.214.168 - - [08/Sep/2025:11:26:14 +0800] "GET /www/vendor/phpunit/phpunit/src/Util/PHP/eval-stdin.php HTTP/1.1" 404 27 "-" "libredtail-http"
14.103.214.168 - - [08/Sep/2025:11:26:14 +0800] "GET /ws/vendor/phpunit/phpunit/src/Util/PHP/eval-stdin.php HTTP/1.1" 404 27 "-" "libredtail-http"
14.103.214.168 - - [08/Sep/2025:11:26:14 +0800] "GET /yii/vendor/phpunit/phpunit/src/Util/PHP/eval-stdin.php HTTP/1.1" 404 27 "-" "libredtail-http"
14.103.214.168 - - [08/Sep/2025:11:26:14 +0800] "GET /zend/vendor/phpunit/phpunit/src/Util/PHP/eval-stdin.php HTTP/1.1" 404 27 "-" "libredtail-http"
14.103.214.168 - - [08/Sep/2025:11:26:14 +0800] "GET /ws/ec/vendor/phpunit/phpunit/src/Util/PHP/eval-stdin.php HTTP/1.1" 404 27 "-" "libredtail-http"
14.103.214.168 - - [08/Sep/2025:11:26:14 +0800] "GET /V2/vendor/phpunit/phpunit/src/Util/PHP/eval-stdin.php HTTP/1.1" 404 27 "-" "libredtail-http"
14.103.214.168 - - [08/Sep/2025:11:26:14 +0800] "GET /tests/vendor/phpunit/phpunit/src/Util/PHP/eval-stdin.php HTTP/1.1" 404 27 "-" "libredtail-http"
14.103.214.168 - - [08/Sep/2025:11:26:14 +0800] "GET /test/vendor/phpunit/phpunit/src/Util/PHP/eval-stdin.php HTTP/1.1" 404 27 "-" "libredtail-http"
14.103.214.168 - - [08/Sep/2025:11:26:14 +0800] "GET /testing/vendor/phpunit/phpunit/src/Util/PHP/eval-stdin.php HTTP/1.1" 404 27 "-" "libredtail-http"
14.103.214.168 - - [08/Sep/2025:11:26:14 +0800] "GET /api/vendor/phpunit/phpunit/src/Util/PHP/eval-stdin.php HTTP/1.1" 404 27 "-" "libredtail-http"
14.103.214.168 - - [08/Sep/2025:11:26:14 +0800] "GET /demo/vendor/phpunit/phpunit/src/Util/PHP/eval-stdin.php HTTP/1.1" 404 27 "-" "libredtail-http"
14.103.214.168 - - [08/Sep/2025:11:26:14 +0800] "GET /cms/vendor/phpunit/phpunit/src/Util/PHP/eval-stdin.php HTTP/1.1" 404 27 "-" "libredtail-http"
14.103.214.168 - - [08/Sep/2025:11:26:14 +0800] "GET /crm/vendor/phpunit/phpunit/src/Util/PHP/eval-stdin.php HTTP/1.1" 404 27 "-" "libredtail-http"
14.103.214.168 - - [08/Sep/2025:11:26:15 +0800] "GET /admin/vendor/phpunit/phpunit/src/Util/PHP/eval-stdin.php HTTP/1.1" 404 27 "-" "libredtail-http"
14.103.214.168 - - [08/Sep/2025:11:26:15 +0800] "GET /backup/vendor/phpunit/phpunit/src/Util/PHP/eval-stdin.php HTTP/1.1" 404 27 "-" "libredtail-http"
14.103.214.168 - - [08/Sep/2025:11:26:15 +0800] "GET /blog/vendor/phpunit/phpunit/src/Util/PHP/eval-stdin.php HTTP/1.1" 404 27 "-" "libredtail-http"
14.103.214.168 - - [08/Sep/2025:11:26:15 +0800] "GET /workspace/drupal/vendor/phpunit/phpunit/src/Util/PHP/eval-stdin.php HTTP/1.1" 404 27 "-" "libredtail-http"
14.103.214.168 - - [08/Sep/2025:11:26:15 +0800] "GET /panel/vendor/phpunit/phpunit/src/Util/PHP/eval-stdin.php HTTP/1.1" 404 27 "-" "libredtail-http"
14.103.214.168 - - [08/Sep/2025:11:26:15 +0800] "GET /public/vendor/phpunit/phpunit/src/Util/PHP/eval-stdin.php HTTP/1.1" 404 27 "-" "libredtail-http"
14.103.214.168 - - [08/Sep/2025:11:26:15 +0800] "GET /apps/vendor/phpunit/phpunit/src/Util/PHP/eval-stdin.php HTTP/1.1" 404 27 "-" "libredtail-http"
14.103.214.168 - - [08/Sep/2025:11:26:15 +0800] "GET /app/vendor/phpunit/phpunit/src/Util/PHP/eval-stdin.php HTTP/1.1" 404 27 "-" "libredtail-http"
14.103.214.168 - - [08/Sep/2025:11:26:16 +0800] "GET /index.php?s=/index/\x5Cthink\x5Capp/invokefunction&function=call_user_func_array&vars[0]=md5&vars[1][]=Hello HTTP/1.1" 200 65160 "-" "libredtail-http"
14.103.214.168 - - [08/Sep/2025:11:26:17 +0800] "GET /public/index.php?s=/index/\x5Cthink\x5Capp/invokefunction&function=call_user_func_array&vars[0]=md5&vars[1][]=Hello HTTP/1.1" 404 27 "-" "libredtail-http"
14.103.214.168 - - [08/Sep/2025:11:26:18 +0800] "GET /index.php?lang=../../../../../../../../usr/local/lib/php/pearcmd&+config-create+/&/<?echo(md5(\x22hi\x22));?>+/tmp/index1.php HTTP/1.1" 200 151919 "-" "libredtail-http"
14.103.214.168 - - [08/Sep/2025:11:26:20 +0800] "GET /index.php?lang=../../../../../../../../tmp/index1 HTTP/1.1" 200 151919 "-" "libredtail-http"
14.103.214.168 - - [08/Sep/2025:11:26:22 +0800] "GET /containers/json HTTP/1.1" 301 5 "-" "libredtail-http"
47.109.44.73 - - [08/Sep/2025:11:27:25 +0800] "GET /portfolio/duplex-stainless-steel/ HTTP/1.1" 200 22101 "-" "Mozilla/5.0 (Windows NT 6.1; WOW64) AppleWebKit/537.36 (KHTML, like Gecko) Chrome/86.0.4240.198 Safari/537.36"
121.42.253.62 - - [08/Sep/2025:11:27:37 +0800] "GET /wp-content/cache/min/1/wp-content/plugins/ HTTP/1.1" 403 548 "-" "Mozilla/5.0 (Windows NT 6.1; WOW64) AppleWebKit/537.36 (KHTML, like Gecko) Chrome/86.0.4240.198 Safari/537.36"
121.42.253.62 - - [08/Sep/2025:11:30:15 +0800] "GET /wp-content/themes/ HTTP/1.1" 200 31 "-" "Mozilla/5.0 (Windows NT 6.1; WOW64) AppleWebKit/537.36 (KHTML, like Gecko) Chrome/86.0.4240.198 Safari/537.36"
121.42.253.62 - - [08/Sep/2025:11:30:47 +0800] "GET /wp-content/cache/min/1/wp-content/plugins/revslider/public/css/fonts/revicons/ HTTP/1.1" 403 548 "-" "Mozilla/5.0 (Windows NT 6.1; WOW64) AppleWebKit/537.36 (KHTML, like Gecko) Chrome/86.0.4240.198 Safari/537.36"
47.109.54.65 - - [08/Sep/2025:11:31:45 +0800] "GET /wp-content/plugins/elementor/assets/js/ HTTP/1.1" 403 548 "-" "Mozilla/5.0 (Windows NT 6.1; WOW64) AppleWebKit/537.36 (KHTML, like Gecko) Chrome/86.0.4240.198 Safari/537.36"
36.133.115.36 - - [08/Sep/2025:11:32:15 +0800] "POST /wp-cron.php?doing_wp_cron=1757302335.1101009845733642578125 HTTP/1.1" 200 31 "-" "WordPress/6.8.2; http://cqqizhou.com"
47.108.117.45 - - [08/Sep/2025:11:32:15 +0800] "GET /ask/ HTTP/1.1" 404 8990 "-" "Mozilla/5.0 (Windows NT 6.1; WOW64) AppleWebKit/537.36 (KHTML, like Gecko) Chrome/86.0.4240.198 Safari/537.36"
196.251.69.194 - - [08/Sep/2025:11:32:18 +0800] "GET / HTTP/1.0" 200 151897 "-" "Mozilla/5.0 (X11; Linux x86_64; rv:140.0) Gecko/20100101 Firefox/140.0"
36.133.115.36 - - [08/Sep/2025:11:34:05 +0800] "POST /wp-cron.php?doing_wp_cron=1757302445.9529070854187011718750 HTTP/1.1" 200 31 "-" "WordPress/6.8.2; http://cqqizhou.com"
121.42.236.230 - - [08/Sep/2025:11:34:06 +0800] "GET /?s= HTTP/1.1" 200 19545 "-" "Mozilla/5.0 (Windows NT 6.1; WOW64) AppleWebKit/537.36 (KHTML, like Gecko) Chrome/86.0.4240.198 Safari/537.36"
149.50.103.48 - - [08/Sep/2025:11:34:38 +0800] "GET / HTTP/1.1" 200 33467 "-" "Mozilla/5.0 (Windows NT 10.0; Win64; x64) AppleWebKit/537.36 (KHTML, like Gecko) Chrome/90.0.4430.85 Safari/537.36 Edg/90.0.818.46"
139.129.246.141 - - [08/Sep/2025:11:35:01 +0800] "GET /wp-content/plugins/elementor/assets/css/ HTTP/1.1" 403 548 "-" "Mozilla/5.0 (Windows NT 6.1; WOW64) AppleWebKit/537.36 (KHTML, like Gecko) Chrome/86.0.4240.198 Safari/537.36"
121.42.236.230 - - [08/Sep/2025:11:36:30 +0800] "GET /wp-content/uploads/elementor/ HTTP/1.1" 403 548 "-" "Mozilla/5.0 (Windows NT 6.1; WOW64) AppleWebKit/537.36 (KHTML, like Gecko) Chrome/86.0.4240.198 Safari/537.36"
47.108.117.45 - - [08/Sep/2025:11:36:47 +0800] "GET /about/ HTTP/1.1" 200 30088 "-" "Mozilla/5.0 (Windows NT 6.1; WOW64) AppleWebKit/537.36 (KHTML, like Gecko) Chrome/86.0.4240.198 Safari/537.36"
47.109.54.65 - - [08/Sep/2025:11:36:47 +0800] "GET /wp-content/plugins/wp-rocket/ HTTP/1.1" 403 548 "-" "Mozilla/5.0 (Windows NT 6.1; WOW64) AppleWebKit/537.36 (KHTML, like Gecko) Chrome/86.0.4240.198 Safari/537.36"
117.155.136.133 - - [08/Sep/2025:11:37:46 +0800] "GET http://cqqizhou.com/ HTTP/1.1" 200 39369 "-" "Mozilla/5.0 (Windows NT 10.0; WOW64) AppleWebKit/537.36 (KHTML, like Gecko) Chrome/85.0.4183.38"
36.133.115.36 - - [08/Sep/2025:11:37:54 +0800] "POST /wp-cron.php?doing_wp_cron=1757302674.2815060615539550781250 HTTP/1.1" 200 31 "-" "WordPress/6.8.2; http://cqqizhou.com"
36.159.138.173 - - [08/Sep/2025:11:37:54 +0800] "GET http://www.cqqizhou.com/ HTTP/1.1" 301 5 "-" "Mozilla/5.0 (Windows NT 6.1; Win64; x64) AppleWebKit/537.36 (KHTML, like Gecko) Chrome/83.0.4103.39"
36.159.138.173 - - [08/Sep/2025:11:37:54 +0800] "GET http://cqqizhou.com/ HTTP/1.1" 200 39369 "-" "Mozilla/5.0 (Windows NT 6.1; Win64; x64) AppleWebKit/537.36 (KHTML, like Gecko) Chrome/83.0.4103.39"
47.108.117.45 - - [08/Sep/2025:11:38:32 +0800] "GET /wp-content/plugins/elementor/assets/lib/animations/ HTTP/1.1" 403 548 "-" "Mozilla/5.0 (Windows NT 6.1; WOW64) AppleWebKit/537.36 (KHTML, like Gecko) Chrome/86.0.4240.198 Safari/537.36"
36.133.115.36 - - [08/Sep/2025:11:40:56 +0800] "POST /wp-cron.php?doing_wp_cron=1757302856.1470310688018798828125 HTTP/1.1" 200 31 "-" "WordPress/6.8.2; http://cqqizhou.com"
47.109.31.152 - - [08/Sep/2025:11:40:56 +0800] "GET /wp-json/ HTTP/1.1" 200 19172 "-" "Mozilla/5.0 (Windows NT 6.1; WOW64) AppleWebKit/537.36 (KHTML, like Gecko) Chrome/86.0.4240.198 Safari/537.36"
121.42.252.229 - - [08/Sep/2025:11:40:59 +0800] "GET /new/ HTTP/1.1" 301 5 "-" "Mozilla/5.0 (Windows NT 6.1; WOW64) AppleWebKit/537.36 (KHTML, like Gecko) Chrome/86.0.4240.198 Safari/537.36"
121.42.252.229 - - [08/Sep/2025:11:40:59 +0800] "GET /news/ HTTP/1.1" 200 25256 "http://www.cqqizhou.com/new/" "Mozilla/5.0 (Windows NT 6.1; WOW64) AppleWebKit/537.36 (KHTML, like Gecko) Chrome/86.0.4240.198 Safari/537.36"
139.129.246.141 - - [08/Sep/2025:11:41:18 +0800] "GET /wp-includes/ HTTP/1.1" 403 548 "-" "Mozilla/5.0 (Windows NT 6.1; WOW64) AppleWebKit/537.36 (KHTML, like Gecko) Chrome/86.0.4240.198 Safari/537.36"
121.42.253.62 - - [08/Sep/2025:11:41:42 +0800] "GET /wp-content/plugins/revslider/ HTTP/1.1" 200 31 "-" "Mozilla/5.0 (Windows NT 6.1; WOW64) AppleWebKit/537.36 (KHTML, like Gecko) Chrome/86.0.4240.198 Safari/537.36"
121.42.236.230 - - [08/Sep/2025:11:42:22 +0800] "GET /portfolio-category/remaining-rolls/ HTTP/1.1" 200 20832 "-" "Mozilla/5.0 (Windows NT 6.1; WOW64) AppleWebKit/537.36 (KHTML, like Gecko) Chrome/86.0.4240.198 Safari/537.36"
47.109.44.73 - - [08/Sep/2025:11:43:16 +0800] "GET /wp-content/plugins/elementor/ HTTP/1.1" 403 548 "-" "Mozilla/5.0 (Windows NT 6.1; WOW64) AppleWebKit/537.36 (KHTML, like Gecko) Chrome/86.0.4240.198 Safari/537.36"
121.42.253.62 - - [08/Sep/2025:11:43:29 +0800] "GET /wp-content/cache/ HTTP/1.1" 403 548 "-" "Mozilla/5.0 (Windows NT 6.1; WOW64) AppleWebKit/537.36 (KHTML, like Gecko) Chrome/86.0.4240.198 Safari/537.36"
47.108.117.45 - - [08/Sep/2025:11:47:32 +0800] "GET /wp-includes/css/dist/block-library/ HTTP/1.1" 403 548 "-" "Mozilla/5.0 (Windows NT 6.1; WOW64) AppleWebKit/537.36 (KHTML, like Gecko) Chrome/86.0.4240.198 Safari/537.36"
47.109.44.73 - - [08/Sep/2025:11:47:59 +0800] "GET /portfolio-category/hot-dip-galvanized-coil/ HTTP/1.1" 200 20880 "-" "Mozilla/5.0 (Windows NT 6.1; WOW64) AppleWebKit/537.36 (KHTML, like Gecko) Chrome/86.0.4240.198 Safari/537.36"
121.42.249.16 - - [08/Sep/2025:11:48:15 +0800] "GET /wp-content/uploads/2025/ HTTP/1.1" 403 548 "-" "Mozilla/5.0 (Windows NT 6.1; WOW64) AppleWebKit/537.36 (KHTML, like Gecko) Chrome/86.0.4240.198 Safari/537.36"
139.129.246.141 - - [08/Sep/2025:11:49:41 +0800] "GET /wp-content/cache/min/1/wp-content/plugins/revslider/public/css/ HTTP/1.1" 403 548 "-" "Mozilla/5.0 (Windows NT 6.1; WOW64) AppleWebKit/537.36 (KHTML, like Gecko) Chrome/86.0.4240.198 Safari/537.36"
139.129.246.141 - - [08/Sep/2025:11:50:47 +0800] "GET /wp-content/ HTTP/1.1" 200 31 "-" "Mozilla/5.0 (Windows NT 6.1; WOW64) AppleWebKit/537.36 (KHTML, like Gecko) Chrome/86.0.4240.198 Safari/537.36"
121.42.249.16 - - [08/Sep/2025:11:51:40 +0800] "GET /wp-content/plugins/wp-rocket/assets/ HTTP/1.1" 403 548 "-" "Mozilla/5.0 (Windows NT 6.1; WOW64) AppleWebKit/537.36 (KHTML, like Gecko) Chrome/86.0.4240.198 Safari/537.36"
139.129.246.141 - - [08/Sep/2025:11:53:04 +0800] "GET /wp-content/cache/min/1/wp-content/themes/qizhou/ HTTP/1.1" 403 548 "-" "Mozilla/5.0 (Windows NT 6.1; WOW64) AppleWebKit/537.36 (KHTML, like Gecko) Chrome/86.0.4240.198 Safari/537.36"
121.42.253.62 - - [08/Sep/2025:11:53:44 +0800] "GET /wp-content/plugins/revslider/public/js/libs/ HTTP/1.1" 403 548 "-" "Mozilla/5.0 (Windows NT 6.1; WOW64) AppleWebKit/537.36 (KHTML, like Gecko) Chrome/86.0.4240.198 Safari/537.36"
121.42.253.62 - - [08/Sep/2025:11:54:10 +0800] "GET /wp-content/plugins/revslider/public/ HTTP/1.1" 403 548 "-" "Mozilla/5.0 (Windows NT 6.1; WOW64) AppleWebKit/537.36 (KHTML, like Gecko) Chrome/86.0.4240.198 Safari/537.36"
36.133.115.36 - - [08/Sep/2025:11:54:13 +0800] "POST /wp-cron.php?doing_wp_cron=1757303653.1515219211578369140625 HTTP/1.1" 200 31 "-" "WordPress/6.8.2; http://cqqizhou.com"
121.42.236.230 - - [08/Sep/2025:11:54:13 +0800] "GET /?s= HTTP/1.1" 200 19545 "-" "Mozilla/5.0 (Windows NT 6.1; WOW64) AppleWebKit/537.36 (KHTML, like Gecko) Chrome/86.0.4240.198 Safari/537.36"
121.42.252.229 - - [08/Sep/2025:11:54:43 +0800] "GET /contacts/ HTTP/1.1" 301 5 "-" "Mozilla/5.0 (Windows NT 6.1; WOW64) AppleWebKit/537.36 (KHTML, like Gecko) Chrome/86.0.4240.198 Safari/537.36"
121.42.252.229 - - [08/Sep/2025:11:54:43 +0800] "GET /contacts/ HTTP/1.1" 200 21496 "http://www.cqqizhou.com/contacts/" "Mozilla/5.0 (Windows NT 6.1; WOW64) AppleWebKit/537.36 (KHTML, like Gecko) Chrome/86.0.4240.198 Safari/537.36"
121.42.253.62 - - [08/Sep/2025:11:55:07 +0800] "GET /wp-includes/js/dist/ HTTP/1.1" 403 548 "-" "Mozilla/5.0 (Windows NT 6.1; WOW64) AppleWebKit/537.36 (KHTML, like Gecko) Chrome/86.0.4240.198 Safari/537.36"
47.109.54.65 - - [08/Sep/2025:11:55:30 +0800] "GET /wp-content/cache/min/1/wp-content/themes/qizhou/css/ HTTP/1.1" 403 548 "-" "Mozilla/5.0 (Windows NT 6.1; WOW64) AppleWebKit/537.36 (KHTML, like Gecko) Chrome/86.0.4240.198 Safari/537.36"
47.109.54.65 - - [08/Sep/2025:12:04:26 +0800] "GET /wp-content/themes/qizhou/ HTTP/1.1" 500 5 "-" "Mozilla/5.0 (Windows NT 6.1; WOW64) AppleWebKit/537.36 (KHTML, like Gecko) Chrome/86.0.4240.198 Safari/537.36"
47.109.54.65 - - [08/Sep/2025:12:06:04 +0800] "GET /2163/ HTTP/1.1" 200 23987 "-" "Mozilla/5.0 (Windows NT 6.1; WOW64) AppleWebKit/537.36 (KHTML, like Gecko) Chrome/86.0.4240.198 Safari/537.36"
121.42.249.16 - - [08/Sep/2025:12:06:53 +0800] "GET /wp-content/plugins/elementor/assets/css/conditionals/ HTTP/1.1" 403 548 "-" "Mozilla/5.0 (Windows NT 6.1; WOW64) AppleWebKit/537.36 (KHTML, like Gecko) Chrome/86.0.4240.198 Safari/537.36"
36.133.115.36 - - [08/Sep/2025:12:08:24 +0800] "POST /wp-cron.php?doing_wp_cron=1757304504.7134130001068115234375 HTTP/1.1" 200 31 "-" "WordPress/6.8.2; http://cqqizhou.com"
207.154.212.42 - - [08/Sep/2025:12:08:24 +0800] "GET / HTTP/1.0" 301 0 "-" "-"
207.154.212.42 - - [08/Sep/2025:12:08:25 +0800] "GET / HTTP/1.0" 301 0 "-" "-"
207.154.212.42 - - [08/Sep/2025:12:08:25 +0800] "GET /odinhttpcall1757304556 HTTP/1.1" 404 31381 "-" "Mozilla/5.0 (compatible; Odin; https://docs.getodin.com/)"
207.154.212.42 - - [08/Sep/2025:12:08:26 +0800] "POST /sdk HTTP/1.1" 404 31381 "-" "Mozilla/5.0 (compatible; Odin; https://docs.getodin.com/)"
207.154.212.42 - - [08/Sep/2025:12:08:27 +0800] "GET /HNAP1 HTTP/1.1" 404 31381 "-" "Mozilla/5.0 (compatible; Odin; https://docs.getodin.com/)"
207.154.212.42 - - [08/Sep/2025:12:08:27 +0800] "GET /evox/about HTTP/1.1" 404 31381 "-" "Mozilla/5.0 (compatible; Odin; https://docs.getodin.com/)"
207.154.212.42 - - [08/Sep/2025:12:08:29 +0800] "GET / HTTP/1.0" 301 0 "-" "-"
207.154.212.42 - - [08/Sep/2025:12:08:30 +0800] "GET / HTTP/1.1" 301 5 "-" "-"
167.172.104.45 - - [08/Sep/2025:12:08:31 +0800] "GET /query?q=SHOW+DIAGNOSTICS HTTP/1.1" 301 5 "-" "Go-http-client/1.1"
207.154.210.118 - - [08/Sep/2025:12:08:31 +0800] "GET / HTTP/1.1" 301 5 "-" "Mozilla/5.0 (compatible; Odin; https://docs.getodin.com/)"
207.154.210.118 - - [08/Sep/2025:12:08:31 +0800] "GET /solr/admin/info/system HTTP/1.1" 301 5 "-" "Go-http-client/1.1"
207.154.210.118 - - [08/Sep/2025:12:08:32 +0800] "GET / HTTP/1.1" 200 39369 "http://36.133.115.36" "Mozilla/5.0 (compatible; Odin; https://docs.getodin.com/)"
207.154.210.118 - - [08/Sep/2025:12:08:32 +0800] "GET /v2/_catalog HTTP/1.1" 301 5 "-" "Go-http-client/1.1"
167.172.104.45 - - [08/Sep/2025:12:08:32 +0800] "GET /query?q=SHOW+DIAGNOSTICS HTTP/1.1" 404 31381 "http://36.133.115.36:80/query?q=SHOW+DIAGNOSTICS" "Go-http-client/1.1"
207.154.210.118 - - [08/Sep/2025:12:08:32 +0800] "GET /solr/admin/info/system HTTP/1.1" 404 31381 "http://36.133.115.36:80/solr/admin/info/system" "Go-http-client/1.1"
207.154.210.118 - - [08/Sep/2025:12:08:33 +0800] "GET /v2/_catalog HTTP/1.1" 404 31381 "http://36.133.115.36:80/v2/_catalog" "Go-http-client/1.1"
207.154.210.118 - - [08/Sep/2025:12:08:34 +0800] "GET /solr/admin/cores?action=STATUS&wt=json HTTP/1.1" 301 5 "-" "Go-http-client/1.1"
207.154.210.118 - - [08/Sep/2025:12:08:35 +0800] "GET /solr/admin/cores?action=STATUS&wt=json HTTP/1.1" 404 31381 "http://36.133.115.36:80/solr/admin/cores?action=STATUS&wt=json" "Go-http-client/1.1"
47.109.44.73 - - [08/Sep/2025:12:08:43 +0800] "GET /ask/ HTTP/1.1" 404 8990 "-" "Mozilla/5.0 (Windows NT 6.1; WOW64) AppleWebKit/537.36 (KHTML, like Gecko) Chrome/86.0.4240.198 Safari/537.36"
36.133.115.36 - - [08/Sep/2025:12:09:24 +0800] "POST /wp-cron.php?doing_wp_cron=1757304564.4443430900573730468750 HTTP/1.1" 200 31 "-" "WordPress/6.8.2; http://cqqizhou.com"
91.224.92.17 - - [08/Sep/2025:12:09:43 +0800] "GET / HTTP/1.1" 200 109837 "-" "-"
47.109.54.65 - - [08/Sep/2025:12:16:17 +0800] "GET /wp-content/cache/min/1/wp-content/plugins/smartideo/static/ HTTP/1.1" 403 548 "-" "Mozilla/5.0 (Windows NT 6.1; WOW64) AppleWebKit/537.36 (KHTML, like Gecko) Chrome/86.0.4240.198 Safari/537.36"
47.109.54.65 - - [08/Sep/2025:12:18:51 +0800] "GET /wp-content/cache/min/1/ HTTP/1.1" 403 548 "-" "Mozilla/5.0 (Windows NT 6.1; WOW64) AppleWebKit/537.36 (KHTML, like Gecko) Chrome/86.0.4240.198 Safari/537.36"
36.133.115.36 - - [08/Sep/2025:12:19:34 +0800] "POST /wp-cron.php?doing_wp_cron=1757305174.1459369659423828125000 HTTP/1.1" 200 31 "-" "WordPress/6.8.2; http://cqqizhou.com"
43.166.129.247 - - [08/Sep/2025:12:19:34 +0800] "GET / HTTP/1.1" 200 33467 "-" "Mozilla/5.0 (iPhone; CPU iPhone OS 13_2_3 like Mac OS X) AppleWebKit/605.1.15 (KHTML, like Gecko) Version/13.0.3 Mobile/15E148 Safari/604.1"
36.133.115.36 - - [08/Sep/2025:12:20:32 +0800] "POST /wp-cron.php?doing_wp_cron=1757305232.3561398983001708984375 HTTP/1.1" 200 31 "-" "WordPress/6.8.2; http://cqqizhou.com"
45.135.193.100 - - [08/Sep/2025:12:20:32 +0800] "GET / HTTP/1.1" 200 33467 "-" "Mozilla/5.0 (Windows NT 10.0; Win64; x64) AppleWebKit/537.36 (KHTML, like Gecko) Chrome/90.0.4430.85 Safari/537.36 Edg/90.0.818.46"
36.133.115.36 - - [08/Sep/2025:12:25:38 +0800] "POST /wp-cron.php?doing_wp_cron=1757305538.4938359260559082031250 HTTP/1.1" 200 31 "-" "WordPress/6.8.2; http://cqqizhou.com"
114.117.233.112 - - [08/Sep/2025:12:25:38 +0800] "GET / HTTP/1.1" 200 33467 "-" "Mozilla/5.0 (iPhone; CPU iPhone OS 13_2_3 like Mac OS X) AppleWebKit/605.1.15 (KHTML, like Gecko) Version/13.0.3 Mobile/15E148 Safari/604.1"
121.42.236.230 - - [08/Sep/2025:12:29:10 +0800] "GET /2159/ HTTP/1.1" 200 28935 "-" "Mozilla/5.0 (Windows NT 6.1; WOW64) AppleWebKit/537.36 (KHTML, like Gecko) Chrome/86.0.4240.198 Safari/537.36"
36.133.115.36 - - [08/Sep/2025:12:35:17 +0800] "POST /wp-cron.php?doing_wp_cron=1757306117.9258060455322265625000 HTTP/1.1" 200 31 "-" "WordPress/6.8.2; http://cqqizhou.com"
149.50.103.48 - - [08/Sep/2025:12:35:18 +0800] "GET / HTTP/1.1" 200 33467 "-" "Mozilla/5.0 (Windows NT 10.0; Win64; x64) AppleWebKit/537.36 (KHTML, like Gecko) Chrome/90.0.4430.85 Safari/537.36 Edg/90.0.818.46"
121.42.252.229 - - [08/Sep/2025:12:46:38 +0800] "GET /wp-content/cache/min/1/wp-content/plugins/revslider/public/js/ HTTP/1.1" 403 548 "-" "Mozilla/5.0 (Windows NT 6.1; WOW64) AppleWebKit/537.36 (KHTML, like Gecko) Chrome/86.0.4240.198 Safari/537.36"
110.52.199.134 - - [08/Sep/2025:12:47:50 +0800] "GET / HTTP/1.1" 200 39369 "-" "Mozilla/5.0 (Windows NT 6.1; Win64; x64) AppleWebKit/537.36 (KHTML, like Gecko) Chrome/46.0.2490.86 Safari/537.36"
36.133.115.36 - - [08/Sep/2025:12:52:57 +0800] "POST /wp-cron.php?doing_wp_cron=1757307177.3224170207977294921875 HTTP/1.1" 200 31 "-" "WordPress/6.8.2; http://cqqizhou.com"
45.135.193.100 - - [08/Sep/2025:12:52:57 +0800] "GET / HTTP/1.1" 200 33467 "-" "Mozilla/5.0 (Windows NT 10.0; Win64; x64) AppleWebKit/537.36 (KHTML, like Gecko) Chrome/90.0.4430.85 Safari/537.36 Edg/90.0.818.46"
52.167.144.196 - - [08/Sep/2025:12:54:40 +0800] "GET /services/ HTTP/1.1" 200 25528 "-" "Mozilla/5.0 AppleWebKit/537.36 (KHTML, like Gecko; compatible; bingbot/2.0; +http://www.bing.com/bingbot.htm) Chrome/116.0.1938.76 Safari/537.36"
52.167.144.199 - - [08/Sep/2025:13:11:16 +0800] "GET /wp-content/uploads/2025/07/1751425283-qizhou.kf_.qq_.com_.webp HTTP/1.1" 200 16864 "-" "Mozilla/5.0 AppleWebKit/537.36 (KHTML, like Gecko; compatible; bingbot/2.0; +http://www.bing.com/bingbot.htm) Chrome/116.0.1938.76 Safari/537.36"
52.167.144.199 - - [08/Sep/2025:13:11:17 +0800] "GET /wp-content/uploads/2025/07/1751829518-Precision-processing-services800x500.webp HTTP/1.1" 200 28964 "-" "Mozilla/5.0 AppleWebKit/537.36 (KHTML, like Gecko; compatible; bingbot/2.0; +http://www.bing.com/bingbot.htm) Chrome/116.0.1938.76 Safari/537.36"
52.167.144.196 - - [08/Sep/2025:13:14:47 +0800] "GET /wp-content/uploads/2025/07/1750649197-qizhou1920x1080_6.webp HTTP/1.1" 200 150354 "-" "Mozilla/5.0 AppleWebKit/537.36 (KHTML, like Gecko; compatible; bingbot/2.0; +http://www.bing.com/bingbot.htm) Chrome/116.0.1938.76 Safari/537.36"
42.236.12.196 - - [08/Sep/2025:13:15:04 +0800] "GET / HTTP/1.1" 200 39369 "http://cqqizhou.com/" "Mozilla/5.0 (Windows NT 6.1; WOW64) AppleWebKit/537.36 (KHTML, like Gecko) Chrome/50.0.2661.102 Safari/537.36; 360Spider"
36.133.115.36 - - [08/Sep/2025:13:25:37 +0800] "POST /wp-cron.php?doing_wp_cron=1757309137.2918269634246826171875 HTTP/1.1" 200 31 "-" "WordPress/6.8.2; http://cqqizhou.com"
45.135.193.100 - - [08/Sep/2025:13:25:37 +0800] "GET / HTTP/1.1" 200 33467 "-" "Mozilla/5.0 (Windows NT 10.0; Win64; x64) AppleWebKit/537.36 (KHTML, like Gecko) Chrome/90.0.4430.85 Safari/537.36 Edg/90.0.818.46"
220.181.108.94 - - [08/Sep/2025:13:31:52 +0800] "GET / HTTP/1.1" 200 39369 "-" "Mozilla/5.0 (compatible; Baiduspider/2.0; +http://www.baidu.com/search/spider.html)"
36.133.115.36 - - [08/Sep/2025:13:31:53 +0800] "POST /wp-cron.php?doing_wp_cron=1757309513.1380829811096191406250 HTTP/1.1" 200 31 "-" "WordPress/6.8.2; http://cqqizhou.com"
220.181.108.84 - - [08/Sep/2025:13:31:53 +0800] "GET / HTTP/1.1" 200 33468 "-" "Mozilla/5.0 (Linux;u;Android 4.2.2;zh-cn;) AppleWebKit/534.46 (KHTML,like Gecko) Version/5.1 Mobile Safari/10600.6.3 (compatible; Baiduspider/2.0; +http://www.baidu.com/search/spider.html)"
36.133.115.36 - - [08/Sep/2025:13:39:19 +0800] "POST /wp-cron.php?doing_wp_cron=1757309959.2621910572052001953125 HTTP/1.1" 200 31 "-" "WordPress/6.8.2; http://cqqizhou.com"
149.50.103.48 - - [08/Sep/2025:13:39:19 +0800] "GET / HTTP/1.1" 200 33467 "-" "Mozilla/5.0 (Windows NT 10.0; Win64; x64) AppleWebKit/537.36 (KHTML, like Gecko) Chrome/90.0.4430.85 Safari/537.36 Edg/90.0.818.46"
36.133.115.36 - - [08/Sep/2025:13:57:46 +0800] "POST /wp-cron.php?doing_wp_cron=1757311066.6579949855804443359375 HTTP/1.1" 200 31 "-" "WordPress/6.8.2; http://cqqizhou.com"
45.135.193.100 - - [08/Sep/2025:13:57:46 +0800] "GET / HTTP/1.1" 200 33468 "-" "Mozilla/5.0 (Windows NT 10.0; Win64; x64) AppleWebKit/537.36 (KHTML, like Gecko) Chrome/90.0.4430.85 Safari/537.36 Edg/90.0.818.46"
36.133.115.36 - - [08/Sep/2025:14:13:21 +0800] "POST /wp-cron.php?doing_wp_cron=1757312001.2797179222106933593750 HTTP/1.1" 200 31 "-" "WordPress/6.8.2; http://cqqizhou.com"
162.216.150.94 - - [08/Sep/2025:14:13:21 +0800] "GET / HTTP/1.1" 200 33467 "-" "Hello from Palo Alto Networks, find out more about our scans in https://docs-cortex.paloaltonetworks.com/r/1/Cortex-Xpanse/Scanning-activity"
36.133.115.36 - - [08/Sep/2025:14:19:00 +0800] "POST /wp-cron.php?doing_wp_cron=1757312340.0976181030273437500000 HTTP/1.1" 200 31 "-" "WordPress/6.8.2; http://cqqizhou.com"
43.131.253.14 - - [08/Sep/2025:14:19:00 +0800] "GET / HTTP/1.1" 301 5 "-" "Mozilla/5.0 (iPhone; CPU iPhone OS 13_2_3 like Mac OS X) AppleWebKit/605.1.15 (KHTML, like Gecko) Version/13.0.3 Mobile/15E148 Safari/604.1"
43.131.253.14 - - [08/Sep/2025:14:19:02 +0800] "GET / HTTP/1.1" 200 33467 "http://www.cqqizhou.com" "Mozilla/5.0 (iPhone; CPU iPhone OS 13_2_3 like Mac OS X) AppleWebKit/605.1.15 (KHTML, like Gecko) Version/13.0.3 Mobile/15E148 Safari/604.1"
116.179.32.200 - - [08/Sep/2025:14:32:20 +0800] "GET /portfolio/%E5%86%B7%E8%BD%A7%E5%8D%B7/ HTTP/1.1" 200 22084 "-" "Mozilla/5.0 (compatible; Baiduspider/2.0; +http://www.baidu.com/search/spider.html)"
36.133.115.36 - - [08/Sep/2025:14:35:11 +0800] "POST /wp-cron.php?doing_wp_cron=1757313311.4414041042327880859375 HTTP/1.1" 200 31 "-" "WordPress/6.8.2; http://cqqizhou.com"
45.135.193.100 - - [08/Sep/2025:14:35:11 +0800] "GET / HTTP/1.1" 200 33467 "-" "Mozilla/5.0 (Windows NT 10.0; Win64; x64) AppleWebKit/537.36 (KHTML, like Gecko) Chrome/90.0.4430.85 Safari/537.36 Edg/90.0.818.46"
36.133.115.36 - - [08/Sep/2025:14:42:04 +0800] "POST /wp-cron.php?doing_wp_cron=1757313724.9381349086761474609375 HTTP/1.1" 200 31 "-" "WordPress/6.8.2; http://cqqizhou.com"
61.129.155.196 - - [08/Sep/2025:14:42:04 +0800] "GET / HTTP/1.1" 301 5 "-" "Mozilla/5.0 (Windows NT 10.0; Win64; x64) AppleWebKit/537.36 (KHTML, like Gecko) Chrome/122.0.0.0 Safari/537.36 Edg/122.0.0.0"
61.129.155.196 - - [08/Sep/2025:14:42:15 +0800] "GET / HTTP/1.1" 200 39369 "http://www.cqqizhou.com" "Mozilla/5.0 (Windows NT 10.0; Win64; x64) AppleWebKit/537.36 (KHTML, like Gecko) Chrome/122.0.0.0 Safari/537.36 Edg/122.0.0.0"
36.133.115.36 - - [08/Sep/2025:14:45:04 +0800] "POST /wp-cron.php?doing_wp_cron=1757313904.3095819950103759765625 HTTP/1.1" 200 31 "-" "WordPress/6.8.2; http://cqqizhou.com"
170.106.72.93 - - [08/Sep/2025:14:45:04 +0800] "GET / HTTP/1.1" 301 5 "-" "Mozilla/5.0 (iPhone; CPU iPhone OS 13_2_3 like Mac OS X) AppleWebKit/605.1.15 (KHTML, like Gecko) Version/13.0.3 Mobile/15E148 Safari/604.1"
170.106.72.93 - - [08/Sep/2025:14:45:07 +0800] "GET / HTTP/1.1" 200 33467 "http://36.133.115.36" "Mozilla/5.0 (iPhone; CPU iPhone OS 13_2_3 like Mac OS X) AppleWebKit/605.1.15 (KHTML, like Gecko) Version/13.0.3 Mobile/15E148 Safari/604.1"
124.198.131.145 - - [08/Sep/2025:14:45:23 +0800] "GET / HTTP/1.1" 200 151919 "-" "-"
36.133.115.36 - - [08/Sep/2025:14:45:54 +0800] "POST /wp-cron.php?doing_wp_cron=1757313954.4952480792999267578125 HTTP/1.1" 200 31 "-" "WordPress/6.8.2; http://cqqizhou.com"
149.50.103.48 - - [08/Sep/2025:14:45:54 +0800] "GET / HTTP/1.1" 200 33467 "-" "Mozilla/5.0 (Windows NT 10.0; Win64; x64) AppleWebKit/537.36 (KHTML, like Gecko) Chrome/90.0.4430.85 Safari/537.36 Edg/90.0.818.46"
36.133.115.36 - - [08/Sep/2025:14:50:47 +0800] "POST /wp-cron.php?doing_wp_cron=1757314247.6094999313354492187500 HTTP/1.1" 200 31 "-" "WordPress/6.8.2; http://cqqizhou.com"
109.205.213.5 - - [08/Sep/2025:14:50:47 +0800] "HEAD / HTTP/1.0" 301 0 "-" "-"
185.242.226.102 - - [08/Sep/2025:14:51:48 +0800] "GET / HTTP/1.1" 499 0 "-" "python-requests/2.26.0"
36.133.115.36 - - [08/Sep/2025:14:51:49 +0800] "POST /wp-cron.php?doing_wp_cron=1757314309.5274350643157958984375 HTTP/1.1" 200 31 "-" "WordPress/6.8.2; http://cqqizhou.com"
36.133.115.36 - - [08/Sep/2025:15:29:47 +0800] "POST /wp-cron.php?doing_wp_cron=1757316587.5424630641937255859375 HTTP/1.1" 200 31 "-" "WordPress/6.8.2; http://cqqizhou.com"
128.199.232.148 - - [08/Sep/2025:15:29:47 +0800] "GET / HTTP/1.1" 301 5 "-" "Mozilla/5.0 (Windows NT 10.0; Win64; x64) AppleWebKit/537.36 (KHTML, like Gecko) Chrome/108.0.0.0 Safari/537.36"
128.199.232.148 - - [08/Sep/2025:15:29:48 +0800] "GET / HTTP/1.1" 200 39369 "http://36.133.115.36/" "Mozilla/5.0 (Windows NT 10.0; Win64; x64) AppleWebKit/537.36 (KHTML, like Gecko) Chrome/108.0.0.0 Safari/537.36"
128.199.232.148 - - [08/Sep/2025:15:29:49 +0800] "GET /form.html HTTP/1.1" 404 8990 "-" "curl/8.1.2"
128.199.232.148 - - [08/Sep/2025:15:29:49 +0800] "GET /upl.php HTTP/1.1" 404 47 "-" "Mozilla/5.0"
128.199.232.148 - - [08/Sep/2025:15:29:49 +0800] "GET /t4 HTTP/1.1" 404 8990 "-" "Mozilla/5.0"
128.199.232.148 - - [08/Sep/2025:15:29:50 +0800] "GET /geoip/ HTTP/1.1" 404 8990 "-" "Mozilla/5.0 (Windows NT 10.0; Win64; x64) AppleWebKit/537.36 (KHTML, like Gecko) Chrome/108.0.0.0 Safari/537.36"
128.199.232.148 - - [08/Sep/2025:15:29:51 +0800] "GET /1.php HTTP/1.1" 404 47 "-" "Mozilla/5.0 (Windows NT 10.0; Win64; x64) AppleWebKit/537.36 (KHTML, like Gecko) Chrome/108.0.0.0 Safari/537.36"
128.199.232.148 - - [08/Sep/2025:15:29:51 +0800] "GET /systembc/password.php HTTP/1.1" 404 47 "-" "Mozilla/5.0 (Windows NT 10.0; Win64; x64) AppleWebKit/537.36 (KHTML, like Gecko) Chrome/108.0.0.0 Safari/537.36"
128.199.232.148 - - [08/Sep/2025:15:29:51 +0800] "GET /password.php HTTP/1.1" 404 47 "-" "Mozilla/5.0 (Windows NT 10.0; Win64; x64) AppleWebKit/537.36 (KHTML, like Gecko) Chrome/108.0.0.0 Safari/537.36"
36.133.115.36 - - [08/Sep/2025:15:37:14 +0800] "POST /wp-cron.php?doing_wp_cron=1757317034.5884890556335449218750 HTTP/1.1" 200 31 "-" "WordPress/6.8.2; http://cqqizhou.com"
124.226.222.66 - - [08/Sep/2025:15:37:14 +0800] "GET / HTTP/1.1" 301 5 "-" "Mozilla/5.0 (iPhone; CPU iPhone OS 13_2_3 like Mac OS X) AppleWebKit/605.1.15 (KHTML, like Gecko) Version/13.0.3 Mobile/15E148 Safari/604.1"
124.226.222.66 - - [08/Sep/2025:15:37:16 +0800] "GET / HTTP/1.1" 200 33466 "http://www.cqqizhou.com" "Mozilla/5.0 (iPhone; CPU iPhone OS 13_2_3 like Mac OS X) AppleWebKit/605.1.15 (KHTML, like Gecko) Version/13.0.3 Mobile/15E148 Safari/604.1"
36.133.115.36 - - [08/Sep/2025:15:42:34 +0800] "POST /wp-cron.php?doing_wp_cron=1757317354.1892280578613281250000 HTTP/1.1" 200 31 "-" "WordPress/6.8.2; http://cqqizhou.com"
45.135.193.100 - - [08/Sep/2025:15:42:34 +0800] "GET / HTTP/1.1" 200 33466 "-" "Mozilla/5.0 (Windows NT 10.0; Win64; x64) AppleWebKit/537.36 (KHTML, like Gecko) Chrome/90.0.4430.85 Safari/537.36 Edg/90.0.818.46"
1.82.74.122 - - [08/Sep/2025:15:44:49 +0800] "GET http://cqqizhou.com/ HTTP/1.1" 200 39369 "-" "Mozilla/5.0 (Macintosh; Intel Mac OS X 10_15_7) AppleWebKit/537.36 (KHTML, like Gecko) Chrome/126.0.0.0 Safari/537.36"
36.133.115.36 - - [08/Sep/2025:15:44:50 +0800] "POST /wp-cron.php?doing_wp_cron=1757317490.7245268821716308593750 HTTP/1.1" 200 31 "-" "WordPress/6.8.2; http://cqqizhou.com"
111.226.50.173 - - [08/Sep/2025:15:44:50 +0800] "GET / HTTP/1.1" 301 5 "-" "Mozilla/5.0 (Macintosh; Intel Mac OS X 10_15_7) AppleWebKit/537.36 (KHTML, like Gecko) Chrome/126.0.0.0 Safari/537.36"
111.226.50.173 - - [08/Sep/2025:15:44:52 +0800] "GET / HTTP/1.1" 200 165874 "-" "Mozilla/5.0 (Macintosh; Intel Mac OS X 10_15_7) AppleWebKit/537.36 (KHTML, like Gecko) Chrome/126.0.0.0 Safari/537.36"
111.226.50.173 - - [08/Sep/2025:15:44:59 +0800] "GET / HTTP/1.1" 301 5 "http://www.cqqizhou.com" "Mozilla/5.0 (Macintosh; Intel Mac OS X 10_15_7) AppleWebKit/537.36 (KHTML, like Gecko) Chrome/126.0.0.0 Safari/537.36"
111.226.50.173 - - [08/Sep/2025:15:44:59 +0800] "GET / HTTP/1.1" 200 165874 "http://www.cqqizhou.com" "Mozilla/5.0 (Macintosh; Intel Mac OS X 10_15_7) AppleWebKit/537.36 (KHTML, like Gecko) Chrome/126.0.0.0 Safari/537.36"
111.226.50.173 - - [08/Sep/2025:15:45:00 +0800] "GET / HTTP/1.1" 200 165874 "http://www.cqqizhou.com" "Mozilla/5.0 (Macintosh; Intel Mac OS X 10_15_7) AppleWebKit/537.36 (KHTML, like Gecko) Chrome/126.0.0.0 Safari/537.36"
36.133.115.36 - - [08/Sep/2025:15:49:48 +0800] "POST /wp-cron.php?doing_wp_cron=1757317788.8711650371551513671875 HTTP/1.1" 200 31 "-" "WordPress/6.8.2; http://cqqizhou.com"
42.236.17.111 - - [08/Sep/2025:15:49:49 +0800] "GET / HTTP/1.1" 200 33466 "http://cqqizhou.com/" "Mozilla/5.0 (Linux; Android 6.0.1; Nexus 6P Build/MMB29P) AppleWebKit/537.36 (KHTML, like Gecko) Chrome/47.0.2526.83 Mobile Safari/537.36; 360Spider"
36.133.115.36 - - [08/Sep/2025:15:52:12 +0800] "POST /wp-cron.php?doing_wp_cron=1757317932.5711410045623779296875 HTTP/1.1" 200 31 "-" "WordPress/6.8.2; http://cqqizhou.com"
149.50.103.48 - - [08/Sep/2025:15:52:12 +0800] "GET / HTTP/1.1" 200 33466 "-" "Mozilla/5.0 (Windows NT 10.0; Win64; x64) AppleWebKit/537.36 (KHTML, like Gecko) Chrome/90.0.4430.85 Safari/537.36 Edg/90.0.818.46"
111.10.180.180 - - [08/Sep/2025:16:05:00 +0800] "GET /about/ HTTP/1.1" 200 30088 "https://cn.bing.com/" "Mozilla/5.0 (X11; Linux x86_64) AppleWebKit/537.36 (KHTML, like Gecko) Chrome/126.0.6478.251 Safari/537.36"
111.10.180.180 - - [08/Sep/2025:16:05:00 +0800] "GET /wp-content/uploads/2025/07/1750649803-qizhou800x500_2.webp HTTP/1.1" 200 63616 "http://cqqizhou.com/about/" "Mozilla/5.0 (X11; Linux x86_64) AppleWebKit/537.36 (KHTML, like Gecko) Chrome/126.0.6478.251 Safari/537.36"
111.10.180.180 - - [08/Sep/2025:16:05:00 +0800] "GET /wp-content/uploads/2025/07/1750945417-honor300%C3%97206_1.webp HTTP/1.1" 200 57666 "http://cqqizhou.com/about/" "Mozilla/5.0 (X11; Linux x86_64) AppleWebKit/537.36 (KHTML, like Gecko) Chrome/126.0.6478.251 Safari/537.36"
111.10.180.180 - - [08/Sep/2025:16:05:00 +0800] "GET /wp-content/uploads/2025/07/1750945444-honor300%C3%97206_2.webp HTTP/1.1" 200 71296 "http://cqqizhou.com/about/" "Mozilla/5.0 (X11; Linux x86_64) AppleWebKit/537.36 (KHTML, like Gecko) Chrome/126.0.6478.251 Safari/537.36"
111.10.180.180 - - [08/Sep/2025:16:05:01 +0800] "GET /wp-content/uploads/2025/07/1750671800-partner1_200x50.webp HTTP/1.1" 200 2244 "http://cqqizhou.com/about/" "Mozilla/5.0 (X11; Linux x86_64) AppleWebKit/537.36 (KHTML, like Gecko) Chrome/126.0.6478.251 Safari/537.36"
111.10.180.180 - - [08/Sep/2025:16:05:01 +0800] "GET /wp-content/uploads/2025/07/1750671801-partner2_200x50.webp HTTP/1.1" 200 3946 "http://cqqizhou.com/about/" "Mozilla/5.0 (X11; Linux x86_64) AppleWebKit/537.36 (KHTML, like Gecko) Chrome/126.0.6478.251 Safari/537.36"
111.10.180.180 - - [08/Sep/2025:16:05:01 +0800] "GET /wp-content/uploads/2025/07/1750671803-partner3_200x50.webp HTTP/1.1" 200 4414 "http://cqqizhou.com/about/" "Mozilla/5.0 (X11; Linux x86_64) AppleWebKit/537.36 (KHTML, like Gecko) Chrome/126.0.6478.251 Safari/537.36"
111.10.180.180 - - [08/Sep/2025:16:05:01 +0800] "GET /wp-content/uploads/2025/07/1750671805-partner4_200x50.webp HTTP/1.1" 200 2390 "http://cqqizhou.com/about/" "Mozilla/5.0 (X11; Linux x86_64) AppleWebKit/537.36 (KHTML, like Gecko) Chrome/126.0.6478.251 Safari/537.36"
111.10.180.180 - - [08/Sep/2025:16:05:01 +0800] "GET /wp-content/uploads/2025/07/1750671806-partner5_200x50.webp HTTP/1.1" 200 2840 "http://cqqizhou.com/about/" "Mozilla/5.0 (X11; Linux x86_64) AppleWebKit/537.36 (KHTML, like Gecko) Chrome/126.0.6478.251 Safari/537.36"
111.10.180.180 - - [08/Sep/2025:16:05:01 +0800] "GET /wp-content/uploads/2025/07/1750671808-partner6_200x50.webp HTTP/1.1" 200 3004 "http://cqqizhou.com/about/" "Mozilla/5.0 (X11; Linux x86_64) AppleWebKit/537.36 (KHTML, like Gecko) Chrome/126.0.6478.251 Safari/537.36"
111.10.180.180 - - [08/Sep/2025:16:05:01 +0800] "GET /wp-content/uploads/2025/07/1751425283-qizhou.kf_.qq_.com_.webp HTTP/1.1" 200 16864 "http://cqqizhou.com/about/" "Mozilla/5.0 (X11; Linux x86_64) AppleWebKit/537.36 (KHTML, like Gecko) Chrome/126.0.6478.251 Safari/537.36"
111.10.180.180 - - [08/Sep/2025:16:05:01 +0800] "GET /wp-content/uploads/2025/06/1750755307-qizhoucangku2000x400_2025624.webp HTTP/1.1" 200 45470 "http://cqqizhou.com/about/" "Mozilla/5.0 (X11; Linux x86_64) AppleWebKit/537.36 (KHTML, like Gecko) Chrome/126.0.6478.251 Safari/537.36"
111.10.180.180 - - [08/Sep/2025:16:05:01 +0800] "GET /wp-content/uploads/elementor/thumbs/1751373145-About_Qizhoudalou_W800px-r91b70ok8huvvdr4ynxnf302e8ie3iydlh6ag9ew82.webp HTTP/1.1" 200 37938 "http://cqqizhou.com/about/" "Mozilla/5.0 (X11; Linux x86_64) AppleWebKit/537.36 (KHTML, like Gecko) Chrome/126.0.6478.251 Safari/537.36"
111.10.180.180 - - [08/Sep/2025:16:05:01 +0800] "GET /wp-content/uploads/elementor/thumbs/1751209300-Hello-Qizhou3-r91b71mdtei8mab1rr8x739cnvi1mafuaga3vbed3o.webp HTTP/1.1" 200 39120 "http://cqqizhou.com/about/" "Mozilla/5.0 (X11; Linux x86_64) AppleWebKit/537.36 (KHTML, like Gecko) Chrome/126.0.6478.251 Safari/537.36"
111.10.180.180 - - [08/Sep/2025:16:05:03 +0800] "GET /wp-content/uploads/2025/07/1750649183-qizhou1920x1080_2.webp HTTP/1.1" 200 267936 "http://cqqizhou.com/about/" "Mozilla/5.0 (X11; Linux x86_64) AppleWebKit/537.36 (KHTML, like Gecko) Chrome/126.0.6478.251 Safari/537.36"
111.10.180.180 - - [08/Sep/2025:16:05:03 +0800] "GET /wp-content/uploads/2025/07/1750649179-qizhou1920x1080_1.webp HTTP/1.1" 200 172154 "http://cqqizhou.com/about/" "Mozilla/5.0 (X11; Linux x86_64) AppleWebKit/537.36 (KHTML, like Gecko) Chrome/126.0.6478.251 Safari/537.36"
111.10.180.180 - - [08/Sep/2025:16:05:03 +0800] "GET /wp-content/uploads/2025/07/1750649197-qizhou1920x1080_6.webp HTTP/1.1" 200 150354 "http://cqqizhou.com/about/" "Mozilla/5.0 (X11; Linux x86_64) AppleWebKit/537.36 (KHTML, like Gecko) Chrome/126.0.6478.251 Safari/537.36"
111.10.180.180 - - [08/Sep/2025:16:05:03 +0800] "GET /wp-content/uploads/2025/07/1750649193-qizhou1920x1080_5.webp HTTP/1.1" 200 110214 "http://cqqizhou.com/about/" "Mozilla/5.0 (X11; Linux x86_64) AppleWebKit/537.36 (KHTML, like Gecko) Chrome/126.0.6478.251 Safari/537.36"
111.10.180.180 - - [08/Sep/2025:16:05:03 +0800] "GET /wp-content/uploads/2025/07/1750649189-qizhou1920x1080_4.webp HTTP/1.1" 200 174962 "http://cqqizhou.com/about/" "Mozilla/5.0 (X11; Linux x86_64) AppleWebKit/537.36 (KHTML, like Gecko) Chrome/126.0.6478.251 Safari/537.36"
111.10.180.180 - - [08/Sep/2025:16:05:03 +0800] "GET /wp-content/uploads/2025/07/1750649186-qizhou1920x1080_3.webp HTTP/1.1" 200 134070 "http://cqqizhou.com/about/" "Mozilla/5.0 (X11; Linux x86_64) AppleWebKit/537.36 (KHTML, like Gecko) Chrome/126.0.6478.251 Safari/537.36"
111.10.180.180 - - [08/Sep/2025:16:05:03 +0800] "GET /wp-content/uploads/2025/07/1750649200-qizhou1920x1080_7.webp HTTP/1.1" 200 238866 "http://cqqizhou.com/about/" "Mozilla/5.0 (X11; Linux x86_64) AppleWebKit/537.36 (KHTML, like Gecko) Chrome/126.0.6478.251 Safari/537.36"
111.10.180.180 - - [08/Sep/2025:16:05:03 +0800] "GET /wp-content/uploads/2025/07/1750649203-qizhou1920x1080_8.webp HTTP/1.1" 200 256782 "http://cqqizhou.com/about/" "Mozilla/5.0 (X11; Linux x86_64) AppleWebKit/537.36 (KHTML, like Gecko) Chrome/126.0.6478.251 Safari/537.36"
111.10.180.180 - - [08/Sep/2025:16:05:03 +0800] "GET /wp-content/uploads/2025/07/1750649207-qizhou1920x1080_9.webp HTTP/1.1" 200 146108 "http://cqqizhou.com/about/" "Mozilla/5.0 (X11; Linux x86_64) AppleWebKit/537.36 (KHTML, like Gecko) Chrome/126.0.6478.251 Safari/537.36"
111.10.180.180 - - [08/Sep/2025:16:05:03 +0800] "GET /wp-content/uploads/2025/07/1750649215-qizhou1920x1080_11.webp HTTP/1.1" 200 171642 "http://cqqizhou.com/about/" "Mozilla/5.0 (X11; Linux x86_64) AppleWebKit/537.36 (KHTML, like Gecko) Chrome/126.0.6478.251 Safari/537.36"
111.10.180.180 - - [08/Sep/2025:16:05:04 +0800] "GET /wp-content/uploads/2025/07/1750649212-qizhou1920x1080_10.webp HTTP/1.1" 200 143362 "http://cqqizhou.com/about/" "Mozilla/5.0 (X11; Linux x86_64) AppleWebKit/537.36 (KHTML, like Gecko) Chrome/126.0.6478.251 Safari/537.36"
111.10.180.180 - - [08/Sep/2025:16:05:04 +0800] "GET /wp-content/uploads/2025/07/1750945514-honor300%C3%97206_3.webp HTTP/1.1" 200 74124 "http://cqqizhou.com/about/" "Mozilla/5.0 (X11; Linux x86_64) AppleWebKit/537.36 (KHTML, like Gecko) Chrome/126.0.6478.251 Safari/537.36"
111.10.180.180 - - [08/Sep/2025:16:05:04 +0800] "GET /wp-content/uploads/2025/07/1750945616-honor300%C3%97206_4.webp HTTP/1.1" 200 33814 "http://cqqizhou.com/about/" "Mozilla/5.0 (X11; Linux x86_64) AppleWebKit/537.36 (KHTML, like Gecko) Chrome/126.0.6478.251 Safari/537.36"
111.10.180.180 - - [08/Sep/2025:16:05:04 +0800] "GET /wp-content/uploads/2025/07/1750945637-honor300%C3%97206_5.webp HTTP/1.1" 200 77368 "http://cqqizhou.com/about/" "Mozilla/5.0 (X11; Linux x86_64) AppleWebKit/537.36 (KHTML, like Gecko) Chrome/126.0.6478.251 Safari/537.36"
111.10.180.180 - - [08/Sep/2025:16:05:04 +0800] "GET /wp-content/uploads/2025/07/1750945650-honor300%C3%97206_6.webp HTTP/1.1" 200 66306 "http://cqqizhou.com/about/" "Mozilla/5.0 (X11; Linux x86_64) AppleWebKit/537.36 (KHTML, like Gecko) Chrome/126.0.6478.251 Safari/537.36"
111.10.180.180 - - [08/Sep/2025:16:05:04 +0800] "GET /wp-content/uploads/2025/07/1750656103-Visionr2000x800_20250623131702.webp HTTP/1.1" 200 57650 "http://cqqizhou.com/wp-content/uploads/elementor/css/post-1849.css?ver=1755835654" "Mozilla/5.0 (X11; Linux x86_64) AppleWebKit/537.36 (KHTML, like Gecko) Chrome/126.0.6478.251 Safari/537.36"
111.10.180.180 - - [08/Sep/2025:16:05:14 +0800] "GET /news/ HTTP/1.1" 200 25256 "http://cqqizhou.com/about/" "Mozilla/5.0 (X11; Linux x86_64) AppleWebKit/537.36 (KHTML, like Gecko) Chrome/126.0.6478.251 Safari/537.36"
111.10.180.180 - - [08/Sep/2025:16:05:14 +0800] "GET /wp-content/uploads/2025/09/1756868614-20250903104654_74_5.webp HTTP/1.1" 200 47858 "http://cqqizhou.com/news/" "Mozilla/5.0 (X11; Linux x86_64) AppleWebKit/537.36 (KHTML, like Gecko) Chrome/126.0.6478.251 Safari/537.36"
111.10.180.180 - - [08/Sep/2025:16:05:14 +0800] "GET /wp-content/uploads/2025/08/1755826456-DSC01841.webp HTTP/1.1" 200 87046 "http://cqqizhou.com/news/" "Mozilla/5.0 (X11; Linux x86_64) AppleWebKit/537.36 (KHTML, like Gecko) Chrome/126.0.6478.251 Safari/537.36"
111.10.180.180 - - [08/Sep/2025:16:05:14 +0800] "GET /wp-content/uploads/2025/08/1755826390-DSC01765.webp HTTP/1.1" 200 71514 "http://cqqizhou.com/news/" "Mozilla/5.0 (X11; Linux x86_64) AppleWebKit/537.36 (KHTML, like Gecko) Chrome/126.0.6478.251 Safari/537.36"
111.10.180.180 - - [08/Sep/2025:16:05:14 +0800] "GET /wp-content/uploads/2025/07/1753455746-DSC01472.webp HTTP/1.1" 200 31854 "http://cqqizhou.com/news/" "Mozilla/5.0 (X11; Linux x86_64) AppleWebKit/537.36 (KHTML, like Gecko) Chrome/126.0.6478.251 Safari/537.36"
111.10.180.180 - - [08/Sep/2025:16:05:14 +0800] "GET /wp-content/uploads/2025/07/1753454299-Article_images_W900px.webp HTTP/1.1" 200 52418 "http://cqqizhou.com/news/" "Mozilla/5.0 (X11; Linux x86_64) AppleWebKit/537.36 (KHTML, like Gecko) Chrome/126.0.6478.251 Safari/537.36"
111.10.180.180 - - [08/Sep/2025:16:05:14 +0800] "GET /wp-content/uploads/2025/07/1753453986-Article_images_W900px.webp HTTP/1.1" 200 57364 "http://cqqizhou.com/news/" "Mozilla/5.0 (X11; Linux x86_64) AppleWebKit/537.36 (KHTML, like Gecko) Chrome/126.0.6478.251 Safari/537.36"
