38.15.147.6 - - [29/Aug/2025:20:56:49 +0800] "POST /wp-login.php HTTP/1.1" 200 2975 "http://cqqizhou.com" "Mozilla/5.0 (Windows NT 10.0; Win64; x64; rv:125.0.1) Gecko/20100101 Firefox/125.0.1"
36.133.115.36 - - [29/Aug/2025:21:02:03 +0800] "POST /wp-cron.php?doing_wp_cron=1756472522.9749488830566406250000 HTTP/1.1" 200 31 "-" "WordPress/6.8.2; http://cqqizhou.com"
165.22.218.230 - - [29/Aug/2025:21:02:03 +0800] "POST /wp-login.php HTTP/1.1" 200 2890 "http://cqqizhou.com" "Mozilla/5.0 (Macintosh; Intel Mac OS X 13_3) AppleWebKit/537.36 (KHTML, like Gecko) Chrome/126.0.0.0 Safari/537.36 Edg/126.0.0.0"
36.133.115.36 - - [29/Aug/2025:21:11:00 +0800] "POST /wp-cron.php?doing_wp_cron=1756473060.6644608974456787109375 HTTP/1.1" 200 31 "-" "WordPress/6.8.2; http://cqqizhou.com"
149.50.103.48 - - [29/Aug/2025:21:11:00 +0800] "GET / HTTP/1.1" 200 33467 "-" "Mozilla/5.0 (Windows NT 10.0; Win64; x64) AppleWebKit/537.36 (KHTML, like Gecko) Chrome/90.0.4430.85 Safari/537.36 Edg/90.0.818.46"
36.133.115.36 - - [29/Aug/2025:21:11:50 +0800] "POST /wp-cron.php?doing_wp_cron=1756473110.4285769462585449218750 HTTP/1.1" 200 31 "-" "WordPress/6.8.2; http://cqqizhou.com"
107.180.119.59 - - [29/Aug/2025:21:11:50 +0800] "POST /wp-login.php HTTP/1.1" 200 2976 "http://cqqizhou.com" "Mozilla/5.0 (Macintosh; Intel Mac OS X 10_15_7; rv:126.0) Gecko/20100101 Firefox/126.0"
36.133.115.36 - - [29/Aug/2025:21:15:07 +0800] "POST /wp-cron.php?doing_wp_cron=1756473307.7949249744415283203125 HTTP/1.1" 200 31 "-" "WordPress/6.8.2; http://cqqizhou.com"
107.175.141.10 - - [29/Aug/2025:21:15:07 +0800] "GET / HTTP/1.1" 301 5 "-" "Mozilla/5.0 (Windows NT 10.0; Win64; x64) AppleWebKit/537.36 (KHTML, like Gecko) Chrome/90.0.4430.85 Safari/537.36 Edg/90.0.818.46"
36.133.115.36 - - [29/Aug/2025:21:17:00 +0800] "POST /wp-cron.php?doing_wp_cron=1756473420.6451408863067626953125 HTTP/1.1" 200 31 "-" "WordPress/6.8.2; http://cqqizhou.com"
34.168.79.94 - - [29/Aug/2025:21:17:00 +0800] "POST /wp-login.php HTTP/1.1" 200 2970 "http://cqqizhou.com" "Mozilla/5.0 (Macintosh; Intel Mac OS X 10_15_7) AppleWebKit/537.36 (KHTML, like Gecko) Chrome/116.0.5845.96 Safari/537.36"
36.133.115.36 - - [29/Aug/2025:21:22:11 +0800] "POST /wp-cron.php?doing_wp_cron=1756473731.7147610187530517578125 HTTP/1.1" 200 31 "-" "WordPress/6.8.2; http://cqqizhou.com"
128.199.44.17 - - [29/Aug/2025:21:22:11 +0800] "POST /wp-login.php HTTP/1.1" 200 2890 "http://cqqizhou.com" "Mozilla/5.0 (Macintosh; Intel Mac OS X 14_6) AppleWebKit/605.1.15 (KHTML, like Gecko) Version/17.5 Safari/605.1.15"
36.133.115.36 - - [29/Aug/2025:21:27:24 +0800] "POST /wp-cron.php?doing_wp_cron=1756474044.8049519062042236328125 HTTP/1.1" 200 31 "-" "WordPress/6.8.2; http://cqqizhou.com"
206.189.150.43 - - [29/Aug/2025:21:27:24 +0800] "POST /wp-login.php HTTP/1.1" 200 2972 "http://cqqizhou.com" "Mozilla/5.0 (Macintosh; Intel Mac OS X 10_15_7; rv:125.0.1) Gecko/20100101 Firefox/125.0.1"
36.133.115.36 - - [29/Aug/2025:21:29:30 +0800] "POST /wp-cron.php?doing_wp_cron=1756474170.0397059917449951171875 HTTP/1.1" 200 31 "-" "WordPress/6.8.2; http://cqqizhou.com"
67.205.159.76 - - [29/Aug/2025:21:29:31 +0800] "POST /xmlrpc.php HTTP/1.1" 200 217 "-" "Mozilla/5.0 (X11; Ubuntu; Linux x86_64; rv:85.0) Gecko/20100101 Firefox/91.0"
36.133.115.36 - - [29/Aug/2025:21:32:29 +0800] "POST /wp-cron.php?doing_wp_cron=1756474348.9950699806213378906250 HTTP/1.1" 200 31 "-" "WordPress/6.8.2; http://cqqizhou.com"
15.204.43.173 - - [29/Aug/2025:21:32:29 +0800] "POST /wp-login.php HTTP/1.1" 200 2972 "http://cqqizhou.com" "Mozilla/5.0 (Windows NT 10.0; Win64; x64) AppleWebKit/537.36 (KHTML, like Gecko) Chrome/114.0.5735.199 Safari/537.36 Edg/114.0.1823.67"
118.195.165.218 - - [29/Aug/2025:21:32:45 +0800] "GET / HTTP/1.1" 301 5 "-" "Mozilla/5.0 (iPhone; CPU iPhone OS 13_2_3 like Mac OS X) AppleWebKit/605.1.15 (KHTML, like Gecko) Version/13.0.3 Mobile/15E148 Safari/604.1"
36.133.115.36 - - [29/Aug/2025:21:32:48 +0800] "POST /wp-cron.php?doing_wp_cron=1756474368.0535280704498291015625 HTTP/1.1" 200 31 "-" "WordPress/6.8.2; http://cqqizhou.com"
118.195.165.218 - - [29/Aug/2025:21:32:48 +0800] "GET / HTTP/1.1" 200 33467 "http://www.cqqizhou.com" "Mozilla/5.0 (iPhone; CPU iPhone OS 13_2_3 like Mac OS X) AppleWebKit/605.1.15 (KHTML, like Gecko) Version/13.0.3 Mobile/15E148 Safari/604.1"
139.129.246.141 - - [29/Aug/2025:21:36:47 +0800] "GET /portfolio/duplex-stainless-steel/ HTTP/1.1" 200 22101 "-" "Mozilla/5.0 (Windows NT 6.1; WOW64) AppleWebKit/537.36 (KHTML, like Gecko) Chrome/86.0.4240.198 Safari/537.36"
139.129.246.141 - - [29/Aug/2025:21:36:48 +0800] "GET /2214/ HTTP/1.1" 200 24843 "-" "Mozilla/5.0 (Windows NT 6.1; WOW64) AppleWebKit/537.36 (KHTML, like Gecko) Chrome/86.0.4240.198 Safari/537.36"
36.133.115.36 - - [29/Aug/2025:21:37:35 +0800] "POST /wp-cron.php?doing_wp_cron=1756474655.6020209789276123046875 HTTP/1.1" 200 31 "-" "WordPress/6.8.2; http://cqqizhou.com"
218.255.162.2 - - [29/Aug/2025:21:37:35 +0800] "POST /wp-login.php HTTP/1.1" 200 2974 "http://cqqizhou.com" "Mozilla/5.0 (Macintosh; Intel Mac OS X 10.15; rv:126.0) Gecko/20100101 Firefox/126.0"
36.133.115.36 - - [29/Aug/2025:21:38:34 +0800] "POST /wp-cron.php?doing_wp_cron=1756474714.3232328891754150390625 HTTP/1.1" 200 31 "-" "WordPress/6.8.2; http://cqqizhou.com"
91.224.92.17 - - [29/Aug/2025:21:38:53 +0800] "GET / HTTP/1.1" 200 109837 "-" "-"
36.133.115.36 - - [29/Aug/2025:21:40:12 +0800] "POST /wp-cron.php?doing_wp_cron=1756474812.8922801017761230468750 HTTP/1.1" 200 31 "-" "WordPress/6.8.2; http://cqqizhou.com"
45.135.193.100 - - [29/Aug/2025:21:40:12 +0800] "GET / HTTP/1.1" 301 5 "-" "Mozilla/5.0 (Windows NT 10.0; Win64; x64) AppleWebKit/537.36 (KHTML, like Gecko) Chrome/90.0.4430.85 Safari/537.36 Edg/90.0.818.46"
36.133.115.36 - - [29/Aug/2025:21:42:44 +0800] "POST /wp-cron.php?doing_wp_cron=1756474964.7727689743041992187500 HTTP/1.1" 200 31 "-" "WordPress/6.8.2; http://cqqizhou.com"
185.199.236.107 - - [29/Aug/2025:21:42:44 +0800] "POST /wp-login.php HTTP/1.1" 200 2977 "http://cqqizhou.com" "Mozilla/5.0 (Macintosh; Intel Mac OS X 10_15_7; rv:128.0) Gecko/20100101 Firefox/128.0"
36.133.115.36 - - [29/Aug/2025:21:53:09 +0800] "POST /wp-cron.php?doing_wp_cron=1756475589.5710721015930175781250 HTTP/1.1" 200 31 "-" "WordPress/6.8.2; http://cqqizhou.com"
8.133.253.244 - - [29/Aug/2025:21:53:09 +0800] "POST /wp-login.php HTTP/1.1" 200 2970 "http://cqqizhou.com" "Mozilla/5.0 (Windows NT 10.0; Win64; x64) AppleWebKit/537.36 (KHTML, like Gecko) Chrome/115.0.5790.171 Safari/537.36 Edg/115.0.1901.203"
36.133.115.36 - - [29/Aug/2025:21:58:16 +0800] "POST /wp-cron.php?doing_wp_cron=1756475896.6939721107482910156250 HTTP/1.1" 200 31 "-" "WordPress/6.8.2; http://cqqizhou.com"
128.199.207.13 - - [29/Aug/2025:21:58:16 +0800] "POST /wp-login.php HTTP/1.1" 200 2970 "http://cqqizhou.com" "Mozilla/5.0 (Windows NT 10.0; Win64; x64; rv:127.0) Gecko/20100101 Firefox/127.0"
36.133.115.36 - - [29/Aug/2025:22:02:58 +0800] "POST /wp-cron.php?doing_wp_cron=1756476178.5869030952453613281250 HTTP/1.1" 200 31 "-" "WordPress/6.8.2; http://cqqizhou.com"
15.204.183.221 - - [29/Aug/2025:22:02:58 +0800] "GET / HTTP/1.1" 301 5 "-" "Mozilla/5.0 (Windows NT 10.0; Win64; x64) AppleWebKit/537.36 (KHTML, like Gecko) Chrome/135.0.0.0 Safari/537.36"
15.204.183.221 - - [29/Aug/2025:22:03:00 +0800] "GET / HTTP/1.1" 200 39369 "http://www.cqqizhou.com/" "Mozilla/5.0 (Windows NT 10.0; Win64; x64) AppleWebKit/537.36 (KHTML, like Gecko) Chrome/135.0.0.0 Safari/537.36"
89.45.83.89 - - [29/Aug/2025:22:03:32 +0800] "POST /wp-login.php HTTP/1.1" 200 2973 "http://cqqizhou.com" "Mozilla/5.0 (Macintosh; Intel Mac OS X 10_15_7) AppleWebKit/537.36 (KHTML, like Gecko) Chrome/114.0.5735.134 Safari/537.36"
36.133.115.36 - - [29/Aug/2025:22:08:42 +0800] "POST /wp-cron.php?doing_wp_cron=1756476522.1351308822631835937500 HTTP/1.1" 200 31 "-" "WordPress/6.8.2; http://cqqizhou.com"
107.180.118.84 - - [29/Aug/2025:22:08:42 +0800] "POST /wp-login.php HTTP/1.1" 200 2972 "http://cqqizhou.com" "Mozilla/5.0 (Macintosh; Intel Mac OS X 10_15_7; rv:129.0) Gecko/20100101 Firefox/129.0"
36.133.115.36 - - [29/Aug/2025:22:09:48 +0800] "POST /wp-cron.php?doing_wp_cron=1756476588.3910400867462158203125 HTTP/1.1" 200 31 "-" "WordPress/6.8.2; http://cqqizhou.com"
149.50.103.48 - - [29/Aug/2025:22:09:48 +0800] "GET / HTTP/1.1" 200 33467 "-" "Mozilla/5.0 (Windows NT 10.0; Win64; x64) AppleWebKit/537.36 (KHTML, like Gecko) Chrome/90.0.4430.85 Safari/537.36 Edg/90.0.818.46"
36.133.115.36 - - [29/Aug/2025:22:13:55 +0800] "POST /wp-cron.php?doing_wp_cron=1756476835.9200150966644287109375 HTTP/1.1" 200 31 "-" "WordPress/6.8.2; http://cqqizhou.com"
77.104.73.130 - - [29/Aug/2025:22:13:55 +0800] "POST /wp-login.php HTTP/1.1" 200 2972 "http://cqqizhou.com" "Mozilla/5.0 (Windows NT 10.0; Win64; x64) AppleWebKit/537.36 (KHTML, like Gecko) Chrome/126.0.0.0 Safari/537.36 Edg/126.0.0.0"
36.133.115.36 - - [29/Aug/2025:22:16:42 +0800] "POST /wp-cron.php?doing_wp_cron=1756477002.2535319328308105468750 HTTP/1.1" 200 31 "-" "WordPress/6.8.2; http://cqqizhou.com"
43.157.180.116 - - [29/Aug/2025:22:16:42 +0800] "GET / HTTP/1.1" 200 33467 "-" "Mozilla/5.0 (iPhone; CPU iPhone OS 13_2_3 like Mac OS X) AppleWebKit/605.1.15 (KHTML, like Gecko) Version/13.0.3 Mobile/15E148 Safari/604.1"
47.109.54.65 - - [29/Aug/2025:22:18:55 +0800] "GET /wp-content/cache/min/1/wp-content/plugins/revslider/ HTTP/1.1" 403 548 "-" "Mozilla/5.0 (Windows NT 6.1; WOW64) AppleWebKit/537.36 (KHTML, like Gecko) Chrome/86.0.4240.198 Safari/537.36"
36.133.115.36 - - [29/Aug/2025:22:19:13 +0800] "POST /wp-cron.php?doing_wp_cron=1756477153.0052320957183837890625 HTTP/1.1" 200 31 "-" "WordPress/6.8.2; http://cqqizhou.com"
162.19.58.174 - - [29/Aug/2025:22:19:13 +0800] "POST /wp-login.php HTTP/1.1" 200 2890 "http://cqqizhou.com" "Mozilla/5.0 (Windows NT 10.0; Win64; x64) AppleWebKit/537.36 (KHTML, like Gecko) Chrome/112.0.5615.138 Safari/537.36"
36.133.115.36 - - [29/Aug/2025:22:21:02 +0800] "POST /wp-cron.php?doing_wp_cron=1756477262.3878860473632812500000 HTTP/1.1" 200 31 "-" "WordPress/6.8.2; http://cqqizhou.com"
121.42.249.16 - - [29/Aug/2025:22:21:02 +0800] "GET /process/processing HTTP/1.1" 301 5 "-" "Mozilla/5.0 (Windows NT 6.1; WOW64) AppleWebKit/537.36 (KHTML, like Gecko) Chrome/86.0.4240.198 Safari/537.36"
121.42.249.16 - - [29/Aug/2025:22:21:02 +0800] "GET /services/processing/ HTTP/1.1" 200 22903 "http://www.cqqizhou.com/process/processing" "Mozilla/5.0 (Windows NT 6.1; WOW64) AppleWebKit/537.36 (KHTML, like Gecko) Chrome/86.0.4240.198 Safari/537.36"
36.133.115.36 - - [29/Aug/2025:22:22:08 +0800] "POST /wp-cron.php?doing_wp_cron=1756477328.5789821147918701171875 HTTP/1.1" 200 31 "-" "WordPress/6.8.2; http://cqqizhou.com"
50.30.32.22 - - [29/Aug/2025:22:22:08 +0800] "POST /xmlrpc.php HTTP/1.1" 200 217 "-" "Mozilla/5.0 (X11; Ubuntu; Linux x86_64; rv:85.0) Gecko/20100101 Firefox/91.0"
36.133.115.36 - - [29/Aug/2025:22:24:25 +0800] "POST /wp-cron.php?doing_wp_cron=1756477465.6610820293426513671875 HTTP/1.1" 200 31 "-" "WordPress/6.8.2; http://cqqizhou.com"
103.173.227.90 - - [29/Aug/2025:22:24:25 +0800] "POST /wp-login.php HTTP/1.1" 200 2972 "http://cqqizhou.com" "Mozilla/5.0 (Macintosh; Intel Mac OS X 10_15_7) AppleWebKit/537.36 (KHTML, like Gecko) Chrome/112.0.5615.138 Safari/537.36"
47.109.54.65 - - [29/Aug/2025:22:26:24 +0800] "GET /services/ HTTP/1.1" 200 25528 "-" "Mozilla/5.0 (Windows NT 6.1; WOW64) AppleWebKit/537.36 (KHTML, like Gecko) Chrome/86.0.4240.198 Safari/537.36"
36.133.115.36 - - [29/Aug/2025:22:29:37 +0800] "POST /wp-cron.php?doing_wp_cron=1756477777.4322988986968994140625 HTTP/1.1" 200 31 "-" "WordPress/6.8.2; http://cqqizhou.com"
167.172.113.201 - - [29/Aug/2025:22:29:37 +0800] "POST /wp-login.php HTTP/1.1" 200 2979 "http://cqqizhou.com" "Mozilla/5.0 (Macintosh; Intel Mac OS X 14.5) AppleWebKit/618.3.5 (KHTML, like Gecko) Version/17.4 Safari/618.3.5"
36.133.115.36 - - [29/Aug/2025:22:34:49 +0800] "POST /wp-cron.php?doing_wp_cron=1756478089.6491930484771728515625 HTTP/1.1" 200 31 "-" "WordPress/6.8.2; http://cqqizhou.com"
87.229.65.46 - - [29/Aug/2025:22:34:49 +0800] "POST /wp-login.php HTTP/1.1" 200 2973 "http://cqqizhou.com" "Mozilla/5.0 (Windows NT 10.0; Win64; x64) AppleWebKit/537.36 (KHTML, like Gecko) Chrome/112.0.5615.138 Safari/537.36"
125.119.77.216 - - [29/Aug/2025:22:39:06 +0800] "GET http://cqqizhou.com/ HTTP/1.1" 200 39369 "-" "Mozilla/5.0 (Windows NT 6.2; WOW64) AppleWebKit/537.36 (KHTML, like Gecko) Chrome/75.0.3770.90"
36.133.115.36 - - [29/Aug/2025:22:39:24 +0800] "POST /wp-cron.php?doing_wp_cron=1756478364.6400279998779296875000 HTTP/1.1" 200 31 "-" "WordPress/6.8.2; http://cqqizhou.com"
183.162.125.64 - - [29/Aug/2025:22:39:24 +0800] "GET http://www.cqqizhou.com/ HTTP/1.1" 301 5 "-" "Mozilla/5.0 (Windows NT 10.0) AppleWebKit/537.36 (KHTML, like Gecko) Chrome/71.0.3578.137"
183.162.125.64 - - [29/Aug/2025:22:39:24 +0800] "GET http://cqqizhou.com/ HTTP/1.1" 200 39369 "-" "Mozilla/5.0 (Windows NT 10.0) AppleWebKit/537.36 (KHTML, like Gecko) Chrome/71.0.3578.137"
36.133.115.36 - - [29/Aug/2025:22:40:04 +0800] "POST /wp-cron.php?doing_wp_cron=1756478404.4419279098510742187500 HTTP/1.1" 200 31 "-" "WordPress/6.8.2; http://cqqizhou.com"
109.111.252.47 - - [29/Aug/2025:22:40:04 +0800] "POST /wp-login.php HTTP/1.1" 200 2974 "http://cqqizhou.com" "Mozilla/5.0 (Windows NT 10.0; Win64; x64) AppleWebKit/537.36 (KHTML, like Gecko) Chrome/115.0.5790.171 Safari/537.36 Edg/115.0.1901.203"
36.133.115.36 - - [29/Aug/2025:22:45:18 +0800] "POST /wp-cron.php?doing_wp_cron=1756478718.0877630710601806640625 HTTP/1.1" 200 31 "-" "WordPress/6.8.2; http://cqqizhou.com"
88.99.148.122 - - [29/Aug/2025:22:45:18 +0800] "POST /wp-login.php HTTP/1.1" 200 2976 "http://cqqizhou.com" "Mozilla/5.0 (Windows NT 10.0; Win64; x64) AppleWebKit/537.36 (KHTML, like Gecko) Chrome/112.0.5615.138 Safari/537.36 Edg/112.0.1722.68"
36.133.115.36 - - [29/Aug/2025:22:49:58 +0800] "POST /wp-cron.php?doing_wp_cron=1756478998.7371659278869628906250 HTTP/1.1" 200 31 "-" "WordPress/6.8.2; http://cqqizhou.com"
45.194.22.190 - - [29/Aug/2025:22:49:59 +0800] "POST / HTTP/1.1" 200 151919 "-" "Mozilla/5.0"
63.250.38.185 - - [29/Aug/2025:22:50:34 +0800] "POST /wp-login.php HTTP/1.1" 200 2973 "http://cqqizhou.com" "Mozilla/5.0 (Macintosh; Intel Mac OS X 14.5) AppleWebKit/618.3.5 (KHTML, like Gecko) Version/17.4 Safari/618.3.5"
36.133.115.36 - - [29/Aug/2025:22:50:59 +0800] "POST /wp-cron.php?doing_wp_cron=1756479059.4920430183410644531250 HTTP/1.1" 200 31 "-" "WordPress/6.8.2; http://cqqizhou.com"
45.194.22.190 - - [29/Aug/2025:22:50:59 +0800] "POST / HTTP/1.1" 200 151919 "-" "Mozilla/5.0"
45.194.22.190 - - [29/Aug/2025:22:51:00 +0800] "POST / HTTP/1.1" 200 151919 "-" "Mozilla/5.0"
45.194.22.190 - - [29/Aug/2025:22:51:00 +0800] "POST / HTTP/1.1" 200 151919 "-" "Mozilla/5.0"
36.133.115.36 - - [29/Aug/2025:22:51:54 +0800] "POST /wp-cron.php?doing_wp_cron=1756479114.7860329151153564453125 HTTP/1.1" 200 31 "-" "WordPress/6.8.2; http://cqqizhou.com"
45.135.193.253 - - [29/Aug/2025:22:51:55 +0800] "GET / HTTP/1.1" 200 151919 "-" "-"
36.133.115.36 - - [29/Aug/2025:22:55:43 +0800] "POST /wp-cron.php?doing_wp_cron=1756479343.7027320861816406250000 HTTP/1.1" 200 31 "-" "WordPress/6.8.2; http://cqqizhou.com"
152.42.164.152 - - [29/Aug/2025:22:55:43 +0800] "POST /wp-login.php HTTP/1.1" 200 2972 "http://cqqizhou.com" "Mozilla/5.0 (Windows NT 10.0; Win64; x64) AppleWebKit/537.36 (KHTML, like Gecko) Chrome/113.0.5672.93 Safari/537.36"
36.133.115.36 - - [29/Aug/2025:22:56:31 +0800] "POST /wp-cron.php?doing_wp_cron=1756479391.9292519092559814453125 HTTP/1.1" 200 31 "-" "WordPress/6.8.2; http://cqqizhou.com"
91.224.92.17 - - [29/Aug/2025:22:56:47 +0800] "GET / HTTP/1.1" 200 109837 "-" "-"
36.133.115.36 - - [29/Aug/2025:23:01:00 +0800] "POST /wp-cron.php?doing_wp_cron=1756479660.0760738849639892578125 HTTP/1.1" 200 31 "-" "WordPress/6.8.2; http://cqqizhou.com"
144.34.217.214 - - [29/Aug/2025:23:01:00 +0800] "POST /wp-login.php HTTP/1.1" 200 2970 "http://cqqizhou.com" "Mozilla/5.0 (Windows NT 10.0; Win64; x64) AppleWebKit/537.36 (KHTML, like Gecko) Chrome/115.0.5790.171 Safari/537.36 Edg/115.0.1901.203"
36.133.115.36 - - [29/Aug/2025:23:04:58 +0800] "POST /wp-cron.php?doing_wp_cron=1756479898.4973130226135253906250 HTTP/1.1" 200 31 "-" "WordPress/6.8.2; http://cqqizhou.com"
89.213.174.77 - - [29/Aug/2025:23:05:00 +0800] "GET / HTTP/1.1" 200 151919 "-" "-"
36.133.115.36 - - [29/Aug/2025:23:06:12 +0800] "POST /wp-cron.php?doing_wp_cron=1756479972.9428489208221435546875 HTTP/1.1" 200 31 "-" "WordPress/6.8.2; http://cqqizhou.com"
46.8.255.119 - - [29/Aug/2025:23:06:12 +0800] "POST /wp-login.php HTTP/1.1" 200 2973 "http://cqqizhou.com" "Mozilla/5.0 (Macintosh; Intel Mac OS X 14.5) AppleWebKit/618.3.5 (KHTML, like Gecko) Version/17.4 Safari/618.3.5"
36.133.115.36 - - [29/Aug/2025:23:11:28 +0800] "POST /wp-cron.php?doing_wp_cron=1756480288.2384939193725585937500 HTTP/1.1" 200 31 "-" "WordPress/6.8.2; http://cqqizhou.com"
103.28.36.114 - - [29/Aug/2025:23:11:28 +0800] "POST /wp-login.php HTTP/1.1" 200 2978 "http://cqqizhou.com" "Mozilla/5.0 (Windows NT 10.0; Win64; x64) AppleWebKit/537.36 (KHTML, like Gecko) Chrome/126.0.0.0 Safari/537.36 Edg/126.0.0.0"
36.133.115.36 - - [29/Aug/2025:23:11:50 +0800] "POST /wp-cron.php?doing_wp_cron=1756480310.6736950874328613281250 HTTP/1.1" 200 31 "-" "WordPress/6.8.2; http://cqqizhou.com"
196.251.69.194 - - [29/Aug/2025:23:11:51 +0800] "GET / HTTP/1.0" 200 151897 "-" "Mozilla/5.0 (X11; Linux x86_64; rv:140.0) Gecko/20100101 Firefox/140.0"
36.133.115.36 - - [29/Aug/2025:23:17:43 +0800] "POST /wp-cron.php?doing_wp_cron=1756480663.7660000324249267578125 HTTP/1.1" 200 31 "-" "WordPress/6.8.2; http://cqqizhou.com"
149.50.103.48 - - [29/Aug/2025:23:17:44 +0800] "GET / HTTP/1.1" 200 33466 "-" "Mozilla/5.0 (Windows NT 10.0; Win64; x64) AppleWebKit/537.36 (KHTML, like Gecko) Chrome/90.0.4430.85 Safari/537.36 Edg/90.0.818.46"
36.133.115.36 - - [29/Aug/2025:23:18:21 +0800] "POST /wp-cron.php?doing_wp_cron=1756480700.9968481063842773437500 HTTP/1.1" 200 31 "-" "WordPress/6.8.2; http://cqqizhou.com"
75.119.208.120 - - [29/Aug/2025:23:18:21 +0800] "POST /xmlrpc.php HTTP/1.1" 200 217 "-" "Mozilla/5.0 (X11; Ubuntu; Linux x86_64; rv:85.0) Gecko/20100101 Firefox/91.0"
135.220.12.182 - - [29/Aug/2025:23:19:26 +0800] "GET /aa.php HTTP/1.1" 404 27 "-" "-"
135.220.12.182 - - [29/Aug/2025:23:19:27 +0800] "GET /about.php HTTP/1.1" 404 27 "-" "-"
135.220.12.182 - - [29/Aug/2025:23:19:27 +0800] "GET /admin.php HTTP/1.1" 404 27 "-" "-"
135.220.12.182 - - [29/Aug/2025:23:19:27 +0800] "GET /akc.php HTTP/1.1" 404 27 "-" "-"
135.220.12.182 - - [29/Aug/2025:23:19:28 +0800] "GET /alfa.php HTTP/1.1" 404 27 "-" "-"
135.220.12.182 - - [29/Aug/2025:23:19:28 +0800] "GET /asasx.php HTTP/1.1" 404 27 "-" "-"
135.220.12.182 - - [29/Aug/2025:23:19:28 +0800] "GET /atomlib.php HTTP/1.1" 404 27 "-" "-"
135.220.12.182 - - [29/Aug/2025:23:19:29 +0800] "GET /autoload_classmap.php HTTP/1.1" 404 27 "-" "-"
135.220.12.182 - - [29/Aug/2025:23:19:29 +0800] "GET /autoload_classmap/function.php HTTP/1.1" 404 27 "-" "-"
135.220.12.182 - - [29/Aug/2025:23:19:29 +0800] "GET /buy.php HTTP/1.1" 404 27 "-" "-"
135.220.12.182 - - [29/Aug/2025:23:19:29 +0800] "GET /chosen.php HTTP/1.1" 404 27 "-" "-"
135.220.12.182 - - [29/Aug/2025:23:19:30 +0800] "GET /classwithtostring.php HTTP/1.1" 404 27 "-" "-"
135.220.12.182 - - [29/Aug/2025:23:19:30 +0800] "GET /cong.php HTTP/1.1" 404 27 "-" "-"
135.220.12.182 - - [29/Aug/2025:23:19:30 +0800] "GET /edit.php HTTP/1.1" 404 27 "-" "-"
135.220.12.182 - - [29/Aug/2025:23:19:30 +0800] "GET /file.php HTTP/1.1" 404 27 "-" "-"
135.220.12.182 - - [29/Aug/2025:23:19:31 +0800] "GET /file2.php HTTP/1.1" 404 27 "-" "-"
135.220.12.182 - - [29/Aug/2025:23:19:31 +0800] "GET /flower.php HTTP/1.1" 404 27 "-" "-"
135.220.12.182 - - [29/Aug/2025:23:19:31 +0800] "GET /gecko.php HTTP/1.1" 404 27 "-" "-"
135.220.12.182 - - [29/Aug/2025:23:19:31 +0800] "GET /goat.php HTTP/1.1" 404 27 "-" "-"
135.220.12.182 - - [29/Aug/2025:23:19:31 +0800] "GET /goods.php HTTP/1.1" 404 27 "-" "-"
135.220.12.182 - - [29/Aug/2025:23:19:32 +0800] "GET /ioxi-o.php HTTP/1.1" 404 27 "-" "-"
135.220.12.182 - - [29/Aug/2025:23:19:32 +0800] "GET /lock360.php HTTP/1.1" 404 27 "-" "-"
135.220.12.182 - - [29/Aug/2025:23:19:32 +0800] "GET /makeasmtp.php HTTP/1.1" 404 27 "-" "-"
135.220.12.182 - - [29/Aug/2025:23:19:33 +0800] "GET /mm.php HTTP/1.1" 404 27 "-" "-"
135.220.12.182 - - [29/Aug/2025:23:19:33 +0800] "GET /nc4.php HTTP/1.1" 404 27 "-" "-"
135.220.12.182 - - [29/Aug/2025:23:19:33 +0800] "GET /tinyfilemanager.php HTTP/1.1" 404 27 "-" "-"
135.220.12.182 - - [29/Aug/2025:23:19:33 +0800] "GET /users.php HTTP/1.1" 404 27 "-" "-"
135.220.12.182 - - [29/Aug/2025:23:19:33 +0800] "GET /w.php HTTP/1.1" 404 27 "-" "-"
36.133.115.36 - - [29/Aug/2025:23:19:37 +0800] "POST /wp-cron.php?doing_wp_cron=1756480777.1493608951568603515625 HTTP/1.1" 200 31 "-" "WordPress/6.8.2; http://cqqizhou.com"
135.220.12.182 - - [29/Aug/2025:23:19:37 +0800] "GET /wp-admin/ HTTP/1.1" 302 5 "-" "-"
135.220.12.182 - - [29/Aug/2025:23:19:38 +0800] "GET /wp-login.php?redirect_to=http%3A%2F%2Fcqqizhou.com%2Fwp-admin%2F&reauth=1 HTTP/1.1" 200 8672 "-" "-"
135.220.12.182 - - [29/Aug/2025:23:19:38 +0800] "GET /wp-admin/css/colors/blue/index.php HTTP/1.1" 404 27 "-" "-"
135.220.12.182 - - [29/Aug/2025:23:19:38 +0800] "GET /wp-admin/images/moon.php HTTP/1.1" 404 27 "-" "-"
135.220.12.182 - - [29/Aug/2025:23:19:38 +0800] "GET /wp-admin/js/index.php HTTP/1.1" 404 27 "-" "-"
135.220.12.182 - - [29/Aug/2025:23:19:39 +0800] "GET /wp-admin/setup-config.php HTTP/1.1" 409 2667 "-" "-"
135.220.12.182 - - [29/Aug/2025:23:19:39 +0800] "GET /wp-api.php HTTP/1.1" 404 27 "-" "-"
135.220.12.182 - - [29/Aug/2025:23:19:40 +0800] "GET /wp-content/index.php HTTP/1.1" 200 5 "-" "-"
135.220.12.182 - - [29/Aug/2025:23:19:40 +0800] "GET /wp-content/wp-conflg.php HTTP/1.1" 404 27 "-" "-"
135.220.12.182 - - [29/Aug/2025:23:19:40 +0800] "GET /wp-includes/IXR/autoload_classmap.php HTTP/1.1" 404 27 "-" "-"
135.220.12.182 - - [29/Aug/2025:23:19:41 +0800] "GET /wp-includes/fonts/admin.php HTTP/1.1" 404 27 "-" "-"
135.220.12.182 - - [29/Aug/2025:23:19:41 +0800] "GET /wp-includes/fonts/index.php HTTP/1.1" 404 27 "-" "-"
135.220.12.182 - - [29/Aug/2025:23:19:41 +0800] "GET /wp-setup.php HTTP/1.1" 404 27 "-" "-"
135.220.12.182 - - [29/Aug/2025:23:19:41 +0800] "GET /wp.php HTTP/1.1" 404 27 "-" "-"
135.220.12.182 - - [29/Aug/2025:23:19:42 +0800] "GET /wsa.php HTTP/1.1" 404 27 "-" "-"
36.133.115.36 - - [29/Aug/2025:23:31:07 +0800] "POST /wp-cron.php?doing_wp_cron=1756481467.5393919944763183593750 HTTP/1.1" 200 31 "-" "WordPress/6.8.2; http://cqqizhou.com"
91.224.92.17 - - [29/Aug/2025:23:31:26 +0800] "GET / HTTP/1.1" 200 109837 "-" "-"
36.133.115.36 - - [29/Aug/2025:23:43:11 +0800] "POST /wp-cron.php?doing_wp_cron=1756482191.1544609069824218750000 HTTP/1.1" 200 31 "-" "WordPress/6.8.2; http://cqqizhou.com"
43.130.105.21 - - [29/Aug/2025:23:43:11 +0800] "GET / HTTP/1.1" 200 33466 "-" "Mozilla/5.0 (iPhone; CPU iPhone OS 13_2_3 like Mac OS X) AppleWebKit/605.1.15 (KHTML, like Gecko) Version/13.0.3 Mobile/15E148 Safari/604.1"
47.109.31.152 - - [29/Aug/2025:23:45:11 +0800] "GET /wp-content/plugins/revslider/public/css/ HTTP/1.1" 403 548 "-" "Mozilla/5.0 (Windows NT 6.1; WOW64) AppleWebKit/537.36 (KHTML, like Gecko) Chrome/86.0.4240.198 Safari/537.36"
47.109.54.65 - - [29/Aug/2025:23:46:09 +0800] "GET /wp-content/cache/min/1/wp-content/plugins/smartideo/ HTTP/1.1" 403 548 "-" "Mozilla/5.0 (Windows NT 6.1; WOW64) AppleWebKit/537.36 (KHTML, like Gecko) Chrome/86.0.4240.198 Safari/537.36"
36.133.115.36 - - [29/Aug/2025:23:58:09 +0800] "POST /wp-cron.php?doing_wp_cron=1756483089.2698380947113037109375 HTTP/1.1" 200 31 "-" "WordPress/6.8.2; http://cqqizhou.com"
50.7.252.138 - - [29/Aug/2025:23:58:09 +0800] "GET /https://api.waf.qq.com/waf-attack-feedback/%22%20+%20uuid;%20%7D%20%3C/script%3E%3Cbody%3E%3Cdiv%20class=%22wrapper%22%3E%3Cdiv%20class=%22body%22%3E%3Cdiv%20class=%22top-block%22%3E%3Cp%20class=%22title%22%3E%E6%82%A8%E7%9A%84%E8%AF%B7%E6%B1%82%E5%B7%B2%E4%B8%AD%E6%96%AD%3C/p%3E%3Cp%20class=%22desc%22%3E%E5%BE%88%E6%8A%B1%E6%AD%89%EF%BC%8C%E6%82%A8%E6%8F%90%E4%BA%A4%E7%9A%84%E8%AF%B7%E6%B1%82%E5%8F%AF%E8%83%BD%E5%AF%B9%E7%BD%91%E7%AB%99%E9%80%A0%E6%88%90%E5%A8%81%E8%83%81%EF%BC%8C%E6%97%A0%E6%B3%95%E8%AE%BF%E9%97%AE%3C/p%3E%3C/div%3E%3Cdiv%20class=%22content-block%22%3E%3Cdiv%20class=%22content-item%22%3E%3Cp%20class=%22title%22%3E%E5%8F%AF%E8%83%BD%E5%8E%9F%E5%9B%A0%3C/p%3E%3Cp%20class=%22desc HTTP/1.1" 301 5 "-" "Mozilla/5.0 (Windows NT 10.0; Win64; x64) AppleWebKit/537.36 (KHTML, like Gecko) Chrome/137.0.0.0 Safari/537.36"
50.7.252.138 - - [29/Aug/2025:23:58:10 +0800] "GET /https:/api.waf.qq.com/waf-attack-feedback/%22%20+%20uuid;%20%7D%20%3C/script%3E%3Cbody%3E%3Cdiv%20class=%22wrapper%22%3E%3Cdiv%20class=%22body%22%3E%3Cdiv%20class=%22top-block%22%3E%3Cp%20class=%22title%22%3E%E6%82%A8%E7%9A%84%E8%AF%B7%E6%B1%82%E5%B7%B2%E4%B8%AD%E6%96%AD%3C/p%3E%3Cp%20class=%22desc%22%3E%E5%BE%88%E6%8A%B1%E6%AD%89%EF%BC%8C%E6%82%A8%E6%8F%90%E4%BA%A4%E7%9A%84%E8%AF%B7%E6%B1%82%E5%8F%AF%E8%83%BD%E5%AF%B9%E7%BD%91%E7%AB%99%E9%80%A0%E6%88%90%E5%A8%81%E8%83%81%EF%BC%8C%E6%97%A0%E6%B3%95%E8%AE%BF%E9%97%AE%3C/p%3E%3C/div%3E%3Cdiv%20class=%22content-block%22%3E%3Cdiv%20class=%22content-item%22%3E%3Cp%20class=%22title%22%3E%E5%8F%AF%E8%83%BD%E5%8E%9F%E5%9B%A0%3C/p%3E%3Cp%20class=%22desc HTTP/1.1" 404 8989 "http://36.133.115.36/https://api.waf.qq.com/waf-attack-feedback/%22%20+%20uuid;%20%7D%20%3C/script%3E%3Cbody%3E%3Cdiv%20class=%22wrapper%22%3E%3Cdiv%20class=%22body%22%3E%3Cdiv%20class=%22top-block%22%3E%3Cp%20class=%22title%22%3E%E6%82%A8%E7%9A%84%E8%AF%B7%E6%B1%82%E5%B7%B2%E4%B8%AD%E6%96%AD%3C/p%3E%3Cp%20class=%22desc%22%3E%E5%BE%88%E6%8A%B1%E6%AD%89%EF%BC%8C%E6%82%A8%E6%8F%90%E4%BA%A4%E7%9A%84%E8%AF%B7%E6%B1%82%E5%8F%AF%E8%83%BD%E5%AF%B9%E7%BD%91%E7%AB%99%E9%80%A0%E6%88%90%E5%A8%81%E8%83%81%EF%BC%8C%E6%97%A0%E6%B3%95%E8%AE%BF%E9%97%AE%3C/p%3E%3C/div%3E%3Cdiv%20class=%22content-block%22%3E%3Cdiv%20class=%22content-item%22%3E%3Cp%20class=%22title%22%3E%E5%8F%AF%E8%83%BD%E5%8E%9F%E5%9B%A0%3C/p%3E%3Cp%20class=%22desc" "Mozilla/5.0 (Windows NT 10.0; Win64; x64) AppleWebKit/537.36 (KHTML, like Gecko) Chrome/137.0.0.0 Safari/537.36"
50.7.252.138 - - [29/Aug/2025:23:58:10 +0800] "GET /phone.jsp' HTTP/1.1" 301 5 "-" "Mozilla/5.0 (Windows NT 10.0; Win64; x64) AppleWebKit/537.36 (KHTML, like Gecko) Chrome/137.0.0.0 Safari/537.36"
50.7.252.138 - - [29/Aug/2025:23:58:11 +0800] "GET /phone.jsp HTTP/1.1" 404 8990 "http://36.133.115.36/phone.jsp'" "Mozilla/5.0 (Windows NT 10.0; Win64; x64) AppleWebKit/537.36 (KHTML, like Gecko) Chrome/137.0.0.0 Safari/537.36"