File: /home/logs/cqqizhou_access_2026-07-16.log
36.133.115.36 - - [16/Jul/2026:00:08:13 +0800] "POST /wp-cron.php?doing_wp_cron=1784131693.8219010829925537109375 HTTP/1.1" 200 31 "-" "WordPress/7.0; http://cqqizhou.com"
219.138.4.174 - - [16/Jul/2026:00:08:13 +0800] "GET /process/processing HTTP/1.1" 301 5 "-" "Mozilla/5.0 (Macintosh; Intel Mac OS X 10_15_7) AppleWebKit/537.36 (KHTML, like Gecko) Chrome/129.0.0.0 Safari/537.36"
219.138.4.174 - - [16/Jul/2026:00:08:14 +0800] "GET http://cqqizhou.com/services/processing HTTP/1.1" 200 23554 "-" "Mozilla/5.0 (Macintosh; Intel Mac OS X 10_15_7) AppleWebKit/537.36 (KHTML, like Gecko) Chrome/129.0.0.0 Safari/537.36"
114.119.138.179 - - [16/Jul/2026:00:12:00 +0800] "GET /wp-content/uploads/2026/06/1782708865-3Article_images_W900px.webp HTTP/1.1" 200 30548 "http://cqqizhou.com/news/2606" "Mozilla/5.0 (Linux; Android 7.0;) AppleWebKit/537.36 (HTML, like Gecko) Mobile Safari/537.36 (compatible; PetalBot;+https://webmaster.petalsearch.com/site/petalbot)"
36.133.115.36 - - [16/Jul/2026:00:14:55 +0800] "POST /wp-cron.php?doing_wp_cron=1784132095.2418010234832763671875 HTTP/1.1" 200 31 "-" "WordPress/7.0; http://cqqizhou.com"
192.248.150.180 - - [16/Jul/2026:00:14:55 +0800] "GET / HTTP/1.1" 301 5 "-" "Mozilla/5.0 (compatible; CyberConvoyScout/1.0; +https://scout.cyberconvoy.co)"
192.248.150.180 - - [16/Jul/2026:00:14:56 +0800] "GET / HTTP/1.1" 200 35514 "http://36.133.115.36/" "Mozilla/5.0 (compatible; CyberConvoyScout/1.0; +https://scout.cyberconvoy.co)"
36.133.115.36 - - [16/Jul/2026:00:15:14 +0800] "POST /wp-cron.php?doing_wp_cron=1784132114.7344949245452880859375 HTTP/1.1" 200 31 "-" "WordPress/7.0; http://cqqizhou.com"
43.161.251.162 - - [16/Jul/2026:00:15:14 +0800] "GET / HTTP/1.1" 200 35070 "-" "Mozilla/5.0 (iPhone; CPU iPhone OS 13_2_3 like Mac OS X) AppleWebKit/605.1.15 (KHTML, like Gecko) Version/13.0.3 Mobile/15E148 Safari/604.1"
36.133.115.36 - - [16/Jul/2026:00:26:45 +0800] "POST /wp-cron.php?doing_wp_cron=1784132805.5685300827026367187500 HTTP/1.1" 200 31 "-" "WordPress/7.0; http://cqqizhou.com"
124.221.140.98 - - [16/Jul/2026:00:26:45 +0800] "GET / HTTP/1.1" 200 35069 "-" "Mozilla/5.0 (iPhone; CPU iPhone OS 13_2_3 like Mac OS X) AppleWebKit/605.1.15 (KHTML, like Gecko) Version/13.0.3 Mobile/15E148 Safari/604.1"
36.133.115.36 - - [16/Jul/2026:00:32:20 +0800] "POST /wp-cron.php?doing_wp_cron=1784133140.5667290687561035156250 HTTP/1.1" 200 31 "-" "WordPress/7.0; http://cqqizhou.com"
114.119.144.41 - - [16/Jul/2026:00:32:20 +0800] "GET /2162/ HTTP/1.1" 301 5 "http://cqqizhou.com/2160/" "Mozilla/5.0 (Linux; Android 7.0;) AppleWebKit/537.36 (HTML, like Gecko) Mobile Safari/537.36 (compatible; PetalBot;+https://webmaster.petalsearch.com/site/petalbot)"
114.119.144.41 - - [16/Jul/2026:00:32:22 +0800] "GET /news/2162 HTTP/1.1" 200 21811 "http://cqqizhou.com/2160/" "Mozilla/5.0 (Linux; Android 7.0;) AppleWebKit/537.36 (HTML, like Gecko) Mobile Safari/537.36 (compatible; PetalBot;+https://webmaster.petalsearch.com/site/petalbot)"
36.133.115.36 - - [16/Jul/2026:00:47:20 +0800] "POST /wp-cron.php?doing_wp_cron=1784134040.8007180690765380859375 HTTP/1.1" 200 31 "-" "WordPress/7.0; http://cqqizhou.com"
160.119.71.9 - - [16/Jul/2026:00:47:21 +0800] "GET / HTTP/1.1" 200 109837 "-" "Mozilla/5.0 (X11; Linux x86_64; rv:144.0) Gecko/20100101 Firefox/144.0"
116.179.32.20 - - [16/Jul/2026:01:16:14 +0800] "GET /news/2597 HTTP/1.1" 200 24545 "-" "Mozilla/5.0 (compatible; Baiduspider/2.0; +http://www.baidu.com/search/spider.html)"
36.133.115.36 - - [16/Jul/2026:01:18:31 +0800] "POST /wp-cron.php?doing_wp_cron=1784135910.9477319717407226562500 HTTP/1.1" 200 31 "-" "WordPress/7.0; http://cqqizhou.com"
43.165.7.132 - - [16/Jul/2026:01:18:31 +0800] "GET / HTTP/1.1" 200 35070 "-" "Mozilla/5.0 (iPhone; CPU iPhone OS 13_2_3 like Mac OS X) AppleWebKit/605.1.15 (KHTML, like Gecko) Version/13.0.3 Mobile/15E148 Safari/604.1"
36.133.115.36 - - [16/Jul/2026:01:30:06 +0800] "POST /wp-cron.php?doing_wp_cron=1784136606.9570250511169433593750 HTTP/1.1" 200 31 "-" "WordPress/7.0; http://cqqizhou.com"
115.159.33.43 - - [16/Jul/2026:01:30:06 +0800] "GET / HTTP/1.1" 301 5 "-" "Mozilla/5.0 (Windows NT 10.0; Win64; x64) AppleWebKit/537.36 (KHTML, like Gecko) Chrome/79.0.3945.117 Safari/537.36"
36.133.115.36 - - [16/Jul/2026:01:40:07 +0800] "POST /wp-cron.php?doing_wp_cron=1784137207.0407629013061523437500 HTTP/1.1" 200 31 "-" "WordPress/7.0; http://cqqizhou.com"
43.166.246.180 - - [16/Jul/2026:01:40:07 +0800] "GET / HTTP/1.1" 301 5 "-" "Mozilla/5.0 (iPhone; CPU iPhone OS 13_2_3 like Mac OS X) AppleWebKit/605.1.15 (KHTML, like Gecko) Version/13.0.3 Mobile/15E148 Safari/604.1"
36.133.115.36 - - [16/Jul/2026:01:40:10 +0800] "POST /wp-cron.php?doing_wp_cron=1784137210.7316839694976806640625 HTTP/1.1" 200 31 "-" "WordPress/7.0; http://cqqizhou.com"
43.166.246.180 - - [16/Jul/2026:01:40:10 +0800] "GET / HTTP/1.1" 200 35071 "http://36.133.115.36" "Mozilla/5.0 (iPhone; CPU iPhone OS 13_2_3 like Mac OS X) AppleWebKit/605.1.15 (KHTML, like Gecko) Version/13.0.3 Mobile/15E148 Safari/604.1"
36.133.115.36 - - [16/Jul/2026:01:41:39 +0800] "POST /wp-cron.php?doing_wp_cron=1784137299.8984239101409912109375 HTTP/1.1" 200 31 "-" "WordPress/7.0; http://cqqizhou.com"
204.76.203.81 - - [16/Jul/2026:01:41:40 +0800] "GET / HTTP/1.1" 200 158029 "-" "Hello World"
220.181.108.175 - - [16/Jul/2026:01:42:06 +0800] "GET /news/portfolio HTTP/1.1" 200 21213 "-" "Mozilla/5.0 (compatible; Baiduspider/2.0; +http://www.baidu.com/search/spider.html)"
36.133.115.36 - - [16/Jul/2026:01:54:01 +0800] "POST /wp-cron.php?doing_wp_cron=1784138041.2545959949493408203125 HTTP/1.1" 200 31 "-" "WordPress/7.0; http://cqqizhou.com"
119.84.246.117 - - [16/Jul/2026:01:54:01 +0800] "GET / HTTP/1.1" 301 5 "-" "-"
119.84.246.117 - - [16/Jul/2026:01:54:01 +0800] "GET / HTTP/1.1" 200 159688 "-" "-"
119.84.246.117 - - [16/Jul/2026:01:54:03 +0800] "GET / HTTP/1.1" 301 5 "-" "Mozilla/5.0 (Windows NT 6.1; WOW64) AppleWebKit/535.19 (KHTML, like Gecko) Chrome/18.0.1025.168 Safari/535.19 QIHU 360EE"
119.84.246.117 - - [16/Jul/2026:01:54:03 +0800] "GET / HTTP/1.1" 200 35514 "-" "Mozilla/5.0 (Windows NT 6.1; WOW64) AppleWebKit/535.19 (KHTML, like Gecko) Chrome/18.0.1025.168 Safari/535.19 QIHU 360EE"
119.84.246.117 - - [16/Jul/2026:01:54:04 +0800] "GET /wp-content/uploads/2025/07/1751425283-qizhou.kf_.qq_.com_.webp HTTP/1.1" 200 16864 "http://cqqizhou.com/" "Mozilla/5.0 (Windows NT 6.1; WOW64) AppleWebKit/535.19 (KHTML, like Gecko) Chrome/18.0.1025.168 Safari/535.19 QIHU 360EE"
119.84.246.117 - - [16/Jul/2026:01:54:04 +0800] "GET /wp-content/uploads/2025/07/1753456723-%E5%8F%8C%E7%9B%B8%E9%92%A2roduct_Single600.webp HTTP/1.1" 200 22790 "http://cqqizhou.com/" "Mozilla/5.0 (Windows NT 6.1; WOW64) AppleWebKit/535.19 (KHTML, like Gecko) Chrome/18.0.1025.168 Safari/535.19 QIHU 360EE"
119.84.246.117 - - [16/Jul/2026:01:54:04 +0800] "GET /wp-content/uploads/2025/07/1753453096-%E5%8F%8C%E7%9B%B8%E9%92%A2product_Single600%C3%97284.webp HTTP/1.1" 200 14562 "http://cqqizhou.com/" "Mozilla/5.0 (Windows NT 6.1; WOW64) AppleWebKit/535.19 (KHTML, like Gecko) Chrome/18.0.1025.168 Safari/535.19 QIHU 360EE"
119.84.246.117 - - [16/Jul/2026:01:54:04 +0800] "GET /wp-content/uploads/2025/07/1753456770-%E7%83%AD%E9%95%80%E9%94%8C%E5%8D%B7product_Single600.webp HTTP/1.1" 200 27502 "http://cqqizhou.com/" "Mozilla/5.0 (Windows NT 6.1; WOW64) AppleWebKit/535.19 (KHTML, like Gecko) Chrome/18.0.1025.168 Safari/535.19 QIHU 360EE"
119.84.246.117 - - [16/Jul/2026:01:54:04 +0800] "GET /wp-content/uploads/2025/07/1753453127-%E4%BD%99%E5%8D%B7product_Single600%C3%97284.webp HTTP/1.1" 200 18744 "http://cqqizhou.com/" "Mozilla/5.0 (Windows NT 6.1; WOW64) AppleWebKit/535.19 (KHTML, like Gecko) Chrome/18.0.1025.168 Safari/535.19 QIHU 360EE"
119.84.246.117 - - [16/Jul/2026:01:54:04 +0800] "GET /wp-content/uploads/2026/06/1782708718-1Article_images_W900px.webp HTTP/1.1" 200 54948 "http://cqqizhou.com/" "Mozilla/5.0 (Windows NT 6.1; WOW64) AppleWebKit/535.19 (KHTML, like Gecko) Chrome/18.0.1025.168 Safari/535.19 QIHU 360EE"
119.84.246.117 - - [16/Jul/2026:01:54:04 +0800] "GET /wp-content/uploads/2026/06/1782392245-Article_images_W900px.webp HTTP/1.1" 200 62046 "http://cqqizhou.com/" "Mozilla/5.0 (Windows NT 6.1; WOW64) AppleWebKit/535.19 (KHTML, like Gecko) Chrome/18.0.1025.168 Safari/535.19 QIHU 360EE"
119.84.246.117 - - [16/Jul/2026:01:54:04 +0800] "GET /wp-content/uploads/2026/06/1782182572-Article_images_W900px.webp HTTP/1.1" 200 24314 "http://cqqizhou.com/" "Mozilla/5.0 (Windows NT 6.1; WOW64) AppleWebKit/535.19 (KHTML, like Gecko) Chrome/18.0.1025.168 Safari/535.19 QIHU 360EE"
119.84.246.117 - - [16/Jul/2026:01:54:04 +0800] "GET /wp-content/uploads/2026/06/1781880807-Article_images_W900px.webp HTTP/1.1" 200 25354 "http://cqqizhou.com/" "Mozilla/5.0 (Windows NT 6.1; WOW64) AppleWebKit/535.19 (KHTML, like Gecko) Chrome/18.0.1025.168 Safari/535.19 QIHU 360EE"
119.84.246.117 - - [16/Jul/2026:01:54:04 +0800] "GET /wp-content/uploads/2026/06/1780363378-1Article_images_W900px.webp HTTP/1.1" 200 62100 "http://cqqizhou.com/" "Mozilla/5.0 (Windows NT 6.1; WOW64) AppleWebKit/535.19 (KHTML, like Gecko) Chrome/18.0.1025.168 Safari/535.19 QIHU 360EE"
36.133.115.36 - - [16/Jul/2026:02:21:49 +0800] "POST /wp-cron.php?doing_wp_cron=1784139709.7172911167144775390625 HTTP/1.1" 200 31 "-" "WordPress/7.0; http://cqqizhou.com"
192.36.109.98 - - [16/Jul/2026:02:21:49 +0800] "GET / HTTP/1.1" 200 35069 "-" "Mozilla/5.0 (iPhone; CPU iPhone OS 16_3 like Mac OS X) AppleWebKit/605.1.15 (KHTML, like Gecko) CriOS/122.0.6261.89 Mobile/15E148 Safari/604"
192.36.109.129 - - [16/Jul/2026:02:21:52 +0800] "GET /news/portfolio-category/hot-dip-galvanized-coil HTTP/1.1" 200 18232 "-" "Mozilla/5.0 (iPhone; CPU iPhone OS 16_3 like Mac OS X) AppleWebKit/605.1.15 (KHTML, like Gecko) CriOS/122.0.6261.89 Mobile/15E148 Safari/604"
192.36.109.91 - - [16/Jul/2026:02:21:54 +0800] "GET /news/portfolio/%e5%86%b7%e8%bd%a7%e6%9d%bf HTTP/1.1" 200 19333 "-" "Mozilla/5.0 (iPhone; CPU iPhone OS 16_3 like Mac OS X) AppleWebKit/605.1.15 (KHTML, like Gecko) CriOS/122.0.6261.89 Mobile/15E148 Safari/604"
192.36.109.70 - - [16/Jul/2026:02:21:56 +0800] "GET /news/portfolio-category/dual-phase-steel HTTP/1.1" 200 18226 "-" "Mozilla/5.0 (iPhone; CPU iPhone OS 16_3 like Mac OS X) AppleWebKit/605.1.15 (KHTML, like Gecko) CriOS/122.0.6261.89 Mobile/15E148 Safari/604"
36.133.115.36 - - [16/Jul/2026:02:26:23 +0800] "POST /wp-cron.php?doing_wp_cron=1784139983.0826580524444580078125 HTTP/1.1" 200 31 "-" "WordPress/7.0; http://cqqizhou.com"
114.119.138.179 - - [16/Jul/2026:02:26:23 +0800] "GET /services HTTP/1.1" 200 26398 "http://cqqizhou.com/news/2162" "Mozilla/5.0 (Linux; Android 7.0;) AppleWebKit/537.36 (HTML, like Gecko) Mobile Safari/537.36 (compatible; PetalBot;+https://webmaster.petalsearch.com/site/petalbot)"
36.133.115.36 - - [16/Jul/2026:02:28:35 +0800] "POST /wp-cron.php?doing_wp_cron=1784140115.7628200054168701171875 HTTP/1.1" 200 31 "-" "WordPress/7.0; http://cqqizhou.com"
111.18.154.237 - - [16/Jul/2026:02:28:35 +0800] "GET /media/3 HTTP/1.1" 200 26648 "-" "Mozilla/5.0 (Windows NT 10.0; Win64; x64) AppleWebKit/537.36 (KHTML, like Gecko) Chrome/136.0.0.0 Safari/537.36"
36.163.175.87 - - [16/Jul/2026:02:36:01 +0800] "GET /news/2373 HTTP/1.1" 200 26766 "-" "Mozilla/5.0 (Macintosh; Intel Mac OS X 10_15_7) AppleWebKit/537.36 (KHTML, like Gecko) Chrome/143.0.0.0 Safari/537.36"
120.228.248.63 - - [16/Jul/2026:02:40:10 +0800] "GET / HTTP/1.1" 200 35514 "-" "Mozilla/5.0 (Windows NT 6.2; WOW64) AppleWebKit/537.36 (KHTML, like Gecko) Chrome/80.0.3987.106"
36.133.115.36 - - [16/Jul/2026:02:40:15 +0800] "POST /wp-cron.php?doing_wp_cron=1784140815.0547900199890136718750 HTTP/1.1" 200 31 "-" "WordPress/7.0; http://cqqizhou.com"
115.61.111.130 - - [16/Jul/2026:02:40:15 +0800] "GET / HTTP/1.1" 301 5 "-" "Mozilla/5.0 (Windows NT 6.1; WOW64) AppleWebKit/537.36 (KHTML, like Gecko) Chrome/81.0.4044.138"
115.61.111.130 - - [16/Jul/2026:02:40:15 +0800] "GET http://cqqizhou.com/ HTTP/1.1" 200 35514 "-" "Mozilla/5.0 (Windows NT 6.1; WOW64) AppleWebKit/537.36 (KHTML, like Gecko) Chrome/81.0.4044.138"
36.133.115.36 - - [16/Jul/2026:02:47:07 +0800] "POST /wp-cron.php?doing_wp_cron=1784141227.4281649589538574218750 HTTP/1.1" 200 31 "-" "WordPress/7.0; http://cqqizhou.com"
34.24.55.114 - - [16/Jul/2026:02:47:07 +0800] "HEAD /wordpress/ HTTP/1.1" 404 0 "-" "Mozilla/5.0 (Linux; Android 13; Pixel 7a) AppleWebKit/537.36 (KHTML, like Gecko) Chrome/124.0.6367.82 Mobile Safari/537.36"
34.24.55.114 - - [16/Jul/2026:02:47:08 +0800] "HEAD /old/ HTTP/1.1" 404 0 "-" "Mozilla/5.0 (Windows NT 10.0; Win64; x64; rv:127.0) Gecko/20100101 Firefox/127.0"
34.24.55.114 - - [16/Jul/2026:02:47:09 +0800] "HEAD /new/ HTTP/1.1" 301 0 "-" "Mozilla/5.0 (iPad; CPU OS 17_4 like Mac OS X) AppleWebKit/605.1.15 (KHTML, like Gecko) Version/17.4 Mobile/15E148 Safari/604.1"
34.24.55.114 - - [16/Jul/2026:02:47:10 +0800] "HEAD /news HTTP/1.1" 200 0 "http://cqqizhou.com/new/" "Mozilla/5.0 (iPad; CPU OS 17_4 like Mac OS X) AppleWebKit/605.1.15 (KHTML, like Gecko) Version/17.4 Mobile/15E148 Safari/604.1"
34.24.55.114 - - [16/Jul/2026:02:47:11 +0800] "HEAD /wp/ HTTP/1.1" 404 0 "-" "Mozilla/5.0 (Windows NT 11.0; Win64; x64) AppleWebKit/537.36 (KHTML, like Gecko) Chrome/128.0.6540.18 Safari/537.36"
34.24.55.114 - - [16/Jul/2026:02:47:12 +0800] "HEAD /blog/ HTTP/1.1" 404 0 "-" "Mozilla/5.0 (Linux; Android 12; Redmi Note 11) AppleWebKit/537.36 (KHTML, like Gecko) Chrome/123.0.6312.112 Mobile Safari/537.36"
34.24.55.114 - - [16/Jul/2026:02:47:13 +0800] "HEAD / HTTP/1.1" 200 0 "-" "Mozilla/5.0 (Linux; Android 14; Xiaomi 14 Pro) AppleWebKit/537.36 (KHTML, like Gecko) Chrome/126.0.6478.33 Mobile Safari/537.36"
34.24.55.114 - - [16/Jul/2026:02:47:14 +0800] "HEAD /backup/ HTTP/1.1" 404 0 "-" "Mozilla/5.0 (Linux; Android 14; Xiaomi 14 Pro) AppleWebKit/537.36 (KHTML, like Gecko) Chrome/126.0.6478.33 Mobile Safari/537.36"
36.133.115.36 - - [16/Jul/2026:03:00:15 +0800] "POST /wp-cron.php?doing_wp_cron=1784142014.9022989273071289062500 HTTP/1.1" 200 31 "-" "WordPress/7.0; http://cqqizhou.com"
94.154.43.254 - - [16/Jul/2026:03:00:15 +0800] "GET / HTTP/1.1" 200 35070 "-" "Linux Gnu (cow)"
122.8.93.64 - - [16/Jul/2026:03:16:58 +0800] "GET /club HTTP/1.1" 200 13598 "-" "Mozilla/5.0 (Windows NT 10.0; Win64; x64) AppleWebKit/537.36 (KHTML, like Gecko) Chrome/149.0.0.0 Safari/537.36 Edg/149.0.0.0"
36.133.115.36 - - [16/Jul/2026:03:17:20 +0800] "POST /wp-cron.php?doing_wp_cron=1784143039.9929161071777343750000 HTTP/1.1" 200 31 "-" "WordPress/7.0; http://cqqizhou.com"
194.187.178.180 - - [16/Jul/2026:03:17:20 +0800] "GET / HTTP/1.1" 301 5 "-" "Mozilla/5.0 (Windows NT 10.0; Win64; x64; rv:65.0) Gecko/20100101 Firefox/65.0"
194.187.178.158 - - [16/Jul/2026:03:17:20 +0800] "GET / HTTP/1.1" 200 35514 "http://36.133.115.36:80/" "Mozilla/5.0 (Windows NT 10.0; Win64; x64; rv:65.0) Gecko/20100101 Firefox/65.0"
36.133.115.36 - - [16/Jul/2026:03:28:22 +0800] "POST /wp-cron.php?doing_wp_cron=1784143701.9695620536804199218750 HTTP/1.1" 200 31 "-" "WordPress/7.0; http://cqqizhou.com"
31.57.184.20 - - [16/Jul/2026:03:28:22 +0800] "GET /wp-login.php HTTP/1.1" 200 2821 "-" "Mozilla/5.0 (Macintosh; Intel Mac OS X 10_15_7) AppleWebKit/537.36 (KHTML, like Gecko) Chrome/118.0.0.0 Safari/537.36"
31.57.184.20 - - [16/Jul/2026:03:28:27 +0800] "POST /wp-login.php HTTP/1.1" 200 3041 "http://CQQIZHOU.COM/wp-login.php" "Mozilla/5.0 (Windows NT 10.0; Win64; x64) AppleWebKit/537.36 (KHTML, like Gecko) Chrome/121.0.0.0 Safari/537.36"
31.57.184.20 - - [16/Jul/2026:03:28:31 +0800] "POST /wp-login.php HTTP/1.1" 200 3044 "http://CQQIZHOU.COM/wp-login.php" "Mozilla/5.0 (Windows NT 10.0; Win64; x64) AppleWebKit/537.36 (KHTML, like Gecko) Chrome/119.0.0.0 Safari/537.36"
31.57.184.20 - - [16/Jul/2026:03:28:34 +0800] "POST /wp-login.php HTTP/1.1" 200 3041 "http://CQQIZHOU.COM/wp-login.php" "Mozilla/5.0 (Windows NT 11.0; Win64; x64) AppleWebKit/537.36 (KHTML, like Gecko) Chrome/118.0.0.0 Safari/537.36"
31.57.184.20 - - [16/Jul/2026:03:28:37 +0800] "POST /wp-login.php HTTP/1.1" 200 3040 "http://CQQIZHOU.COM/wp-login.php" "Mozilla/5.0 (Windows NT 10.0; Win64; x64; rv:119.0) Gecko/20100101 Firefox/119.0"
31.57.184.20 - - [16/Jul/2026:03:28:41 +0800] "POST /wp-login.php HTTP/1.1" 200 3048 "http://CQQIZHOU.COM/wp-login.php" "Mozilla/5.0 (Windows NT 11.0; Win64; x64) AppleWebKit/537.36 (KHTML, like Gecko) Chrome/120.0.0.0 Safari/537.36"
31.57.184.20 - - [16/Jul/2026:03:28:44 +0800] "POST /wp-login.php HTTP/1.1" 200 3040 "http://CQQIZHOU.COM/wp-login.php" "Mozilla/5.0 (Windows NT 10.0; Win64; x64; rv:119.0) Gecko/20100101 Firefox/119.0"
31.57.184.20 - - [16/Jul/2026:03:28:47 +0800] "POST /wp-login.php HTTP/1.1" 200 3048 "http://CQQIZHOU.COM/wp-login.php" "Mozilla/5.0 (Windows NT 11.0; Win64; x64; rv:121.0) Gecko/20100101 Firefox/121.0"
31.57.184.20 - - [16/Jul/2026:03:28:50 +0800] "POST /wp-login.php HTTP/1.1" 200 3040 "http://CQQIZHOU.COM/wp-login.php" "Mozilla/5.0 (Macintosh; Intel Mac OS X 10_15_7) AppleWebKit/537.36 (KHTML, like Gecko) Chrome/119.0.0.0 Safari/537.36"
31.57.184.20 - - [16/Jul/2026:03:28:53 +0800] "POST /wp-login.php HTTP/1.1" 200 2986 "http://CQQIZHOU.COM/wp-login.php" "Mozilla/5.0 (Windows NT 11.0; Win64; x64) AppleWebKit/537.36 (KHTML, like Gecko) Chrome/118.0.0.0 Safari/537.36"
31.57.184.20 - - [16/Jul/2026:03:28:57 +0800] "POST /wp-login.php HTTP/1.1" 200 2986 "http://CQQIZHOU.COM/wp-login.php" "Mozilla/5.0 (Windows NT 11.0; Win64; x64; rv:121.0) Gecko/20100101 Firefox/121.0"
31.57.184.20 - - [16/Jul/2026:03:29:00 +0800] "POST /wp-login.php HTTP/1.1" 200 3043 "http://CQQIZHOU.COM/wp-login.php" "Mozilla/5.0 (X11; Ubuntu; Linux x86_64) AppleWebKit/537.36 (KHTML, like Gecko) Chrome/119.0.0.0 Safari/537.36"
31.57.184.20 - - [16/Jul/2026:03:29:03 +0800] "POST /wp-login.php HTTP/1.1" 200 2986 "http://CQQIZHOU.COM/wp-login.php" "Mozilla/5.0 (Macintosh; Intel Mac OS X 10_15_7) AppleWebKit/605.1.15 (KHTML, like Gecko) Version/17.2 Safari/605.1.15"
31.57.184.20 - - [16/Jul/2026:03:29:07 +0800] "POST /wp-login.php HTTP/1.1" 200 3040 "http://CQQIZHOU.COM/wp-login.php" "Mozilla/5.0 (Macintosh; Intel Mac OS X 10_15_7; rv:119.0) Gecko/20100101 Firefox/119.0"
36.133.115.36 - - [16/Jul/2026:03:29:10 +0800] "POST /wp-cron.php?doing_wp_cron=1784143750.9090280532836914062500 HTTP/1.1" 200 31 "-" "WordPress/7.0; http://cqqizhou.com"
31.57.184.20 - - [16/Jul/2026:03:29:10 +0800] "POST /wp-login.php HTTP/1.1" 200 2986 "http://CQQIZHOU.COM/wp-login.php" "Mozilla/5.0 (Macintosh; Intel Mac OS X 13_6_1) AppleWebKit/537.36 (KHTML, like Gecko) Chrome/119.0.0.0 Safari/537.36"
31.57.184.20 - - [16/Jul/2026:03:29:14 +0800] "POST /wp-login.php HTTP/1.1" 200 3042 "http://CQQIZHOU.COM/wp-login.php" "Mozilla/5.0 (X11; Ubuntu; Linux x86_64) AppleWebKit/537.36 (KHTML, like Gecko) Chrome/118.0.0.0 Safari/537.36"
31.57.184.20 - - [16/Jul/2026:03:29:17 +0800] "POST /wp-login.php HTTP/1.1" 200 2986 "http://CQQIZHOU.COM/wp-login.php" "Mozilla/5.0 (Macintosh; Intel Mac OS X 10_15_7) AppleWebKit/537.36 (KHTML, like Gecko) Chrome/121.0.0.0 Safari/537.36"
31.57.184.20 - - [16/Jul/2026:03:29:21 +0800] "POST /wp-login.php HTTP/1.1" 200 2986 "http://CQQIZHOU.COM/wp-login.php" "Mozilla/5.0 (Windows NT 10.0; Win64; x64) AppleWebKit/537.36 (KHTML, like Gecko) Chrome/121.0.0.0 Safari/537.36"
31.57.184.20 - - [16/Jul/2026:03:29:24 +0800] "POST /wp-login.php HTTP/1.1" 200 3038 "http://CQQIZHOU.COM/wp-login.php" "Mozilla/5.0 (Macintosh; Intel Mac OS X 10_15_7) AppleWebKit/605.1.15 (KHTML, like Gecko) Version/17.1 Safari/605.1.15"
31.57.184.20 - - [16/Jul/2026:03:29:28 +0800] "POST /wp-login.php HTTP/1.1" 200 3038 "http://CQQIZHOU.COM/wp-login.php" "Mozilla/5.0 (Macintosh; Intel Mac OS X 13_6_1) AppleWebKit/605.1.15 (KHTML, like Gecko) Version/16.6 Safari/605.1.15"
31.57.184.20 - - [16/Jul/2026:03:29:31 +0800] "POST /wp-login.php HTTP/1.1" 200 3042 "http://CQQIZHOU.COM/wp-login.php" "Mozilla/5.0 (Windows NT 11.0; Win64; x64) AppleWebKit/537.36 (KHTML, like Gecko) Chrome/119.0.0.0 Safari/537.36"
31.57.184.20 - - [16/Jul/2026:03:29:34 +0800] "POST /wp-login.php HTTP/1.1" 200 3042 "http://CQQIZHOU.COM/wp-login.php" "Mozilla/5.0 (X11; Ubuntu; Linux x86_64) AppleWebKit/537.36 (KHTML, like Gecko) Chrome/120.0.0.0 Safari/537.36"
31.57.184.20 - - [16/Jul/2026:03:29:38 +0800] "POST /wp-login.php HTTP/1.1" 200 3041 "http://CQQIZHOU.COM/wp-login.php" "Mozilla/5.0 (Windows NT 10.0; Win64; x64; rv:121.0) Gecko/20100101 Firefox/121.0"
31.57.184.20 - - [16/Jul/2026:03:29:41 +0800] "POST /wp-login.php HTTP/1.1" 200 3039 "http://CQQIZHOU.COM/wp-login.php" "Mozilla/5.0 (X11; Ubuntu; Linux x86_64) AppleWebKit/537.36 (KHTML, like Gecko) Chrome/119.0.0.0 Safari/537.36"
31.57.184.20 - - [16/Jul/2026:03:29:44 +0800] "POST /wp-login.php HTTP/1.1" 200 3038 "http://CQQIZHOU.COM/wp-login.php" "Mozilla/5.0 (X11; Ubuntu; Linux x86_64) AppleWebKit/537.36 (KHTML, like Gecko) Chrome/121.0.0.0 Safari/537.36"
31.57.184.20 - - [16/Jul/2026:03:29:49 +0800] "POST /wp-login.php HTTP/1.1" 200 3043 "http://CQQIZHOU.COM/wp-login.php" "Mozilla/5.0 (Windows NT 10.0; Win64; x64; rv:120.0) Gecko/20100101 Firefox/120.0"
31.57.184.20 - - [16/Jul/2026:03:29:54 +0800] "POST /wp-login.php HTTP/1.1" 200 3040 "http://CQQIZHOU.COM/wp-login.php" "Mozilla/5.0 (X11; Linux x86_64) AppleWebKit/537.36 (KHTML, like Gecko) Chrome/121.0.0.0 Safari/537.36"
31.57.184.20 - - [16/Jul/2026:03:29:58 +0800] "POST /wp-login.php HTTP/1.1" 200 3043 "http://CQQIZHOU.COM/wp-login.php" "Mozilla/5.0 (Windows NT 11.0; Win64; x64; rv:119.0) Gecko/20100101 Firefox/119.0"
31.57.184.20 - - [16/Jul/2026:03:30:02 +0800] "POST /wp-login.php HTTP/1.1" 200 3042 "http://CQQIZHOU.COM/wp-login.php" "Mozilla/5.0 (Macintosh; Intel Mac OS X 13_6_1) AppleWebKit/605.1.15 (KHTML, like Gecko) Version/17.2 Safari/605.1.15"
31.57.184.20 - - [16/Jul/2026:03:30:06 +0800] "POST /wp-login.php HTTP/1.1" 200 3044 "http://CQQIZHOU.COM/wp-login.php" "Mozilla/5.0 (Macintosh; Intel Mac OS X 13_6_1; rv:121.0) Gecko/20100101 Firefox/121.0"
36.133.115.36 - - [16/Jul/2026:03:30:10 +0800] "POST /wp-cron.php?doing_wp_cron=1784143810.8840329647064208984375 HTTP/1.1" 200 31 "-" "WordPress/7.0; http://cqqizhou.com"
31.57.184.20 - - [16/Jul/2026:03:30:10 +0800] "POST /wp-login.php HTTP/1.1" 200 3039 "http://CQQIZHOU.COM/wp-login.php" "Mozilla/5.0 (X11; Linux x86_64) AppleWebKit/537.36 (KHTML, like Gecko) Chrome/121.0.0.0 Safari/537.36"
31.57.184.20 - - [16/Jul/2026:03:30:15 +0800] "POST /wp-login.php HTTP/1.1" 200 3042 "http://CQQIZHOU.COM/wp-login.php" "Mozilla/5.0 (Macintosh; Intel Mac OS X 10_15_7) AppleWebKit/605.1.15 (KHTML, like Gecko) Version/16.6 Safari/605.1.15"
31.57.184.20 - - [16/Jul/2026:03:30:18 +0800] "POST /wp-login.php HTTP/1.1" 200 3044 "http://CQQIZHOU.COM/wp-login.php" "Mozilla/5.0 (Windows NT 11.0; Win64; x64; rv:118.0) Gecko/20100101 Firefox/118.0"
31.57.184.20 - - [16/Jul/2026:03:30:21 +0800] "POST /wp-login.php HTTP/1.1" 200 3047 "http://CQQIZHOU.COM/wp-login.php" "Mozilla/5.0 (Macintosh; Intel Mac OS X 10_15_7; rv:119.0) Gecko/20100101 Firefox/119.0"
31.57.184.20 - - [16/Jul/2026:03:30:25 +0800] "POST /wp-login.php HTTP/1.1" 200 3043 "http://CQQIZHOU.COM/wp-login.php" "Mozilla/5.0 (Macintosh; Intel Mac OS X 13_6_1) AppleWebKit/605.1.15 (KHTML, like Gecko) Version/17.1 Safari/605.1.15"
31.57.184.20 - - [16/Jul/2026:03:30:28 +0800] "POST /wp-login.php HTTP/1.1" 200 3041 "http://CQQIZHOU.COM/wp-login.php" "Mozilla/5.0 (Macintosh; Intel Mac OS X 13_6_1; rv:118.0) Gecko/20100101 Firefox/118.0"
31.57.184.20 - - [16/Jul/2026:03:30:32 +0800] "POST /wp-login.php HTTP/1.1" 200 3038 "http://CQQIZHOU.COM/wp-login.php" "Mozilla/5.0 (X11; Ubuntu; Linux x86_64) AppleWebKit/537.36 (KHTML, like Gecko) Chrome/121.0.0.0 Safari/537.36"
31.57.184.20 - - [16/Jul/2026:03:30:35 +0800] "POST /wp-login.php HTTP/1.1" 200 2986 "http://CQQIZHOU.COM/wp-login.php" "Mozilla/5.0 (Macintosh; Intel Mac OS X 10_15_7) AppleWebKit/537.36 (KHTML, like Gecko) Chrome/121.0.0.0 Safari/537.36"
31.57.184.20 - - [16/Jul/2026:03:30:39 +0800] "POST /wp-login.php HTTP/1.1" 200 3042 "http://CQQIZHOU.COM/wp-login.php" "Mozilla/5.0 (Windows NT 10.0; Win64; x64) AppleWebKit/537.36 (KHTML, like Gecko) Chrome/118.0.0.0 Safari/537.36"
31.57.184.20 - - [16/Jul/2026:03:30:42 +0800] "POST /wp-login.php HTTP/1.1" 200 3045 "http://CQQIZHOU.COM/wp-login.php" "Mozilla/5.0 (Windows NT 10.0; Win64; x64) AppleWebKit/537.36 (KHTML, like Gecko) Chrome/120.0.0.0 Safari/537.36"
31.57.184.20 - - [16/Jul/2026:03:30:45 +0800] "POST /wp-login.php HTTP/1.1" 200 2953 "http://CQQIZHOU.COM/wp-login.php" "Mozilla/5.0 (X11; Linux x86_64) AppleWebKit/537.36 (KHTML, like Gecko) Chrome/118.0.0.0 Safari/537.36"
31.57.184.20 - - [16/Jul/2026:03:30:48 +0800] "POST /wp-login.php HTTP/1.1" 200 3043 "http://CQQIZHOU.COM/wp-login.php" "Mozilla/5.0 (X11; Ubuntu; Linux x86_64) AppleWebKit/537.36 (KHTML, like Gecko) Chrome/120.0.0.0 Safari/537.36"
31.57.184.20 - - [16/Jul/2026:03:30:52 +0800] "POST /wp-login.php HTTP/1.1" 200 3042 "http://CQQIZHOU.COM/wp-login.php" "Mozilla/5.0 (Macintosh; Intel Mac OS X 10_15_7; rv:120.0) Gecko/20100101 Firefox/120.0"
31.57.184.20 - - [16/Jul/2026:03:30:54 +0800] "POST /wp-login.php HTTP/1.1" 200 3044 "http://CQQIZHOU.COM/wp-login.php" "Mozilla/5.0 (Macintosh; Intel Mac OS X 10_15_7) AppleWebKit/537.36 (KHTML, like Gecko) Chrome/121.0.0.0 Safari/537.36"
31.57.184.20 - - [16/Jul/2026:03:30:58 +0800] "POST /wp-login.php HTTP/1.1" 200 3040 "http://CQQIZHOU.COM/wp-login.php" "Mozilla/5.0 (X11; Ubuntu; Linux x86_64) AppleWebKit/537.36 (KHTML, like Gecko) Chrome/120.0.0.0 Safari/537.36"
31.57.184.20 - - [16/Jul/2026:03:31:01 +0800] "POST /wp-login.php HTTP/1.1" 200 3039 "http://CQQIZHOU.COM/wp-login.php" "Mozilla/5.0 (Windows NT 10.0; Win64; x64) AppleWebKit/537.36 (KHTML, like Gecko) Chrome/119.0.0.0 Safari/537.36"
31.57.184.20 - - [16/Jul/2026:03:31:05 +0800] "POST /wp-login.php HTTP/1.1" 200 3049 "http://CQQIZHOU.COM/wp-login.php" "Mozilla/5.0 (Windows NT 11.0; Win64; x64) AppleWebKit/537.36 (KHTML, like Gecko) Chrome/121.0.0.0 Safari/537.36"
36.133.115.36 - - [16/Jul/2026:03:31:09 +0800] "POST /wp-cron.php?doing_wp_cron=1784143869.3999559879302978515625 HTTP/1.1" 200 31 "-" "WordPress/7.0; http://cqqizhou.com"
31.57.184.20 - - [16/Jul/2026:03:31:09 +0800] "POST /wp-login.php HTTP/1.1" 200 3039 "http://CQQIZHOU.COM/wp-login.php" "Mozilla/5.0 (Macintosh; Intel Mac OS X 10_15_7) AppleWebKit/605.1.15 (KHTML, like Gecko) Version/17.0 Safari/605.1.15"
31.57.184.20 - - [16/Jul/2026:03:31:13 +0800] "POST /wp-login.php HTTP/1.1" 200 3045 "http://CQQIZHOU.COM/wp-login.php" "Mozilla/5.0 (Windows NT 11.0; Win64; x64; rv:119.0) Gecko/20100101 Firefox/119.0"
31.57.184.20 - - [16/Jul/2026:03:31:17 +0800] "POST /wp-login.php HTTP/1.1" 200 2986 "http://CQQIZHOU.COM/wp-login.php" "Mozilla/5.0 (Windows NT 11.0; Win64; x64; rv:120.0) Gecko/20100101 Firefox/120.0"
31.57.184.20 - - [16/Jul/2026:03:31:23 +0800] "POST /wp-login.php HTTP/1.1" 200 2986 "http://CQQIZHOU.COM/wp-login.php" "Mozilla/5.0 (Windows NT 10.0; Win64; x64) AppleWebKit/537.36 (KHTML, like Gecko) Chrome/121.0.0.0 Safari/537.36"
31.57.184.20 - - [16/Jul/2026:03:31:29 +0800] "POST /wp-login.php HTTP/1.1" 200 3038 "http://CQQIZHOU.COM/wp-login.php" "Mozilla/5.0 (Macintosh; Intel Mac OS X 10_15_7; rv:119.0) Gecko/20100101 Firefox/119.0"
31.57.184.20 - - [16/Jul/2026:03:31:43 +0800] "POST /wp-login.php HTTP/1.1" 200 3038 "http://CQQIZHOU.COM/wp-login.php" "Mozilla/5.0 (Macintosh; Intel Mac OS X 13_6_1) AppleWebKit/605.1.15 (KHTML, like Gecko) Version/17.1 Safari/605.1.15"
114.119.138.179 - - [16/Jul/2026:03:41:17 +0800] "GET /wp-content/uploads/2026/02/1769999241-4.2%E7%B1%B3%E9%AB%98%E6%A0%8F%E8%B4%A7%E8%BD%A6.webp HTTP/1.1" 200 54794 "http://cqqizhou.com/news/2543" "Mozilla/5.0 (Linux; Android 7.0;) AppleWebKit/537.36 (HTML, like Gecko) Mobile Safari/537.36 (compatible; PetalBot;+https://webmaster.petalsearch.com/site/petalbot)"
36.133.115.36 - - [16/Jul/2026:03:43:40 +0800] "POST /wp-cron.php?doing_wp_cron=1784144620.6605510711669921875000 HTTP/1.1" 200 31 "-" "WordPress/7.0; http://cqqizhou.com"
43.159.144.16 - - [16/Jul/2026:03:43:40 +0800] "GET / HTTP/1.1" 200 35070 "-" "Mozilla/5.0 (iPhone; CPU iPhone OS 13_2_3 like Mac OS X) AppleWebKit/605.1.15 (KHTML, like Gecko) Version/13.0.3 Mobile/15E148 Safari/604.1"
36.133.115.36 - - [16/Jul/2026:03:51:02 +0800] "POST /wp-cron.php?doing_wp_cron=1784145062.9314239025115966796875 HTTP/1.1" 200 31 "-" "WordPress/7.0; http://cqqizhou.com"
120.241.209.220 - - [16/Jul/2026:03:51:02 +0800] "GET /2231/ HTTP/1.1" 301 5 "-" "Mozilla/5.0 (Windows NT 10.0; Win64; x64) AppleWebKit/537.36 (KHTML, like Gecko) Chrome/112.0.0.0 Safari/537.36"
14.29.109.222 - - [16/Jul/2026:03:51:03 +0800] "GET /news/2231 HTTP/1.1" 200 24231 "-" "Mozilla/5.0 (Windows NT 10.0; Win64; x64) AppleWebKit/537.36 (KHTML, like Gecko) Chrome/112.0.0.0 Safari/537.36"
36.133.115.36 - - [16/Jul/2026:03:52:14 +0800] "POST /wp-cron.php?doing_wp_cron=1784145134.9250218868255615234375 HTTP/1.1" 200 31 "-" "WordPress/7.0; http://cqqizhou.com"
193.176.31.218 - - [16/Jul/2026:03:52:14 +0800] "GET / HTTP/1.1" 301 5 "-" "Mozilla/5.0 (compatible; Infrawatch/1.0; +https://infrawat.ch/)"
81.19.216.121 - - [16/Jul/2026:03:52:16 +0800] "GET / HTTP/1.1" 200 35514 "-" "Mozilla/5.0 (compatible; Infrawatch/1.0; +https://infrawat.ch/)"
193.176.31.222 - - [16/Jul/2026:03:52:21 +0800] "POST / HTTP/1.1" 200 35070 "-" "Mozilla/5.0 (compatible; Infrawatch/1.0; +https://infrawat.ch/)"
23.27.233.172 - - [16/Jul/2026:04:03:47 +0800] "GET /wp-content/uploads/2025/12/1766388806-Article_images_202507243-768x432.webp HTTP/1.1" 200 37722 "-" "Mozilla/5.0 (compatible; crawler)"
117.155.154.248 - - [16/Jul/2026:04:17:37 +0800] "GET /news/2160 HTTP/1.1" 200 30232 "-" "Mozilla/5.0 (Macintosh; Intel Mac OS X 10_15_7) AppleWebKit/537.36 (KHTML, like Gecko) Chrome/135.0.0.0 Safari/537.36"
183.227.15.7 - - [16/Jul/2026:04:17:37 +0800] "GET /news/portfolio/duplex-stainless-steel HTTP/1.1" 200 22809 "-" "Mozilla/5.0 (Macintosh; Intel Mac OS X 10_15_7) AppleWebKit/537.36 (KHTML, like Gecko) Chrome/134.0.0.0 Safari/537.36 Edg/134.0.0.0"
111.60.241.78 - - [16/Jul/2026:04:17:37 +0800] "GET /news/2464 HTTP/1.1" 200 24195 "-" "Mozilla/5.0 (Windows NT 10.0; Win64; x64) AppleWebKit/537.36 (KHTML, like Gecko) Chrome/138.0.0.0 Safari/537.36"
183.197.84.0 - - [16/Jul/2026:04:17:38 +0800] "GET /news/2496 HTTP/1.1" 200 28586 "-" "Mozilla/5.0 (Windows NT 10.0; Win64; x64) AppleWebKit/537.36 (KHTML, like Gecko) Chrome/141.0.0.0 Safari/537.36"
119.181.74.172 - - [16/Jul/2026:04:21:00 +0800] "GET /news/portfolio/hot-dip-galvanized-coil HTTP/1.1" 200 22947 "-" "Mozilla/5.0 (Macintosh; Intel Mac OS X 10_15_7) AppleWebKit/537.36 (KHTML, like Gecko) Chrome/141.0.0.0 Safari/537.36 Edg/141.0.0.0"
36.133.115.36 - - [16/Jul/2026:04:31:53 +0800] "POST /wp-cron.php?doing_wp_cron=1784147513.5336070060729980468750 HTTP/1.1" 200 31 "-" "WordPress/7.0; http://cqqizhou.com"
98.223.194.77 - - [16/Jul/2026:04:31:53 +0800] "POST /hello.world?%ADd+allow_url_include%3d1+%ADd+auto_prepend_file%3dphp://input HTTP/1.1" 404 32862 "-" "libredtail-http"
98.223.194.77 - - [16/Jul/2026:04:31:56 +0800] "POST /?%ADd+allow_url_include%3d1+%ADd+auto_prepend_file%3dphp://input HTTP/1.1" 200 158029 "-" "libredtail-http"
98.223.194.77 - - [16/Jul/2026:04:31:57 +0800] "GET /vendor/phpunit/phpunit/src/Util/PHP/eval-stdin.php HTTP/1.1" 404 27 "-" "libredtail-http"
98.223.194.77 - - [16/Jul/2026:04:31:58 +0800] "GET /vendor/phpunit/phpunit/Util/PHP/eval-stdin.php HTTP/1.1" 404 27 "-" "libredtail-http"
98.223.194.77 - - [16/Jul/2026:04:31:58 +0800] "GET /vendor/phpunit/src/Util/PHP/eval-stdin.php HTTP/1.1" 404 27 "-" "libredtail-http"
98.223.194.77 - - [16/Jul/2026:04:31:59 +0800] "GET /vendor/phpunit/Util/PHP/eval-stdin.php HTTP/1.1" 404 27 "-" "libredtail-http"
98.223.194.77 - - [16/Jul/2026:04:31:59 +0800] "GET /vendor/phpunit/phpunit/LICENSE/eval-stdin.php HTTP/1.1" 404 27 "-" "libredtail-http"
98.223.194.77 - - [16/Jul/2026:04:32:00 +0800] "GET /vendor/vendor/phpunit/phpunit/src/Util/PHP/eval-stdin.php HTTP/1.1" 404 27 "-" "libredtail-http"
98.223.194.77 - - [16/Jul/2026:04:32:00 +0800] "GET /phpunit/phpunit/src/Util/PHP/eval-stdin.php HTTP/1.1" 404 27 "-" "libredtail-http"
98.223.194.77 - - [16/Jul/2026:04:32:01 +0800] "GET /phpunit/phpunit/Util/PHP/eval-stdin.php HTTP/1.1" 404 27 "-" "libredtail-http"
98.223.194.77 - - [16/Jul/2026:04:32:01 +0800] "GET /phpunit/src/Util/PHP/eval-stdin.php HTTP/1.1" 404 27 "-" "libredtail-http"
98.223.194.77 - - [16/Jul/2026:04:32:02 +0800] "GET /phpunit/Util/PHP/eval-stdin.php HTTP/1.1" 404 27 "-" "libredtail-http"
98.223.194.77 - - [16/Jul/2026:04:32:03 +0800] "GET /lib/phpunit/phpunit/src/Util/PHP/eval-stdin.php HTTP/1.1" 404 27 "-" "libredtail-http"
98.223.194.77 - - [16/Jul/2026:04:32:03 +0800] "GET /lib/phpunit/phpunit/Util/PHP/eval-stdin.php HTTP/1.1" 404 27 "-" "libredtail-http"
98.223.194.77 - - [16/Jul/2026:04:32:04 +0800] "GET /lib/phpunit/src/Util/PHP/eval-stdin.php HTTP/1.1" 404 27 "-" "libredtail-http"
98.223.194.77 - - [16/Jul/2026:04:32:04 +0800] "GET /lib/phpunit/Util/PHP/eval-stdin.php HTTP/1.1" 404 27 "-" "libredtail-http"
98.223.194.77 - - [16/Jul/2026:04:32:05 +0800] "GET /lib/vendor/phpunit/phpunit/src/Util/PHP/eval-stdin.php HTTP/1.1" 404 27 "-" "libredtail-http"
98.223.194.77 - - [16/Jul/2026:04:32:05 +0800] "GET /laravel/vendor/phpunit/phpunit/src/Util/PHP/eval-stdin.php HTTP/1.1" 404 27 "-" "libredtail-http"
98.223.194.77 - - [16/Jul/2026:04:32:06 +0800] "GET /www/vendor/phpunit/phpunit/src/Util/PHP/eval-stdin.php HTTP/1.1" 404 27 "-" "libredtail-http"
98.223.194.77 - - [16/Jul/2026:04:32:06 +0800] "GET /ws/vendor/phpunit/phpunit/src/Util/PHP/eval-stdin.php HTTP/1.1" 404 27 "-" "libredtail-http"
98.223.194.77 - - [16/Jul/2026:04:32:06 +0800] "GET /yii/vendor/phpunit/phpunit/src/Util/PHP/eval-stdin.php HTTP/1.1" 404 27 "-" "libredtail-http"
98.223.194.77 - - [16/Jul/2026:04:32:07 +0800] "GET /zend/vendor/phpunit/phpunit/src/Util/PHP/eval-stdin.php HTTP/1.1" 404 27 "-" "libredtail-http"
98.223.194.77 - - [16/Jul/2026:04:32:07 +0800] "GET /ws/ec/vendor/phpunit/phpunit/src/Util/PHP/eval-stdin.php HTTP/1.1" 404 27 "-" "libredtail-http"
98.223.194.77 - - [16/Jul/2026:04:32:08 +0800] "GET /V2/vendor/phpunit/phpunit/src/Util/PHP/eval-stdin.php HTTP/1.1" 404 27 "-" "libredtail-http"
98.223.194.77 - - [16/Jul/2026:04:32:08 +0800] "GET /tests/vendor/phpunit/phpunit/src/Util/PHP/eval-stdin.php HTTP/1.1" 404 27 "-" "libredtail-http"
98.223.194.77 - - [16/Jul/2026:04:32:09 +0800] "GET /test/vendor/phpunit/phpunit/src/Util/PHP/eval-stdin.php HTTP/1.1" 404 27 "-" "libredtail-http"
98.223.194.77 - - [16/Jul/2026:04:32:09 +0800] "GET /testing/vendor/phpunit/phpunit/src/Util/PHP/eval-stdin.php HTTP/1.1" 404 27 "-" "libredtail-http"
98.223.194.77 - - [16/Jul/2026:04:32:09 +0800] "GET /api/vendor/phpunit/phpunit/src/Util/PHP/eval-stdin.php HTTP/1.1" 404 27 "-" "libredtail-http"
98.223.194.77 - - [16/Jul/2026:04:32:10 +0800] "GET /demo/vendor/phpunit/phpunit/src/Util/PHP/eval-stdin.php HTTP/1.1" 404 27 "-" "libredtail-http"
98.223.194.77 - - [16/Jul/2026:04:32:10 +0800] "GET /cms/vendor/phpunit/phpunit/src/Util/PHP/eval-stdin.php HTTP/1.1" 404 27 "-" "libredtail-http"
98.223.194.77 - - [16/Jul/2026:04:32:10 +0800] "GET /crm/vendor/phpunit/phpunit/src/Util/PHP/eval-stdin.php HTTP/1.1" 404 27 "-" "libredtail-http"
98.223.194.77 - - [16/Jul/2026:04:32:11 +0800] "GET /admin/vendor/phpunit/phpunit/src/Util/PHP/eval-stdin.php HTTP/1.1" 404 27 "-" "libredtail-http"
98.223.194.77 - - [16/Jul/2026:04:32:11 +0800] "GET /backup/vendor/phpunit/phpunit/src/Util/PHP/eval-stdin.php HTTP/1.1" 404 27 "-" "libredtail-http"
98.223.194.77 - - [16/Jul/2026:04:32:11 +0800] "GET /blog/vendor/phpunit/phpunit/src/Util/PHP/eval-stdin.php HTTP/1.1" 404 27 "-" "libredtail-http"
98.223.194.77 - - [16/Jul/2026:04:32:12 +0800] "GET /workspace/drupal/vendor/phpunit/phpunit/src/Util/PHP/eval-stdin.php HTTP/1.1" 404 27 "-" "libredtail-http"
98.223.194.77 - - [16/Jul/2026:04:32:12 +0800] "GET /panel/vendor/phpunit/phpunit/src/Util/PHP/eval-stdin.php HTTP/1.1" 404 27 "-" "libredtail-http"
98.223.194.77 - - [16/Jul/2026:04:32:13 +0800] "GET /public/vendor/phpunit/phpunit/src/Util/PHP/eval-stdin.php HTTP/1.1" 404 27 "-" "libredtail-http"
98.223.194.77 - - [16/Jul/2026:04:32:13 +0800] "GET /apps/vendor/phpunit/phpunit/src/Util/PHP/eval-stdin.php HTTP/1.1" 404 27 "-" "libredtail-http"
98.223.194.77 - - [16/Jul/2026:04:32:13 +0800] "GET /app/vendor/phpunit/phpunit/src/Util/PHP/eval-stdin.php HTTP/1.1" 404 27 "-" "libredtail-http"
36.133.115.36 - - [16/Jul/2026:04:32:15 +0800] "POST /wp-cron.php?doing_wp_cron=1784147535.1566319465637207031250 HTTP/1.1" 200 31 "-" "WordPress/7.0; http://cqqizhou.com"
98.223.194.77 - - [16/Jul/2026:04:32:15 +0800] "GET /index.php?s=/index/\x5Cthink\x5Capp/invokefunction&function=call_user_func_array&vars[0]=md5&vars[1][]=Hello HTTP/1.1" 200 66923 "-" "libredtail-http"
98.223.194.77 - - [16/Jul/2026:04:32:16 +0800] "GET /public/index.php?s=/index/\x5Cthink\x5Capp/invokefunction&function=call_user_func_array&vars[0]=md5&vars[1][]=Hello HTTP/1.1" 404 27 "-" "libredtail-http"
98.223.194.77 - - [16/Jul/2026:04:32:17 +0800] "GET /index.php?lang=../../../../../../../../usr/local/lib/php/pearcmd&+config-create+/&/<?echo(md5(\x22hi\x22));?>+/tmp/index1.php HTTP/1.1" 200 158029 "-" "libredtail-http"
98.223.194.77 - - [16/Jul/2026:04:32:20 +0800] "GET /index.php?lang=../../../../../../../../tmp/index1 HTTP/1.1" 200 158029 "-" "libredtail-http"
98.223.194.77 - - [16/Jul/2026:04:32:22 +0800] "GET /containers/json HTTP/1.1" 301 5 "-" "libredtail-http"
36.133.115.36 - - [16/Jul/2026:04:43:44 +0800] "POST /wp-cron.php?doing_wp_cron=1784148224.3133449554443359375000 HTTP/1.1" 200 31 "-" "WordPress/7.0; http://cqqizhou.com"
160.119.71.9 - - [16/Jul/2026:04:43:44 +0800] "GET / HTTP/1.1" 200 109837 "-" "Mozilla/5.0 (X11; Linux x86_64; rv:144.0) Gecko/20100101 Firefox/144.0"
36.133.115.36 - - [16/Jul/2026:04:44:52 +0800] "POST /wp-cron.php?doing_wp_cron=1784148292.7220880985260009765625 HTTP/1.1" 200 31 "-" "WordPress/7.0; http://cqqizhou.com"
114.119.149.89 - - [16/Jul/2026:04:44:52 +0800] "GET /industry HTTP/1.1" 200 19789 "http://cqqizhou.com/industry" "Mozilla/5.0 (Linux; Android 7.0;) AppleWebKit/537.36 (HTML, like Gecko) Mobile Safari/537.36 (compatible; PetalBot;+https://webmaster.petalsearch.com/site/petalbot)"
36.133.115.36 - - [16/Jul/2026:04:57:27 +0800] "POST /wp-cron.php?doing_wp_cron=1784149047.6931679248809814453125 HTTP/1.1" 200 31 "-" "WordPress/7.0; http://cqqizhou.com"
129.226.146.146 - - [16/Jul/2026:04:57:27 +0800] "GET / HTTP/1.1" 200 35071 "-" "Mozilla/5.0 (iPhone; CPU iPhone OS 13_2_3 like Mac OS X) AppleWebKit/605.1.15 (KHTML, like Gecko) Version/13.0.3 Mobile/15E148 Safari/604.1"
36.133.115.36 - - [16/Jul/2026:05:01:51 +0800] "POST /wp-cron.php?doing_wp_cron=1784149311.2955029010772705078125 HTTP/1.1" 200 31 "-" "WordPress/7.0; http://cqqizhou.com"
110.249.201.210 - - [16/Jul/2026:05:01:51 +0800] "GET /news/2418 HTTP/1.1" 200 23828 "-" "Mozilla/5.0 (Linux; Android 5.0) AppleWebKit/537.36 (KHTML, like Gecko) Mobile Safari/537.36 (compatible; Bytespider; https://zhanzhang.toutiao.com/)"
36.133.115.36 - - [16/Jul/2026:05:05:53 +0800] "POST /wp-cron.php?doing_wp_cron=1784149553.8850150108337402343750 HTTP/1.1" 200 31 "-" "WordPress/7.0; http://cqqizhou.com"
110.249.202.200 - - [16/Jul/2026:05:05:53 +0800] "GET /robots.txt HTTP/1.1" 200 190 "-" "Mozilla/5.0 (Linux; Android 5.0) AppleWebKit/537.36 (KHTML, like Gecko) Mobile Safari/537.36 (compatible; Bytespider; https://zhanzhang.toutiao.com/)"
36.133.115.36 - - [16/Jul/2026:05:22:21 +0800] "POST /wp-cron.php?doing_wp_cron=1784150541.8361859321594238281250 HTTP/1.1" 200 31 "-" "WordPress/7.0; http://cqqizhou.com"
134.122.97.158 - - [16/Jul/2026:05:22:21 +0800] "GET / HTTP/1.1" 301 5 "-" "Mozilla/5.0 (X11; Linux x86_64; rv:142.0) Gecko/20100101 Firefox/142.0"
36.133.115.36 - - [16/Jul/2026:05:28:24 +0800] "POST /wp-cron.php?doing_wp_cron=1784150903.9650158882141113281250 HTTP/1.1" 200 31 "-" "WordPress/7.0; http://cqqizhou.com"
106.75.8.124 - - [16/Jul/2026:05:28:24 +0800] "GET /version HTTP/1.1" 301 5 "-" "-"
106.75.8.124 - - [16/Jul/2026:05:28:25 +0800] "GET / HTTP/1.1" 200 158029 "-" "-"
106.75.8.124 - - [16/Jul/2026:05:28:26 +0800] "GET / HTTP/1.1" 200 158029 "-" "-"
106.75.8.124 - - [16/Jul/2026:05:28:27 +0800] "GET /v1 HTTP/1.1" 301 5 "-" "-"
106.75.8.124 - - [16/Jul/2026:05:28:29 +0800] "GET / HTTP/1.1" 200 158029 "-" "-"
106.75.8.124 - - [16/Jul/2026:05:28:30 +0800] "GET / HTTP/1.1" 200 158029 "-" "Mozilla/5.0 (Windows NT 6.1) AppleWebKit/537.36 (KHTML, like Gecko) Chrome/49.0.2623.112 Safari/537.36"
36.133.115.36 - - [16/Jul/2026:05:29:27 +0800] "POST /wp-cron.php?doing_wp_cron=1784150967.9135301113128662109375 HTTP/1.1" 200 31 "-" "WordPress/7.0; http://cqqizhou.com"
47.108.161.153 - - [16/Jul/2026:05:29:27 +0800] "GET / HTTP/1.0" 301 0 "-" "-"
47.108.161.153 - - [16/Jul/2026:05:29:37 +0800] "GET / HTTP/1.0" 301 0 "-" "-"
47.108.161.153 - - [16/Jul/2026:05:29:37 +0800] "GET /nmaplowercheck1784150969 HTTP/1.1" 404 32862 "-" "Mozilla/5.0 (compatible; Nmap Scripting Engine; https://nmap.org/book/nse.html)"
47.108.161.153 - - [16/Jul/2026:05:29:38 +0800] "POST /sdk HTTP/1.1" 404 32862 "-" "Mozilla/5.0 (compatible; Nmap Scripting Engine; https://nmap.org/book/nse.html)"
47.108.161.153 - - [16/Jul/2026:05:29:39 +0800] "GET /HNAP1 HTTP/1.1" 404 32862 "-" "Mozilla/5.0 (compatible; Nmap Scripting Engine; https://nmap.org/book/nse.html)"
47.108.161.153 - - [16/Jul/2026:05:29:39 +0800] "GET /evox/about HTTP/1.1" 404 32862 "-" "Mozilla/5.0 (compatible; Nmap Scripting Engine; https://nmap.org/book/nse.html)"
47.108.161.153 - - [16/Jul/2026:05:29:57 +0800] "GET / HTTP/1.0" 301 0 "-" "-"
47.108.161.153 - - [16/Jul/2026:05:29:58 +0800] "GET / HTTP/1.1" 301 5 "-" "-"
58.17.136.12 - - [16/Jul/2026:05:29:59 +0800] "HEAD / HTTP/1.1" 200 0 "-" "Mozilla/5.0 (Windows NT 10.0; Win64; x64) AppleWebKit/537.36 (KHTML, like Gecko) Chrome/145.0.0.0 Safari/537.36"
58.17.136.12 - - [16/Jul/2026:05:30:00 +0800] "GET / HTTP/1.1" 200 35068 "-" "Mozilla/5.0 (Windows NT 10.0; Win64; x64) AppleWebKit/537.36 (KHTML, like Gecko) Chrome/145.0.0.0 Safari/537.36"
58.17.136.12 - - [16/Jul/2026:05:30:03 +0800] "GET / HTTP/1.1" 301 5 "-" "Mozilla/5.0 (Macintosh; Intel Mac OS X 10_15_7) AppleWebKit/537.36 (KHTML, like Gecko) Chrome/114.0.0.0 Safari/537.36"
58.17.136.12 - - [16/Jul/2026:05:30:04 +0800] "GET / HTTP/1.1" 200 35514 "-" "Mozilla/5.0 (Macintosh; Intel Mac OS X 10_15_7) AppleWebKit/537.36 (KHTML, like Gecko) Chrome/114.0.0.0 Safari/537.36"
58.17.136.12 - - [16/Jul/2026:05:30:04 +0800] "GET /wp-content/uploads/2025/07/1751425283-qizhou.kf_.qq_.com_.webp HTTP/1.1" 200 16864 "http://cqqizhou.com/" "Mozilla/5.0 (Macintosh; Intel Mac OS X 10_15_7) AppleWebKit/537.36 (KHTML, like Gecko) Chrome/114.0.0.0 Safari/537.36"
58.17.136.12 - - [16/Jul/2026:05:30:05 +0800] "GET /wp-content/uploads/2025/07/1753453096-%E5%8F%8C%E7%9B%B8%E9%92%A2product_Single600%C3%97284.webp HTTP/1.1" 200 14562 "http://cqqizhou.com/" "Mozilla/5.0 (Macintosh; Intel Mac OS X 10_15_7) AppleWebKit/537.36 (KHTML, like Gecko) Chrome/114.0.0.0 Safari/537.36"
58.17.136.12 - - [16/Jul/2026:05:30:05 +0800] "GET /wp-content/uploads/2025/07/1753456723-%E5%8F%8C%E7%9B%B8%E9%92%A2roduct_Single600.webp HTTP/1.1" 200 22790 "http://cqqizhou.com/" "Mozilla/5.0 (Macintosh; Intel Mac OS X 10_15_7) AppleWebKit/537.36 (KHTML, like Gecko) Chrome/114.0.0.0 Safari/537.36"
58.17.136.12 - - [16/Jul/2026:05:30:05 +0800] "GET /wp-content/uploads/2025/07/1753453127-%E4%BD%99%E5%8D%B7product_Single600%C3%97284.webp HTTP/1.1" 200 18744 "http://cqqizhou.com/" "Mozilla/5.0 (Macintosh; Intel Mac OS X 10_15_7) AppleWebKit/537.36 (KHTML, like Gecko) Chrome/114.0.0.0 Safari/537.36"
58.17.136.12 - - [16/Jul/2026:05:30:05 +0800] "GET /wp-content/uploads/2025/07/1753456770-%E7%83%AD%E9%95%80%E9%94%8C%E5%8D%B7product_Single600.webp HTTP/1.1" 200 27502 "http://cqqizhou.com/" "Mozilla/5.0 (Macintosh; Intel Mac OS X 10_15_7) AppleWebKit/537.36 (KHTML, like Gecko) Chrome/114.0.0.0 Safari/537.36"
58.17.136.12 - - [16/Jul/2026:05:30:06 +0800] "GET /wp-content/uploads/2025/12/1765268955-qizhou_Slider1_3840%C3%972160_20251210-scaled.webp HTTP/1.1" 200 152162 "http://cqqizhou.com/" "Mozilla/5.0 (Macintosh; Intel Mac OS X 10_15_7) AppleWebKit/537.36 (KHTML, like Gecko) Chrome/114.0.0.0 Safari/537.36"
58.17.136.12 - - [16/Jul/2026:05:30:06 +0800] "GET /wp-content/uploads/revslider/slider-1/1750861156-logistics_Slider_3840%C3%972160_20250625191356-scaled-50x100.webp HTTP/1.1" 200 1416 "http://cqqizhou.com/" "Mozilla/5.0 (Macintosh; Intel Mac OS X 10_15_7) AppleWebKit/537.36 (KHTML, like Gecko) Chrome/114.0.0.0 Safari/537.36"
58.17.136.12 - - [16/Jul/2026:05:30:06 +0800] "GET /wp-content/uploads/2026/01/1768276119-qizhoujiagong_Slider_3840%C3%972160_20260113-scaled-50x100.webp HTTP/1.1" 200 976 "http://cqqizhou.com/" "Mozilla/5.0 (Macintosh; Intel Mac OS X 10_15_7) AppleWebKit/537.36 (KHTML, like Gecko) Chrome/114.0.0.0 Safari/537.36"
58.17.136.12 - - [16/Jul/2026:05:30:07 +0800] "GET /wp-json/sliderrevolution/sliders/1?srengine=7&slideid=4 HTTP/1.1" 200 2580 "http://cqqizhou.com/" "Mozilla/5.0 (Macintosh; Intel Mac OS X 10_15_7) AppleWebKit/537.36 (KHTML, like Gecko) Chrome/114.0.0.0 Safari/537.36"
58.17.136.12 - - [16/Jul/2026:05:30:07 +0800] "GET /wp-json/sliderrevolution/sliders/1?srengine=7&slideid=2 HTTP/1.1" 200 2000 "http://cqqizhou.com/" "Mozilla/5.0 (Macintosh; Intel Mac OS X 10_15_7) AppleWebKit/537.36 (KHTML, like Gecko) Chrome/114.0.0.0 Safari/537.36"
58.17.136.12 - - [16/Jul/2026:05:30:07 +0800] "GET /wp-content/uploads/2026/01/1768276119-qizhoujiagong_Slider_3840%C3%972160_20260113-scaled.webp HTTP/1.1" 200 131696 "http://cqqizhou.com/" "Mozilla/5.0 (Macintosh; Intel Mac OS X 10_15_7) AppleWebKit/537.36 (KHTML, like Gecko) Chrome/114.0.0.0 Safari/537.36"
58.17.136.12 - - [16/Jul/2026:05:30:08 +0800] "GET /wp-content/uploads/revslider/slider-1/1750861156-logistics_Slider_3840%C3%972160_20250625191356-scaled.webp HTTP/1.1" 200 197360 "http://cqqizhou.com/" "Mozilla/5.0 (Macintosh; Intel Mac OS X 10_15_7) AppleWebKit/537.36 (KHTML, like Gecko) Chrome/114.0.0.0 Safari/537.36"
180.153.236.212 - - [16/Jul/2026:05:35:29 +0800] "GET / HTTP/1.1" 200 35514 "http://cqqizhou.com" "Mozilla/5.0 (Windows NT 10.0; Win64; x64) AppleWebKit/537.36 (KHTML, like Gecko) Chrome/140.0.0.0 Safari/537.36 Edg/140.0.0.0; 360Spider"
180.153.236.51 - - [16/Jul/2026:05:38:10 +0800] "GET / HTTP/1.1" 200 35514 "-" "Mozilla/5.0 (Windows NT 10.0; Win64; x64) AppleWebKit/537.36 (KHTML, like Gecko) Chrome/140.0.0.0 Safari/537.36 Edg/140.0.0.0; 360Spider"
36.133.115.36 - - [16/Jul/2026:05:41:09 +0800] "POST /wp-cron.php?doing_wp_cron=1784151669.1396870613098144531250 HTTP/1.1" 200 31 "-" "WordPress/7.0; http://cqqizhou.com"
43.134.3.111 - - [16/Jul/2026:05:41:09 +0800] "GET / HTTP/1.1" 301 5 "-" "Mozilla/5.0 (iPhone; CPU iPhone OS 13_2_3 like Mac OS X) AppleWebKit/605.1.15 (KHTML, like Gecko) Version/13.0.3 Mobile/15E148 Safari/604.1"
43.134.3.111 - - [16/Jul/2026:05:41:11 +0800] "GET / HTTP/1.1" 200 35069 "http://www.cqqizhou.com" "Mozilla/5.0 (iPhone; CPU iPhone OS 13_2_3 like Mac OS X) AppleWebKit/605.1.15 (KHTML, like Gecko) Version/13.0.3 Mobile/15E148 Safari/604.1"
36.133.115.36 - - [16/Jul/2026:05:45:28 +0800] "POST /wp-cron.php?doing_wp_cron=1784151928.0958230495452880859375 HTTP/1.1" 200 31 "-" "WordPress/7.0; http://cqqizhou.com"
114.119.132.61 - - [16/Jul/2026:05:45:28 +0800] "GET /wp-sitemap.xml HTTP/1.1" 501 253 "-" "Mozilla/5.0 (Linux; Android 7.0;) AppleWebKit/537.36 (KHTML, like Gecko) Mobile Safari/537.36 (compatible; PetalBot;+https://webmaster.petalsearch.com/site/petalbot)"
114.119.140.169 - - [16/Jul/2026:05:45:29 +0800] "GET /wp-content/uploads/2026/01/1768527483-Article_images_W900%C3%97500px202601161.webp HTTP/1.1" 200 33780 "http://cqqizhou.com/company-news/page/2" "Mozilla/5.0 (Linux; Android 7.0;) AppleWebKit/537.36 (HTML, like Gecko) Mobile Safari/537.36 (compatible; PetalBot;+https://webmaster.petalsearch.com/site/petalbot)"
114.119.132.85 - - [16/Jul/2026:05:46:52 +0800] "GET /wp-content/uploads/2025/11/1762864376-QZ_Photo-4.webp HTTP/1.1" 200 249734 "http://cqqizhou.com/media" "Mozilla/5.0 (Linux; Android 7.0;) AppleWebKit/537.36 (HTML, like Gecko) Mobile Safari/537.36 (compatible; PetalBot;+https://webmaster.petalsearch.com/site/petalbot)"
36.133.115.36 - - [16/Jul/2026:05:48:16 +0800] "POST /wp-cron.php?doing_wp_cron=1784152096.7782781124114990234375 HTTP/1.1" 200 31 "-" "WordPress/7.0; http://cqqizhou.com"
114.119.135.202 - - [16/Jul/2026:05:48:16 +0800] "GET /portfolio/hot-dip-galvanized-coil/ HTTP/1.1" 301 5 "http://cqqizhou.com/" "Mozilla/5.0 (Linux; Android 7.0;) AppleWebKit/537.36 (HTML, like Gecko) Mobile Safari/537.36 (compatible; PetalBot;+https://webmaster.petalsearch.com/site/petalbot)"
114.119.135.202 - - [16/Jul/2026:05:48:18 +0800] "GET /news/portfolio/hot-dip-galvanized-coil HTTP/1.1" 200 19427 "http://cqqizhou.com/" "Mozilla/5.0 (Linux; Android 7.0;) AppleWebKit/537.36 (HTML, like Gecko) Mobile Safari/537.36 (compatible; PetalBot;+https://webmaster.petalsearch.com/site/petalbot)"
36.133.115.36 - - [16/Jul/2026:05:49:45 +0800] "POST /wp-cron.php?doing_wp_cron=1784152185.2581999301910400390625 HTTP/1.1" 200 31 "-" "WordPress/7.0; http://cqqizhou.com"
114.119.149.89 - - [16/Jul/2026:05:49:45 +0800] "GET /news/2535 HTTP/1.1" 200 20001 "http://cqqizhou.com/work-safety/page/1" "Mozilla/5.0 (Linux; Android 7.0;) AppleWebKit/537.36 (HTML, like Gecko) Mobile Safari/537.36 (compatible; PetalBot;+https://webmaster.petalsearch.com/site/petalbot)"
36.133.115.36 - - [16/Jul/2026:05:51:08 +0800] "POST /wp-cron.php?doing_wp_cron=1784152268.7643299102783203125000 HTTP/1.1" 200 31 "-" "WordPress/7.0; http://cqqizhou.com"
