114.119.132.85 - - [16/Jul/2026:05:51:08 +0800] "GET /about/ HTTP/1.1" 301 5 "http://cqqizhou.com/2418/" "Mozilla/5.0 (Linux; Android 7.0;) AppleWebKit/537.36 (HTML, like Gecko) Mobile Safari/537.36 (compatible; PetalBot;+https://webmaster.petalsearch.com/site/petalbot)"
114.119.132.85 - - [16/Jul/2026:05:51:10 +0800] "GET /about HTTP/1.1" 200 24677 "http://cqqizhou.com/2418/" "Mozilla/5.0 (Linux; Android 7.0;) AppleWebKit/537.36 (HTML, like Gecko) Mobile Safari/537.36 (compatible; PetalBot;+https://webmaster.petalsearch.com/site/petalbot)"
36.133.115.36 - - [16/Jul/2026:05:52:32 +0800] "POST /wp-cron.php?doing_wp_cron=1784152352.8573939800262451171875 HTTP/1.1" 200 31 "-" "WordPress/7.0; http://cqqizhou.com"
114.119.138.179 - - [16/Jul/2026:05:52:32 +0800] "GET /about HTTP/1.1" 200 24677 "http://cqqizhou.com/news/2162" "Mozilla/5.0 (Linux; Android 7.0;) AppleWebKit/537.36 (HTML, like Gecko) Mobile Safari/537.36 (compatible; PetalBot;+https://webmaster.petalsearch.com/site/petalbot)"
51.161.65.12 - - [16/Jul/2026:06:07:46 +0800] "GET /news/2440 HTTP/1.1" 200 26216 "-" "Mozilla/5.0 (compatible; AhrefsBot/7.0; +http://ahrefs.com/robot/)"
23.230.154.252 - - [16/Jul/2026:06:37:35 +0800] "GET /wp-content/uploads/2026/02/1770617977-Article_images_W900px-768x576.webp HTTP/1.1" 200 44806 "-" "Mozilla/5.0 (compatible; crawler)"
36.133.115.36 - - [16/Jul/2026:06:39:52 +0800] "POST /wp-cron.php?doing_wp_cron=1784155192.4032859802246093750000 HTTP/1.1" 200 31 "-" "WordPress/7.0; http://cqqizhou.com"
94.154.43.243 - - [16/Jul/2026:06:39:55 +0800] "GET / HTTP/1.1" 200 158029 "-" "-"
112.32.254.196 - - [16/Jul/2026:07:00:35 +0800] "GET /wp-content/uploads/2026/01/1767691466-Article_images_W900%C3%97500px202601061-300x167.webp HTTP/1.1" 200 13164 "http://cqqizhou.com/" "Mozilla/5.0 (Windows NT 10.0; Win64; x64) AppleWebKit/537.36 (KHTML, like Gecko) Chrome/111.0.0.0 Safari/537.36"
36.133.115.36 - - [16/Jul/2026:07:08:08 +0800] "POST /wp-cron.php?doing_wp_cron=1784156888.9341619014739990234375 HTTP/1.1" 200 31 "-" "WordPress/7.0; http://cqqizhou.com"
122.51.236.174 - - [16/Jul/2026:07:08:08 +0800] "GET / HTTP/1.1" 301 5 "-" "Mozilla/5.0 (iPhone; CPU iPhone OS 13_2_3 like Mac OS X) AppleWebKit/605.1.15 (KHTML, like Gecko) Version/13.0.3 Mobile/15E148 Safari/604.1"
122.51.236.174 - - [16/Jul/2026:07:08:10 +0800] "GET / HTTP/1.1" 200 35071 "http://www.cqqizhou.com" "Mozilla/5.0 (iPhone; CPU iPhone OS 13_2_3 like Mac OS X) AppleWebKit/605.1.15 (KHTML, like Gecko) Version/13.0.3 Mobile/15E148 Safari/604.1"
36.133.115.36 - - [16/Jul/2026:07:15:23 +0800] "POST /wp-cron.php?doing_wp_cron=1784157323.6437950134277343750000 HTTP/1.1" 200 31 "-" "WordPress/7.0; http://cqqizhou.com"
43.130.72.40 - - [16/Jul/2026:07:15:23 +0800] "GET / HTTP/1.1" 200 35071 "-" "Mozilla/5.0 (iPhone; CPU iPhone OS 13_2_3 like Mac OS X) AppleWebKit/605.1.15 (KHTML, like Gecko) Version/13.0.3 Mobile/15E148 Safari/604.1"
36.133.115.36 - - [16/Jul/2026:07:49:51 +0800] "POST /wp-cron.php?doing_wp_cron=1784159391.7442150115966796875000 HTTP/1.1" 200 31 "-" "WordPress/7.0; http://cqqizhou.com"
36.133.24.244 - - [16/Jul/2026:07:49:51 +0800] "GET /wp-login.php HTTP/1.1" 200 2821 "-" "Mozilla/5.0 (Linux; Android 10; SM-G981B) AppleWebKit/537.36 (KHTML, like Gecko) Chrome/80.0.3987.162 Mobile Safari/537.36"
36.133.115.36 - - [16/Jul/2026:07:50:22 +0800] "POST /wp-cron.php?doing_wp_cron=1784159422.1930088996887207031250 HTTP/1.1" 200 31 "-" "WordPress/7.0; http://cqqizhou.com"
160.119.71.9 - - [16/Jul/2026:07:50:22 +0800] "GET / HTTP/1.1" 200 109837 "-" "Mozilla/5.0 (X11; Linux x86_64; rv:144.0) Gecko/20100101 Firefox/144.0"
36.133.115.36 - - [16/Jul/2026:07:58:18 +0800] "POST /wp-cron.php?doing_wp_cron=1784159898.2856519222259521484375 HTTP/1.1" 200 31 "-" "WordPress/7.0; http://cqqizhou.com"
94.154.43.254 - - [16/Jul/2026:07:58:18 +0800] "GET / HTTP/1.1" 200 35068 "-" "Linux Gnu (cow)"
36.133.115.36 - - [16/Jul/2026:08:31:44 +0800] "POST /wp-cron.php?doing_wp_cron=1784161904.2151470184326171875000 HTTP/1.1" 200 31 "-" "WordPress/7.0; http://cqqizhou.com"
220.181.108.167 - - [16/Jul/2026:08:31:44 +0800] "GET /wp-json/oembed/1.0/embed?url=http%3A%2F%2Fcqqizhou.com%2Fnews%2F2464 HTTP/1.1" 200 1261 "-" "Mozilla/5.0 (compatible; Baiduspider/2.0; +http://www.baidu.com/search/spider.html)"
36.133.115.36 - - [16/Jul/2026:08:33:44 +0800] "POST /wp-cron.php?doing_wp_cron=1784162024.4390881061553955078125 HTTP/1.1" 200 31 "-" "WordPress/7.0; http://cqqizhou.com"
43.165.126.130 - - [16/Jul/2026:08:33:44 +0800] "GET / HTTP/1.1" 200 35072 "-" "Mozilla/5.0 (iPhone; CPU iPhone OS 13_2_3 like Mac OS X) AppleWebKit/605.1.15 (KHTML, like Gecko) Version/13.0.3 Mobile/15E148 Safari/604.1"
114.103.191.215 - - [16/Jul/2026:08:38:31 +0800] "GET / HTTP/1.1" 200 35514 "-" "Mozilla/5.0 (Macintosh; Intel Mac OS X 10_15_7) AppleWebKit/537.36 (KHTML, like Gecko) Chrome/106.0.0.0 Safari/537.36"
116.179.32.208 - - [16/Jul/2026:08:44:31 +0800] "GET /news/page/3 HTTP/1.1" 200 26612 "-" "Mozilla/5.0 (compatible; Baiduspider/2.0; +http://www.baidu.com/search/spider.html)"
116.179.37.92 - - [16/Jul/2026:08:44:34 +0800] "GET /wp-content/uploads/2025/12/1766647832-Article_images_W900%C3%97500px20251225.webp HTTP/1.1" 200 44582 "http://cqqizhou.com/news/page/3" "Mozilla/5.0 (compatible; Baiduspider-render/2.0; +http://www.baidu.com/search/spider.html)"
116.179.37.174 - - [16/Jul/2026:08:44:34 +0800] "GET /wp-content/uploads/2026/01/1769511379-Article_images_W900%C3%97500px202601271.webp HTTP/1.1" 200 67912 "http://cqqizhou.com/news/page/3" "Mozilla/5.0 (compatible; Baiduspider-render/2.0; +http://www.baidu.com/search/spider.html)"
91.122.53.173 - - [16/Jul/2026:08:45:31 +0800] "GET / HTTP/1.1" 200 35514 "-" "es-crawler/0.1"
36.133.115.36 - - [16/Jul/2026:08:46:49 +0800] "POST /wp-cron.php?doing_wp_cron=1784162809.3766410350799560546875 HTTP/1.1" 200 31 "-" "WordPress/7.0; http://cqqizhou.com"
43.131.243.61 - - [16/Jul/2026:08:46:49 +0800] "GET / HTTP/1.1" 301 5 "-" "Mozilla/5.0 (iPhone; CPU iPhone OS 13_2_3 like Mac OS X) AppleWebKit/605.1.15 (KHTML, like Gecko) Version/13.0.3 Mobile/15E148 Safari/604.1"
43.131.243.61 - - [16/Jul/2026:08:46:52 +0800] "GET / HTTP/1.1" 200 35071 "http://36.133.115.36" "Mozilla/5.0 (iPhone; CPU iPhone OS 13_2_3 like Mac OS X) AppleWebKit/605.1.15 (KHTML, like Gecko) Version/13.0.3 Mobile/15E148 Safari/604.1"
112.9.200.180 - - [16/Jul/2026:08:49:31 +0800] "GET /news/2164 HTTP/1.1" 200 24257 "-" "Mozilla/5.0 (Macintosh; Intel Mac OS X 10_15_7) AppleWebKit/537.36 (KHTML, like Gecko) Chrome/145.0.0.0 Safari/537.36"
39.163.74.31 - - [16/Jul/2026:08:49:33 +0800] "GET /news/2162 HTTP/1.1" 200 25836 "-" "Mozilla/5.0 (Macintosh; Intel Mac OS X 10_15_7) AppleWebKit/537.36 (KHTML, like Gecko) Chrome/145.0.0.0 Safari/537.36"
36.133.115.36 - - [16/Jul/2026:09:09:45 +0800] "POST /wp-cron.php?doing_wp_cron=1784164185.3291480541229248046875 HTTP/1.1" 200 31 "-" "WordPress/7.0; http://cqqizhou.com"
120.92.210.236 - - [16/Jul/2026:09:09:45 +0800] "GET / HTTP/1.1" 301 5 "-" "Mozilla/5.0 (Windows NT 10.0; Win64; x64) AppleWebKit/537.36 (KHTML, like Gecko) Chrome/91.0.4472.124 Safari/537.36"
120.92.210.236 - - [16/Jul/2026:09:09:45 +0800] "GET / HTTP/1.1" 200 35514 "-" "Mozilla/5.0 (Windows NT 10.0; Win64; x64) AppleWebKit/537.36 (KHTML, like Gecko) Chrome/91.0.4472.124 Safari/537.36"
120.92.210.236 - - [16/Jul/2026:09:09:53 +0800] "GET / HTTP/1.1" 304 0 "-" "Mozilla/5.0 (Windows NT 10.0; Win64; x64) AppleWebKit/537.36 (KHTML, like Gecko) Chrome/91.0.4472.124 Safari/537.36"
120.92.210.236 - - [16/Jul/2026:09:10:07 +0800] "GET /about HTTP/1.1" 200 30600 "-" "Mozilla/5.0 (Windows NT 10.0; Win64; x64) AppleWebKit/537.36 (KHTML, like Gecko) Chrome/91.0.4472.124 Safari/537.36"
36.133.115.36 - - [16/Jul/2026:09:10:20 +0800] "POST /wp-cron.php?doing_wp_cron=1784164220.5112609863281250000000 HTTP/1.1" 200 31 "-" "WordPress/7.0; http://cqqizhou.com"
120.92.210.236 - - [16/Jul/2026:09:10:20 +0800] "GET /contacts/ HTTP/1.1" 301 5 "-" "Mozilla/5.0 (Windows NT 10.0; Win64; x64) AppleWebKit/537.36 (KHTML, like Gecko) Chrome/91.0.4472.124 Safari/537.36"
120.92.210.236 - - [16/Jul/2026:09:10:20 +0800] "GET /contacts HTTP/1.1" 200 22272 "-" "Mozilla/5.0 (Windows NT 10.0; Win64; x64) AppleWebKit/537.36 (KHTML, like Gecko) Chrome/91.0.4472.124 Safari/537.36"
120.92.210.236 - - [16/Jul/2026:09:10:21 +0800] "GET /wp-json/contact-form-7/v1/contact-forms/158/feedback/schema HTTP/1.1" 200 358 "http://cqqizhou.com/contacts" "Mozilla/5.0 (Windows NT 10.0; Win64; x64) AppleWebKit/537.36 (KHTML, like Gecko) Chrome/91.0.4472.124 Safari/537.36"
120.92.210.236 - - [16/Jul/2026:09:10:22 +0800] "GET /wp-json/contact-form-7/v1/contact-forms/158/refill HTTP/1.1" 200 33 "http://cqqizhou.com/contacts" "Mozilla/5.0 (Windows NT 10.0; Win64; x64) AppleWebKit/537.36 (KHTML, like Gecko) Chrome/91.0.4472.124 Safari/537.36"
212.193.3.245 - - [16/Jul/2026:09:13:27 +0800] "GET / HTTP/1.1" 200 35514 "-" "Mozilla/5.0 (Macintosh; Intel Mac OS X 10_15_7) AppleWebKit/605.1.15 (KHTML, like Gecko) Version/18.3 Safari/605.1.15"
212.193.3.245 - - [16/Jul/2026:09:13:28 +0800] "GET / HTTP/1.1" 200 35514 "-" "Mozilla/5.0 (X11; Linux x86_64) AppleWebKit/537.36 (KHTML, like Gecko) Chrome/147.0.0.0 Safari/537.36"
212.193.3.245 - - [16/Jul/2026:09:13:28 +0800] "GET / HTTP/1.1" 200 35514 "-" "Mozilla/5.0 (Windows NT 10.0; Win64; x64) AppleWebKit/537.36 (KHTML, like Gecko) Chrome/146.0.0.0 Safari/537.36"
36.133.115.36 - - [16/Jul/2026:09:13:41 +0800] "POST /wp-cron.php?doing_wp_cron=1784164421.0402760505676269531250 HTTP/1.1" 200 31 "-" "WordPress/7.0; http://cqqizhou.com"
167.114.139.155 - - [16/Jul/2026:09:13:41 +0800] "GET /services/qzgyl@cq-qizhou.com HTTP/1.1" 404 9496 "-" "Mozilla/5.0 (compatible; AhrefsBot/7.0; +http://ahrefs.com/robot/)"
54.39.210.25 - - [16/Jul/2026:09:23:49 +0800] "GET /news/2486 HTTP/1.1" 200 24662 "-" "Mozilla/5.0 (compatible; AhrefsBot/7.0; +http://ahrefs.com/robot/)"
36.133.115.36 - - [16/Jul/2026:09:24:59 +0800] "POST /wp-cron.php?doing_wp_cron=1784165099.2358870506286621093750 HTTP/1.1" 200 31 "-" "WordPress/7.0; http://cqqizhou.com"
119.28.140.106 - - [16/Jul/2026:09:24:59 +0800] "GET / HTTP/1.1" 301 5 "-" "Mozilla/5.0 (iPhone; CPU iPhone OS 13_2_3 like Mac OS X) AppleWebKit/605.1.15 (KHTML, like Gecko) Version/13.0.3 Mobile/15E148 Safari/604.1"
119.28.140.106 - - [16/Jul/2026:09:25:04 +0800] "GET / HTTP/1.1" 200 35070 "http://www.cqqizhou.com" "Mozilla/5.0 (iPhone; CPU iPhone OS 13_2_3 like Mac OS X) AppleWebKit/605.1.15 (KHTML, like Gecko) Version/13.0.3 Mobile/15E148 Safari/604.1"
36.133.115.36 - - [16/Jul/2026:09:39:00 +0800] "POST /wp-cron.php?doing_wp_cron=1784165940.0313789844512939453125 HTTP/1.1" 200 31 "-" "WordPress/7.0; http://cqqizhou.com"
120.241.209.137 - - [16/Jul/2026:09:39:00 +0800] "GET /material.html HTTP/1.1" 404 9496 "-" "Mozilla/5.0 (Windows NT 10.0; Win64; x64) AppleWebKit/537.36 (KHTML, like Gecko) Chrome/103.0.0.0 Safari/537.36"
36.133.115.36 - - [16/Jul/2026:09:40:38 +0800] "POST /wp-cron.php?doing_wp_cron=1784166038.9063529968261718750000 HTTP/1.1" 200 31 "-" "WordPress/7.0; http://cqqizhou.com"
125.71.92.118 - - [16/Jul/2026:09:40:38 +0800] "GET /material.html HTTP/1.1" 404 9497 "-" "Mozilla/5.0 (Windows NT 10.0; Win64; x64) AppleWebKit/537.36 (KHTML, like Gecko) Chrome/131.0.0.0 Safari/537.36"
117.152.105.147 - - [16/Jul/2026:09:40:43 +0800] "GET /material.html HTTP/1.1" 404 9497 "-" "Mozilla/5.0 (Windows NT 10.0; Win64; x64) AppleWebKit/537.36 (KHTML, like Gecko) Chrome/142.0.0.0 Safari/537.36"
112.98.7.198 - - [16/Jul/2026:09:55:15 +0800] "GET /news/page/3 HTTP/1.1" 200 26612 "-" "Mozilla/5.0 (Macintosh; Intel Mac OS X 10_15_7) AppleWebKit/537.36 (KHTML, like Gecko) Chrome/142.0.0.0 Safari/537.36"
114.119.146.18 - - [16/Jul/2026:10:02:23 +0800] "GET /wp-content/uploads/2026/03/1772790791-%E5%B0%81%E9%9D%A2%E5%A4%B4%E5%9B%BEArticle_images_W900%C3%97500px2026.webp HTTP/1.1" 200 52968 "http://cqqizhou.com/company-news/page/1" "Mozilla/5.0 (Linux; Android 7.0;) AppleWebKit/537.36 (HTML, like Gecko) Mobile Safari/537.36 (compatible; PetalBot;+https://webmaster.petalsearch.com/site/petalbot)"
116.5.196.152 - - [16/Jul/2026:10:02:53 +0800] "GET /news/portfolio-category/dual-phase-steel HTTP/1.1" 200 21576 "-" "Mozilla/5.0 (Macintosh; Intel Mac OS X 10_15_7) AppleWebKit/537.36 (KHTML, like Gecko) Chrome/141.0.0.0 Safari/537.36"
114.119.149.89 - - [16/Jul/2026:10:03:49 +0800] "GET /wp-content/uploads/2026/02/1769999335-17.5%E7%B1%B3%E5%B9%B3%E6%9D%BF%E8%B4%A7%E8%BD%A6.webp HTTP/1.1" 200 56978 "http://cqqizhou.com/news/2514" "Mozilla/5.0 (Linux; Android 7.0;) AppleWebKit/537.36 (HTML, like Gecko) Mobile Safari/537.36 (compatible; PetalBot;+https://webmaster.petalsearch.com/site/petalbot)"
114.119.144.41 - - [16/Jul/2026:10:06:08 +0800] "GET /wp-content/uploads/2025/12/1766064723-Article_images_20251218212625.webp HTTP/1.1" 200 35132 "http://cqqizhou.com/news/2361" "Mozilla/5.0 (Linux; Android 7.0;) AppleWebKit/537.36 (HTML, like Gecko) Mobile Safari/537.36 (compatible; PetalBot;+https://webmaster.petalsearch.com/site/petalbot)"
36.133.115.36 - - [16/Jul/2026:10:13:05 +0800] "POST /wp-cron.php?doing_wp_cron=1784167985.8403100967407226562500 HTTP/1.1" 200 31 "-" "WordPress/7.0; http://cqqizhou.com"
114.119.132.85 - - [16/Jul/2026:10:13:05 +0800] "GET /news/portfolio/hot-dip-galvanized-coil HTTP/1.1" 200 19426 "http://cqqizhou.com/news/portfolio-tag/ansteel-thyssen" "Mozilla/5.0 (Linux; Android 7.0;) AppleWebKit/537.36 (HTML, like Gecko) Mobile Safari/537.36 (compatible; PetalBot;+https://webmaster.petalsearch.com/site/petalbot)"
36.133.115.36 - - [16/Jul/2026:10:16:01 +0800] "POST /wp-cron.php?doing_wp_cron=1784168161.3298020362854003906250 HTTP/1.1" 200 31 "-" "WordPress/7.0; http://cqqizhou.com"
94.154.43.243 - - [16/Jul/2026:10:16:02 +0800] "GET / HTTP/1.1" 200 158029 "-" "-"
36.133.115.36 - - [16/Jul/2026:10:20:01 +0800] "POST /wp-cron.php?doing_wp_cron=1784168401.8427550792694091796875 HTTP/1.1" 200 31 "-" "WordPress/7.0; http://cqqizhou.com"
114.119.138.179 - - [16/Jul/2026:10:20:01 +0800] "GET /news/page/4 HTTP/1.1" 200 20496 "http://cqqizhou.com/news/" "Mozilla/5.0 (Linux; Android 7.0;) AppleWebKit/537.36 (HTML, like Gecko) Mobile Safari/537.36 (compatible; PetalBot;+https://webmaster.petalsearch.com/site/petalbot)"
36.133.115.36 - - [16/Jul/2026:10:22:36 +0800] "POST /wp-cron.php?doing_wp_cron=1784168556.3191649913787841796875 HTTP/1.1" 200 31 "-" "WordPress/7.0; http://cqqizhou.com"
220.181.108.105 - - [16/Jul/2026:10:22:36 +0800] "GET /wp-json/oembed/1.0/embed?url=http%3A%2F%2Fcqqizhou.com%2Fnews%2Fportfolio%2Fduplex-stainless-steel HTTP/1.1" 200 1201 "-" "Mozilla/5.0 (compatible; Baiduspider/2.0; +http://www.baidu.com/search/spider.html)"
114.119.132.85 - - [16/Jul/2026:10:22:48 +0800] "GET /news/2592 HTTP/1.1" 200 20603 "http://cqqizhou.com/news/2420" "Mozilla/5.0 (Linux; Android 7.0;) AppleWebKit/537.36 (HTML, like Gecko) Mobile Safari/537.36 (compatible; PetalBot;+https://webmaster.petalsearch.com/site/petalbot)"
36.133.115.36 - - [16/Jul/2026:10:24:11 +0800] "POST /wp-cron.php?doing_wp_cron=1784168651.7199950218200683593750 HTTP/1.1" 200 31 "-" "WordPress/7.0; http://cqqizhou.com"
114.119.146.18 - - [16/Jul/2026:10:24:11 +0800] "GET /news/2572 HTTP/1.1" 200 19998 "http://cqqizhou.com/news/" "Mozilla/5.0 (Linux; Android 7.0;) AppleWebKit/537.36 (HTML, like Gecko) Mobile Safari/537.36 (compatible; PetalBot;+https://webmaster.petalsearch.com/site/petalbot)"
36.133.115.36 - - [16/Jul/2026:10:31:11 +0800] "POST /wp-cron.php?doing_wp_cron=1784169071.2651131153106689453125 HTTP/1.1" 200 31 "-" "WordPress/7.0; http://cqqizhou.com"
114.119.140.169 - - [16/Jul/2026:10:31:11 +0800] "GET /news/2339 HTTP/1.1" 200 21196 "http://cqqizhou.com/company-news/page/2" "Mozilla/5.0 (Linux; Android 7.0;) AppleWebKit/537.36 (HTML, like Gecko) Mobile Safari/537.36 (compatible; PetalBot;+https://webmaster.petalsearch.com/site/petalbot)"
130.12.180.109 - - [16/Jul/2026:10:35:58 +0800] "GET / HTTP/1.1" 200 35514 "-" "Mozilla/5.0 (X11; Linux x86_64) AppleWebKit/537.36 (KHTML, like Gecko) Chrome/147.0.0.0 Safari/537.36"
130.12.180.109 - - [16/Jul/2026:10:35:58 +0800] "GET / HTTP/1.1" 200 35514 "-" "Mozilla/5.0 (X11; Linux x86_64) AppleWebKit/537.36 (KHTML, like Gecko) Chrome/147.0.0.0 Safari/537.36"
130.12.180.109 - - [16/Jul/2026:10:35:58 +0800] "GET / HTTP/1.1" 200 35514 "-" "Mozilla/5.0 (X11; Linux x86_64) AppleWebKit/537.36 (KHTML, like Gecko) Chrome/147.0.0.0 Safari/537.36"
130.12.180.109 - - [16/Jul/2026:10:35:58 +0800] "GET / HTTP/1.1" 200 35514 "-" "Mozilla/5.0 (X11; Linux x86_64) AppleWebKit/537.36 (KHTML, like Gecko) Chrome/147.0.0.0 Safari/537.36"
130.12.180.109 - - [16/Jul/2026:10:36:01 +0800] "GET / HTTP/1.1" 200 35514 "-" "Mozilla/5.0 (X11; Linux x86_64) AppleWebKit/537.36 (KHTML, like Gecko) Chrome/147.0.0.0 Safari/537.36"
130.12.180.109 - - [16/Jul/2026:10:36:01 +0800] "GET / HTTP/1.1" 200 35514 "-" "Mozilla/5.0 (X11; Linux x86_64) AppleWebKit/537.36 (KHTML, like Gecko) Chrome/147.0.0.0 Safari/537.36"
130.12.180.109 - - [16/Jul/2026:10:36:02 +0800] "GET / HTTP/1.1" 200 35514 "-" "Mozilla/5.0 (X11; Linux x86_64) AppleWebKit/537.36 (KHTML, like Gecko) Chrome/147.0.0.0 Safari/537.36"
36.133.115.36 - - [16/Jul/2026:10:38:14 +0800] "POST /wp-cron.php?doing_wp_cron=1784169494.0386331081390380859375 HTTP/1.1" 200 31 "-" "WordPress/7.0; http://cqqizhou.com"
173.255.225.25 - - [16/Jul/2026:10:38:14 +0800] "GET / HTTP/1.1" 301 5 "-" "Mozilla/5.0 (Macintosh; Intel Mac OS X 13_1) AppleWebKit/537.36 (KHTML, like Gecko) Chrome/108.0.0.0 Safari/537.36"
173.255.225.25 - - [16/Jul/2026:10:38:14 +0800] "GET / HTTP/1.1" 200 35514 "http://36.133.115.36/" "Mozilla/5.0 (Macintosh; Intel Mac OS X 13_1) AppleWebKit/537.36 (KHTML, like Gecko) Chrome/108.0.0.0 Safari/537.36"
36.133.115.36 - - [16/Jul/2026:10:38:40 +0800] "POST /wp-cron.php?doing_wp_cron=1784169520.6423170566558837890625 HTTP/1.1" 200 31 "-" "WordPress/7.0; http://cqqizhou.com"
114.119.140.169 - - [16/Jul/2026:10:38:40 +0800] "GET /bug HTTP/1.1" 200 12200 "http://cqqizhou.com/news/2420" "Mozilla/5.0 (Linux; Android 8.0.0; SM-G955U Build/R16NW) AppleWebKit/537.36 (KHTML, like Gecko) Chrome/148.0.0.0 Mobile Safari/537.36"
122.8.94.241 - - [16/Jul/2026:10:39:00 +0800] "GET /news/2214 HTTP/1.1" 200 26541 "-" "Mozilla/5.0 (Windows NT 10.0; Win64; x64) AppleWebKit/537.36 (KHTML, like Gecko) Chrome/149.0.0.0 Safari/537.36 Edg/149.0.0.0"
36.133.115.36 - - [16/Jul/2026:10:39:36 +0800] "POST /wp-cron.php?doing_wp_cron=1784169576.6092190742492675781250 HTTP/1.1" 200 31 "-" "WordPress/7.0; http://cqqizhou.com"
114.119.135.202 - - [16/Jul/2026:10:39:36 +0800] "GET /about HTTP/1.1" 200 24678 "http://cqqizhou.com/news/2420" "Mozilla/5.0 (Linux; Android 7.0;) AppleWebKit/537.36 (HTML, like Gecko) Mobile Safari/537.36 (compatible; PetalBot;+https://webmaster.petalsearch.com/site/petalbot)"
36.133.115.36 - - [16/Jul/2026:10:41:00 +0800] "POST /wp-cron.php?doing_wp_cron=1784169660.1153020858764648437500 HTTP/1.1" 200 31 "-" "WordPress/7.0; http://cqqizhou.com"
114.119.140.169 - - [16/Jul/2026:10:41:00 +0800] "GET /2388/ HTTP/1.1" 301 5 "http://cqqizhou.com/2418/" "Mozilla/5.0 (Linux; Android 7.0;) AppleWebKit/537.36 (HTML, like Gecko) Mobile Safari/537.36 (compatible; PetalBot;+https://webmaster.petalsearch.com/site/petalbot)"
114.119.140.169 - - [16/Jul/2026:10:41:01 +0800] "GET /news/2388 HTTP/1.1" 200 21116 "http://cqqizhou.com/2418/" "Mozilla/5.0 (Linux; Android 7.0;) AppleWebKit/537.36 (HTML, like Gecko) Mobile Safari/537.36 (compatible; PetalBot;+https://webmaster.petalsearch.com/site/petalbot)"
36.133.115.36 - - [16/Jul/2026:10:42:24 +0800] "POST /wp-cron.php?doing_wp_cron=1784169743.9978399276733398437500 HTTP/1.1" 200 31 "-" "WordPress/7.0; http://cqqizhou.com"
114.119.140.169 - - [16/Jul/2026:10:42:24 +0800] "GET /2214/ HTTP/1.1" 301 5 "http://cqqizhou.com/2160/" "Mozilla/5.0 (Linux; Android 7.0;) AppleWebKit/537.36 (HTML, like Gecko) Mobile Safari/537.36 (compatible; PetalBot;+https://webmaster.petalsearch.com/site/petalbot)"
114.119.140.169 - - [16/Jul/2026:10:42:25 +0800] "GET /news/2214 HTTP/1.1" 200 22501 "http://cqqizhou.com/2160/" "Mozilla/5.0 (Linux; Android 7.0;) AppleWebKit/537.36 (HTML, like Gecko) Mobile Safari/537.36 (compatible; PetalBot;+https://webmaster.petalsearch.com/site/petalbot)"
36.133.115.36 - - [16/Jul/2026:10:56:16 +0800] "POST /wp-cron.php?doing_wp_cron=1784170576.5409669876098632812500 HTTP/1.1" 200 31 "-" "WordPress/7.0; http://cqqizhou.com"
192.71.2.171 - - [16/Jul/2026:10:56:16 +0800] "GET /robots.txt HTTP/1.1" 200 190 "-" "Mozilla/5.0 (iPhone; CPU iPhone OS 16_3 like Mac OS X) AppleWebKit/605.1.15 (KHTML, like Gecko) CriOS/122.0.6261.89 Mobile/15E148 Safari/604"
192.36.71.133 - - [16/Jul/2026:10:56:19 +0800] "GET / HTTP/1.1" 200 35073 "-" "Mozilla/5.0 (iPhone; CPU iPhone OS 16_3 like Mac OS X) AppleWebKit/605.1.15 (KHTML, like Gecko) CriOS/122.0.6261.89 Mobile/15E148 Safari/604"
36.133.115.36 - - [16/Jul/2026:11:06:40 +0800] "POST /wp-cron.php?doing_wp_cron=1784171200.7986319065093994140625 HTTP/1.1" 200 31 "-" "WordPress/7.0; http://cqqizhou.com"
110.249.201.165 - - [16/Jul/2026:11:06:40 +0800] "GET /robots.txt HTTP/1.1" 200 190 "-" "Mozilla/5.0 (Linux; Android 5.0) AppleWebKit/537.36 (KHTML, like Gecko) Mobile Safari/537.36 (compatible; Bytespider; https://zhanzhang.toutiao.com/)"
36.133.115.36 - - [16/Jul/2026:11:18:07 +0800] "POST /wp-cron.php?doing_wp_cron=1784171887.2172288894653320312500 HTTP/1.1" 200 31 "-" "WordPress/7.0; http://cqqizhou.com"
49.70.231.204 - - [16/Jul/2026:11:18:07 +0800] "GET /contacts/ HTTP/1.1" 301 5 "-" "Mozilla/5.0 (Macintosh; Intel Mac OS X 10_15_7) AppleWebKit/537.36 (KHTML, like Gecko) Chrome/136.0.0.0 Safari/537.36"
49.70.231.204 - - [16/Jul/2026:11:18:07 +0800] "GET http://cqqizhou.com/contacts HTTP/1.1" 200 22272 "-" "Mozilla/5.0 (Macintosh; Intel Mac OS X 10_15_7) AppleWebKit/537.36 (KHTML, like Gecko) Chrome/136.0.0.0 Safari/537.36"
36.133.115.36 - - [16/Jul/2026:11:30:04 +0800] "POST /wp-cron.php?doing_wp_cron=1784172604.9249639511108398437500 HTTP/1.1" 200 31 "-" "WordPress/7.0; http://cqqizhou.com"
172.110.223.132 - - [16/Jul/2026:11:30:04 +0800] "GET / HTTP/1.1" 301 5 "-" "-"
36.133.115.36 - - [16/Jul/2026:11:32:23 +0800] "POST /wp-cron.php?doing_wp_cron=1784172743.4858050346374511718750 HTTP/1.1" 200 31 "-" "WordPress/7.0; http://cqqizhou.com"
94.154.43.243 - - [16/Jul/2026:11:32:24 +0800] "GET / HTTP/1.1" 200 158029 "-" "-"
36.133.115.36 - - [16/Jul/2026:11:38:03 +0800] "POST /wp-cron.php?doing_wp_cron=1784173083.8869819641113281250000 HTTP/1.1" 200 31 "-" "WordPress/7.0; http://cqqizhou.com"
160.119.71.9 - - [16/Jul/2026:11:38:04 +0800] "GET / HTTP/1.1" 200 109837 "-" "Mozilla/5.0 (X11; Linux x86_64; rv:144.0) Gecko/20100101 Firefox/144.0"
36.133.115.36 - - [16/Jul/2026:11:43:53 +0800] "POST /wp-cron.php?doing_wp_cron=1784173433.0560309886932373046875 HTTP/1.1" 200 31 "-" "WordPress/7.0; http://cqqizhou.com"
183.230.178.81 - - [16/Jul/2026:11:43:53 +0800] "GET / HTTP/1.1" 301 5 "-" "Mozilla/5.0 (Macintosh; Intel Mac OS X 10_15_7) AppleWebKit/605.1.15 (KHTML, like Gecko) Version/26.2 Safari/605.1.15"
183.230.178.81 - - [16/Jul/2026:11:43:53 +0800] "GET / HTTP/1.1" 200 35514 "-" "Mozilla/5.0 (Macintosh; Intel Mac OS X 10_15_7) AppleWebKit/605.1.15 (KHTML, like Gecko) Version/26.2 Safari/605.1.15"
183.230.178.81 - - [16/Jul/2026:11:43:53 +0800] "GET /wp-content/uploads/2025/07/1751425283-qizhou.kf_.qq_.com_.webp HTTP/1.1" 200 16864 "http://cqqizhou.com/" "Mozilla/5.0 (Macintosh; Intel Mac OS X 10_15_7) AppleWebKit/605.1.15 (KHTML, like Gecko) Version/26.2 Safari/605.1.15"
183.230.178.81 - - [16/Jul/2026:11:43:55 +0800] "GET /wp-content/uploads/2025/07/1753456723-%E5%8F%8C%E7%9B%B8%E9%92%A2roduct_Single600.webp HTTP/1.1" 200 22790 "http://cqqizhou.com/" "Mozilla/5.0 (Macintosh; Intel Mac OS X 10_15_7) AppleWebKit/605.1.15 (KHTML, like Gecko) Version/26.2 Safari/605.1.15"
183.230.178.81 - - [16/Jul/2026:11:43:55 +0800] "GET /wp-content/uploads/2025/07/1753453127-%E4%BD%99%E5%8D%B7product_Single600%C3%97284.webp HTTP/1.1" 200 18744 "http://cqqizhou.com/" "Mozilla/5.0 (Macintosh; Intel Mac OS X 10_15_7) AppleWebKit/605.1.15 (KHTML, like Gecko) Version/26.2 Safari/605.1.15"
183.230.178.81 - - [16/Jul/2026:11:43:55 +0800] "GET /wp-content/uploads/2025/07/1753453096-%E5%8F%8C%E7%9B%B8%E9%92%A2product_Single600%C3%97284.webp HTTP/1.1" 200 14562 "http://cqqizhou.com/" "Mozilla/5.0 (Macintosh; Intel Mac OS X 10_15_7) AppleWebKit/605.1.15 (KHTML, like Gecko) Version/26.2 Safari/605.1.15"
183.230.178.81 - - [16/Jul/2026:11:43:55 +0800] "GET /wp-content/uploads/2025/07/1753456770-%E7%83%AD%E9%95%80%E9%94%8C%E5%8D%B7product_Single600.webp HTTP/1.1" 200 27502 "http://cqqizhou.com/" "Mozilla/5.0 (Macintosh; Intel Mac OS X 10_15_7) AppleWebKit/605.1.15 (KHTML, like Gecko) Version/26.2 Safari/605.1.15"
183.230.178.81 - - [16/Jul/2026:11:43:55 +0800] "GET /wp-content/uploads/2025/12/1765268955-qizhou_Slider1_3840%C3%972160_20251210-scaled.webp HTTP/1.1" 200 152162 "http://cqqizhou.com/" "Mozilla/5.0 (Macintosh; Intel Mac OS X 10_15_7) AppleWebKit/605.1.15 (KHTML, like Gecko) Version/26.2 Safari/605.1.15"
183.230.178.81 - - [16/Jul/2026:11:43:55 +0800] "GET /wp-content/uploads/revslider/slider-1/1750861156-logistics_Slider_3840%C3%972160_20250625191356-scaled-50x100.webp HTTP/1.1" 200 1416 "http://cqqizhou.com/" "Mozilla/5.0 (Macintosh; Intel Mac OS X 10_15_7) AppleWebKit/605.1.15 (KHTML, like Gecko) Version/26.2 Safari/605.1.15"
183.230.178.81 - - [16/Jul/2026:11:43:55 +0800] "GET /wp-content/uploads/2026/01/1768276119-qizhoujiagong_Slider_3840%C3%972160_20260113-scaled-50x100.webp HTTP/1.1" 200 976 "http://cqqizhou.com/" "Mozilla/5.0 (Macintosh; Intel Mac OS X 10_15_7) AppleWebKit/605.1.15 (KHTML, like Gecko) Version/26.2 Safari/605.1.15"
183.230.178.81 - - [16/Jul/2026:11:43:56 +0800] "GET /wp-json/sliderrevolution/sliders/1?srengine=7&slideid=4 HTTP/1.1" 200 2580 "http://cqqizhou.com/" "Mozilla/5.0 (Macintosh; Intel Mac OS X 10_15_7) AppleWebKit/605.1.15 (KHTML, like Gecko) Version/26.2 Safari/605.1.15"
183.230.178.81 - - [16/Jul/2026:11:43:56 +0800] "GET /wp-content/uploads/2026/01/1768276119-qizhoujiagong_Slider_3840%C3%972160_20260113-scaled.webp HTTP/1.1" 200 131696 "http://cqqizhou.com/" "Mozilla/5.0 (Macintosh; Intel Mac OS X 10_15_7) AppleWebKit/605.1.15 (KHTML, like Gecko) Version/26.2 Safari/605.1.15"
183.230.178.81 - - [16/Jul/2026:11:43:56 +0800] "GET /wp-json/sliderrevolution/sliders/1?srengine=7&slideid=2 HTTP/1.1" 200 2000 "http://cqqizhou.com/" "Mozilla/5.0 (Macintosh; Intel Mac OS X 10_15_7) AppleWebKit/605.1.15 (KHTML, like Gecko) Version/26.2 Safari/605.1.15"
183.230.178.81 - - [16/Jul/2026:11:43:56 +0800] "GET /wp-content/uploads/revslider/slider-1/1750861156-logistics_Slider_3840%C3%972160_20250625191356-scaled.webp HTTP/1.1" 200 197360 "http://cqqizhou.com/" "Mozilla/5.0 (Macintosh; Intel Mac OS X 10_15_7) AppleWebKit/605.1.15 (KHTML, like Gecko) Version/26.2 Safari/605.1.15"
183.230.178.81 - - [16/Jul/2026:11:44:00 +0800] "GET /logistics HTTP/1.1" 200 31732 "http://cqqizhou.com/" "Mozilla/5.0 (Macintosh; Intel Mac OS X 10_15_7) AppleWebKit/605.1.15 (KHTML, like Gecko) Version/26.2 Safari/605.1.15"
183.230.178.81 - - [16/Jul/2026:11:44:00 +0800] "GET /wp-content/uploads/2026/01/1767696162-qizhoutruck3.webp HTTP/1.1" 200 19026 "http://cqqizhou.com/logistics" "Mozilla/5.0 (Macintosh; Intel Mac OS X 10_15_7) AppleWebKit/605.1.15 (KHTML, like Gecko) Version/26.2 Safari/605.1.15"
183.230.178.81 - - [16/Jul/2026:11:44:00 +0800] "GET /wp-content/uploads/2025/12/1765862012-DSC20251216131140.webp HTTP/1.1" 200 78744 "http://cqqizhou.com/logistics" "Mozilla/5.0 (Macintosh; Intel Mac OS X 10_15_7) AppleWebKit/605.1.15 (KHTML, like Gecko) Version/26.2 Safari/605.1.15"
183.230.178.81 - - [16/Jul/2026:11:44:00 +0800] "GET /wp-content/uploads/2025/11/1762864381-QZ_Photo-7.webp HTTP/1.1" 200 129922 "http://cqqizhou.com/logistics" "Mozilla/5.0 (Macintosh; Intel Mac OS X 10_15_7) AppleWebKit/605.1.15 (KHTML, like Gecko) Version/26.2 Safari/605.1.15"
183.230.178.81 - - [16/Jul/2026:11:44:01 +0800] "GET /wp-content/uploads/2026/01/1767696142-aojiaqiao20260104.webp HTTP/1.1" 200 184988 "http://cqqizhou.com/logistics" "Mozilla/5.0 (Macintosh; Intel Mac OS X 10_15_7) AppleWebKit/605.1.15 (KHTML, like Gecko) Version/26.2 Safari/605.1.15"
183.230.178.81 - - [16/Jul/2026:11:44:01 +0800] "GET /wp-json/contact-form-7/v1/contact-forms/1444/feedback/schema HTTP/1.1" 200 270 "http://cqqizhou.com/logistics" "Mozilla/5.0 (Macintosh; Intel Mac OS X 10_15_7) AppleWebKit/605.1.15 (KHTML, like Gecko) Version/26.2 Safari/605.1.15"
183.230.178.81 - - [16/Jul/2026:11:44:02 +0800] "GET /wp-content/uploads/logistics/Conatiner-5.webp HTTP/1.1" 200 63396 "http://cqqizhou.com/logistics" "Mozilla/5.0 (Macintosh; Intel Mac OS X 10_15_7) AppleWebKit/605.1.15 (KHTML, like Gecko) Version/26.2 Safari/605.1.15"
183.230.178.81 - - [16/Jul/2026:11:44:06 +0800] "GET /wp-json/contact-form-7/v1/contact-forms/1444/refill HTTP/1.1" 200 33 "http://cqqizhou.com/logistics" "Mozilla/5.0 (Macintosh; Intel Mac OS X 10_15_7) AppleWebKit/605.1.15 (KHTML, like Gecko) Version/26.2 Safari/605.1.15"
183.230.178.81 - - [16/Jul/2026:11:48:36 +0800] "GET /logistics HTTP/1.1" 200 31732 "-" "Mozilla/5.0 (Macintosh; Intel Mac OS X 10_15_7) AppleWebKit/605.1.15 (KHTML, like Gecko)"
183.230.178.81 - - [16/Jul/2026:11:49:54 +0800] "GET /wp-json/sliderrevolution/sliders/1?srengine=7&slideid=4 HTTP/1.1" 200 2580 "http://cqqizhou.com/" "Mozilla/5.0 (Macintosh; Intel Mac OS X 10_15_7) AppleWebKit/605.1.15 (KHTML, like Gecko) Version/26.2 Safari/605.1.15"
36.133.115.36 - - [16/Jul/2026:11:49:54 +0800] "POST /wp-cron.php?doing_wp_cron=1784173794.1315770149230957031250 HTTP/1.1" 200 31 "-" "WordPress/7.0; http://cqqizhou.com"
183.230.178.81 - - [16/Jul/2026:11:49:54 +0800] "GET /wp-json/sliderrevolution/sliders/1?srengine=7&slideid=2 HTTP/1.1" 200 2000 "http://cqqizhou.com/" "Mozilla/5.0 (Macintosh; Intel Mac OS X 10_15_7) AppleWebKit/605.1.15 (KHTML, like Gecko) Version/26.2 Safari/605.1.15"
183.230.178.81 - - [16/Jul/2026:11:49:55 +0800] "GET /about HTTP/1.1" 200 30600 "http://cqqizhou.com/" "Mozilla/5.0 (Macintosh; Intel Mac OS X 10_15_7) AppleWebKit/605.1.15 (KHTML, like Gecko) Version/26.2 Safari/605.1.15"
183.230.178.81 - - [16/Jul/2026:11:49:55 +0800] "GET /wp-content/uploads/2025/07/1750649803-qizhou800x500_2.webp HTTP/1.1" 200 63616 "http://cqqizhou.com/about" "Mozilla/5.0 (Macintosh; Intel Mac OS X 10_15_7) AppleWebKit/605.1.15 (KHTML, like Gecko) Version/26.2 Safari/605.1.15"
183.230.178.81 - - [16/Jul/2026:11:49:55 +0800] "GET /wp-content/uploads/2025/07/1750945417-honor300%C3%97206_1.webp HTTP/1.1" 200 57666 "http://cqqizhou.com/about" "Mozilla/5.0 (Macintosh; Intel Mac OS X 10_15_7) AppleWebKit/605.1.15 (KHTML, like Gecko) Version/26.2 Safari/605.1.15"
183.230.178.81 - - [16/Jul/2026:11:49:55 +0800] "GET /wp-content/uploads/2025/07/1750945444-honor300%C3%97206_2.webp HTTP/1.1" 200 71296 "http://cqqizhou.com/about" "Mozilla/5.0 (Macintosh; Intel Mac OS X 10_15_7) AppleWebKit/605.1.15 (KHTML, like Gecko) Version/26.2 Safari/605.1.15"
183.230.178.81 - - [16/Jul/2026:11:49:55 +0800] "GET /wp-content/uploads/2025/07/1750671800-partner1_200x50.webp HTTP/1.1" 200 2244 "http://cqqizhou.com/about" "Mozilla/5.0 (Macintosh; Intel Mac OS X 10_15_7) AppleWebKit/605.1.15 (KHTML, like Gecko) Version/26.2 Safari/605.1.15"
183.230.178.81 - - [16/Jul/2026:11:49:55 +0800] "GET /wp-content/uploads/2025/07/1750671801-partner2_200x50.webp HTTP/1.1" 200 3946 "http://cqqizhou.com/about" "Mozilla/5.0 (Macintosh; Intel Mac OS X 10_15_7) AppleWebKit/605.1.15 (KHTML, like Gecko) Version/26.2 Safari/605.1.15"
183.230.178.81 - - [16/Jul/2026:11:49:55 +0800] "GET /wp-content/uploads/2025/07/1750671805-partner4_200x50.webp HTTP/1.1" 200 2390 "http://cqqizhou.com/about" "Mozilla/5.0 (Macintosh; Intel Mac OS X 10_15_7) AppleWebKit/605.1.15 (KHTML, like Gecko) Version/26.2 Safari/605.1.15"
183.230.178.81 - - [16/Jul/2026:11:49:55 +0800] "GET /wp-content/uploads/2025/06/1750755307-qizhoucangku2000x400_2025624.webp HTTP/1.1" 200 45470 "http://cqqizhou.com/about" "Mozilla/5.0 (Macintosh; Intel Mac OS X 10_15_7) AppleWebKit/605.1.15 (KHTML, like Gecko) Version/26.2 Safari/605.1.15"
183.230.178.81 - - [16/Jul/2026:11:49:55 +0800] "GET /wp-content/uploads/2025/07/1750671808-partner6_200x50.webp HTTP/1.1" 200 3004 "http://cqqizhou.com/about" "Mozilla/5.0 (Macintosh; Intel Mac OS X 10_15_7) AppleWebKit/605.1.15 (KHTML, like Gecko) Version/26.2 Safari/605.1.15"
183.230.178.81 - - [16/Jul/2026:11:49:55 +0800] "GET /wp-content/uploads/elementor/thumbs/1751209300-Hello-Qizhou3-r91b71mdtei8mab1rr8x739cnvi1mafuaga3vbed3o.webp HTTP/1.1" 200 39120 "http://cqqizhou.com/about" "Mozilla/5.0 (Macintosh; Intel Mac OS X 10_15_7) AppleWebKit/605.1.15 (KHTML, like Gecko) Version/26.2 Safari/605.1.15"
183.230.178.81 - - [16/Jul/2026:11:49:55 +0800] "GET /wp-content/uploads/2025/07/1750671806-partner5_200x50.webp HTTP/1.1" 200 2840 "http://cqqizhou.com/about" "Mozilla/5.0 (Macintosh; Intel Mac OS X 10_15_7) AppleWebKit/605.1.15 (KHTML, like Gecko) Version/26.2 Safari/605.1.15"
183.230.178.81 - - [16/Jul/2026:11:49:55 +0800] "GET /wp-content/uploads/2025/07/1750671803-partner3_200x50.webp HTTP/1.1" 200 4414 "http://cqqizhou.com/about" "Mozilla/5.0 (Macintosh; Intel Mac OS X 10_15_7) AppleWebKit/605.1.15 (KHTML, like Gecko) Version/26.2 Safari/605.1.15"
183.230.178.81 - - [16/Jul/2026:11:49:55 +0800] "GET /wp-content/uploads/elementor/thumbs/1751373145-About_Qizhoudalou_W800px-r91b70ok8huvvdr4ynxnf302e8ie3iydlh6ag9ew82.webp HTTP/1.1" 200 37938 "http://cqqizhou.com/about" "Mozilla/5.0 (Macintosh; Intel Mac OS X 10_15_7) AppleWebKit/605.1.15 (KHTML, like Gecko) Version/26.2 Safari/605.1.15"
183.230.178.81 - - [16/Jul/2026:11:49:55 +0800] "GET /wp-content/uploads/2025/07/1750649193-qizhou1920x1080_5.webp HTTP/1.1" 200 110214 "http://cqqizhou.com/about" "Mozilla/5.0 (Macintosh; Intel Mac OS X 10_15_7) AppleWebKit/605.1.15 (KHTML, like Gecko) Version/26.2 Safari/605.1.15"
183.230.178.81 - - [16/Jul/2026:11:49:55 +0800] "GET /wp-content/uploads/2025/07/1750649200-qizhou1920x1080_7.webp HTTP/1.1" 200 238866 "http://cqqizhou.com/about" "Mozilla/5.0 (Macintosh; Intel Mac OS X 10_15_7) AppleWebKit/605.1.15 (KHTML, like Gecko) Version/26.2 Safari/605.1.15"
183.230.178.81 - - [16/Jul/2026:11:49:55 +0800] "GET /wp-content/uploads/2025/07/1750649179-qizhou1920x1080_1.webp HTTP/1.1" 200 172154 "http://cqqizhou.com/about" "Mozilla/5.0 (Macintosh; Intel Mac OS X 10_15_7) AppleWebKit/605.1.15 (KHTML, like Gecko) Version/26.2 Safari/605.1.15"
183.230.178.81 - - [16/Jul/2026:11:49:55 +0800] "GET /wp-content/uploads/2025/07/1750649186-qizhou1920x1080_3.webp HTTP/1.1" 200 134070 "http://cqqizhou.com/about" "Mozilla/5.0 (Macintosh; Intel Mac OS X 10_15_7) AppleWebKit/605.1.15 (KHTML, like Gecko) Version/26.2 Safari/605.1.15"
183.230.178.81 - - [16/Jul/2026:11:49:55 +0800] "GET /wp-content/uploads/2025/07/1750649183-qizhou1920x1080_2.webp HTTP/1.1" 200 267936 "http://cqqizhou.com/about" "Mozilla/5.0 (Macintosh; Intel Mac OS X 10_15_7) AppleWebKit/605.1.15 (KHTML, like Gecko) Version/26.2 Safari/605.1.15"
183.230.178.81 - - [16/Jul/2026:11:49:55 +0800] "GET /wp-content/uploads/2025/07/1750649189-qizhou1920x1080_4.webp HTTP/1.1" 200 174962 "http://cqqizhou.com/about" "Mozilla/5.0 (Macintosh; Intel Mac OS X 10_15_7) AppleWebKit/605.1.15 (KHTML, like Gecko) Version/26.2 Safari/605.1.15"
183.230.178.81 - - [16/Jul/2026:11:49:55 +0800] "GET /wp-content/uploads/2025/07/1750649203-qizhou1920x1080_8.webp HTTP/1.1" 200 256782 "http://cqqizhou.com/about" "Mozilla/5.0 (Macintosh; Intel Mac OS X 10_15_7) AppleWebKit/605.1.15 (KHTML, like Gecko) Version/26.2 Safari/605.1.15"
183.230.178.81 - - [16/Jul/2026:11:49:55 +0800] "GET /wp-content/uploads/2025/07/1750649207-qizhou1920x1080_9.webp HTTP/1.1" 200 146108 "http://cqqizhou.com/about" "Mozilla/5.0 (Macintosh; Intel Mac OS X 10_15_7) AppleWebKit/605.1.15 (KHTML, like Gecko) Version/26.2 Safari/605.1.15"
183.230.178.81 - - [16/Jul/2026:11:49:55 +0800] "GET /wp-content/uploads/2025/07/1750649215-qizhou1920x1080_11.webp HTTP/1.1" 200 171642 "http://cqqizhou.com/about" "Mozilla/5.0 (Macintosh; Intel Mac OS X 10_15_7) AppleWebKit/605.1.15 (KHTML, like Gecko) Version/26.2 Safari/605.1.15"
183.230.178.81 - - [16/Jul/2026:11:49:55 +0800] "GET /wp-content/uploads/2025/07/1750649212-qizhou1920x1080_10.webp HTTP/1.1" 200 143362 "http://cqqizhou.com/about" "Mozilla/5.0 (Macintosh; Intel Mac OS X 10_15_7) AppleWebKit/605.1.15 (KHTML, like Gecko) Version/26.2 Safari/605.1.15"
183.230.178.81 - - [16/Jul/2026:11:49:55 +0800] "GET /wp-content/uploads/2025/07/1750649197-qizhou1920x1080_6.webp HTTP/1.1" 200 150354 "http://cqqizhou.com/about" "Mozilla/5.0 (Macintosh; Intel Mac OS X 10_15_7) AppleWebKit/605.1.15 (KHTML, like Gecko) Version/26.2 Safari/605.1.15"
183.230.178.81 - - [16/Jul/2026:11:50:19 +0800] "GET /wp-content/uploads/2025/07/1750656103-Visionr2000x800_20250623131702.webp HTTP/1.1" 200 57650 "http://cqqizhou.com/about" "Mozilla/5.0 (Macintosh; Intel Mac OS X 10_15_7) AppleWebKit/605.1.15 (KHTML, like Gecko) Version/26.2 Safari/605.1.15"
183.230.178.81 - - [16/Jul/2026:11:50:19 +0800] "GET /wp-content/uploads/2025/07/1750945514-honor300%C3%97206_3.webp HTTP/1.1" 200 74124 "http://cqqizhou.com/about" "Mozilla/5.0 (Macintosh; Intel Mac OS X 10_15_7) AppleWebKit/605.1.15 (KHTML, like Gecko) Version/26.2 Safari/605.1.15"
183.230.178.81 - - [16/Jul/2026:11:50:21 +0800] "GET /wp-content/uploads/2025/07/1750945616-honor300%C3%97206_4.webp HTTP/1.1" 200 33814 "http://cqqizhou.com/about" "Mozilla/5.0 (Macintosh; Intel Mac OS X 10_15_7) AppleWebKit/605.1.15 (KHTML, like Gecko) Version/26.2 Safari/605.1.15"
183.230.178.81 - - [16/Jul/2026:11:50:21 +0800] "GET /wp-content/uploads/2025/07/1750945637-honor300%C3%97206_5.webp HTTP/1.1" 200 77368 "http://cqqizhou.com/about" "Mozilla/5.0 (Macintosh; Intel Mac OS X 10_15_7) AppleWebKit/605.1.15 (KHTML, like Gecko) Version/26.2 Safari/605.1.15"
183.230.178.81 - - [16/Jul/2026:11:50:21 +0800] "GET /wp-content/uploads/2025/07/1750945650-honor300%C3%97206_6.webp HTTP/1.1" 200 66306 "http://cqqizhou.com/about" "Mozilla/5.0 (Macintosh; Intel Mac OS X 10_15_7) AppleWebKit/605.1.15 (KHTML, like Gecko) Version/26.2 Safari/605.1.15"
183.230.178.81 - - [16/Jul/2026:11:56:06 +0800] "GET /news HTTP/1.1" 200 25945 "http://cqqizhou.com/about" "Mozilla/5.0 (Macintosh; Intel Mac OS X 10_15_7) AppleWebKit/605.1.15 (KHTML, like Gecko) Version/26.2 Safari/605.1.15"
183.230.178.81 - - [16/Jul/2026:11:56:06 +0800] "GET /wp-content/uploads/2026/06/1782708718-1Article_images_W900px.webp HTTP/1.1" 200 54948 "http://cqqizhou.com/" "Mozilla/5.0 (Macintosh; Intel Mac OS X 10_15_7) AppleWebKit/605.1.15 (KHTML, like Gecko) Version/26.2 Safari/605.1.15"
183.230.178.81 - - [16/Jul/2026:11:56:06 +0800] "GET /wp-content/uploads/2026/06/1782392245-Article_images_W900px.webp HTTP/1.1" 200 62046 "http://cqqizhou.com/" "Mozilla/5.0 (Macintosh; Intel Mac OS X 10_15_7) AppleWebKit/605.1.15 (KHTML, like Gecko) Version/26.2 Safari/605.1.15"
183.230.178.81 - - [16/Jul/2026:11:56:06 +0800] "GET /wp-content/uploads/2026/06/1782182572-Article_images_W900px.webp HTTP/1.1" 200 24314 "http://cqqizhou.com/" "Mozilla/5.0 (Macintosh; Intel Mac OS X 10_15_7) AppleWebKit/605.1.15 (KHTML, like Gecko) Version/26.2 Safari/605.1.15"
183.230.178.81 - - [16/Jul/2026:11:56:06 +0800] "GET /wp-content/uploads/2026/06/1781880807-Article_images_W900px.webp HTTP/1.1" 200 25354 "http://cqqizhou.com/" "Mozilla/5.0 (Macintosh; Intel Mac OS X 10_15_7) AppleWebKit/605.1.15 (KHTML, like Gecko) Version/26.2 Safari/605.1.15"
183.230.178.81 - - [16/Jul/2026:11:56:06 +0800] "GET /wp-content/uploads/2025/07/1753410289-News2000%C3%97400_202571.webp HTTP/1.1" 200 17830 "http://cqqizhou.com/news" "Mozilla/5.0 (Macintosh; Intel Mac OS X 10_15_7) AppleWebKit/605.1.15 (KHTML, like Gecko) Version/26.2 Safari/605.1.15"
183.230.178.81 - - [16/Jul/2026:11:56:06 +0800] "GET /wp-content/uploads/2026/06/1780363378-1Article_images_W900px.webp HTTP/1.1" 200 62100 "http://cqqizhou.com/" "Mozilla/5.0 (Macintosh; Intel Mac OS X 10_15_7) AppleWebKit/605.1.15 (KHTML, like Gecko) Version/26.2 Safari/605.1.15"
183.230.178.81 - - [16/Jul/2026:11:56:06 +0800] "GET /wp-content/uploads/2026/06/1780362799-1Article_images_W900px.webp HTTP/1.1" 200 61690 "http://cqqizhou.com/news" "Mozilla/5.0 (Macintosh; Intel Mac OS X 10_15_7) AppleWebKit/605.1.15 (KHTML, like Gecko) Version/26.2 Safari/605.1.15"
183.230.178.81 - - [16/Jul/2026:11:56:06 +0800] "GET /wp-content/uploads/2026/05/1779957408-1Article_images_W900px.webp HTTP/1.1" 200 36526 "http://cqqizhou.com/news" "Mozilla/5.0 (Macintosh; Intel Mac OS X 10_15_7) AppleWebKit/605.1.15 (KHTML, like Gecko) Version/26.2 Safari/605.1.15"
183.230.178.81 - - [16/Jul/2026:11:56:06 +0800] "GET /wp-content/uploads/2026/05/1779925245-Article_images_W900px.webp HTTP/1.1" 200 27996 "http://cqqizhou.com/news" "Mozilla/5.0 (Macintosh; Intel Mac OS X 10_15_7) AppleWebKit/605.1.15 (KHTML, like Gecko) Version/26.2 Safari/605.1.15"
183.230.178.81 - - [16/Jul/2026:11:56:06 +0800] "GET /wp-content/uploads/2026/05/1779059685-1Article_images_W900px.webp HTTP/1.1" 200 50738 "http://cqqizhou.com/news" "Mozilla/5.0 (Macintosh; Intel Mac OS X 10_15_7) AppleWebKit/605.1.15 (KHTML, like Gecko) Version/26.2 Safari/605.1.15"
183.230.178.81 - - [16/Jul/2026:11:56:06 +0800] "GET /wp-content/uploads/2026/05/1779328461-1Article_images_W900px.webp HTTP/1.1" 200 37908 "http://cqqizhou.com/news" "Mozilla/5.0 (Macintosh; Intel Mac OS X 10_15_7) AppleWebKit/605.1.15 (KHTML, like Gecko) Version/26.2 Safari/605.1.15"
183.230.178.81 - - [16/Jul/2026:11:56:13 +0800] "GET /news/2606 HTTP/1.1" 200 24944 "http://cqqizhou.com/news" "Mozilla/5.0 (Macintosh; Intel Mac OS X 10_15_7) AppleWebKit/605.1.15 (KHTML, like Gecko) Version/26.2 Safari/605.1.15"
183.230.178.81 - - [16/Jul/2026:11:56:14 +0800] "GET /wp-content/uploads/2026/06/1782708865-3Article_images_W900px.webp HTTP/1.1" 200 30548 "http://cqqizhou.com/news/2606" "Mozilla/5.0 (Macintosh; Intel Mac OS X 10_15_7) AppleWebKit/605.1.15 (KHTML, like Gecko) Version/26.2 Safari/605.1.15"
183.230.178.81 - - [16/Jul/2026:11:56:14 +0800] "GET /wp-content/uploads/2026/06/1782708864-2Article_images_W900px.webp HTTP/1.1" 200 17558 "http://cqqizhou.com/news/2606" "Mozilla/5.0 (Macintosh; Intel Mac OS X 10_15_7) AppleWebKit/605.1.15 (KHTML, like Gecko) Version/26.2 Safari/605.1.15"
183.230.178.81 - - [16/Jul/2026:11:56:20 +0800] "GET /wp-content/uploads/2026/06/1782708862-4Article_images_W900px.webp HTTP/1.1" 200 17576 "http://cqqizhou.com/news/2606" "Mozilla/5.0 (Macintosh; Intel Mac OS X 10_15_7) AppleWebKit/605.1.15 (KHTML, like Gecko) Version/26.2 Safari/605.1.15"
36.133.115.36 - - [16/Jul/2026:12:32:42 +0800] "POST /wp-cron.php?doing_wp_cron=1784176362.9583690166473388671875 HTTP/1.1" 200 31 "-" "WordPress/7.0; http://cqqizhou.com"
144.76.32.239 - - [16/Jul/2026:12:32:43 +0800] "GET /robots.txt HTTP/1.1" 200 190 "-" "Mozilla/5.0 (compatible; SERankingBacklinksBot/1.0; +https://seranking.com/backlinks-crawler)"
144.76.32.239 - - [16/Jul/2026:12:32:43 +0800] "GET / HTTP/1.1" 200 35514 "-" "Mozilla/5.0 (compatible; SERankingBacklinksBot/1.0; +https://seranking.com/backlinks-crawler)"
36.133.115.36 - - [16/Jul/2026:12:37:18 +0800] "POST /wp-cron.php?doing_wp_cron=1784176638.1375429630279541015625 HTTP/1.1" 200 31 "-" "WordPress/7.0; http://cqqizhou.com"
116.179.32.201 - - [16/Jul/2026:12:37:18 +0800] "GET /services/ HTTP/1.1" 301 5 "-" "Mozilla/5.0 (compatible; Baiduspider/2.0; +http://www.baidu.com/search/spider.html)"
116.179.32.105 - - [16/Jul/2026:12:37:18 +0800] "GET /services HTTP/1.1" 200 32227 "-" "Mozilla/5.0 (compatible; Baiduspider/2.0; +http://www.baidu.com/search/spider.html)"
36.133.115.36 - - [16/Jul/2026:12:53:17 +0800] "POST /wp-cron.php?doing_wp_cron=1784177597.1075561046600341796875 HTTP/1.1" 200 31 "-" "WordPress/7.0; http://cqqizhou.com"
59.59.76.6 - - [16/Jul/2026:12:53:17 +0800] "GET /portfolio/%e5%86%b7%e8%bd%a7%e5%8d%b7/ HTTP/1.1" 301 5 "-" "Mozilla/5.0 (Windows NT 10.0; Win64; x64) AppleWebKit/537.36 (KHTML, like Gecko) Chrome/112.0.0.0 Safari/537.36"
59.59.76.6 - - [16/Jul/2026:12:53:17 +0800] "GET /news/portfolio/%e5%86%b7%e8%bd%a7%e5%8d%b7 HTTP/1.1" 200 22747 "http://cqqizhou.com/portfolio/%e5%86%b7%e8%bd%a7%e5%8d%b7/" "Mozilla/5.0 (Windows NT 10.0; Win64; x64) AppleWebKit/537.36 (KHTML, like Gecko) Chrome/112.0.0.0 Safari/537.36"
36.133.115.36 - - [16/Jul/2026:12:56:11 +0800] "POST /wp-cron.php?doing_wp_cron=1784177771.6226489543914794921875 HTTP/1.1" 200 31 "-" "WordPress/7.0; http://cqqizhou.com"
180.153.236.125 - - [16/Jul/2026:12:56:11 +0800] "GET / HTTP/1.1" 200 35069 "http://cqqizhou.com/" "Mozilla/5.0 (Linux; Android 10; K) AppleWebKit/537.36 (KHTML, like Gecko) Chrome/131.0.0.0 Mobile Safari/537.36; 360Spider"
180.153.236.14 - - [16/Jul/2026:12:57:01 +0800] "GET / HTTP/1.1" 200 35070 "http://cqqizhou.com/" "User-Agent:Mozilla/5.0 (Linux; Android 10; K) AppleWebKit/537.36 (KHTML, like Gecko) Chrome/131.0.0.0 Mobile Safari/537.36; 360Spider"
36.133.115.36 - - [16/Jul/2026:12:57:55 +0800] "POST /wp-cron.php?doing_wp_cron=1784177874.9806489944458007812500 HTTP/1.1" 200 31 "-" "WordPress/7.0; http://cqqizhou.com"
43.134.236.36 - - [16/Jul/2026:12:57:55 +0800] "GET / HTTP/1.1" 200 35071 "-" "Mozilla/5.0 (iPhone; CPU iPhone OS 13_2_3 like Mac OS X) AppleWebKit/605.1.15 (KHTML, like Gecko) Version/13.0.3 Mobile/15E148 Safari/604.1"
36.133.115.36 - - [16/Jul/2026:13:06:18 +0800] "POST /wp-cron.php?doing_wp_cron=1784178378.5795130729675292968750 HTTP/1.1" 200 31 "-" "WordPress/7.0; http://cqqizhou.com"
43.131.23.154 - - [16/Jul/2026:13:06:18 +0800] "GET /wp-admin/admin-ajax.php HTTP/1.1" 400 11 "-" "Mozilla/5.0 (iPhone; CPU iPhone OS 13_2_3 like Mac OS X) AppleWebKit/605.1.15 (KHTML, like Gecko) Version/13.0.3 Mobile/15E148 Safari/604.1"
94.154.43.254 - - [16/Jul/2026:13:07:31 +0800] "GET / HTTP/1.1" 200 20498 "-" "Linux Gnu (cow)"
36.133.115.36 - - [16/Jul/2026:13:07:31 +0800] "POST /wp-cron.php?doing_wp_cron=1784178451.0356678962707519531250 HTTP/1.1" 200 31 "-" "WordPress/7.0; http://cqqizhou.com"
117.139.39.228 - - [16/Jul/2026:13:10:32 +0800] "GET /news/2559 HTTP/1.1" 200 24778 "-" "Mozilla/5.0 (Macintosh; Intel Mac OS X 10_15_7) AppleWebKit/537.36 (KHTML, like Gecko) Chrome/126.0.0.0 Safari/537.36"
36.133.115.36 - - [16/Jul/2026:13:13:46 +0800] "POST /wp-cron.php?doing_wp_cron=1784178826.3137040138244628906250 HTTP/1.1" 200 31 "-" "WordPress/7.0; http://cqqizhou.com"
43.166.1.243 - - [16/Jul/2026:13:13:46 +0800] "GET /about HTTP/1.1" 200 24678 "-" "Mozilla/5.0 (iPhone; CPU iPhone OS 13_2_3 like Mac OS X) AppleWebKit/605.1.15 (KHTML, like Gecko) Version/13.0.3 Mobile/15E148 Safari/604.1"
36.133.115.36 - - [16/Jul/2026:13:27:52 +0800] "POST /wp-cron.php?doing_wp_cron=1784179672.0698189735412597656250 HTTP/1.1" 200 31 "-" "WordPress/7.0; http://cqqizhou.com"
43.160.225.169 - - [16/Jul/2026:13:27:52 +0800] "GET / HTTP/1.1" 301 5 "-" "Mozilla/5.0 (iPhone; CPU iPhone OS 13_2_3 like Mac OS X) AppleWebKit/605.1.15 (KHTML, like Gecko) Version/13.0.3 Mobile/15E148 Safari/604.1"
43.160.225.169 - - [16/Jul/2026:13:27:54 +0800] "GET / HTTP/1.1" 200 35072 "http://36.133.115.36" "Mozilla/5.0 (iPhone; CPU iPhone OS 13_2_3 like Mac OS X) AppleWebKit/605.1.15 (KHTML, like Gecko) Version/13.0.3 Mobile/15E148 Safari/604.1"
36.133.115.36 - - [16/Jul/2026:13:38:04 +0800] "POST /wp-cron.php?doing_wp_cron=1784180284.2342069149017333984375 HTTP/1.1" 200 31 "-" "WordPress/7.0; http://cqqizhou.com"
43.155.27.244 - - [16/Jul/2026:13:38:04 +0800] "GET /wp-content/uploads/2025/07/1753410289-News2000 HTTP/1.1" 404 9497 "-" "Mozilla/5.0 (iPhone; CPU iPhone OS 13_2_3 like Mac OS X) AppleWebKit/605.1.15 (KHTML, like Gecko) Version/13.0.3 Mobile/15E148 Safari/604.1"
106.38.188.196 - - [16/Jul/2026:13:46:24 +0800] "GET /news/2592 HTTP/1.1" 200 24627 "-" "Mozilla/5.0 (Macintosh; Intel Mac OS X 10_15_7) AppleWebKit/537.36 (KHTML, like Gecko) Chrome/131.0.0.0 Safari/537.36"
36.133.115.36 - - [16/Jul/2026:13:50:53 +0800] "POST /wp-cron.php?doing_wp_cron=1784181053.2221031188964843750000 HTTP/1.1" 200 31 "-" "WordPress/7.0; http://cqqizhou.com"
34.76.129.58 - - [16/Jul/2026:13:50:53 +0800] "GET / HTTP/1.1" 200 35072 "-" "Mozilla/5.0 (Windows NT 10.0; Win64; x64) AppleWebKit/537.36 (KHTML, like Gecko) Chrome/127.0.0.0 Safari/537.36"
142.44.225.134 - - [16/Jul/2026:13:52:22 +0800] "GET /news/page/2/ HTTP/1.1" 301 5 "-" "Mozilla/5.0 (compatible; AhrefsBot/7.0; +http://ahrefs.com/robot/)"
36.133.115.36 - - [16/Jul/2026:14:04:23 +0800] "POST /wp-cron.php?doing_wp_cron=1784181862.4811739921569824218750 HTTP/1.1" 200 31 "-" "WordPress/7.0; http://cqqizhou.com"
118.122.147.60 - - [16/Jul/2026:14:04:23 +0800] "GET / HTTP/1.1" 301 5 "-" "Mozilla/5.0 (Windows NT 10.0; Win64; x64) AppleWebKit/537.36 (KHTML, like Gecko) Chrome/133.0.0.0 Safari/537.36"
118.122.147.60 - - [16/Jul/2026:14:04:26 +0800] "GET / HTTP/1.1" 200 35514 "http://36.133.115.36/" "Mozilla/5.0 (Windows NT 10.0; Win64; x64) AppleWebKit/537.36 (KHTML, like Gecko) Chrome/133.0.0.0 Safari/537.36"
43.155.188.157 - - [16/Jul/2026:14:08:56 +0800] "GET /wp-content/plugins/ HTTP/1.1" 200 31 "-" "Mozilla/5.0 (iPhone; CPU iPhone OS 13_2_3 like Mac OS X) AppleWebKit/605.1.15 (KHTML, like Gecko) Version/13.0.3 Mobile/15E148 Safari/604.1"
36.133.115.36 - - [16/Jul/2026:14:09:01 +0800] "POST /wp-cron.php?doing_wp_cron=1784182141.6467161178588867187500 HTTP/1.1" 200 31 "-" "WordPress/7.0; http://cqqizhou.com"
43.155.188.157 - - [16/Jul/2026:14:09:01 +0800] "GET / HTTP/1.1" 200 35071 "-" "Mozilla/5.0 (iPhone; CPU iPhone OS 13_2_3 like Mac OS X) AppleWebKit/605.1.15 (KHTML, like Gecko) Version/13.0.3 Mobile/15E148 Safari/604.1"
