114.119.132.85 - - [16/Jul/2026:22:13:57 +0800] "GET /news/2215 HTTP/1.1" 200 20637 "http://cqqizhou.com/2160/" "Mozilla/5.0 (Linux; Android 7.0;) AppleWebKit/537.36 (HTML, like Gecko) Mobile Safari/537.36 (compatible; PetalBot;+https://webmaster.petalsearch.com/site/petalbot)"
36.133.115.36 - - [16/Jul/2026:22:17:39 +0800] "POST /wp-cron.php?doing_wp_cron=1784211459.2594089508056640625000 HTTP/1.1" 200 31 "-" "WordPress/7.0; http://cqqizhou.com"
43.134.38.171 - - [16/Jul/2026:22:17:39 +0800] "GET / HTTP/1.1" 200 35071 "-" "Mozilla/5.0 (iPhone; CPU iPhone OS 13_2_3 like Mac OS X) AppleWebKit/605.1.15 (KHTML, like Gecko) Version/13.0.3 Mobile/15E148 Safari/604.1"
36.133.115.36 - - [16/Jul/2026:22:27:49 +0800] "POST /wp-cron.php?doing_wp_cron=1784212069.9437549114227294921875 HTTP/1.1" 200 31 "-" "WordPress/7.0; http://cqqizhou.com"
114.119.138.179 - - [16/Jul/2026:22:27:49 +0800] "GET /news/portfolio-category/cold-rolled-coil HTTP/1.1" 200 18218 "http://cqqizhou.com/" "Mozilla/5.0 (Linux; Android 7.0;) AppleWebKit/537.36 (HTML, like Gecko) Mobile Safari/537.36 (compatible; PetalBot;+https://webmaster.petalsearch.com/site/petalbot)"
36.133.115.36 - - [16/Jul/2026:22:29:14 +0800] "POST /wp-cron.php?doing_wp_cron=1784212154.6041400432586669921875 HTTP/1.1" 200 31 "-" "WordPress/7.0; http://cqqizhou.com"
114.119.146.18 - - [16/Jul/2026:22:29:14 +0800] "GET /news/2052 HTTP/1.1" 200 22288 "http://cqqizhou.com/company-news/page/3" "Mozilla/5.0 (Linux; Android 7.0;) AppleWebKit/537.36 (HTML, like Gecko) Mobile Safari/537.36 (compatible; PetalBot;+https://webmaster.petalsearch.com/site/petalbot)"
205.169.39.37 - - [16/Jul/2026:22:30:03 +0800] "GET / HTTP/1.1" 200 35514 "-" "Mozilla/5.0 (Windows NT 10.0; Win64; x64) AppleWebKit/537.36 (KHTML, like Gecko) Chrome/117.0.5938.132 Safari/537.36"
205.169.39.37 - - [16/Jul/2026:22:30:10 +0800] "GET /wp-content/uploads/2025/07/1751425283-qizhou.kf_.qq_.com_.webp HTTP/1.1" 200 16864 "http://cqqizhou.com/" "Mozilla/5.0 (Windows NT 10.0; Win64; x64) AppleWebKit/537.36 (KHTML, like Gecko) Chrome/117.0.5938.132 Safari/537.36"
36.133.115.36 - - [16/Jul/2026:22:30:14 +0800] "POST /wp-cron.php?doing_wp_cron=1784212214.0915400981903076171875 HTTP/1.1" 200 31 "-" "WordPress/7.0; http://cqqizhou.com"
43.166.244.251 - - [16/Jul/2026:22:30:14 +0800] "GET /news/portfolio-category/remaining-rolls HTTP/1.1" 200 18186 "-" "Mozilla/5.0 (iPhone; CPU iPhone OS 13_2_3 like Mac OS X) AppleWebKit/605.1.15 (KHTML, like Gecko) Version/13.0.3 Mobile/15E148 Safari/604.1"
205.169.39.37 - - [16/Jul/2026:22:30:15 +0800] "GET /wp-content/uploads/2025/07/1750174127-Marketing1920x800_3.webp HTTP/1.1" 200 52790 "http://cqqizhou.com/wp-content/uploads/elementor/css/post-1666.css?ver=1782709289" "Mozilla/5.0 (Windows NT 10.0; Win64; x64) AppleWebKit/537.36 (KHTML, like Gecko) Chrome/117.0.5938.132 Safari/537.36"
205.169.39.37 - - [16/Jul/2026:22:30:20 +0800] "GET /wp-content/uploads/2025/07/1753456723-%E5%8F%8C%E7%9B%B8%E9%92%A2roduct_Single600.webp HTTP/1.1" 200 22790 "http://cqqizhou.com/" "Mozilla/5.0 (X11; Linux x86_64) AppleWebKit/537.36 (KHTML, like Gecko) HeadlessChrome/150.0.0.0 Safari/537.36"
205.169.39.37 - - [16/Jul/2026:22:30:20 +0800] "GET /wp-content/uploads/2025/07/1753453096-%E5%8F%8C%E7%9B%B8%E9%92%A2product_Single600%C3%97284.webp HTTP/1.1" 200 14562 "http://cqqizhou.com/" "Mozilla/5.0 (X11; Linux x86_64) AppleWebKit/537.36 (KHTML, like Gecko) HeadlessChrome/150.0.0.0 Safari/537.36"
205.169.39.37 - - [16/Jul/2026:22:30:21 +0800] "GET /wp-content/uploads/2025/07/1753456770-%E7%83%AD%E9%95%80%E9%94%8C%E5%8D%B7product_Single600.webp HTTP/1.1" 200 27502 "http://cqqizhou.com/" "Mozilla/5.0 (X11; Linux x86_64) AppleWebKit/537.36 (KHTML, like Gecko) HeadlessChrome/150.0.0.0 Safari/537.36"
205.169.39.37 - - [16/Jul/2026:22:30:25 +0800] "GET /wp-content/uploads/2025/07/1753453127-%E4%BD%99%E5%8D%B7product_Single600%C3%97284.webp HTTP/1.1" 200 18744 "http://cqqizhou.com/" "Mozilla/5.0 (X11; Linux x86_64) AppleWebKit/537.36 (KHTML, like Gecko) HeadlessChrome/150.0.0.0 Safari/537.36"
36.133.115.36 - - [16/Jul/2026:22:51:04 +0800] "POST /wp-cron.php?doing_wp_cron=1784213464.2246499061584472656250 HTTP/1.1" 200 31 "-" "WordPress/7.0; http://cqqizhou.com"
114.119.146.18 - - [16/Jul/2026:22:51:04 +0800] "GET /news/2582 HTTP/1.1" 200 20180 "http://cqqizhou.com/news/" "Mozilla/5.0 (Linux; Android 7.0;) AppleWebKit/537.36 (HTML, like Gecko) Mobile Safari/537.36 (compatible; PetalBot;+https://webmaster.petalsearch.com/site/petalbot)"
36.133.115.36 - - [16/Jul/2026:22:55:49 +0800] "POST /wp-cron.php?doing_wp_cron=1784213749.6478331089019775390625 HTTP/1.1" 200 31 "-" "WordPress/7.0; http://cqqizhou.com"
129.226.146.146 - - [16/Jul/2026:22:55:49 +0800] "GET /2354/ HTTP/1.1" 404 9498 "-" "Mozilla/5.0 (iPhone; CPU iPhone OS 13_2_3 like Mac OS X) AppleWebKit/605.1.15 (KHTML, like Gecko) Version/13.0.3 Mobile/15E148 Safari/604.1"
36.133.115.36 - - [16/Jul/2026:22:58:12 +0800] "POST /wp-cron.php?doing_wp_cron=1784213892.5858800411224365234375 HTTP/1.1" 200 31 "-" "WordPress/7.0; http://cqqizhou.com"
43.135.145.73 - - [16/Jul/2026:22:58:12 +0800] "GET /wp-content/uploads/2025/07/1753410289-News2000 HTTP/1.1" 404 9498 "-" "Mozilla/5.0 (iPhone; CPU iPhone OS 13_2_3 like Mac OS X) AppleWebKit/605.1.15 (KHTML, like Gecko) Version/13.0.3 Mobile/15E148 Safari/604.1"
36.133.115.36 - - [16/Jul/2026:23:06:54 +0800] "POST /wp-cron.php?doing_wp_cron=1784214414.3983678817749023437500 HTTP/1.1" 200 31 "-" "WordPress/7.0; http://cqqizhou.com"
45.198.224.54 - - [16/Jul/2026:23:06:54 +0800] "GET / HTTP/1.1" 200 109842 "-" "-"
36.133.115.36 - - [16/Jul/2026:23:08:58 +0800] "POST /wp-cron.php?doing_wp_cron=1784214538.7173149585723876953125 HTTP/1.1" 200 31 "-" "WordPress/7.0; http://cqqizhou.com"
170.106.35.137 - - [16/Jul/2026:23:08:58 +0800] "GET /logistics HTTP/1.1" 200 25835 "-" "Mozilla/5.0 (iPhone; CPU iPhone OS 13_2_3 like Mac OS X) AppleWebKit/605.1.15 (KHTML, like Gecko) Version/13.0.3 Mobile/15E148 Safari/604.1"
150.109.119.38 - - [16/Jul/2026:23:09:50 +0800] "GET /wp-content/uploads/2026/01/1767696162-qizhoutruck3.webp HTTP/1.1" 200 19026 "-" "Mozilla/5.0 (iPhone; CPU iPhone OS 13_2_3 like Mac OS X) AppleWebKit/605.1.15 (KHTML, like Gecko) Version/13.0.3 Mobile/15E148 Safari/604.1"
36.133.115.36 - - [16/Jul/2026:23:12:36 +0800] "POST /wp-cron.php?doing_wp_cron=1784214756.2555758953094482421875 HTTP/1.1" 200 31 "-" "WordPress/7.0; http://cqqizhou.com"
43.157.188.74 - - [16/Jul/2026:23:12:36 +0800] "GET /wp-content/uploads/2025/07/1753456723- HTTP/1.1" 404 9498 "-" "Mozilla/5.0 (iPhone; CPU iPhone OS 13_2_3 like Mac OS X) AppleWebKit/605.1.15 (KHTML, like Gecko) Version/13.0.3 Mobile/15E148 Safari/604.1"
36.133.115.36 - - [16/Jul/2026:23:14:10 +0800] "POST /wp-cron.php?doing_wp_cron=1784214850.3991370201110839843750 HTTP/1.1" 200 31 "-" "WordPress/7.0; http://cqqizhou.com"
36.133.108.125 - - [16/Jul/2026:23:14:10 +0800] "HEAD / HTTP/1.1" 301 0 "-" "Mozilla/5.0 (Windows NT 6.3; rv:36.0) Gecko/20100101 Firefox/36.0"
36.133.115.36 - - [16/Jul/2026:23:15:54 +0800] "POST /wp-cron.php?doing_wp_cron=1784214954.3316121101379394531250 HTTP/1.1" 200 31 "-" "WordPress/7.0; http://cqqizhou.com"
110.249.201.152 - - [16/Jul/2026:23:15:54 +0800] "GET /robots.txt HTTP/1.1" 200 190 "-" "Mozilla/5.0 (Linux; Android 5.0) AppleWebKit/537.36 (KHTML, like Gecko) Mobile Safari/537.36 (compatible; Bytespider; https://zhanzhang.toutiao.com/)"
36.133.115.36 - - [16/Jul/2026:23:20:56 +0800] "POST /wp-cron.php?doing_wp_cron=1784215256.6035509109497070312500 HTTP/1.1" 200 31 "-" "WordPress/7.0; http://cqqizhou.com"
54.146.156.132 - - [16/Jul/2026:23:20:56 +0800] "GET / HTTP/1.1" 301 5 "-" "Mozilla/5.0 (Windows NT 10.0; Win64; x64) AppleWebKit/537.36 (KHTML, like Gecko) Chrome/136.0.0.0 Safari/537.36"
36.133.115.36 - - [16/Jul/2026:23:24:00 +0800] "POST /wp-cron.php?doing_wp_cron=1784215440.4527969360351562500000 HTTP/1.1" 200 31 "-" "WordPress/7.0; http://cqqizhou.com"
34.77.13.115 - - [16/Jul/2026:23:24:00 +0800] "GET / HTTP/1.1" 200 35071 "-" "Mozilla/5.0 (Windows NT 10.0; Win64; x64) AppleWebKit/537.36 (KHTML, like Gecko) Chrome/127.0.0.0 Safari/537.36"
34.77.13.115 - - [16/Jul/2026:23:24:13 +0800] "OPTIONS / HTTP/1.1" 405 150 "-" "Mozilla/5.0 (compatible)"
34.77.13.115 - - [16/Jul/2026:23:24:13 +0800] "JECB / HTTP/1.1" 405 150 "-" "Mozilla/5.0 (compatible)"
36.133.115.36 - - [16/Jul/2026:23:24:15 +0800] "POST /wp-cron.php?doing_wp_cron=1784215454.9881250858306884765625 HTTP/1.1" 200 31 "-" "WordPress/7.0; http://cqqizhou.com"
34.77.13.115 - - [16/Jul/2026:23:24:15 +0800] "GET / HTTP/1.1" 301 5 "-" "Mozilla/5.0 (compatible)"
34.77.13.115 - - [16/Jul/2026:23:24:16 +0800] "HEAD / HTTP/1.1" 301 0 "-" "Mozilla/5.0 (compatible)"
34.77.13.115 - - [16/Jul/2026:23:24:18 +0800] "GET / HTTP/1.1" 301 5 "-" "Mozilla/5.0 (compatible)"
34.77.13.115 - - [16/Jul/2026:23:24:18 +0800] "POST / HTTP/1.1" 200 158029 "-" "Mozilla/5.0 (compatible)"
180.153.236.102 - - [16/Jul/2026:23:25:39 +0800] "GET / HTTP/1.1" 200 35514 "http://cqqizhou.com/" "Mozilla/5.0 (Windows NT 10.0; Win64; x64) AppleWebKit/537.36 (KHTML, like Gecko) Chrome/140.0.0.0 Safari/537.36 Edg/140.0.0.0; 360Spider"
180.153.236.100 - - [16/Jul/2026:23:26:06 +0800] "GET / HTTP/1.1" 200 35514 "http://cqqizhou.com/" "User-Agent:Mozilla/5.0 (Windows NT 10.0; Win64; x64) AppleWebKit/537.36 (KHTML, like Gecko) Chrome/140.0.0.0 Safari/537.36 Edg/140.0.0.0; 360Spider"
36.133.115.36 - - [16/Jul/2026:23:31:26 +0800] "POST /wp-cron.php?doing_wp_cron=1784215886.1994440555572509765625 HTTP/1.1" 200 31 "-" "WordPress/7.0; http://cqqizhou.com"
114.119.138.179 - - [16/Jul/2026:23:31:26 +0800] "GET /news/2559 HTTP/1.1" 200 20745 "http://cqqizhou.com/company-news/page/1" "Mozilla/5.0 (Linux; Android 8.0.0; SM-G955U Build/R16NW) AppleWebKit/537.36 (KHTML, like Gecko) Chrome/148.0.0.0 Mobile Safari/537.36"
36.133.115.36 - - [16/Jul/2026:23:38:17 +0800] "POST /wp-cron.php?doing_wp_cron=1784216297.3822441101074218750000 HTTP/1.1" 200 31 "-" "WordPress/7.0; http://cqqizhou.com"
14.111.57.175 - - [16/Jul/2026:23:38:17 +0800] "GET / HTTP/1.1" 301 5 "-" "Mozilla/5.0 (Windows NT 10.0; Win64; x64) AppleWebKit/537.36 (KHTML, like Gecko) Chrome/135.0.0.0 Safari/537.36"
14.111.57.175 - - [16/Jul/2026:23:38:17 +0800] "GET / HTTP/1.1" 200 35514 "-" "Mozilla/5.0 (Windows NT 10.0; Win64; x64) AppleWebKit/537.36 (KHTML, like Gecko) Chrome/135.0.0.0 Safari/537.36"
36.133.115.36 - - [16/Jul/2026:23:38:20 +0800] "POST /wp-cron.php?doing_wp_cron=1784216300.7642729282379150390625 HTTP/1.1" 200 31 "-" "WordPress/7.0; http://cqqizhou.com"
43.133.253.253 - - [16/Jul/2026:23:38:20 +0800] "GET /services HTTP/1.1" 200 26397 "-" "Mozilla/5.0 (iPhone; CPU iPhone OS 13_2_3 like Mac OS X) AppleWebKit/605.1.15 (KHTML, like Gecko) Version/13.0.3 Mobile/15E148 Safari/604.1"
36.133.115.36 - - [16/Jul/2026:23:41:42 +0800] "POST /wp-cron.php?doing_wp_cron=1784216502.0185918807983398437500 HTTP/1.1" 200 31 "-" "WordPress/7.0; http://cqqizhou.com"
140.245.99.105 - - [16/Jul/2026:23:41:42 +0800] "GET / HTTP/1.1" 301 5 "-" "Mozilla/5.0 (Windows NT 10.0; Win64; x64) AppleWebKit/537.36 (KHTML, like Gecko) Chrome/135.0.0.0 Safari/537.36"
36.133.115.36 - - [16/Jul/2026:23:42:39 +0800] "POST /wp-cron.php?doing_wp_cron=1784216559.3124840259552001953125 HTTP/1.1" 200 31 "-" "WordPress/7.0; http://cqqizhou.com"
220.158.233.26 - - [16/Jul/2026:23:42:39 +0800] "GET / HTTP/1.1" 301 5 "-" "Mozilla/5.0 (Windows NT 10.0; Win64; x64) AppleWebKit/537.36 (KHTML, like Gecko) Chrome/135.0.0.0 Safari/537.36"
36.133.115.36 - - [16/Jul/2026:23:42:40 +0800] "POST /wp-cron.php?doing_wp_cron=1784216560.4237511157989501953125 HTTP/1.1" 200 31 "-" "WordPress/7.0; http://cqqizhou.com"
94.154.43.243 - - [16/Jul/2026:23:42:41 +0800] "GET / HTTP/1.1" 200 158029 "-" "-"
220.158.233.26 - - [16/Jul/2026:23:42:47 +0800] "GET / HTTP/1.1" 200 35514 "-" "Mozilla/5.0 (Windows NT 10.0; Win64; x64) AppleWebKit/537.36 (KHTML, like Gecko) Chrome/135.0.0.0 Safari/537.36"
220.158.233.26 - - [16/Jul/2026:23:42:48 +0800] "GET /druid HTTP/1.1" 301 5 "-" "Mozilla/5.0 (Windows NT 10.0; Win64; x64) AppleWebKit/537.36 (KHTML, like Gecko) Chrome/135.0.0.0 Safari/537.36"
220.158.233.26 - - [16/Jul/2026:23:43:27 +0800] "GET /druid HTTP/1.1" 404 9498 "-" "Mozilla/5.0 (Windows NT 10.0; Win64; x64) AppleWebKit/537.36 (KHTML, like Gecko) Chrome/135.0.0.0 Safari/537.36"
36.133.115.36 - - [16/Jul/2026:23:43:43 +0800] "POST /wp-cron.php?doing_wp_cron=1784216623.1346600055694580078125 HTTP/1.1" 200 31 "-" "WordPress/7.0; http://cqqizhou.com"
220.158.233.26 - - [16/Jul/2026:23:43:43 +0800] "GET /webroot/decision/login HTTP/1.1" 301 5 "-" "Mozilla/5.0 (Windows NT 10.0; Win64; x64) AppleWebKit/537.36 (KHTML, like Gecko) Chrome/135.0.0.0 Safari/537.36"
220.158.233.26 - - [16/Jul/2026:23:43:45 +0800] "GET /webroot/decision/login HTTP/1.1" 404 9497 "-" "Mozilla/5.0 (Windows NT 10.0; Win64; x64) AppleWebKit/537.36 (KHTML, like Gecko) Chrome/135.0.0.0 Safari/537.36"
220.158.233.26 - - [16/Jul/2026:23:43:48 +0800] "GET /nacos HTTP/1.1" 301 5 "-" "Mozilla/5.0 (Windows NT 10.0; Win64; x64) AppleWebKit/537.36 (KHTML, like Gecko) Chrome/135.0.0.0 Safari/537.36"
220.158.233.26 - - [16/Jul/2026:23:43:55 +0800] "GET /nacos HTTP/1.1" 404 9496 "-" "Mozilla/5.0 (Windows NT 10.0; Win64; x64) AppleWebKit/537.36 (KHTML, like Gecko) Chrome/135.0.0.0 Safari/537.36"
220.158.233.26 - - [16/Jul/2026:23:43:57 +0800] "GET /jc6/platform/sys/login HTTP/1.1" 301 5 "-" "Mozilla/5.0 (Windows NT 10.0; Win64; x64) AppleWebKit/537.36 (KHTML, like Gecko) Chrome/135.0.0.0 Safari/537.36"
220.158.233.26 - - [16/Jul/2026:23:43:59 +0800] "GET /jc6/platform/sys/login HTTP/1.1" 404 9498 "-" "Mozilla/5.0 (Windows NT 10.0; Win64; x64) AppleWebKit/537.36 (KHTML, like Gecko) Chrome/135.0.0.0 Safari/537.36"
220.158.233.26 - - [16/Jul/2026:23:44:00 +0800] "GET /xxl-job HTTP/1.1" 301 5 "-" "Mozilla/5.0 (Windows NT 10.0; Win64; x64) AppleWebKit/537.36 (KHTML, like Gecko) Chrome/135.0.0.0 Safari/537.36"
220.158.233.26 - - [16/Jul/2026:23:44:02 +0800] "GET /xxl-job HTTP/1.1" 404 9498 "-" "Mozilla/5.0 (Windows NT 10.0; Win64; x64) AppleWebKit/537.36 (KHTML, like Gecko) Chrome/135.0.0.0 Safari/537.36"
220.158.233.26 - - [16/Jul/2026:23:44:04 +0800] "GET /admin HTTP/1.1" 301 5 "-" "Mozilla/5.0 (Windows NT 10.0; Win64; x64) AppleWebKit/537.36 (KHTML, like Gecko) Chrome/135.0.0.0 Safari/537.36"
220.158.233.26 - - [16/Jul/2026:23:44:06 +0800] "GET /admin HTTP/1.1" 302 5 "-" "Mozilla/5.0 (Windows NT 10.0; Win64; x64) AppleWebKit/537.36 (KHTML, like Gecko) Chrome/135.0.0.0 Safari/537.36"
36.133.115.36 - - [16/Jul/2026:23:44:08 +0800] "POST /wp-cron.php?doing_wp_cron=1784216648.4642460346221923828125 HTTP/1.1" 200 31 "-" "WordPress/7.0; http://cqqizhou.com"
220.158.233.26 - - [16/Jul/2026:23:44:08 +0800] "GET /wp-admin/ HTTP/1.1" 302 5 "-" "Mozilla/5.0 (Windows NT 10.0; Win64; x64) AppleWebKit/537.36 (KHTML, like Gecko) Chrome/135.0.0.0 Safari/537.36"
220.158.233.26 - - [16/Jul/2026:23:44:09 +0800] "GET /wp-login.php?redirect_to=http://cqqizhou.com/wp-admin/&reauth=1 HTTP/1.1" 200 2821 "-" "Mozilla/5.0 (Windows NT 10.0; Win64; x64) AppleWebKit/537.36 (KHTML, like Gecko) Chrome/135.0.0.0 Safari/537.36"
220.158.233.26 - - [16/Jul/2026:23:44:14 +0800] "GET /.svn/entries HTTP/1.1" 301 5 "-" "Mozilla/5.0 (Windows NT 10.0; Win64; x64) AppleWebKit/537.36 (KHTML, like Gecko) Chrome/135.0.0.0 Safari/537.36"
220.158.233.26 - - [16/Jul/2026:23:44:17 +0800] "GET /.svn/entries HTTP/1.1" 404 9498 "-" "Mozilla/5.0 (Windows NT 10.0; Win64; x64) AppleWebKit/537.36 (KHTML, like Gecko) Chrome/135.0.0.0 Safari/537.36"
220.158.233.26 - - [16/Jul/2026:23:44:19 +0800] "GET /.git/config HTTP/1.1" 301 5 "-" "Mozilla/5.0 (Windows NT 10.0; Win64; x64) AppleWebKit/537.36 (KHTML, like Gecko) Chrome/135.0.0.0 Safari/537.36"
220.158.233.26 - - [16/Jul/2026:23:44:20 +0800] "GET /.git/config HTTP/1.1" 404 9497 "-" "Mozilla/5.0 (Windows NT 10.0; Win64; x64) AppleWebKit/537.36 (KHTML, like Gecko) Chrome/135.0.0.0 Safari/537.36"
220.158.233.26 - - [16/Jul/2026:23:44:24 +0800] "GET /docs HTTP/1.1" 301 5 "-" "Mozilla/5.0 (Windows NT 10.0; Win64; x64) AppleWebKit/537.36 (KHTML, like Gecko) Chrome/135.0.0.0 Safari/537.36"
220.158.233.26 - - [16/Jul/2026:23:44:25 +0800] "GET /docs HTTP/1.1" 404 9497 "-" "Mozilla/5.0 (Windows NT 10.0; Win64; x64) AppleWebKit/537.36 (KHTML, like Gecko) Chrome/135.0.0.0 Safari/537.36"
220.158.233.26 - - [16/Jul/2026:23:44:35 +0800] "GET /api-docs HTTP/1.1" 301 5 "-" "Mozilla/5.0 (Windows NT 10.0; Win64; x64) AppleWebKit/537.36 (KHTML, like Gecko) Chrome/135.0.0.0 Safari/537.36"
220.158.233.26 - - [16/Jul/2026:23:44:36 +0800] "GET /api-docs HTTP/1.1" 404 9498 "-" "Mozilla/5.0 (Windows NT 10.0; Win64; x64) AppleWebKit/537.36 (KHTML, like Gecko) Chrome/135.0.0.0 Safari/537.36"
43.135.115.233 - - [16/Jul/2026:23:44:43 +0800] "GET /wp-content/plugins/ HTTP/1.1" 200 31 "-" "Mozilla/5.0 (iPhone; CPU iPhone OS 13_2_3 like Mac OS X) AppleWebKit/605.1.15 (KHTML, like Gecko) Version/13.0.3 Mobile/15E148 Safari/604.1"
220.158.233.26 - - [16/Jul/2026:23:45:07 +0800] "GET /api/docs HTTP/1.1" 301 5 "-" "Mozilla/5.0 (Windows NT 10.0; Win64; x64) AppleWebKit/537.36 (KHTML, like Gecko) Chrome/135.0.0.0 Safari/537.36"
36.133.115.36 - - [16/Jul/2026:23:45:46 +0800] "POST /wp-cron.php?doing_wp_cron=1784216746.1736218929290771484375 HTTP/1.1" 200 31 "-" "WordPress/7.0; http://cqqizhou.com"
220.158.233.26 - - [16/Jul/2026:23:45:46 +0800] "GET /api/docs HTTP/1.1" 404 9498 "-" "Mozilla/5.0 (Windows NT 10.0; Win64; x64) AppleWebKit/537.36 (KHTML, like Gecko) Chrome/135.0.0.0 Safari/537.36"
220.158.233.26 - - [16/Jul/2026:23:46:06 +0800] "GET /v1/api-docs HTTP/1.1" 301 5 "-" "Mozilla/5.0 (Windows NT 10.0; Win64; x64) AppleWebKit/537.36 (KHTML, like Gecko) Chrome/135.0.0.0 Safari/537.36"
36.133.115.36 - - [16/Jul/2026:23:46:08 +0800] "POST /wp-cron.php?doing_wp_cron=1784216768.5130081176757812500000 HTTP/1.1" 200 31 "-" "WordPress/7.0; http://cqqizhou.com"
220.158.233.26 - - [16/Jul/2026:23:46:08 +0800] "GET /v1/api-docs HTTP/1.1" 404 9498 "-" "Mozilla/5.0 (Windows NT 10.0; Win64; x64) AppleWebKit/537.36 (KHTML, like Gecko) Chrome/135.0.0.0 Safari/537.36"
220.158.233.26 - - [16/Jul/2026:23:46:36 +0800] "GET /v2/api-docs HTTP/1.1" 301 5 "-" "Mozilla/5.0 (Windows NT 10.0; Win64; x64) AppleWebKit/537.36 (KHTML, like Gecko) Chrome/135.0.0.0 Safari/537.36"
220.158.233.26 - - [16/Jul/2026:23:46:37 +0800] "GET /v2/api-docs HTTP/1.1" 404 9498 "-" "Mozilla/5.0 (Windows NT 10.0; Win64; x64) AppleWebKit/537.36 (KHTML, like Gecko) Chrome/135.0.0.0 Safari/537.36"
36.133.115.36 - - [16/Jul/2026:23:47:51 +0800] "POST /wp-cron.php?doing_wp_cron=1784216871.3166520595550537109375 HTTP/1.1" 200 31 "-" "WordPress/7.0; http://cqqizhou.com"
220.158.233.26 - - [16/Jul/2026:23:47:51 +0800] "GET /v3/api-docs HTTP/1.1" 301 5 "-" "Mozilla/5.0 (Windows NT 10.0; Win64; x64) AppleWebKit/537.36 (KHTML, like Gecko) Chrome/135.0.0.0 Safari/537.36"
15.235.27.32 - - [16/Jul/2026:23:47:55 +0800] "GET /news/2592 HTTP/1.1" 200 24627 "-" "Mozilla/5.0 (compatible; AhrefsBot/7.0; +http://ahrefs.com/robot/)"
220.158.233.26 - - [16/Jul/2026:23:48:02 +0800] "GET /v3/api-docs HTTP/1.1" 404 9498 "-" "Mozilla/5.0 (Windows NT 10.0; Win64; x64) AppleWebKit/537.36 (KHTML, like Gecko) Chrome/135.0.0.0 Safari/537.36"
36.133.115.36 - - [16/Jul/2026:23:48:53 +0800] "POST /wp-cron.php?doing_wp_cron=1784216932.9668700695037841796875 HTTP/1.1" 200 31 "-" "WordPress/7.0; http://cqqizhou.com"
220.158.233.26 - - [16/Jul/2026:23:48:53 +0800] "GET /swagger-ui.html HTTP/1.1" 301 5 "-" "Mozilla/5.0 (Windows NT 10.0; Win64; x64) AppleWebKit/537.36 (KHTML, like Gecko) Chrome/135.0.0.0 Safari/537.36"
220.158.233.26 - - [16/Jul/2026:23:49:06 +0800] "GET /swagger-ui.html HTTP/1.1" 404 9498 "-" "Mozilla/5.0 (Windows NT 10.0; Win64; x64) AppleWebKit/537.36 (KHTML, like Gecko) Chrome/135.0.0.0 Safari/537.36"
36.133.115.36 - - [16/Jul/2026:23:49:18 +0800] "POST /wp-cron.php?doing_wp_cron=1784216958.4889860153198242187500 HTTP/1.1" 200 31 "-" "WordPress/7.0; http://cqqizhou.com"
220.158.233.26 - - [16/Jul/2026:23:49:18 +0800] "GET /report HTTP/1.1" 301 5 "-" "Mozilla/5.0 (Windows NT 10.0; Win64; x64) AppleWebKit/537.36 (KHTML, like Gecko) Chrome/135.0.0.0 Safari/537.36"
220.158.233.26 - - [16/Jul/2026:23:49:19 +0800] "GET /report HTTP/1.1" 404 9498 "-" "Mozilla/5.0 (Windows NT 10.0; Win64; x64) AppleWebKit/537.36 (KHTML, like Gecko) Chrome/135.0.0.0 Safari/537.36"
220.158.233.26 - - [16/Jul/2026:23:49:21 +0800] "GET /prod-api HTTP/1.1" 301 5 "-" "Mozilla/5.0 (Windows NT 10.0; Win64; x64) AppleWebKit/537.36 (KHTML, like Gecko) Chrome/135.0.0.0 Safari/537.36"
220.158.233.26 - - [16/Jul/2026:23:49:28 +0800] "GET /prod-api HTTP/1.1" 404 9498 "-" "Mozilla/5.0 (Windows NT 10.0; Win64; x64) AppleWebKit/537.36 (KHTML, like Gecko) Chrome/135.0.0.0 Safari/537.36"
36.133.115.36 - - [16/Jul/2026:23:54:32 +0800] "POST /wp-cron.php?doing_wp_cron=1784217272.5467948913574218750000 HTTP/1.1" 200 31 "-" "WordPress/7.0; http://cqqizhou.com"
119.84.246.117 - - [16/Jul/2026:23:54:32 +0800] "GET / HTTP/1.1" 301 5 "-" "-"
119.84.246.117 - - [16/Jul/2026:23:54:32 +0800] "GET / HTTP/1.1" 200 159688 "-" "-"
119.84.246.117 - - [16/Jul/2026:23:54:34 +0800] "GET / HTTP/1.1" 301 5 "-" "Mozilla/5.0 (Windows; U; Windows NT 5.2) AppleWebKit/525.13 (KHTML, like Gecko) Version/3.1 Safari/525.13"
119.84.246.117 - - [16/Jul/2026:23:54:34 +0800] "GET / HTTP/1.1" 200 35514 "-" "Mozilla/5.0 (Windows; U; Windows NT 5.2) AppleWebKit/525.13 (KHTML, like Gecko) Version/3.1 Safari/525.13"
119.84.246.117 - - [16/Jul/2026:23:54:34 +0800] "GET /wp-content/uploads/2025/07/1753456723-%E5%8F%8C%E7%9B%B8%E9%92%A2roduct_Single600.webp HTTP/1.1" 200 22790 "http://cqqizhou.com/" "Mozilla/5.0 (Windows; U; Windows NT 5.2) AppleWebKit/525.13 (KHTML, like Gecko) Version/3.1 Safari/525.13"
119.84.246.117 - - [16/Jul/2026:23:54:34 +0800] "GET /wp-content/uploads/2025/07/1751425283-qizhou.kf_.qq_.com_.webp HTTP/1.1" 200 16864 "http://cqqizhou.com/" "Mozilla/5.0 (Windows; U; Windows NT 5.2) AppleWebKit/525.13 (KHTML, like Gecko) Version/3.1 Safari/525.13"
119.84.246.117 - - [16/Jul/2026:23:54:34 +0800] "GET /wp-content/uploads/2025/07/1753453096-%E5%8F%8C%E7%9B%B8%E9%92%A2product_Single600%C3%97284.webp HTTP/1.1" 200 14562 "http://cqqizhou.com/" "Mozilla/5.0 (Windows; U; Windows NT 5.2) AppleWebKit/525.13 (KHTML, like Gecko) Version/3.1 Safari/525.13"
119.84.246.117 - - [16/Jul/2026:23:54:34 +0800] "GET /wp-content/uploads/2025/07/1753456770-%E7%83%AD%E9%95%80%E9%94%8C%E5%8D%B7product_Single600.webp HTTP/1.1" 200 27502 "http://cqqizhou.com/" "Mozilla/5.0 (Windows; U; Windows NT 5.2) AppleWebKit/525.13 (KHTML, like Gecko) Version/3.1 Safari/525.13"
119.84.246.117 - - [16/Jul/2026:23:54:34 +0800] "GET /wp-content/uploads/2025/07/1753453127-%E4%BD%99%E5%8D%B7product_Single600%C3%97284.webp HTTP/1.1" 200 18744 "http://cqqizhou.com/" "Mozilla/5.0 (Windows; U; Windows NT 5.2) AppleWebKit/525.13 (KHTML, like Gecko) Version/3.1 Safari/525.13"
119.84.246.117 - - [16/Jul/2026:23:54:34 +0800] "GET /wp-content/uploads/2026/06/1782708718-1Article_images_W900px.webp HTTP/1.1" 200 54948 "http://cqqizhou.com/" "Mozilla/5.0 (Windows; U; Windows NT 5.2) AppleWebKit/525.13 (KHTML, like Gecko) Version/3.1 Safari/525.13"
119.84.246.117 - - [16/Jul/2026:23:54:34 +0800] "GET /wp-content/uploads/2026/06/1782182572-Article_images_W900px.webp HTTP/1.1" 200 24314 "http://cqqizhou.com/" "Mozilla/5.0 (Windows; U; Windows NT 5.2) AppleWebKit/525.13 (KHTML, like Gecko) Version/3.1 Safari/525.13"
119.84.246.117 - - [16/Jul/2026:23:54:34 +0800] "GET /wp-content/uploads/2026/06/1782392245-Article_images_W900px.webp HTTP/1.1" 200 62046 "http://cqqizhou.com/" "Mozilla/5.0 (Windows; U; Windows NT 5.2) AppleWebKit/525.13 (KHTML, like Gecko) Version/3.1 Safari/525.13"
119.84.246.117 - - [16/Jul/2026:23:54:34 +0800] "GET /wp-content/uploads/2026/06/1781880807-Article_images_W900px.webp HTTP/1.1" 200 25354 "http://cqqizhou.com/" "Mozilla/5.0 (Windows; U; Windows NT 5.2) AppleWebKit/525.13 (KHTML, like Gecko) Version/3.1 Safari/525.13"
119.84.246.117 - - [16/Jul/2026:23:54:34 +0800] "GET /wp-content/uploads/2026/06/1780363378-1Article_images_W900px.webp HTTP/1.1" 200 62100 "http://cqqizhou.com/" "Mozilla/5.0 (Windows; U; Windows NT 5.2) AppleWebKit/525.13 (KHTML, like Gecko) Version/3.1 Safari/525.13"