36.133.115.36 - - [16/Jul/2026:14:13:05 +0800] "POST /wp-cron.php?doing_wp_cron=1784182385.2735629081726074218750 HTTP/1.1" 200 31 "-" "WordPress/7.0; http://cqqizhou.com"
119.45.7.86 - - [16/Jul/2026:14:13:05 +0800] "GET / HTTP/1.1" 200 35071 "-" "Mozilla/5.0 (iPhone; CPU iPhone OS 13_2_3 like Mac OS X) AppleWebKit/605.1.15 (KHTML, like Gecko) Version/13.0.3 Mobile/15E148 Safari/604.1"
36.133.115.36 - - [16/Jul/2026:14:15:16 +0800] "POST /wp-cron.php?doing_wp_cron=1784182516.6299870014190673828125 HTTP/1.1" 200 31 "-" "WordPress/7.0; http://cqqizhou.com"
94.154.43.243 - - [16/Jul/2026:14:15:18 +0800] "GET / HTTP/1.1" 200 158029 "-" "-"
117.132.46.215 - - [16/Jul/2026:14:15:25 +0800] "GET /news/tag/%e5%90%af%e8%88%9f%e7%ae%a1%e7%90%86 HTTP/1.1" 200 24200 "-" "Mozilla/5.0 (Windows NT 10.0; Win64; x64) AppleWebKit/537.36 (KHTML, like Gecko) Chrome/135.0.0.0 Safari/537.36"
36.133.115.36 - - [16/Jul/2026:14:21:25 +0800] "POST /wp-cron.php?doing_wp_cron=1784182885.8575310707092285156250 HTTP/1.1" 200 31 "-" "WordPress/7.0; http://cqqizhou.com"
114.119.138.179 - - [16/Jul/2026:14:21:25 +0800] "GET /club/ HTTP/1.1" 301 5 "http://cqqizhou.com/2162/" "Mozilla/5.0 (Linux; Android 7.0;) AppleWebKit/537.36 (HTML, like Gecko) Mobile Safari/537.36 (compatible; PetalBot;+https://webmaster.petalsearch.com/site/petalbot)"
114.119.138.179 - - [16/Jul/2026:14:21:27 +0800] "GET /club HTTP/1.1" 200 12417 "http://cqqizhou.com/2162/" "Mozilla/5.0 (Linux; Android 7.0;) AppleWebKit/537.36 (HTML, like Gecko) Mobile Safari/537.36 (compatible; PetalBot;+https://webmaster.petalsearch.com/site/petalbot)"
36.133.115.36 - - [16/Jul/2026:14:30:03 +0800] "POST /wp-cron.php?doing_wp_cron=1784183402.9889469146728515625000 HTTP/1.1" 200 31 "-" "WordPress/7.0; http://cqqizhou.com"
172.110.223.132 - - [16/Jul/2026:14:30:03 +0800] "GET / HTTP/1.1" 301 5 "-" "-"
36.133.115.36 - - [16/Jul/2026:14:37:12 +0800] "POST /wp-cron.php?doing_wp_cron=1784183832.4063920974731445312500 HTTP/1.1" 200 31 "-" "WordPress/7.0; http://cqqizhou.com"
43.134.62.67 - - [16/Jul/2026:14:37:12 +0800] "GET /wp-admin/admin-ajax.php HTTP/1.1" 400 11 "-" "Mozilla/5.0 (iPhone; CPU iPhone OS 13_2_3 like Mac OS X) AppleWebKit/605.1.15 (KHTML, like Gecko) Version/13.0.3 Mobile/15E148 Safari/604.1"
111.33.216.248 - - [16/Jul/2026:14:40:00 +0800] "GET /bug HTTP/1.1" 200 13353 "-" "Mozilla/5.0 (Macintosh; Intel Mac OS X 10_15_7) AppleWebKit/537.36 (KHTML, like Gecko) Chrome/125.0.0.0 Safari/537.36"
36.133.115.36 - - [16/Jul/2026:14:49:08 +0800] "POST /wp-cron.php?doing_wp_cron=1784184548.9211258888244628906250 HTTP/1.1" 200 31 "-" "WordPress/7.0; http://cqqizhou.com"
160.119.71.9 - - [16/Jul/2026:14:49:09 +0800] "GET / HTTP/1.1" 200 109837 "-" "Mozilla/5.0 (X11; Linux x86_64; rv:144.0) Gecko/20100101 Firefox/144.0"
114.119.138.179 - - [16/Jul/2026:14:49:10 +0800] "GET /wp-content/uploads/2026/02/1769999241-4.2%E7%B1%B3%E9%AB%98%E6%A0%8F%E8%B4%A7%E8%BD%A6-300x169.webp HTTP/1.1" 200 12930 "http://cqqizhou.com/media/5" "Mozilla/5.0 (Linux; Android 7.0;) AppleWebKit/537.36 (HTML, like Gecko) Mobile Safari/537.36 (compatible; PetalBot;+https://webmaster.petalsearch.com/site/petalbot)"
36.133.115.36 - - [16/Jul/2026:14:50:34 +0800] "POST /wp-cron.php?doing_wp_cron=1784184634.4172201156616210937500 HTTP/1.1" 200 31 "-" "WordPress/7.0; http://cqqizhou.com"
114.119.144.41 - - [16/Jul/2026:14:50:34 +0800] "GET /portfolio-category/hot-dip-galvanized-coil/ HTTP/1.1" 301 5 "http://cqqizhou.com/" "Mozilla/5.0 (Linux; Android 7.0;) AppleWebKit/537.36 (HTML, like Gecko) Mobile Safari/537.36 (compatible; PetalBot;+https://webmaster.petalsearch.com/site/petalbot)"
114.119.144.41 - - [16/Jul/2026:14:50:36 +0800] "GET /news/portfolio/hot-dip-galvanized-coil HTTP/1.1" 200 19410 "http://cqqizhou.com/" "Mozilla/5.0 (Linux; Android 7.0;) AppleWebKit/537.36 (HTML, like Gecko) Mobile Safari/537.36 (compatible; PetalBot;+https://webmaster.petalsearch.com/site/petalbot)"
36.133.115.36 - - [16/Jul/2026:14:51:57 +0800] "POST /wp-cron.php?doing_wp_cron=1784184717.7815499305725097656250 HTTP/1.1" 200 31 "-" "WordPress/7.0; http://cqqizhou.com"
114.119.144.41 - - [16/Jul/2026:14:51:57 +0800] "GET /news/2502 HTTP/1.1" 200 21251 "http://cqqizhou.com/company-news/page/2" "Mozilla/5.0 (Linux; Android 7.0;) AppleWebKit/537.36 (HTML, like Gecko) Mobile Safari/537.36 (compatible; PetalBot;+https://webmaster.petalsearch.com/site/petalbot)"
36.133.115.36 - - [16/Jul/2026:14:55:32 +0800] "POST /wp-cron.php?doing_wp_cron=1784184932.0650529861450195312500 HTTP/1.1" 200 31 "-" "WordPress/7.0; http://cqqizhou.com"
198.235.24.242 - - [16/Jul/2026:14:55:32 +0800] "GET / HTTP/1.1" 200 35071 "-" "Hello from Palo Alto Networks, find out more about our scans in https://docs-cortex.paloaltonetworks.com/r/1/Cortex-Xpanse/Scanning-activity"
36.133.115.36 - - [16/Jul/2026:15:00:02 +0800] "POST /wp-cron.php?doing_wp_cron=1784185202.8558590412139892578125 HTTP/1.1" 200 31 "-" "WordPress/7.0; http://cqqizhou.com"
40.77.167.12 - - [16/Jul/2026:15:00:02 +0800] "GET /?s=2026 HTTP/1.1" 200 20126 "-" "Mozilla/5.0 AppleWebKit/537.36 (KHTML, like Gecko; compatible; bingbot/2.0; +http://www.bing.com/bingbot.htm) Chrome/116.0.1938.76 Safari/537.36"
158.173.79.151 - - [16/Jul/2026:15:05:11 +0800] "GET /contacts HTTP/1.0" 200 79845 "http://cqqizhou.com/contacts" "Mozilla/5.0 (Windows NT 6.1; WOW64) AppleWebKit/537.36 (KHTML, like Gecko) Chrome/103.0.0.0 Safari/537.36"
36.133.115.36 - - [16/Jul/2026:15:05:14 +0800] "POST /wp-cron.php?doing_wp_cron=1784185514.1577088832855224609375 HTTP/1.1" 200 31 "-" "WordPress/7.0; http://cqqizhou.com"
158.173.79.151 - - [16/Jul/2026:15:05:15 +0800] "POST /contacts HTTP/1.0" 200 70298 "http://cqqizhou.com/contacts" "Mozilla/5.0 (Windows NT 6.1; WOW64) AppleWebKit/537.36 (KHTML, like Gecko) Chrome/103.0.0.0 Safari/537.36"
36.133.115.36 - - [16/Jul/2026:15:06:12 +0800] "POST /wp-cron.php?doing_wp_cron=1784185572.7695779800415039062500 HTTP/1.1" 200 31 "-" "WordPress/7.0; http://cqqizhou.com"
43.163.80.48 - - [16/Jul/2026:15:06:12 +0800] "GET /feed HTTP/1.1" 200 39148 "-" "Mozilla/5.0 (iPhone; CPU iPhone OS 13_2_3 like Mac OS X) AppleWebKit/605.1.15 (KHTML, like Gecko) Version/13.0.3 Mobile/15E148 Safari/604.1"
36.133.115.36 - - [16/Jul/2026:15:17:30 +0800] "POST /wp-cron.php?doing_wp_cron=1784186250.7778830528259277343750 HTTP/1.1" 200 31 "-" "WordPress/7.0; http://cqqizhou.com"
114.119.135.202 - - [16/Jul/2026:15:17:30 +0800] "GET /news/2464 HTTP/1.1" 200 20148 "http://cqqizhou.com/company-news/page/2" "Mozilla/5.0 (Linux; Android 8.0.0; SM-G955U Build/R16NW) AppleWebKit/537.36 (KHTML, like Gecko) Chrome/148.0.0.0 Mobile Safari/537.36"
36.133.115.36 - - [16/Jul/2026:15:36:22 +0800] "POST /wp-cron.php?doing_wp_cron=1784187382.5841419696807861328125 HTTP/1.1" 200 31 "-" "WordPress/7.0; http://cqqizhou.com"
36.156.195.197 - - [16/Jul/2026:15:36:22 +0800] "GET / HTTP/1.1" 301 5 "-" "Mozilla/5.0 (Linux; Android 16; V2359A) AppleWebKit/537.36 (KHTML, like Gecko) Chrome/131.0.6778.200 Mobile Safari/537.36 VivoBrowser/29.9.0.0"
36.156.195.197 - - [16/Jul/2026:15:36:24 +0800] "GET / HTTP/1.1" 200 35073 "-" "Mozilla/5.0 (Linux; Android 16; V2359A) AppleWebKit/537.36 (KHTML, like Gecko) Chrome/131.0.6778.200 Mobile Safari/537.36 VivoBrowser/29.9.0.0"
36.156.195.197 - - [16/Jul/2026:15:36:25 +0800] "GET /about/ HTTP/1.1" 301 5 "-" "Mozilla/5.0 (Linux; Android 16; V2359A) AppleWebKit/537.36 (KHTML, like Gecko) Chrome/131.0.6778.200 Mobile Safari/537.36 VivoBrowser/29.9.0.0"
36.156.195.197 - - [16/Jul/2026:15:36:26 +0800] "GET /about HTTP/1.1" 200 24678 "-" "Mozilla/5.0 (Linux; Android 16; V2359A) AppleWebKit/537.36 (KHTML, like Gecko) Chrome/131.0.6778.200 Mobile Safari/537.36 VivoBrowser/29.9.0.0"
36.133.115.36 - - [16/Jul/2026:15:42:29 +0800] "POST /wp-cron.php?doing_wp_cron=1784187749.9002139568328857421875 HTTP/1.1" 200 31 "-" "WordPress/7.0; http://cqqizhou.com"
43.159.145.153 - - [16/Jul/2026:15:42:29 +0800] "GET /comments/feed HTTP/1.1" 200 703 "-" "Mozilla/5.0 (iPhone; CPU iPhone OS 13_2_3 like Mac OS X) AppleWebKit/605.1.15 (KHTML, like Gecko) Version/13.0.3 Mobile/15E148 Safari/604.1"
36.163.138.171 - - [16/Jul/2026:15:47:33 +0800] "GET /news/2339 HTTP/1.1" 200 25187 "-" "Mozilla/5.0 (Macintosh; Intel Mac OS X 10_15_7) AppleWebKit/537.36 (KHTML, like Gecko) Chrome/129.0.0.0 Safari/537.36"
221.201.201.146 - - [16/Jul/2026:15:47:34 +0800] "GET /work-safety HTTP/1.1" 200 19989 "-" "Mozilla/5.0 (Windows NT 10.0; Win64; x64) AppleWebKit/537.36 (KHTML, like Gecko) Chrome/142.0.0.0 Safari/537.36"
36.133.115.36 - - [16/Jul/2026:15:50:01 +0800] "POST /wp-cron.php?doing_wp_cron=1784188201.2942130565643310546875 HTTP/1.1" 200 31 "-" "WordPress/7.0; http://cqqizhou.com"
77.90.185.81 - - [16/Jul/2026:15:50:01 +0800] "GET /K3Cloud/ HTTP/1.1" 301 5 "-" "Mozilla/5.0 (Windows NT 10.0; Win64; x64)"
77.90.185.81 - - [16/Jul/2026:15:50:02 +0800] "GET /k3cloud/ HTTP/1.1" 301 5 "-" "Mozilla/5.0 (Windows NT 10.0; Win64; x64)"
77.90.185.81 - - [16/Jul/2026:15:50:04 +0800] "GET /K3Cloud/Login.aspx HTTP/1.1" 301 5 "-" "Mozilla/5.0 (Windows NT 10.0; Win64; x64)"
77.90.185.81 - - [16/Jul/2026:15:50:05 +0800] "GET /k3cloud/Login.aspx HTTP/1.1" 301 5 "-" "Mozilla/5.0 (Windows NT 10.0; Win64; x64)"
77.90.185.81 - - [16/Jul/2026:15:50:06 +0800] "GET /K3Cloud/Views/User/Login.aspx HTTP/1.1" 301 5 "-" "Mozilla/5.0 (Windows NT 10.0; Win64; x64)"
77.90.185.81 - - [16/Jul/2026:15:50:07 +0800] "GET /easportal/ HTTP/1.1" 301 5 "-" "Mozilla/5.0 (Windows NT 10.0; Win64; x64)"
36.133.115.36 - - [16/Jul/2026:15:50:09 +0800] "POST /wp-cron.php?doing_wp_cron=1784188209.5950939655303955078125 HTTP/1.1" 200 31 "-" "WordPress/7.0; http://cqqizhou.com"
77.90.185.81 - - [16/Jul/2026:15:50:09 +0800] "GET /eassso/ HTTP/1.1" 301 5 "-" "Mozilla/5.0 (Windows NT 10.0; Win64; x64)"
77.90.185.81 - - [16/Jul/2026:15:50:11 +0800] "GET /easweb/ HTTP/1.1" 301 5 "-" "Mozilla/5.0 (Windows NT 10.0; Win64; x64)"
77.90.185.81 - - [16/Jul/2026:15:50:12 +0800] "GET /easweb/login.html HTTP/1.1" 301 5 "-" "Mozilla/5.0 (Windows NT 10.0; Win64; x64)"
77.90.185.81 - - [16/Jul/2026:15:50:13 +0800] "GET /eas/ HTTP/1.1" 301 5 "-" "Mozilla/5.0 (Windows NT 10.0; Win64; x64)"
77.90.185.81 - - [16/Jul/2026:15:50:15 +0800] "GET /nccloud/resources/ HTTP/1.1" 301 5 "-" "Mozilla/5.0 (Windows NT 10.0; Win64; x64)"
77.90.185.81 - - [16/Jul/2026:15:50:16 +0800] "GET /NCCloud/ HTTP/1.1" 301 5 "-" "Mozilla/5.0 (Windows NT 10.0; Win64; x64)"
77.90.185.81 - - [16/Jul/2026:15:50:17 +0800] "GET /platform/login/ HTTP/1.1" 301 5 "-" "Mozilla/5.0 (Windows NT 10.0; Win64; x64)"
77.90.185.81 - - [16/Jul/2026:15:50:19 +0800] "GET /login.jsp HTTP/1.1" 301 5 "-" "Mozilla/5.0 (Windows NT 10.0; Win64; x64)"
77.90.185.81 - - [16/Jul/2026:15:50:20 +0800] "GET /loginnc.jsp HTTP/1.1" 301 5 "-" "Mozilla/5.0 (Windows NT 10.0; Win64; x64)"
77.90.185.81 - - [16/Jul/2026:15:50:22 +0800] "GET /nccloud/platform/api/login HTTP/1.1" 301 5 "-" "Mozilla/5.0 (Windows NT 10.0; Win64; x64)"
77.90.185.81 - - [16/Jul/2026:15:50:25 +0800] "GET /servlet/~ic/com.ufida.iufo.pub.login.LoginServlet HTTP/1.1" 301 5 "-" "Mozilla/5.0 (Windows NT 10.0; Win64; x64)"
77.90.185.81 - - [16/Jul/2026:15:50:27 +0800] "GET /login.jsp HTTP/1.1" 301 5 "-" "Mozilla/5.0 (Windows NT 10.0; Win64; x64)"
77.90.185.81 - - [16/Jul/2026:15:50:28 +0800] "GET /nccloud/resources/ HTTP/1.1" 301 5 "-" "Mozilla/5.0 (Windows NT 10.0; Win64; x64)"
77.90.185.81 - - [16/Jul/2026:15:50:30 +0800] "GET /platform/login/ HTTP/1.1" 301 5 "-" "Mozilla/5.0 (Windows NT 10.0; Win64; x64)"
77.90.185.81 - - [16/Jul/2026:15:50:32 +0800] "GET / HTTP/1.1" 200 35070 "-" "Mozilla/5.0 (Windows NT 10.0; Win64; x64)"
36.133.115.36 - - [16/Jul/2026:15:53:24 +0800] "POST /wp-cron.php?doing_wp_cron=1784188404.2576050758361816406250 HTTP/1.1" 200 31 "-" "WordPress/7.0; http://cqqizhou.com"
120.230.18.103 - - [16/Jul/2026:15:53:24 +0800] "GET /2354/ HTTP/1.1" 301 5 "-" "Mozilla/5.0 (Macintosh; Intel Mac OS X 10_15_7) AppleWebKit/537.36 (KHTML, like Gecko) Chrome/130.0.0.0 Safari/537.36"
120.230.18.103 - - [16/Jul/2026:15:53:24 +0800] "GET http://cqqizhou.com/news/2354 HTTP/1.1" 200 25007 "-" "Mozilla/5.0 (Macintosh; Intel Mac OS X 10_15_7) AppleWebKit/537.36 (KHTML, like Gecko) Chrome/130.0.0.0 Safari/537.36"
171.8.221.67 - - [16/Jul/2026:16:04:24 +0800] "GET /news/2153 HTTP/1.1" 200 24987 "-" "Mozilla/5.0 (Macintosh; Intel Mac OS X 10_15_7) AppleWebKit/537.36 (KHTML, like Gecko) Chrome/139.0.0.0 Safari/537.36 Edg/139.0.0.0"
36.133.115.36 - - [16/Jul/2026:16:09:29 +0800] "POST /wp-cron.php?doing_wp_cron=1784189369.3632259368896484375000 HTTP/1.1" 200 31 "-" "WordPress/7.0; http://cqqizhou.com"
49.51.38.193 - - [16/Jul/2026:16:09:29 +0800] "GET /wp-json/ HTTP/1.1" 200 20707 "-" "Mozilla/5.0 (iPhone; CPU iPhone OS 13_2_3 like Mac OS X) AppleWebKit/605.1.15 (KHTML, like Gecko) Version/13.0.3 Mobile/15E148 Safari/604.1"
114.119.135.202 - - [16/Jul/2026:16:13:46 +0800] "GET /wp-content/uploads/revslider/slider-1/1750861156-logistics_Slider_3840%C3%972160_20250625191356-scaled.webp HTTP/1.1" 200 197360 "http://cqqizhou.com/news/2418" "Mozilla/5.0 (Linux; Android 7.0;) AppleWebKit/537.36 (HTML, like Gecko) Mobile Safari/537.36 (compatible; PetalBot;+https://webmaster.petalsearch.com/site/petalbot)"
36.133.115.36 - - [16/Jul/2026:16:15:05 +0800] "POST /wp-cron.php?doing_wp_cron=1784189705.5855159759521484375000 HTTP/1.1" 200 31 "-" "WordPress/7.0; http://cqqizhou.com"
114.119.149.89 - - [16/Jul/2026:16:15:05 +0800] "GET /news/page/2 HTTP/1.1" 200 20493 "http://cqqizhou.com/news/" "Mozilla/5.0 (Linux; Android 7.0;) AppleWebKit/537.36 (HTML, like Gecko) Mobile Safari/537.36 (compatible; PetalBot;+https://webmaster.petalsearch.com/site/petalbot)"
36.133.115.36 - - [16/Jul/2026:16:16:28 +0800] "POST /wp-cron.php?doing_wp_cron=1784189788.4110870361328125000000 HTTP/1.1" 200 31 "-" "WordPress/7.0; http://cqqizhou.com"
114.119.135.202 - - [16/Jul/2026:16:16:28 +0800] "GET /news/2585 HTTP/1.1" 200 20674 "http://cqqizhou.com/news/" "Mozilla/5.0 (Linux; Android 7.0;) AppleWebKit/537.36 (HTML, like Gecko) Mobile Safari/537.36 (compatible; PetalBot;+https://webmaster.petalsearch.com/site/petalbot)"
36.133.115.36 - - [16/Jul/2026:16:17:51 +0800] "POST /wp-cron.php?doing_wp_cron=1784189871.9113099575042724609375 HTTP/1.1" 200 31 "-" "WordPress/7.0; http://cqqizhou.com"
114.119.132.85 - - [16/Jul/2026:16:17:51 +0800] "GET /news/2543 HTTP/1.1" 200 22027 "http://cqqizhou.com/2162/" "Mozilla/5.0 (Linux; Android 7.0;) AppleWebKit/537.36 (HTML, like Gecko) Mobile Safari/537.36 (compatible; PetalBot;+https://webmaster.petalsearch.com/site/petalbot)"
36.133.115.36 - - [16/Jul/2026:16:19:15 +0800] "POST /wp-cron.php?doing_wp_cron=1784189955.7503190040588378906250 HTTP/1.1" 200 31 "-" "WordPress/7.0; http://cqqizhou.com"
114.119.132.85 - - [16/Jul/2026:16:19:15 +0800] "GET /news/2160 HTTP/1.1" 200 26005 "http://cqqizhou.com/industry/" "Mozilla/5.0 (Linux; Android 7.0;) AppleWebKit/537.36 (HTML, like Gecko) Mobile Safari/537.36 (compatible; PetalBot;+https://webmaster.petalsearch.com/site/petalbot)"
36.133.115.36 - - [16/Jul/2026:16:20:40 +0800] "POST /wp-cron.php?doing_wp_cron=1784190040.1554219722747802734375 HTTP/1.1" 200 31 "-" "WordPress/7.0; http://cqqizhou.com"
114.119.146.18 - - [16/Jul/2026:16:20:40 +0800] "GET /logistics HTTP/1.1" 200 25837 "http://cqqizhou.com/2162/" "Mozilla/5.0 (Linux; Android 7.0;) AppleWebKit/537.36 (HTML, like Gecko) Mobile Safari/537.36 (compatible; PetalBot;+https://webmaster.petalsearch.com/site/petalbot)"
36.133.115.36 - - [16/Jul/2026:16:24:30 +0800] "POST /wp-cron.php?doing_wp_cron=1784190270.2286200523376464843750 HTTP/1.1" 200 31 "-" "WordPress/7.0; http://cqqizhou.com"
110.249.202.196 - - [16/Jul/2026:16:24:30 +0800] "GET /news/2373 HTTP/1.1" 200 22740 "-" "Mozilla/5.0 (Linux; Android 5.0) AppleWebKit/537.36 (KHTML, like Gecko) Mobile Safari/537.36 (compatible; Bytespider; https://zhanzhang.toutiao.com/)"
110.249.202.196 - - [16/Jul/2026:16:24:30 +0800] "GET /wp-content/uploads/2025/12/1766388806-Article_images_202507243-768x432.webp HTTP/1.1" 206 500 "http://cqqizhou.com/news/2373" "Mozilla/5.0 (Linux; Android 5.0) AppleWebKit/537.36 (KHTML, like Gecko) Mobile Safari/537.36 (compatible; Bytespider; https://zhanzhang.toutiao.com/)"
110.249.202.194 - - [16/Jul/2026:16:24:30 +0800] "GET /wp-content/uploads/2025/12/1766388807-Article_images_202507245-768x432.webp HTTP/1.1" 206 500 "http://cqqizhou.com/news/2373" "Mozilla/5.0 (Linux; Android 5.0) AppleWebKit/537.36 (KHTML, like Gecko) Mobile Safari/537.36 (compatible; Bytespider; https://zhanzhang.toutiao.com/)"
110.249.202.137 - - [16/Jul/2026:16:24:30 +0800] "GET /wp-content/uploads/2025/12/1766388808-Article_images_202507246-768x432.webp HTTP/1.1" 206 500 "http://cqqizhou.com/news/2373" "Mozilla/5.0 (Linux; Android 5.0) AppleWebKit/537.36 (KHTML, like Gecko) Mobile Safari/537.36 (compatible; Bytespider; https://zhanzhang.toutiao.com/)"
110.249.202.137 - - [16/Jul/2026:16:24:30 +0800] "GET /wp-content/uploads/2025/12/1766388810-Article_images_202507248-768x432.webp HTTP/1.1" 206 500 "http://cqqizhou.com/news/2373" "Mozilla/5.0 (Linux; Android 5.0) AppleWebKit/537.36 (KHTML, like Gecko) Mobile Safari/537.36 (compatible; Bytespider; https://zhanzhang.toutiao.com/)"
110.249.202.194 - - [16/Jul/2026:16:24:30 +0800] "GET /wp-content/uploads/2025/12/1766388809-Article_images_202507247-768x432.webp HTTP/1.1" 206 500 "http://cqqizhou.com/news/2373" "Mozilla/5.0 (Linux; Android 5.0) AppleWebKit/537.36 (KHTML, like Gecko) Mobile Safari/537.36 (compatible; Bytespider; https://zhanzhang.toutiao.com/)"
110.249.202.196 - - [16/Jul/2026:16:24:30 +0800] "GET /wp-content/uploads/2025/12/1766388812-Article_images_2025072410-768x346.webp HTTP/1.1" 206 500 "http://cqqizhou.com/news/2373" "Mozilla/5.0 (Linux; Android 5.0) AppleWebKit/537.36 (KHTML, like Gecko) Mobile Safari/537.36 (compatible; Bytespider; https://zhanzhang.toutiao.com/)"
110.249.202.193 - - [16/Jul/2026:16:24:30 +0800] "GET /wp-content/uploads/2025/12/1766388813-Article_images_2025072411-768x346.webp HTTP/1.1" 206 500 "http://cqqizhou.com/news/2373" "Mozilla/5.0 (Linux; Android 5.0) AppleWebKit/537.36 (KHTML, like Gecko) Mobile Safari/537.36 (compatible; Bytespider; https://zhanzhang.toutiao.com/)"
110.249.202.55 - - [16/Jul/2026:16:24:30 +0800] "GET /wp-content/uploads/2025/12/1766388804-Article_images_202507241-768x432.webp HTTP/1.1" 206 500 "http://cqqizhou.com/news/2373" "Mozilla/5.0 (Linux; Android 5.0) AppleWebKit/537.36 (KHTML, like Gecko) Mobile Safari/537.36 (compatible; Bytespider; https://zhanzhang.toutiao.com/)"
110.249.202.153 - - [16/Jul/2026:16:24:30 +0800] "GET /wp-content/uploads/2025/12/1766388811-Article_images_202507249-768x346.webp HTTP/1.1" 206 500 "http://cqqizhou.com/news/2373" "Mozilla/5.0 (Linux; Android 5.0) AppleWebKit/537.36 (KHTML, like Gecko) Mobile Safari/537.36 (compatible; Bytespider; https://zhanzhang.toutiao.com/)"
36.133.115.36 - - [16/Jul/2026:16:26:06 +0800] "POST /wp-cron.php?doing_wp_cron=1784190366.5873610973358154296875 HTTP/1.1" 200 31 "-" "WordPress/7.0; http://cqqizhou.com"
43.166.136.24 - - [16/Jul/2026:16:26:06 +0800] "GET / HTTP/1.1" 200 35072 "-" "Mozilla/5.0 (iPhone; CPU iPhone OS 13_2_3 like Mac OS X) AppleWebKit/605.1.15 (KHTML, like Gecko) Version/13.0.3 Mobile/15E148 Safari/604.1"
157.148.43.15 - - [16/Jul/2026:16:27:51 +0800] "GET /news/2418 HTTP/1.1" 200 27850 "-" "Mozilla/5.0 (Windows NT 10.0; Win64; x64) AppleWebKit/537.36 (KHTML, like Gecko) Chrome/109.0.0.0 Safari/537.36"
36.133.115.36 - - [16/Jul/2026:16:28:29 +0800] "POST /wp-cron.php?doing_wp_cron=1784190509.8441638946533203125000 HTTP/1.1" 200 31 "-" "WordPress/7.0; http://cqqizhou.com"
110.249.202.68 - - [16/Jul/2026:16:28:29 +0800] "GET / HTTP/1.1" 200 35072 "-" "Mozilla/5.0 (Linux; Android 5.0) AppleWebKit/537.36 (KHTML, like Gecko) Mobile Safari/537.36 (compatible; Bytespider; https://zhanzhang.toutiao.com/)"
110.249.202.74 - - [16/Jul/2026:16:28:30 +0800] "GET /wp-content/uploads/2025/07/1751425283-qizhou.kf_.qq_.com_.webp HTTP/1.1" 206 500 "http://cqqizhou.com/" "Mozilla/5.0 (Linux; Android 5.0) AppleWebKit/537.36 (KHTML, like Gecko) Mobile Safari/537.36 (compatible; Bytespider; https://zhanzhang.toutiao.com/)"
114.119.144.41 - - [16/Jul/2026:16:36:51 +0800] "GET /wp-content/uploads/2025/11/1762864369-QZ_Photo-11.webp HTTP/1.1" 200 240198 "http://cqqizhou.com/media/5" "Mozilla/5.0 (Linux; Android 7.0;) AppleWebKit/537.36 (HTML, like Gecko) Mobile Safari/537.36 (compatible; PetalBot;+https://webmaster.petalsearch.com/site/petalbot)"
43.153.71.12 - - [16/Jul/2026:16:40:06 +0800] "GET /wp-content/plugins/revslider/ HTTP/1.1" 200 31 "-" "Mozilla/5.0 (iPhone; CPU iPhone OS 13_2_3 like Mac OS X) AppleWebKit/605.1.15 (KHTML, like Gecko) Version/13.0.3 Mobile/15E148 Safari/604.1"
36.43.187.41 - - [16/Jul/2026:16:53:46 +0800] "GET /news/2418 HTTP/1.1" 200 27850 "-" "Mozilla/5.0 (Macintosh; Intel Mac OS X 10.15; rv:135.0) Gecko/20100101 Firefox/135.0"
49.72.115.204 - - [16/Jul/2026:16:53:51 +0800] "GET /news/2165 HTTP/1.1" 200 27626 "-" "Mozilla/5.0 (Macintosh; Intel Mac OS X 10.15; rv:135.0) Gecko/20100101 Firefox/135.0"
36.133.115.36 - - [16/Jul/2026:16:55:46 +0800] "POST /wp-cron.php?doing_wp_cron=1784192146.8101780414581298828125 HTTP/1.1" 200 31 "-" "WordPress/7.0; http://cqqizhou.com"
114.119.132.85 - - [16/Jul/2026:16:55:46 +0800] "GET /company-news/ HTTP/1.1" 301 5 "http://cqqizhou.com/2418/" "Mozilla/5.0 (Linux; Android 7.0;) AppleWebKit/537.36 (HTML, like Gecko) Mobile Safari/537.36 (compatible; PetalBot;+https://webmaster.petalsearch.com/site/petalbot)"
114.119.132.85 - - [16/Jul/2026:16:55:48 +0800] "GET /company-news HTTP/1.1" 200 20514 "http://cqqizhou.com/2418/" "Mozilla/5.0 (Linux; Android 7.0;) AppleWebKit/537.36 (HTML, like Gecko) Mobile Safari/537.36 (compatible; PetalBot;+https://webmaster.petalsearch.com/site/petalbot)"
121.237.36.31 - - [16/Jul/2026:16:56:01 +0800] "GET / HTTP/1.1" 200 35069 "-" "Mozilla/5.0 (Linux; U; Android 6.0.1; zh-CN; SM-A8000 Build/MMB29M) AppleWebKit/537.36 (KHTML, like Gecko) Version/4.0 Chrome/40.0.2214.89 UCBrowser/11.4.1.939 UCBS/2.10.1.10 Mobile Safari/537.36 AliApp(TB/6.10.10) WindVane/8.0.0 1080X1920 GCanvas/1.4.2.21"
121.237.36.28 - - [16/Jul/2026:16:58:56 +0800] "GET / HTTP/1.1" 200 35514 "-" "Mozilla/5.0 (Macintosh; Intel Mac OS X 10_11) AppleWebKit/601.1.27 (KHTML, like Gecko) Chrome/47.0.2526.106 Safari/601.1.27"
36.133.115.36 - - [16/Jul/2026:17:07:18 +0800] "POST /wp-cron.php?doing_wp_cron=1784192838.5131409168243408203125 HTTP/1.1" 200 31 "-" "WordPress/7.0; http://cqqizhou.com"
114.119.132.85 - - [16/Jul/2026:17:07:18 +0800] "GET /news/2588 HTTP/1.1" 200 21091 "http://cqqizhou.com/news/" "Mozilla/5.0 (Linux; Android 7.0;) AppleWebKit/537.36 (HTML, like Gecko) Mobile Safari/537.36 (compatible; PetalBot;+https://webmaster.petalsearch.com/site/petalbot)"
36.133.115.36 - - [16/Jul/2026:17:08:38 +0800] "POST /wp-cron.php?doing_wp_cron=1784192918.6112680435180664062500 HTTP/1.1" 200 31 "-" "WordPress/7.0; http://cqqizhou.com"
114.119.135.202 - - [16/Jul/2026:17:08:38 +0800] "GET /news/2547 HTTP/1.1" 200 21140 "http://cqqizhou.com/work-safety/page/1" "Mozilla/5.0 (Linux; Android 7.0;) AppleWebKit/537.36 (HTML, like Gecko) Mobile Safari/537.36 (compatible; PetalBot;+https://webmaster.petalsearch.com/site/petalbot)"
36.133.115.36 - - [16/Jul/2026:17:12:47 +0800] "POST /wp-cron.php?doing_wp_cron=1784193167.7778520584106445312500 HTTP/1.1" 200 31 "-" "WordPress/7.0; http://cqqizhou.com"
198.244.226.27 - - [16/Jul/2026:17:12:47 +0800] "GET /robots.txt HTTP/1.1" 200 190 "-" "Mozilla/5.0 (compatible; AhrefsBot/7.0; +http://ahrefs.com/robot/)"
15.235.27.90 - - [16/Jul/2026:17:12:49 +0800] "GET / HTTP/1.1" 304 0 "-" "Mozilla/5.0 (compatible; AhrefsBot/7.0; +http://ahrefs.com/robot/)"
36.133.115.36 - - [16/Jul/2026:17:20:02 +0800] "POST /wp-cron.php?doing_wp_cron=1784193602.4366140365600585937500 HTTP/1.1" 200 31 "-" "WordPress/7.0; http://cqqizhou.com"
114.119.140.169 - - [16/Jul/2026:17:20:02 +0800] "GET /robots.txt HTTP/1.1" 200 190 "http://cqqizhou.com/robots.txt" "Mozilla/5.0 (compatible;PetalBot;+https://webmaster.petalsearch.com/site/petalbot)"
36.133.115.36 - - [16/Jul/2026:17:26:08 +0800] "POST /wp-cron.php?doing_wp_cron=1784193968.1593580245971679687500 HTTP/1.1" 200 31 "-" "WordPress/7.0; http://cqqizhou.com"
178.62.202.75 - - [16/Jul/2026:17:26:08 +0800] "GET / HTTP/1.1" 301 5 "-" "Mozilla/5.0 (X11; Linux x86_64) AppleWebKit/537.36 (KHTML, like Gecko) Chrome/142.0.0.0 Safari/537.36"
36.133.115.36 - - [16/Jul/2026:17:35:25 +0800] "POST /wp-cron.php?doing_wp_cron=1784194525.3737790584564208984375 HTTP/1.1" 200 31 "-" "WordPress/7.0; http://cqqizhou.com"
110.249.201.114 - - [16/Jul/2026:17:35:25 +0800] "GET /logistics HTTP/1.1" 200 25835 "-" "Mozilla/5.0 (Linux; Android 5.0) AppleWebKit/537.36 (KHTML, like Gecko) Mobile Safari/537.36 (compatible; Bytespider; https://zhanzhang.toutiao.com/)"
110.249.201.13 - - [16/Jul/2026:17:35:25 +0800] "GET /wp-content/uploads/2025/11/1762864381-QZ_Photo-7-768x512.webp HTTP/1.1" 206 500 "http://cqqizhou.com/logistics" "Mozilla/5.0 (Linux; Android 5.0) AppleWebKit/537.36 (KHTML, like Gecko) Mobile Safari/537.36 (compatible; Bytespider; https://zhanzhang.toutiao.com/)"
110.249.201.41 - - [16/Jul/2026:17:35:25 +0800] "GET /wp-content/uploads/2025/12/1765862012-DSC20251216131140-768x432.webp HTTP/1.1" 206 500 "http://cqqizhou.com/logistics" "Mozilla/5.0 (Linux; Android 5.0) AppleWebKit/537.36 (KHTML, like Gecko) Mobile Safari/537.36 (compatible; Bytespider; https://zhanzhang.toutiao.com/)"
110.249.201.14 - - [16/Jul/2026:17:35:25 +0800] "GET /wp-content/uploads/2026/01/1767696162-qizhoutruck3-768x173.webp HTTP/1.1" 206 500 "http://cqqizhou.com/logistics" "Mozilla/5.0 (Linux; Android 5.0) AppleWebKit/537.36 (KHTML, like Gecko) Mobile Safari/537.36 (compatible; Bytespider; https://zhanzhang.toutiao.com/)"
110.249.201.14 - - [16/Jul/2026:17:35:26 +0800] "GET /wp-content/uploads/2026/01/1767696142-aojiaqiao20260104.webp HTTP/1.1" 206 500 "http://cqqizhou.com/wp-content/uploads/elementor/css/post-1959.css?ver=1782709462" "Mozilla/5.0 (Linux; Android 5.0) AppleWebKit/537.36 (KHTML, like Gecko) Mobile Safari/537.36 (compatible; Bytespider; https://zhanzhang.toutiao.com/)"
110.249.201.41 - - [16/Jul/2026:17:35:26 +0800] "GET /wp-content/uploads/logistics/Conatiner-5.webp HTTP/1.1" 206 500 "http://cqqizhou.com/logistics" "Mozilla/5.0 (Linux; Android 5.0) AppleWebKit/537.36 (KHTML, like Gecko) Mobile Safari/537.36 (compatible; Bytespider; https://zhanzhang.toutiao.com/)"
36.133.115.36 - - [16/Jul/2026:17:47:23 +0800] "POST /wp-cron.php?doing_wp_cron=1784195243.2874000072479248046875 HTTP/1.1" 200 31 "-" "WordPress/7.0; http://cqqizhou.com"
144.76.32.239 - - [16/Jul/2026:17:47:23 +0800] "GET /robots.txt HTTP/1.1" 200 190 "-" "Mozilla/5.0 (compatible; SERankingBacklinksBot/1.0; +https://seranking.com/backlinks-crawler)"
144.76.32.239 - - [16/Jul/2026:17:47:24 +0800] "GET /wp-sitemap.xml HTTP/1.1" 501 253 "-" "Mozilla/5.0 (compatible; SERankingBacklinksBot/1.0; +https://seranking.com/backlinks-crawler)"
36.133.115.36 - - [16/Jul/2026:17:48:53 +0800] "POST /wp-cron.php?doing_wp_cron=1784195333.2084839344024658203125 HTTP/1.1" 200 31 "-" "WordPress/7.0; http://cqqizhou.com"
160.119.71.9 - - [16/Jul/2026:17:48:53 +0800] "GET / HTTP/1.1" 200 109837 "-" "Mozilla/5.0 (X11; Linux x86_64; rv:144.0) Gecko/20100101 Firefox/144.0"
36.133.115.36 - - [16/Jul/2026:18:38:24 +0800] "POST /wp-cron.php?doing_wp_cron=1784198304.8001780509948730468750 HTTP/1.1" 200 31 "-" "WordPress/7.0; http://cqqizhou.com"
172.239.103.18 - - [16/Jul/2026:18:38:24 +0800] "GET / HTTP/1.1" 301 5 "-" "Mozilla/5.0 (Windows NT 6.1; WOW64; rv:8.0) Gecko/20100101 Firefox/8.0"
172.239.103.18 - - [16/Jul/2026:18:38:27 +0800] "GET / HTTP/1.1" 200 159688 "-" "Mozilla/5.0 (Windows NT 6.1; WOW64; rv:8.0) Gecko/20100101 Firefox/8.0"
36.133.115.36 - - [16/Jul/2026:18:40:04 +0800] "POST /wp-cron.php?doing_wp_cron=1784198404.6574649810791015625000 HTTP/1.1" 200 31 "-" "WordPress/7.0; http://cqqizhou.com"
119.84.246.117 - - [16/Jul/2026:18:40:04 +0800] "GET / HTTP/1.1" 301 5 "-" "Mozilla/5.0 (Windows NT 6.1) AppleWebKit/535.12 (KHTML, like Gecko) Maxthon/3.4.2.3000 Chrome/18.0.966.0 Safari/535.12"
119.84.246.117 - - [16/Jul/2026:18:40:04 +0800] "GET / HTTP/1.1" 200 159688 "-" "Mozilla/5.0 (Windows NT 6.1) AppleWebKit/535.12 (KHTML, like Gecko) Maxthon/3.4.2.3000 Chrome/18.0.966.0 Safari/535.12"
119.84.246.117 - - [16/Jul/2026:18:40:06 +0800] "GET / HTTP/1.1" 301 5 "-" "Mozilla/5.0 (Windows NT 6.1; WOW64) AppleWebKit/536.11 (KHTML, like Gecko) Chrome/20.0.1132.57 Safari/536.11"
119.84.246.117 - - [16/Jul/2026:18:40:06 +0800] "GET / HTTP/1.1" 200 159688 "-" "Mozilla/5.0 (Windows NT 6.1; WOW64) AppleWebKit/536.11 (KHTML, like Gecko) Chrome/20.0.1132.57 Safari/536.11"
119.84.246.117 - - [16/Jul/2026:18:40:06 +0800] "GET / HTTP/1.1" 301 5 "-" "Mozilla/5.0 (Windows NT 6.1; WOW64) AppleWebKit/536.11 (KHTML, like Gecko) Chrome/20.0.1132.57 Safari/536.11"
119.84.246.117 - - [16/Jul/2026:18:40:07 +0800] "GET / HTTP/1.1" 200 159688 "-" "Mozilla/5.0 (Windows NT 6.1; WOW64) AppleWebKit/536.11 (KHTML, like Gecko) Chrome/20.0.1132.57 Safari/536.11"
220.191.11.179 - - [16/Jul/2026:18:44:56 +0800] "GET /news/2231 HTTP/1.1" 200 24231 "-" "Mozilla/5.0 (Macintosh; Intel Mac OS X 10_15_7) AppleWebKit/537.36 (KHTML, like Gecko) Chrome/138.0.0.0 Safari/537.36 Edg/138.0.0.0"
139.170.125.27 - - [16/Jul/2026:18:45:17 +0800] "GET /news/2231 HTTP/1.1" 200 24231 "-" "Mozilla/5.0 (Macintosh; Intel Mac OS X 10_15_7) AppleWebKit/537.36 (KHTML, like Gecko) Chrome/126.0.0.0 Safari/537.36"
183.92.12.163 - - [16/Jul/2026:19:04:02 +0800] "GET /news/2052 HTTP/1.1" 200 26312 "-" "Mozilla/5.0 (Macintosh; Intel Mac OS X 10_15_7) AppleWebKit/537.36 (KHTML, like Gecko) Chrome/139.0.0.0 Safari/537.36"
36.133.108.121 - - [16/Jul/2026:19:08:07 +0800] "HEAD / HTTP/1.1" 499 0 "-" "Mozilla/5.0 (X11; Linux x86_64) AppleWebKit/537.36 (KHTML, like Gecko) Chrome/34.0.1847.137 Safari/4E423F"
36.133.115.36 - - [16/Jul/2026:19:08:07 +0800] "POST /wp-cron.php?doing_wp_cron=1784200087.6232519149780273437500 HTTP/1.1" 200 31 "-" "WordPress/7.0; http://cqqizhou.com"
36.133.115.36 - - [16/Jul/2026:19:23:24 +0800] "POST /wp-cron.php?doing_wp_cron=1784201004.7949481010437011718750 HTTP/1.1" 200 31 "-" "WordPress/7.0; http://cqqizhou.com"
120.241.208.54 - - [16/Jul/2026:19:23:24 +0800] "GET /2388 HTTP/1.1" 301 5 "-" "Mozilla/5.0 (Windows NT 10.0; Win64; x64) AppleWebKit/537.36 (KHTML, like Gecko) Chrome/116.0.0.0 Safari/537.36"
120.241.208.29 - - [16/Jul/2026:19:23:25 +0800] "GET /news/2388 HTTP/1.1" 200 21410 "-" "Mozilla/5.0 (Windows NT 10.0; Win64; x64) AppleWebKit/537.36 (KHTML, like Gecko) Chrome/116.0.0.0 Safari/537.36"
36.133.115.36 - - [16/Jul/2026:19:31:53 +0800] "POST /wp-cron.php?doing_wp_cron=1784201513.7194130420684814453125 HTTP/1.1" 200 31 "-" "WordPress/7.0; http://cqqizhou.com"
165.154.138.79 - - [16/Jul/2026:19:31:53 +0800] "GET / HTTP/1.1" 301 5 "-" "Mozilla/5.0 (Macintosh; Intel Mac OS X 10_15_7) AppleWebKit/537.36 (KHTML, like Gecko) Chrome/120.0.0.0 Safari/537.36 Edg/120.0.0.0"
36.133.115.36 - - [16/Jul/2026:19:32:14 +0800] "POST /wp-cron.php?doing_wp_cron=1784201534.0048580169677734375000 HTTP/1.1" 200 31 "-" "WordPress/7.0; http://cqqizhou.com"
165.154.138.79 - - [16/Jul/2026:19:32:14 +0800] "GET /robots.txt HTTP/1.1" 200 190 "-" "Mozilla/5.0 (Macintosh; Intel Mac OS X 10_15_7) AppleWebKit/537.36 (KHTML, like Gecko) Chrome/120.0.0.0 Safari/537.36 Edg/120.0.0.0"
165.154.138.79 - - [16/Jul/2026:19:32:16 +0800] "GET /sitemap.xml HTTP/1.1" 200 673 "-" "Mozilla/5.0 (Macintosh; Intel Mac OS X 10_15_7) AppleWebKit/537.36 (KHTML, like Gecko) Chrome/120.0.0.0 Safari/537.36 Edg/120.0.0.0"
190.2.150.162 - - [16/Jul/2026:19:39:32 +0800] "HEAD / HTTP/1.1" 499 0 "-" "DomainIPScanner/1.3"
36.133.115.36 - - [16/Jul/2026:19:39:32 +0800] "POST /wp-cron.php?doing_wp_cron=1784201972.6998078823089599609375 HTTP/1.1" 200 31 "-" "WordPress/7.0; http://cqqizhou.com"
190.2.150.162 - - [16/Jul/2026:19:39:34 +0800] "GET / HTTP/1.1" 301 5 "-" "DomainIPScanner/1.3"
144.76.32.239 - - [16/Jul/2026:19:40:00 +0800] "GET /robots.txt HTTP/1.1" 200 190 "-" "Mozilla/5.0 (compatible; SERankingBacklinksBot/1.0; +https://seranking.com/backlinks-crawler)"
144.76.32.239 - - [16/Jul/2026:19:40:01 +0800] "GET /bug HTTP/1.1" 200 13353 "-" "Mozilla/5.0 (compatible; SERankingBacklinksBot/1.0; +https://seranking.com/backlinks-crawler)"
144.76.32.239 - - [16/Jul/2026:19:42:29 +0800] "GET /news HTTP/1.1" 200 25945 "-" "Mozilla/5.0 (compatible; SERankingBacklinksBot/1.0; +https://seranking.com/backlinks-crawler)"
144.76.32.239 - - [16/Jul/2026:19:44:54 +0800] "GET /about HTTP/1.1" 200 30600 "-" "Mozilla/5.0 (compatible; SERankingBacklinksBot/1.0; +https://seranking.com/backlinks-crawler)"
36.133.115.36 - - [16/Jul/2026:19:47:24 +0800] "POST /wp-cron.php?doing_wp_cron=1784202444.8899130821228027343750 HTTP/1.1" 200 31 "-" "WordPress/7.0; http://cqqizhou.com"
144.76.32.239 - - [16/Jul/2026:19:47:24 +0800] "GET /club/ HTTP/1.1" 301 5 "-" "Mozilla/5.0 (compatible; SERankingBacklinksBot/1.0; +https://seranking.com/backlinks-crawler)"
144.76.32.239 - - [16/Jul/2026:19:47:25 +0800] "GET /club HTTP/1.1" 200 13598 "-" "Mozilla/5.0 (compatible; SERankingBacklinksBot/1.0; +https://seranking.com/backlinks-crawler)"
144.76.32.239 - - [16/Jul/2026:19:49:54 +0800] "GET /media HTTP/1.1" 200 32265 "-" "Mozilla/5.0 (compatible; SERankingBacklinksBot/1.0; +https://seranking.com/backlinks-crawler)"
54.39.89.129 - - [16/Jul/2026:19:50:14 +0800] "GET /news/2502 HTTP/1.1" 200 25281 "-" "Mozilla/5.0 (compatible; AhrefsBot/7.0; +http://ahrefs.com/robot/)"
144.76.32.239 - - [16/Jul/2026:19:52:27 +0800] "GET /contacts HTTP/1.1" 200 22272 "-" "Mozilla/5.0 (compatible; SERankingBacklinksBot/1.0; +https://seranking.com/backlinks-crawler)"
144.76.32.239 - - [16/Jul/2026:19:54:57 +0800] "GET /services HTTP/1.1" 200 32227 "-" "Mozilla/5.0 (compatible; SERankingBacklinksBot/1.0; +https://seranking.com/backlinks-crawler)"
36.133.115.36 - - [16/Jul/2026:19:57:23 +0800] "POST /wp-cron.php?doing_wp_cron=1784203043.6820719242095947265625 HTTP/1.1" 200 31 "-" "WordPress/7.0; http://cqqizhou.com"
144.76.32.239 - - [16/Jul/2026:19:57:23 +0800] "GET /contacts/ HTTP/1.1" 301 5 "-" "Mozilla/5.0 (compatible; SERankingBacklinksBot/1.0; +https://seranking.com/backlinks-crawler)"
144.76.32.239 - - [16/Jul/2026:19:57:24 +0800] "GET /contacts HTTP/1.1" 200 22272 "-" "Mozilla/5.0 (compatible; SERankingBacklinksBot/1.0; +https://seranking.com/backlinks-crawler)"
144.76.32.239 - - [16/Jul/2026:19:59:46 +0800] "GET /logistics HTTP/1.1" 200 31732 "-" "Mozilla/5.0 (compatible; SERankingBacklinksBot/1.0; +https://seranking.com/backlinks-crawler)"
144.76.32.239 - - [16/Jul/2026:20:02:12 +0800] "GET /news/2592 HTTP/1.1" 200 24627 "-" "Mozilla/5.0 (compatible; SERankingBacklinksBot/1.0; +https://seranking.com/backlinks-crawler)"
144.76.32.239 - - [16/Jul/2026:20:04:33 +0800] "GET /news/2597 HTTP/1.1" 200 24545 "-" "Mozilla/5.0 (compatible; SERankingBacklinksBot/1.0; +https://seranking.com/backlinks-crawler)"
144.76.32.239 - - [16/Jul/2026:20:06:57 +0800] "GET /news/2601 HTTP/1.1" 200 20575 "-" "Mozilla/5.0 (compatible; SERankingBacklinksBot/1.0; +https://seranking.com/backlinks-crawler)"
36.133.115.36 - - [16/Jul/2026:20:07:42 +0800] "POST /wp-cron.php?doing_wp_cron=1784203662.4577369689941406250000 HTTP/1.1" 200 31 "-" "WordPress/7.0; http://cqqizhou.com"
110.249.202.19 - - [16/Jul/2026:20:07:42 +0800] "GET / HTTP/1.1" 200 35071 "-" "Mozilla/5.0 (Linux; Android 5.0) AppleWebKit/537.36 (KHTML, like Gecko) Mobile Safari/537.36 (compatible; Bytespider; https://zhanzhang.toutiao.com/)"
144.76.32.239 - - [16/Jul/2026:20:09:16 +0800] "GET /news/2603 HTTP/1.1" 200 21335 "-" "Mozilla/5.0 (compatible; SERankingBacklinksBot/1.0; +https://seranking.com/backlinks-crawler)"
144.76.32.239 - - [16/Jul/2026:20:11:36 +0800] "GET /news/2606 HTTP/1.1" 200 24944 "-" "Mozilla/5.0 (compatible; SERankingBacklinksBot/1.0; +https://seranking.com/backlinks-crawler)"
36.133.115.36 - - [16/Jul/2026:20:13:54 +0800] "POST /wp-cron.php?doing_wp_cron=1784204034.6316480636596679687500 HTTP/1.1" 200 31 "-" "WordPress/7.0; http://cqqizhou.com"
144.76.32.239 - - [16/Jul/2026:20:13:54 +0800] "GET /services/ HTTP/1.1" 301 5 "-" "Mozilla/5.0 (compatible; SERankingBacklinksBot/1.0; +https://seranking.com/backlinks-crawler)"
144.76.32.239 - - [16/Jul/2026:20:13:54 +0800] "GET /services HTTP/1.1" 200 32227 "-" "Mozilla/5.0 (compatible; SERankingBacklinksBot/1.0; +https://seranking.com/backlinks-crawler)"
36.133.115.36 - - [16/Jul/2026:20:16:13 +0800] "POST /wp-cron.php?doing_wp_cron=1784204172.9937839508056640625000 HTTP/1.1" 200 31 "-" "WordPress/7.0; http://cqqizhou.com"
144.76.32.239 - - [16/Jul/2026:20:16:13 +0800] "GET /logistics/ HTTP/1.1" 301 5 "-" "Mozilla/5.0 (compatible; SERankingBacklinksBot/1.0; +https://seranking.com/backlinks-crawler)"
144.76.32.239 - - [16/Jul/2026:20:16:13 +0800] "GET /logistics HTTP/1.1" 200 31732 "-" "Mozilla/5.0 (compatible; SERankingBacklinksBot/1.0; +https://seranking.com/backlinks-crawler)"
144.76.32.239 - - [16/Jul/2026:20:18:27 +0800] "GET /work-safety HTTP/1.1" 200 19989 "-" "Mozilla/5.0 (compatible; SERankingBacklinksBot/1.0; +https://seranking.com/backlinks-crawler)"
36.133.115.36 - - [16/Jul/2026:20:20:38 +0800] "POST /wp-cron.php?doing_wp_cron=1784204438.6939690113067626953125 HTTP/1.1" 200 31 "-" "WordPress/7.0; http://cqqizhou.com"
144.76.32.239 - - [16/Jul/2026:20:20:38 +0800] "GET /material.html HTTP/1.1" 404 9498 "-" "Mozilla/5.0 (compatible; SERankingBacklinksBot/1.0; +https://seranking.com/backlinks-crawler)"
36.133.115.36 - - [16/Jul/2026:20:30:57 +0800] "POST /wp-cron.php?doing_wp_cron=1784205057.3496398925781250000000 HTTP/1.1" 200 31 "-" "WordPress/7.0; http://cqqizhou.com"
36.156.195.197 - - [16/Jul/2026:20:30:57 +0800] "GET /contacts/ HTTP/1.1" 301 5 "-" "Mozilla/5.0 (Linux; Android 16; V2359A) AppleWebKit/537.36 (KHTML, like Gecko) Chrome/131.0.6778.200 Mobile Safari/537.36 VivoBrowser/29.9.0.0"
36.156.195.197 - - [16/Jul/2026:20:30:58 +0800] "GET /contacts HTTP/1.1" 200 19113 "-" "Mozilla/5.0 (Linux; Android 16; V2359A) AppleWebKit/537.36 (KHTML, like Gecko) Chrome/131.0.6778.200 Mobile Safari/537.36 VivoBrowser/29.9.0.0"
36.133.115.36 - - [16/Jul/2026:20:42:09 +0800] "POST /wp-cron.php?doing_wp_cron=1784205729.0518419742584228515625 HTTP/1.1" 200 31 "-" "WordPress/7.0; http://cqqizhou.com"
110.249.201.7 - - [16/Jul/2026:20:42:09 +0800] "GET /news/2418 HTTP/1.1" 200 23813 "-" "Mozilla/5.0 (Linux; Android 5.0) AppleWebKit/537.36 (KHTML, like Gecko) Mobile Safari/537.36 (compatible; Bytespider; https://zhanzhang.toutiao.com/)"
110.249.201.7 - - [16/Jul/2026:20:42:09 +0800] "GET /wp-content/uploads/2026/06/1782708718-1Article_images_W900px-768x432.webp HTTP/1.1" 206 500 "http://cqqizhou.com/news/2418" "Mozilla/5.0 (Linux; Android 5.0) AppleWebKit/537.36 (KHTML, like Gecko) Mobile Safari/537.36 (compatible; Bytespider; https://zhanzhang.toutiao.com/)"
110.249.201.230 - - [16/Jul/2026:20:42:09 +0800] "GET /wp-content/uploads/revslider/slider-1/1750861156-logistics_Slider_3840%C3%972160_20250625191356-scaled-768x432.webp HTTP/1.1" 206 500 "http://cqqizhou.com/news/2418" "Mozilla/5.0 (Linux; Android 5.0) AppleWebKit/537.36 (KHTML, like Gecko) Mobile Safari/537.36 (compatible; Bytespider; https://zhanzhang.toutiao.com/)"
110.249.201.50 - - [16/Jul/2026:20:42:09 +0800] "GET /wp-content/uploads/2025/07/1753410289-News2000%C3%97400_202571.webp HTTP/1.1" 206 500 "http://cqqizhou.com/news/2418" "Mozilla/5.0 (Linux; Android 5.0) AppleWebKit/537.36 (KHTML, like Gecko) Mobile Safari/537.36 (compatible; Bytespider; https://zhanzhang.toutiao.com/)"
36.133.115.36 - - [16/Jul/2026:20:53:37 +0800] "POST /wp-cron.php?doing_wp_cron=1784206417.0036621093750000000000 HTTP/1.1" 200 31 "-" "WordPress/7.0; http://cqqizhou.com"
36.133.108.125 - - [16/Jul/2026:20:53:37 +0800] "HEAD /ReportServer HTTP/1.1" 404 0 "-" "Mozilla/5.0 (Macintosh; U; Intel Mac OS X 10_6_6; en-gb) AppleWebKit/533.20.25 (KHTML, like Gecko) Version/5.0.4 Safari/533.20.27"
36.133.115.36 - - [16/Jul/2026:21:04:21 +0800] "POST /wp-cron.php?doing_wp_cron=1784207061.0593600273132324218750 HTTP/1.1" 200 31 "-" "WordPress/7.0; http://cqqizhou.com"
180.184.67.48 - - [16/Jul/2026:21:04:21 +0800] "GET /contacts/ HTTP/1.1" 301 5 "-" "Mozilla/5.0 (Linux; Android 10; V1950A; wv) AppleWebKit/537.36 (KHTML, like Gecko) Chrome/62.0.3202.84 Mobile Safari/537.36 VivoBrowser/20.2.3.0"
180.184.67.48 - - [16/Jul/2026:21:04:22 +0800] "GET http://cqqizhou.com/contacts HTTP/1.1" 200 19113 "-" "Mozilla/5.0 (Linux; Android 10; V1950A; wv) AppleWebKit/537.36 (KHTML, like Gecko) Chrome/62.0.3202.84 Mobile Safari/537.36 VivoBrowser/20.2.3.0"
36.133.115.36 - - [16/Jul/2026:21:17:05 +0800] "POST /wp-cron.php?doing_wp_cron=1784207824.9899289608001708984375 HTTP/1.1" 200 31 "-" "WordPress/7.0; http://cqqizhou.com"
74.7.241.22 - - [16/Jul/2026:21:17:05 +0800] "GET /wp-sitemap.xml HTTP/1.1" 501 253 "-" "Mozilla/5.0 AppleWebKit/537.36 (KHTML, like Gecko; compatible; GPTBot/1.4; +https://openai.com/gptbot)"
36.133.115.36 - - [16/Jul/2026:21:23:52 +0800] "POST /wp-cron.php?doing_wp_cron=1784208232.4075698852539062500000 HTTP/1.1" 200 31 "-" "WordPress/7.0; http://cqqizhou.com"
152.42.190.242 - - [16/Jul/2026:21:23:52 +0800] "GET / HTTP/1.1" 301 5 "-" "Mozilla/5.0 (Windows NT 10.0; Win64; x64) AppleWebKit/537.36 (KHTML, like Gecko) Chrome/140.0.0.0 Safari/537.36"
152.42.190.242 - - [16/Jul/2026:21:23:53 +0800] "GET /robots.txt HTTP/1.1" 200 190 "-" "Mozilla/5.0 (Windows NT 10.0; Win64; x64) AppleWebKit/537.36 (KHTML, like Gecko) Chrome/140.0.0.0 Safari/537.36"
152.42.190.242 - - [16/Jul/2026:21:23:53 +0800] "GET /.well-known/security.txt HTTP/1.1" 404 9498 "-" "Mozilla/5.0 (Windows NT 10.0; Win64; x64) AppleWebKit/537.36 (KHTML, like Gecko) Chrome/140.0.0.0 Safari/537.36"
152.42.190.242 - - [16/Jul/2026:21:23:54 +0800] "GET /favicon HTTP/1.1" 404 9498 "-" "Mozilla/5.0 (Windows NT 10.0; Win64; x64) AppleWebKit/537.36 (KHTML, like Gecko) Chrome/140.0.0.0 Safari/537.36"
152.42.190.242 - - [16/Jul/2026:21:23:55 +0800] "GET /security.txt HTTP/1.1" 200 19972 "-" "Mozilla/5.0 (Windows NT 10.0; Win64; x64) AppleWebKit/537.36 (KHTML, like Gecko) Chrome/140.0.0.0 Safari/537.36"
36.133.115.36 - - [16/Jul/2026:21:32:50 +0800] "POST /wp-cron.php?doing_wp_cron=1784208770.6940739154815673828125 HTTP/1.1" 200 31 "-" "WordPress/7.0; http://cqqizhou.com"
114.119.146.18 - - [16/Jul/2026:21:32:50 +0800] "GET /news HTTP/1.1" 200 20027 "http://cqqizhou.com/2162/" "Mozilla/5.0 (Linux; Android 7.0;) AppleWebKit/537.36 (HTML, like Gecko) Mobile Safari/537.36 (compatible; PetalBot;+https://webmaster.petalsearch.com/site/petalbot)"
36.133.115.36 - - [16/Jul/2026:21:35:39 +0800] "POST /wp-cron.php?doing_wp_cron=1784208939.5365018844604492187500 HTTP/1.1" 200 31 "-" "WordPress/7.0; http://cqqizhou.com"
43.164.129.191 - - [16/Jul/2026:21:35:39 +0800] "GET / HTTP/1.1" 200 35073 "-" "Mozilla/5.0 (iPhone; CPU iPhone OS 13_2_3 like Mac OS X) AppleWebKit/605.1.15 (KHTML, like Gecko) Version/13.0.3 Mobile/15E148 Safari/604.1"
160.119.71.9 - - [16/Jul/2026:21:35:54 +0800] "GET / HTTP/1.1" 200 109837 "-" "Mozilla/5.0 (X11; Linux x86_64; rv:144.0) Gecko/20100101 Firefox/144.0"
93.176.132.161 - - [16/Jul/2026:21:43:43 +0800] "GET http://cqqizhou.com/ HTTP/1.1" 200 35514 "http://cqqizhou.com" "Mozilla/5.0 (Windows NT 10.0; Win64; x64) AppleWebKit/537.36 (KHTML, like Gecko) Chrome/144.0.0.0 Safari/537.36 Edg/144.0.0.0"
36.133.115.36 - - [16/Jul/2026:21:45:16 +0800] "POST /wp-cron.php?doing_wp_cron=1784209516.5376451015472412109375 HTTP/1.1" 200 31 "-" "WordPress/7.0; http://cqqizhou.com"
27.46.75.8 - - [16/Jul/2026:21:45:16 +0800] "GET /robots.txt HTTP/1.1" 200 190 "-" "Mozilla/5.0 (Windows NT 10.0; WOW64) AppleWebKit/537.36 (KHTML, like Gecko) Chrome/68.0.3027.100 Safari/537.36 QIHU 360EE"
43.153.36.110 - - [16/Jul/2026:21:45:23 +0800] "GET / HTTP/1.1" 200 35071 "-" "Mozilla/5.0 (iPhone; CPU iPhone OS 13_2_3 like Mac OS X) AppleWebKit/605.1.15 (KHTML, like Gecko) Version/13.0.3 Mobile/15E148 Safari/604.1"
43.131.253.14 - - [16/Jul/2026:21:45:35 +0800] "GET /contacts/ HTTP/1.1" 301 5 "-" "Mozilla/5.0 (iPhone; CPU iPhone OS 13_2_3 like Mac OS X) AppleWebKit/605.1.15 (KHTML, like Gecko) Version/13.0.3 Mobile/15E148 Safari/604.1"
43.131.253.14 - - [16/Jul/2026:21:45:38 +0800] "GET /contacts HTTP/1.1" 200 19116 "http://cqqizhou.com/contacts/" "Mozilla/5.0 (iPhone; CPU iPhone OS 13_2_3 like Mac OS X) AppleWebKit/605.1.15 (KHTML, like Gecko) Version/13.0.3 Mobile/15E148 Safari/604.1"
36.133.115.36 - - [16/Jul/2026:21:52:41 +0800] "POST /wp-cron.php?doing_wp_cron=1784209961.1204919815063476562500 HTTP/1.1" 200 31 "-" "WordPress/7.0; http://cqqizhou.com"
144.76.32.239 - - [16/Jul/2026:21:52:41 +0800] "GET /robots.txt HTTP/1.1" 200 190 "-" "Mozilla/5.0 (compatible; SERankingBacklinksBot/1.0; +https://seranking.com/backlinks-crawler)"
144.76.32.239 - - [16/Jul/2026:21:52:41 +0800] "GET /news/portfolio/remaining-rolls HTTP/1.1" 200 22824 "-" "Mozilla/5.0 (compatible; SERankingBacklinksBot/1.0; +https://seranking.com/backlinks-crawler)"
1.14.110.85 - - [16/Jul/2026:21:52:44 +0800] "GET / HTTP/1.1" 301 5 "-" "Mozilla/5.0 (iPhone; CPU iPhone OS 13_2_3 like Mac OS X) AppleWebKit/605.1.15 (KHTML, like Gecko) Version/13.0.3 Mobile/15E148 Safari/604.1"
1.14.110.85 - - [16/Jul/2026:21:52:49 +0800] "GET / HTTP/1.1" 200 35071 "http://www.cqqizhou.com" "Mozilla/5.0 (iPhone; CPU iPhone OS 13_2_3 like Mac OS X) AppleWebKit/605.1.15 (KHTML, like Gecko) Version/13.0.3 Mobile/15E148 Safari/604.1"
144.76.32.239 - - [16/Jul/2026:21:54:44 +0800] "GET /news/portfolio/duplex-stainless-steel HTTP/1.1" 200 22809 "-" "Mozilla/5.0 (compatible; SERankingBacklinksBot/1.0; +https://seranking.com/backlinks-crawler)"
36.133.115.36 - - [16/Jul/2026:21:56:05 +0800] "POST /wp-cron.php?doing_wp_cron=1784210165.3062269687652587890625 HTTP/1.1" 200 31 "-" "WordPress/7.0; http://cqqizhou.com"
43.135.134.127 - - [16/Jul/2026:21:56:05 +0800] "GET /logistics HTTP/1.1" 301 5 "-" "Mozilla/5.0 (iPhone; CPU iPhone OS 13_2_3 like Mac OS X) AppleWebKit/605.1.15 (KHTML, like Gecko) Version/13.0.3 Mobile/15E148 Safari/604.1"
36.133.115.36 - - [16/Jul/2026:21:56:09 +0800] "POST /wp-cron.php?doing_wp_cron=1784210169.4677419662475585937500 HTTP/1.1" 200 31 "-" "WordPress/7.0; http://cqqizhou.com"
43.135.134.127 - - [16/Jul/2026:21:56:09 +0800] "GET /logistics HTTP/1.1" 200 25836 "http://36.133.115.36:80/logistics" "Mozilla/5.0 (iPhone; CPU iPhone OS 13_2_3 like Mac OS X) AppleWebKit/605.1.15 (KHTML, like Gecko) Version/13.0.3 Mobile/15E148 Safari/604.1"
144.76.32.239 - - [16/Jul/2026:21:56:49 +0800] "GET /news/portfolio/hot-dip-galvanized-coil HTTP/1.1" 200 22947 "-" "Mozilla/5.0 (compatible; SERankingBacklinksBot/1.0; +https://seranking.com/backlinks-crawler)"
36.133.115.36 - - [16/Jul/2026:21:57:13 +0800] "POST /wp-cron.php?doing_wp_cron=1784210233.3334589004516601562500 HTTP/1.1" 200 31 "-" "WordPress/7.0; http://cqqizhou.com"
43.153.102.138 - - [16/Jul/2026:21:57:13 +0800] "GET /news/portfolio/hot-dip-galvanized-coil HTTP/1.1" 200 19410 "-" "Mozilla/5.0 (iPhone; CPU iPhone OS 13_2_3 like Mac OS X) AppleWebKit/605.1.15 (KHTML, like Gecko) Version/13.0.3 Mobile/15E148 Safari/604.1"
144.76.32.239 - - [16/Jul/2026:21:58:52 +0800] "GET /news/portfolio-category/remaining-rolls HTTP/1.1" 200 21564 "-" "Mozilla/5.0 (compatible; SERankingBacklinksBot/1.0; +https://seranking.com/backlinks-crawler)"
144.76.32.239 - - [16/Jul/2026:22:00:56 +0800] "GET /news/portfolio-category/cold-rolled-coil HTTP/1.1" 200 21582 "-" "Mozilla/5.0 (compatible; SERankingBacklinksBot/1.0; +https://seranking.com/backlinks-crawler)"
144.76.32.239 - - [16/Jul/2026:22:03:03 +0800] "GET /news/portfolio-category/dual-phase-steel HTTP/1.1" 200 21576 "-" "Mozilla/5.0 (compatible; SERankingBacklinksBot/1.0; +https://seranking.com/backlinks-crawler)"
144.76.32.239 - - [16/Jul/2026:22:05:08 +0800] "GET /news/portfolio/%E5%86%B7%E8%BD%A7%E6%9D%BF HTTP/1.1" 200 22738 "-" "Mozilla/5.0 (compatible; SERankingBacklinksBot/1.0; +https://seranking.com/backlinks-crawler)"
43.166.142.76 - - [16/Jul/2026:22:06:51 +0800] "GET /wp-content/uploads/2025/07/1751425283-qizhou.kf_.qq_.com_.webp HTTP/1.1" 200 16864 "-" "Mozilla/5.0 (iPhone; CPU iPhone OS 13_2_3 like Mac OS X) AppleWebKit/605.1.15 (KHTML, like Gecko) Version/13.0.3 Mobile/15E148 Safari/604.1"
144.76.32.239 - - [16/Jul/2026:22:07:15 +0800] "GET /news/portfolio-category/hot-dip-galvanized-coil HTTP/1.1" 200 21596 "-" "Mozilla/5.0 (compatible; SERankingBacklinksBot/1.0; +https://seranking.com/backlinks-crawler)"
113.219.44.155 - - [16/Jul/2026:22:08:18 +0800] "HEAD http://cqqizhou.com/ HTTP/1.1" 200 0 "-" "Mozilla/5.0 (Windows NT 10.0; Win64; x64) AppleWebKit/537.36 (KHTML, like Gecko) Chrome/91.0.4472.124 Safari/537.36"
36.133.115.36 - - [16/Jul/2026:22:12:23 +0800] "POST /wp-cron.php?doing_wp_cron=1784211143.3502180576324462890625 HTTP/1.1" 200 31 "-" "WordPress/7.0; http://cqqizhou.com"
114.119.138.179 - - [16/Jul/2026:22:12:23 +0800] "GET /policy/ HTTP/1.1" 404 9497 "http://cqqizhou.com/2160/" "Mozilla/5.0 (Linux; Android 7.0;) AppleWebKit/537.36 (HTML, like Gecko) Mobile Safari/537.36 (compatible; PetalBot;+https://webmaster.petalsearch.com/site/petalbot)"
36.133.115.36 - - [16/Jul/2026:22:13:55 +0800] "POST /wp-cron.php?doing_wp_cron=1784211235.3667900562286376953125 HTTP/1.1" 200 31 "-" "WordPress/7.0; http://cqqizhou.com"
114.119.132.85 - - [16/Jul/2026:22:13:55 +0800] "GET /2215/ HTTP/1.1" 301 5 "http://cqqizhou.com/2160/" "Mozilla/5.0 (Linux; Android 7.0;) AppleWebKit/537.36 (HTML, like Gecko) Mobile Safari/537.36 (compatible; PetalBot;+https://webmaster.petalsearch.com/site/petalbot)"
