File: /home/logs/cqqizhou_access_2026-04-19.log
36.133.115.36 - - [19/Apr/2026:00:01:27 +0800] "POST /wp-cron.php?doing_wp_cron=1776528087.9058930873870849609375 HTTP/1.1" 200 31 "-" "WordPress/6.9; http://cqqizhou.com"
193.142.146.230 - - [19/Apr/2026:00:01:27 +0800] "GET /login HTTP/1.1" 301 5 "-" "Go-http-client/1.1"
193.142.146.230 - - [19/Apr/2026:00:01:29 +0800] "GET /login HTTP/1.1" 302 5 "http://36.133.115.36:80/login" "Go-http-client/1.1"
36.133.115.36 - - [19/Apr/2026:00:05:38 +0800] "POST /wp-cron.php?doing_wp_cron=1776528338.4465100765228271484375 HTTP/1.1" 200 31 "-" "WordPress/6.9; http://cqqizhou.com"
43.156.202.34 - - [19/Apr/2026:00:05:38 +0800] "GET / HTTP/1.1" 200 34721 "-" "Mozilla/5.0 (iPhone; CPU iPhone OS 13_2_3 like Mac OS X) AppleWebKit/605.1.15 (KHTML, like Gecko) Version/13.0.3 Mobile/15E148 Safari/604.1"
36.133.115.36 - - [19/Apr/2026:00:24:11 +0800] "POST /wp-cron.php?doing_wp_cron=1776529451.9156200885772705078125 HTTP/1.1" 200 31 "-" "WordPress/6.9; http://cqqizhou.com"
119.131.243.55 - - [19/Apr/2026:00:24:11 +0800] "GET /Ly9jcXFpemhvdS5jb20vd3AtY29udGVudC91cGxvYWRzLzIwMjYvMDEvMTc2ODI3NjExOS1xaXpob3VqaWFnb25nX1NsaWRlcl8zODQww5cyMTYwXzIwMjYwMTEzLXNjYWxlZC53ZWJw HTTP/1.1" 404 8950 "-" "Mozilla/5.0 (Windows NT 6.2; WOW64) AppleWebKit/537.36 (KHTML, like Gecko) Chrome/73.0.3683.68"
49.51.245.241 - - [19/Apr/2026:00:29:12 +0800] "GET /wp-content/uploads/2025/07/1751425283-qizhou.kf_.qq_.com_.webp HTTP/1.1" 200 16864 "-" "Mozilla/5.0 (iPhone; CPU iPhone OS 13_2_3 like Mac OS X) AppleWebKit/605.1.15 (KHTML, like Gecko) Version/13.0.3 Mobile/15E148 Safari/604.1"
36.133.115.36 - - [19/Apr/2026:00:30:04 +0800] "POST /wp-cron.php?doing_wp_cron=1776529804.3452129364013671875000 HTTP/1.1" 200 31 "-" "WordPress/6.9; http://cqqizhou.com"
120.55.61.193 - - [19/Apr/2026:00:30:04 +0800] "GET / HTTP/1.1" 301 5 "-" "Mozilla/5.0 (Windows NT 10.0; Win64; x64) AppleWebKit/537.36 (KHTML, like Gecko) Chrome/59.0.3071.115 Safari/537.36"
36.133.115.36 - - [19/Apr/2026:00:32:46 +0800] "POST /wp-cron.php?doing_wp_cron=1776529966.5270059108734130859375 HTTP/1.1" 200 31 "-" "WordPress/6.9; http://cqqizhou.com"
120.241.209.254 - - [19/Apr/2026:00:32:46 +0800] "GET /2155/ HTTP/1.1" 301 5 "-" "Mozilla/5.0 (Windows NT 10.0; Win64; x64) AppleWebKit/537.36 (KHTML, like Gecko) Chrome/104.0.5112.81 Safari/537.36"
120.241.209.254 - - [19/Apr/2026:00:32:46 +0800] "GET /news/2155 HTTP/1.1" 200 28979 "http://cqqizhou.com/2155/" "Mozilla/5.0 (Windows NT 10.0; Win64; x64) AppleWebKit/537.36 (KHTML, like Gecko) Chrome/104.0.5112.81 Safari/537.36"
36.133.115.36 - - [19/Apr/2026:00:39:27 +0800] "POST /wp-cron.php?doing_wp_cron=1776530367.5678269863128662109375 HTTP/1.1" 200 31 "-" "WordPress/6.9; http://cqqizhou.com"
43.130.110.130 - - [19/Apr/2026:00:39:27 +0800] "GET /wp-content/uploads/2025/07/1753453096- HTTP/1.1" 404 8950 "-" "Mozilla/5.0 (iPhone; CPU iPhone OS 13_2_3 like Mac OS X) AppleWebKit/605.1.15 (KHTML, like Gecko) Version/13.0.3 Mobile/15E148 Safari/604.1"
36.133.115.36 - - [19/Apr/2026:00:44:31 +0800] "POST /wp-cron.php?doing_wp_cron=1776530671.8599519729614257812500 HTTP/1.1" 200 31 "-" "WordPress/6.9; http://cqqizhou.com"
110.249.201.247 - - [19/Apr/2026:00:44:31 +0800] "GET /robots.txt HTTP/1.1" 200 190 "-" "Mozilla/5.0 (Linux; Android 5.0) AppleWebKit/537.36 (KHTML, like Gecko) Mobile Safari/537.36 (compatible; Bytespider; https://zhanzhang.toutiao.com/)"
36.133.115.36 - - [19/Apr/2026:00:46:37 +0800] "POST /wp-cron.php?doing_wp_cron=1776530797.2561209201812744140625 HTTP/1.1" 200 31 "-" "WordPress/6.9; http://cqqizhou.com"
182.38.126.37 - - [19/Apr/2026:00:46:37 +0800] "GET /news/ HTTP/1.1" 301 5 "-" "Mozilla/5.0 (Macintosh; Intel Mac OS X 10_15_7) AppleWebKit/537.36 (KHTML, like Gecko) Chrome/147.0.0.0 Safari/537.36"
180.127.202.98 - - [19/Apr/2026:00:46:38 +0800] "GET /news HTTP/1.1" 200 20091 "-" "Mozilla/5.0 (Macintosh; Intel Mac OS X 10_15_7) AppleWebKit/537.36 (KHTML, like Gecko) Chrome/147.0.0.0 Safari/537.36"
36.133.115.36 - - [19/Apr/2026:00:49:30 +0800] "POST /wp-cron.php?doing_wp_cron=1776530970.6074440479278564453125 HTTP/1.1" 200 31 "-" "WordPress/6.9; http://cqqizhou.com"
43.159.152.184 - - [19/Apr/2026:00:49:30 +0800] "GET /wp-json/oembed/1.0/embed?url=http%3A%2F%2Fcqqizhou.com%2F HTTP/1.1" 200 1129 "-" "Mozilla/5.0 (iPhone; CPU iPhone OS 13_2_3 like Mac OS X) AppleWebKit/605.1.15 (KHTML, like Gecko) Version/13.0.3 Mobile/15E148 Safari/604.1"
36.133.115.36 - - [19/Apr/2026:00:50:12 +0800] "POST /wp-cron.php?doing_wp_cron=1776531012.0654740333557128906250 HTTP/1.1" 200 31 "-" "WordPress/6.9; http://cqqizhou.com"
178.18.249.91 - - [19/Apr/2026:00:50:12 +0800] "POST /xmlrpc.php HTTP/1.1" 200 217 "-" "Mozilla/5.0 (Windows NT 10.0; Win64; x64) AppleWebKit/537.36 (KHTML, like Gecko) Chrome/138.0.0.0 Safari/537.36"
36.133.115.36 - - [19/Apr/2026:00:52:21 +0800] "POST /wp-cron.php?doing_wp_cron=1776531141.6201159954071044921875 HTTP/1.1" 200 31 "-" "WordPress/6.9; http://cqqizhou.com"
183.207.48.155 - - [19/Apr/2026:00:52:21 +0800] "GET / HTTP/1.1" 301 5 "-" "Mozilla/5.0 (Windows NT 10.0; Win64; x64) AppleWebKit/537.36 (KHTML, like Gecko) Chrome/59.0.3071.104 Safari/537.36"
183.207.48.155 - - [19/Apr/2026:00:52:21 +0800] "GET / HTTP/1.1" 200 158581 "-" "Mozilla/5.0 (Windows NT 10.0; Win64; x64) AppleWebKit/537.36 (KHTML, like Gecko) Chrome/59.0.3071.104 Safari/537.36"
121.237.36.31 - - [19/Apr/2026:00:52:50 +0800] "GET / HTTP/1.1" 200 35159 "-" "Mozilla/5.0 (Macintosh; Intel Mac OS X 10_11) AppleWebKit/601.1.27 (KHTML, like Gecko) Chrome/47.0.2526.106 Safari/601.1.27"
74.7.227.153 - - [19/Apr/2026:00:52:53 +0800] "GET /wp-sitemap.xml HTTP/1.1" 501 253 "-" "Mozilla/5.0 AppleWebKit/537.36 (KHTML, like Gecko; compatible; GPTBot/1.3; +https://openai.com/gptbot)"
74.7.230.26 - - [19/Apr/2026:00:52:53 +0800] "GET /robots.txt HTTP/1.1" 200 190 "-" "Mozilla/5.0 (Macintosh; Intel Mac OS X 10_15_7) AppleWebKit/537.36 (KHTML, like Gecko) Chrome/131.0.0.0 Safari/537.36; compatible; OAI-SearchBot/1.3; robots.txt; +https://openai.com/searchbot"
121.237.36.28 - - [19/Apr/2026:00:53:30 +0800] "GET / HTTP/1.1" 200 35159 "-" "Mozilla/5.0 (Macintosh; Intel Mac OS X 10_11) AppleWebKit/601.1.27 (KHTML, like Gecko) Chrome/47.0.2526.106 Safari/601.1.27"
123.161.17.184 - - [19/Apr/2026:00:54:17 +0800] "GET /news/2475 HTTP/1.1" 200 26713 "-" "Mozilla/5.0 (Windows NT 10.0; Win64; x64) AppleWebKit/537.36 (KHTML, like Gecko) Chrome/142.0.0.0 Safari/537.36"
123.161.17.184 - - [19/Apr/2026:00:54:19 +0800] "POST /wp-admin/admin-ajax.php HTTP/1.1" 499 0 "http://cqqizhou.com/news/2475" "Mozilla/5.0 (Windows NT 10.0; Win64; x64) AppleWebKit/537.36 (KHTML, like Gecko) Chrome/142.0.0.0 Safari/537.36"
36.133.115.36 - - [19/Apr/2026:00:54:19 +0800] "POST /wp-cron.php?doing_wp_cron=1776531259.7025020122528076171875 HTTP/1.1" 200 31 "-" "WordPress/6.9; http://cqqizhou.com"
36.133.115.36 - - [19/Apr/2026:00:55:16 +0800] "POST /wp-cron.php?doing_wp_cron=1776531316.4254579544067382812500 HTTP/1.1" 200 31 "-" "WordPress/6.9; http://cqqizhou.com"
119.84.246.117 - - [19/Apr/2026:00:55:16 +0800] "GET / HTTP/1.1" 301 5 "-" "-"
119.84.246.117 - - [19/Apr/2026:00:55:16 +0800] "GET / HTTP/1.1" 200 158581 "-" "-"
119.84.246.117 - - [19/Apr/2026:00:55:18 +0800] "GET / HTTP/1.1" 301 5 "-" "Mozilla/5.0 (Windows; U; Windows NT 5.2) AppleWebKit/525.13 (KHTML, like Gecko) Version/3.1 Safari/525.13"
119.84.246.117 - - [19/Apr/2026:00:55:18 +0800] "GET / HTTP/1.1" 200 35159 "-" "Mozilla/5.0 (Windows; U; Windows NT 5.2) AppleWebKit/525.13 (KHTML, like Gecko) Version/3.1 Safari/525.13"
119.84.246.117 - - [19/Apr/2026:00:55:18 +0800] "GET /wp-content/uploads/2025/07/1751425283-qizhou.kf_.qq_.com_.webp HTTP/1.1" 200 16864 "http://cqqizhou.com/" "Mozilla/5.0 (Windows; U; Windows NT 5.2) AppleWebKit/525.13 (KHTML, like Gecko) Version/3.1 Safari/525.13"
119.84.246.117 - - [19/Apr/2026:00:55:18 +0800] "GET /wp-content/uploads/2025/07/1753456723-%E5%8F%8C%E7%9B%B8%E9%92%A2roduct_Single600.webp HTTP/1.1" 200 22790 "http://cqqizhou.com/" "Mozilla/5.0 (Windows; U; Windows NT 5.2) AppleWebKit/525.13 (KHTML, like Gecko) Version/3.1 Safari/525.13"
119.84.246.117 - - [19/Apr/2026:00:55:18 +0800] "GET /wp-content/uploads/2025/07/1753453096-%E5%8F%8C%E7%9B%B8%E9%92%A2product_Single600%C3%97284.webp HTTP/1.1" 200 14562 "http://cqqizhou.com/" "Mozilla/5.0 (Windows; U; Windows NT 5.2) AppleWebKit/525.13 (KHTML, like Gecko) Version/3.1 Safari/525.13"
119.84.246.117 - - [19/Apr/2026:00:55:18 +0800] "GET /wp-content/uploads/2025/07/1753456770-%E7%83%AD%E9%95%80%E9%94%8C%E5%8D%B7product_Single600.webp HTTP/1.1" 200 27502 "http://cqqizhou.com/" "Mozilla/5.0 (Windows; U; Windows NT 5.2) AppleWebKit/525.13 (KHTML, like Gecko) Version/3.1 Safari/525.13"
119.84.246.117 - - [19/Apr/2026:00:55:18 +0800] "GET /wp-content/uploads/2025/07/1753453127-%E4%BD%99%E5%8D%B7product_Single600%C3%97284.webp HTTP/1.1" 200 18744 "http://cqqizhou.com/" "Mozilla/5.0 (Windows; U; Windows NT 5.2) AppleWebKit/525.13 (KHTML, like Gecko) Version/3.1 Safari/525.13"
119.84.246.117 - - [19/Apr/2026:00:55:18 +0800] "GET /wp-content/uploads/2026/04/1775865780-1Article_images_W900px.webp HTTP/1.1" 200 41840 "http://cqqizhou.com/" "Mozilla/5.0 (Windows; U; Windows NT 5.2) AppleWebKit/525.13 (KHTML, like Gecko) Version/3.1 Safari/525.13"
119.84.246.117 - - [19/Apr/2026:00:55:18 +0800] "GET /wp-content/uploads/2026/02/1769999241-4.2%E7%B1%B3%E9%AB%98%E6%A0%8F%E8%B4%A7%E8%BD%A6.webp HTTP/1.1" 200 54794 "http://cqqizhou.com/" "Mozilla/5.0 (Windows; U; Windows NT 5.2) AppleWebKit/525.13 (KHTML, like Gecko) Version/3.1 Safari/525.13"
119.84.246.117 - - [19/Apr/2026:00:55:18 +0800] "GET /wp-content/uploads/2026/04/1775698332-Article_images_W900px.webp HTTP/1.1" 200 49852 "http://cqqizhou.com/" "Mozilla/5.0 (Windows; U; Windows NT 5.2) AppleWebKit/525.13 (KHTML, like Gecko) Version/3.1 Safari/525.13"
119.84.246.117 - - [19/Apr/2026:00:55:18 +0800] "GET /wp-content/uploads/2026/04/1775195054-1Article_images_W900px.webp HTTP/1.1" 200 25562 "http://cqqizhou.com/" "Mozilla/5.0 (Windows; U; Windows NT 5.2) AppleWebKit/525.13 (KHTML, like Gecko) Version/3.1 Safari/525.13"
119.84.246.117 - - [19/Apr/2026:00:55:18 +0800] "GET /wp-content/uploads/2025/07/1751864664-Logistics800x500_1.webp HTTP/1.1" 200 76914 "http://cqqizhou.com/" "Mozilla/5.0 (Windows; U; Windows NT 5.2) AppleWebKit/525.13 (KHTML, like Gecko) Version/3.1 Safari/525.13"
121.237.36.31 - - [19/Apr/2026:00:57:40 +0800] "GET / HTTP/1.1" 200 35159 "-" "Opera/9.25 (Windows NT 6.0; U; ru)"
36.133.115.36 - - [19/Apr/2026:00:59:44 +0800] "POST /wp-cron.php?doing_wp_cron=1776531584.4191870689392089843750 HTTP/1.1" 200 31 "-" "WordPress/6.9; http://cqqizhou.com"
150.109.46.88 - - [19/Apr/2026:00:59:44 +0800] "GET /wp-content/uploads/2025/07/1753456770- HTTP/1.1" 404 8951 "-" "Mozilla/5.0 (iPhone; CPU iPhone OS 13_2_3 like Mac OS X) AppleWebKit/605.1.15 (KHTML, like Gecko) Version/13.0.3 Mobile/15E148 Safari/604.1"
36.133.115.36 - - [19/Apr/2026:01:01:56 +0800] "POST /wp-cron.php?doing_wp_cron=1776531715.9917569160461425781250 HTTP/1.1" 200 31 "-" "WordPress/6.9; http://cqqizhou.com"
121.237.36.31 - - [19/Apr/2026:01:01:56 +0800] "GET / HTTP/1.1" 200 34723 "-" "Mozilla/5.0 (Linux; U; Android 6.0; zh-CN; Redmi Note 4 Build/MRA58K) AppleWebKit/537.36 (KHTML, like Gecko) Version/4.0 Chrome/40.0.2214.89 UCBrowser/11.3.8.909 UWS/2.10.2.11 Mobile Safari/537.36 AliApp(DingTalk/4.2.1) com.alibaba.android.rimet/0 Channel/10002068 language/zh-CN"
36.133.115.36 - - [19/Apr/2026:01:03:40 +0800] "POST /wp-cron.php?doing_wp_cron=1776531820.7223000526428222656250 HTTP/1.1" 200 31 "-" "WordPress/6.9; http://cqqizhou.com"
121.237.36.31 - - [19/Apr/2026:01:03:40 +0800] "GET / HTTP/1.1" 200 34723 "-" "Dalvik/2.1.0 (Linux; U; Android 9.0; ZTE BA520 Build/MRA58K)"
121.237.36.31 - - [19/Apr/2026:01:04:36 +0800] "GET / HTTP/1.1" 200 35159 "-" "Mozilla/5.0 (Macintosh; Intel Mac OS X 10_11) AppleWebKit/601.1.27 (KHTML, like Gecko) Chrome/47.0.2526.106 Safari/601.1.27"
36.133.115.36 - - [19/Apr/2026:01:04:39 +0800] "POST /wp-cron.php?doing_wp_cron=1776531879.0975580215454101562500 HTTP/1.1" 200 31 "-" "WordPress/6.9; http://cqqizhou.com"
121.237.36.31 - - [19/Apr/2026:01:04:39 +0800] "GET / HTTP/1.1" 200 34723 "-" "Dalvik/2.1.0 (Linux; U; Android 9.0; ZTE BA520 Build/MRA58K)"
36.133.115.36 - - [19/Apr/2026:01:06:20 +0800] "POST /wp-cron.php?doing_wp_cron=1776531980.5489239692687988281250 HTTP/1.1" 200 31 "-" "WordPress/6.9; http://cqqizhou.com"
121.237.36.31 - - [19/Apr/2026:01:06:20 +0800] "GET / HTTP/1.1" 200 34723 "-" "Mozilla/5.0 (Linux; U; Android 6.0; zh-CN; Redmi Note 4 Build/MRA58K) AppleWebKit/537.36 (KHTML, like Gecko) Version/4.0 Chrome/57.0.2987.108 UCBrowser/12.0.5.985 Mobile Safari/537.36"
223.159.29.93 - - [19/Apr/2026:01:19:19 +0800] "GET / HTTP/1.1" 200 35159 "-" "Mozilla/5.0 (Macintosh; Intel Mac OS X 10_15_7) AppleWebKit/537.36 (KHTML, like Gecko) Chrome/119.0.0.0 Safari/537.36"
51.107.221.215 - - [19/Apr/2026:01:31:29 +0800] "GET /wp-content/plugins/hellopress/wp_filemanager.php HTTP/1.1" 404 27 "-" "-"
51.107.221.215 - - [19/Apr/2026:01:31:30 +0800] "GET /eFpU3yHnriNNLtvdefault.php HTTP/1.1" 404 27 "-" "-"
51.107.221.215 - - [19/Apr/2026:01:31:30 +0800] "GET /saorix1.php HTTP/1.1" 404 27 "-" "-"
51.107.221.215 - - [19/Apr/2026:01:31:30 +0800] "GET /themes.php HTTP/1.1" 404 27 "-" "-"
51.107.221.215 - - [19/Apr/2026:01:31:30 +0800] "GET /lib.php HTTP/1.1" 404 27 "-" "-"
51.107.221.215 - - [19/Apr/2026:01:31:31 +0800] "GET /file-kikikoko.php HTTP/1.1" 404 27 "-" "-"
51.107.221.215 - - [19/Apr/2026:01:31:31 +0800] "GET /wp-kikikoko.php HTTP/1.1" 404 27 "-" "-"
51.107.221.215 - - [19/Apr/2026:01:31:31 +0800] "GET /ganja.php HTTP/1.1" 404 27 "-" "-"
51.107.221.215 - - [19/Apr/2026:01:31:31 +0800] "GET /sad821.php HTTP/1.1" 404 27 "-" "-"
51.107.221.215 - - [19/Apr/2026:01:31:32 +0800] "GET /sad8210.php HTTP/1.1" 404 27 "-" "-"
51.107.221.215 - - [19/Apr/2026:01:31:32 +0800] "GET /BDKR28WP.php HTTP/1.1" 404 27 "-" "-"
51.107.221.215 - - [19/Apr/2026:01:31:32 +0800] "GET //man.php HTTP/1.1" 404 27 "-" "-"
51.107.221.215 - - [19/Apr/2026:01:31:32 +0800] "GET /aboute.php HTTP/1.1" 404 27 "-" "-"
51.107.221.215 - - [19/Apr/2026:01:31:33 +0800] "GET /ayk.php HTTP/1.1" 404 27 "-" "-"
51.107.221.215 - - [19/Apr/2026:01:31:33 +0800] "GET /wps.php HTTP/1.1" 404 27 "-" "-"
51.107.221.215 - - [19/Apr/2026:01:31:33 +0800] "GET /f35.php HTTP/1.1" 404 27 "-" "-"
51.107.221.215 - - [19/Apr/2026:01:31:33 +0800] "GET /12.php HTTP/1.1" 404 27 "-" "-"
51.107.221.215 - - [19/Apr/2026:01:31:34 +0800] "GET /acp.php HTTP/1.1" 404 27 "-" "-"
51.107.221.215 - - [19/Apr/2026:01:31:34 +0800] "GET /link.php HTTP/1.1" 404 27 "-" "-"
51.107.221.215 - - [19/Apr/2026:01:31:34 +0800] "GET /dass.php HTTP/1.1" 404 27 "-" "-"
51.107.221.215 - - [19/Apr/2026:01:31:35 +0800] "GET /ws66.php HTTP/1.1" 404 27 "-" "-"
51.107.221.215 - - [19/Apr/2026:01:31:35 +0800] "GET /db.php HTTP/1.1" 404 27 "-" "-"
51.107.221.215 - - [19/Apr/2026:01:31:35 +0800] "GET /ws81.php HTTP/1.1" 404 27 "-" "-"
51.107.221.215 - - [19/Apr/2026:01:31:35 +0800] "GET /r2.php HTTP/1.1" 404 27 "-" "-"
51.107.221.215 - - [19/Apr/2026:01:31:36 +0800] "GET /tiny.php HTTP/1.1" 404 27 "-" "-"
36.133.115.36 - - [19/Apr/2026:01:31:37 +0800] "POST /wp-cron.php?doing_wp_cron=1776533497.3462851047515869140625 HTTP/1.1" 200 31 "-" "WordPress/6.9; http://cqqizhou.com"
51.107.221.215 - - [19/Apr/2026:01:31:37 +0800] "GET /tiny HTTP/1.1" 404 31365 "-" "-"
51.107.221.215 - - [19/Apr/2026:01:31:37 +0800] "GET //edit.php HTTP/1.1" 404 27 "-" "-"
51.107.221.215 - - [19/Apr/2026:01:31:38 +0800] "GET /ws80.php HTTP/1.1" 404 27 "-" "-"
51.107.221.215 - - [19/Apr/2026:01:31:38 +0800] "GET //f6.php HTTP/1.1" 404 27 "-" "-"
51.107.221.215 - - [19/Apr/2026:01:31:38 +0800] "GET /roksad1.php HTTP/1.1" 404 27 "-" "-"
51.107.221.215 - - [19/Apr/2026:01:31:38 +0800] "GET /fone1.php HTTP/1.1" 404 27 "-" "-"
51.107.221.215 - - [19/Apr/2026:01:31:39 +0800] "GET /config.php HTTP/1.1" 404 27 "-" "-"
51.107.221.215 - - [19/Apr/2026:01:31:39 +0800] "GET /xltt.php HTTP/1.1" 404 27 "-" "-"
51.107.221.215 - - [19/Apr/2026:01:31:39 +0800] "GET /sadcut1.php HTTP/1.1" 404 27 "-" "-"
51.107.221.215 - - [19/Apr/2026:01:31:39 +0800] "GET /dx.php HTTP/1.1" 404 27 "-" "-"
51.107.221.215 - - [19/Apr/2026:01:31:40 +0800] "GET /xff.php HTTP/1.1" 404 27 "-" "-"
51.107.221.215 - - [19/Apr/2026:01:31:40 +0800] "GET /wglum1.php HTTP/1.1" 404 27 "-" "-"
51.107.221.215 - - [19/Apr/2026:01:31:40 +0800] "GET /ng.php HTTP/1.1" 404 27 "-" "-"
51.107.221.215 - - [19/Apr/2026:01:31:41 +0800] "GET /wgift1.php HTTP/1.1" 404 27 "-" "-"
51.107.221.215 - - [19/Apr/2026:01:31:41 +0800] "GET /xynz.php HTTP/1.1" 404 27 "-" "-"
51.107.221.215 - - [19/Apr/2026:01:31:41 +0800] "GET /wp-admin/images/admin.php HTTP/1.1" 404 27 "-" "-"
51.107.221.215 - - [19/Apr/2026:01:31:41 +0800] "GET /press.php HTTP/1.1" 404 27 "-" "-"
51.107.221.215 - - [19/Apr/2026:01:31:42 +0800] "GET /xwx1.php HTTP/1.1" 404 27 "-" "-"
51.107.221.215 - - [19/Apr/2026:01:31:42 +0800] "GET /rh.php HTTP/1.1" 404 27 "-" "-"
51.107.221.215 - - [19/Apr/2026:01:31:42 +0800] "GET /d.php HTTP/1.1" 404 27 "-" "-"
51.107.221.215 - - [19/Apr/2026:01:31:42 +0800] "GET /classwithtostring.php HTTP/1.1" 404 27 "-" "-"
51.107.221.215 - - [19/Apr/2026:01:31:43 +0800] "GET /wp-kz.php HTTP/1.1" 404 27 "-" "-"
51.107.221.215 - - [19/Apr/2026:01:31:43 +0800] "GET /view.php HTTP/1.1" 404 27 "-" "-"
51.107.221.215 - - [19/Apr/2026:01:31:43 +0800] "GET /cilus.php HTTP/1.1" 404 27 "-" "-"
51.107.221.215 - - [19/Apr/2026:01:31:43 +0800] "GET /adminfuns.php HTTP/1.1" 404 27 "-" "-"
51.107.221.215 - - [19/Apr/2026:01:31:44 +0800] "GET /doc.php HTTP/1.1" 404 27 "-" "-"
51.107.221.215 - - [19/Apr/2026:01:31:44 +0800] "GET /xper1.php HTTP/1.1" 404 27 "-" "-"
51.107.221.215 - - [19/Apr/2026:01:31:44 +0800] "GET /2.php HTTP/1.1" 404 27 "-" "-"
51.107.221.215 - - [19/Apr/2026:01:31:44 +0800] "GET /gelio1.php HTTP/1.1" 404 27 "-" "-"
51.107.221.215 - - [19/Apr/2026:01:31:45 +0800] "GET /ws82.php HTTP/1.1" 404 27 "-" "-"
51.107.221.215 - - [19/Apr/2026:01:31:45 +0800] "GET /wp-includes/theme-compat/wp-login.php HTTP/1.1" 404 27 "-" "-"
51.107.221.215 - - [19/Apr/2026:01:31:45 +0800] "GET /wp-class.php HTTP/1.1" 404 27 "-" "-"
51.107.221.215 - - [19/Apr/2026:01:31:45 +0800] "GET /layout.php HTTP/1.1" 404 27 "-" "-"
51.107.221.215 - - [19/Apr/2026:01:31:46 +0800] "GET /ws85.php HTTP/1.1" 404 27 "-" "-"
51.107.221.215 - - [19/Apr/2026:01:31:46 +0800] "GET /zogy1.php HTTP/1.1" 404 27 "-" "-"
51.107.221.215 - - [19/Apr/2026:01:31:46 +0800] "GET /state.php HTTP/1.1" 404 27 "-" "-"
51.107.221.215 - - [19/Apr/2026:01:31:46 +0800] "GET /ss.php HTTP/1.1" 404 27 "-" "-"
51.107.221.215 - - [19/Apr/2026:01:31:47 +0800] "GET /bthil.php HTTP/1.1" 404 27 "-" "-"
51.107.221.215 - - [19/Apr/2026:01:31:47 +0800] "GET /error_log.php HTTP/1.1" 404 27 "-" "-"
51.107.221.215 - - [19/Apr/2026:01:31:47 +0800] "GET /mifta.php HTTP/1.1" 404 27 "-" "-"
51.107.221.215 - - [19/Apr/2026:01:31:48 +0800] "GET /ws57.php HTTP/1.1" 404 27 "-" "-"
51.107.221.215 - - [19/Apr/2026:01:31:48 +0800] "GET /ws86.php HTTP/1.1" 404 27 "-" "-"
51.107.221.215 - - [19/Apr/2026:01:31:48 +0800] "GET /fs.php HTTP/1.1" 404 27 "-" "-"
51.107.221.215 - - [19/Apr/2026:01:31:48 +0800] "GET /packsin1.php HTTP/1.1" 404 27 "-" "-"
51.107.221.215 - - [19/Apr/2026:01:31:49 +0800] "GET /xs.php HTTP/1.1" 404 27 "-" "-"
51.107.221.215 - - [19/Apr/2026:01:31:49 +0800] "GET /img.php HTTP/1.1" 404 27 "-" "-"
51.107.221.215 - - [19/Apr/2026:01:31:49 +0800] "GET /chosen.php HTTP/1.1" 404 27 "-" "-"
51.107.221.215 - - [19/Apr/2026:01:31:50 +0800] "GET /index.php HTTP/1.1" 301 5 "-" "-"
51.107.221.215 - - [19/Apr/2026:01:31:51 +0800] "GET / HTTP/1.1" 200 158581 "-" "-"
51.107.221.215 - - [19/Apr/2026:01:31:52 +0800] "GET /maxro.php HTTP/1.1" 404 27 "-" "-"
51.107.221.215 - - [19/Apr/2026:01:31:52 +0800] "GET /a7.php HTTP/1.1" 404 27 "-" "-"
51.107.221.215 - - [19/Apr/2026:01:31:52 +0800] "GET /wp-block.php HTTP/1.1" 404 27 "-" "-"
51.107.221.215 - - [19/Apr/2026:01:31:52 +0800] "GET /aa.php HTTP/1.1" 404 27 "-" "-"
51.107.221.215 - - [19/Apr/2026:01:31:53 +0800] "GET /areak1.php HTTP/1.1" 404 27 "-" "-"
51.107.221.215 - - [19/Apr/2026:01:31:53 +0800] "GET /sallu.php HTTP/1.1" 404 27 "-" "-"
51.107.221.215 - - [19/Apr/2026:01:31:53 +0800] "GET /tiny2.php HTTP/1.1" 404 27 "-" "-"
51.107.221.215 - - [19/Apr/2026:01:31:53 +0800] "GET /7.php HTTP/1.1" 404 27 "-" "-"
51.107.221.215 - - [19/Apr/2026:01:31:54 +0800] "GET /gz.php HTTP/1.1" 404 27 "-" "-"
51.107.221.215 - - [19/Apr/2026:01:31:54 +0800] "GET /8.php HTTP/1.1" 404 27 "-" "-"
51.107.221.215 - - [19/Apr/2026:01:31:54 +0800] "GET /gecko.php HTTP/1.1" 404 27 "-" "-"
51.107.221.215 - - [19/Apr/2026:01:31:55 +0800] "GET /aevly.php HTTP/1.1" 404 27 "-" "-"
51.107.221.215 - - [19/Apr/2026:01:31:55 +0800] "GET /ws68.php HTTP/1.1" 404 27 "-" "-"
51.107.221.215 - - [19/Apr/2026:01:31:55 +0800] "GET /pp.php HTTP/1.1" 404 27 "-" "-"
51.107.221.215 - - [19/Apr/2026:01:31:55 +0800] "GET /yuzuru1.php HTTP/1.1" 404 27 "-" "-"
51.107.221.215 - - [19/Apr/2026:01:31:56 +0800] "GET /son1.php HTTP/1.1" 404 27 "-" "-"
51.107.221.215 - - [19/Apr/2026:01:31:56 +0800] "GET /tx79.php HTTP/1.1" 404 27 "-" "-"
51.107.221.215 - - [19/Apr/2026:01:31:56 +0800] "GET /wmore1.php HTTP/1.1" 404 27 "-" "-"
51.107.221.215 - - [19/Apr/2026:01:31:59 +0800] "GET /ws80.php HTTP/1.1" 404 27 "-" "-"
51.107.221.215 - - [19/Apr/2026:01:31:59 +0800] "GET /ws84.php HTTP/1.1" 404 27 "-" "-"
51.107.221.215 - - [19/Apr/2026:01:31:59 +0800] "GET /ws61.php HTTP/1.1" 404 27 "-" "-"
51.107.221.215 - - [19/Apr/2026:01:32:00 +0800] "GET /class-wp-image.php HTTP/1.1" 404 27 "-" "-"
36.133.115.36 - - [19/Apr/2026:01:37:53 +0800] "POST /wp-cron.php?doing_wp_cron=1776533873.1471109390258789062500 HTTP/1.1" 200 31 "-" "WordPress/6.9; http://cqqizhou.com"
115.159.33.43 - - [19/Apr/2026:01:37:53 +0800] "GET / HTTP/1.1" 301 5 "-" "Mozilla/5.0 (Windows NT 10.0; Win64; x64) AppleWebKit/537.36 (KHTML, like Gecko) Chrome/79.0.3945.117 Safari/537.36"
45.233.148.131 - - [19/Apr/2026:01:43:39 +0800] "POST /xmlrpc.php HTTP/1.1" 499 0 "-" "Mozilla/5.0 (Windows NT 10.0; WOW64) AppleWebKit/537.36 (KHTML, like Gecko) Chrome/138.0.0.0 Safari/537.36"
36.133.115.36 - - [19/Apr/2026:01:43:40 +0800] "POST /wp-cron.php?doing_wp_cron=1776534220.6234390735626220703125 HTTP/1.1" 200 31 "-" "WordPress/6.9; http://cqqizhou.com"
36.133.115.36 - - [19/Apr/2026:01:49:51 +0800] "POST /wp-cron.php?doing_wp_cron=1776534591.5268399715423583984375 HTTP/1.1" 200 31 "-" "WordPress/6.9; http://cqqizhou.com"
110.249.201.79 - - [19/Apr/2026:01:49:51 +0800] "GET /2418/ HTTP/1.1" 301 5 "-" "Mozilla/5.0 (Linux; Android 5.0) AppleWebKit/537.36 (KHTML, like Gecko) Mobile Safari/537.36 (compatible; Bytespider; https://zhanzhang.toutiao.com/)"
110.249.201.79 - - [19/Apr/2026:01:49:52 +0800] "GET /news/2418 HTTP/1.1" 200 23236 "-" "Mozilla/5.0 (Linux; Android 5.0) AppleWebKit/537.36 (KHTML, like Gecko) Mobile Safari/537.36 (compatible; Bytespider; https://zhanzhang.toutiao.com/)"
110.249.201.79 - - [19/Apr/2026:01:49:52 +0800] "GET /wp-content/uploads/revslider/slider-1/1750861156-logistics_Slider_3840%C3%972160_20250625191356-scaled-768x432.webp HTTP/1.1" 206 500 "http://cqqizhou.com/news/2418" "Mozilla/5.0 (Linux; Android 5.0) AppleWebKit/537.36 (KHTML, like Gecko) Mobile Safari/537.36 (compatible; Bytespider; https://zhanzhang.toutiao.com/)"
110.249.201.53 - - [19/Apr/2026:01:49:53 +0800] "GET /wp-content/uploads/2026/04/1775195054-1Article_images_W900px-768x432.webp HTTP/1.1" 206 500 "http://cqqizhou.com/news/2418" "Mozilla/5.0 (Linux; Android 5.0) AppleWebKit/537.36 (KHTML, like Gecko) Mobile Safari/537.36 (compatible; Bytespider; https://zhanzhang.toutiao.com/)"
36.133.115.36 - - [19/Apr/2026:01:50:21 +0800] "POST /wp-cron.php?doing_wp_cron=1776534621.6833090782165527343750 HTTP/1.1" 200 31 "-" "WordPress/6.9; http://cqqizhou.com"
59.51.143.72 - - [19/Apr/2026:01:50:21 +0800] "GET /contacts/ HTTP/1.1" 301 5 "-" "Mozilla/5.0 (Windows NT 10.0; Win64; x64) AppleWebKit/537.36 (KHTML, like Gecko) Chrome/136.0.0.0 Safari/537.36"
59.51.143.72 - - [19/Apr/2026:01:50:22 +0800] "GET http://cqqizhou.com/contacts HTTP/1.1" 200 21617 "-" "Mozilla/5.0 (Windows NT 10.0; Win64; x64) AppleWebKit/537.36 (KHTML, like Gecko) Chrome/136.0.0.0 Safari/537.36"
117.189.94.175 - - [19/Apr/2026:01:50:53 +0800] "GET /contacts/ HTTP/1.1" 301 5 "http://cqqizhou.com/contacts/" "Mozilla/5.0 (Windows NT 10.0; Win64; x64) AppleWebKit/537.36 (KHTML, like Gecko) Chrome/136.0.0.0 Safari/537.36"
117.189.94.175 - - [19/Apr/2026:01:50:53 +0800] "GET http://cqqizhou.com/contacts HTTP/1.1" 200 21617 "http://cqqizhou.com/contacts/" "Mozilla/5.0 (Windows NT 10.0; Win64; x64) AppleWebKit/537.36 (KHTML, like Gecko) Chrome/136.0.0.0 Safari/537.36"
36.133.115.36 - - [19/Apr/2026:02:08:01 +0800] "POST /wp-cron.php?doing_wp_cron=1776535681.1370880603790283203125 HTTP/1.1" 200 31 "-" "WordPress/6.9; http://cqqizhou.com"
120.216.16.68 - - [19/Apr/2026:02:08:01 +0800] "GET /contacts/ HTTP/1.1" 301 5 "-" "Mozilla/5.0 (Windows NT 10.0; Win64; x64) AppleWebKit/537.36 (KHTML, like Gecko) Chrome/136.0.0.0 Safari/537.36"
120.216.16.68 - - [19/Apr/2026:02:08:01 +0800] "GET http://cqqizhou.com/contacts HTTP/1.1" 200 21617 "-" "Mozilla/5.0 (Windows NT 10.0; Win64; x64) AppleWebKit/537.36 (KHTML, like Gecko) Chrome/136.0.0.0 Safari/537.36"
36.133.108.121 - - [19/Apr/2026:02:08:07 +0800] "HEAD /api_keys/sendgrid_keys.json HTTP/1.1" 404 0 "-" "Mozilla/5.0 (Windows NT 6.1; rv:21.0) Gecko/20100101 Firefox/21.0"
36.133.115.36 - - [19/Apr/2026:02:20:46 +0800] "POST /wp-cron.php?doing_wp_cron=1776536446.8427889347076416015625 HTTP/1.1" 200 31 "-" "WordPress/6.9; http://cqqizhou.com"
36.133.108.121 - - [19/Apr/2026:02:20:46 +0800] "HEAD /wp-content/backup/sendgrid_keys.json HTTP/1.1" 404 0 "-" "Mozilla/5.0 (Macintosh; U; Intel Mac OS X 10_6_6; sv-se) AppleWebKit/533.20.25 (KHTML, like Gecko) Version/5.0.4 Safari/533.20.27"
36.133.115.36 - - [19/Apr/2026:02:26:01 +0800] "POST /wp-cron.php?doing_wp_cron=1776536761.1358759403228759765625 HTTP/1.1" 200 31 "-" "WordPress/6.9; http://cqqizhou.com"
123.156.247.97 - - [19/Apr/2026:02:26:01 +0800] "GET /Ly9jcXFpemhvdS5jb20vd3AtY29udGVudC91cGxvYWRzLzIwMjUvMTIvMTc2NTI2ODk1NS1xaXpob3VfU2xpZGVyMV8zODQww5cyMTYwXzIwMjUxMjEwLXNjYWxlZC53ZWJw HTTP/1.1" 404 8950 "-" "Mozilla/5.0 (Windows NT 10.0; WOW64) AppleWebKit/537.36 (KHTML, like Gecko) Chrome/72.0.3626.69"
36.133.115.36 - - [19/Apr/2026:02:27:18 +0800] "POST /wp-cron.php?doing_wp_cron=1776536838.7482080459594726562500 HTTP/1.1" 200 31 "-" "WordPress/6.9; http://cqqizhou.com"
36.133.108.125 - - [19/Apr/2026:02:27:18 +0800] "HEAD /backend/.env HTTP/1.1" 404 0 "-" "Mozilla/5.0 (Windows NT 6.1; WOW64; rv:31.0) Gecko/20130401 Firefox/31.0"
36.133.115.36 - - [19/Apr/2026:02:31:09 +0800] "POST /wp-cron.php?doing_wp_cron=1776537069.0654621124267578125000 HTTP/1.1" 200 31 "-" "WordPress/6.9; http://cqqizhou.com"
103.186.241.154 - - [19/Apr/2026:02:31:09 +0800] "POST /xmlrpc.php HTTP/1.1" 200 217 "-" "Mozilla/5.0 (Windows NT 10.0) AppleWebKit/537.36 (KHTML, like Gecko) Chrome/137.0.0.0 Safari/537.36 Edg/137.0.0.0"
36.133.115.36 - - [19/Apr/2026:02:34:41 +0800] "POST /wp-cron.php?doing_wp_cron=1776537281.0062758922576904296875 HTTP/1.1" 200 31 "-" "WordPress/6.9; http://cqqizhou.com"
194.187.178.248 - - [19/Apr/2026:02:34:41 +0800] "GET / HTTP/1.1" 301 5 "-" "Mozilla/5.0 (Windows NT 10.0; Win64; x64; rv:65.0) Gecko/20100101 Firefox/65.0"
194.187.178.121 - - [19/Apr/2026:02:34:41 +0800] "GET / HTTP/1.1" 200 35159 "http://36.133.115.36:80/" "Mozilla/5.0 (Windows NT 10.0; Win64; x64; rv:65.0) Gecko/20100101 Firefox/65.0"
36.133.115.36 - - [19/Apr/2026:02:39:43 +0800] "POST /wp-cron.php?doing_wp_cron=1776537583.6312921047210693359375 HTTP/1.1" 200 31 "-" "WordPress/6.9; http://cqqizhou.com"
148.113.202.220 - - [19/Apr/2026:02:39:43 +0800] "POST /xmlrpc.php HTTP/1.1" 200 217 "-" "Mozilla/5.0 (Windows NT 10.0; WOW64) AppleWebKit/537.36 (KHTML, like Gecko) Chrome/141.0.0.0 Safari/537.36 Edg/141.0.0.0"
36.133.115.36 - - [19/Apr/2026:03:00:00 +0800] "POST /wp-cron.php?doing_wp_cron=1776538800.1299819946289062500000 HTTP/1.1" 200 31 "-" "WordPress/6.9; http://cqqizhou.com"
43.130.106.18 - - [19/Apr/2026:03:00:00 +0800] "GET / HTTP/1.1" 301 5 "-" "Mozilla/5.0 (iPhone; CPU iPhone OS 13_2_3 like Mac OS X) AppleWebKit/605.1.15 (KHTML, like Gecko) Version/13.0.3 Mobile/15E148 Safari/604.1"
43.130.106.18 - - [19/Apr/2026:03:00:03 +0800] "GET / HTTP/1.1" 200 34723 "http://36.133.115.36" "Mozilla/5.0 (iPhone; CPU iPhone OS 13_2_3 like Mac OS X) AppleWebKit/605.1.15 (KHTML, like Gecko) Version/13.0.3 Mobile/15E148 Safari/604.1"
36.133.115.36 - - [19/Apr/2026:03:08:10 +0800] "POST /wp-cron.php?doing_wp_cron=1776539290.9423050880432128906250 HTTP/1.1" 200 31 "-" "WordPress/6.9; http://cqqizhou.com"
36.133.108.121 - - [19/Apr/2026:03:08:10 +0800] "HEAD /manager/html HTTP/1.1" 404 0 "-" "Mozilla/5.0 (iPad; U; CPU OS 3_2 like Mac OS X; en-us) AppleWebKit/531.21.10 (KHTML, like Gecko) Version/4.0.4 Mobile/7B334b Safari/531.21.10"
36.133.115.36 - - [19/Apr/2026:03:18:15 +0800] "POST /wp-cron.php?doing_wp_cron=1776539895.3194320201873779296875 HTTP/1.1" 200 31 "-" "WordPress/6.9; http://cqqizhou.com"
103.110.84.178 - - [19/Apr/2026:03:18:15 +0800] "POST /xmlrpc.php HTTP/1.1" 200 217 "-" "Mozilla/5.0 (Windows NT 10.0; WOW64) AppleWebKit/537.43 (KHTML, like Gecko) Chrome/138.0.0.0 Safari/537.36 OPR/122.0.0.0"
212.47.78.119 - - [19/Apr/2026:03:22:50 +0800] "GET / HTTP/1.1" 200 35159 "-" "Go-http-client/1.1"
36.133.115.36 - - [19/Apr/2026:03:25:46 +0800] "POST /wp-cron.php?doing_wp_cron=1776540346.4016199111938476562500 HTTP/1.1" 200 31 "-" "WordPress/6.9; http://cqqizhou.com"
43.153.87.54 - - [19/Apr/2026:03:25:46 +0800] "GET /wp-content/uploads/2025/07/1753453127- HTTP/1.1" 404 8950 "-" "Mozilla/5.0 (iPhone; CPU iPhone OS 13_2_3 like Mac OS X) AppleWebKit/605.1.15 (KHTML, like Gecko) Version/13.0.3 Mobile/15E148 Safari/604.1"
36.133.115.36 - - [19/Apr/2026:03:37:54 +0800] "POST /wp-cron.php?doing_wp_cron=1776541074.8190200328826904296875 HTTP/1.1" 200 31 "-" "WordPress/6.9; http://cqqizhou.com"
185.199.223.39 - - [19/Apr/2026:03:37:54 +0800] "POST /xmlrpc.php HTTP/1.1" 200 217 "-" "Mozilla/5.0 (Windows NT 10.0; Win64; x64) AppleWebKit/537.36 (KHTML, like Gecko) Chrome/137.0.0.0 Safari/537.36 Edg/137.0.0.0"
36.133.115.36 - - [19/Apr/2026:03:54:59 +0800] "POST /wp-cron.php?doing_wp_cron=1776542099.4830760955810546875000 HTTP/1.1" 200 31 "-" "WordPress/6.9; http://cqqizhou.com"
5.61.209.107 - - [19/Apr/2026:03:54:59 +0800] "GET /SDK/webLanguage HTTP/1.1" 301 5 "-" "Mozilla/5.0 (Windows NT 10.0; Win64; x64) AppleWebKit/537.36 (KHTML, like Gecko) Chrome/90.0.4430.85 Safari/537.36 Edg/90.0.818.46"
36.133.115.36 - - [19/Apr/2026:04:01:52 +0800] "POST /wp-cron.php?doing_wp_cron=1776542512.6688709259033203125000 HTTP/1.1" 200 31 "-" "WordPress/6.9; http://cqqizhou.com"
39.128.79.23 - - [19/Apr/2026:04:01:52 +0800] "GET /Ly9jcXFpemhvdS5jb20vd3AtY29udGVudC91cGxvYWRzLzIwMjYvMDEvMTc2ODI4MDI3MC1hbnF1YW5fU2xpZGVyXzM4NDDDlzIxNjBfMjAyNjAxMTQtc2NhbGVkLndlYnA= HTTP/1.1" 404 8950 "-" "Mozilla/5.0 (Windows NT 6.1; Win64; x64) AppleWebKit/537.36 (KHTML, like Gecko) Chrome/78.0.3904.11"
36.133.115.36 - - [19/Apr/2026:04:34:05 +0800] "POST /wp-cron.php?doing_wp_cron=1776544445.7221109867095947265625 HTTP/1.1" 200 31 "-" "WordPress/6.9; http://cqqizhou.com"
14.29.109.92 - - [19/Apr/2026:04:34:05 +0800] "GET /company-news/ HTTP/1.1" 301 5 "-" "Mozilla/5.0 (Windows NT 10.0; Win64; x64) AppleWebKit/537.36 (KHTML, like Gecko) Chrome/124.0.0.0 Safari/537.36"
163.177.3.155 - - [19/Apr/2026:04:34:05 +0800] "GET /company-news HTTP/1.1" 200 25890 "-" "Mozilla/5.0 (Windows NT 10.0; Win64; x64) AppleWebKit/537.36 (KHTML, like Gecko) Chrome/124.0.0.0 Safari/537.36"
36.133.115.36 - - [19/Apr/2026:04:45:08 +0800] "POST /wp-cron.php?doing_wp_cron=1776545108.0226271152496337890625 HTTP/1.1" 200 31 "-" "WordPress/6.9; http://cqqizhou.com"
85.239.35.153 - - [19/Apr/2026:04:45:08 +0800] "GET / HTTP/1.1" 301 5 "-" "Mozilla/5.0 (CentOS; Linux x86_64) AppleWebKit/537.36 (KHTML, like Gecko) Chrome/118.0.0.0 Safari/537.36"
36.133.115.36 - - [19/Apr/2026:05:24:31 +0800] "POST /wp-cron.php?doing_wp_cron=1776547471.5692079067230224609375 HTTP/1.1" 200 31 "-" "WordPress/6.9; http://cqqizhou.com"
45.230.66.125 - - [19/Apr/2026:05:24:31 +0800] "POST /GponForm/diag_Form?images/ HTTP/1.1" 404 8950 "-" "Hello, World"
36.133.115.36 - - [19/Apr/2026:05:27:09 +0800] "POST /wp-cron.php?doing_wp_cron=1776547629.9470150470733642578125 HTTP/1.1" 200 31 "-" "WordPress/6.9; http://cqqizhou.com"
111.172.5.8 - - [19/Apr/2026:05:27:09 +0800] "GET / HTTP/1.1" 200 34723 "-" "Mozilla/5.0 (Linux; Android 11; Pixel 5) AppleWebKit/537.36 (KHTML, like Gecko) Chrome/113.0.5672.53 Mobile Safari/537.36"
111.172.5.8 - - [19/Apr/2026:05:27:12 +0800] "GET /wp-content/uploads/2025/07/1751425283-qizhou.kf_.qq_.com_.webp HTTP/1.1" 200 16864 "http://cqqizhou.com/" "Mozilla/5.0 (Linux; Android 11; Pixel 5) AppleWebKit/537.36 (KHTML, like Gecko) Chrome/113.0.5672.53 Mobile Safari/537.36"
36.133.115.36 - - [19/Apr/2026:05:28:35 +0800] "POST /wp-cron.php?doing_wp_cron=1776547715.4769198894500732421875 HTTP/1.1" 200 31 "-" "WordPress/6.9; http://cqqizhou.com"
51.68.74.67 - - [19/Apr/2026:05:28:35 +0800] "POST /xmlrpc.php HTTP/1.1" 200 217 "-" "Mozilla/5.0 (Windows NT 10.0; Win64; x64; rv:145.0) Gecko/20100101 Firefox/145.0"
36.133.115.36 - - [19/Apr/2026:05:34:51 +0800] "POST /wp-cron.php?doing_wp_cron=1776548091.7030289173126220703125 HTTP/1.1" 200 31 "-" "WordPress/6.9; http://cqqizhou.com"
36.133.108.121 - - [19/Apr/2026:05:34:51 +0800] "HEAD /%2Fbackend%2F.env HTTP/1.1" 404 0 "-" "Opera/9.80 (Windows NT 6.1; U; zh-tw) Presto/2.7.62 Version/11.01"
36.133.115.36 - - [19/Apr/2026:05:39:23 +0800] "POST /wp-cron.php?doing_wp_cron=1776548363.0851049423217773437500 HTTP/1.1" 200 31 "-" "WordPress/6.9; http://cqqizhou.com"
82.223.33.117 - - [19/Apr/2026:05:39:23 +0800] "POST /xmlrpc.php HTTP/1.1" 200 217 "-" "Mozilla/5.0 (Windows NT 10.0; Win64; x64) AppleWebKit/537.43 (KHTML, like Gecko) Chrome/134.0.0.0 Safari/537.36 OPR/119.0.0.0"
36.133.115.36 - - [19/Apr/2026:06:18:23 +0800] "POST /wp-cron.php?doing_wp_cron=1776550703.4560439586639404296875 HTTP/1.1" 200 31 "-" "WordPress/6.9; http://cqqizhou.com"
36.133.108.119 - - [19/Apr/2026:06:18:23 +0800] "HEAD /config/packages/sendgrid.yaml HTTP/1.1" 404 0 "-" "Mozilla/5.0 (Windows; U; Windows NT 6.1; en-US) AppleWebKit/533.20.25 (KHTML, like Gecko) Version/5.0.4 Safari/533.20.27"
36.133.115.36 - - [19/Apr/2026:06:30:07 +0800] "POST /wp-cron.php?doing_wp_cron=1776551407.6019499301910400390625 HTTP/1.1" 200 31 "-" "WordPress/6.9; http://cqqizhou.com"
60.191.125.35 - - [19/Apr/2026:06:30:07 +0800] "HEAD http://112.124.42.80:63435/ HTTP/1.1" 200 0 "-" "Mozilla/5.0 (Macintosh; Intel Mac OS X 10_11_6) AppleWebKit/537.36 (KHTML, like Gecko) Chrome/53.0.2785.143 Safari/537.36"
119.112.83.123 - - [19/Apr/2026:06:46:57 +0800] "GET /news/2535 HTTP/1.1" 200 19772 "-" "Mozilla/5.0 (Macintosh; Intel Mac OS X 10_15_7) AppleWebKit/537.36 (KHTML, like Gecko) Chrome/140.0.0.0 Safari/537.36"
36.133.115.36 - - [19/Apr/2026:06:53:54 +0800] "POST /wp-cron.php?doing_wp_cron=1776552834.7161180973052978515625 HTTP/1.1" 200 31 "-" "WordPress/6.9; http://cqqizhou.com"
36.133.108.119 - - [19/Apr/2026:06:53:54 +0800] "HEAD /errors/.env HTTP/1.1" 404 0 "-" "Mozilla/5.0 (X11; Linux x86_64) AppleWebKit/537.36 (KHTML, like Gecko) Chrome/41.0.2227.0 Safari/537.36"
36.133.115.36 - - [19/Apr/2026:06:58:34 +0800] "POST /wp-cron.php?doing_wp_cron=1776553114.5021479129791259765625 HTTP/1.1" 200 31 "-" "WordPress/6.9; http://cqqizhou.com"
103.25.231.252 - - [19/Apr/2026:06:58:34 +0800] "GET http://example.com/ HTTP/1.1" 301 5 "-" "curl/7.81.0"
110.73.2.149 - - [19/Apr/2026:07:02:05 +0800] "GET /news/2534 HTTP/1.1" 200 24186 "-" "Mozilla/5.0 (Macintosh; Intel Mac OS X 10_15_7) AppleWebKit/537.36 (KHTML, like Gecko) Chrome/140.0.0.0 Safari/537.36"
36.133.115.36 - - [19/Apr/2026:07:29:30 +0800] "POST /wp-cron.php?doing_wp_cron=1776554970.1649410724639892578125 HTTP/1.1" 200 31 "-" "WordPress/6.9; http://cqqizhou.com"
182.127.192.108 - - [19/Apr/2026:07:29:30 +0800] "GET /contacts/ HTTP/1.1" 301 5 "-" "Mozilla/5.0 (Windows NT 10.0; Win64; x64) AppleWebKit/537.36 (KHTML, like Gecko) Chrome/136.0.0.0 Safari/537.36"
182.127.192.108 - - [19/Apr/2026:07:29:30 +0800] "GET http://cqqizhou.com/contacts HTTP/1.1" 200 21617 "-" "Mozilla/5.0 (Windows NT 10.0; Win64; x64) AppleWebKit/537.36 (KHTML, like Gecko) Chrome/136.0.0.0 Safari/537.36"
120.208.173.54 - - [19/Apr/2026:07:29:30 +0800] "GET /contacts/ HTTP/1.1" 301 5 "-" "Mozilla/5.0 (Windows NT 10.0; Win64; x64) AppleWebKit/537.36 (KHTML, like Gecko) Chrome/136.0.0.0 Safari/537.36"
120.208.173.54 - - [19/Apr/2026:07:29:30 +0800] "GET http://cqqizhou.com/contacts HTTP/1.1" 200 21617 "-" "Mozilla/5.0 (Windows NT 10.0; Win64; x64) AppleWebKit/537.36 (KHTML, like Gecko) Chrome/136.0.0.0 Safari/537.36"
36.133.115.36 - - [19/Apr/2026:07:33:45 +0800] "POST /wp-cron.php?doing_wp_cron=1776555225.6009550094604492187500 HTTP/1.1" 200 31 "-" "WordPress/6.9; http://cqqizhou.com"
45.148.10.67 - - [19/Apr/2026:07:33:45 +0800] "GET / HTTP/1.1" 200 34723 "-" "Mozilla/5.0 (Windows NT 10.0; Win64; x64) AppleWebKit/537.36 (KHTML, like Gecko) Chrome/131.0.0.0 Safari/537.36"
36.133.115.36 - - [19/Apr/2026:08:09:59 +0800] "POST /wp-cron.php?doing_wp_cron=1776557399.2093710899353027343750 HTTP/1.1" 200 31 "-" "WordPress/6.9; http://cqqizhou.com"
36.133.108.121 - - [19/Apr/2026:08:09:59 +0800] "HEAD / HTTP/1.1" 301 0 "-" "Opera/9.80 (Windows NT 5.1; U; cs) Presto/2.7.62 Version/11.01"
34.123.170.104 - - [19/Apr/2026:08:12:40 +0800] "GET / HTTP/1.1" 499 0 "-" "Mozilla/5.0 (X11; Linux x86_64) AppleWebKit/537.36 (KHTML, like Gecko) HeadlessChrome/125.0.6422.60 Safari/537.36"
36.133.115.36 - - [19/Apr/2026:08:12:40 +0800] "POST /wp-cron.php?doing_wp_cron=1776557560.9372630119323730468750 HTTP/1.1" 200 31 "-" "WordPress/6.9; http://cqqizhou.com"
36.133.115.36 - - [19/Apr/2026:08:16:42 +0800] "POST /wp-cron.php?doing_wp_cron=1776557802.8435399532318115234375 HTTP/1.1" 200 31 "-" "WordPress/6.9; http://cqqizhou.com"
150.109.230.210 - - [19/Apr/2026:08:16:42 +0800] "GET / HTTP/1.1" 200 34724 "-" "Mozilla/5.0 (iPhone; CPU iPhone OS 13_2_3 like Mac OS X) AppleWebKit/605.1.15 (KHTML, like Gecko) Version/13.0.3 Mobile/15E148 Safari/604.1"
36.133.115.36 - - [19/Apr/2026:08:30:02 +0800] "POST /wp-cron.php?doing_wp_cron=1776558602.9384000301361083984375 HTTP/1.1" 200 31 "-" "WordPress/6.9; http://cqqizhou.com"
193.142.146.230 - - [19/Apr/2026:08:30:02 +0800] "GET /login HTTP/1.1" 301 5 "-" "Go-http-client/1.1"
193.142.146.230 - - [19/Apr/2026:08:30:04 +0800] "GET /login HTTP/1.1" 302 5 "http://36.133.115.36:80/login" "Go-http-client/1.1"
193.142.146.230 - - [19/Apr/2026:08:30:05 +0800] "GET /wp-login.php HTTP/1.1" 200 2854 "http://36.133.115.36/login" "Go-http-client/1.1"
36.133.115.36 - - [19/Apr/2026:08:45:41 +0800] "POST /wp-cron.php?doing_wp_cron=1776559541.5090599060058593750000 HTTP/1.1" 200 31 "-" "WordPress/6.9; http://cqqizhou.com"
163.177.3.155 - - [19/Apr/2026:08:45:41 +0800] "GET /news/portfolio-tag/ansteel-thyssen HTTP/1.1" 200 22463 "-" "Mozilla/5.0 (Windows NT 10.0; Win64; x64) AppleWebKit/537.36 (KHTML, like Gecko) Chrome/116.0.0.0 Safari/537.36"
36.133.115.36 - - [19/Apr/2026:08:56:18 +0800] "POST /wp-cron.php?doing_wp_cron=1776560178.9232940673828125000000 HTTP/1.1" 200 31 "-" "WordPress/6.9; http://cqqizhou.com"
14.29.109.245 - - [19/Apr/2026:08:56:18 +0800] "GET /2160/ HTTP/1.1" 301 5 "-" "Mozilla/5.0 (Windows NT 10.0; Win64; x64) AppleWebKit/537.36 (KHTML, like Gecko) Chrome/124.0.0.0 Safari/537.36"
14.29.109.245 - - [19/Apr/2026:08:56:20 +0800] "GET /news/2160 HTTP/1.1" 200 25690 "http://cqqizhou.com/2160/" "Mozilla/5.0 (Windows NT 10.0; Win64; x64) AppleWebKit/537.36 (KHTML, like Gecko) Chrome/124.0.0.0 Safari/537.36"
36.133.115.36 - - [19/Apr/2026:08:58:51 +0800] "POST /wp-cron.php?doing_wp_cron=1776560331.4996800422668457031250 HTTP/1.1" 200 31 "-" "WordPress/6.9; http://cqqizhou.com"
75.127.14.16 - - [19/Apr/2026:08:58:51 +0800] "POST /xmlrpc.php HTTP/1.1" 200 217 "-" "Mozilla/5.0 (Windows NT 10.0; WOW64) AppleWebKit/537.43 (KHTML, like Gecko) Chrome/140.0.0.0 Safari/537.36 OPR/124.0.0.0"
36.133.108.121 - - [19/Apr/2026:08:58:52 +0800] "HEAD /config/secrets/prod/sendgrid_keys.json HTTP/1.1" 499 0 "-" "Mozilla/5.0 (iPad; U; CPU OS 3_2 like Mac OS X; en-us) AppleWebKit/531.21.10 (KHTML, like Gecko) Version/4.0.4 Mobile/7B334b Safari/531.21.10"
36.133.115.36 - - [19/Apr/2026:08:58:52 +0800] "POST /wp-cron.php?doing_wp_cron=1776560332.3265359401702880859375 HTTP/1.1" 200 31 "-" "WordPress/6.9; http://cqqizhou.com"
36.133.115.36 - - [19/Apr/2026:09:06:08 +0800] "POST /wp-cron.php?doing_wp_cron=1776560768.8630709648132324218750 HTTP/1.1" 200 31 "-" "WordPress/6.9; http://cqqizhou.com"
83.166.155.159 - - [19/Apr/2026:09:06:08 +0800] "POST /xmlrpc.php HTTP/1.1" 200 217 "-" "Mozilla/5.0 (Windows NT 10.0; Win64; x64) AppleWebKit/537.36 (KHTML, like Gecko) Chrome/141.0.0.0 Safari/537.36"
36.133.115.36 - - [19/Apr/2026:09:09:35 +0800] "POST /wp-cron.php?doing_wp_cron=1776560975.0477681159973144531250 HTTP/1.1" 200 31 "-" "WordPress/6.9; http://cqqizhou.com"
167.99.142.36 - - [19/Apr/2026:09:09:35 +0800] "GET / HTTP/1.1" 301 5 "-" "Mozilla/5.0 (Windows NT 10.0; Win64; x64; rv:109.0) Gecko/20100101 Firefox/118.0"
36.133.115.36 - - [19/Apr/2026:09:29:29 +0800] "POST /wp-cron.php?doing_wp_cron=1776562169.4444890022277832031250 HTTP/1.1" 200 31 "-" "WordPress/6.9; http://cqqizhou.com"
36.133.108.121 - - [19/Apr/2026:09:29:29 +0800] "HEAD /servers/link.cgi HTTP/1.1" 404 0 "-" "Mozilla/5.0 (compatible; MSIE 8.0; Windows NT 5.2; Trident/4.0; Media Center PC 4.0; SLCC1; .NET CLR 3.0.04320)"
36.133.115.36 - - [19/Apr/2026:09:35:38 +0800] "POST /wp-cron.php?doing_wp_cron=1776562538.1625978946685791015625 HTTP/1.1" 200 31 "-" "WordPress/6.9; http://cqqizhou.com"
185.51.79.114 - - [19/Apr/2026:09:35:38 +0800] "POST /xmlrpc.php HTTP/1.1" 200 217 "-" "Mozilla/5.0 (Windows NT 10.0; WOW64) AppleWebKit/537.43 (KHTML, like Gecko) Chrome/134.0.0.0 Safari/537.36 OPR/119.0.0.0"
36.133.115.36 - - [19/Apr/2026:09:36:54 +0800] "POST /wp-cron.php?doing_wp_cron=1776562614.0368731021881103515625 HTTP/1.1" 200 31 "-" "WordPress/6.9; http://cqqizhou.com"
36.133.108.121 - - [19/Apr/2026:09:36:54 +0800] "HEAD /%2F.aws%2Fcredentials HTTP/1.1" 404 0 "-" "Opera/9.80 (Windows NT 5.1; U; cs) Presto/2.7.62 Version/11.01"
36.133.115.36 - - [19/Apr/2026:09:42:35 +0800] "POST /wp-cron.php?doing_wp_cron=1776562955.8449840545654296875000 HTTP/1.1" 200 31 "-" "WordPress/6.9; http://cqqizhou.com"
120.233.109.16 - - [19/Apr/2026:09:42:35 +0800] "GET /2373/ HTTP/1.1" 301 5 "-" "Mozilla/5.0 (Windows NT 10.0; Win64; x64) AppleWebKit/537.36 (KHTML, like Gecko) Chrome/116.0.0.0 Safari/537.36"
120.241.209.165 - - [19/Apr/2026:09:42:36 +0800] "GET /news/2373 HTTP/1.1" 200 26314 "-" "Mozilla/5.0 (Windows NT 10.0; Win64; x64) AppleWebKit/537.36 (KHTML, like Gecko) Chrome/116.0.0.0 Safari/537.36"
148.251.222.208 - - [19/Apr/2026:09:46:10 +0800] "GET / HTTP/1.1" 200 109791 "-" "Mozilla/5.0 (X11; Linux i686; rv:115.0) Gecko/20100101 Firefox/115.0"
162.55.97.171 - - [19/Apr/2026:09:46:29 +0800] "GET / HTTP/1.1" 200 158581 "-" "Mozilla/5.0 (Macintosh; Intel Mac OS X 10_15_7) AppleWebKit/537.36 (KHTML, like Gecko) Chrome/121.0.0.0 Safari/537.36"
23.88.77.150 - - [19/Apr/2026:09:46:30 +0800] "HEAD / HTTP/1.1" 200 0 "-" "Mozilla/5.0 (Windows NT 10.0; Win64; x64) AppleWebKit/537.36 (KHTML, like Gecko) Chrome/109.0.0.0 Safari/537.3"
148.251.18.113 - - [19/Apr/2026:09:46:33 +0800] "GET /work-safety HTTP/1.1" 200 93924 "-" "Mozilla/5.0 (X11; Ubuntu; Linux i686; rv:109.0) Gecko/20100101 Firefox/122.0"
148.251.18.120 - - [19/Apr/2026:09:46:33 +0800] "GET /about HTTP/1.1" 200 107153 "-" "Mozilla/5.0 (Macintosh; Intel Mac OS X 10_15_7) AppleWebKit/605.1.15 (KHTML, like Gecko) Version/17.2 Safari/605.1.1"
148.251.108.12 - - [19/Apr/2026:09:46:33 +0800] "GET /industry HTTP/1.1" 200 94963 "-" "Mozilla/5.0 (Windows NT 10.0; Win64; x64) AppleWebKit/537.36 (KHTML, like Gecko) Chrome/84.0.4147.89 Safari/537.36 OPR/70.0.3728.71"
148.251.18.126 - - [19/Apr/2026:09:46:33 +0800] "GET /bug HTTP/1.1" 200 47519 "-" "Mozilla/5.0 (X11; Ubuntu; Linux x86_64; rv:109.0) Gecko/20100101 Firefox/122.0"
36.133.115.36 - - [19/Apr/2026:09:46:34 +0800] "POST /wp-cron.php?doing_wp_cron=1776563194.1505188941955566406250 HTTP/1.1" 200 31 "-" "WordPress/6.9; http://cqqizhou.com"
148.251.222.198 - - [19/Apr/2026:09:46:34 +0800] "GET /club/ HTTP/1.1" 301 5 "-" "Mozilla/5.0 (X11; Ubuntu; Linux i686; rv:109.0) Gecko/20100101 Firefox/122.0"
148.251.222.198 - - [19/Apr/2026:09:46:34 +0800] "GET /club HTTP/1.1" 200 48259 "-" "Mozilla/5.0 (X11; Ubuntu; Linux i686; rv:109.0) Gecko/20100101 Firefox/122.0"
148.251.108.20 - - [19/Apr/2026:09:46:35 +0800] "GET /contacts/ HTTP/1.1" 301 5 "-" "Mozilla/5.0 (Macintosh; Intel Mac OS X 10_15_7) AppleWebKit/605.1.15 (KHTML, like Gecko) Version/17.2 Safari/605.1.1"
148.251.108.20 - - [19/Apr/2026:09:46:35 +0800] "GET /contacts HTTP/1.1" 200 76877 "-" "Mozilla/5.0 (Macintosh; Intel Mac OS X 10_15_7) AppleWebKit/605.1.15 (KHTML, like Gecko) Version/17.2 Safari/605.1.1"
148.251.18.126 - - [19/Apr/2026:09:47:03 +0800] "GET /media HTTP/1.1" 200 109791 "-" "Mozilla/5.0 (Windows NT 10.0; Win64; x64) AppleWebKit/537.36 (KHTML, like Gecko) Chrome/119.0.0.0 Safari/537.3"
148.251.18.108 - - [19/Apr/2026:09:47:03 +0800] "GET /logistics HTTP/1.1" 200 109791 "-" "Mozilla/5.0 (Macintosh; Intel Mac OS X 10_15_7) AppleWebKit/537.36 (KHTML, like Gecko) Chrome/121.0.0.0 Safari/537.36"
148.251.108.12 - - [19/Apr/2026:09:47:03 +0800] "GET /services HTTP/1.1" 200 109791 "-" "Mozilla/5.0 (X11; Fedora; Linux x86_64; rv:109.0) Gecko/20100101 Firefox/122.0"
43.251.166.7 - - [19/Apr/2026:09:47:04 +0800] "GET /services HTTP/1.1" 200 126444 "-" "Mozilla/5.0 (Windows NT 10.0; Win64; x64; rv:122.0) Gecko/20100101 Firefox/122."
128.90.163.20 - - [19/Apr/2026:09:47:04 +0800] "GET /work-safety HTTP/1.1" 200 93924 "-" "Mozilla/5.0 (Windows NT 10.0; Win64; x64) AppleWebKit/537.36 (KHTML, like Gecko) Chrome/120.0.0.0 Safari/537.3"
185.213.155.222 - - [19/Apr/2026:09:47:04 +0800] "GET /media HTTP/1.1" 200 133060 "-" "Mozilla/5.0 (Macintosh; Intel Mac OS X 10_15_7) AppleWebKit/537.36 (KHTML, like Gecko) Chrome/121.0.0.0 Safari/537.36"
128.90.175.8 - - [19/Apr/2026:09:47:05 +0800] "GET /industry HTTP/1.1" 200 81995 "-" "Mozilla/5.0 (iPhone; CPU iPhone OS 17_2_1 like Mac OS X) AppleWebKit/605.1.15 (KHTML, like Gecko) Version/17.2 Mobile/15E148 Safari/604."
128.90.163.4 - - [19/Apr/2026:09:47:05 +0800] "GET /bug HTTP/1.1" 200 47519 "-" "Mozilla/5.0 (Macintosh; Intel Mac OS X 14.3; rv:109.0) Gecko/20100101 Firefox/122.0"
31.6.11.7 - - [19/Apr/2026:09:47:06 +0800] "GET /logistics HTTP/1.1" 200 120716 "-" "Mozilla/5.0 (Windows NT 10.0; Win64; x64) AppleWebKit/537.36 (KHTML, like Gecko) Chrome/119.0.0.0 Safari/537.3"
23.88.77.150 - - [19/Apr/2026:09:47:06 +0800] "HEAD /work-safety HTTP/1.1" 200 0 "-" "Mozilla/5.0 (X11; Ubuntu; Linux x86_64; rv:109.0) Gecko/20100101 Firefox/122.0"
23.88.77.150 - - [19/Apr/2026:09:47:07 +0800] "HEAD /media HTTP/1.1" 200 0 "-" "Mozilla/5.0 (Macintosh; Intel Mac OS X 14_3) AppleWebKit/605.1.15 (KHTML, like Gecko) Version/17.2 Safari/605.1.15"
23.88.77.150 - - [19/Apr/2026:09:47:07 +0800] "HEAD /industry HTTP/1.1" 200 0 "-" "Mozilla/5.0 (Linux; Android 10; K) AppleWebKit/537.36 (KHTML, like Gecko) Chrome/119.0.0.0 Mobile Safari/537.3"
82.98.104.32 - - [19/Apr/2026:09:47:07 +0800] "HEAD /services HTTP/1.1" 200 0 "-" "Mozilla/5.0 (X11; Ubuntu; Linux i686; rv:109.0) Gecko/20100101 Firefox/122.0"
128.90.172.7 - - [19/Apr/2026:09:47:07 +0800] "GET /club/ HTTP/1.1" 301 5 "-" "Mozilla/5.0 (X11; Ubuntu; Linux x86_64; rv:109.0) Gecko/20100101 Firefox/122.0"
128.90.172.7 - - [19/Apr/2026:09:47:08 +0800] "GET /club HTTP/1.1" 200 48259 "-" "Mozilla/5.0 (X11; Ubuntu; Linux x86_64; rv:109.0) Gecko/20100101 Firefox/122.0"
36.133.115.36 - - [19/Apr/2026:09:47:09 +0800] "POST /wp-cron.php?doing_wp_cron=1776563229.8413469791412353515625 HTTP/1.1" 200 31 "-" "WordPress/6.9; http://cqqizhou.com"
82.98.104.32 - - [19/Apr/2026:09:47:09 +0800] "HEAD /bug HTTP/1.1" 200 0 "-" "Mozilla/5.0 (Linux; Android 10; K) AppleWebKit/537.36 (KHTML, like Gecko) Chrome/119.0.0.0 Mobile Safari/537.3"
23.88.77.150 - - [19/Apr/2026:09:47:10 +0800] "HEAD /club/ HTTP/1.1" 301 0 "-" "Mozilla/5.0 (Windows NT 10.0; Win64; x64) AppleWebKit/537.36 (KHTML, like Gecko) Chrome/104.0.0.0 Safari/537.3"
23.88.77.150 - - [19/Apr/2026:09:47:10 +0800] "HEAD /club HTTP/1.1" 200 0 "-" "Mozilla/5.0 (Windows NT 10.0; Win64; x64) AppleWebKit/537.36 (KHTML, like Gecko) Chrome/104.0.0.0 Safari/537.3"
146.70.185.59 - - [19/Apr/2026:09:47:15 +0800] "GET / HTTP/1.1" 200 44895 "-" "Mozilla/5.0 (Macintosh; Intel Mac OS X 10_15_7) AppleWebKit/537.36 (KHTML, like Gecko) Chrome/121.0.0.0 Safari/537.36"
23.88.77.150 - - [19/Apr/2026:09:47:17 +0800] "HEAD /logistics HTTP/1.1" 200 0 "-" "Mozilla/5.0 (Windows NT 10.0; Win64; x64) AppleWebKit/537.36 (KHTML, like Gecko) Chrome/121.0.0.0 Safari/537.3"
148.251.108.13 - - [19/Apr/2026:09:48:06 +0800] "GET /about HTTP/1.1" 200 107153 "-" "Mozilla/5.0 (X11; Ubuntu; Linux x86_64; rv:115.0) Gecko/20100101 Firefox/115.0"
148.251.108.9 - - [19/Apr/2026:09:48:07 +0800] "GET /contacts/ HTTP/1.1" 301 5 "-" "Mozilla/5.0 (Macintosh; Intel Mac OS X 10_15_7) AppleWebKit/537.36 (KHTML, like Gecko) Chrome/121.0.0.0 Safari/537.36"
148.251.108.9 - - [19/Apr/2026:09:48:07 +0800] "GET /contacts HTTP/1.1" 200 76877 "-" "Mozilla/5.0 (Macintosh; Intel Mac OS X 10_15_7) AppleWebKit/537.36 (KHTML, like Gecko) Chrome/121.0.0.0 Safari/537.36"
