31.57.184.107 - - [19/Apr/2026:15:13:38 +0800] "POST /wp-login.php HTTP/1.1" 200 3071 "http://CQQIZHOU.COM/wp-login.php" "Mozilla/5.0 (Macintosh; Intel Mac OS X 13_6_1; rv:120.0) Gecko/20100101 Firefox/120.0"
31.57.184.107 - - [19/Apr/2026:15:13:41 +0800] "POST /wp-login.php HTTP/1.1" 200 3072 "http://CQQIZHOU.COM/wp-login.php" "Mozilla/5.0 (Macintosh; Intel Mac OS X 13_6_1) AppleWebKit/537.36 (KHTML, like Gecko) Chrome/118.0.0.0 Safari/537.36"
31.57.184.107 - - [19/Apr/2026:15:13:46 +0800] "POST /wp-login.php HTTP/1.1" 200 3073 "http://CQQIZHOU.COM/wp-login.php" "Mozilla/5.0 (Macintosh; Intel Mac OS X 13_6_1) AppleWebKit/605.1.15 (KHTML, like Gecko) Version/16.6 Safari/605.1.15"
31.57.184.107 - - [19/Apr/2026:15:13:50 +0800] "POST /wp-login.php HTTP/1.1" 200 3070 "http://CQQIZHOU.COM/wp-login.php" "Mozilla/5.0 (Macintosh; Intel Mac OS X 10_15_7) AppleWebKit/537.36 (KHTML, like Gecko) Chrome/121.0.0.0 Safari/537.36"
31.57.184.107 - - [19/Apr/2026:15:13:53 +0800] "POST /wp-login.php HTTP/1.1" 200 3018 "http://CQQIZHOU.COM/wp-login.php" "Mozilla/5.0 (X11; Ubuntu; Linux x86_64) AppleWebKit/537.36 (KHTML, like Gecko) Chrome/120.0.0.0 Safari/537.36"
31.57.184.107 - - [19/Apr/2026:15:13:57 +0800] "POST /wp-login.php HTTP/1.1" 200 3018 "http://CQQIZHOU.COM/wp-login.php" "Mozilla/5.0 (Windows NT 11.0; Win64; x64; rv:118.0) Gecko/20100101 Firefox/118.0"
31.57.184.107 - - [19/Apr/2026:15:14:00 +0800] "POST /wp-login.php HTTP/1.1" 200 3069 "http://CQQIZHOU.COM/wp-login.php" "Mozilla/5.0 (Windows NT 10.0; Win64; x64; rv:119.0) Gecko/20100101 Firefox/119.0"
31.57.184.107 - - [19/Apr/2026:15:14:04 +0800] "POST /wp-login.php HTTP/1.1" 200 3069 "http://CQQIZHOU.COM/wp-login.php" "Mozilla/5.0 (Macintosh; Intel Mac OS X 13_6_1) AppleWebKit/605.1.15 (KHTML, like Gecko) Version/17.1 Safari/605.1.15"
36.133.115.36 - - [19/Apr/2026:15:15:16 +0800] "POST /wp-cron.php?doing_wp_cron=1776582916.4122838973999023437500 HTTP/1.1" 200 31 "-" "WordPress/6.9; http://cqqizhou.com"
77.95.113.65 - - [19/Apr/2026:15:15:16 +0800] "POST /xmlrpc.php HTTP/1.1" 200 217 "-" "Mozilla/5.0 (Windows NT 10.0) AppleWebKit/537.43 (KHTML, like Gecko) Chrome/135.0.0.0 Safari/537.36 OPR/120.0.0.0"
36.133.115.36 - - [19/Apr/2026:15:22:22 +0800] "POST /wp-cron.php?doing_wp_cron=1776583342.5085749626159667968750 HTTP/1.1" 200 31 "-" "WordPress/6.9; http://cqqizhou.com"
43.135.148.92 - - [19/Apr/2026:15:22:22 +0800] "GET / HTTP/1.1" 301 5 "-" "Mozilla/5.0 (iPhone; CPU iPhone OS 13_2_3 like Mac OS X) AppleWebKit/605.1.15 (KHTML, like Gecko) Version/13.0.3 Mobile/15E148 Safari/604.1"
43.135.148.92 - - [19/Apr/2026:15:22:25 +0800] "GET / HTTP/1.1" 200 34724 "http://36.133.115.36" "Mozilla/5.0 (iPhone; CPU iPhone OS 13_2_3 like Mac OS X) AppleWebKit/605.1.15 (KHTML, like Gecko) Version/13.0.3 Mobile/15E148 Safari/604.1"
36.133.115.36 - - [19/Apr/2026:15:23:44 +0800] "POST /wp-cron.php?doing_wp_cron=1776583424.0550038814544677734375 HTTP/1.1" 200 31 "-" "WordPress/6.9; http://cqqizhou.com"
43.157.38.228 - - [19/Apr/2026:15:23:44 +0800] "GET /club/ HTTP/1.1" 301 5 "-" "Mozilla/5.0 (iPhone; CPU iPhone OS 13_2_3 like Mac OS X) AppleWebKit/605.1.15 (KHTML, like Gecko) Version/13.0.3 Mobile/15E148 Safari/604.1"
43.157.38.228 - - [19/Apr/2026:15:23:48 +0800] "GET /club HTTP/1.1" 200 11912 "http://cqqizhou.com/club/" "Mozilla/5.0 (iPhone; CPU iPhone OS 13_2_3 like Mac OS X) AppleWebKit/605.1.15 (KHTML, like Gecko) Version/13.0.3 Mobile/15E148 Safari/604.1"
207.46.13.18 - - [19/Apr/2026:15:29:54 +0800] "GET /club HTTP/1.1" 200 13084 "-" "Mozilla/5.0 AppleWebKit/537.36 (KHTML, like Gecko; compatible; bingbot/2.0; +http://www.bing.com/bingbot.htm) Chrome/116.0.1938.76 Safari/537.36"
36.133.115.36 - - [19/Apr/2026:15:45:39 +0800] "POST /wp-cron.php?doing_wp_cron=1776584739.0991499423980712890625 HTTP/1.1" 200 31 "-" "WordPress/6.9; http://cqqizhou.com"
121.41.164.251 - - [19/Apr/2026:15:45:39 +0800] "GET / HTTP/1.0" 301 0 "-" "-"
36.133.115.36 - - [19/Apr/2026:15:50:16 +0800] "POST /wp-cron.php?doing_wp_cron=1776585016.7720839977264404296875 HTTP/1.1" 200 31 "-" "WordPress/6.9; http://cqqizhou.com"
145.220.91.19 - - [19/Apr/2026:15:50:16 +0800] "GET / HTTP/1.1" 301 5 "-" "Mozilla/5.0 (Macintosh; Intel Mac OS X 10.15; rv:122.0) Gecko/20100101 Firefox/122.0"
36.133.115.36 - - [19/Apr/2026:15:59:48 +0800] "POST /wp-cron.php?doing_wp_cron=1776585588.8383829593658447265625 HTTP/1.1" 200 31 "-" "WordPress/6.9; http://cqqizhou.com"
185.199.223.27 - - [19/Apr/2026:15:59:48 +0800] "POST /xmlrpc.php HTTP/1.1" 200 217 "-" "Mozilla/5.0 (Windows NT 10.0; Win64; x64; rv:143.0) Gecko/20100101 Firefox/143.0"
36.133.115.36 - - [19/Apr/2026:16:01:03 +0800] "POST /wp-cron.php?doing_wp_cron=1776585663.1162610054016113281250 HTTP/1.1" 200 31 "-" "WordPress/6.9; http://cqqizhou.com"
157.148.43.126 - - [19/Apr/2026:16:01:03 +0800] "GET /portfolio/hot-dip-galvanized-coil/ HTTP/1.1" 301 5 "-" "Mozilla/5.0 (Windows NT 10.0; Win64; x64) AppleWebKit/537.36 (KHTML, like Gecko) Chrome/109.0.0.0 Safari/537.36"
157.148.43.126 - - [19/Apr/2026:16:01:03 +0800] "GET /news/portfolio/hot-dip-galvanized-coil HTTP/1.1" 200 22417 "http://cqqizhou.com/portfolio/hot-dip-galvanized-coil/" "Mozilla/5.0 (Windows NT 10.0; Win64; x64) AppleWebKit/537.36 (KHTML, like Gecko) Chrome/109.0.0.0 Safari/537.36"
36.133.115.36 - - [19/Apr/2026:16:01:35 +0800] "POST /wp-cron.php?doing_wp_cron=1776585695.5430979728698730468750 HTTP/1.1" 200 31 "-" "WordPress/6.9; http://cqqizhou.com"
213.160.75.126 - - [19/Apr/2026:16:01:35 +0800] "POST /xmlrpc.php HTTP/1.1" 200 217 "-" "Mozilla/5.0 (Windows NT 10.0; Win64; x64; rv:144.0) Gecko/20100101 Firefox/144.0"
36.133.115.36 - - [19/Apr/2026:16:02:25 +0800] "POST /wp-cron.php?doing_wp_cron=1776585744.9897699356079101562500 HTTP/1.1" 200 31 "-" "WordPress/6.9; http://cqqizhou.com"
36.133.108.121 - - [19/Apr/2026:16:02:25 +0800] "HEAD /sdk HTTP/1.1" 404 0 "-" "Mozilla/5.0 (X11; Ubuntu; Linux x86_64; rv:24.0) Gecko/20100101 Firefox/24.0"
36.133.108.121 - - [19/Apr/2026:16:02:56 +0800] "HEAD /nmaplowercheck1776319630 HTTP/1.1" 404 0 "-" "Mozilla/5.0 (X11; Ubuntu; Linux x86_64; rv:24.0) Gecko/20100101 Firefox/24.0"
185.92.190.138 - - [19/Apr/2026:16:11:01 +0800] "HEAD /Public/ckeditor/plugins/multiimage/dialogs/image_upload.php HTTP/1.1" 404 0 "-" "-"
36.133.115.36 - - [19/Apr/2026:16:12:49 +0800] "POST /wp-cron.php?doing_wp_cron=1776586368.9613111019134521484375 HTTP/1.1" 200 31 "-" "WordPress/6.9; http://cqqizhou.com"
149.202.183.73 - - [19/Apr/2026:16:12:49 +0800] "POST /xmlrpc.php HTTP/1.1" 200 217 "-" "Mozilla/5.0 (Windows NT 10.0; rv:143.0) Gecko/20100101 Firefox/143.0"
36.133.115.36 - - [19/Apr/2026:16:17:50 +0800] "POST /wp-cron.php?doing_wp_cron=1776586670.6702969074249267578125 HTTP/1.1" 200 31 "-" "WordPress/6.9; http://cqqizhou.com"
36.133.108.125 - - [19/Apr/2026:16:17:50 +0800] "HEAD /servers/save.cgi HTTP/1.1" 404 0 "-" "Mozilla/4.0 (compatible; MSIE 8.0; Windows NT 6.1; WOW64; Trident/4.0; SLCC2; Media Center PC 6.0; InfoPath.2; MS-RTC LM 8"
220.181.108.168 - - [19/Apr/2026:16:29:33 +0800] "GET /work-safety HTTP/1.1" 200 24426 "-" "Mozilla/5.0 (compatible; Baiduspider/2.0; +http://www.baidu.com/search/spider.html)"
116.179.37.38 - - [19/Apr/2026:16:30:01 +0800] "GET /wp-content/uploads/2025/07/1751425283-qizhou.kf_.qq_.com_.webp HTTP/1.1" 200 16864 "http://cqqizhou.com/work-safety" "Mozilla/5.0 (compatible; Baiduspider-render/2.0; +http://www.baidu.com/search/spider.html)"
183.155.232.201 - - [19/Apr/2026:16:33:29 +0800] "GET /news/2155 HTTP/1.1" 200 28979 "-" "Mozilla/5.0 (Macintosh; Intel Mac OS X 10_15_7) AppleWebKit/537.36 (KHTML, like Gecko) Chrome/133.0.0.0 Safari/537.36"
36.133.115.36 - - [19/Apr/2026:16:47:18 +0800] "POST /wp-cron.php?doing_wp_cron=1776588438.5558750629425048828125 HTTP/1.1" 200 31 "-" "WordPress/6.9; http://cqqizhou.com"
145.223.132.179 - - [19/Apr/2026:16:47:18 +0800] "GET /news/2496 HTTP/1.1" 200 27951 "-" "Mozilla/5.0 (Macintosh; Intel Mac OS X 10_15_7) AppleWebKit/537.36 (KHTML, like Gecko) Chrome/124.0.0.0 Safari/537.36"
111.225.148.226 - - [19/Apr/2026:16:47:34 +0800] "GET /robots.txt HTTP/1.1" 200 190 "-" "Mozilla/5.0 (Linux; Android 5.0) AppleWebKit/537.36 (KHTML, like Gecko) Mobile Safari/537.36 (compatible; Bytespider; https://zhanzhang.toutiao.com/)"
36.133.115.36 - - [19/Apr/2026:17:17:12 +0800] "POST /wp-cron.php?doing_wp_cron=1776590232.5578711032867431640625 HTTP/1.1" 200 31 "-" "WordPress/6.9; http://cqqizhou.com"
204.76.203.206 - - [19/Apr/2026:17:17:12 +0800] "GET / HTTP/1.1" 200 34724 "-" "Mozilla/5.0 (Windows NT 10.0; Win64; x64) AppleWebKit/537.36 (KHTML, like Gecko) Chrome/90.0.4430.85 Safari/537.36 Edg/90.0.818.46"
36.133.115.36 - - [19/Apr/2026:17:38:15 +0800] "POST /wp-cron.php?doing_wp_cron=1776591495.0748310089111328125000 HTTP/1.1" 200 31 "-" "WordPress/6.9; http://cqqizhou.com"
36.133.108.121 - - [19/Apr/2026:17:38:15 +0800] "HEAD /services/jaeger/.env HTTP/1.1" 404 0 "-" "Mozilla/5.0 (iPad; U; CPU OS 3_2 like Mac OS X; en-us) AppleWebKit/531.21.10 (KHTML, like Gecko) Version/4.0.4 Mobile/7B334b Safari/531.21.10"
36.133.115.36 - - [19/Apr/2026:17:38:25 +0800] "POST /wp-cron.php?doing_wp_cron=1776591505.7725849151611328125000 HTTP/1.1" 200 31 "-" "WordPress/6.9; http://cqqizhou.com"
163.177.3.188 - - [19/Apr/2026:17:38:25 +0800] "GET /portfolio/duplex-stainless-steel/ HTTP/1.1" 301 5 "-" "Mozilla/5.0 (Windows NT 10.0; Win64; x64) AppleWebKit/537.36 (KHTML, like Gecko) Chrome/108.0.0.0 Safari/537.36"
14.29.109.19 - - [19/Apr/2026:17:38:36 +0800] "GET /portfolio/duplex-stainless-steel/ HTTP/1.1" 301 5 "-" "Mozilla/5.0 (Windows NT 10.0; Win64; x64) AppleWebKit/537.36 (KHTML, like Gecko) Chrome/109.0.0.0 Safari/537.36"
14.29.109.19 - - [19/Apr/2026:17:38:37 +0800] "GET /news/portfolio/duplex-stainless-steel HTTP/1.1" 200 22249 "http://cqqizhou.com/portfolio/duplex-stainless-steel/" "Mozilla/5.0 (Windows NT 10.0; Win64; x64) AppleWebKit/537.36 (KHTML, like Gecko) Chrome/109.0.0.0 Safari/537.36"
220.181.108.114 - - [19/Apr/2026:17:39:22 +0800] "GET /news/portfolio-category/remaining-rolls HTTP/1.1" 200 21053 "-" "Mozilla/5.0 (compatible; Baiduspider/2.0; +http://www.baidu.com/search/spider.html)"
36.133.115.36 - - [19/Apr/2026:17:46:52 +0800] "POST /wp-cron.php?doing_wp_cron=1776592012.6896419525146484375000 HTTP/1.1" 200 31 "-" "WordPress/6.9; http://cqqizhou.com"
114.119.158.193 - - [19/Apr/2026:17:46:52 +0800] "GET /robots.txt HTTP/1.1" 200 190 "-" "Mozilla/5.0 (compatible;PetalBot;+https://webmaster.petalsearch.com/site/petalbot)"
36.133.115.36 - - [19/Apr/2026:17:53:31 +0800] "POST /wp-cron.php?doing_wp_cron=1776592411.1167180538177490234375 HTTP/1.1" 200 31 "-" "WordPress/6.9; http://cqqizhou.com"
91.224.92.177 - - [19/Apr/2026:17:53:31 +0800] "POST / HTTP/1.1" 200 34724 "-" "Mozilla/5.0"
36.133.115.36 - - [19/Apr/2026:18:15:28 +0800] "POST /wp-cron.php?doing_wp_cron=1776593728.1857450008392333984375 HTTP/1.1" 200 31 "-" "WordPress/6.9; http://cqqizhou.com"
119.84.246.117 - - [19/Apr/2026:18:15:28 +0800] "GET / HTTP/1.1" 301 5 "-" "Mozilla/5.0 (Windows NT 6.1; WOW64; rv:14.0) Gecko/20100101 Firefox/14.0.1"
119.84.246.117 - - [19/Apr/2026:18:15:28 +0800] "GET / HTTP/1.1" 200 158581 "-" "Mozilla/5.0 (Windows NT 6.1; WOW64; rv:14.0) Gecko/20100101 Firefox/14.0.1"
119.84.246.117 - - [19/Apr/2026:18:15:29 +0800] "GET / HTTP/1.1" 301 5 "-" "Mozilla/5.0 (Windows NT 6.1) AppleWebKit/535.11 (KHTML, like Gecko) Chrome/17.0.963.84 Safari/535.11 LBBROWSER"
119.84.246.117 - - [19/Apr/2026:18:15:29 +0800] "GET / HTTP/1.1" 200 158581 "-" "Mozilla/5.0 (Windows NT 6.1) AppleWebKit/535.11 (KHTML, like Gecko) Chrome/17.0.963.84 Safari/535.11 LBBROWSER"
119.84.246.117 - - [19/Apr/2026:18:15:30 +0800] "GET / HTTP/1.1" 301 5 "-" "Mozilla/5.0 (Windows NT 6.1; WOW64; rv:13.0) Gecko/20100101 Firefox/13.0.1"
119.84.246.117 - - [19/Apr/2026:18:15:30 +0800] "GET / HTTP/1.1" 200 158581 "-" "Mozilla/5.0 (Windows NT 6.1; WOW64; rv:13.0) Gecko/20100101 Firefox/13.0.1"
120.233.109.17 - - [19/Apr/2026:18:22:06 +0800] "GET /company-news HTTP/1.1" 200 25890 "-" "Mozilla/5.0 (Windows NT 10.0; Win64; x64) AppleWebKit/537.36 (KHTML, like Gecko) Chrome/117.0.0.0 Safari/537.36"
36.133.115.36 - - [19/Apr/2026:18:23:33 +0800] "POST /wp-cron.php?doing_wp_cron=1776594213.4809389114379882812500 HTTP/1.1" 200 31 "-" "WordPress/6.9; http://cqqizhou.com"
43.140.247.223 - - [19/Apr/2026:18:23:33 +0800] "GET / HTTP/1.1" 301 5 "-" "Mozilla/5.0 (iPhone; CPU iPhone OS 13_2_3 like Mac OS X) AppleWebKit/605.1.15 (KHTML, like Gecko) Version/13.0.3 Mobile/15E148 Safari/604.1"
43.140.247.223 - - [19/Apr/2026:18:23:35 +0800] "GET / HTTP/1.1" 200 34724 "http://www.cqqizhou.com" "Mozilla/5.0 (iPhone; CPU iPhone OS 13_2_3 like Mac OS X) AppleWebKit/605.1.15 (KHTML, like Gecko) Version/13.0.3 Mobile/15E148 Safari/604.1"
36.133.108.121 - - [19/Apr/2026:18:30:37 +0800] "HEAD /package-updates/apt.cgi HTTP/1.1" 499 0 "-" "Mozilla/5.0 (Macintosh; U; Intel Mac OS X 10_6_7; en-us) AppleWebKit/534.16+ (KHTML, like Gecko) Version/5.0.3 Safari/533.19.4"
36.133.115.36 - - [19/Apr/2026:18:30:37 +0800] "POST /wp-cron.php?doing_wp_cron=1776594637.1173200607299804687500 HTTP/1.1" 200 31 "-" "WordPress/6.9; http://cqqizhou.com"
36.133.115.36 - - [19/Apr/2026:18:45:36 +0800] "POST /wp-cron.php?doing_wp_cron=1776595536.5073978900909423828125 HTTP/1.1" 200 31 "-" "WordPress/6.9; http://cqqizhou.com"
112.1.151.139 - - [19/Apr/2026:18:45:36 +0800] "GET /2215/ HTTP/1.1" 301 5 "-" "Mozilla/5.0 (Windows NT 10.0; Win64; x64) AppleWebKit/537.36 (KHTML, like Gecko) Chrome/142.0.0.0 Safari/537.36"
112.1.151.139 - - [19/Apr/2026:18:45:37 +0800] "GET /news/2215 HTTP/1.1" 200 23998 "-" "Mozilla/5.0 (Windows NT 10.0; Win64; x64) AppleWebKit/537.36 (KHTML, like Gecko) Chrome/142.0.0.0 Safari/537.36"
112.1.151.139 - - [19/Apr/2026:18:45:39 +0800] "POST /wp-admin/admin-ajax.php HTTP/1.1" 200 568 "http://cqqizhou.com/news/2215" "Mozilla/5.0 (Windows NT 10.0; Win64; x64) AppleWebKit/537.36 (KHTML, like Gecko) Chrome/142.0.0.0 Safari/537.36"
36.133.115.36 - - [19/Apr/2026:18:49:07 +0800] "POST /wp-cron.php?doing_wp_cron=1776595747.0199809074401855468750 HTTP/1.1" 200 31 "-" "WordPress/6.9; http://cqqizhou.com"
193.142.146.230 - - [19/Apr/2026:18:49:07 +0800] "POST /goform/formJsonAjaxReq HTTP/1.1" 404 31365 "http://36.133.115.36:80/login.asp" "Mozilla/5.0"
36.133.115.36 - - [19/Apr/2026:18:53:07 +0800] "POST /wp-cron.php?doing_wp_cron=1776595987.0160219669342041015625 HTTP/1.1" 200 31 "-" "WordPress/6.9; http://cqqizhou.com"
91.245.210.195 - - [19/Apr/2026:18:53:07 +0800] "POST /xmlrpc.php HTTP/1.1" 200 217 "-" "Mozilla/5.0 (Windows NT 10.0; rv:142.0) Gecko/20100101 Firefox/142.0"
36.133.115.36 - - [19/Apr/2026:19:05:10 +0800] "POST /wp-cron.php?doing_wp_cron=1776596710.6589770317077636718750 HTTP/1.1" 200 31 "-" "WordPress/6.9; http://cqqizhou.com"
121.41.166.218 - - [19/Apr/2026:19:05:10 +0800] "GET / HTTP/1.1" 301 5 "-" "Mozilla/5.0 (Windows NT 10.0; Win64; x64) AppleWebKit/537.36 (KHTML, like Gecko) Chrome/59.0.3071.115 Safari/537.36"
36.133.115.36 - - [19/Apr/2026:19:09:13 +0800] "POST /wp-cron.php?doing_wp_cron=1776596953.3110311031341552734375 HTTP/1.1" 200 31 "-" "WordPress/6.9; http://cqqizhou.com"
112.84.157.77 - - [19/Apr/2026:19:09:13 +0800] "GET /contacts/ HTTP/1.1" 301 5 "-" "Mozilla/5.0 (Windows NT 10.0; Win64; x64) AppleWebKit/537.36 (KHTML, like Gecko) Chrome/136.0.0.0 Safari/537.36"
112.84.157.77 - - [19/Apr/2026:19:09:13 +0800] "GET http://cqqizhou.com/contacts HTTP/1.1" 200 21617 "-" "Mozilla/5.0 (Windows NT 10.0; Win64; x64) AppleWebKit/537.36 (KHTML, like Gecko) Chrome/136.0.0.0 Safari/537.36"
223.64.148.89 - - [19/Apr/2026:19:10:02 +0800] "GET /contacts/ HTTP/1.1" 301 5 "-" "Mozilla/5.0 (Windows NT 10.0; Win64; x64) AppleWebKit/537.36 (KHTML, like Gecko) Chrome/136.0.0.0 Safari/537.36"
113.121.227.56 - - [19/Apr/2026:19:10:04 +0800] "GET /contacts/ HTTP/1.1" 301 5 "http://cqqizhou.com/contacts/" "Mozilla/5.0 (Windows NT 10.0; Win64; x64) AppleWebKit/537.36 (KHTML, like Gecko) Chrome/136.0.0.0 Safari/537.36"
113.121.227.56 - - [19/Apr/2026:19:10:06 +0800] "GET http://cqqizhou.com/contacts HTTP/1.1" 200 21617 "http://cqqizhou.com/contacts/" "Mozilla/5.0 (Windows NT 10.0; Win64; x64) AppleWebKit/537.36 (KHTML, like Gecko) Chrome/136.0.0.0 Safari/537.36"
36.150.60.24 - - [19/Apr/2026:19:17:24 +0800] "GET / HTTP/1.1" 200 35159 "-" "Mozilla/5.0 (Macintosh; Intel Mac OS X 10_11) AppleWebKit/601.1.27 (KHTML, like Gecko) Chrome/47.0.2526.106 Safari/601.1.27"
36.133.115.36 - - [19/Apr/2026:19:20:52 +0800] "POST /wp-cron.php?doing_wp_cron=1776597652.8660459518432617187500 HTTP/1.1" 200 31 "-" "WordPress/6.9; http://cqqizhou.com"
5.61.209.107 - - [19/Apr/2026:19:20:52 +0800] "GET /SDK/webLanguage HTTP/1.1" 301 5 "-" "Mozilla/5.0 (Windows NT 10.0; Win64; x64) AppleWebKit/537.36 (KHTML, like Gecko) Chrome/90.0.4430.85 Safari/537.36 Edg/90.0.818.46"
36.133.115.36 - - [19/Apr/2026:19:21:40 +0800] "POST /wp-cron.php?doing_wp_cron=1776597700.7427890300750732421875 HTTP/1.1" 200 31 "-" "WordPress/6.9; http://cqqizhou.com"
36.150.60.24 - - [19/Apr/2026:19:21:40 +0800] "GET / HTTP/1.1" 200 34724 "-" "Mozilla/5.0 (Linux; Android 8.0; STF-AL10 Build/HUAWEISTF-AL10; wv) AppleWebKit/537.36 (KHTML, like Gecko) Version/4.0 Chrome/48.0.2564.116 Mobile Safari/537.36 T7/10.11 baiduboxapp/10.11.0.12 (Baidu; P1 8.0.0)"
36.133.115.36 - - [19/Apr/2026:19:35:45 +0800] "POST /wp-cron.php?doing_wp_cron=1776598545.2469348907470703125000 HTTP/1.1" 200 31 "-" "WordPress/6.9; http://cqqizhou.com"
176.65.139.254 - - [19/Apr/2026:19:35:45 +0800] "GET / HTTP/1.1" 200 34724 "-" "Linux Gnu (cow)"
36.133.115.36 - - [19/Apr/2026:19:41:43 +0800] "POST /wp-cron.php?doing_wp_cron=1776598903.8728790283203125000000 HTTP/1.1" 200 31 "-" "WordPress/6.9; http://cqqizhou.com"
36.133.108.121 - - [19/Apr/2026:19:41:43 +0800] "HEAD /secrets.yaml HTTP/1.1" 404 0 "-" "Mozilla/5.0 (iPad; U; CPU OS 3_2 like Mac OS X; en-us) AppleWebKit/531.21.10 (KHTML, like Gecko) Version/4.0.4 Mobile/7B334b Safari/531.21.10"
36.133.115.36 - - [19/Apr/2026:19:54:34 +0800] "POST /wp-cron.php?doing_wp_cron=1776599674.1546759605407714843750 HTTP/1.1" 200 31 "-" "WordPress/6.9; http://cqqizhou.com"
204.76.203.206 - - [19/Apr/2026:19:54:34 +0800] "GET / HTTP/1.1" 200 34724 "-" "Mozilla/5.0 (Windows NT 10.0; Win64; x64) AppleWebKit/537.36 (KHTML, like Gecko) Chrome/90.0.4430.85 Safari/537.36 Edg/90.0.818.46"
23.234.49.222 - - [19/Apr/2026:20:05:06 +0800] "GET / HTTP/1.1" 200 35159 "-" "BaiduSpider"
36.133.115.36 - - [19/Apr/2026:20:05:09 +0800] "POST /wp-cron.php?doing_wp_cron=1776600308.9870259761810302734375 HTTP/1.1" 200 31 "-" "WordPress/6.9; http://cqqizhou.com"
23.234.49.222 - - [19/Apr/2026:20:05:09 +0800] "GET /wp-json/oembed/1.0/embed?url=http%3A%2F%2Fcqqizhou.com%2F HTTP/1.1" 200 1130 "-" "BaiduSpider"
23.234.49.222 - - [19/Apr/2026:20:05:11 +0800] "GET /,o.onload=()= HTTP/1.1" 301 5 "-" "BaiduSpider"
23.234.49.222 - - [19/Apr/2026:20:05:11 +0800] "GET http://cqqizhou.com/,o.onload=()= HTTP/1.1" 301 5 "-" "BaiduSpider"
206.189.81.157 - - [19/Apr/2026:20:05:51 +0800] "GET / HTTP/1.1" 301 5 "-" "Go-http-client/1.1"
27.99.130.133 - - [19/Apr/2026:20:15:03 +0800] "GET /news/2486 HTTP/1.1" 200 24039 "-" "Mozilla/5.0 (Windows NT 10.0; Win64; x64) AppleWebKit/537.36 (KHTML, like Gecko) Chrome/131.0.0.0 Safari/537.36 Edg/131.0.0.0"
36.133.115.36 - - [19/Apr/2026:20:24:26 +0800] "POST /wp-cron.php?doing_wp_cron=1776601466.3813910484313964843750 HTTP/1.1" 200 31 "-" "WordPress/6.9; http://cqqizhou.com"
79.124.40.174 - - [19/Apr/2026:20:24:26 +0800] "GET /actuator/gateway/routes HTTP/1.1" 301 5 "-" "Mozilla/5.0 (Windows NT 10.0; Win64; x64) AppleWebKit/537.36 (KHTML, like Gecko) Chrome/78.0.3904.108 Safari/537.36"
36.133.115.36 - - [19/Apr/2026:20:25:52 +0800] "POST /wp-cron.php?doing_wp_cron=1776601552.2969889640808105468750 HTTP/1.1" 200 31 "-" "WordPress/6.9; http://cqqizhou.com"
85.11.167.89 - - [19/Apr/2026:20:25:52 +0800] "GET /login HTTP/1.1" 301 5 "-" "Go-http-client/1.1"
85.11.167.89 - - [19/Apr/2026:20:25:53 +0800] "GET /login HTTP/1.1" 302 5 "http://36.133.115.36:80/login" "Go-http-client/1.1"
85.11.167.89 - - [19/Apr/2026:20:25:55 +0800] "GET /wp-login.php HTTP/1.1" 200 2853 "http://36.133.115.36/login" "Go-http-client/1.1"
36.133.115.36 - - [19/Apr/2026:20:35:40 +0800] "POST /wp-cron.php?doing_wp_cron=1776602140.9165179729461669921875 HTTP/1.1" 200 31 "-" "WordPress/6.9; http://cqqizhou.com"
36.133.108.121 - - [19/Apr/2026:20:35:40 +0800] "HEAD /?pp=env&pp=env HTTP/1.1" 200 0 "-" "Mozilla/5.0 (X11; Ubuntu; Linux x86_64; rv:24.0) Gecko/20100101 Firefox/24.0"
85.208.96.196 - - [19/Apr/2026:20:36:05 +0800] "GET /robots.txt HTTP/1.1" 200 190 "-" "Mozilla/5.0 (compatible; SemrushBot/7~bl; +http://www.semrush.com/bot.html)"
36.133.115.36 - - [19/Apr/2026:20:36:43 +0800] "POST /wp-cron.php?doing_wp_cron=1776602203.0023651123046875000000 HTTP/1.1" 200 31 "-" "WordPress/6.9; http://cqqizhou.com"
170.106.35.137 - - [19/Apr/2026:20:36:43 +0800] "GET / HTTP/1.1" 301 5 "-" "Mozilla/5.0 (iPhone; CPU iPhone OS 13_2_3 like Mac OS X) AppleWebKit/605.1.15 (KHTML, like Gecko) Version/13.0.3 Mobile/15E148 Safari/604.1"
170.106.35.137 - - [19/Apr/2026:20:36:45 +0800] "GET / HTTP/1.1" 200 34724 "http://36.133.115.36" "Mozilla/5.0 (iPhone; CPU iPhone OS 13_2_3 like Mac OS X) AppleWebKit/605.1.15 (KHTML, like Gecko) Version/13.0.3 Mobile/15E148 Safari/604.1"
36.133.115.36 - - [19/Apr/2026:20:43:37 +0800] "POST /wp-cron.php?doing_wp_cron=1776602617.4888389110565185546875 HTTP/1.1" 200 31 "-" "WordPress/6.9; http://cqqizhou.com"
176.65.139.50 - - [19/Apr/2026:20:43:37 +0800] "GET / HTTP/1.1" 200 109837 "-" "-"
36.133.115.36 - - [19/Apr/2026:20:46:51 +0800] "POST /wp-cron.php?doing_wp_cron=1776602811.8993399143218994140625 HTTP/1.1" 200 31 "-" "WordPress/6.9; http://cqqizhou.com"
23.234.49.222 - - [19/Apr/2026:20:46:51 +0800] "GET /wp-json/oembed/1.0/embed?url=http%3A%2F%2Fcqqizhou.com%2F%27 HTTP/1.1" 404 100 "-" "BaiduSpider"
36.133.115.36 - - [19/Apr/2026:20:47:49 +0800] "POST /wp-cron.php?doing_wp_cron=1776602869.7291469573974609375000 HTTP/1.1" 200 31 "-" "WordPress/6.9; http://cqqizhou.com"
45.148.10.67 - - [19/Apr/2026:20:47:49 +0800] "GET / HTTP/1.1" 200 34724 "-" "Mozilla/5.0 (Windows NT 10.0; Win64; x64) AppleWebKit/537.36 (KHTML, like Gecko) Chrome/131.0.0.0 Safari/537.36"
36.133.115.36 - - [19/Apr/2026:20:57:41 +0800] "POST /wp-cron.php?doing_wp_cron=1776603461.0153069496154785156250 HTTP/1.1" 200 31 "-" "WordPress/6.9; http://cqqizhou.com"
43.166.244.192 - - [19/Apr/2026:20:57:41 +0800] "GET / HTTP/1.1" 200 34724 "-" "Mozilla/5.0 (iPhone; CPU iPhone OS 13_2_3 like Mac OS X) AppleWebKit/605.1.15 (KHTML, like Gecko) Version/13.0.3 Mobile/15E148 Safari/604.1"
36.133.115.36 - - [19/Apr/2026:21:00:24 +0800] "POST /wp-cron.php?doing_wp_cron=1776603623.9907720088958740234375 HTTP/1.1" 200 31 "-" "WordPress/6.9; http://cqqizhou.com"
36.133.108.121 - - [19/Apr/2026:21:00:24 +0800] "HEAD /services/minio/.env HTTP/1.1" 404 0 "-" "Mozilla/5.0 (Macintosh; U; Intel Mac OS X 10_6_6; sv-se) AppleWebKit/533.20.25 (KHTML, like Gecko) Version/5.0.4 Safari/533.20.27"
36.133.115.36 - - [19/Apr/2026:21:05:44 +0800] "POST /wp-cron.php?doing_wp_cron=1776603944.2885649204254150390625 HTTP/1.1" 200 31 "-" "WordPress/6.9; http://cqqizhou.com"
176.65.139.50 - - [19/Apr/2026:21:05:44 +0800] "GET / HTTP/1.1" 200 109837 "-" "-"
36.133.115.36 - - [19/Apr/2026:21:08:54 +0800] "POST /wp-cron.php?doing_wp_cron=1776604134.2910289764404296875000 HTTP/1.1" 200 31 "-" "WordPress/6.9; http://cqqizhou.com"
43.158.91.71 - - [19/Apr/2026:21:08:54 +0800] "GET / HTTP/1.1" 200 34724 "-" "Mozilla/5.0 (iPhone; CPU iPhone OS 13_2_3 like Mac OS X) AppleWebKit/605.1.15 (KHTML, like Gecko) Version/13.0.3 Mobile/15E148 Safari/604.1"
36.133.115.36 - - [19/Apr/2026:21:18:40 +0800] "POST /wp-cron.php?doing_wp_cron=1776604720.8297479152679443359375 HTTP/1.1" 200 31 "-" "WordPress/6.9; http://cqqizhou.com"
103.177.249.114 - - [19/Apr/2026:21:18:40 +0800] "POST /xmlrpc.php HTTP/1.1" 200 217 "-" "Mozilla/5.0 (Windows NT 10.0; Win64; x64) AppleWebKit/537.43 (KHTML, like Gecko) Chrome/139.0.0.0 Safari/537.36 OPR/123.0.0.0"
36.133.115.36 - - [19/Apr/2026:21:24:00 +0800] "POST /wp-cron.php?doing_wp_cron=1776605040.1718630790710449218750 HTTP/1.1" 200 31 "-" "WordPress/6.9; http://cqqizhou.com"
5.61.209.107 - - [19/Apr/2026:21:24:00 +0800] "GET /SDK/webLanguage HTTP/1.1" 301 5 "-" "Mozilla/5.0 (Windows NT 10.0; Win64; x64) AppleWebKit/537.36 (KHTML, like Gecko) Chrome/90.0.4430.85 Safari/537.36 Edg/90.0.818.46"
36.133.115.36 - - [19/Apr/2026:21:32:10 +0800] "POST /wp-cron.php?doing_wp_cron=1776605530.7506310939788818359375 HTTP/1.1" 200 31 "-" "WordPress/6.9; http://cqqizhou.com"
117.164.191.217 - - [19/Apr/2026:21:32:10 +0800] "POST /hello.world?%ADd+allow_url_include%3d1+%ADd+auto_prepend_file%3dphp://input HTTP/1.1" 404 31365 "-" "libredtail-http"
117.164.191.217 - - [19/Apr/2026:21:32:14 +0800] "POST /?%ADd+allow_url_include%3d1+%ADd+auto_prepend_file%3dphp://input HTTP/1.1" 200 156922 "-" "libredtail-http"
117.164.191.217 - - [19/Apr/2026:21:32:24 +0800] "GET /vendor/phpunit/phpunit/src/Util/PHP/eval-stdin.php HTTP/1.1" 404 27 "-" "libredtail-http"
117.164.191.217 - - [19/Apr/2026:21:32:29 +0800] "GET /vendor/phpunit/phpunit/Util/PHP/eval-stdin.php HTTP/1.1" 404 27 "-" "libredtail-http"
117.164.191.217 - - [19/Apr/2026:21:32:34 +0800] "GET /vendor/phpunit/src/Util/PHP/eval-stdin.php HTTP/1.1" 404 27 "-" "libredtail-http"
117.164.191.217 - - [19/Apr/2026:21:32:39 +0800] "GET /vendor/phpunit/Util/PHP/eval-stdin.php HTTP/1.1" 404 27 "-" "libredtail-http"
117.164.191.217 - - [19/Apr/2026:21:32:44 +0800] "GET /vendor/phpunit/phpunit/LICENSE/eval-stdin.php HTTP/1.1" 404 27 "-" "libredtail-http"
117.164.191.217 - - [19/Apr/2026:21:32:45 +0800] "GET /vendor/vendor/phpunit/phpunit/src/Util/PHP/eval-stdin.php HTTP/1.1" 404 27 "-" "libredtail-http"
117.164.191.217 - - [19/Apr/2026:21:32:49 +0800] "GET /phpunit/phpunit/src/Util/PHP/eval-stdin.php HTTP/1.1" 404 27 "-" "libredtail-http"
117.164.191.217 - - [19/Apr/2026:21:32:55 +0800] "GET /phpunit/phpunit/Util/PHP/eval-stdin.php HTTP/1.1" 404 27 "-" "libredtail-http"
117.164.191.217 - - [19/Apr/2026:21:32:59 +0800] "GET /phpunit/src/Util/PHP/eval-stdin.php HTTP/1.1" 404 27 "-" "libredtail-http"
117.164.191.217 - - [19/Apr/2026:21:33:03 +0800] "GET /phpunit/Util/PHP/eval-stdin.php HTTP/1.1" 404 27 "-" "libredtail-http"
58.254.165.234 - - [19/Apr/2026:21:33:04 +0800] "GET /media HTTP/1.1" 200 31773 "-" "Mozilla/5.0 (Windows NT 10.0; Win64; x64) AppleWebKit/537.36 (KHTML, like Gecko) Chrome/116.0.0.0 Safari/537.36"
117.164.191.217 - - [19/Apr/2026:21:33:07 +0800] "GET /lib/phpunit/phpunit/src/Util/PHP/eval-stdin.php HTTP/1.1" 404 27 "-" "libredtail-http"
117.164.191.217 - - [19/Apr/2026:21:33:12 +0800] "GET /lib/phpunit/phpunit/Util/PHP/eval-stdin.php HTTP/1.1" 404 27 "-" "libredtail-http"
219.136.244.124 - - [19/Apr/2026:21:33:14 +0800] "GET /media HTTP/1.1" 200 31773 "-" "Mozilla/5.0 (Windows NT 10.0; Win64; x64) AppleWebKit/537.36 (KHTML, like Gecko) Chrome/120.0.0.0 Safari/537.36"
117.164.191.217 - - [19/Apr/2026:21:33:15 +0800] "GET /lib/phpunit/src/Util/PHP/eval-stdin.php HTTP/1.1" 404 27 "-" "libredtail-http"
117.164.191.217 - - [19/Apr/2026:21:33:19 +0800] "GET /lib/phpunit/Util/PHP/eval-stdin.php HTTP/1.1" 404 27 "-" "libredtail-http"
117.164.191.217 - - [19/Apr/2026:21:33:20 +0800] "GET /lib/vendor/phpunit/phpunit/src/Util/PHP/eval-stdin.php HTTP/1.1" 404 27 "-" "libredtail-http"
117.164.191.217 - - [19/Apr/2026:21:33:23 +0800] "GET /laravel/vendor/phpunit/phpunit/src/Util/PHP/eval-stdin.php HTTP/1.1" 404 27 "-" "libredtail-http"
117.164.191.217 - - [19/Apr/2026:21:33:27 +0800] "GET /www/vendor/phpunit/phpunit/src/Util/PHP/eval-stdin.php HTTP/1.1" 404 27 "-" "libredtail-http"
117.164.191.217 - - [19/Apr/2026:21:33:32 +0800] "GET /ws/vendor/phpunit/phpunit/src/Util/PHP/eval-stdin.php HTTP/1.1" 404 27 "-" "libredtail-http"
117.164.191.217 - - [19/Apr/2026:21:33:37 +0800] "GET /yii/vendor/phpunit/phpunit/src/Util/PHP/eval-stdin.php HTTP/1.1" 404 27 "-" "libredtail-http"
117.164.191.217 - - [19/Apr/2026:21:33:43 +0800] "GET /zend/vendor/phpunit/phpunit/src/Util/PHP/eval-stdin.php HTTP/1.1" 404 27 "-" "libredtail-http"
36.133.115.36 - - [19/Apr/2026:21:33:48 +0800] "POST /wp-cron.php?doing_wp_cron=1776605628.7503659725189208984375 HTTP/1.1" 200 31 "-" "WordPress/6.9; http://cqqizhou.com"
60.22.63.82 - - [19/Apr/2026:21:33:48 +0800] "GET /news/2523 HTTP/1.1" 301 5 "http://cqqizhou.com/" "Mozilla/5.0 (Windows NT 10.0; Win64; x64) AppleWebKit/537.36 (KHTML, like Gecko) Chrome/105.0.0.0 Safari/537.3"
60.22.63.82 - - [19/Apr/2026:21:33:50 +0800] "GET /news/2518/6article_images_w900px HTTP/1.1" 301 5 "http://cqqizhou.com/" "Mozilla/5.0 (Windows NT 10.0; Win64; x64) AppleWebKit/537.36 (KHTML, like Gecko) Chrome/105.0.0.0 Safari/537.3"
60.22.63.82 - - [19/Apr/2026:21:33:50 +0800] "GET /wp-content/uploads/2026/03/1772790943-6Article_images_W900px.webp HTTP/1.1" 200 57278 "http://cqqizhou.com/" "Mozilla/5.0 (Windows NT 10.0; Win64; x64) AppleWebKit/537.36 (KHTML, like Gecko) Chrome/105.0.0.0 Safari/537.3"
117.164.191.217 - - [19/Apr/2026:21:33:50 +0800] "GET /ws/ec/vendor/phpunit/phpunit/src/Util/PHP/eval-stdin.php HTTP/1.1" 404 27 "-" "libredtail-http"
117.164.191.217 - - [19/Apr/2026:21:33:56 +0800] "GET /V2/vendor/phpunit/phpunit/src/Util/PHP/eval-stdin.php HTTP/1.1" 404 27 "-" "libredtail-http"
117.164.191.217 - - [19/Apr/2026:21:34:01 +0800] "GET /tests/vendor/phpunit/phpunit/src/Util/PHP/eval-stdin.php HTTP/1.1" 404 27 "-" "libredtail-http"
117.164.191.217 - - [19/Apr/2026:21:34:09 +0800] "GET /test/vendor/phpunit/phpunit/src/Util/PHP/eval-stdin.php HTTP/1.1" 404 27 "-" "libredtail-http"
117.164.191.217 - - [19/Apr/2026:21:34:15 +0800] "GET /testing/vendor/phpunit/phpunit/src/Util/PHP/eval-stdin.php HTTP/1.1" 404 27 "-" "libredtail-http"
117.164.191.217 - - [19/Apr/2026:21:34:18 +0800] "GET /api/vendor/phpunit/phpunit/src/Util/PHP/eval-stdin.php HTTP/1.1" 404 27 "-" "libredtail-http"
117.164.191.217 - - [19/Apr/2026:21:34:19 +0800] "GET /demo/vendor/phpunit/phpunit/src/Util/PHP/eval-stdin.php HTTP/1.1" 404 27 "-" "libredtail-http"
117.164.191.217 - - [19/Apr/2026:21:34:19 +0800] "GET /cms/vendor/phpunit/phpunit/src/Util/PHP/eval-stdin.php HTTP/1.1" 404 27 "-" "libredtail-http"
117.164.191.217 - - [19/Apr/2026:21:34:22 +0800] "GET /crm/vendor/phpunit/phpunit/src/Util/PHP/eval-stdin.php HTTP/1.1" 404 27 "-" "libredtail-http"
117.164.191.217 - - [19/Apr/2026:21:34:27 +0800] "GET /admin/vendor/phpunit/phpunit/src/Util/PHP/eval-stdin.php HTTP/1.1" 404 27 "-" "libredtail-http"
117.164.191.217 - - [19/Apr/2026:21:34:31 +0800] "GET /backup/vendor/phpunit/phpunit/src/Util/PHP/eval-stdin.php HTTP/1.1" 404 27 "-" "libredtail-http"
117.164.191.217 - - [19/Apr/2026:21:34:32 +0800] "GET /blog/vendor/phpunit/phpunit/src/Util/PHP/eval-stdin.php HTTP/1.1" 404 27 "-" "libredtail-http"
117.164.191.217 - - [19/Apr/2026:21:34:33 +0800] "GET /workspace/drupal/vendor/phpunit/phpunit/src/Util/PHP/eval-stdin.php HTTP/1.1" 404 27 "-" "libredtail-http"
117.164.191.217 - - [19/Apr/2026:21:34:37 +0800] "GET /panel/vendor/phpunit/phpunit/src/Util/PHP/eval-stdin.php HTTP/1.1" 404 27 "-" "libredtail-http"
117.164.191.217 - - [19/Apr/2026:21:34:41 +0800] "GET /public/vendor/phpunit/phpunit/src/Util/PHP/eval-stdin.php HTTP/1.1" 404 27 "-" "libredtail-http"
117.164.191.217 - - [19/Apr/2026:21:34:46 +0800] "GET /apps/vendor/phpunit/phpunit/src/Util/PHP/eval-stdin.php HTTP/1.1" 404 27 "-" "libredtail-http"
117.164.191.217 - - [19/Apr/2026:21:34:54 +0800] "GET /app/vendor/phpunit/phpunit/src/Util/PHP/eval-stdin.php HTTP/1.1" 404 27 "-" "libredtail-http"
36.133.115.36 - - [19/Apr/2026:21:35:03 +0800] "POST /wp-cron.php?doing_wp_cron=1776605703.2681069374084472656250 HTTP/1.1" 200 31 "-" "WordPress/6.9; http://cqqizhou.com"
117.164.191.217 - - [19/Apr/2026:21:35:03 +0800] "GET /index.php?s=/index/\x5Cthink\x5Capp/invokefunction&function=call_user_func_array&vars[0]=md5&vars[1][]=Hello HTTP/1.1" 200 66128 "-" "libredtail-http"
117.164.191.217 - - [19/Apr/2026:21:35:07 +0800] "GET /public/index.php?s=/index/\x5Cthink\x5Capp/invokefunction&function=call_user_func_array&vars[0]=md5&vars[1][]=Hello HTTP/1.1" 404 27 "-" "libredtail-http"
36.133.115.36 - - [19/Apr/2026:21:35:13 +0800] "POST /wp-cron.php?doing_wp_cron=1776605713.0475089550018310546875 HTTP/1.1" 200 31 "-" "WordPress/6.9; http://cqqizhou.com"
117.164.191.217 - - [19/Apr/2026:21:35:13 +0800] "GET /index.php?lang=../../../../../../../../usr/local/lib/php/pearcmd&+config-create+/&/<?echo(md5(\x22hi\x22));?>+/tmp/index1.php HTTP/1.1" 200 156922 "-" "libredtail-http"
117.164.191.217 - - [19/Apr/2026:21:35:19 +0800] "GET /index.php?lang=../../../../../../../../tmp/index1 HTTP/1.1" 200 156922 "-" "libredtail-http"
117.164.191.217 - - [19/Apr/2026:21:35:24 +0800] "GET /containers/json HTTP/1.1" 301 5 "-" "libredtail-http"
117.164.191.217 - - [19/Apr/2026:21:35:31 +0800] "GET /containers/json HTTP/1.1" 301 5 "-" "libredtail-http"
36.133.115.36 - - [19/Apr/2026:21:59:34 +0800] "POST /wp-cron.php?doing_wp_cron=1776607174.0592451095581054687500 HTTP/1.1" 200 31 "-" "WordPress/6.9; http://cqqizhou.com"
5.189.168.141 - - [19/Apr/2026:21:59:34 +0800] "POST /xmlrpc.php HTTP/1.1" 200 217 "-" "Mozilla/5.0 (Windows NT 10.0) AppleWebKit/537.43 (KHTML, like Gecko) Chrome/134.0.0.0 Safari/537.36 OPR/119.0.0.0"
36.133.115.36 - - [19/Apr/2026:22:04:06 +0800] "POST /wp-cron.php?doing_wp_cron=1776607446.0713028907775878906250 HTTP/1.1" 200 31 "-" "WordPress/6.9; http://cqqizhou.com"
66.70.178.228 - - [19/Apr/2026:22:04:06 +0800] "POST /xmlrpc.php HTTP/1.1" 200 217 "-" "Mozilla/5.0 (Windows NT 10.0; WOW64) AppleWebKit/537.43 (KHTML, like Gecko) Chrome/138.0.0.0 Safari/537.36 OPR/122.0.0.0"
180.153.236.77 - - [19/Apr/2026:22:14:20 +0800] "GET / HTTP/1.1" 200 35159 "http://cqqizhou.com" "User-Agent:Mozilla/5.0 (Windows NT 10.0; Win64; x64) AppleWebKit/537.36 (KHTML, like Gecko) Chrome/140.0.0.0 Safari/537.36 Edg/140.0.0.0; 360Spider"
120.241.209.222 - - [19/Apr/2026:22:32:55 +0800] "GET /industry HTTP/1.1" 200 24658 "-" "Mozilla/5.0 (Windows NT 10.0; Win64; x64) AppleWebKit/537.36 (KHTML, like Gecko) Chrome/131.0.0.0 Safari/537.36"
36.133.115.36 - - [19/Apr/2026:22:39:27 +0800] "POST /wp-cron.php?doing_wp_cron=1776609567.8689789772033691406250 HTTP/1.1" 200 31 "-" "WordPress/6.9; http://cqqizhou.com"
52.207.238.74 - - [19/Apr/2026:22:39:27 +0800] "GET / HTTP/1.1" 301 5 "-" "Mozilla/5.0 (Windows NT 10.0; Win64; x64) AppleWebKit/537.36 (KHTML, like Gecko) Chrome/136.0.0.0 Safari/537.36"
36.133.115.36 - - [19/Apr/2026:22:48:47 +0800] "POST /wp-cron.php?doing_wp_cron=1776610127.3343811035156250000000 HTTP/1.1" 200 31 "-" "WordPress/6.9; http://cqqizhou.com"
4.209.236.23 - - [19/Apr/2026:22:48:47 +0800] "GET /news/2164 HTTP/1.1" 200 23640 "-" "Mozilla/5.0 (Windows NT 10.0; Win64; x64) AppleWebKit/537.36 (KHTML, like Gecko) Chrome/131.0.0.0 Safari/537.36 Edg/131.0.0.0"
36.133.115.36 - - [19/Apr/2026:22:54:14 +0800] "POST /wp-cron.php?doing_wp_cron=1776610454.6831219196319580078125 HTTP/1.1" 200 31 "-" "WordPress/6.9; http://cqqizhou.com"
165.232.107.240 - - [19/Apr/2026:22:54:14 +0800] "GET / HTTP/1.1" 301 5 "-" "Mozilla/5.0 (X11; Linux x86_64; rv:142.0) Gecko/20100101 Firefox/142.0"
36.133.115.36 - - [19/Apr/2026:22:55:39 +0800] "POST /wp-cron.php?doing_wp_cron=1776610539.5702519416809082031250 HTTP/1.1" 200 31 "-" "WordPress/6.9; http://cqqizhou.com"
119.84.246.117 - - [19/Apr/2026:22:55:39 +0800] "GET / HTTP/1.1" 301 5 "-" "Mozilla/5.0 (Windows; U; Windows NT 6.1; zh_CN) AppleWebKit/534.7 (KHTML, like Gecko) Chrome/18.0 BIDUBrowser/2.6 Safari/534.7"
119.84.246.117 - - [19/Apr/2026:22:55:39 +0800] "GET / HTTP/1.1" 200 35159 "-" "Mozilla/5.0 (Windows; U; Windows NT 6.1; zh_CN) AppleWebKit/534.7 (KHTML, like Gecko) Chrome/18.0 BIDUBrowser/2.6 Safari/534.7"
119.84.246.117 - - [19/Apr/2026:22:55:39 +0800] "GET /wp-content/uploads/2025/07/1753456723-%E5%8F%8C%E7%9B%B8%E9%92%A2roduct_Single600.webp HTTP/1.1" 200 22790 "http://cqqizhou.com/" "Mozilla/5.0 (Windows; U; Windows NT 6.1; zh_CN) AppleWebKit/534.7 (KHTML, like Gecko) Chrome/18.0 BIDUBrowser/2.6 Safari/534.7"
119.84.246.117 - - [19/Apr/2026:22:55:39 +0800] "GET /wp-content/uploads/2025/07/1751425283-qizhou.kf_.qq_.com_.webp HTTP/1.1" 200 16864 "http://cqqizhou.com/" "Mozilla/5.0 (Windows; U; Windows NT 6.1; zh_CN) AppleWebKit/534.7 (KHTML, like Gecko) Chrome/18.0 BIDUBrowser/2.6 Safari/534.7"
119.84.246.117 - - [19/Apr/2026:22:55:39 +0800] "GET /wp-content/uploads/2025/07/1753453096-%E5%8F%8C%E7%9B%B8%E9%92%A2product_Single600%C3%97284.webp HTTP/1.1" 200 14562 "http://cqqizhou.com/" "Mozilla/5.0 (Windows; U; Windows NT 6.1; zh_CN) AppleWebKit/534.7 (KHTML, like Gecko) Chrome/18.0 BIDUBrowser/2.6 Safari/534.7"
119.84.246.117 - - [19/Apr/2026:22:55:39 +0800] "GET /wp-content/uploads/2025/07/1753456770-%E7%83%AD%E9%95%80%E9%94%8C%E5%8D%B7product_Single600.webp HTTP/1.1" 200 27502 "http://cqqizhou.com/" "Mozilla/5.0 (Windows; U; Windows NT 6.1; zh_CN) AppleWebKit/534.7 (KHTML, like Gecko) Chrome/18.0 BIDUBrowser/2.6 Safari/534.7"
119.84.246.117 - - [19/Apr/2026:22:55:39 +0800] "GET /wp-content/uploads/2025/07/1753453127-%E4%BD%99%E5%8D%B7product_Single600%C3%97284.webp HTTP/1.1" 200 18744 "http://cqqizhou.com/" "Mozilla/5.0 (Windows; U; Windows NT 6.1; zh_CN) AppleWebKit/534.7 (KHTML, like Gecko) Chrome/18.0 BIDUBrowser/2.6 Safari/534.7"
119.84.246.117 - - [19/Apr/2026:22:55:39 +0800] "GET /wp-content/uploads/2026/04/1775865780-1Article_images_W900px.webp HTTP/1.1" 200 41840 "http://cqqizhou.com/" "Mozilla/5.0 (Windows; U; Windows NT 6.1; zh_CN) AppleWebKit/534.7 (KHTML, like Gecko) Chrome/18.0 BIDUBrowser/2.6 Safari/534.7"
119.84.246.117 - - [19/Apr/2026:22:55:39 +0800] "GET /wp-content/uploads/2026/02/1769999241-4.2%E7%B1%B3%E9%AB%98%E6%A0%8F%E8%B4%A7%E8%BD%A6.webp HTTP/1.1" 200 54794 "http://cqqizhou.com/" "Mozilla/5.0 (Windows; U; Windows NT 6.1; zh_CN) AppleWebKit/534.7 (KHTML, like Gecko) Chrome/18.0 BIDUBrowser/2.6 Safari/534.7"
119.84.246.117 - - [19/Apr/2026:22:55:39 +0800] "GET /wp-content/uploads/2026/04/1775698332-Article_images_W900px.webp HTTP/1.1" 200 49852 "http://cqqizhou.com/" "Mozilla/5.0 (Windows; U; Windows NT 6.1; zh_CN) AppleWebKit/534.7 (KHTML, like Gecko) Chrome/18.0 BIDUBrowser/2.6 Safari/534.7"
119.84.246.117 - - [19/Apr/2026:22:55:39 +0800] "GET /wp-content/uploads/2026/04/1775195054-1Article_images_W900px.webp HTTP/1.1" 200 25562 "http://cqqizhou.com/" "Mozilla/5.0 (Windows; U; Windows NT 6.1; zh_CN) AppleWebKit/534.7 (KHTML, like Gecko) Chrome/18.0 BIDUBrowser/2.6 Safari/534.7"
119.84.246.117 - - [19/Apr/2026:22:55:39 +0800] "GET /wp-content/uploads/2025/07/1751864664-Logistics800x500_1.webp HTTP/1.1" 200 76914 "http://cqqizhou.com/" "Mozilla/5.0 (Windows; U; Windows NT 6.1; zh_CN) AppleWebKit/534.7 (KHTML, like Gecko) Chrome/18.0 BIDUBrowser/2.6 Safari/534.7"
36.133.115.36 - - [19/Apr/2026:22:59:24 +0800] "POST /wp-cron.php?doing_wp_cron=1776610764.6540861129760742187500 HTTP/1.1" 200 31 "-" "WordPress/6.9; http://cqqizhou.com"
23.98.148.92 - - [19/Apr/2026:22:59:24 +0800] "POST /xmlrpc.php HTTP/1.1" 200 217 "-" "Mozilla/5.0 (Windows NT 10.0; WOW64) AppleWebKit/537.43 (KHTML, like Gecko) Chrome/138.0.0.0 Safari/537.36 OPR/122.0.0.0"
36.133.115.36 - - [19/Apr/2026:23:01:29 +0800] "POST /wp-cron.php?doing_wp_cron=1776610889.9582688808441162109375 HTTP/1.1" 200 31 "-" "WordPress/6.9; http://cqqizhou.com"
45.148.10.67 - - [19/Apr/2026:23:01:30 +0800] "GET / HTTP/1.1" 200 34724 "-" "Mozilla/5.0 (Windows NT 10.0; Win64; x64) AppleWebKit/537.36 (KHTML, like Gecko) Chrome/131.0.0.0 Safari/537.36"
36.133.115.36 - - [19/Apr/2026:23:14:59 +0800] "POST /wp-cron.php?doing_wp_cron=1776611699.8251950740814208984375 HTTP/1.1" 200 31 "-" "WordPress/6.9; http://cqqizhou.com"
122.239.135.178 - - [19/Apr/2026:23:14:59 +0800] "GET /portfolio-category/remaining-rolls/ HTTP/1.1" 301 5 "-" "Mozilla/5.0 (Macintosh; Intel Mac OS X 10_15_7) AppleWebKit/537.36 (KHTML, like Gecko) Chrome/140.0.0.0 Safari/537.36"
59.59.212.168 - - [19/Apr/2026:23:15:00 +0800] "GET /news/portfolio/remaining-rolls HTTP/1.1" 200 22260 "http://cqqizhou.com/portfolio-category/remaining-rolls/" "Mozilla/5.0 (Macintosh; Intel Mac OS X 10_15_7) AppleWebKit/537.36 (KHTML, like Gecko) Chrome/140.0.0.0 Safari/537.36"
36.133.115.36 - - [19/Apr/2026:23:23:04 +0800] "POST /wp-cron.php?doing_wp_cron=1776612184.8048269748687744140625 HTTP/1.1" 200 31 "-" "WordPress/6.9; http://cqqizhou.com"
36.133.108.121 - - [19/Apr/2026:23:23:04 +0800] "HEAD /cgi-bin/main.pl HTTP/1.1" 404 0 "-" "Mozilla/5.0 (Windows NT 6.2; WOW64) AppleWebKit/537.36 (KHTML, like Gecko) Chrome/30.0.1599.17 Safari/537.36"
36.133.115.36 - - [19/Apr/2026:23:25:43 +0800] "POST /wp-cron.php?doing_wp_cron=1776612343.1887249946594238281250 HTTP/1.1" 200 31 "-" "WordPress/6.9; http://cqqizhou.com"
124.156.157.91 - - [19/Apr/2026:23:25:43 +0800] "GET / HTTP/1.1" 200 34724 "-" "Mozilla/5.0 (iPhone; CPU iPhone OS 13_2_3 like Mac OS X) AppleWebKit/605.1.15 (KHTML, like Gecko) Version/13.0.3 Mobile/15E148 Safari/604.1"
36.133.115.36 - - [19/Apr/2026:23:34:48 +0800] "POST /wp-cron.php?doing_wp_cron=1776612887.9564909934997558593750 HTTP/1.1" 200 31 "-" "WordPress/6.9; http://cqqizhou.com"
143.198.119.177 - - [19/Apr/2026:23:34:48 +0800] "POST /xmlrpc.php HTTP/1.1" 200 217 "-" "Mozilla/5.0 (Windows NT 10.0) AppleWebKit/537.36 (KHTML, like Gecko) Chrome/139.0.0.0 Safari/537.36"
36.133.115.36 - - [19/Apr/2026:23:40:44 +0800] "POST /wp-cron.php?doing_wp_cron=1776613243.9986710548400878906250 HTTP/1.1" 200 31 "-" "WordPress/6.9; http://cqqizhou.com"
43.153.85.46 - - [19/Apr/2026:23:40:44 +0800] "GET / HTTP/1.1" 200 34724 "-" "Mozilla/5.0 (iPhone; CPU iPhone OS 13_2_3 like Mac OS X) AppleWebKit/605.1.15 (KHTML, like Gecko) Version/13.0.3 Mobile/15E148 Safari/604.1"
36.133.115.36 - - [19/Apr/2026:23:42:39 +0800] "POST /wp-cron.php?doing_wp_cron=1776613359.4423999786376953125000 HTTP/1.1" 200 31 "-" "WordPress/6.9; http://cqqizhou.com"
36.133.108.119 - - [19/Apr/2026:23:42:39 +0800] "HEAD /services/monitoring/.env HTTP/1.1" 404 0 "-" "Mozilla/5.0 (Windows; U; Windows NT 6.1; en-US) AppleWebKit/533.20.25 (KHTML, like Gecko) Version/5.0.4 Safari/533.20.27"
36.133.115.36 - - [19/Apr/2026:23:48:52 +0800] "POST /wp-cron.php?doing_wp_cron=1776613732.2999050617218017578125 HTTP/1.1" 200 31 "-" "WordPress/6.9; http://cqqizhou.com"
170.106.181.163 - - [19/Apr/2026:23:48:52 +0800] "GET /services HTTP/1.1" 301 5 "-" "Mozilla/5.0 (iPhone; CPU iPhone OS 13_2_3 like Mac OS X) AppleWebKit/605.1.15 (KHTML, like Gecko) Version/13.0.3 Mobile/15E148 Safari/604.1"
170.106.181.163 - - [19/Apr/2026:23:48:55 +0800] "GET /services HTTP/1.1" 200 25883 "http://36.133.115.36:80/services" "Mozilla/5.0 (iPhone; CPU iPhone OS 13_2_3 like Mac OS X) AppleWebKit/605.1.15 (KHTML, like Gecko) Version/13.0.3 Mobile/15E148 Safari/604.1"