36.133.115.36 - - [19/Apr/2026:09:48:11 +0800] "POST /wp-cron.php?doing_wp_cron=1776563291.4113729000091552734375 HTTP/1.1" 200 31 "-" "WordPress/6.9; http://cqqizhou.com"
128.90.0.4 - - [19/Apr/2026:09:48:15 +0800] "GET /about HTTP/1.1" 200 44357 "-" "Mozilla/5.0 (iPhone; CPU iPhone OS 16_2 like Mac OS X) AppleWebKit/605.1.15 (KHTML, like Gecko) Version/16.2 Mobile/15E148 Safari/604."
128.90.0.4 - - [19/Apr/2026:09:48:17 +0800] "GET /about HTTP/1.1" 200 105716 "-" "Mozilla/5.0 (iPhone; CPU iPhone OS 16_2 like Mac OS X) AppleWebKit/605.1.15 (KHTML, like Gecko) Version/16.2 Mobile/15E148 Safari/604."
69.167.29.18 - - [19/Apr/2026:09:48:38 +0800] "GET /about HTTP/1.1" 200 107153 "-" "Mozilla/5.0 (Windows NT 10.0; Win64; x64; rv:115.0) Gecko/20100101 Firefox/115.0"
103.27.224.3 - - [19/Apr/2026:09:48:41 +0800] "GET /contacts/ HTTP/1.1" 301 5 "-" "Mozilla/5.0 (Macintosh; Intel Mac OS X 14_3) AppleWebKit/605.1.15 (KHTML, like Gecko) Version/17.2 Safari/605.1.15"
103.27.224.3 - - [19/Apr/2026:09:48:41 +0800] "GET /contacts HTTP/1.1" 200 76877 "-" "Mozilla/5.0 (Macintosh; Intel Mac OS X 14_3) AppleWebKit/605.1.15 (KHTML, like Gecko) Version/17.2 Safari/605.1.15"
69.167.29.18 - - [19/Apr/2026:09:48:45 +0800] "GET /about HTTP/1.1" 200 107153 "-" "Mozilla/5.0 (Windows NT 10.0; Win64; x64; rv:115.0) Gecko/20100101 Firefox/115.0"
82.98.104.32 - - [19/Apr/2026:09:48:50 +0800] "HEAD /about HTTP/1.1" 200 0 "-" "Mozilla/5.0 (Windows NT 10.0; Win64; x64) AppleWebKit/537.36 (KHTML, like Gecko) Chrome/109.0.0.0 Safari/537.3"
148.251.18.108 - - [19/Apr/2026:09:48:54 +0800] "GET /process/processing HTTP/1.1" 301 5 "-" "Mozilla/5.0 (Windows NT 10.0; Win64; x64) AppleWebKit/537.36 (KHTML, like Gecko) Chrome/120.0.0.0 Safari/537.3"
148.251.222.199 - - [19/Apr/2026:09:48:54 +0800] "GET /2388/ HTTP/1.1" 301 5 "-" "Mozilla/5.0 (Macintosh; Intel Mac OS X 14.3; rv:109.0) Gecko/20100101 Firefox/122.0"
148.251.222.199 - - [19/Apr/2026:09:48:55 +0800] "GET /news/2388 HTTP/1.1" 200 86379 "-" "Mozilla/5.0 (Macintosh; Intel Mac OS X 14.3; rv:109.0) Gecko/20100101 Firefox/122.0"
148.251.18.108 - - [19/Apr/2026:09:48:56 +0800] "GET /services/processing HTTP/1.1" 200 90072 "-" "Mozilla/5.0 (Windows NT 10.0; Win64; x64) AppleWebKit/537.36 (KHTML, like Gecko) Chrome/120.0.0.0 Safari/537.3"
148.251.18.104 - - [19/Apr/2026:09:49:23 +0800] "GET /media/5 HTTP/1.1" 200 109837 "-" "Mozilla/5.0 (Windows NT 10.0; Win64; x64) AppleWebKit/537.36 (KHTML, like Gecko) Chrome/119.0.0.0 Safari/537.3"
148.251.18.101 - - [19/Apr/2026:09:49:23 +0800] "GET /media/2 HTTP/1.1" 200 109837 "-" "Mozilla/5.0 (Windows NT 10.0; Win64; x64) AppleWebKit/537.36 (KHTML, like Gecko) Chrome/104.0.0.0 Safari/537.3"
148.251.18.124 - - [19/Apr/2026:09:49:23 +0800] "GET /media/3 HTTP/1.1" 200 109837 "-" "Mozilla/5.0 (Macintosh; Intel Mac OS X 10_15_7) AppleWebKit/537.36 (KHTML, like Gecko) Chrome/121.0.0.0 Safari/537.36"
148.251.108.12 - - [19/Apr/2026:09:49:24 +0800] "GET /media/4 HTTP/1.1" 200 109837 "-" "Mozilla/5.0 (Windows NT 10.0; Win64; x64; rv:109.0) Gecko/20100101 Firefox/122.0"
36.133.115.36 - - [19/Apr/2026:09:49:25 +0800] "POST /wp-cron.php?doing_wp_cron=1776563365.7998390197753906250000 HTTP/1.1" 200 31 "-" "WordPress/6.9; http://cqqizhou.com"
92.62.120.86 - - [19/Apr/2026:09:49:32 +0800] "GET /media/2 HTTP/1.1" 200 119540 "-" "Mozilla/5.0 (Windows NT 10.0; Win64; x64) AppleWebKit/537.36 (KHTML, like Gecko) Chrome/121.0.0.0 Safari/537.36"
128.90.171.11 - - [19/Apr/2026:09:49:36 +0800] "GET /2388/ HTTP/1.1" 301 5 "-" "Mozilla/5.0 (X11; Linux i686; rv:109.0) Gecko/20100101 Firefox/122.0"
128.90.171.11 - - [19/Apr/2026:09:49:36 +0800] "GET /news/2388 HTTP/1.1" 200 86379 "-" "Mozilla/5.0 (X11; Linux i686; rv:109.0) Gecko/20100101 Firefox/122.0"
23.88.77.150 - - [19/Apr/2026:09:49:38 +0800] "HEAD /2388/ HTTP/1.1" 301 0 "-" "Mozilla/5.0 (X11; Linux i686; rv:109.0) Gecko/20100101 Firefox/122.0"
23.88.77.150 - - [19/Apr/2026:09:49:39 +0800] "HEAD /news/2388 HTTP/1.1" 200 0 "-" "Mozilla/5.0 (X11; Linux i686; rv:109.0) Gecko/20100101 Firefox/122.0"
128.90.176.3 - - [19/Apr/2026:09:49:39 +0800] "GET /media/5 HTTP/1.1" 200 119572 "-" "Mozilla/5.0 (Linux; Android 10; K) AppleWebKit/537.36 (KHTML, like Gecko) Chrome/117.0.0.0 Mobile Safari/537.3"
82.98.104.32 - - [19/Apr/2026:09:49:41 +0800] "HEAD /media/5 HTTP/1.1" 200 0 "-" "Mozilla/5.0 (Windows NT 10.0; Win64; x64) AppleWebKit/537.36 (KHTML, like Gecko) Chrome/98.0.4758.82 Safari/537.36"
128.90.154.20 - - [19/Apr/2026:09:49:41 +0800] "GET /process/processing HTTP/1.1" 301 5 "-" "Mozilla/5.0 (Macintosh; Intel Mac OS X 14.3; rv:115.0) Gecko/20100101 Firefox/115.0"
128.90.154.20 - - [19/Apr/2026:09:49:42 +0800] "GET /services/processing HTTP/1.1" 200 90099 "-" "Mozilla/5.0 (Macintosh; Intel Mac OS X 14.3; rv:115.0) Gecko/20100101 Firefox/115.0"
82.98.104.32 - - [19/Apr/2026:09:49:43 +0800] "HEAD /media/2 HTTP/1.1" 200 0 "-" "Mozilla/5.0 (X11; Linux x86_64; rv:109.0) Gecko/20100101 Firefox/122.0"
23.88.77.150 - - [19/Apr/2026:09:49:44 +0800] "HEAD /process/processing HTTP/1.1" 301 0 "-" "Mozilla/5.0 (Windows NT 10.0; Win64; x64; rv:115.0) Gecko/20100101 Firefox/115.0"
23.88.77.150 - - [19/Apr/2026:09:49:44 +0800] "HEAD /services/processing HTTP/1.1" 200 0 "-" "Mozilla/5.0 (Windows NT 10.0; Win64; x64; rv:115.0) Gecko/20100101 Firefox/115.0"
162.55.97.171 - - [19/Apr/2026:09:49:45 +0800] "GET /media/3 HTTP/1.1" 200 119819 "-" "Mozilla/5.0 (X11; Ubuntu; Linux i686; rv:109.0) Gecko/20100101 Firefox/122.0"
23.88.77.150 - - [19/Apr/2026:09:49:47 +0800] "HEAD /media/3 HTTP/1.1" 200 0 "-" "Mozilla/5.0 (X11; Linux i686; rv:109.0) Gecko/20100101 Firefox/122.0"
79.110.54.12 - - [19/Apr/2026:09:49:50 +0800] "GET /media/4 HTTP/1.1" 499 0 "-" "Mozilla/5.0 (Windows NT 10.0; Win64; x64) AppleWebKit/537.36 (KHTML, like Gecko) Chrome/109.0.0.0 Safari/537.3"
82.98.104.32 - - [19/Apr/2026:09:49:52 +0800] "GET /about HTTP/1.1" 200 105716 "-" "Mozilla/5.0 (iPhone; CPU iPhone OS 16_2 like Mac OS X) AppleWebKit/605.1.15 (KHTML, like Gecko) Version/16.2 Mobile/15E148 Safari/604."
128.90.0.4 - - [19/Apr/2026:09:50:14 +0800] "GET /about HTTP/1.1" 200 105716 "-" "Mozilla/5.0 (iPhone; CPU iPhone OS 16_2 like Mac OS X) AppleWebKit/605.1.15 (KHTML, like Gecko) Version/16.2 Mobile/15E148 Safari/604."
36.133.115.36 - - [19/Apr/2026:09:50:14 +0800] "POST /wp-cron.php?doing_wp_cron=1776563414.6881270408630371093750 HTTP/1.1" 200 31 "-" "WordPress/6.9; http://cqqizhou.com"
69.167.28.17 - - [19/Apr/2026:09:50:15 +0800] "GET /media/4 HTTP/1.1" 200 119619 "-" "Mozilla/5.0 (Windows NT 10.0; Win64; x64) AppleWebKit/537.36 (KHTML, like Gecko) Chrome/120.0.0.0 Safari/537.3"
82.98.104.32 - - [19/Apr/2026:09:50:20 +0800] "HEAD /media/4 HTTP/1.1" 200 0 "-" "Mozilla/5.0 (Windows NT 10.0; Win64; x64) AppleWebKit/537.36 (KHTML, like Gecko) Chrome/119.0.0.0 Safari/537.3"
82.98.104.32 - - [19/Apr/2026:09:50:21 +0800] "HEAD /about HTTP/1.1" 200 0 "-" "Mozilla/5.0 (Linux; Android 10; K) AppleWebKit/537.36 (KHTML, like Gecko) Chrome/120.0.0.0 Mobile Safari/537.3"
128.90.166.14 - - [19/Apr/2026:09:50:23 +0800] "GET /contacts/ HTTP/1.1" 301 5 "-" "Mozilla/5.0 (X11; Linux x86_64; rv:109.0) Gecko/20100101 Firefox/122.0"
148.251.18.113 - - [19/Apr/2026:09:50:23 +0800] "GET /process/qzgyl@cq-qizhou.com HTTP/1.1" 404 31365 "-" "Mozilla/5.0 (Windows NT 10.0; Win64; x64; rv:109.0) Gecko/20100101 Firefox/122.0"
128.90.166.14 - - [19/Apr/2026:09:50:24 +0800] "GET /contacts HTTP/1.1" 200 76877 "-" "Mozilla/5.0 (X11; Linux x86_64; rv:109.0) Gecko/20100101 Firefox/122.0"
23.88.77.150 - - [19/Apr/2026:09:50:25 +0800] "HEAD /contacts/ HTTP/1.1" 301 0 "-" "Mozilla/5.0 (Macintosh; Intel Mac OS X 10_15_7) AppleWebKit/537.36 (KHTML, like Gecko) Chrome/121.0.0.0 Safari/537.36 Edg/120.0.2210.144"
23.88.77.150 - - [19/Apr/2026:09:50:26 +0800] "HEAD /contacts HTTP/1.1" 200 0 "-" "Mozilla/5.0 (Macintosh; Intel Mac OS X 10_15_7) AppleWebKit/537.36 (KHTML, like Gecko) Chrome/121.0.0.0 Safari/537.36 Edg/120.0.2210.144"
128.90.163.4 - - [19/Apr/2026:09:51:07 +0800] "GET /process/qzgyl@cq-qizhou.com HTTP/1.1" 404 31365 "-" "Mozilla/5.0 (iPhone; CPU iPhone OS 17_2_1 like Mac OS X) AppleWebKit/605.1.15 (KHTML, like Gecko) Version/17.2 Mobile/15E148 Safari/604."
36.133.115.36 - - [19/Apr/2026:09:51:10 +0800] "POST /wp-cron.php?doing_wp_cron=1776563470.5540258884429931640625 HTTP/1.1" 200 31 "-" "WordPress/6.9; http://cqqizhou.com"
82.98.104.32 - - [19/Apr/2026:09:51:10 +0800] "HEAD /process/qzgyl@cq-qizhou.com HTTP/1.1" 404 0 "-" "Mozilla/5.0 (Windows NT 10.0; Win64; x64) AppleWebKit/537.36 (KHTML, like Gecko) Chrome/109.0.0.0 Safari/537.3"
79.110.54.12 - - [19/Apr/2026:09:51:14 +0800] "GET /media/4 HTTP/1.1" 200 109837 "-" "Mozilla/5.0 (Windows NT 10.0; Win64; x64) AppleWebKit/537.36 (KHTML, like Gecko) Chrome/109.0.0.0 Safari/537.3"
36.133.115.36 - - [19/Apr/2026:09:52:12 +0800] "POST /wp-cron.php?doing_wp_cron=1776563532.2920639514923095703125 HTTP/1.1" 200 31 "-" "WordPress/6.9; http://cqqizhou.com"
41.249.91.213 - - [19/Apr/2026:09:52:12 +0800] "GET /.env HTTP/1.1" 404 8950 "-" "Mozilla/5.0 (Macintosh; Intel Mac OS X 10.15; rv:77.0) Gecko/20100101 Firefox/77.0"
36.133.115.36 - - [19/Apr/2026:09:57:58 +0800] "POST /wp-cron.php?doing_wp_cron=1776563878.3574020862579345703125 HTTP/1.1" 200 31 "-" "WordPress/6.9; http://cqqizhou.com"
13.89.124.223 - - [19/Apr/2026:09:57:58 +0800] "GET /druid/index.html HTTP/1.1" 404 8950 "-" "Mozilla/5.0 zgrab/0.x"
36.133.115.36 - - [19/Apr/2026:10:01:53 +0800] "POST /wp-cron.php?doing_wp_cron=1776564112.9666550159454345703125 HTTP/1.1" 200 31 "-" "WordPress/6.9; http://cqqizhou.com"
212.132.108.161 - - [19/Apr/2026:10:01:53 +0800] "GET /wp-login.php HTTP/1.1" 200 2854 "-" "Mozilla/5.0"
212.132.108.161 - - [19/Apr/2026:10:01:53 +0800] "GET /?author=1 HTTP/1.1" 301 5 "-" "Mozilla/5.0"
212.132.108.161 - - [19/Apr/2026:10:01:55 +0800] "GET /?author=2 HTTP/1.1" 404 8950 "-" "Mozilla/5.0"
36.133.115.36 - - [19/Apr/2026:10:04:43 +0800] "POST /wp-cron.php?doing_wp_cron=1776564283.2363770008087158203125 HTTP/1.1" 200 31 "-" "WordPress/6.9; http://cqqizhou.com"
72.167.50.19 - - [19/Apr/2026:10:04:43 +0800] "GET / HTTP/1.1" 301 5 "-" "Go-http-client/1.1"
36.133.115.36 - - [19/Apr/2026:10:13:05 +0800] "POST /wp-cron.php?doing_wp_cron=1776564785.7922999858856201171875 HTTP/1.1" 200 31 "-" "WordPress/6.9; http://cqqizhou.com"
36.133.108.121 - - [19/Apr/2026:10:13:05 +0800] "HEAD /.env.qa HTTP/1.1" 404 0 "-" "Mozilla/5.0 (compatible; MSIE 8.0; Windows NT 5.2; Trident/4.0; Media Center PC 4.0; SLCC1; .NET CLR 3.0.04320)"
36.133.115.36 - - [19/Apr/2026:10:36:50 +0800] "POST /wp-cron.php?doing_wp_cron=1776566210.1432790756225585937500 HTTP/1.1" 200 31 "-" "WordPress/6.9; http://cqqizhou.com"
111.63.61.235 - - [19/Apr/2026:10:36:50 +0800] "GET /2418/ HTTP/1.1" 301 5 "-" "Go-http-client/1.1"
111.63.61.235 - - [19/Apr/2026:10:36:50 +0800] "GET /news/2418 HTTP/1.1" 200 92061 "http://cqqizhou.com/2418/" "Go-http-client/1.1"
36.133.115.36 - - [19/Apr/2026:10:42:44 +0800] "POST /wp-cron.php?doing_wp_cron=1776566564.2308459281921386718750 HTTP/1.1" 200 31 "-" "WordPress/6.9; http://cqqizhou.com"
185.242.226.80 - - [19/Apr/2026:10:42:44 +0800] "GET / HTTP/1.1" 301 5 "-" "Mozilla/5.0 (Windows NT 10.0; Win64; x64) AppleWebKit/537.36 (KHTML, like Gecko) Chrome/88.0.4324.190 Safari/537.36"
185.242.226.80 - - [19/Apr/2026:10:42:45 +0800] "GET / HTTP/1.1" 200 35159 "http://36.133.115.36:80/" "Mozilla/5.0 (Windows NT 10.0; Win64; x64) AppleWebKit/537.36 (KHTML, like Gecko) Chrome/88.0.4324.190 Safari/537.36"
36.133.115.36 - - [19/Apr/2026:10:45:16 +0800] "POST /wp-cron.php?doing_wp_cron=1776566716.6597990989685058593750 HTTP/1.1" 200 31 "-" "WordPress/6.9; http://cqqizhou.com"
111.225.148.237 - - [19/Apr/2026:10:45:16 +0800] "GET /robots.txt HTTP/1.1" 200 190 "-" "Mozilla/5.0 (Linux; Android 5.0) AppleWebKit/537.36 (KHTML, like Gecko) Mobile Safari/537.36 (compatible; Bytespider; https://zhanzhang.toutiao.com/)"
36.133.115.36 - - [19/Apr/2026:10:52:41 +0800] "POST /wp-cron.php?doing_wp_cron=1776567161.3267409801483154296875 HTTP/1.1" 200 31 "-" "WordPress/6.9; http://cqqizhou.com"
36.133.108.121 - - [19/Apr/2026:10:52:41 +0800] "HEAD / HTTP/1.1" 301 0 "-" "Mozilla/5.0 (Macintosh; U; Intel Mac OS X 10_6_6; sv-se) AppleWebKit/533.20.25 (KHTML, like Gecko) Version/5.0.4 Safari/533.20.27"
36.133.115.36 - - [19/Apr/2026:10:53:34 +0800] "POST /wp-cron.php?doing_wp_cron=1776567214.1596419811248779296875 HTTP/1.1" 200 31 "-" "WordPress/6.9; http://cqqizhou.com"
66.42.61.4 - - [19/Apr/2026:10:53:34 +0800] "POST /xmlrpc.php HTTP/1.1" 200 217 "-" "Mozilla/5.0 (Windows NT 10.0; Win64; x64) AppleWebKit/537.36 (KHTML, like Gecko) Chrome/140.0.0.0 Safari/537.36"
36.133.115.36 - - [19/Apr/2026:11:22:35 +0800] "POST /wp-cron.php?doing_wp_cron=1776568955.7943270206451416015625 HTTP/1.1" 200 31 "-" "WordPress/6.9; http://cqqizhou.com"
36.133.108.121 - - [19/Apr/2026:11:22:35 +0800] "HEAD /example/.env HTTP/1.1" 404 0 "-" "Mozilla/5.0 (Macintosh; U; Intel Mac OS X 10_6_6; sv-se) AppleWebKit/533.20.25 (KHTML, like Gecko) Version/5.0.4 Safari/533.20.27"
36.133.115.36 - - [19/Apr/2026:11:27:52 +0800] "POST /wp-cron.php?doing_wp_cron=1776569272.5352380275726318359375 HTTP/1.1" 200 31 "-" "WordPress/6.9; http://cqqizhou.com"
112.193.54.207 - - [19/Apr/2026:11:27:52 +0800] "GET /services/ HTTP/1.1" 301 5 "-" "Mozilla/5.0 (Macintosh; Intel Mac OS X 10_15_7) AppleWebKit/537.36 (KHTML, like Gecko) Chrome/142.0.0.0 Safari/537.36 Edg/142.0.0.0"
112.193.54.207 - - [19/Apr/2026:11:27:52 +0800] "GET http://cqqizhou.com/services HTTP/1.1" 200 31707 "-" "Mozilla/5.0 (Macintosh; Intel Mac OS X 10_15_7) AppleWebKit/537.36 (KHTML, like Gecko) Chrome/142.0.0.0 Safari/537.36 Edg/142.0.0.0"
36.133.115.36 - - [19/Apr/2026:11:40:28 +0800] "POST /wp-cron.php?doing_wp_cron=1776570028.5672791004180908203125 HTTP/1.1" 200 31 "-" "WordPress/6.9; http://cqqizhou.com"
157.245.6.105 - - [19/Apr/2026:11:40:28 +0800] "POST /xmlrpc.php HTTP/1.1" 200 217 "-" "Mozilla/5.0 (Windows NT 10.0; rv:145.0) Gecko/20100101 Firefox/145.0"
36.133.115.36 - - [19/Apr/2026:11:49:44 +0800] "POST /wp-cron.php?doing_wp_cron=1776570584.9459030628204345703125 HTTP/1.1" 200 31 "-" "WordPress/6.9; http://cqqizhou.com"
172.235.40.131 - - [19/Apr/2026:11:49:44 +0800] "GET / HTTP/1.1" 301 5 "-" "Mozilla/5.0 (Macintosh; Intel Mac OS X 13_1) AppleWebKit/537.36 (KHTML, like Gecko) Chrome/108.0.0.0 Safari/537.36"
36.133.115.36 - - [19/Apr/2026:11:51:04 +0800] "POST /wp-cron.php?doing_wp_cron=1776570664.2880558967590332031250 HTTP/1.1" 200 31 "-" "WordPress/6.9; http://cqqizhou.com"
43.138.68.113 - - [19/Apr/2026:11:51:04 +0800] "GET / HTTP/1.1" 200 34724 "-" "Mozilla/5.0 (iPhone; CPU iPhone OS 13_2_3 like Mac OS X) AppleWebKit/605.1.15 (KHTML, like Gecko) Version/13.0.3 Mobile/15E148 Safari/604.1"
36.133.108.119 - - [19/Apr/2026:12:13:36 +0800] "HEAD /services/graylog/.env HTTP/1.1" 499 0 "-" "Mozilla/5.0 (compatible; MSIE 8.0; Windows NT 5.1; Trident/4.0; .NET CLR 1.1.4322; .NET CLR 2.0.50727)"
36.133.115.36 - - [19/Apr/2026:12:13:36 +0800] "POST /wp-cron.php?doing_wp_cron=1776572016.4868059158325195312500 HTTP/1.1" 200 31 "-" "WordPress/6.9; http://cqqizhou.com"
36.133.115.36 - - [19/Apr/2026:12:36:52 +0800] "POST /wp-cron.php?doing_wp_cron=1776573412.3903369903564453125000 HTTP/1.1" 200 31 "-" "WordPress/6.9; http://cqqizhou.com"
140.250.136.58 - - [19/Apr/2026:12:36:52 +0800] "GET http://cqqizhou.com/news/2379 HTTP/1.1" 301 5 "http://cqqizhou.com/" "Mozilla/5.0 (Windows NT 10.0; Win64; x64) AppleWebKit/537.36 (KHTML, like Gecko) Chrome/106.0.5249.119 Safari/537.36"
193.112.177.91 - - [19/Apr/2026:12:37:03 +0800] "GET /news/2379 HTTP/1.1" 301 5 "http://cqqizhou.com/" "Mozilla/5.0 (Windows NT 10.0; Win64; x64) AppleWebKit/537.36 (KHTML, like Gecko) Chrome/106.0.5249.119 Safari/537.36"
193.112.177.91 - - [19/Apr/2026:12:37:04 +0800] "GET /news/2373/1766388808-article_images_202507246 HTTP/1.1" 301 5 "http://cqqizhou.com/" "Mozilla/5.0 (Windows NT 10.0; Win64; x64) AppleWebKit/537.36 (KHTML, like Gecko) Chrome/106.0.5249.119 Safari/537.36"
193.112.177.91 - - [19/Apr/2026:12:37:04 +0800] "GET /wp-content/uploads/2025/12/1766388808-Article_images_202507246.webp HTTP/1.1" 200 100036 "http://cqqizhou.com/" "Mozilla/5.0 (Windows NT 10.0; Win64; x64) AppleWebKit/537.36 (KHTML, like Gecko) Chrome/106.0.5249.119 Safari/537.36"
36.133.115.36 - - [19/Apr/2026:12:39:26 +0800] "POST /wp-cron.php?doing_wp_cron=1776573566.4634909629821777343750 HTTP/1.1" 200 31 "-" "WordPress/6.9; http://cqqizhou.com"
80.82.65.207 - - [19/Apr/2026:12:39:26 +0800] "GET / HTTP/1.1" 301 5 "-" "-"
149.202.83.206 - - [19/Apr/2026:12:40:04 +0800] "POST /xmlrpc.php HTTP/1.1" 200 217 "-" "Mozilla/5.0 (Windows NT 10.0; WOW64) AppleWebKit/537.36 (KHTML, like Gecko) Chrome/142.0.0.0 Safari/537.36"
36.133.115.36 - - [19/Apr/2026:12:40:25 +0800] "POST /wp-cron.php?doing_wp_cron=1776573625.4991281032562255859375 HTTP/1.1" 200 31 "-" "WordPress/6.9; http://cqqizhou.com"
45.56.79.53 - - [19/Apr/2026:12:40:25 +0800] "GET / HTTP/1.1" 301 5 "-" "Mozilla/5.0 zgrab/0.x"
36.133.115.36 - - [19/Apr/2026:12:43:53 +0800] "POST /wp-cron.php?doing_wp_cron=1776573833.7073159217834472656250 HTTP/1.1" 200 31 "-" "WordPress/6.9; http://cqqizhou.com"
115.151.186.228 - - [19/Apr/2026:12:43:53 +0800] "GET / HTTP/1.1" 301 5 "-" "Mozilla/5.0 (Windows NT 6.1; WOW64) AppleWebKit/537.36 (KHTML, like Gecko) Chrome/76.0.3809.12"
115.151.186.228 - - [19/Apr/2026:12:43:53 +0800] "GET http://cqqizhou.com/ HTTP/1.1" 200 35159 "-" "Mozilla/5.0 (Windows NT 6.1; WOW64) AppleWebKit/537.36 (KHTML, like Gecko) Chrome/76.0.3809.12"
36.133.115.36 - - [19/Apr/2026:12:46:58 +0800] "POST /wp-cron.php?doing_wp_cron=1776574018.2864029407501220703125 HTTP/1.1" 200 31 "-" "WordPress/6.9; http://cqqizhou.com"
36.133.108.121 - - [19/Apr/2026:12:46:58 +0800] "HEAD /Telerik.Web.UI.WebResource.axd?type=rau HTTP/1.1" 404 0 "-" "Mozilla/5.0 (compatible; MSIE 9.0; Windows NT 6.1; Win64; x64; Trident/5.0"
36.133.115.36 - - [19/Apr/2026:12:51:18 +0800] "POST /wp-cron.php?doing_wp_cron=1776574278.4658129215240478515625 HTTP/1.1" 200 31 "-" "WordPress/6.9; http://cqqizhou.com"
129.204.145.109 - - [19/Apr/2026:12:51:18 +0800] "GET /wp-content/uploads/2025/12/1766388808-Article_images_202507246.webp%20900w,%20http://cqqizhou.com/wp-content/uploads/2025/12/1766388808-Article_images_202507246-300x169.webp%20300w,%20http://cqqizhou.com/wp-content/uploads/2025/12/1766388808-Article_images_202507246-768x432.webp%20768w HTTP/1.1" 301 5 "http://cqqizhou.com/" "Mozilla/5.0 (Windows NT 10.0; Win64; x64) AppleWebKit/537.36 (KHTML, like Gecko) Chrome/104.0.5112.81 Safari/537.36"
129.204.145.109 - - [19/Apr/2026:12:51:19 +0800] "GET /wp-content/uploads/2025/12/1766388808-Article_images_202507246.webp%20900w,%20http:/cqqizhou.com/wp-content/uploads/2025/12/1766388808-Article_images_202507246-300x169.webp%20300w,%20http:/cqqizhou.com/wp-content/uploads/2025/12/1766388808-Article_images_202507246-768x432.webp%20768w HTTP/1.1" 404 8950 "http://cqqizhou.com/" "Mozilla/5.0 (Windows NT 10.0; Win64; x64) AppleWebKit/537.36 (KHTML, like Gecko) Chrome/104.0.5112.81 Safari/537.36"
36.133.115.36 - - [19/Apr/2026:12:53:13 +0800] "POST /wp-cron.php?doing_wp_cron=1776574393.4577419757843017578125 HTTP/1.1" 200 31 "-" "WordPress/6.9; http://cqqizhou.com"
1.58.210.145 - - [19/Apr/2026:12:53:13 +0800] "GET http://cqqizhou.com/wp-content/uploads/2025/12/1766388804-Article_images_202507241.webp%20900w,%20http://cqqizhou.com/wp-content/uploads/2025/12/1766388804-Article_images_202507241-300x169.webp%20300w,%20http://cqqizhou.com/wp-content/uploads/2025/12/1766388804-Article_images_202507241-768x432.webp%20768w HTTP/1.1" 301 5 "http://cqqizhou.com/" "Mozilla/5.0 (Windows NT 10.0; Win64; x64) AppleWebKit/537.36 (KHTML, like Gecko) Chrome/116.0.0.0 Safari/537.36"
1.15.35.245 - - [19/Apr/2026:12:53:18 +0800] "GET /wp-content/uploads/2025/12/1766388804-Article_images_202507241.webp%20900w,%20http://cqqizhou.com/wp-content/uploads/2025/12/1766388804-Article_images_202507241-300x169.webp%20300w,%20http://cqqizhou.com/wp-content/uploads/2025/12/1766388804-Article_images_202507241-768x432.webp%20768w HTTP/1.1" 301 5 "http://cqqizhou.com/" "Mozilla/5.0 (Windows NT 10.0; Win64; x64) AppleWebKit/537.36 (KHTML, like Gecko) Chrome/116.0.0.0 Safari/537.36"
1.15.35.245 - - [19/Apr/2026:12:53:19 +0800] "GET /wp-content/uploads/2025/12/1766388804-Article_images_202507241.webp%20900w,%20http:/cqqizhou.com/wp-content/uploads/2025/12/1766388804-Article_images_202507241-300x169.webp%20300w,%20http:/cqqizhou.com/wp-content/uploads/2025/12/1766388804-Article_images_202507241-768x432.webp%20768w HTTP/1.1" 404 8950 "http://cqqizhou.com/" "Mozilla/5.0 (Windows NT 10.0; Win64; x64) AppleWebKit/537.36 (KHTML, like Gecko) Chrome/116.0.0.0 Safari/537.36"
120.241.209.144 - - [19/Apr/2026:12:57:44 +0800] "GET /news/portfolio/pickled-coil HTTP/1.1" 200 22268 "-" "Mozilla/5.0 (Windows NT 10.0; Win64; x64) AppleWebKit/537.36 (KHTML, like Gecko) Chrome/109.0.0.0 Safari/537.36"
14.29.109.158 - - [19/Apr/2026:13:00:47 +0800] "GET /about HTTP/1.1" 200 24536 "-" "Mozilla/5.0 (Windows NT 10.0; Win64; x64) AppleWebKit/537.36 (KHTML, like Gecko) Chrome/103.0.0.0 Safari/537.36"
183.56.147.166 - - [19/Apr/2026:13:02:38 +0800] "GET /news HTTP/1.1" 200 20091 "-" "Mozilla/5.0 (Windows NT 10.0; Win64; x64) AppleWebKit/537.36 (KHTML, like Gecko) Chrome/111.0.0.0 Safari/537.36"
182.123.100.128 - - [19/Apr/2026:13:09:01 +0800] "GET /news/page/4 HTTP/1.1" 200 23193 "-" "Mozilla/5.0 (Macintosh; Intel Mac OS X 10_15_7) AppleWebKit/537.36 (KHTML, like Gecko) Chrome/147.0.0.0 Safari/537.36"
36.133.115.36 - - [19/Apr/2026:13:14:45 +0800] "POST /wp-cron.php?doing_wp_cron=1776575685.5863630771636962890625 HTTP/1.1" 200 31 "-" "WordPress/6.9; http://cqqizhou.com"
138.197.98.9 - - [19/Apr/2026:13:14:45 +0800] "POST /xmlrpc.php HTTP/1.1" 200 217 "-" "Mozilla/5.0 (Windows NT 10.0) AppleWebKit/537.36 (KHTML, like Gecko) Chrome/138.0.0.0 Safari/537.36"
66.249.74.9 - - [19/Apr/2026:13:15:33 +0800] "GET / HTTP/1.1" 200 35159 "-" "Mozilla/5.0 (compatible; Googlebot/2.1; +http://www.google.com/bot.html)"
36.133.115.36 - - [19/Apr/2026:13:27:48 +0800] "POST /wp-cron.php?doing_wp_cron=1776576468.2027339935302734375000 HTTP/1.1" 200 31 "-" "WordPress/6.9; http://cqqizhou.com"
43.153.26.165 - - [19/Apr/2026:13:27:48 +0800] "GET / HTTP/1.1" 200 34724 "-" "Mozilla/5.0 (iPhone; CPU iPhone OS 13_2_3 like Mac OS X) AppleWebKit/605.1.15 (KHTML, like Gecko) Version/13.0.3 Mobile/15E148 Safari/604.1"
36.133.115.36 - - [19/Apr/2026:13:39:48 +0800] "POST /wp-cron.php?doing_wp_cron=1776577188.5050699710845947265625 HTTP/1.1" 200 31 "-" "WordPress/6.9; http://cqqizhou.com"
43.157.38.228 - - [19/Apr/2026:13:39:48 +0800] "GET /logistics HTTP/1.1" 301 5 "-" "Mozilla/5.0 (iPhone; CPU iPhone OS 13_2_3 like Mac OS X) AppleWebKit/605.1.15 (KHTML, like Gecko) Version/13.0.3 Mobile/15E148 Safari/604.1"
43.157.38.228 - - [19/Apr/2026:13:39:50 +0800] "GET /logistics HTTP/1.1" 200 25343 "http://36.133.115.36:80/logistics" "Mozilla/5.0 (iPhone; CPU iPhone OS 13_2_3 like Mac OS X) AppleWebKit/605.1.15 (KHTML, like Gecko) Version/13.0.3 Mobile/15E148 Safari/604.1"
36.133.115.36 - - [19/Apr/2026:13:49:35 +0800] "POST /wp-cron.php?doing_wp_cron=1776577775.5758659839630126953125 HTTP/1.1" 200 31 "-" "WordPress/6.9; http://cqqizhou.com"
36.133.108.121 - - [19/Apr/2026:13:49:35 +0800] "HEAD /example02-golang-package/import-underscore/.env HTTP/1.1" 404 0 "-" "Mozilla/5.0 (X11; Ubuntu; Linux x86_64; rv:24.0) Gecko/20100101 Firefox/24.0"
54.37.252.130 - - [19/Apr/2026:13:49:44 +0800] "GET /robots.txt HTTP/1.1" 200 390 "-" "Mozilla/5.0 (compatible; MJ12bot/v1.4.8; http://mj12bot.com/)"
54.37.252.130 - - [19/Apr/2026:13:49:47 +0800] "GET /2464/ HTTP/1.1" 301 5 "-" "Mozilla/5.0 (compatible; MJ12bot/v1.4.8; http://mj12bot.com/)"
54.37.252.130 - - [19/Apr/2026:13:49:53 +0800] "GET /news/2464 HTTP/1.1" 200 23532 "-" "Mozilla/5.0 (compatible; MJ12bot/v1.4.8; http://mj12bot.com/)"
36.133.115.36 - - [19/Apr/2026:13:51:25 +0800] "POST /wp-cron.php?doing_wp_cron=1776577885.0629251003265380859375 HTTP/1.1" 200 31 "-" "WordPress/6.9; http://cqqizhou.com"
157.245.42.243 - - [19/Apr/2026:13:51:25 +0800] "POST /xmlrpc.php HTTP/1.1" 200 217 "-" "Mozilla/5.0 (Windows NT 10.0; rv:141.0) Gecko/20100101 Firefox/141.0"
36.133.115.36 - - [19/Apr/2026:13:54:36 +0800] "POST /wp-cron.php?doing_wp_cron=1776578076.8558359146118164062500 HTTP/1.1" 200 31 "-" "WordPress/6.9; http://cqqizhou.com"
96.9.125.116 - - [19/Apr/2026:13:54:36 +0800] "POST /xmlrpc.php HTTP/1.1" 200 217 "-" "Mozilla/5.0 (Windows NT 10.0; Win64; x64) AppleWebKit/537.36 (KHTML, like Gecko) Chrome/137.0.0.0 Safari/537.36 Edg/137.0.0.0"
49.51.245.241 - - [19/Apr/2026:13:55:00 +0800] "GET /wp-content/uploads/2026/01/1767696162-qizhoutruck3-300x67.webp HTTP/1.1" 200 7208 "-" "Mozilla/5.0 (iPhone; CPU iPhone OS 13_2_3 like Mac OS X) AppleWebKit/605.1.15 (KHTML, like Gecko) Version/13.0.3 Mobile/15E148 Safari/604.1"
5.249.179.103 - - [19/Apr/2026:13:57:47 +0800] "GET /wp-content/uploads/2026/01/1769513871-Article_images_W900%C3%97500px202601273.webp HTTP/1.1" 200 61532 "-" "Mozilla/5.0 (Macintosh; Intel Mac OS X 10_15_7) AppleWebKit/537.36 (KHTML, like Gecko) Chrome/127.0.0.0 Safari/537.36 Edg/127.0.0.0"
36.133.115.36 - - [19/Apr/2026:14:08:47 +0800] "POST /wp-cron.php?doing_wp_cron=1776578926.9659399986267089843750 HTTP/1.1" 200 31 "-" "WordPress/6.9; http://cqqizhou.com"
120.208.99.129 - - [19/Apr/2026:14:08:47 +0800] "GET /contacts/ HTTP/1.1" 301 5 "-" "Mozilla/5.0 (Windows NT 10.0; Win64; x64) AppleWebKit/537.36 (KHTML, like Gecko) Chrome/136.0.0.0 Safari/537.36"
120.208.99.129 - - [19/Apr/2026:14:08:47 +0800] "GET http://cqqizhou.com/contacts HTTP/1.1" 200 21617 "-" "Mozilla/5.0 (Windows NT 10.0; Win64; x64) AppleWebKit/537.36 (KHTML, like Gecko) Chrome/136.0.0.0 Safari/537.36"
36.133.115.36 - - [19/Apr/2026:14:10:29 +0800] "POST /wp-cron.php?doing_wp_cron=1776579029.3444039821624755859375 HTTP/1.1" 200 31 "-" "WordPress/6.9; http://cqqizhou.com"
185.199.223.93 - - [19/Apr/2026:14:10:29 +0800] "POST /xmlrpc.php HTTP/1.1" 200 217 "-" "Mozilla/5.0 (Windows NT 10.0) AppleWebKit/537.43 (KHTML, like Gecko) Chrome/135.0.0.0 Safari/537.36 OPR/120.0.0.0"
36.133.115.36 - - [19/Apr/2026:14:11:54 +0800] "POST /wp-cron.php?doing_wp_cron=1776579114.4731960296630859375000 HTTP/1.1" 200 31 "-" "WordPress/6.9; http://cqqizhou.com"
43.159.128.237 - - [19/Apr/2026:14:11:54 +0800] "GET /2354/ HTTP/1.1" 404 8951 "-" "Mozilla/5.0 (iPhone; CPU iPhone OS 13_2_3 like Mac OS X) AppleWebKit/605.1.15 (KHTML, like Gecko) Version/13.0.3 Mobile/15E148 Safari/604.1"
36.133.115.36 - - [19/Apr/2026:14:12:25 +0800] "POST /wp-cron.php?doing_wp_cron=1776579145.4847640991210937500000 HTTP/1.1" 200 31 "-" "WordPress/6.9; http://cqqizhou.com"
211.154.22.111 - - [19/Apr/2026:14:12:25 +0800] "GET /admin/auth/login HTTP/1.1" 301 5 "-" "Mozilla/5.0 (Windows NT 10.0; WOW64; rv:48.0) Gecko/20100101 Firefox/48.0"
211.154.22.111 - - [19/Apr/2026:14:12:26 +0800] "GET /admin/auth/login HTTP/1.1" 404 8950 "-" "Mozilla/5.0 (Windows NT 10.0; WOW64; rv:48.0) Gecko/20100101 Firefox/48.0"
36.133.115.36 - - [19/Apr/2026:14:14:01 +0800] "POST /wp-cron.php?doing_wp_cron=1776579241.5694510936737060546875 HTTP/1.1" 200 31 "-" "WordPress/6.9; http://cqqizhou.com"
195.242.102.130 - - [19/Apr/2026:14:14:01 +0800] "POST /xmlrpc.php HTTP/1.1" 200 217 "-" "Mozilla/5.0 (Windows NT 10.0; WOW64) AppleWebKit/537.36 (KHTML, like Gecko) Chrome/141.0.0.0 Safari/537.36"
36.133.115.36 - - [19/Apr/2026:14:14:56 +0800] "POST /wp-cron.php?doing_wp_cron=1776579296.4204289913177490234375 HTTP/1.1" 200 31 "-" "WordPress/6.9; http://cqqizhou.com"
182.32.246.159 - - [19/Apr/2026:14:14:56 +0800] "GET / HTTP/1.1" 301 5 "-" "Go-http-client/1.1"
182.32.246.159 - - [19/Apr/2026:14:14:56 +0800] "GET / HTTP/1.1" 200 35159 "http://xa5.shaanxi.cn.antiddos.cspt.fullcone.cn" "Go-http-client/1.1"
36.133.115.36 - - [19/Apr/2026:14:21:28 +0800] "POST /wp-cron.php?doing_wp_cron=1776579688.8542931079864501953125 HTTP/1.1" 200 31 "-" "WordPress/6.9; http://cqqizhou.com"
43.163.110.140 - - [19/Apr/2026:14:21:28 +0800] "GET /logistics HTTP/1.1" 200 25343 "-" "Mozilla/5.0 (iPhone; CPU iPhone OS 13_2_3 like Mac OS X) AppleWebKit/605.1.15 (KHTML, like Gecko) Version/13.0.3 Mobile/15E148 Safari/604.1"
36.133.115.36 - - [19/Apr/2026:14:24:37 +0800] "POST /wp-cron.php?doing_wp_cron=1776579877.0075969696044921875000 HTTP/1.1" 200 31 "-" "WordPress/6.9; http://cqqizhou.com"
43.153.67.21 - - [19/Apr/2026:14:24:37 +0800] "GET /wp-content/uploads/2026/02/1769999335-17.5 HTTP/1.1" 404 8950 "-" "Mozilla/5.0 (iPhone; CPU iPhone OS 13_2_3 like Mac OS X) AppleWebKit/605.1.15 (KHTML, like Gecko) Version/13.0.3 Mobile/15E148 Safari/604.1"
36.133.115.36 - - [19/Apr/2026:14:33:50 +0800] "POST /wp-cron.php?doing_wp_cron=1776580430.0719580650329589843750 HTTP/1.1" 200 31 "-" "WordPress/6.9; http://cqqizhou.com"
170.106.163.84 - - [19/Apr/2026:14:33:50 +0800] "GET /bug HTTP/1.1" 200 11689 "-" "Mozilla/5.0 (iPhone; CPU iPhone OS 13_2_3 like Mac OS X) AppleWebKit/605.1.15 (KHTML, like Gecko) Version/13.0.3 Mobile/15E148 Safari/604.1"
36.133.115.36 - - [19/Apr/2026:14:36:42 +0800] "POST /wp-cron.php?doing_wp_cron=1776580602.3451180458068847656250 HTTP/1.1" 200 31 "-" "WordPress/6.9; http://cqqizhou.com"
36.133.108.121 - - [19/Apr/2026:14:36:42 +0800] "HEAD /.wp-config.php.swp HTTP/1.1" 404 0 "-" "Opera/9.80 (Windows NT 6.1; U; zh-tw) Presto/2.7.62 Version/11.01"
43.166.136.202 - - [19/Apr/2026:14:44:16 +0800] "GET /wp-content/uploads/2026/01/1767696162-qizhoutruck3.webp HTTP/1.1" 200 19026 "-" "Mozilla/5.0 (iPhone; CPU iPhone OS 13_2_3 like Mac OS X) AppleWebKit/605.1.15 (KHTML, like Gecko) Version/13.0.3 Mobile/15E148 Safari/604.1"
43.159.149.56 - - [19/Apr/2026:14:53:47 +0800] "GET /wp-content/uploads/2025/11/1762864381-QZ_Photo-7-1024x683.webp HTTP/1.1" 200 93794 "-" "Mozilla/5.0 (iPhone; CPU iPhone OS 13_2_3 like Mac OS X) AppleWebKit/605.1.15 (KHTML, like Gecko) Version/13.0.3 Mobile/15E148 Safari/604.1"
36.133.115.36 - - [19/Apr/2026:14:54:42 +0800] "POST /wp-cron.php?doing_wp_cron=1776581682.2216780185699462890625 HTTP/1.1" 200 31 "-" "WordPress/6.9; http://cqqizhou.com"
36.133.108.121 - - [19/Apr/2026:14:54:42 +0800] "HEAD /error/ HTTP/1.1" 404 0 "-" "Mozilla/5.0 (Windows NT 6.1; rv:21.0) Gecko/20100101 Firefox/21.0"
36.133.115.36 - - [19/Apr/2026:14:55:49 +0800] "POST /wp-cron.php?doing_wp_cron=1776581749.0097889900207519531250 HTTP/1.1" 200 31 "-" "WordPress/6.9; http://cqqizhou.com"
74.176.227.117 - - [19/Apr/2026:14:55:49 +0800] "GET /services/ HTTP/1.1" 301 5 "-" "Mozilla/5.0 (Windows NT 10.0; Win64; x64) AppleWebKit/537.36 (KHTML, like Gecko) Chrome/131.0.0.0 Safari/537.36 Edg/131.0.0.0"
36.133.115.36 - - [19/Apr/2026:15:07:01 +0800] "POST /wp-cron.php?doing_wp_cron=1776582421.3424689769744873046875 HTTP/1.1" 200 31 "-" "WordPress/6.9; http://cqqizhou.com"
45.156.128.37 - - [19/Apr/2026:15:07:01 +0800] "GET / HTTP/1.1" 301 5 "-" "Mozilla/5.0 AppleWebKit/537.36 (KHTML, like Gecko) Chrome/123.0.6312.86 Safari/537.36"
45.156.128.129 - - [19/Apr/2026:15:07:03 +0800] "GET / HTTP/1.1" 200 35159 "http://36.133.115.36/" "Mozilla/5.0 AppleWebKit/537.36 (KHTML, like Gecko) Chrome/123.0.6312.86 Safari/537.36"
36.133.115.36 - - [19/Apr/2026:15:08:17 +0800] "POST /wp-cron.php?doing_wp_cron=1776582497.9063758850097656250000 HTTP/1.1" 200 31 "-" "WordPress/6.9; http://cqqizhou.com"
195.210.112.4 - - [19/Apr/2026:15:08:17 +0800] "GET /contacts/ HTTP/1.1" 301 5 "-" "Mozilla/5.0 (Macintosh; Intel Mac OS X 12_5) AppleWebKit/537.36 (KHTML, like Gecko) Chrome/114.0.0.0 YaBrowser/22.7.0 Yowser/2.5 Safari/537.36"
195.210.112.8 - - [19/Apr/2026:15:08:19 +0800] "GET /contacts HTTP/1.1" 200 21617 "http://cqqizhou.com/contacts/" "Mozilla/5.0 (Macintosh; Intel Mac OS X 12_5) AppleWebKit/537.36 (KHTML, like Gecko) Chrome/114.0.0.0 YaBrowser/22.7.0 Yowser/2.5 Safari/537.36"
195.210.112.11 - - [19/Apr/2026:15:08:23 +0800] "POST /wp-json/contact-form-7/v1/contact-forms/158/feedback HTTP/1.1" 200 217 "http://cqqizhou.com/contacts" "Mozilla/5.0 (Macintosh; Intel Mac OS X 12_5) AppleWebKit/537.36 (KHTML, like Gecko) Chrome/114.0.0.0 YaBrowser/22.7.0 Yowser/2.5 Safari/537.36"
36.133.115.36 - - [19/Apr/2026:15:09:22 +0800] "POST /wp-cron.php?doing_wp_cron=1776582562.3855829238891601562500 HTTP/1.1" 200 31 "-" "WordPress/6.9; http://cqqizhou.com"
31.57.184.107 - - [19/Apr/2026:15:09:22 +0800] "GET /wp-login.php HTTP/1.1" 200 2854 "" "Mozilla/5.0 (Windows NT 10.0; Win64; x64) AppleWebKit/537.36 (KHTML, like Gecko) Chrome/119.0.0.0 Safari/537.36"
31.57.184.107 - - [19/Apr/2026:15:09:27 +0800] "POST /wp-login.php HTTP/1.1" 200 3069 "http://CQQIZHOU.COM/wp-login.php" "Mozilla/5.0 (Macintosh; Intel Mac OS X 13_6_1) AppleWebKit/537.36 (KHTML, like Gecko) Chrome/120.0.0.0 Safari/537.36"
31.57.184.107 - - [19/Apr/2026:15:09:30 +0800] "POST /wp-login.php HTTP/1.1" 200 3078 "http://CQQIZHOU.COM/wp-login.php" "Mozilla/5.0 (X11; Linux x86_64) AppleWebKit/537.36 (KHTML, like Gecko) Chrome/119.0.0.0 Safari/537.36"
31.57.184.107 - - [19/Apr/2026:15:09:32 +0800] "POST /wp-login.php HTTP/1.1" 200 3075 "http://CQQIZHOU.COM/wp-login.php" "Mozilla/5.0 (Macintosh; Intel Mac OS X 13_6_1; rv:119.0) Gecko/20100101 Firefox/119.0"
31.57.184.107 - - [19/Apr/2026:15:09:35 +0800] "POST /wp-login.php HTTP/1.1" 200 3072 "http://CQQIZHOU.COM/wp-login.php" "Mozilla/5.0 (Windows NT 10.0; Win64; x64; rv:121.0) Gecko/20100101 Firefox/121.0"
31.57.184.107 - - [19/Apr/2026:15:09:38 +0800] "POST /wp-login.php HTTP/1.1" 200 3073 "http://CQQIZHOU.COM/wp-login.php" "Mozilla/5.0 (Windows NT 11.0; Win64; x64; rv:119.0) Gecko/20100101 Firefox/119.0"
31.57.184.107 - - [19/Apr/2026:15:09:41 +0800] "POST /wp-login.php HTTP/1.1" 200 3071 "http://CQQIZHOU.COM/wp-login.php" "Mozilla/5.0 (Macintosh; Intel Mac OS X 13_6_1) AppleWebKit/605.1.15 (KHTML, like Gecko) Version/16.6 Safari/605.1.15"
31.57.184.107 - - [19/Apr/2026:15:09:43 +0800] "POST /wp-login.php HTTP/1.1" 200 3071 "http://CQQIZHOU.COM/wp-login.php" "Mozilla/5.0 (Macintosh; Intel Mac OS X 10_15_7) AppleWebKit/605.1.15 (KHTML, like Gecko) Version/17.2 Safari/605.1.15"
31.57.184.107 - - [19/Apr/2026:15:09:46 +0800] "POST /wp-login.php HTTP/1.1" 200 3076 "http://CQQIZHOU.COM/wp-login.php" "Mozilla/5.0 (Macintosh; Intel Mac OS X 10_15_7) AppleWebKit/537.36 (KHTML, like Gecko) Chrome/119.0.0.0 Safari/537.36"
31.57.184.107 - - [19/Apr/2026:15:09:49 +0800] "POST /wp-login.php HTTP/1.1" 200 3075 "http://CQQIZHOU.COM/wp-login.php" "Mozilla/5.0 (Windows NT 10.0; Win64; x64; rv:120.0) Gecko/20100101 Firefox/120.0"
31.57.184.107 - - [19/Apr/2026:15:09:51 +0800] "POST /wp-login.php HTTP/1.1" 200 3073 "http://CQQIZHOU.COM/wp-login.php" "Mozilla/5.0 (X11; Ubuntu; Linux x86_64) AppleWebKit/537.36 (KHTML, like Gecko) Chrome/118.0.0.0 Safari/537.36"
31.57.184.107 - - [19/Apr/2026:15:09:54 +0800] "POST /wp-login.php HTTP/1.1" 200 3072 "http://CQQIZHOU.COM/wp-login.php" "Mozilla/5.0 (Macintosh; Intel Mac OS X 13_6_1) AppleWebKit/537.36 (KHTML, like Gecko) Chrome/118.0.0.0 Safari/537.36"
31.57.184.107 - - [19/Apr/2026:15:09:57 +0800] "POST /wp-login.php HTTP/1.1" 200 3070 "http://CQQIZHOU.COM/wp-login.php" "Mozilla/5.0 (Windows NT 10.0; Win64; x64) AppleWebKit/537.36 (KHTML, like Gecko) Chrome/120.0.0.0 Safari/537.36"
31.57.184.107 - - [19/Apr/2026:15:09:59 +0800] "POST /wp-login.php HTTP/1.1" 200 3074 "http://CQQIZHOU.COM/wp-login.php" "Mozilla/5.0 (Macintosh; Intel Mac OS X 13_6_1; rv:118.0) Gecko/20100101 Firefox/118.0"
31.57.184.107 - - [19/Apr/2026:15:10:03 +0800] "POST /wp-login.php HTTP/1.1" 200 3073 "http://CQQIZHOU.COM/wp-login.php" "Mozilla/5.0 (X11; Linux x86_64) AppleWebKit/537.36 (KHTML, like Gecko) Chrome/118.0.0.0 Safari/537.36"
31.57.184.107 - - [19/Apr/2026:15:10:05 +0800] "POST /wp-login.php HTTP/1.1" 200 3072 "http://CQQIZHOU.COM/wp-login.php" "Mozilla/5.0 (Windows NT 11.0; Win64; x64; rv:118.0) Gecko/20100101 Firefox/118.0"
36.133.115.36 - - [19/Apr/2026:15:10:08 +0800] "POST /wp-cron.php?doing_wp_cron=1776582608.8247570991516113281250 HTTP/1.1" 200 31 "-" "WordPress/6.9; http://cqqizhou.com"
31.57.184.107 - - [19/Apr/2026:15:10:08 +0800] "POST /wp-login.php HTTP/1.1" 200 3074 "http://CQQIZHOU.COM/wp-login.php" "Mozilla/5.0 (Windows NT 11.0; Win64; x64) AppleWebKit/537.36 (KHTML, like Gecko) Chrome/120.0.0.0 Safari/537.36"
31.57.184.107 - - [19/Apr/2026:15:10:11 +0800] "POST /wp-login.php HTTP/1.1" 200 3075 "http://CQQIZHOU.COM/wp-login.php" "Mozilla/5.0 (Macintosh; Intel Mac OS X 10_15_7) AppleWebKit/537.36 (KHTML, like Gecko) Chrome/121.0.0.0 Safari/537.36"
31.57.184.107 - - [19/Apr/2026:15:10:14 +0800] "POST /wp-login.php HTTP/1.1" 200 3071 "http://CQQIZHOU.COM/wp-login.php" "Mozilla/5.0 (X11; Ubuntu; Linux x86_64) AppleWebKit/537.36 (KHTML, like Gecko) Chrome/118.0.0.0 Safari/537.36"
31.57.184.107 - - [19/Apr/2026:15:10:17 +0800] "POST /wp-login.php HTTP/1.1" 200 3075 "http://CQQIZHOU.COM/wp-login.php" "Mozilla/5.0 (Macintosh; Intel Mac OS X 13_6_1) AppleWebKit/537.36 (KHTML, like Gecko) Chrome/118.0.0.0 Safari/537.36"
31.57.184.107 - - [19/Apr/2026:15:10:20 +0800] "POST /wp-login.php HTTP/1.1" 200 3073 "http://CQQIZHOU.COM/wp-login.php" "Mozilla/5.0 (Macintosh; Intel Mac OS X 10_15_7; rv:121.0) Gecko/20100101 Firefox/121.0"
31.57.184.107 - - [19/Apr/2026:15:10:23 +0800] "POST /wp-login.php HTTP/1.1" 200 3073 "http://CQQIZHOU.COM/wp-login.php" "Mozilla/5.0 (Macintosh; Intel Mac OS X 10_15_7) AppleWebKit/537.36 (KHTML, like Gecko) Chrome/121.0.0.0 Safari/537.36"
31.57.184.107 - - [19/Apr/2026:15:10:25 +0800] "POST /wp-login.php HTTP/1.1" 200 3073 "http://CQQIZHOU.COM/wp-login.php" "Mozilla/5.0 (Macintosh; Intel Mac OS X 13_6_1; rv:121.0) Gecko/20100101 Firefox/121.0"
31.57.184.107 - - [19/Apr/2026:15:10:28 +0800] "POST /wp-login.php HTTP/1.1" 200 3072 "http://CQQIZHOU.COM/wp-login.php" "Mozilla/5.0 (Windows NT 11.0; Win64; x64; rv:119.0) Gecko/20100101 Firefox/119.0"
31.57.184.107 - - [19/Apr/2026:15:10:30 +0800] "POST /wp-login.php HTTP/1.1" 200 3018 "http://CQQIZHOU.COM/wp-login.php" "Mozilla/5.0 (Macintosh; Intel Mac OS X 13_6_1) AppleWebKit/605.1.15 (KHTML, like Gecko) Version/17.1 Safari/605.1.15"
31.57.184.107 - - [19/Apr/2026:15:10:35 +0800] "POST /wp-login.php HTTP/1.1" 200 3070 "http://CQQIZHOU.COM/wp-login.php" "Mozilla/5.0 (Macintosh; Intel Mac OS X 13_6_1) AppleWebKit/605.1.15 (KHTML, like Gecko) Version/17.2 Safari/605.1.15"
31.57.184.107 - - [19/Apr/2026:15:10:38 +0800] "POST /wp-login.php HTTP/1.1" 200 3074 "http://CQQIZHOU.COM/wp-login.php" "Mozilla/5.0 (Windows NT 11.0; Win64; x64) AppleWebKit/537.36 (KHTML, like Gecko) Chrome/121.0.0.0 Safari/537.36"
31.57.184.107 - - [19/Apr/2026:15:10:40 +0800] "POST /wp-login.php HTTP/1.1" 200 3070 "http://CQQIZHOU.COM/wp-login.php" "Mozilla/5.0 (Macintosh; Intel Mac OS X 10_15_7) AppleWebKit/537.36 (KHTML, like Gecko) Chrome/120.0.0.0 Safari/537.36"
31.57.184.107 - - [19/Apr/2026:15:10:43 +0800] "POST /wp-login.php HTTP/1.1" 200 3068 "http://CQQIZHOU.COM/wp-login.php" "Mozilla/5.0 (Macintosh; Intel Mac OS X 13_6_1) AppleWebKit/605.1.15 (KHTML, like Gecko) Version/17.0 Safari/605.1.15"
31.57.184.107 - - [19/Apr/2026:15:10:46 +0800] "POST /wp-login.php HTTP/1.1" 200 3072 "http://CQQIZHOU.COM/wp-login.php" "Mozilla/5.0 (X11; Linux x86_64) AppleWebKit/537.36 (KHTML, like Gecko) Chrome/118.0.0.0 Safari/537.36"
31.57.184.107 - - [19/Apr/2026:15:10:49 +0800] "POST /wp-login.php HTTP/1.1" 200 3075 "http://CQQIZHOU.COM/wp-login.php" "Mozilla/5.0 (Windows NT 10.0; Win64; x64) AppleWebKit/537.36 (KHTML, like Gecko) Chrome/120.0.0.0 Safari/537.36"
31.57.184.107 - - [19/Apr/2026:15:10:52 +0800] "POST /wp-login.php HTTP/1.1" 200 3070 "http://CQQIZHOU.COM/wp-login.php" "Mozilla/5.0 (X11; Ubuntu; Linux x86_64) AppleWebKit/537.36 (KHTML, like Gecko) Chrome/119.0.0.0 Safari/537.36"
31.57.184.107 - - [19/Apr/2026:15:10:55 +0800] "POST /wp-login.php HTTP/1.1" 200 3076 "http://CQQIZHOU.COM/wp-login.php" "Mozilla/5.0 (X11; Linux x86_64) AppleWebKit/537.36 (KHTML, like Gecko) Chrome/119.0.0.0 Safari/537.36"
31.57.184.107 - - [19/Apr/2026:15:10:58 +0800] "POST /wp-login.php HTTP/1.1" 200 3018 "http://CQQIZHOU.COM/wp-login.php" "Mozilla/5.0 (Windows NT 11.0; Win64; x64) AppleWebKit/537.36 (KHTML, like Gecko) Chrome/121.0.0.0 Safari/537.36"
31.57.184.107 - - [19/Apr/2026:15:11:01 +0800] "POST /wp-login.php HTTP/1.1" 200 3075 "http://CQQIZHOU.COM/wp-login.php" "Mozilla/5.0 (X11; Ubuntu; Linux x86_64) AppleWebKit/537.36 (KHTML, like Gecko) Chrome/121.0.0.0 Safari/537.36"
31.57.184.107 - - [19/Apr/2026:15:11:04 +0800] "POST /wp-login.php HTTP/1.1" 200 3077 "http://CQQIZHOU.COM/wp-login.php" "Mozilla/5.0 (Windows NT 11.0; Win64; x64) AppleWebKit/537.36 (KHTML, like Gecko) Chrome/120.0.0.0 Safari/537.36"
36.133.115.36 - - [19/Apr/2026:15:11:08 +0800] "POST /wp-cron.php?doing_wp_cron=1776582668.0591731071472167968750 HTTP/1.1" 200 31 "-" "WordPress/6.9; http://cqqizhou.com"
31.57.184.107 - - [19/Apr/2026:15:11:08 +0800] "POST /wp-login.php HTTP/1.1" 200 3079 "http://CQQIZHOU.COM/wp-login.php" "Mozilla/5.0 (Macintosh; Intel Mac OS X 13_6_1; rv:121.0) Gecko/20100101 Firefox/121.0"
31.57.184.107 - - [19/Apr/2026:15:11:10 +0800] "POST /wp-login.php HTTP/1.1" 200 3079 "http://CQQIZHOU.COM/wp-login.php" "Mozilla/5.0 (Windows NT 10.0; Win64; x64; rv:118.0) Gecko/20100101 Firefox/118.0"
31.57.184.107 - - [19/Apr/2026:15:11:13 +0800] "POST /wp-login.php HTTP/1.1" 200 3072 "http://CQQIZHOU.COM/wp-login.php" "Mozilla/5.0 (Macintosh; Intel Mac OS X 13_6_1) AppleWebKit/605.1.15 (KHTML, like Gecko) Version/17.1 Safari/605.1.15"
31.57.184.107 - - [19/Apr/2026:15:11:16 +0800] "POST /wp-login.php HTTP/1.1" 200 3071 "http://CQQIZHOU.COM/wp-login.php" "Mozilla/5.0 (Macintosh; Intel Mac OS X 10_15_7; rv:119.0) Gecko/20100101 Firefox/119.0"
119.28.177.175 - - [19/Apr/2026:15:11:19 +0800] "GET / HTTP/1.1" 200 34724 "-" "Mozilla/5.0 (iPhone; CPU iPhone OS 13_2_3 like Mac OS X) AppleWebKit/605.1.15 (KHTML, like Gecko) Version/13.0.3 Mobile/15E148 Safari/604.1"
31.57.184.107 - - [19/Apr/2026:15:11:19 +0800] "POST /wp-login.php HTTP/1.1" 200 3075 "http://CQQIZHOU.COM/wp-login.php" "Mozilla/5.0 (Windows NT 10.0; Win64; x64) AppleWebKit/537.36 (KHTML, like Gecko) Chrome/118.0.0.0 Safari/537.36"
31.57.184.107 - - [19/Apr/2026:15:11:22 +0800] "POST /wp-login.php HTTP/1.1" 200 3075 "http://CQQIZHOU.COM/wp-login.php" "Mozilla/5.0 (Macintosh; Intel Mac OS X 10_15_7) AppleWebKit/605.1.15 (KHTML, like Gecko) Version/17.2 Safari/605.1.15"
31.57.184.107 - - [19/Apr/2026:15:11:25 +0800] "POST /wp-login.php HTTP/1.1" 200 3070 "http://CQQIZHOU.COM/wp-login.php" "Mozilla/5.0 (Windows NT 10.0; Win64; x64; rv:119.0) Gecko/20100101 Firefox/119.0"
31.57.184.107 - - [19/Apr/2026:15:11:28 +0800] "POST /wp-login.php HTTP/1.1" 200 3071 "http://CQQIZHOU.COM/wp-login.php" "Mozilla/5.0 (Windows NT 11.0; Win64; x64; rv:119.0) Gecko/20100101 Firefox/119.0"
31.57.184.107 - - [19/Apr/2026:15:11:31 +0800] "POST /wp-login.php HTTP/1.1" 200 3071 "http://CQQIZHOU.COM/wp-login.php" "Mozilla/5.0 (Windows NT 11.0; Win64; x64; rv:118.0) Gecko/20100101 Firefox/118.0"
31.57.184.107 - - [19/Apr/2026:15:11:35 +0800] "POST /wp-login.php HTTP/1.1" 200 3075 "http://CQQIZHOU.COM/wp-login.php" "Mozilla/5.0 (Macintosh; Intel Mac OS X 13_6_1) AppleWebKit/605.1.15 (KHTML, like Gecko) Version/17.2 Safari/605.1.15"
31.57.184.107 - - [19/Apr/2026:15:11:37 +0800] "POST /wp-login.php HTTP/1.1" 200 3080 "http://CQQIZHOU.COM/wp-login.php" "Mozilla/5.0 (Macintosh; Intel Mac OS X 13_6_1) AppleWebKit/605.1.15 (KHTML, like Gecko) Version/17.0 Safari/605.1.15"
31.57.184.107 - - [19/Apr/2026:15:11:40 +0800] "POST /wp-login.php HTTP/1.1" 200 2984 "http://CQQIZHOU.COM/wp-login.php" "Mozilla/5.0 (Macintosh; Intel Mac OS X 13_6_1) AppleWebKit/537.36 (KHTML, like Gecko) Chrome/120.0.0.0 Safari/537.36"
31.57.184.107 - - [19/Apr/2026:15:11:43 +0800] "POST /wp-login.php HTTP/1.1" 200 3079 "http://CQQIZHOU.COM/wp-login.php" "Mozilla/5.0 (Macintosh; Intel Mac OS X 10_15_7) AppleWebKit/537.36 (KHTML, like Gecko) Chrome/120.0.0.0 Safari/537.36"
31.57.184.107 - - [19/Apr/2026:15:11:46 +0800] "POST /wp-login.php HTTP/1.1" 200 3071 "http://CQQIZHOU.COM/wp-login.php" "Mozilla/5.0 (Macintosh; Intel Mac OS X 13_6_1) AppleWebKit/605.1.15 (KHTML, like Gecko) Version/17.1 Safari/605.1.15"
31.57.184.107 - - [19/Apr/2026:15:11:51 +0800] "POST /wp-login.php HTTP/1.1" 200 3073 "http://CQQIZHOU.COM/wp-login.php" "Mozilla/5.0 (Windows NT 11.0; Win64; x64) AppleWebKit/537.36 (KHTML, like Gecko) Chrome/118.0.0.0 Safari/537.36"
31.57.184.107 - - [19/Apr/2026:15:11:53 +0800] "POST /wp-login.php HTTP/1.1" 200 3073 "http://CQQIZHOU.COM/wp-login.php" "Mozilla/5.0 (Windows NT 10.0; Win64; x64) AppleWebKit/537.36 (KHTML, like Gecko) Chrome/118.0.0.0 Safari/537.36"
31.57.184.107 - - [19/Apr/2026:15:11:58 +0800] "POST /wp-login.php HTTP/1.1" 200 3078 "http://CQQIZHOU.COM/wp-login.php" "Mozilla/5.0 (Macintosh; Intel Mac OS X 10_15_7) AppleWebKit/537.36 (KHTML, like Gecko) Chrome/119.0.0.0 Safari/537.36"
31.57.184.107 - - [19/Apr/2026:15:12:02 +0800] "POST /wp-login.php HTTP/1.1" 200 3071 "http://CQQIZHOU.COM/wp-login.php" "Mozilla/5.0 (Windows NT 10.0; Win64; x64) AppleWebKit/537.36 (KHTML, like Gecko) Chrome/118.0.0.0 Safari/537.36"
36.133.115.36 - - [19/Apr/2026:15:12:08 +0800] "POST /wp-cron.php?doing_wp_cron=1776582728.4611148834228515625000 HTTP/1.1" 200 31 "-" "WordPress/6.9; http://cqqizhou.com"
31.57.184.107 - - [19/Apr/2026:15:12:08 +0800] "POST /wp-login.php HTTP/1.1" 200 3071 "http://CQQIZHOU.COM/wp-login.php" "Mozilla/5.0 (Windows NT 10.0; Win64; x64; rv:121.0) Gecko/20100101 Firefox/121.0"
31.57.184.107 - - [19/Apr/2026:15:12:12 +0800] "POST /wp-login.php HTTP/1.1" 200 3071 "http://CQQIZHOU.COM/wp-login.php" "Mozilla/5.0 (X11; Linux x86_64) AppleWebKit/537.36 (KHTML, like Gecko) Chrome/121.0.0.0 Safari/537.36"
31.57.184.107 - - [19/Apr/2026:15:12:17 +0800] "POST /wp-login.php HTTP/1.1" 200 3070 "http://CQQIZHOU.COM/wp-login.php" "Mozilla/5.0 (Macintosh; Intel Mac OS X 13_6_1; rv:118.0) Gecko/20100101 Firefox/118.0"
31.57.184.107 - - [19/Apr/2026:15:12:21 +0800] "POST /wp-login.php HTTP/1.1" 200 3072 "http://CQQIZHOU.COM/wp-login.php" "Mozilla/5.0 (X11; Linux x86_64) AppleWebKit/537.36 (KHTML, like Gecko) Chrome/119.0.0.0 Safari/537.36"
31.57.184.107 - - [19/Apr/2026:15:12:28 +0800] "POST /wp-login.php HTTP/1.1" 200 3079 "http://CQQIZHOU.COM/wp-login.php" "Mozilla/5.0 (Windows NT 10.0; Win64; x64) AppleWebKit/537.36 (KHTML, like Gecko) Chrome/120.0.0.0 Safari/537.36"
31.57.184.107 - - [19/Apr/2026:15:12:35 +0800] "POST /wp-login.php HTTP/1.1" 200 3081 "http://CQQIZHOU.COM/wp-login.php" "Mozilla/5.0 (Macintosh; Intel Mac OS X 13_6_1) AppleWebKit/537.36 (KHTML, like Gecko) Chrome/118.0.0.0 Safari/537.36"
31.57.184.107 - - [19/Apr/2026:15:12:40 +0800] "POST /wp-login.php HTTP/1.1" 200 3071 "http://CQQIZHOU.COM/wp-login.php" "Mozilla/5.0 (Macintosh; Intel Mac OS X 10_15_7) AppleWebKit/605.1.15 (KHTML, like Gecko) Version/17.1 Safari/605.1.15"
31.57.184.107 - - [19/Apr/2026:15:12:44 +0800] "POST /wp-login.php HTTP/1.1" 200 3070 "http://CQQIZHOU.COM/wp-login.php" "Mozilla/5.0 (Macintosh; Intel Mac OS X 10_15_7) AppleWebKit/537.36 (KHTML, like Gecko) Chrome/120.0.0.0 Safari/537.36"
31.57.184.107 - - [19/Apr/2026:15:12:49 +0800] "POST /wp-login.php HTTP/1.1" 200 3071 "http://CQQIZHOU.COM/wp-login.php" "Mozilla/5.0 (Macintosh; Intel Mac OS X 10_15_7) AppleWebKit/605.1.15 (KHTML, like Gecko) Version/17.0 Safari/605.1.15"
31.57.184.107 - - [19/Apr/2026:15:12:54 +0800] "POST /wp-login.php HTTP/1.1" 200 3018 "http://CQQIZHOU.COM/wp-login.php" "Mozilla/5.0 (Windows NT 10.0; Win64; x64; rv:120.0) Gecko/20100101 Firefox/120.0"
31.57.184.107 - - [19/Apr/2026:15:12:59 +0800] "POST /wp-login.php HTTP/1.1" 200 3072 "http://CQQIZHOU.COM/wp-login.php" "Mozilla/5.0 (Windows NT 10.0; Win64; x64; rv:121.0) Gecko/20100101 Firefox/121.0"
31.57.184.107 - - [19/Apr/2026:15:13:03 +0800] "POST /wp-login.php HTTP/1.1" 200 3076 "http://CQQIZHOU.COM/wp-login.php" "Mozilla/5.0 (Macintosh; Intel Mac OS X 13_6_1; rv:120.0) Gecko/20100101 Firefox/120.0"
31.57.184.107 - - [19/Apr/2026:15:13:07 +0800] "POST /wp-login.php HTTP/1.1" 200 3072 "http://CQQIZHOU.COM/wp-login.php" "Mozilla/5.0 (Windows NT 11.0; Win64; x64) AppleWebKit/537.36 (KHTML, like Gecko) Chrome/118.0.0.0 Safari/537.36"
36.133.115.36 - - [19/Apr/2026:15:13:11 +0800] "POST /wp-cron.php?doing_wp_cron=1776582791.7382960319519042968750 HTTP/1.1" 200 31 "-" "WordPress/6.9; http://cqqizhou.com"
31.57.184.107 - - [19/Apr/2026:15:13:11 +0800] "POST /wp-login.php HTTP/1.1" 200 3076 "http://CQQIZHOU.COM/wp-login.php" "Mozilla/5.0 (Windows NT 10.0; Win64; x64; rv:119.0) Gecko/20100101 Firefox/119.0"
31.57.184.107 - - [19/Apr/2026:15:13:16 +0800] "POST /wp-login.php HTTP/1.1" 200 3074 "http://CQQIZHOU.COM/wp-login.php" "Mozilla/5.0 (X11; Linux x86_64) AppleWebKit/537.36 (KHTML, like Gecko) Chrome/118.0.0.0 Safari/537.36"
31.57.184.107 - - [19/Apr/2026:15:13:21 +0800] "POST /wp-login.php HTTP/1.1" 200 3018 "http://CQQIZHOU.COM/wp-login.php" "Mozilla/5.0 (Windows NT 11.0; Win64; x64) AppleWebKit/537.36 (KHTML, like Gecko) Chrome/120.0.0.0 Safari/537.36"
31.57.184.107 - - [19/Apr/2026:15:13:25 +0800] "POST /wp-login.php HTTP/1.1" 200 3077 "http://CQQIZHOU.COM/wp-login.php" "Mozilla/5.0 (Windows NT 11.0; Win64; x64) AppleWebKit/537.36 (KHTML, like Gecko) Chrome/119.0.0.0 Safari/537.36"
31.57.184.107 - - [19/Apr/2026:15:13:29 +0800] "POST /wp-login.php HTTP/1.1" 200 3073 "http://CQQIZHOU.COM/wp-login.php" "Mozilla/5.0 (Macintosh; Intel Mac OS X 10_15_7; rv:119.0) Gecko/20100101 Firefox/119.0"
31.57.184.107 - - [19/Apr/2026:15:13:33 +0800] "POST /wp-login.php HTTP/1.1" 200 3018 "http://CQQIZHOU.COM/wp-login.php" "Mozilla/5.0 (X11; Linux x86_64) AppleWebKit/537.36 (KHTML, like Gecko) Chrome/121.0.0.0 Safari/537.36"
