14.108.233.68 - - [02/Feb/2026:10:27:06 +0800] "GET /wp-content/uploads/2025/12/1766388807-Article_images_202507245-300x169.webp HTTP/1.1" 200 15034 "http://cqqizhou.com/wp-admin/post.php?post=1959&action=elementor" "Mozilla/5.0 (Windows NT 10.0; Win64; x64) AppleWebKit/537.36 (KHTML, like Gecko) Chrome/144.0.0.0 Safari/537.36 Edg/144.0.0.0"
14.108.233.68 - - [02/Feb/2026:10:27:06 +0800] "GET /wp-content/uploads/2025/12/1766388806-Article_images_202507243-300x169.webp HTTP/1.1" 200 9924 "http://cqqizhou.com/wp-admin/post.php?post=1959&action=elementor" "Mozilla/5.0 (Windows NT 10.0; Win64; x64) AppleWebKit/537.36 (KHTML, like Gecko) Chrome/144.0.0.0 Safari/537.36 Edg/144.0.0.0"
14.108.233.68 - - [02/Feb/2026:10:27:06 +0800] "GET /wp-content/uploads/2025/12/1766388805-Article_images_202507242-300x169.webp HTTP/1.1" 200 11216 "http://cqqizhou.com/wp-admin/post.php?post=1959&action=elementor" "Mozilla/5.0 (Windows NT 10.0; Win64; x64) AppleWebKit/537.36 (KHTML, like Gecko) Chrome/144.0.0.0 Safari/537.36 Edg/144.0.0.0"
14.108.233.68 - - [02/Feb/2026:10:27:06 +0800] "GET /wp-content/uploads/2025/12/1766388804-Article_images_202507241-300x169.webp HTTP/1.1" 200 11704 "http://cqqizhou.com/wp-admin/post.php?post=1959&action=elementor" "Mozilla/5.0 (Windows NT 10.0; Win64; x64) AppleWebKit/537.36 (KHTML, like Gecko) Chrome/144.0.0.0 Safari/537.36 Edg/144.0.0.0"
14.108.233.68 - - [02/Feb/2026:10:27:06 +0800] "GET /wp-content/uploads/2025/12/1766375846-Article20251216211545-300x225.webp HTTP/1.1" 200 20580 "http://cqqizhou.com/wp-admin/post.php?post=1959&action=elementor" "Mozilla/5.0 (Windows NT 10.0; Win64; x64) AppleWebKit/537.36 (KHTML, like Gecko) Chrome/144.0.0.0 Safari/537.36 Edg/144.0.0.0"
14.108.233.68 - - [02/Feb/2026:10:27:06 +0800] "GET /wp-content/uploads/2025/12/1766373833-Article_images_20251219-300x225.webp HTTP/1.1" 200 20930 "http://cqqizhou.com/wp-admin/post.php?post=1959&action=elementor" "Mozilla/5.0 (Windows NT 10.0; Win64; x64) AppleWebKit/537.36 (KHTML, like Gecko) Chrome/144.0.0.0 Safari/537.36 Edg/144.0.0.0"
14.108.233.68 - - [02/Feb/2026:10:27:06 +0800] "GET /wp-content/uploads/2025/12/1766373840-Article_images_20251220-300x225.webp HTTP/1.1" 200 13608 "http://cqqizhou.com/wp-admin/post.php?post=1959&action=elementor" "Mozilla/5.0 (Windows NT 10.0; Win64; x64) AppleWebKit/537.36 (KHTML, like Gecko) Chrome/144.0.0.0 Safari/537.36 Edg/144.0.0.0"
14.108.233.68 - - [02/Feb/2026:10:27:06 +0800] "GET /wp-content/uploads/2025/12/1766064723-Article_images_20251218212625-300x225.webp HTTP/1.1" 200 12598 "http://cqqizhou.com/wp-admin/post.php?post=1959&action=elementor" "Mozilla/5.0 (Windows NT 10.0; Win64; x64) AppleWebKit/537.36 (KHTML, like Gecko) Chrome/144.0.0.0 Safari/537.36 Edg/144.0.0.0"
14.108.233.68 - - [02/Feb/2026:10:27:06 +0800] "GET /wp-content/uploads/2025/12/1766064671-Article_images_20251218212624-300x225.webp HTTP/1.1" 200 12522 "http://cqqizhou.com/wp-admin/post.php?post=1959&action=elementor" "Mozilla/5.0 (Windows NT 10.0; Win64; x64) AppleWebKit/537.36 (KHTML, like Gecko) Chrome/144.0.0.0 Safari/537.36 Edg/144.0.0.0"
14.108.233.68 - - [02/Feb/2026:10:27:06 +0800] "GET /wp-content/uploads/2025/12/1766064629-Article_images_20251218212623-300x167.webp HTTP/1.1" 200 8852 "http://cqqizhou.com/wp-admin/post.php?post=1959&action=elementor" "Mozilla/5.0 (Windows NT 10.0; Win64; x64) AppleWebKit/537.36 (KHTML, like Gecko) Chrome/144.0.0.0 Safari/537.36 Edg/144.0.0.0"
14.108.233.68 - - [02/Feb/2026:10:27:06 +0800] "GET /wp-content/uploads/2025/12/1765894221-Article20251216211544-300x225.webp HTTP/1.1" 200 16032 "http://cqqizhou.com/wp-admin/post.php?post=1959&action=elementor" "Mozilla/5.0 (Windows NT 10.0; Win64; x64) AppleWebKit/537.36 (KHTML, like Gecko) Chrome/144.0.0.0 Safari/537.36 Edg/144.0.0.0"
14.108.233.68 - - [02/Feb/2026:10:27:06 +0800] "GET /wp-content/uploads/2025/12/1765891413-20251209103501-300x167.webp HTTP/1.1" 200 9350 "http://cqqizhou.com/wp-admin/post.php?post=1959&action=elementor" "Mozilla/5.0 (Windows NT 10.0; Win64; x64) AppleWebKit/537.36 (KHTML, like Gecko) Chrome/144.0.0.0 Safari/537.36 Edg/144.0.0.0"
14.108.233.68 - - [02/Feb/2026:10:27:06 +0800] "GET /wp-content/uploads/2025/12/1765891153-Article20251216211543-300x167.webp HTTP/1.1" 200 13290 "http://cqqizhou.com/wp-admin/post.php?post=1959&action=elementor" "Mozilla/5.0 (Windows NT 10.0; Win64; x64) AppleWebKit/537.36 (KHTML, like Gecko) Chrome/144.0.0.0 Safari/537.36 Edg/144.0.0.0"
14.108.233.68 - - [02/Feb/2026:10:27:06 +0800] "GET /wp-content/uploads/2025/12/1765862012-DSC20251216131140-300x169.webp HTTP/1.1" 200 16938 "http://cqqizhou.com/wp-admin/post.php?post=1959&action=elementor" "Mozilla/5.0 (Windows NT 10.0; Win64; x64) AppleWebKit/537.36 (KHTML, like Gecko) Chrome/144.0.0.0 Safari/537.36 Edg/144.0.0.0"
14.108.233.68 - - [02/Feb/2026:10:27:06 +0800] "GET /wp-content/uploads/2025/12/1765268955-qizhou_Slider1_3840%C3%972160_20251210-300x169.webp HTTP/1.1" 200 8924 "http://cqqizhou.com/wp-admin/post.php?post=1959&action=elementor" "Mozilla/5.0 (Windows NT 10.0; Win64; x64) AppleWebKit/537.36 (KHTML, like Gecko) Chrome/144.0.0.0 Safari/537.36 Edg/144.0.0.0"
14.108.233.68 - - [02/Feb/2026:10:27:06 +0800] "GET /wp-content/uploads/2025/12/1765265398-qizhou_Slider_3840%C3%972160_20251209-300x169.webp HTTP/1.1" 200 12652 "http://cqqizhou.com/wp-admin/post.php?post=1959&action=elementor" "Mozilla/5.0 (Windows NT 10.0; Win64; x64) AppleWebKit/537.36 (KHTML, like Gecko) Chrome/144.0.0.0 Safari/537.36 Edg/144.0.0.0"
14.108.233.68 - - [02/Feb/2026:10:27:06 +0800] "GET /wp-content/uploads/2025/12/1765249046-20251209104228_110_60-300x225.webp HTTP/1.1" 200 15678 "http://cqqizhou.com/wp-admin/post.php?post=1959&action=elementor" "Mozilla/5.0 (Windows NT 10.0; Win64; x64) AppleWebKit/537.36 (KHTML, like Gecko) Chrome/144.0.0.0 Safari/537.36 Edg/144.0.0.0"
14.108.233.68 - - [02/Feb/2026:10:27:06 +0800] "GET /wp-content/uploads/2025/12/1765248770-20251209104226_107_60-300x225.webp HTTP/1.1" 200 17706 "http://cqqizhou.com/wp-admin/post.php?post=1959&action=elementor" "Mozilla/5.0 (Windows NT 10.0; Win64; x64) AppleWebKit/537.36 (KHTML, like Gecko) Chrome/144.0.0.0 Safari/537.36 Edg/144.0.0.0"
14.108.233.68 - - [02/Feb/2026:10:27:06 +0800] "GET /wp-content/uploads/2025/12/1765248683-20251209103502_98_60-300x225.webp HTTP/1.1" 200 15426 "http://cqqizhou.com/wp-admin/post.php?post=1959&action=elementor" "Mozilla/5.0 (Windows NT 10.0; Win64; x64) AppleWebKit/537.36 (KHTML, like Gecko) Chrome/144.0.0.0 Safari/537.36 Edg/144.0.0.0"
14.108.233.68 - - [02/Feb/2026:10:27:06 +0800] "GET /wp-content/uploads/2025/12/1765248735-20251209104226_108_60-300x225.webp HTTP/1.1" 200 14478 "http://cqqizhou.com/wp-admin/post.php?post=1959&action=elementor" "Mozilla/5.0 (Windows NT 10.0; Win64; x64) AppleWebKit/537.36 (KHTML, like Gecko) Chrome/144.0.0.0 Safari/537.36 Edg/144.0.0.0"
14.108.233.68 - - [02/Feb/2026:10:27:06 +0800] "GET /wp-content/uploads/2025/12/1764853157-ISO3-214x300.webp HTTP/1.1" 200 13896 "http://cqqizhou.com/wp-admin/post.php?post=1959&action=elementor" "Mozilla/5.0 (Windows NT 10.0; Win64; x64) AppleWebKit/537.36 (KHTML, like Gecko) Chrome/144.0.0.0 Safari/537.36 Edg/144.0.0.0"
14.108.233.68 - - [02/Feb/2026:10:27:06 +0800] "GET /wp-content/uploads/2025/12/1764853155-ISO2-214x300.webp HTTP/1.1" 200 12682 "http://cqqizhou.com/wp-admin/post.php?post=1959&action=elementor" "Mozilla/5.0 (Windows NT 10.0; Win64; x64) AppleWebKit/537.36 (KHTML, like Gecko) Chrome/144.0.0.0 Safari/537.36 Edg/144.0.0.0"
14.108.233.68 - - [02/Feb/2026:10:27:06 +0800] "GET /wp-content/uploads/2025/12/1764853152-ISO1-214x300.webp HTTP/1.1" 200 13812 "http://cqqizhou.com/wp-admin/post.php?post=1959&action=elementor" "Mozilla/5.0 (Windows NT 10.0; Win64; x64) AppleWebKit/537.36 (KHTML, like Gecko) Chrome/144.0.0.0 Safari/537.36 Edg/144.0.0.0"
36.133.115.36 - - [02/Feb/2026:10:27:12 +0800] "POST /wp-cron.php?doing_wp_cron=1769999232.5875279903411865234375 HTTP/1.1" 200 31 "-" "WordPress/6.9; http://cqqizhou.com"
14.108.233.68 - - [02/Feb/2026:10:27:12 +0800] "POST /wp-admin/admin-ajax.php HTTP/1.1" 200 105 "http://cqqizhou.com/wp-admin/post.php?post=1959&action=elementor" "Mozilla/5.0 (Windows NT 10.0; Win64; x64) AppleWebKit/537.36 (KHTML, like Gecko) Chrome/144.0.0.0 Safari/537.36 Edg/144.0.0.0"
14.108.233.68 - - [02/Feb/2026:10:27:21 +0800] "POST /wp-admin/async-upload.php HTTP/1.1" 200 685 "http://cqqizhou.com/wp-admin/post.php?post=1959&action=elementor" "Mozilla/5.0 (Windows NT 10.0; Win64; x64) AppleWebKit/537.36 (KHTML, like Gecko) Chrome/144.0.0.0 Safari/537.36 Edg/144.0.0.0"
14.108.233.68 - - [02/Feb/2026:10:27:21 +0800] "GET /wp-content/uploads/2026/02/1769999241-4.2%E7%B1%B3%E9%AB%98%E6%A0%8F%E8%B4%A7%E8%BD%A6-300x169.webp HTTP/1.1" 200 12930 "http://cqqizhou.com/wp-admin/post.php?post=1959&action=elementor" "Mozilla/5.0 (Windows NT 10.0; Win64; x64) AppleWebKit/537.36 (KHTML, like Gecko) Chrome/144.0.0.0 Safari/537.36 Edg/144.0.0.0"
14.108.233.68 - - [02/Feb/2026:10:27:23 +0800] "GET /wp-content/uploads/2026/02/1769999241-4.2%E7%B1%B3%E9%AB%98%E6%A0%8F%E8%B4%A7%E8%BD%A6.webp HTTP/1.1" 200 54794 "http://cqqizhou.com/wp-admin/post.php?post=1959&action=elementor" "Mozilla/5.0 (Windows NT 10.0; Win64; x64) AppleWebKit/537.36 (KHTML, like Gecko) Chrome/144.0.0.0 Safari/537.36 Edg/144.0.0.0"
14.108.233.68 - - [02/Feb/2026:10:27:23 +0800] "GET /wp-json/elementor/v1/checklist/user-progress HTTP/1.1" 200 222 "http://cqqizhou.com/wp-admin/post.php?post=1959&action=elementor" "Mozilla/5.0 (Windows NT 10.0; Win64; x64) AppleWebKit/537.36 (KHTML, like Gecko) Chrome/144.0.0.0 Safari/537.36 Edg/144.0.0.0"
14.108.233.68 - - [02/Feb/2026:10:27:23 +0800] "POST /wp-admin/admin-ajax.php HTTP/1.1" 200 685 "http://cqqizhou.com/wp-admin/post.php?post=1959&action=elementor" "Mozilla/5.0 (Windows NT 10.0; Win64; x64) AppleWebKit/537.36 (KHTML, like Gecko) Chrome/144.0.0.0 Safari/537.36 Edg/144.0.0.0"
14.108.233.68 - - [02/Feb/2026:10:27:24 +0800] "POST /wp-admin/admin-ajax.php HTTP/1.1" 200 223 "http://cqqizhou.com/wp-admin/post.php?post=1959&action=elementor" "Mozilla/5.0 (Windows NT 10.0; Win64; x64) AppleWebKit/537.36 (KHTML, like Gecko) Chrome/144.0.0.0 Safari/537.36 Edg/144.0.0.0"
14.108.233.68 - - [02/Feb/2026:10:27:27 +0800] "POST /wp-admin/admin-ajax.php HTTP/1.1" 200 105 "http://cqqizhou.com/wp-admin/post.php?post=1959&action=elementor" "Mozilla/5.0 (Windows NT 10.0; Win64; x64) AppleWebKit/537.36 (KHTML, like Gecko) Chrome/144.0.0.0 Safari/537.36 Edg/144.0.0.0"
14.108.233.68 - - [02/Feb/2026:10:27:29 +0800] "POST /wp-admin/admin-ajax.php HTTP/1.1" 200 681 "http://cqqizhou.com/wp-admin/post.php?post=1959&action=elementor" "Mozilla/5.0 (Windows NT 10.0; Win64; x64) AppleWebKit/537.36 (KHTML, like Gecko) Chrome/144.0.0.0 Safari/537.36 Edg/144.0.0.0"
14.108.233.68 - - [02/Feb/2026:10:27:29 +0800] "POST /wp-admin/admin-ajax.php HTTP/1.1" 200 442 "http://cqqizhou.com/wp-admin/post.php?post=1959&action=elementor" "Mozilla/5.0 (Windows NT 10.0; Win64; x64) AppleWebKit/537.36 (KHTML, like Gecko) Chrome/144.0.0.0 Safari/537.36 Edg/144.0.0.0"
14.108.233.68 - - [02/Feb/2026:10:27:35 +0800] "POST /wp-admin/admin-ajax.php HTTP/1.1" 200 10065 "http://cqqizhou.com/wp-admin/post.php?post=1959&action=elementor" "Mozilla/5.0 (Windows NT 10.0; Win64; x64) AppleWebKit/537.36 (KHTML, like Gecko) Chrome/144.0.0.0 Safari/537.36 Edg/144.0.0.0"
14.108.233.68 - - [02/Feb/2026:10:27:35 +0800] "POST /wp-admin/admin-ajax.php HTTP/1.1" 200 10065 "http://cqqizhou.com/wp-admin/post.php?post=1959&action=elementor" "Mozilla/5.0 (Windows NT 10.0; Win64; x64) AppleWebKit/537.36 (KHTML, like Gecko) Chrome/144.0.0.0 Safari/537.36 Edg/144.0.0.0"
14.108.233.68 - - [02/Feb/2026:10:27:39 +0800] "POST /wp-admin/admin-ajax.php HTTP/1.1" 200 76 "http://cqqizhou.com/wp-admin/edit.php?post_type=page" "Mozilla/5.0 (Windows NT 10.0; Win64; x64) AppleWebKit/537.36 (KHTML, like Gecko) Chrome/144.0.0.0 Safari/537.36 Edg/144.0.0.0"
14.108.233.68 - - [02/Feb/2026:10:27:42 +0800] "POST /wp-admin/admin-ajax.php HTTP/1.1" 200 105 "http://cqqizhou.com/wp-admin/post.php?post=1959&action=elementor" "Mozilla/5.0 (Windows NT 10.0; Win64; x64) AppleWebKit/537.36 (KHTML, like Gecko) Chrome/144.0.0.0 Safari/537.36 Edg/144.0.0.0"
14.108.233.68 - - [02/Feb/2026:10:27:45 +0800] "POST /wp-admin/async-upload.php HTTP/1.1" 200 699 "http://cqqizhou.com/wp-admin/post.php?post=1959&action=elementor" "Mozilla/5.0 (Windows NT 10.0; Win64; x64) AppleWebKit/537.36 (KHTML, like Gecko) Chrome/144.0.0.0 Safari/537.36 Edg/144.0.0.0"
14.108.233.68 - - [02/Feb/2026:10:27:45 +0800] "GET /wp-content/uploads/2026/02/1769999265-9.6%E7%B1%B3%E4%BD%8E%E6%A0%8F%E5%B9%B3%E6%9D%BF%E8%B4%A7%E8%BD%A6-300x200.webp HTTP/1.1" 200 15806 "http://cqqizhou.com/wp-admin/post.php?post=1959&action=elementor" "Mozilla/5.0 (Windows NT 10.0; Win64; x64) AppleWebKit/537.36 (KHTML, like Gecko) Chrome/144.0.0.0 Safari/537.36 Edg/144.0.0.0"
14.108.233.68 - - [02/Feb/2026:10:27:49 +0800] "GET /wp-content/uploads/2026/02/1769999265-9.6%E7%B1%B3%E4%BD%8E%E6%A0%8F%E5%B9%B3%E6%9D%BF%E8%B4%A7%E8%BD%A6.webp HTTP/1.1" 200 56848 "http://cqqizhou.com/wp-admin/post.php?post=1959&action=elementor" "Mozilla/5.0 (Windows NT 10.0; Win64; x64) AppleWebKit/537.36 (KHTML, like Gecko) Chrome/144.0.0.0 Safari/537.36 Edg/144.0.0.0"
14.108.233.68 - - [02/Feb/2026:10:27:50 +0800] "POST /wp-admin/admin-ajax.php HTTP/1.1" 200 699 "http://cqqizhou.com/wp-admin/post.php?post=1959&action=elementor" "Mozilla/5.0 (Windows NT 10.0; Win64; x64) AppleWebKit/537.36 (KHTML, like Gecko) Chrome/144.0.0.0 Safari/537.36 Edg/144.0.0.0"
14.108.233.68 - - [02/Feb/2026:10:27:50 +0800] "POST /wp-admin/admin-ajax.php HTTP/1.1" 200 233 "http://cqqizhou.com/wp-admin/post.php?post=1959&action=elementor" "Mozilla/5.0 (Windows NT 10.0; Win64; x64) AppleWebKit/537.36 (KHTML, like Gecko) Chrome/144.0.0.0 Safari/537.36 Edg/144.0.0.0"
14.108.233.68 - - [02/Feb/2026:10:27:56 +0800] "POST /wp-admin/admin-ajax.php HTTP/1.1" 200 680 "http://cqqizhou.com/wp-admin/post.php?post=1959&action=elementor" "Mozilla/5.0 (Windows NT 10.0; Win64; x64) AppleWebKit/537.36 (KHTML, like Gecko) Chrome/144.0.0.0 Safari/537.36 Edg/144.0.0.0"
14.108.233.68 - - [02/Feb/2026:10:27:56 +0800] "POST /wp-admin/admin-ajax.php HTTP/1.1" 200 449 "http://cqqizhou.com/wp-admin/post.php?post=1959&action=elementor" "Mozilla/5.0 (Windows NT 10.0; Win64; x64) AppleWebKit/537.36 (KHTML, like Gecko) Chrome/144.0.0.0 Safari/537.36 Edg/144.0.0.0"
14.108.233.68 - - [02/Feb/2026:10:27:57 +0800] "POST /wp-admin/admin-ajax.php HTTP/1.1" 200 105 "http://cqqizhou.com/wp-admin/post.php?post=1959&action=elementor" "Mozilla/5.0 (Windows NT 10.0; Win64; x64) AppleWebKit/537.36 (KHTML, like Gecko) Chrome/144.0.0.0 Safari/537.36 Edg/144.0.0.0"
36.133.115.36 - - [02/Feb/2026:10:28:12 +0800] "POST /wp-cron.php?doing_wp_cron=1769999292.6450710296630859375000 HTTP/1.1" 200 31 "-" "WordPress/6.9; http://cqqizhou.com"
14.108.233.68 - - [02/Feb/2026:10:28:12 +0800] "POST /wp-admin/admin-ajax.php HTTP/1.1" 200 105 "http://cqqizhou.com/wp-admin/post.php?post=1959&action=elementor" "Mozilla/5.0 (Windows NT 10.0; Win64; x64) AppleWebKit/537.36 (KHTML, like Gecko) Chrome/144.0.0.0 Safari/537.36 Edg/144.0.0.0"
14.108.233.68 - - [02/Feb/2026:10:28:27 +0800] "POST /wp-admin/admin-ajax.php HTTP/1.1" 200 105 "http://cqqizhou.com/wp-admin/post.php?post=1959&action=elementor" "Mozilla/5.0 (Windows NT 10.0; Win64; x64) AppleWebKit/537.36 (KHTML, like Gecko) Chrome/144.0.0.0 Safari/537.36 Edg/144.0.0.0"
14.108.233.68 - - [02/Feb/2026:10:28:35 +0800] "POST /wp-admin/admin-ajax.php HTTP/1.1" 200 10080 "http://cqqizhou.com/wp-admin/post.php?post=1959&action=elementor" "Mozilla/5.0 (Windows NT 10.0; Win64; x64) AppleWebKit/537.36 (KHTML, like Gecko) Chrome/144.0.0.0 Safari/537.36 Edg/144.0.0.0"
14.108.233.68 - - [02/Feb/2026:10:28:35 +0800] "POST /wp-admin/admin-ajax.php HTTP/1.1" 200 10080 "http://cqqizhou.com/wp-admin/post.php?post=1959&action=elementor" "Mozilla/5.0 (Windows NT 10.0; Win64; x64) AppleWebKit/537.36 (KHTML, like Gecko) Chrome/144.0.0.0 Safari/537.36 Edg/144.0.0.0"
14.108.233.68 - - [02/Feb/2026:10:28:40 +0800] "POST /wp-admin/admin-ajax.php HTTP/1.1" 200 32 "http://cqqizhou.com/wp-admin/post.php?post=1959&action=elementor" "Mozilla/5.0 (Windows NT 10.0; Win64; x64) AppleWebKit/537.36 (KHTML, like Gecko) Chrome/144.0.0.0 Safari/537.36 Edg/144.0.0.0"
14.108.233.68 - - [02/Feb/2026:10:28:42 +0800] "POST /wp-admin/admin-ajax.php HTTP/1.1" 200 105 "http://cqqizhou.com/wp-admin/post.php?post=1959&action=elementor" "Mozilla/5.0 (Windows NT 10.0; Win64; x64) AppleWebKit/537.36 (KHTML, like Gecko) Chrome/144.0.0.0 Safari/537.36 Edg/144.0.0.0"
14.108.233.68 - - [02/Feb/2026:10:28:45 +0800] "POST /wp-admin/admin-ajax.php HTTP/1.1" 200 32 "http://cqqizhou.com/wp-admin/post.php?post=1959&action=elementor" "Mozilla/5.0 (Windows NT 10.0; Win64; x64) AppleWebKit/537.36 (KHTML, like Gecko) Chrome/144.0.0.0 Safari/537.36 Edg/144.0.0.0"
14.108.233.68 - - [02/Feb/2026:10:28:50 +0800] "POST /wp-admin/admin-ajax.php HTTP/1.1" 200 32 "http://cqqizhou.com/wp-admin/post.php?post=1959&action=elementor" "Mozilla/5.0 (Windows NT 10.0; Win64; x64) AppleWebKit/537.36 (KHTML, like Gecko) Chrome/144.0.0.0 Safari/537.36 Edg/144.0.0.0"
14.108.233.68 - - [02/Feb/2026:10:28:55 +0800] "POST /wp-admin/async-upload.php HTTP/1.1" 200 678 "http://cqqizhou.com/wp-admin/post.php?post=1959&action=elementor" "Mozilla/5.0 (Windows NT 10.0; Win64; x64) AppleWebKit/537.36 (KHTML, like Gecko) Chrome/144.0.0.0 Safari/537.36 Edg/144.0.0.0"
14.108.233.68 - - [02/Feb/2026:10:28:56 +0800] "GET /wp-content/uploads/2026/02/1769999335-17.5%E7%B1%B3%E5%B9%B3%E6%9D%BF%E8%B4%A7%E8%BD%A6-300x200.webp HTTP/1.1" 200 14410 "http://cqqizhou.com/wp-admin/post.php?post=1959&action=elementor" "Mozilla/5.0 (Windows NT 10.0; Win64; x64) AppleWebKit/537.36 (KHTML, like Gecko) Chrome/144.0.0.0 Safari/537.36 Edg/144.0.0.0"
14.108.233.68 - - [02/Feb/2026:10:28:57 +0800] "GET /wp-content/uploads/2026/02/1769999335-17.5%E7%B1%B3%E5%B9%B3%E6%9D%BF%E8%B4%A7%E8%BD%A6.webp HTTP/1.1" 200 56978 "http://cqqizhou.com/wp-admin/post.php?post=1959&action=elementor" "Mozilla/5.0 (Windows NT 10.0; Win64; x64) AppleWebKit/537.36 (KHTML, like Gecko) Chrome/144.0.0.0 Safari/537.36 Edg/144.0.0.0"
14.108.233.68 - - [02/Feb/2026:10:28:57 +0800] "POST /wp-admin/admin-ajax.php HTTP/1.1" 200 105 "http://cqqizhou.com/wp-admin/post.php?post=1959&action=elementor" "Mozilla/5.0 (Windows NT 10.0; Win64; x64) AppleWebKit/537.36 (KHTML, like Gecko) Chrome/144.0.0.0 Safari/537.36 Edg/144.0.0.0"
14.108.233.68 - - [02/Feb/2026:10:28:58 +0800] "POST /wp-admin/admin-ajax.php HTTP/1.1" 200 678 "http://cqqizhou.com/wp-admin/post.php?post=1959&action=elementor" "Mozilla/5.0 (Windows NT 10.0; Win64; x64) AppleWebKit/537.36 (KHTML, like Gecko) Chrome/144.0.0.0 Safari/537.36 Edg/144.0.0.0"
14.108.233.68 - - [02/Feb/2026:10:28:58 +0800] "POST /wp-admin/admin-ajax.php HTTP/1.1" 200 223 "http://cqqizhou.com/wp-admin/post.php?post=1959&action=elementor" "Mozilla/5.0 (Windows NT 10.0; Win64; x64) AppleWebKit/537.36 (KHTML, like Gecko) Chrome/144.0.0.0 Safari/537.36 Edg/144.0.0.0"
36.133.115.36 - - [02/Feb/2026:10:29:12 +0800] "POST /wp-cron.php?doing_wp_cron=1769999352.6562340259552001953125 HTTP/1.1" 200 31 "-" "WordPress/6.9; http://cqqizhou.com"
14.108.233.68 - - [02/Feb/2026:10:29:12 +0800] "POST /wp-admin/admin-ajax.php HTTP/1.1" 200 105 "http://cqqizhou.com/wp-admin/post.php?post=1959&action=elementor" "Mozilla/5.0 (Windows NT 10.0; Win64; x64) AppleWebKit/537.36 (KHTML, like Gecko) Chrome/144.0.0.0 Safari/537.36 Edg/144.0.0.0"
14.108.233.68 - - [02/Feb/2026:10:29:40 +0800] "POST /wp-admin/admin-ajax.php HTTP/1.1" 200 76 "http://cqqizhou.com/wp-admin/edit.php?post_type=page" "Mozilla/5.0 (Windows NT 10.0; Win64; x64) AppleWebKit/537.36 (KHTML, like Gecko) Chrome/144.0.0.0 Safari/537.36 Edg/144.0.0.0"
14.108.233.68 - - [02/Feb/2026:10:29:58 +0800] "GET /wp-json/elementor/v1/checklist/user-progress HTTP/1.1" 200 222 "http://cqqizhou.com/wp-admin/post.php?post=1959&action=elementor" "Mozilla/5.0 (Windows NT 10.0; Win64; x64) AppleWebKit/537.36 (KHTML, like Gecko) Chrome/144.0.0.0 Safari/537.36 Edg/144.0.0.0"
14.108.233.68 - - [02/Feb/2026:10:29:59 +0800] "POST /wp-admin/admin-ajax.php HTTP/1.1" 200 495 "http://cqqizhou.com/wp-admin/post.php?post=1959&action=elementor" "Mozilla/5.0 (Windows NT 10.0; Win64; x64) AppleWebKit/537.36 (KHTML, like Gecko) Chrome/144.0.0.0 Safari/537.36 Edg/144.0.0.0"
14.108.233.68 - - [02/Feb/2026:10:29:59 +0800] "GET /wp-json/elementor/v1/checklist/user-progress HTTP/1.1" 200 222 "http://cqqizhou.com/wp-admin/post.php?post=1959&action=elementor" "Mozilla/5.0 (Windows NT 10.0; Win64; x64) AppleWebKit/537.36 (KHTML, like Gecko) Chrome/144.0.0.0 Safari/537.36 Edg/144.0.0.0"
14.108.233.68 - - [02/Feb/2026:10:30:00 +0800] "POST /wp-admin/admin-ajax.php HTTP/1.1" 200 292 "http://cqqizhou.com/wp-admin/post.php?post=1959&action=elementor" "Mozilla/5.0 (Windows NT 10.0; Win64; x64) AppleWebKit/537.36 (KHTML, like Gecko) Chrome/144.0.0.0 Safari/537.36 Edg/144.0.0.0"
36.133.115.36 - - [02/Feb/2026:10:30:42 +0800] "POST /wp-cron.php?doing_wp_cron=1769999442.2837779521942138671875 HTTP/1.1" 200 31 "-" "WordPress/6.9; http://cqqizhou.com"
14.108.233.68 - - [02/Feb/2026:10:30:42 +0800] "POST /wp-admin/admin-ajax.php HTTP/1.1" 200 105 "http://cqqizhou.com/wp-admin/post.php?post=1959&action=elementor" "Mozilla/5.0 (Windows NT 10.0; Win64; x64) AppleWebKit/537.36 (KHTML, like Gecko) Chrome/144.0.0.0 Safari/537.36 Edg/144.0.0.0"
14.108.233.68 - - [02/Feb/2026:10:30:57 +0800] "POST /wp-admin/admin-ajax.php HTTP/1.1" 200 105 "http://cqqizhou.com/wp-admin/post.php?post=1959&action=elementor" "Mozilla/5.0 (Windows NT 10.0; Win64; x64) AppleWebKit/537.36 (KHTML, like Gecko) Chrome/144.0.0.0 Safari/537.36 Edg/144.0.0.0"
14.108.233.68 - - [02/Feb/2026:10:31:00 +0800] "POST /wp-admin/admin-ajax.php HTTP/1.1" 200 699 "http://cqqizhou.com/wp-admin/post.php?post=1959&action=elementor" "Mozilla/5.0 (Windows NT 10.0; Win64; x64) AppleWebKit/537.36 (KHTML, like Gecko) Chrome/144.0.0.0 Safari/537.36 Edg/144.0.0.0"
14.108.233.68 - - [02/Feb/2026:10:31:00 +0800] "POST /wp-admin/admin-ajax.php HTTP/1.1" 200 448 "http://cqqizhou.com/wp-admin/post.php?post=1959&action=elementor" "Mozilla/5.0 (Windows NT 10.0; Win64; x64) AppleWebKit/537.36 (KHTML, like Gecko) Chrome/144.0.0.0 Safari/537.36 Edg/144.0.0.0"
36.133.115.36 - - [02/Feb/2026:10:31:12 +0800] "POST /wp-cron.php?doing_wp_cron=1769999472.3180799484252929687500 HTTP/1.1" 200 31 "-" "WordPress/6.9; http://cqqizhou.com"
14.108.233.68 - - [02/Feb/2026:10:31:12 +0800] "POST /wp-admin/admin-ajax.php HTTP/1.1" 200 105 "http://cqqizhou.com/wp-admin/post.php?post=1959&action=elementor" "Mozilla/5.0 (Windows NT 10.0; Win64; x64) AppleWebKit/537.36 (KHTML, like Gecko) Chrome/144.0.0.0 Safari/537.36 Edg/144.0.0.0"
14.108.233.68 - - [02/Feb/2026:10:31:27 +0800] "POST /wp-admin/admin-ajax.php HTTP/1.1" 200 105 "http://cqqizhou.com/wp-admin/post.php?post=1959&action=elementor" "Mozilla/5.0 (Windows NT 10.0; Win64; x64) AppleWebKit/537.36 (KHTML, like Gecko) Chrome/144.0.0.0 Safari/537.36 Edg/144.0.0.0"
14.108.233.68 - - [02/Feb/2026:10:31:41 +0800] "POST /wp-admin/admin-ajax.php HTTP/1.1" 200 76 "http://cqqizhou.com/wp-admin/edit.php?post_type=page" "Mozilla/5.0 (Windows NT 10.0; Win64; x64) AppleWebKit/537.36 (KHTML, like Gecko) Chrome/144.0.0.0 Safari/537.36 Edg/144.0.0.0"
36.133.115.36 - - [02/Feb/2026:10:32:08 +0800] "POST /wp-cron.php?doing_wp_cron=1769999528.5026280879974365234375 HTTP/1.1" 200 31 "-" "WordPress/6.9; http://cqqizhou.com"
14.108.233.68 - - [02/Feb/2026:10:32:08 +0800] "GET /wp-json/elementor/v1/checklist/user-progress HTTP/1.1" 200 222 "http://cqqizhou.com/wp-admin/post.php?post=1959&action=elementor" "Mozilla/5.0 (Windows NT 10.0; Win64; x64) AppleWebKit/537.36 (KHTML, like Gecko) Chrome/144.0.0.0 Safari/537.36 Edg/144.0.0.0"
36.133.115.36 - - [02/Feb/2026:10:32:09 +0800] "POST /wp-cron.php?doing_wp_cron=1769999529.4115099906921386718750 HTTP/1.1" 200 31 "-" "WordPress/6.9; http://cqqizhou.com"
14.108.233.68 - - [02/Feb/2026:10:32:09 +0800] "POST /wp-admin/admin-ajax.php HTTP/1.1" 200 496 "http://cqqizhou.com/wp-admin/post.php?post=1959&action=elementor" "Mozilla/5.0 (Windows NT 10.0; Win64; x64) AppleWebKit/537.36 (KHTML, like Gecko) Chrome/144.0.0.0 Safari/537.36 Edg/144.0.0.0"
14.108.233.68 - - [02/Feb/2026:10:32:10 +0800] "GET /wp-json/elementor/v1/checklist/user-progress HTTP/1.1" 200 222 "http://cqqizhou.com/wp-admin/post.php?post=1959&action=elementor" "Mozilla/5.0 (Windows NT 10.0; Win64; x64) AppleWebKit/537.36 (KHTML, like Gecko) Chrome/144.0.0.0 Safari/537.36 Edg/144.0.0.0"
14.108.233.68 - - [02/Feb/2026:10:32:15 +0800] "POST /wp-admin/admin-ajax.php HTTP/1.1" 200 105 "http://cqqizhou.com/wp-admin/post.php?post=1959&action=elementor" "Mozilla/5.0 (Windows NT 10.0; Win64; x64) AppleWebKit/537.36 (KHTML, like Gecko) Chrome/144.0.0.0 Safari/537.36 Edg/144.0.0.0"
14.108.233.68 - - [02/Feb/2026:10:32:30 +0800] "POST /wp-admin/admin-ajax.php HTTP/1.1" 200 105 "http://cqqizhou.com/wp-admin/post.php?post=1959&action=elementor" "Mozilla/5.0 (Windows NT 10.0; Win64; x64) AppleWebKit/537.36 (KHTML, like Gecko) Chrome/144.0.0.0 Safari/537.36 Edg/144.0.0.0"
14.108.233.68 - - [02/Feb/2026:10:32:45 +0800] "POST /wp-admin/admin-ajax.php HTTP/1.1" 200 105 "http://cqqizhou.com/wp-admin/post.php?post=1959&action=elementor" "Mozilla/5.0 (Windows NT 10.0; Win64; x64) AppleWebKit/537.36 (KHTML, like Gecko) Chrome/144.0.0.0 Safari/537.36 Edg/144.0.0.0"
193.142.147.209 - - [02/Feb/2026:10:33:00 +0800] "POST / HTTP/1.1" 200 34749 "-" "Mozilla/5.0 (Windows NT 10.0; Win64; x64) AppleWebKit/537.36"
36.133.115.36 - - [02/Feb/2026:10:33:30 +0800] "POST /wp-cron.php?doing_wp_cron=1769999610.2697110176086425781250 HTTP/1.1" 200 31 "-" "WordPress/6.9; http://cqqizhou.com"
14.108.233.68 - - [02/Feb/2026:10:33:30 +0800] "POST /wp-admin/admin-ajax.php HTTP/1.1" 200 105 "http://cqqizhou.com/wp-admin/post.php?post=1959&action=elementor" "Mozilla/5.0 (Windows NT 10.0; Win64; x64) AppleWebKit/537.36 (KHTML, like Gecko) Chrome/144.0.0.0 Safari/537.36 Edg/144.0.0.0"
14.108.233.68 - - [02/Feb/2026:10:33:42 +0800] "POST /wp-admin/admin-ajax.php HTTP/1.1" 200 76 "http://cqqizhou.com/wp-admin/edit.php?post_type=page" "Mozilla/5.0 (Windows NT 10.0; Win64; x64) AppleWebKit/537.36 (KHTML, like Gecko) Chrome/144.0.0.0 Safari/537.36 Edg/144.0.0.0"
14.108.233.68 - - [02/Feb/2026:10:33:45 +0800] "POST /wp-admin/admin-ajax.php HTTP/1.1" 200 105 "http://cqqizhou.com/wp-admin/post.php?post=1959&action=elementor" "Mozilla/5.0 (Windows NT 10.0; Win64; x64) AppleWebKit/537.36 (KHTML, like Gecko) Chrome/144.0.0.0 Safari/537.36 Edg/144.0.0.0"
36.133.115.36 - - [02/Feb/2026:10:34:57 +0800] "POST /wp-cron.php?doing_wp_cron=1769999697.3214340209960937500000 HTTP/1.1" 200 31 "-" "WordPress/6.9; http://cqqizhou.com"
14.108.233.68 - - [02/Feb/2026:10:34:57 +0800] "POST /wp-admin/admin-ajax.php HTTP/1.1" 200 105 "http://cqqizhou.com/wp-admin/post.php?post=1959&action=elementor" "Mozilla/5.0 (Windows NT 10.0; Win64; x64) AppleWebKit/537.36 (KHTML, like Gecko) Chrome/144.0.0.0 Safari/537.36 Edg/144.0.0.0"
36.133.115.36 - - [02/Feb/2026:10:35:15 +0800] "POST /wp-cron.php?doing_wp_cron=1769999715.9425070285797119140625 HTTP/1.1" 200 31 "-" "WordPress/6.9; http://cqqizhou.com"
14.108.233.68 - - [02/Feb/2026:10:35:15 +0800] "POST /wp-admin/admin-ajax.php HTTP/1.1" 200 633 "http://cqqizhou.com/wp-admin/post.php?post=1959&action=elementor" "Mozilla/5.0 (Windows NT 10.0; Win64; x64) AppleWebKit/537.36 (KHTML, like Gecko) Chrome/144.0.0.0 Safari/537.36 Edg/144.0.0.0"
14.108.233.68 - - [02/Feb/2026:10:35:17 +0800] "POST /wp-admin/admin-ajax.php HTTP/1.1" 200 105 "http://cqqizhou.com/wp-admin/post.php?post=1959&action=elementor" "Mozilla/5.0 (Windows NT 10.0; Win64; x64) AppleWebKit/537.36 (KHTML, like Gecko) Chrome/144.0.0.0 Safari/537.36 Edg/144.0.0.0"
14.108.233.68 - - [02/Feb/2026:10:35:32 +0800] "POST /wp-admin/admin-ajax.php HTTP/1.1" 200 105 "http://cqqizhou.com/wp-admin/post.php?post=1959&action=elementor" "Mozilla/5.0 (Windows NT 10.0; Win64; x64) AppleWebKit/537.36 (KHTML, like Gecko) Chrome/144.0.0.0 Safari/537.36 Edg/144.0.0.0"
14.108.233.68 - - [02/Feb/2026:10:35:35 +0800] "GET /wp-json/elementor/v1/checklist/user-progress HTTP/1.1" 200 222 "http://cqqizhou.com/wp-admin/post.php?post=1959&action=elementor" "Mozilla/5.0 (Windows NT 10.0; Win64; x64) AppleWebKit/537.36 (KHTML, like Gecko) Chrome/144.0.0.0 Safari/537.36 Edg/144.0.0.0"
14.108.233.68 - - [02/Feb/2026:10:35:43 +0800] "POST /wp-admin/admin-ajax.php HTTP/1.1" 200 76 "http://cqqizhou.com/wp-admin/edit.php?post_type=page" "Mozilla/5.0 (Windows NT 10.0; Win64; x64) AppleWebKit/537.36 (KHTML, like Gecko) Chrome/144.0.0.0 Safari/537.36 Edg/144.0.0.0"
14.108.233.68 - - [02/Feb/2026:10:35:47 +0800] "POST /wp-admin/admin-ajax.php HTTP/1.1" 200 105 "http://cqqizhou.com/wp-admin/post.php?post=1959&action=elementor" "Mozilla/5.0 (Windows NT 10.0; Win64; x64) AppleWebKit/537.36 (KHTML, like Gecko) Chrome/144.0.0.0 Safari/537.36 Edg/144.0.0.0"
205.169.39.50 - - [02/Feb/2026:10:36:29 +0800] "GET / HTTP/1.1" 200 35186 "-" "Mozilla/5.0 (Windows NT 10.0; Win64; x64) AppleWebKit/537.36 (KHTML, like Gecko) Chrome/117.0.5938.132 Safari/537.36"
205.169.39.50 - - [02/Feb/2026:10:36:31 +0800] "GET /wp-content/uploads/2025/07/1751425283-qizhou.kf_.qq_.com_.webp HTTP/1.1" 200 16864 "http://cqqizhou.com/" "Mozilla/5.0 (Windows NT 10.0; Win64; x64) AppleWebKit/537.36 (KHTML, like Gecko) Chrome/117.0.5938.132 Safari/537.36"
205.169.39.50 - - [02/Feb/2026:10:36:33 +0800] "GET /wp-content/uploads/2025/07/1750174127-Marketing1920x800_3.webp HTTP/1.1" 200 52790 "http://cqqizhou.com/wp-content/uploads/elementor/css/post-1666.css?ver=1769183108" "Mozilla/5.0 (Windows NT 10.0; Win64; x64) AppleWebKit/537.36 (KHTML, like Gecko) Chrome/117.0.5938.132 Safari/537.36"
205.169.39.50 - - [02/Feb/2026:10:36:34 +0800] "GET /wp-content/uploads/2026/01/1768527483-Article_images_W900%C3%97500px202601161.webp HTTP/1.1" 200 33780 "http://cqqizhou.com/" "Mozilla/5.0 (Windows NT 10.0; Win64; x64) AppleWebKit/537.36 (KHTML, like Gecko) Chrome/117.0.5938.132 Safari/537.36"
205.169.39.50 - - [02/Feb/2026:10:36:34 +0800] "GET /wp-content/uploads/2025/07/1753454089-Article_images_W900px.webp HTTP/1.1" 200 27552 "http://cqqizhou.com/" "Mozilla/5.0 (Windows NT 10.0; Win64; x64) AppleWebKit/537.36 (KHTML, like Gecko) Chrome/117.0.5938.132 Safari/537.36"
205.169.39.50 - - [02/Feb/2026:10:36:34 +0800] "GET /wp-content/uploads/2026/01/1769511379-Article_images_W900%C3%97500px202601271.webp HTTP/1.1" 200 67912 "http://cqqizhou.com/" "Mozilla/5.0 (Windows NT 10.0; Win64; x64) AppleWebKit/537.36 (KHTML, like Gecko) Chrome/117.0.5938.132 Safari/537.36"
205.169.39.50 - - [02/Feb/2026:10:36:34 +0800] "GET /wp-content/uploads/2026/01/1767691466-Article_images_W900%C3%97500px202601061.webp HTTP/1.1" 200 56014 "http://cqqizhou.com/" "Mozilla/5.0 (Windows NT 10.0; Win64; x64) AppleWebKit/537.36 (KHTML, like Gecko) Chrome/117.0.5938.132 Safari/537.36"
205.169.39.50 - - [02/Feb/2026:10:36:34 +0800] "GET /wp-content/uploads/revslider/slider-1/1750861156-logistics_Slider_3840%C3%972160_20250625191356-scaled-2048x1152.webp HTTP/1.1" 200 121796 "http://cqqizhou.com/" "Mozilla/5.0 (Windows NT 10.0; Win64; x64) AppleWebKit/537.36 (KHTML, like Gecko) Chrome/117.0.5938.132 Safari/537.36"
205.169.39.50 - - [02/Feb/2026:10:36:35 +0800] "GET /wp-content/uploads/2025/07/1753456723-%E5%8F%8C%E7%9B%B8%E9%92%A2roduct_Single600.webp HTTP/1.1" 200 22790 "http://cqqizhou.com/" "Mozilla/5.0 (Windows NT 10.0; Win64; x64) AppleWebKit/537.36 (KHTML, like Gecko) Chrome/117.0.5938.132 Safari/537.36"
205.169.39.50 - - [02/Feb/2026:10:36:35 +0800] "GET /wp-content/uploads/2025/07/1753453096-%E5%8F%8C%E7%9B%B8%E9%92%A2product_Single600%C3%97284.webp HTTP/1.1" 200 14562 "http://cqqizhou.com/" "Mozilla/5.0 (Windows NT 10.0; Win64; x64) AppleWebKit/537.36 (KHTML, like Gecko) Chrome/117.0.5938.132 Safari/537.36"
205.169.39.50 - - [02/Feb/2026:10:36:35 +0800] "GET /wp-content/uploads/2025/07/1753453127-%E4%BD%99%E5%8D%B7product_Single600%C3%97284.webp HTTP/1.1" 200 18744 "http://cqqizhou.com/" "Mozilla/5.0 (Windows NT 10.0; Win64; x64) AppleWebKit/537.36 (KHTML, like Gecko) Chrome/117.0.5938.132 Safari/537.36"
205.169.39.50 - - [02/Feb/2026:10:36:35 +0800] "GET /wp-content/uploads/2025/07/1753456770-%E7%83%AD%E9%95%80%E9%94%8C%E5%8D%B7product_Single600.webp HTTP/1.1" 200 27502 "http://cqqizhou.com/" "Mozilla/5.0 (Windows NT 10.0; Win64; x64) AppleWebKit/537.36 (KHTML, like Gecko) Chrome/117.0.5938.132 Safari/537.36"
205.169.39.50 - - [02/Feb/2026:10:36:37 +0800] "GET /wp-content/uploads/2025/12/1765268955-qizhou_Slider1_3840%C3%972160_20251210-scaled.webp HTTP/1.1" 200 152162 "http://cqqizhou.com/" "Mozilla/5.0 (Windows NT 10.0; Win64; x64) AppleWebKit/537.36 (KHTML, like Gecko) Chrome/117.0.5938.132 Safari/537.36"
205.169.39.50 - - [02/Feb/2026:10:36:37 +0800] "GET /wp-content/uploads/2026/01/1768276119-qizhoujiagong_Slider_3840%C3%972160_20260113-scaled-50x100.webp HTTP/1.1" 200 976 "http://cqqizhou.com/" "Mozilla/5.0 (Windows NT 10.0; Win64; x64) AppleWebKit/537.36 (KHTML, like Gecko) Chrome/117.0.5938.132 Safari/537.36"
205.169.39.50 - - [02/Feb/2026:10:36:37 +0800] "GET /wp-content/uploads/revslider/slider-1/1750861156-logistics_Slider_3840%C3%972160_20250625191356-scaled-50x100.webp HTTP/1.1" 200 1416 "http://cqqizhou.com/" "Mozilla/5.0 (Windows NT 10.0; Win64; x64) AppleWebKit/537.36 (KHTML, like Gecko) Chrome/117.0.5938.132 Safari/537.36"
205.169.39.50 - - [02/Feb/2026:10:36:37 +0800] "GET /wp-content/uploads/2026/01/1768276119-qizhoujiagong_Slider_3840%C3%972160_20260113-scaled-50x100.webp HTTP/1.1" 200 976 "http://cqqizhou.com/" "Mozilla/5.0 (Windows NT 10.0; Win64; x64) AppleWebKit/537.36 (KHTML, like Gecko) Chrome/117.0.5938.132 Safari/537.36"
205.169.39.50 - - [02/Feb/2026:10:36:37 +0800] "GET /wp-content/uploads/revslider/slider-1/1750861156-logistics_Slider_3840%C3%972160_20250625191356-scaled-50x100.webp HTTP/1.1" 200 1416 "http://cqqizhou.com/" "Mozilla/5.0 (Windows NT 10.0; Win64; x64) AppleWebKit/537.36 (KHTML, like Gecko) Chrome/117.0.5938.132 Safari/537.36"
205.169.39.50 - - [02/Feb/2026:10:36:38 +0800] "GET /wp-json/sliderrevolution/sliders/1?srengine=7&slideid=2 HTTP/1.1" 200 2000 "http://cqqizhou.com/" "Mozilla/5.0 (Windows NT 10.0; Win64; x64) AppleWebKit/537.36 (KHTML, like Gecko) Chrome/117.0.5938.132 Safari/537.36"
36.133.115.36 - - [02/Feb/2026:10:36:38 +0800] "POST /wp-cron.php?doing_wp_cron=1769999798.4125831127166748046875 HTTP/1.1" 200 31 "-" "WordPress/6.9; http://cqqizhou.com"
205.169.39.50 - - [02/Feb/2026:10:36:38 +0800] "GET /wp-json/sliderrevolution/sliders/1?srengine=7&slideid=4 HTTP/1.1" 200 2580 "http://cqqizhou.com/" "Mozilla/5.0 (Windows NT 10.0; Win64; x64) AppleWebKit/537.36 (KHTML, like Gecko) Chrome/117.0.5938.132 Safari/537.36"
205.169.39.50 - - [02/Feb/2026:10:36:39 +0800] "GET /wp-content/uploads/2026/01/1768276119-qizhoujiagong_Slider_3840%C3%972160_20260113-scaled.webp HTTP/1.1" 200 131696 "http://cqqizhou.com/" "Mozilla/5.0 (Windows NT 10.0; Win64; x64) AppleWebKit/537.36 (KHTML, like Gecko) Chrome/117.0.5938.132 Safari/537.36"
205.169.39.50 - - [02/Feb/2026:10:36:39 +0800] "GET /wp-content/uploads/revslider/slider-1/1750861156-logistics_Slider_3840%C3%972160_20250625191356-scaled.webp HTTP/1.1" 200 197360 "http://cqqizhou.com/" "Mozilla/5.0 (Windows NT 10.0; Win64; x64) AppleWebKit/537.36 (KHTML, like Gecko) Chrome/117.0.5938.132 Safari/537.36"
36.133.115.36 - - [02/Feb/2026:10:37:20 +0800] "POST /wp-cron.php?doing_wp_cron=1769999839.9980690479278564453125 HTTP/1.1" 200 31 "-" "WordPress/6.9; http://cqqizhou.com"
178.213.195.88 - - [02/Feb/2026:10:37:20 +0800] "GET / HTTP/1.1" 200 157284 "-" "Mozilla/5.0 (Windows NT 10.0; WOW64) AppleWebKit/537.36 (KHTML, like Gecko) Chrome/52.0.2743.116 Safari/537.36"
14.108.233.68 - - [02/Feb/2026:10:37:45 +0800] "POST /wp-admin/admin-ajax.php HTTP/1.1" 200 76 "http://cqqizhou.com/wp-admin/edit.php?post_type=page" "Mozilla/5.0 (Windows NT 10.0; Win64; x64) AppleWebKit/537.36 (KHTML, like Gecko) Chrome/144.0.0.0 Safari/537.36 Edg/144.0.0.0"
14.108.233.68 - - [02/Feb/2026:10:37:47 +0800] "POST /wp-admin/admin-ajax.php HTTP/1.1" 200 105 "http://cqqizhou.com/wp-admin/post.php?post=1959&action=elementor" "Mozilla/5.0 (Windows NT 10.0; Win64; x64) AppleWebKit/537.36 (KHTML, like Gecko) Chrome/144.0.0.0 Safari/537.36 Edg/144.0.0.0"
36.133.115.36 - - [02/Feb/2026:10:39:37 +0800] "POST /wp-cron.php?doing_wp_cron=1769999977.5904860496520996093750 HTTP/1.1" 200 31 "-" "WordPress/6.9; http://cqqizhou.com"
14.108.233.68 - - [02/Feb/2026:10:39:37 +0800] "POST /wp-admin/admin-ajax.php HTTP/1.1" 200 104 "http://cqqizhou.com/wp-admin/post.php?post=1959&action=elementor" "Mozilla/5.0 (Windows NT 10.0; Win64; x64) AppleWebKit/537.36 (KHTML, like Gecko) Chrome/144.0.0.0 Safari/537.36 Edg/144.0.0.0"
14.108.233.68 - - [02/Feb/2026:10:39:45 +0800] "POST /wp-admin/admin-ajax.php HTTP/1.1" 200 75 "http://cqqizhou.com/wp-admin/edit.php?post_type=page" "Mozilla/5.0 (Windows NT 10.0; Win64; x64) AppleWebKit/537.36 (KHTML, like Gecko) Chrome/144.0.0.0 Safari/537.36 Edg/144.0.0.0"
14.108.233.68 - - [02/Feb/2026:10:39:56 +0800] "POST /wp-admin/admin-ajax.php HTTP/1.1" 200 103 "http://cqqizhou.com/wp-admin/post.php?post=1959&action=elementor" "Mozilla/5.0 (Windows NT 10.0; Win64; x64) AppleWebKit/537.36 (KHTML, like Gecko) Chrome/144.0.0.0 Safari/537.36 Edg/144.0.0.0"
36.133.115.36 - - [02/Feb/2026:10:40:11 +0800] "POST /wp-cron.php?doing_wp_cron=1770000011.1672589778900146484375 HTTP/1.1" 200 31 "-" "WordPress/6.9; http://cqqizhou.com"
14.108.233.68 - - [02/Feb/2026:10:40:11 +0800] "POST /wp-admin/admin-ajax.php HTTP/1.1" 200 104 "http://cqqizhou.com/wp-admin/post.php?post=1959&action=elementor" "Mozilla/5.0 (Windows NT 10.0; Win64; x64) AppleWebKit/537.36 (KHTML, like Gecko) Chrome/144.0.0.0 Safari/537.36 Edg/144.0.0.0"
36.133.115.36 - - [02/Feb/2026:10:41:46 +0800] "POST /wp-cron.php?doing_wp_cron=1770000106.3453340530395507812500 HTTP/1.1" 200 31 "-" "WordPress/6.9; http://cqqizhou.com"
14.108.233.68 - - [02/Feb/2026:10:41:46 +0800] "POST /wp-admin/admin-ajax.php HTTP/1.1" 200 105 "http://cqqizhou.com/wp-admin/post.php?post=1959&action=elementor" "Mozilla/5.0 (Windows NT 10.0; Win64; x64) AppleWebKit/537.36 (KHTML, like Gecko) Chrome/144.0.0.0 Safari/537.36 Edg/144.0.0.0"
14.108.233.68 - - [02/Feb/2026:10:41:46 +0800] "POST /wp-admin/admin-ajax.php HTTP/1.1" 200 76 "http://cqqizhou.com/wp-admin/edit.php?post_type=page" "Mozilla/5.0 (Windows NT 10.0; Win64; x64) AppleWebKit/537.36 (KHTML, like Gecko) Chrome/144.0.0.0 Safari/537.36 Edg/144.0.0.0"
14.108.233.68 - - [02/Feb/2026:10:42:01 +0800] "POST /wp-admin/admin-ajax.php HTTP/1.1" 200 105 "http://cqqizhou.com/wp-admin/post.php?post=1959&action=elementor" "Mozilla/5.0 (Windows NT 10.0; Win64; x64) AppleWebKit/537.36 (KHTML, like Gecko) Chrome/144.0.0.0 Safari/537.36 Edg/144.0.0.0"
36.133.115.36 - - [02/Feb/2026:10:42:16 +0800] "POST /wp-cron.php?doing_wp_cron=1770000136.3052940368652343750000 HTTP/1.1" 200 31 "-" "WordPress/6.9; http://cqqizhou.com"
14.108.233.68 - - [02/Feb/2026:10:42:16 +0800] "POST /wp-admin/admin-ajax.php HTTP/1.1" 200 105 "http://cqqizhou.com/wp-admin/post.php?post=1959&action=elementor" "Mozilla/5.0 (Windows NT 10.0; Win64; x64) AppleWebKit/537.36 (KHTML, like Gecko) Chrome/144.0.0.0 Safari/537.36 Edg/144.0.0.0"
5.61.209.92 - - [02/Feb/2026:10:42:22 +0800] "GET /SDK/webLanguage HTTP/1.1" 301 5 "-" "Mozilla/5.0 (Windows NT 10.0; Win64; x64) AppleWebKit/537.36 (KHTML, like Gecko) Chrome/90.0.4430.85 Safari/537.36 Edg/90.0.818.46"
14.108.233.68 - - [02/Feb/2026:10:42:31 +0800] "POST /wp-admin/admin-ajax.php HTTP/1.1" 200 105 "http://cqqizhou.com/wp-admin/post.php?post=1959&action=elementor" "Mozilla/5.0 (Windows NT 10.0; Win64; x64) AppleWebKit/537.36 (KHTML, like Gecko) Chrome/144.0.0.0 Safari/537.36 Edg/144.0.0.0"
36.133.115.36 - - [02/Feb/2026:10:43:47 +0800] "POST /wp-cron.php?doing_wp_cron=1770000227.8785879611968994140625 HTTP/1.1" 200 31 "-" "WordPress/6.9; http://cqqizhou.com"
14.108.233.68 - - [02/Feb/2026:10:43:47 +0800] "POST /wp-admin/admin-ajax.php HTTP/1.1" 200 76 "http://cqqizhou.com/wp-admin/edit.php?post_type=page" "Mozilla/5.0 (Windows NT 10.0; Win64; x64) AppleWebKit/537.36 (KHTML, like Gecko) Chrome/144.0.0.0 Safari/537.36 Edg/144.0.0.0"
36.133.115.36 - - [02/Feb/2026:10:44:31 +0800] "POST /wp-cron.php?doing_wp_cron=1770000271.3060910701751708984375 HTTP/1.1" 200 31 "-" "WordPress/6.9; http://cqqizhou.com"
14.108.233.68 - - [02/Feb/2026:10:44:31 +0800] "POST /wp-admin/admin-ajax.php HTTP/1.1" 200 105 "http://cqqizhou.com/wp-admin/post.php?post=1959&action=elementor" "Mozilla/5.0 (Windows NT 10.0; Win64; x64) AppleWebKit/537.36 (KHTML, like Gecko) Chrome/144.0.0.0 Safari/537.36 Edg/144.0.0.0"
36.133.115.36 - - [02/Feb/2026:10:45:48 +0800] "POST /wp-cron.php?doing_wp_cron=1770000348.8519539833068847656250 HTTP/1.1" 200 31 "-" "WordPress/6.9; http://cqqizhou.com"
14.108.233.68 - - [02/Feb/2026:10:45:48 +0800] "POST /wp-admin/admin-ajax.php HTTP/1.1" 200 76 "http://cqqizhou.com/wp-admin/edit.php?post_type=page" "Mozilla/5.0 (Windows NT 10.0; Win64; x64) AppleWebKit/537.36 (KHTML, like Gecko) Chrome/144.0.0.0 Safari/537.36 Edg/144.0.0.0"
36.133.115.36 - - [02/Feb/2026:10:46:31 +0800] "POST /wp-cron.php?doing_wp_cron=1770000391.3549830913543701171875 HTTP/1.1" 200 31 "-" "WordPress/6.9; http://cqqizhou.com"
14.108.233.68 - - [02/Feb/2026:10:46:31 +0800] "POST /wp-admin/admin-ajax.php HTTP/1.1" 200 105 "http://cqqizhou.com/wp-admin/post.php?post=1959&action=elementor" "Mozilla/5.0 (Windows NT 10.0; Win64; x64) AppleWebKit/537.36 (KHTML, like Gecko) Chrome/144.0.0.0 Safari/537.36 Edg/144.0.0.0"
14.108.233.68 - - [02/Feb/2026:10:46:47 +0800] "POST /wp-admin/admin-ajax.php HTTP/1.1" 200 105 "http://cqqizhou.com/wp-admin/post.php?post=1959&action=elementor" "Mozilla/5.0 (Windows NT 10.0; Win64; x64) AppleWebKit/537.36 (KHTML, like Gecko) Chrome/144.0.0.0 Safari/537.36 Edg/144.0.0.0"
14.108.233.68 - - [02/Feb/2026:10:47:02 +0800] "POST /wp-admin/admin-ajax.php HTTP/1.1" 200 105 "http://cqqizhou.com/wp-admin/post.php?post=1959&action=elementor" "Mozilla/5.0 (Windows NT 10.0; Win64; x64) AppleWebKit/537.36 (KHTML, like Gecko) Chrome/144.0.0.0 Safari/537.36 Edg/144.0.0.0"
36.133.115.36 - - [02/Feb/2026:10:47:17 +0800] "POST /wp-cron.php?doing_wp_cron=1770000437.4543550014495849609375 HTTP/1.1" 200 31 "-" "WordPress/6.9; http://cqqizhou.com"
14.108.233.68 - - [02/Feb/2026:10:47:17 +0800] "POST /wp-admin/admin-ajax.php HTTP/1.1" 200 105 "http://cqqizhou.com/wp-admin/post.php?post=1959&action=elementor" "Mozilla/5.0 (Windows NT 10.0; Win64; x64) AppleWebKit/537.36 (KHTML, like Gecko) Chrome/144.0.0.0 Safari/537.36 Edg/144.0.0.0"
71.6.158.166 - - [02/Feb/2026:10:47:28 +0800] "GET / HTTP/1.1" 301 5 "-" "Mozilla/5.0 (Windows NT 6.1) AppleWebKit/537.36 (KHTML, like Gecko) Chrome/41.0.2228.0 Safari/537.36"
71.6.158.166 - - [02/Feb/2026:10:47:30 +0800] "GET / HTTP/1.1" 200 158943 "-" "Mozilla/5.0 (Windows NT 6.1) AppleWebKit/537.36 (KHTML, like Gecko) Chrome/41.0.2228.0 Safari/537.36"
71.6.158.166 - - [02/Feb/2026:10:47:32 +0800] "GET /robots.txt HTTP/1.1" 200 390 "-" "-"
71.6.158.166 - - [02/Feb/2026:10:47:36 +0800] "GET /sitemap.xml HTTP/1.1" 301 5 "-" "-"
71.6.158.166 - - [02/Feb/2026:10:47:40 +0800] "GET /.well-known/security.txt HTTP/1.1" 404 31367 "-" "-"
14.108.233.68 - - [02/Feb/2026:10:47:49 +0800] "POST /wp-admin/admin-ajax.php HTTP/1.1" 200 76 "http://cqqizhou.com/wp-admin/edit.php?post_type=page" "Mozilla/5.0 (Windows NT 10.0; Win64; x64) AppleWebKit/537.36 (KHTML, like Gecko) Chrome/144.0.0.0 Safari/537.36 Edg/144.0.0.0"
36.133.115.36 - - [02/Feb/2026:10:49:01 +0800] "POST /wp-cron.php?doing_wp_cron=1770000541.8200058937072753906250 HTTP/1.1" 200 31 "-" "WordPress/6.9; http://cqqizhou.com"
14.108.233.68 - - [02/Feb/2026:10:49:01 +0800] "POST /wp-admin/admin-ajax.php HTTP/1.1" 200 105 "http://cqqizhou.com/wp-admin/post.php?post=1959&action=elementor" "Mozilla/5.0 (Windows NT 10.0; Win64; x64) AppleWebKit/537.36 (KHTML, like Gecko) Chrome/144.0.0.0 Safari/537.36 Edg/144.0.0.0"
36.133.115.36 - - [02/Feb/2026:10:49:16 +0800] "POST /wp-cron.php?doing_wp_cron=1770000556.4064509868621826171875 HTTP/1.1" 200 31 "-" "WordPress/6.9; http://cqqizhou.com"
14.108.233.68 - - [02/Feb/2026:10:49:16 +0800] "POST /wp-admin/admin-ajax.php HTTP/1.1" 200 105 "http://cqqizhou.com/wp-admin/post.php?post=1959&action=elementor" "Mozilla/5.0 (Windows NT 10.0; Win64; x64) AppleWebKit/537.36 (KHTML, like Gecko) Chrome/144.0.0.0 Safari/537.36 Edg/144.0.0.0"
147.185.132.61 - - [02/Feb/2026:10:49:27 +0800] "GET / HTTP/1.0" 301 0 "-" "Hello from Palo Alto Networks, find out more about our scans in https://docs-cortex.paloaltonetworks.com/r/1/Cortex-Xpanse/Scanning-activity"
14.108.233.68 - - [02/Feb/2026:10:49:41 +0800] "POST /wp-admin/admin-ajax.php HTTP/1.1" 200 105 "http://cqqizhou.com/wp-admin/post.php?post=1959&action=elementor" "Mozilla/5.0 (Windows NT 10.0; Win64; x64) AppleWebKit/537.36 (KHTML, like Gecko) Chrome/144.0.0.0 Safari/537.36 Edg/144.0.0.0"
14.108.233.68 - - [02/Feb/2026:10:49:47 +0800] "POST /wp-admin/admin-ajax.php HTTP/1.1" 200 76 "http://cqqizhou.com/wp-admin/edit.php?post_type=page" "Mozilla/5.0 (Windows NT 10.0; Win64; x64) AppleWebKit/537.36 (KHTML, like Gecko) Chrome/144.0.0.0 Safari/537.36 Edg/144.0.0.0"
14.108.233.68 - - [02/Feb/2026:10:49:50 +0800] "GET /logistics/ HTTP/1.1" 200 32996 "http://cqqizhou.com/wp-admin/edit.php?post_type=page" "Mozilla/5.0 (Windows NT 10.0; Win64; x64) AppleWebKit/537.36 (KHTML, like Gecko) Chrome/144.0.0.0 Safari/537.36 Edg/144.0.0.0"
14.108.233.68 - - [02/Feb/2026:10:49:51 +0800] "GET /wp-json/contact-form-7/v1/contact-forms/1444/feedback/schema HTTP/1.1" 200 270 "http://cqqizhou.com/logistics/" "Mozilla/5.0 (Windows NT 10.0; Win64; x64) AppleWebKit/537.36 (KHTML, like Gecko) Chrome/144.0.0.0 Safari/537.36 Edg/144.0.0.0"
14.108.233.68 - - [02/Feb/2026:10:49:52 +0800] "GET /wp-json/contact-form-7/v1/contact-forms/1444/refill HTTP/1.1" 200 33 "http://cqqizhou.com/logistics/" "Mozilla/5.0 (Windows NT 10.0; Win64; x64) AppleWebKit/537.36 (KHTML, like Gecko) Chrome/144.0.0.0 Safari/537.36 Edg/144.0.0.0"
14.108.233.68 - - [02/Feb/2026:10:49:56 +0800] "POST /wp-admin/admin-ajax.php HTTP/1.1" 200 105 "http://cqqizhou.com/wp-admin/post.php?post=1959&action=elementor" "Mozilla/5.0 (Windows NT 10.0; Win64; x64) AppleWebKit/537.36 (KHTML, like Gecko) Chrome/144.0.0.0 Safari/537.36 Edg/144.0.0.0"
14.108.233.68 - - [02/Feb/2026:10:49:57 +0800] "POST /wp-admin/admin-ajax.php HTTP/1.1" 200 76 "http://cqqizhou.com/wp-admin/edit.php?post_type=page" "Mozilla/5.0 (Windows NT 10.0; Win64; x64) AppleWebKit/537.36 (KHTML, like Gecko) Chrome/144.0.0.0 Safari/537.36 Edg/144.0.0.0"
14.108.233.68 - - [02/Feb/2026:10:50:01 +0800] "GET /wp-json/elementor/v1/checklist/user-progress HTTP/1.1" 200 222 "http://cqqizhou.com/wp-admin/post.php?post=1959&action=elementor" "Mozilla/5.0 (Windows NT 10.0; Win64; x64) AppleWebKit/537.36 (KHTML, like Gecko) Chrome/144.0.0.0 Safari/537.36 Edg/144.0.0.0"
14.108.233.68 - - [02/Feb/2026:10:50:03 +0800] "GET /contacts/ HTTP/1.1" 200 26815 "http://cqqizhou.com/logistics/?elementor-preview=1959&ver=1769999133" "Mozilla/5.0 (Windows NT 10.0; Win64; x64) AppleWebKit/537.36 (KHTML, like Gecko) Chrome/144.0.0.0 Safari/537.36 Edg/144.0.0.0"
36.133.115.36 - - [02/Feb/2026:10:50:08 +0800] "POST /wp-cron.php?doing_wp_cron=1770000608.0224080085754394531250 HTTP/1.1" 200 31 "-" "WordPress/6.9; http://cqqizhou.com"
14.108.233.68 - - [02/Feb/2026:10:50:08 +0800] "POST /wp-admin/admin-ajax.php HTTP/1.1" 200 699 "http://cqqizhou.com/wp-admin/post.php?post=1959&action=elementor" "Mozilla/5.0 (Windows NT 10.0; Win64; x64) AppleWebKit/537.36 (KHTML, like Gecko) Chrome/144.0.0.0 Safari/537.36 Edg/144.0.0.0"
14.108.233.68 - - [02/Feb/2026:10:50:11 +0800] "POST /wp-admin/admin-ajax.php HTTP/1.1" 200 105 "http://cqqizhou.com/wp-admin/post.php?post=1959&action=elementor" "Mozilla/5.0 (Windows NT 10.0; Win64; x64) AppleWebKit/537.36 (KHTML, like Gecko) Chrome/144.0.0.0 Safari/537.36 Edg/144.0.0.0"
14.108.233.68 - - [02/Feb/2026:10:50:15 +0800] "POST /wp-admin/admin-ajax.php HTTP/1.1" 200 678 "http://cqqizhou.com/wp-admin/post.php?post=1959&action=elementor" "Mozilla/5.0 (Windows NT 10.0; Win64; x64) AppleWebKit/537.36 (KHTML, like Gecko) Chrome/144.0.0.0 Safari/537.36 Edg/144.0.0.0"
14.108.233.68 - - [02/Feb/2026:10:50:26 +0800] "POST /wp-admin/admin-ajax.php HTTP/1.1" 200 105 "http://cqqizhou.com/wp-admin/post.php?post=1959&action=elementor" "Mozilla/5.0 (Windows NT 10.0; Win64; x64) AppleWebKit/537.36 (KHTML, like Gecko) Chrome/144.0.0.0 Safari/537.36 Edg/144.0.0.0"
14.108.233.68 - - [02/Feb/2026:10:50:41 +0800] "POST /wp-admin/admin-ajax.php HTTP/1.1" 200 105 "http://cqqizhou.com/wp-admin/post.php?post=1959&action=elementor" "Mozilla/5.0 (Windows NT 10.0; Win64; x64) AppleWebKit/537.36 (KHTML, like Gecko) Chrome/144.0.0.0 Safari/537.36 Edg/144.0.0.0"
14.108.233.68 - - [02/Feb/2026:10:50:56 +0800] "POST /wp-admin/admin-ajax.php HTTP/1.1" 200 105 "http://cqqizhou.com/wp-admin/post.php?post=1959&action=elementor" "Mozilla/5.0 (Windows NT 10.0; Win64; x64) AppleWebKit/537.36 (KHTML, like Gecko) Chrome/144.0.0.0 Safari/537.36 Edg/144.0.0.0"
36.133.115.36 - - [02/Feb/2026:10:51:11 +0800] "POST /wp-cron.php?doing_wp_cron=1770000671.8609941005706787109375 HTTP/1.1" 200 31 "-" "WordPress/6.9; http://cqqizhou.com"
14.108.233.68 - - [02/Feb/2026:10:51:11 +0800] "POST /wp-admin/admin-ajax.php HTTP/1.1" 200 105 "http://cqqizhou.com/wp-admin/post.php?post=1959&action=elementor" "Mozilla/5.0 (Windows NT 10.0; Win64; x64) AppleWebKit/537.36 (KHTML, like Gecko) Chrome/144.0.0.0 Safari/537.36 Edg/144.0.0.0"
