111.229.99.87 - - [02/Feb/2026:19:30:07 +0800] "GET /wp-content/uploads/2025/07/1751425283-qizhou.kf_.qq_.com_.webp HTTP/1.1" 200 16864 "http://cqqizhou.com/2440/" "Mozilla/5.0 (iPhone; CPU iPhone OS 14_4 like Mac OS X) AppleWebKit/605.1.15 (KHTML, like Gecko) Version/17.0 Mobile/15E148 Safari/604.1"
111.229.99.87 - - [02/Feb/2026:19:30:07 +0800] "GET /wp-content/uploads/2026/01/1768527485-Article_images_W900%C3%97500px202601164.webp HTTP/1.1" 200 52448 "http://cqqizhou.com/2440/" "Mozilla/5.0 (iPhone; CPU iPhone OS 14_4 like Mac OS X) AppleWebKit/605.1.15 (KHTML, like Gecko) Version/17.0 Mobile/15E148 Safari/604.1"
180.163.28.114 - - [02/Feb/2026:19:30:39 +0800] "GET /2440/ HTTP/1.1" 200 21759 "-" "Mozilla/5.0 (Windows NT 10.0; Win64; x64) AppleWebKit/537.36 (KHTML, like Gecko) Chrome/135.0.0.0 Safari/537.36"
59.173.111.168 - - [02/Feb/2026:19:31:49 +0800] "GET / HTTP/1.1" 200 35185 "-" "Mozilla/5.0 (Macintosh; Intel Mac OS X 10_15_7) AppleWebKit/605.1.15 (KHTML, like Gecko) Version/17.2.1 Safari/605.1.15"
36.133.115.36 - - [02/Feb/2026:19:58:01 +0800] "POST /wp-cron.php?doing_wp_cron=1770033481.7079598903656005859375 HTTP/1.1" 200 31 "-" "WordPress/6.9; http://cqqizhou.com"
146.19.24.133 - - [02/Feb/2026:19:58:01 +0800] "GET / HTTP/1.1" 200 109837 "-" "Mozilla/5.0 (Macintosh; Intel Mac OS X 10_15_7) AppleWebKit/537.36 (KHTML, like Gecko) Chrome/142.0.0.0 Safari/537.36"
52.167.144.157 - - [02/Feb/2026:20:00:28 +0800] "GET /2163/ HTTP/1.1" 200 23704 "-" "Mozilla/5.0 AppleWebKit/537.36 (KHTML, like Gecko; compatible; bingbot/2.0; +http://www.bing.com/bingbot.htm) Chrome/116.0.1938.76 Safari/537.36"
36.133.115.36 - - [02/Feb/2026:20:03:51 +0800] "POST /wp-cron.php?doing_wp_cron=1770033831.3125350475311279296875 HTTP/1.1" 200 31 "-" "WordPress/6.9; http://cqqizhou.com"
207.180.220.222 - - [02/Feb/2026:20:03:51 +0800] "GET /wp-login.php HTTP/1.1" 200 2852 "-" "Mozilla/5.0 (X11; Linux x86_64) AppleWebKit/537.36 (KHTML, like Gecko) Chrome/121.0.6167.85 Safari/537.36"
207.180.220.222 - - [02/Feb/2026:20:03:52 +0800] "POST /wp-login.php HTTP/1.1" 200 3068 "http://CQQIZHOU.COM/wp-login.php" "Mozilla/5.0 (X11; Ubuntu; Linux x86_64) AppleWebKit/537.36 (KHTML, like Gecko) Chrome/121.0.6167.85 Safari/537.36"
207.180.220.222 - - [02/Feb/2026:20:03:57 +0800] "POST /wp-login.php HTTP/1.1" 200 3074 "http://CQQIZHOU.COM/wp-login.php" "Mozilla/5.0 (Macintosh; Intel Mac OS X 10_15_7) AppleWebKit/537.36 (KHTML, like Gecko) Chrome/118.0.5993.88 Safari/537.36"
207.180.220.222 - - [02/Feb/2026:20:04:00 +0800] "POST /wp-login.php HTTP/1.1" 200 3074 "http://CQQIZHOU.COM/wp-login.php" "Mozilla/5.0 (Macintosh; Intel Mac OS X 13_6_2) AppleWebKit/537.36 (KHTML, like Gecko) Chrome/119.0.6045.159 Safari/537.36"
207.180.220.222 - - [02/Feb/2026:20:04:04 +0800] "POST /wp-login.php HTTP/1.1" 200 3074 "http://CQQIZHOU.COM/wp-login.php" "Mozilla/5.0 (Windows NT 10.0; Win64; x64) AppleWebKit/537.36 (KHTML, like Gecko) Chrome/119.0.0.0 Safari/537.36 Edg/119.0.2151.97"
36.133.115.36 - - [02/Feb/2026:20:04:08 +0800] "POST /wp-cron.php?doing_wp_cron=1770033848.0032498836517333984375 HTTP/1.1" 200 31 "-" "WordPress/6.9; http://cqqizhou.com"
207.180.220.222 - - [02/Feb/2026:20:04:08 +0800] "POST /wp-login.php HTTP/1.1" 200 3069 "http://CQQIZHOU.COM/wp-login.php" "Mozilla/5.0 (Windows NT 10.0; Win64; x64) AppleWebKit/537.36 (KHTML, like Gecko) Chrome/121.0.0.0 Safari/537.36 Edg/121.0.2277.83"
207.180.220.222 - - [02/Feb/2026:20:04:11 +0800] "POST /wp-login.php HTTP/1.1" 200 3070 "http://CQQIZHOU.COM/wp-login.php" "Mozilla/5.0 (Windows NT 11.0; Win64; x64) AppleWebKit/537.36 (KHTML, like Gecko) Chrome/119.0.6045.159 Safari/537.36"
207.180.220.222 - - [02/Feb/2026:20:04:15 +0800] "POST /wp-login.php HTTP/1.1" 200 3075 "http://CQQIZHOU.COM/wp-login.php" "Mozilla/5.0 (X11; Ubuntu; Linux x86_64) AppleWebKit/537.36 (KHTML, like Gecko) Chrome/120.0.6099.130 Safari/537.36"
207.180.220.222 - - [02/Feb/2026:20:04:19 +0800] "POST /wp-login.php HTTP/1.1" 200 3069 "http://CQQIZHOU.COM/wp-login.php" "Mozilla/5.0 (Macintosh; Intel Mac OS X 10.15) Gecko/20100101 Firefox/120.0.1"
207.180.220.222 - - [02/Feb/2026:20:04:23 +0800] "POST /wp-login.php HTTP/1.1" 200 3069 "http://CQQIZHOU.COM/wp-login.php" "Mozilla/5.0 (Windows NT 10.0; Win64; x64) AppleWebKit/537.36 (KHTML, like Gecko) Chrome/121.0.0.0 Safari/537.36 Edg/121.0.2277.83"
207.180.220.222 - - [02/Feb/2026:20:04:26 +0800] "POST /wp-login.php HTTP/1.1" 200 3070 "http://CQQIZHOU.COM/wp-login.php" "Mozilla/5.0 (Macintosh; Intel Mac OS X 10.15) Gecko/20100101 Firefox/120.0.1"
207.180.220.222 - - [02/Feb/2026:20:04:30 +0800] "POST /wp-login.php HTTP/1.1" 200 3081 "http://CQQIZHOU.COM/wp-login.php" "Mozilla/5.0 (Macintosh; Intel Mac OS X 12_6_2) AppleWebKit/605.1.15 (KHTML, like Gecko) Version/16.6.1 Safari/605.1.15"
207.180.220.222 - - [02/Feb/2026:20:04:34 +0800] "POST /wp-login.php HTTP/1.1" 200 3071 "http://CQQIZHOU.COM/wp-login.php" "Mozilla/5.0 (Windows NT 11.0; Win64; x64) AppleWebKit/537.36 (KHTML, like Gecko) Chrome/122.0.6261.57 Safari/537.36"
207.180.220.222 - - [02/Feb/2026:20:04:37 +0800] "POST /wp-login.php HTTP/1.1" 200 3075 "http://CQQIZHOU.COM/wp-login.php" "Mozilla/5.0 (Macintosh; Intel Mac OS X 13_6_2) AppleWebKit/537.36 (KHTML, like Gecko) Chrome/121.0.6167.85 Safari/537.36"
207.180.220.222 - - [02/Feb/2026:20:04:41 +0800] "POST /wp-login.php HTTP/1.1" 200 2984 "http://CQQIZHOU.COM/wp-login.php" "Mozilla/5.0 (Windows NT 10.0; Win64; x64) Gecko/20100101 Firefox/120.0.1"
207.180.220.222 - - [02/Feb/2026:20:04:45 +0800] "POST /wp-login.php HTTP/1.1" 200 3071 "http://CQQIZHOU.COM/wp-login.php" "Mozilla/5.0 (X11; Linux x86_64) AppleWebKit/537.36 (KHTML, like Gecko) Chrome/119.0.6045.159 Safari/537.36"
207.180.220.222 - - [02/Feb/2026:20:04:49 +0800] "POST /wp-login.php HTTP/1.1" 200 3072 "http://CQQIZHOU.COM/wp-login.php" "Mozilla/5.0 (Macintosh; Intel Mac OS X 10_15_7) AppleWebKit/537.36 (KHTML, like Gecko) Chrome/120.0.6099.130 Safari/537.36"
207.180.220.222 - - [02/Feb/2026:20:04:52 +0800] "POST /wp-login.php HTTP/1.1" 200 3077 "http://CQQIZHOU.COM/wp-login.php" "Mozilla/5.0 (Windows NT 10.0; Win64; x64) AppleWebKit/537.36 (KHTML, like Gecko) Chrome/121.0.0.0 Safari/537.36 Edg/121.0.2277.83"
207.180.220.222 - - [02/Feb/2026:20:04:57 +0800] "POST /wp-login.php HTTP/1.1" 200 3072 "http://CQQIZHOU.COM/wp-login.php" "Mozilla/5.0 (Macintosh; Intel Mac OS X 12_6_2) AppleWebKit/605.1.15 (KHTML, like Gecko) Version/16.6.1 Safari/605.1.15"
207.180.220.222 - - [02/Feb/2026:20:05:00 +0800] "POST /wp-login.php HTTP/1.1" 200 2984 "http://CQQIZHOU.COM/wp-login.php" "Mozilla/5.0 (Macintosh; Intel Mac OS X 10_15_7) AppleWebKit/605.1.15 (KHTML, like Gecko) Version/16.6.1 Safari/605.1.15"
207.180.220.222 - - [02/Feb/2026:20:05:04 +0800] "POST /wp-login.php HTTP/1.1" 200 3071 "http://CQQIZHOU.COM/wp-login.php" "Mozilla/5.0 (Macintosh; Intel Mac OS X 10.15) Gecko/20100101 Firefox/121.0"
36.133.115.36 - - [02/Feb/2026:20:05:08 +0800] "POST /wp-cron.php?doing_wp_cron=1770033908.5921790599822998046875 HTTP/1.1" 200 31 "-" "WordPress/6.9; http://cqqizhou.com"
207.180.220.222 - - [02/Feb/2026:20:05:08 +0800] "POST /wp-login.php HTTP/1.1" 200 3070 "http://CQQIZHOU.COM/wp-login.php" "Mozilla/5.0 (Windows NT 10.0; Win64; x64) AppleWebKit/537.36 (KHTML, like Gecko) Chrome/119.0.0.0 Safari/537.36 Edg/119.0.2151.97"
207.180.220.222 - - [02/Feb/2026:20:05:22 +0800] "POST /wp-login.php HTTP/1.1" 200 3072 "http://CQQIZHOU.COM/wp-login.php" "Mozilla/5.0 (X11; Linux x86_64) AppleWebKit/537.36 (KHTML, like Gecko) Chrome/119.0.6045.159 Safari/537.36"
207.180.220.222 - - [02/Feb/2026:20:05:26 +0800] "POST /wp-login.php HTTP/1.1" 200 3077 "http://CQQIZHOU.COM/wp-login.php" "Mozilla/5.0 (X11; Linux x86_64) Gecko/20100101 Firefox/121.0"
207.180.220.222 - - [02/Feb/2026:20:05:29 +0800] "POST /wp-login.php HTTP/1.1" 200 3017 "http://CQQIZHOU.COM/wp-login.php" "Mozilla/5.0 (Windows NT 10.0; Win64; x64) AppleWebKit/537.36 (KHTML, like Gecko) Chrome/121.0.0.0 Safari/537.36 Edg/121.0.2277.83"
207.180.220.222 - - [02/Feb/2026:20:05:33 +0800] "POST /wp-login.php HTTP/1.1" 200 3075 "http://CQQIZHOU.COM/wp-login.php" "Mozilla/5.0 (Macintosh; Intel Mac OS X 10_15_7) AppleWebKit/605.1.15 (KHTML, like Gecko) Version/17.0 Safari/605.1.15"
207.180.220.222 - - [02/Feb/2026:20:05:38 +0800] "POST /wp-login.php HTTP/1.1" 200 3071 "http://CQQIZHOU.COM/wp-login.php" "Mozilla/5.0 (X11; Ubuntu; Linux x86_64) AppleWebKit/537.36 (KHTML, like Gecko) Chrome/121.0.6167.85 Safari/537.36"
207.180.220.222 - - [02/Feb/2026:20:05:42 +0800] "POST /wp-login.php HTTP/1.1" 200 3017 "http://CQQIZHOU.COM/wp-login.php" "Mozilla/5.0 (Macintosh; Intel Mac OS X 13_6_1) AppleWebKit/605.1.15 (KHTML, like Gecko) Version/17.2.1 Safari/605.1.15"
207.180.220.222 - - [02/Feb/2026:20:05:45 +0800] "POST /wp-login.php HTTP/1.1" 200 3070 "http://CQQIZHOU.COM/wp-login.php" "Mozilla/5.0 (Macintosh; Intel Mac OS X 10_15_7) AppleWebKit/605.1.15 (KHTML, like Gecko) Version/17.0 Safari/605.1.15"
207.180.220.222 - - [02/Feb/2026:20:05:49 +0800] "POST /wp-login.php HTTP/1.1" 200 3070 "http://CQQIZHOU.COM/wp-login.php" "Mozilla/5.0 (X11; Ubuntu; Linux x86_64) AppleWebKit/537.36 (KHTML, like Gecko) Chrome/118.0.5993.88 Safari/537.36"
207.180.220.222 - - [02/Feb/2026:20:05:52 +0800] "POST /wp-login.php HTTP/1.1" 200 3074 "http://CQQIZHOU.COM/wp-login.php" "Mozilla/5.0 (Macintosh; Intel Mac OS X 10_15_7) AppleWebKit/537.36 (KHTML, like Gecko) Chrome/122.0.6261.57 Safari/537.36"
207.180.220.222 - - [02/Feb/2026:20:05:57 +0800] "POST /wp-login.php HTTP/1.1" 200 3075 "http://CQQIZHOU.COM/wp-login.php" "Mozilla/5.0 (Windows NT 10.0; Win64; x64) AppleWebKit/537.36 (KHTML, like Gecko) Chrome/119.0.0.0 Safari/537.36 Edg/119.0.2151.97"
207.180.220.222 - - [02/Feb/2026:20:06:01 +0800] "POST /wp-login.php HTTP/1.1" 200 3071 "http://CQQIZHOU.COM/wp-login.php" "Mozilla/5.0 (Macintosh; Intel Mac OS X 10_15_7) AppleWebKit/537.36 (KHTML, like Gecko) Chrome/122.0.6261.57 Safari/537.36"
207.180.220.222 - - [02/Feb/2026:20:06:04 +0800] "POST /wp-login.php HTTP/1.1" 200 3069 "http://CQQIZHOU.COM/wp-login.php" "Mozilla/5.0 (Macintosh; Intel Mac OS X 10.15) Gecko/20100101 Firefox/118.0.2"
207.180.220.222 - - [02/Feb/2026:20:06:07 +0800] "POST /wp-login.php HTTP/1.1" 200 3072 "http://CQQIZHOU.COM/wp-login.php" "Mozilla/5.0 (Windows NT 10.0; Win64; x64) AppleWebKit/537.36 (KHTML, like Gecko) Chrome/119.0.0.0 Safari/537.36 Edg/119.0.2151.97"
36.133.115.36 - - [02/Feb/2026:20:06:11 +0800] "POST /wp-cron.php?doing_wp_cron=1770033971.3157610893249511718750 HTTP/1.1" 200 31 "-" "WordPress/6.9; http://cqqizhou.com"
207.180.220.222 - - [02/Feb/2026:20:06:11 +0800] "POST /wp-login.php HTTP/1.1" 200 3072 "http://CQQIZHOU.COM/wp-login.php" "Mozilla/5.0 (Windows NT 10.0; Win64; x64) AppleWebKit/537.36 (KHTML, like Gecko) Chrome/121.0.6167.85 Safari/537.36"
207.180.220.222 - - [02/Feb/2026:20:06:16 +0800] "POST /wp-login.php HTTP/1.1" 200 3078 "http://CQQIZHOU.COM/wp-login.php" "Mozilla/5.0 (Macintosh; Intel Mac OS X 13_6_2) AppleWebKit/537.36 (KHTML, like Gecko) Chrome/119.0.6045.159 Safari/537.36"
207.180.220.222 - - [02/Feb/2026:20:06:19 +0800] "POST /wp-login.php HTTP/1.1" 200 3073 "http://CQQIZHOU.COM/wp-login.php" "Mozilla/5.0 (Windows NT 10.0; Win64; x64) Gecko/20100101 Firefox/122.0"
207.180.220.222 - - [02/Feb/2026:20:06:22 +0800] "POST /wp-login.php HTTP/1.1" 200 3071 "http://CQQIZHOU.COM/wp-login.php" "Mozilla/5.0 (Windows NT 10.0; Win64; x64) AppleWebKit/537.36 (KHTML, like Gecko) Chrome/121.0.6167.85 Safari/537.36"
207.180.220.222 - - [02/Feb/2026:20:06:26 +0800] "POST /wp-login.php HTTP/1.1" 200 3070 "http://CQQIZHOU.COM/wp-login.php" "Mozilla/5.0 (X11; Ubuntu; Linux x86_64; rv:120.0.1) Gecko/20100101 Firefox/120.0.1"
207.180.220.222 - - [02/Feb/2026:20:06:30 +0800] "POST /wp-login.php HTTP/1.1" 200 3072 "http://CQQIZHOU.COM/wp-login.php" "Mozilla/5.0 (Macintosh; Intel Mac OS X 10.15) Gecko/20100101 Firefox/121.0"
207.180.220.222 - - [02/Feb/2026:20:06:34 +0800] "POST /wp-login.php HTTP/1.1" 200 3017 "http://CQQIZHOU.COM/wp-login.php" "Mozilla/5.0 (Windows NT 10.0; Win64; x64) AppleWebKit/537.36 (KHTML, like Gecko) Chrome/120.0.0.0 Safari/537.36 Edg/120.0.2210.133"
207.180.220.222 - - [02/Feb/2026:20:06:39 +0800] "POST /wp-login.php HTTP/1.1" 200 3017 "http://CQQIZHOU.COM/wp-login.php" "Mozilla/5.0 (Windows NT 10.0; Win64; x64) AppleWebKit/537.36 (KHTML, like Gecko) Chrome/120.0.0.0 Safari/537.36 Edg/120.0.2210.133"
207.180.220.222 - - [02/Feb/2026:20:06:44 +0800] "POST /wp-login.php HTTP/1.1" 200 3073 "http://CQQIZHOU.COM/wp-login.php" "Mozilla/5.0 (X11; Linux x86_64) AppleWebKit/537.36 (KHTML, like Gecko) Chrome/118.0.5993.88 Safari/537.36"
207.180.220.222 - - [02/Feb/2026:20:06:48 +0800] "POST /wp-login.php HTTP/1.1" 200 3080 "http://CQQIZHOU.COM/wp-login.php" "Mozilla/5.0 (Macintosh; Intel Mac OS X 10_15_7) AppleWebKit/605.1.15 (KHTML, like Gecko) Version/16.6.1 Safari/605.1.15"
207.180.220.222 - - [02/Feb/2026:20:06:52 +0800] "POST /wp-login.php HTTP/1.1" 200 3070 "http://CQQIZHOU.COM/wp-login.php" "Mozilla/5.0 (X11; Linux x86_64) AppleWebKit/537.36 (KHTML, like Gecko) Chrome/120.0.6099.130 Safari/537.36"
207.180.220.222 - - [02/Feb/2026:20:06:57 +0800] "POST /wp-login.php HTTP/1.1" 200 2984 "http://CQQIZHOU.COM/wp-login.php" "Mozilla/5.0 (Macintosh; Intel Mac OS X 10_15_7) AppleWebKit/537.36 (KHTML, like Gecko) Chrome/120.0.6099.130 Safari/537.36"
207.180.220.222 - - [02/Feb/2026:20:07:06 +0800] "POST /wp-login.php HTTP/1.1" 200 3071 "http://CQQIZHOU.COM/wp-login.php" "Mozilla/5.0 (Windows NT 10.0; Win64; x64) AppleWebKit/537.36 (KHTML, like Gecko) Chrome/119.0.6045.159 Safari/537.36"
36.133.115.36 - - [02/Feb/2026:20:07:12 +0800] "POST /wp-cron.php?doing_wp_cron=1770034032.3731250762939453125000 HTTP/1.1" 200 31 "-" "WordPress/6.9; http://cqqizhou.com"
207.180.220.222 - - [02/Feb/2026:20:07:12 +0800] "POST /wp-login.php HTTP/1.1" 200 3070 "http://CQQIZHOU.COM/wp-login.php" "Mozilla/5.0 (Macintosh; Intel Mac OS X 12_6_2) AppleWebKit/605.1.15 (KHTML, like Gecko) Version/17.0 Safari/605.1.15"
207.180.220.222 - - [02/Feb/2026:20:07:19 +0800] "POST /wp-login.php HTTP/1.1" 200 3074 "http://CQQIZHOU.COM/wp-login.php" "Mozilla/5.0 (Macintosh; Intel Mac OS X 10_15_7) AppleWebKit/537.36 (KHTML, like Gecko) Chrome/118.0.5993.88 Safari/537.36"
207.180.220.222 - - [02/Feb/2026:20:07:24 +0800] "POST /wp-login.php HTTP/1.1" 200 3074 "http://CQQIZHOU.COM/wp-login.php" "Mozilla/5.0 (Windows NT 11.0; Win64; x64) AppleWebKit/537.36 (KHTML, like Gecko) Chrome/121.0.6167.85 Safari/537.36"
207.180.220.222 - - [02/Feb/2026:20:07:29 +0800] "POST /wp-login.php HTTP/1.1" 200 3073 "http://CQQIZHOU.COM/wp-login.php" "Mozilla/5.0 (X11; Ubuntu; Linux x86_64; rv:120.0.1) Gecko/20100101 Firefox/120.0.1"
207.180.220.222 - - [02/Feb/2026:20:07:34 +0800] "POST /wp-login.php HTTP/1.1" 200 3078 "http://CQQIZHOU.COM/wp-login.php" "Mozilla/5.0 (X11; Ubuntu; Linux x86_64) AppleWebKit/537.36 (KHTML, like Gecko) Chrome/119.0.6045.159 Safari/537.36"
207.180.220.222 - - [02/Feb/2026:20:07:39 +0800] "POST /wp-login.php HTTP/1.1" 200 3077 "http://CQQIZHOU.COM/wp-login.php" "Mozilla/5.0 (X11; Ubuntu; Linux x86_64) AppleWebKit/537.36 (KHTML, like Gecko) Chrome/121.0.6167.85 Safari/537.36"
207.180.220.222 - - [02/Feb/2026:20:07:43 +0800] "POST /wp-login.php HTTP/1.1" 200 3075 "http://CQQIZHOU.COM/wp-login.php" "Mozilla/5.0 (Macintosh; Intel Mac OS X 10.15) Gecko/20100101 Firefox/118.0.2"
207.180.220.222 - - [02/Feb/2026:20:07:49 +0800] "POST /wp-login.php HTTP/1.1" 200 3068 "http://CQQIZHOU.COM/wp-login.php" "Mozilla/5.0 (Macintosh; Intel Mac OS X 10_15_7) AppleWebKit/537.36 (KHTML, like Gecko) Chrome/119.0.6045.159 Safari/537.36"
207.180.220.222 - - [02/Feb/2026:20:07:53 +0800] "POST /wp-login.php HTTP/1.1" 200 3070 "http://CQQIZHOU.COM/wp-login.php" "Mozilla/5.0 (X11; Linux x86_64) Gecko/20100101 Firefox/119.0.1"
207.180.220.222 - - [02/Feb/2026:20:07:57 +0800] "POST /wp-login.php HTTP/1.1" 200 3017 "http://CQQIZHOU.COM/wp-login.php" "Mozilla/5.0 (Windows NT 10.0; Win64; x64) Gecko/20100101 Firefox/118.0.2"
207.180.220.222 - - [02/Feb/2026:20:08:04 +0800] "POST /wp-login.php HTTP/1.1" 200 3071 "http://CQQIZHOU.COM/wp-login.php" "Mozilla/5.0 (Windows NT 10.0; Win64; x64) AppleWebKit/537.36 (KHTML, like Gecko) Chrome/121.0.0.0 Safari/537.36 Edg/121.0.2277.83"
36.133.115.36 - - [02/Feb/2026:20:08:08 +0800] "POST /wp-cron.php?doing_wp_cron=1770034088.2664489746093750000000 HTTP/1.1" 200 31 "-" "WordPress/6.9; http://cqqizhou.com"
207.180.220.222 - - [02/Feb/2026:20:08:08 +0800] "POST /wp-login.php HTTP/1.1" 200 3072 "http://CQQIZHOU.COM/wp-login.php" "Mozilla/5.0 (Windows NT 10.0; Win64; x64) AppleWebKit/537.36 (KHTML, like Gecko) Chrome/118.0.5993.88 Safari/537.36"
207.180.220.222 - - [02/Feb/2026:20:08:12 +0800] "POST /wp-login.php HTTP/1.1" 200 3073 "http://CQQIZHOU.COM/wp-login.php" "Mozilla/5.0 (X11; Ubuntu; Linux x86_64) AppleWebKit/537.36 (KHTML, like Gecko) Chrome/120.0.6099.130 Safari/537.36"
207.180.220.222 - - [02/Feb/2026:20:08:17 +0800] "POST /wp-login.php HTTP/1.1" 200 3068 "http://CQQIZHOU.COM/wp-login.php" "Mozilla/5.0 (Macintosh; Intel Mac OS X 10_15_7) AppleWebKit/605.1.15 (KHTML, like Gecko) Version/17.0 Safari/605.1.15"
207.180.220.222 - - [02/Feb/2026:20:08:20 +0800] "POST /wp-login.php HTTP/1.1" 200 3073 "http://CQQIZHOU.COM/wp-login.php" "Mozilla/5.0 (Macintosh; Intel Mac OS X 10.15) Gecko/20100101 Firefox/121.0"
207.180.220.222 - - [02/Feb/2026:20:08:23 +0800] "POST /wp-login.php HTTP/1.1" 200 3074 "http://CQQIZHOU.COM/wp-login.php" "Mozilla/5.0 (Macintosh; Intel Mac OS X 13_6_2) AppleWebKit/537.36 (KHTML, like Gecko) Chrome/119.0.6045.159 Safari/537.36"
207.180.220.222 - - [02/Feb/2026:20:08:31 +0800] "POST /wp-login.php HTTP/1.1" 200 3077 "http://CQQIZHOU.COM/wp-login.php" "Mozilla/5.0 (X11; Linux x86_64) Gecko/20100101 Firefox/118.0.2"
207.180.220.222 - - [02/Feb/2026:20:08:34 +0800] "POST /wp-login.php HTTP/1.1" 200 3072 "http://CQQIZHOU.COM/wp-login.php" "Mozilla/5.0 (Windows NT 10.0; Win64; x64) AppleWebKit/537.36 (KHTML, like Gecko) Chrome/120.0.6099.130 Safari/537.36"
207.180.220.222 - - [02/Feb/2026:20:08:39 +0800] "POST /wp-login.php HTTP/1.1" 200 3017 "http://CQQIZHOU.COM/wp-login.php" "Mozilla/5.0 (Windows NT 10.0; Win64; x64) AppleWebKit/537.36 (KHTML, like Gecko) Chrome/120.0.0.0 Safari/537.36 Edg/120.0.2210.133"
207.180.220.222 - - [02/Feb/2026:20:08:43 +0800] "POST /wp-login.php HTTP/1.1" 200 3071 "http://CQQIZHOU.COM/wp-login.php" "Mozilla/5.0 (Macintosh; Intel Mac OS X 10.15) Gecko/20100101 Firefox/118.0.2"
207.180.220.222 - - [02/Feb/2026:20:08:47 +0800] "POST /wp-login.php HTTP/1.1" 200 3080 "http://CQQIZHOU.COM/wp-login.php" "Mozilla/5.0 (Windows NT 11.0; Win64; x64) AppleWebKit/537.36 (KHTML, like Gecko) Chrome/120.0.6099.130 Safari/537.36"
207.180.220.222 - - [02/Feb/2026:20:08:50 +0800] "POST /wp-login.php HTTP/1.1" 200 3069 "http://CQQIZHOU.COM/wp-login.php" "Mozilla/5.0 (X11; Linux x86_64) Gecko/20100101 Firefox/122.0"
207.180.220.222 - - [02/Feb/2026:20:08:55 +0800] "POST /wp-login.php HTTP/1.1" 200 3072 "http://CQQIZHOU.COM/wp-login.php" "Mozilla/5.0 (Windows NT 10.0; Win64; x64) AppleWebKit/537.36 (KHTML, like Gecko) Chrome/119.0.0.0 Safari/537.36 Edg/119.0.2151.97"
207.180.220.222 - - [02/Feb/2026:20:08:59 +0800] "POST /wp-login.php HTTP/1.1" 200 3071 "http://CQQIZHOU.COM/wp-login.php" "Mozilla/5.0 (Windows NT 10.0; Win64; x64) Gecko/20100101 Firefox/121.0"
36.133.115.36 - - [02/Feb/2026:20:09:11 +0800] "POST /wp-cron.php?doing_wp_cron=1770034150.9641270637512207031250 HTTP/1.1" 200 31 "-" "WordPress/6.9; http://cqqizhou.com"
207.180.220.222 - - [02/Feb/2026:20:09:11 +0800] "POST /wp-login.php HTTP/1.1" 200 3017 "http://CQQIZHOU.COM/wp-login.php" "Mozilla/5.0 (Macintosh; Intel Mac OS X 13_6_2) AppleWebKit/537.36 (KHTML, like Gecko) Chrome/120.0.6099.130 Safari/537.36"
207.180.220.222 - - [02/Feb/2026:20:09:15 +0800] "POST /wp-login.php HTTP/1.1" 200 3069 "http://CQQIZHOU.COM/wp-login.php" "Mozilla/5.0 (Windows NT 10.0; Win64; x64) Gecko/20100101 Firefox/122.0"
207.180.220.222 - - [02/Feb/2026:20:09:19 +0800] "POST /wp-login.php HTTP/1.1" 200 3074 "http://CQQIZHOU.COM/wp-login.php" "Mozilla/5.0 (Windows NT 10.0; Win64; x64) Gecko/20100101 Firefox/122.0"
207.180.220.222 - - [02/Feb/2026:20:09:23 +0800] "POST /wp-login.php HTTP/1.1" 200 3075 "http://CQQIZHOU.COM/wp-login.php" "Mozilla/5.0 (Windows NT 11.0; Win64; x64) AppleWebKit/537.36 (KHTML, like Gecko) Chrome/120.0.6099.130 Safari/537.36"
207.180.220.222 - - [02/Feb/2026:20:09:26 +0800] "POST /wp-login.php HTTP/1.1" 200 3075 "http://CQQIZHOU.COM/wp-login.php" "Mozilla/5.0 (X11; Linux x86_64) AppleWebKit/537.36 (KHTML, like Gecko) Chrome/119.0.6045.159 Safari/537.36"
207.180.220.222 - - [02/Feb/2026:20:09:31 +0800] "POST /wp-login.php HTTP/1.1" 200 3017 "http://CQQIZHOU.COM/wp-login.php" "Mozilla/5.0 (Macintosh; Intel Mac OS X 13_6_2) AppleWebKit/537.36 (KHTML, like Gecko) Chrome/120.0.6099.130 Safari/537.36"
207.180.220.222 - - [02/Feb/2026:20:09:36 +0800] "POST /wp-login.php HTTP/1.1" 200 3073 "http://CQQIZHOU.COM/wp-login.php" "Mozilla/5.0 (X11; Ubuntu; Linux x86_64; rv:121.0) Gecko/20100101 Firefox/121.0"
207.180.220.222 - - [02/Feb/2026:20:09:39 +0800] "POST /wp-login.php HTTP/1.1" 200 3075 "http://CQQIZHOU.COM/wp-login.php" "Mozilla/5.0 (X11; Ubuntu; Linux x86_64) AppleWebKit/537.36 (KHTML, like Gecko) Chrome/118.0.5993.88 Safari/537.36"
207.180.220.222 - - [02/Feb/2026:20:09:43 +0800] "POST /wp-login.php HTTP/1.1" 200 3022 "http://CQQIZHOU.COM/wp-login.php" "Mozilla/5.0 (Windows NT 10.0; Win64; x64) AppleWebKit/537.36 (KHTML, like Gecko) Chrome/118.0.5993.88 Safari/537.36"
207.180.220.222 - - [02/Feb/2026:20:09:47 +0800] "POST /wp-login.php HTTP/1.1" 200 3071 "http://CQQIZHOU.COM/wp-login.php" "Mozilla/5.0 (Windows NT 10.0; Win64; x64) AppleWebKit/537.36 (KHTML, like Gecko) Chrome/120.0.6099.130 Safari/537.36"
207.180.220.222 - - [02/Feb/2026:20:09:51 +0800] "POST /wp-login.php HTTP/1.1" 200 3072 "http://CQQIZHOU.COM/wp-login.php" "Mozilla/5.0 (Windows NT 10.0; Win64; x64) Gecko/20100101 Firefox/122.0"
207.180.220.222 - - [02/Feb/2026:20:09:56 +0800] "POST /wp-login.php HTTP/1.1" 200 3071 "http://CQQIZHOU.COM/wp-login.php" "Mozilla/5.0 (Windows NT 10.0; Win64; x64) AppleWebKit/537.36 (KHTML, like Gecko) Chrome/121.0.6167.85 Safari/537.36"
207.180.220.222 - - [02/Feb/2026:20:09:59 +0800] "POST /wp-login.php HTTP/1.1" 200 3068 "http://CQQIZHOU.COM/wp-login.php" "Mozilla/5.0 (Macintosh; Intel Mac OS X 11_7_2) AppleWebKit/605.1.15 (KHTML, like Gecko) Version/16.6.1 Safari/605.1.15"
207.180.220.222 - - [02/Feb/2026:20:10:05 +0800] "POST /wp-login.php HTTP/1.1" 200 3070 "http://CQQIZHOU.COM/wp-login.php" "Mozilla/5.0 (Macintosh; Intel Mac OS X 10_15_7) AppleWebKit/605.1.15 (KHTML, like Gecko) Version/17.2.1 Safari/605.1.15"
36.133.115.36 - - [02/Feb/2026:20:10:08 +0800] "POST /wp-cron.php?doing_wp_cron=1770034208.2750120162963867187500 HTTP/1.1" 200 31 "-" "WordPress/6.9; http://cqqizhou.com"
207.180.220.222 - - [02/Feb/2026:20:10:08 +0800] "POST /wp-login.php HTTP/1.1" 200 2984 "http://CQQIZHOU.COM/wp-login.php" "Mozilla/5.0 (Macintosh; Intel Mac OS X 13_6_2) AppleWebKit/537.36 (KHTML, like Gecko) Chrome/121.0.6167.85 Safari/537.36"
207.180.220.222 - - [02/Feb/2026:20:10:12 +0800] "POST /wp-login.php HTTP/1.1" 200 3017 "http://CQQIZHOU.COM/wp-login.php" "Mozilla/5.0 (Windows NT 10.0; Win64; x64) AppleWebKit/537.36 (KHTML, like Gecko) Chrome/121.0.6167.85 Safari/537.36"
207.180.220.222 - - [02/Feb/2026:20:10:15 +0800] "POST /wp-login.php HTTP/1.1" 200 3075 "http://CQQIZHOU.COM/wp-login.php" "Mozilla/5.0 (Windows NT 11.0; Win64; x64) AppleWebKit/537.36 (KHTML, like Gecko) Chrome/121.0.6167.85 Safari/537.36"
207.180.220.222 - - [02/Feb/2026:20:10:19 +0800] "POST /wp-login.php HTTP/1.1" 200 3070 "http://CQQIZHOU.COM/wp-login.php" "Mozilla/5.0 (Windows NT 10.0; Win64; x64) AppleWebKit/537.36 (KHTML, like Gecko) Chrome/121.0.0.0 Safari/537.36 Edg/121.0.2277.83"
207.180.220.222 - - [02/Feb/2026:20:10:22 +0800] "POST /wp-login.php HTTP/1.1" 200 3017 "http://CQQIZHOU.COM/wp-login.php" "Mozilla/5.0 (X11; Linux x86_64) Gecko/20100101 Firefox/118.0.2"
207.180.220.222 - - [02/Feb/2026:20:10:25 +0800] "POST /wp-login.php HTTP/1.1" 200 3072 "http://CQQIZHOU.COM/wp-login.php" "Mozilla/5.0 (X11; Linux x86_64) AppleWebKit/537.36 (KHTML, like Gecko) Chrome/120.0.6099.130 Safari/537.36"
207.180.220.222 - - [02/Feb/2026:20:10:30 +0800] "POST /wp-login.php HTTP/1.1" 200 3074 "http://CQQIZHOU.COM/wp-login.php" "Mozilla/5.0 (Macintosh; Intel Mac OS X 12_6_2) AppleWebKit/605.1.15 (KHTML, like Gecko) Version/16.6.1 Safari/605.1.15"
207.180.220.222 - - [02/Feb/2026:20:10:36 +0800] "POST /wp-login.php HTTP/1.1" 200 3073 "http://CQQIZHOU.COM/wp-login.php" "Mozilla/5.0 (Macintosh; Intel Mac OS X 10.15) Gecko/20100101 Firefox/122.0"
207.180.220.222 - - [02/Feb/2026:20:10:42 +0800] "POST /wp-login.php HTTP/1.1" 200 2984 "http://CQQIZHOU.COM/wp-login.php" "Mozilla/5.0 (Macintosh; Intel Mac OS X 12_6_2) AppleWebKit/605.1.15 (KHTML, like Gecko) Version/17.2.1 Safari/605.1.15"
207.180.220.222 - - [02/Feb/2026:20:10:46 +0800] "POST /wp-login.php HTTP/1.1" 200 3073 "http://CQQIZHOU.COM/wp-login.php" "Mozilla/5.0 (X11; Ubuntu; Linux x86_64) AppleWebKit/537.36 (KHTML, like Gecko) Chrome/121.0.6167.85 Safari/537.36"
207.180.220.222 - - [02/Feb/2026:20:10:51 +0800] "POST /wp-login.php HTTP/1.1" 200 2984 "http://CQQIZHOU.COM/wp-login.php" "Mozilla/5.0 (Windows NT 10.0; Win64; x64) AppleWebKit/537.36 (KHTML, like Gecko) Chrome/120.0.6099.130 Safari/537.36"
207.180.220.222 - - [02/Feb/2026:20:10:57 +0800] "POST /wp-login.php HTTP/1.1" 200 3069 "http://CQQIZHOU.COM/wp-login.php" "Mozilla/5.0 (X11; Ubuntu; Linux x86_64) AppleWebKit/537.36 (KHTML, like Gecko) Chrome/118.0.5993.88 Safari/537.36"
207.180.220.222 - - [02/Feb/2026:20:11:01 +0800] "POST /wp-login.php HTTP/1.1" 200 3017 "http://CQQIZHOU.COM/wp-login.php" "Mozilla/5.0 (X11; Linux x86_64) Gecko/20100101 Firefox/122.0"
207.180.220.222 - - [02/Feb/2026:20:11:05 +0800] "POST /wp-login.php HTTP/1.1" 200 3017 "http://CQQIZHOU.COM/wp-login.php" "Mozilla/5.0 (Windows NT 10.0; Win64; x64) AppleWebKit/537.36 (KHTML, like Gecko) Chrome/120.0.0.0 Safari/537.36 Edg/120.0.2210.133"
36.133.115.36 - - [02/Feb/2026:20:11:09 +0800] "POST /wp-cron.php?doing_wp_cron=1770034269.1770009994506835937500 HTTP/1.1" 200 31 "-" "WordPress/6.9; http://cqqizhou.com"
207.180.220.222 - - [02/Feb/2026:20:11:09 +0800] "POST /wp-login.php HTTP/1.1" 200 3068 "http://CQQIZHOU.COM/wp-login.php" "Mozilla/5.0 (Windows NT 10.0; Win64; x64) AppleWebKit/537.36 (KHTML, like Gecko) Chrome/122.0.6261.57 Safari/537.36"
207.180.220.222 - - [02/Feb/2026:20:11:12 +0800] "POST /wp-login.php HTTP/1.1" 200 3068 "http://CQQIZHOU.COM/wp-login.php" "Mozilla/5.0 (Macintosh; Intel Mac OS X 13_6_2) AppleWebKit/537.36 (KHTML, like Gecko) Chrome/119.0.6045.159 Safari/537.36"
36.133.115.36 - - [02/Feb/2026:20:14:35 +0800] "POST /wp-cron.php?doing_wp_cron=1770034475.9062569141387939453125 HTTP/1.1" 200 31 "-" "WordPress/6.9; http://cqqizhou.com"
147.185.132.26 - - [02/Feb/2026:20:14:35 +0800] "GET /wp-login.php HTTP/1.1" 200 9053 "-" "Hello from Palo Alto Networks, find out more about our scans in https://docs-cortex.paloaltonetworks.com/r/1/Cortex-Xpanse/Scanning-activity"
36.133.115.36 - - [02/Feb/2026:20:16:55 +0800] "POST /wp-cron.php?doing_wp_cron=1770034615.7234768867492675781250 HTTP/1.1" 200 31 "-" "WordPress/6.9; http://cqqizhou.com"
24.199.87.153 - - [02/Feb/2026:20:16:55 +0800] "POST /xmlrpc.php HTTP/1.1" 200 217 "-" "Mozilla/5.0 (Windows NT 10.0; Win64; x64) AppleWebKit/537.36 (KHTML, like Gecko) Chrome/138.0.0.0 Safari/537.36 Edg/138.0.0.0"
129.211.167.128 - - [02/Feb/2026:20:17:05 +0800] "GET /company-news/page/2 HTTP/1.1" 301 5 "-" "python-requests/2.27.1"
129.211.167.128 - - [02/Feb/2026:20:17:05 +0800] "GET /company-news/page/2/ HTTP/1.1" 200 78061 "-" "python-requests/2.27.1"
36.133.115.36 - - [02/Feb/2026:20:23:41 +0800] "POST /wp-cron.php?doing_wp_cron=1770035021.4297990798950195312500 HTTP/1.1" 200 31 "-" "WordPress/6.9; http://cqqizhou.com"
14.108.233.68 - - [02/Feb/2026:20:23:41 +0800] "POST /wp-admin/admin-ajax.php HTTP/1.1" 200 119 "http://cqqizhou.com/wp-admin/edit.php?post_type=page" "Mozilla/5.0 (Windows NT 10.0; Win64; x64) AppleWebKit/537.36 (KHTML, like Gecko) Chrome/144.0.0.0 Safari/537.36 Edg/144.0.0.0"
36.133.115.36 - - [02/Feb/2026:20:25:50 +0800] "POST /wp-cron.php?doing_wp_cron=1770035150.3589880466461181640625 HTTP/1.1" 200 31 "-" "WordPress/6.9; http://cqqizhou.com"
36.133.108.121 - - [02/Feb/2026:20:25:50 +0800] "HEAD /backup/ HTTP/1.1" 404 0 "-" "Mozilla/5.0 (Windows; U; Windows NT 5.1; ru-RU) AppleWebKit/533.19.4 (KHTML, like Gecko) Version/5.0.3 Safari/533.19.4"
36.133.115.36 - - [02/Feb/2026:20:34:12 +0800] "POST /wp-cron.php?doing_wp_cron=1770035652.5283761024475097656250 HTTP/1.1" 200 31 "-" "WordPress/6.9; http://cqqizhou.com"
85.208.96.209 - - [02/Feb/2026:20:34:12 +0800] "GET /robots.txt HTTP/1.1" 200 190 "-" "Mozilla/5.0 (compatible; SemrushBot/7~bl; +http://www.semrush.com/bot.html)"
185.191.171.12 - - [02/Feb/2026:20:34:15 +0800] "GET /bug/ HTTP/1.1" 200 12846 "-" "Mozilla/5.0 (compatible; SemrushBot/7~bl; +http://www.semrush.com/bot.html)"
36.133.115.36 - - [02/Feb/2026:20:39:14 +0800] "POST /wp-cron.php?doing_wp_cron=1770035953.9764640331268310546875 HTTP/1.1" 200 31 "-" "WordPress/6.9; http://cqqizhou.com"
43.157.82.252 - - [02/Feb/2026:20:39:14 +0800] "GET / HTTP/1.1" 200 34753 "-" "Mozilla/5.0 (iPhone; CPU iPhone OS 13_2_3 like Mac OS X) AppleWebKit/605.1.15 (KHTML, like Gecko) Version/13.0.3 Mobile/15E148 Safari/604.1"
36.133.115.36 - - [02/Feb/2026:20:43:13 +0800] "POST /wp-cron.php?doing_wp_cron=1770036192.9907250404357910156250 HTTP/1.1" 200 31 "-" "WordPress/6.9; http://cqqizhou.com"
5.61.209.92 - - [02/Feb/2026:20:43:13 +0800] "GET /SDK/webLanguage HTTP/1.1" 301 5 "-" "Mozilla/5.0 (Windows NT 10.0; Win64; x64) AppleWebKit/537.36 (KHTML, like Gecko) Chrome/90.0.4430.85 Safari/537.36 Edg/90.0.818.46"
36.133.115.36 - - [02/Feb/2026:20:49:50 +0800] "POST /wp-cron.php?doing_wp_cron=1770036590.5224840641021728515625 HTTP/1.1" 200 31 "-" "WordPress/6.9; http://cqqizhou.com"
120.233.33.208 - - [02/Feb/2026:20:49:50 +0800] "GET /2440 HTTP/1.1" 301 5 "-" "Mozilla/5.0 (Linux; Android 6.0; Nexus 5 Build/MRA58N) AppleWebKit/537.36 (KHTML, like Gecko) Chrome/99.0.4844.51 Mobile Safari/537.36 MicroMessenger/7.0.1"
120.233.33.208 - - [02/Feb/2026:20:49:51 +0800] "GET /2440/ HTTP/1.1" 200 21472 "-" "Mozilla/5.0 (Linux; Android 6.0; Nexus 5 Build/MRA58N) AppleWebKit/537.36 (KHTML, like Gecko) Chrome/99.0.4844.51 Mobile Safari/537.36 MicroMessenger/7.0.1"
120.233.240.39 - - [02/Feb/2026:20:49:52 +0800] "GET /wp-content/uploads/2026/01/1768527483-Article_images_W900%C3%97500px202601161.webp HTTP/1.1" 200 33780 "http://cqqizhou.com/2440/" "Mozilla/5.0 (Linux; Android 6.0; Nexus 5 Build/MRA58N) AppleWebKit/537.36 (KHTML, like Gecko) Chrome/99.0.4844.51 Mobile Safari/537.36 MicroMessenger/7.0.1"
36.133.115.36 - - [02/Feb/2026:20:50:22 +0800] "POST /wp-cron.php?doing_wp_cron=1770036622.0417339801788330078125 HTTP/1.1" 200 31 "-" "WordPress/6.9; http://cqqizhou.com"
120.233.240.39 - - [02/Feb/2026:20:50:22 +0800] "GET /2440 HTTP/1.1" 301 5 "-" "Mozilla/5.0 (Linux; Android 6.0; Nexus 5 Build/MRA58N) AppleWebKit/537.36 (KHTML, like Gecko) Chrome/99.0.4844.51 Mobile Safari/537.36 MicroMessenger/7.0.1"
120.233.240.39 - - [02/Feb/2026:20:50:22 +0800] "GET /2440/ HTTP/1.1" 200 21472 "-" "Mozilla/5.0 (Linux; Android 6.0; Nexus 5 Build/MRA58N) AppleWebKit/537.36 (KHTML, like Gecko) Chrome/99.0.4844.51 Mobile Safari/537.36 MicroMessenger/7.0.1"
120.233.33.173 - - [02/Feb/2026:20:50:23 +0800] "GET /wp-content/uploads/2026/01/1768527483-Article_images_W900%C3%97500px202601161.webp HTTP/1.1" 200 33780 "http://cqqizhou.com/2440/" "Mozilla/5.0 (Linux; Android 6.0; Nexus 5 Build/MRA58N) AppleWebKit/537.36 (KHTML, like Gecko) Chrome/99.0.4844.51 Mobile Safari/537.36 MicroMessenger/7.0.1"
104.199.46.221 - - [02/Feb/2026:20:50:33 +0800] "GET / HTTP/1.1" 301 5 "-" "python-requests/2.32.5"
36.133.115.36 - - [02/Feb/2026:20:58:27 +0800] "POST /wp-cron.php?doing_wp_cron=1770037107.4055280685424804687500 HTTP/1.1" 200 31 "-" "WordPress/6.9; http://cqqizhou.com"
47.96.94.40 - - [02/Feb/2026:20:58:27 +0800] "GET / HTTP/1.1" 301 5 "-" "Mozilla/5.0 (Windows NT 10.0; Win64; x64) AppleWebKit/537.36 (KHTML, like Gecko) Chrome/59.0.3071.115 Safari/537.36"
52.167.144.157 - - [02/Feb/2026:20:59:38 +0800] "GET / HTTP/1.1" 200 35185 "-" "Mozilla/5.0 AppleWebKit/537.36 (KHTML, like Gecko; compatible; bingbot/2.0; +http://www.bing.com/bingbot.htm) Chrome/116.0.1938.76 Safari/537.36"
180.184.144.52 - - [02/Feb/2026:21:02:56 +0800] "GET / HTTP/1.1" 200 35185 "-" "Mozilla/5.0 (Macintosh; Intel Mac OS X 10_15_7) AppleWebKit/537.36 (KHTML, like Gecko) Chrome/106.0.0.0 Safari/537.36"
36.133.115.36 - - [02/Feb/2026:21:14:28 +0800] "POST /wp-cron.php?doing_wp_cron=1770038068.2991459369659423828125 HTTP/1.1" 200 31 "-" "WordPress/6.9; http://cqqizhou.com"
36.133.108.119 - - [02/Feb/2026:21:14:28 +0800] "HEAD /ts/prime/.env HTTP/1.1" 404 0 "-" "Mozilla/5.0 (Windows NT 6.1; WOW64) AppleWebKit/537.17 (KHTML, like Gecko) Chrome/24.0.1312.60 Safari/537.17"
36.133.115.36 - - [02/Feb/2026:21:18:37 +0800] "POST /wp-cron.php?doing_wp_cron=1770038317.6249909400939941406250 HTTP/1.1" 200 31 "-" "WordPress/6.9; http://cqqizhou.com"
74.7.242.33 - - [02/Feb/2026:21:18:37 +0800] "GET /wp-sitemap.xml HTTP/1.1" 501 253 "-" "Mozilla/5.0 AppleWebKit/537.36 (KHTML, like Gecko; compatible; GPTBot/1.3; +https://openai.com/gptbot)"
74.7.241.155 - - [02/Feb/2026:21:18:40 +0800] "GET /robots.txt HTTP/1.1" 200 190 "-" "Mozilla/5.0 (Macintosh; Intel Mac OS X 10_15_7) AppleWebKit/537.36 (KHTML, like Gecko) Chrome/131.0.0.0 Safari/537.36; compatible; OAI-SearchBot/1.3; robots.txt; +https://openai.com/searchbot"
36.133.115.36 - - [02/Feb/2026:21:20:31 +0800] "POST /wp-cron.php?doing_wp_cron=1770038431.6005039215087890625000 HTTP/1.1" 200 31 "-" "WordPress/6.9; http://cqqizhou.com"
3.107.68.166 - - [02/Feb/2026:21:20:31 +0800] "GET / HTTP/1.1" 301 5 "-" "Go-http-client/1.1"
47.114.89.255 - - [02/Feb/2026:21:27:08 +0800] "GET /Public/static/admin/js/plugins/webuploader/server/preview.php HTTP/1.1" 404 47 "-" "Mozilla/5.0 (Windows NT 10.0; Win64; x64)"
47.114.89.255 - - [02/Feb/2026:21:27:08 +0800] "GET /Public/static/admin/js/plugins/webuploader/server/fileupload.php HTTP/1.1" 404 47 "-" "Mozilla/5.0 (Windows NT 10.0; Win64; x64)"
36.133.115.36 - - [02/Feb/2026:21:36:35 +0800] "POST /wp-cron.php?doing_wp_cron=1770039395.0284659862518310546875 HTTP/1.1" 200 31 "-" "WordPress/6.9; http://cqqizhou.com"
14.108.233.68 - - [02/Feb/2026:21:36:35 +0800] "GET / HTTP/1.1" 200 43262 "-" "Mozilla/5.0 (Windows NT 10.0; Win64; x64) AppleWebKit/537.36 (KHTML, like Gecko) Chrome/144.0.0.0 Safari/537.36 Edg/144.0.0.0"
14.108.233.68 - - [02/Feb/2026:21:36:36 +0800] "GET /wp-content/uploads/2025/12/1765268955-qizhou_Slider1_3840%C3%972160_20251210-scaled.webp HTTP/1.1" 200 152162 "http://cqqizhou.com/" "Mozilla/5.0 (Windows NT 10.0; Win64; x64) AppleWebKit/537.36 (KHTML, like Gecko) Chrome/144.0.0.0 Safari/537.36 Edg/144.0.0.0"
14.108.233.68 - - [02/Feb/2026:21:36:36 +0800] "GET /wp-content/uploads/revslider/slider-1/1750861156-logistics_Slider_3840%C3%972160_20250625191356-scaled-50x100.webp HTTP/1.1" 200 1416 "http://cqqizhou.com/" "Mozilla/5.0 (Windows NT 10.0; Win64; x64) AppleWebKit/537.36 (KHTML, like Gecko) Chrome/144.0.0.0 Safari/537.36 Edg/144.0.0.0"
14.108.233.68 - - [02/Feb/2026:21:36:36 +0800] "GET /wp-content/uploads/2026/01/1768276119-qizhoujiagong_Slider_3840%C3%972160_20260113-scaled-50x100.webp HTTP/1.1" 200 976 "http://cqqizhou.com/" "Mozilla/5.0 (Windows NT 10.0; Win64; x64) AppleWebKit/537.36 (KHTML, like Gecko) Chrome/144.0.0.0 Safari/537.36 Edg/144.0.0.0"
14.108.233.68 - - [02/Feb/2026:21:36:36 +0800] "GET /wp-content/uploads/2025/07/1753456723-%E5%8F%8C%E7%9B%B8%E9%92%A2roduct_Single600.webp HTTP/1.1" 200 22790 "http://cqqizhou.com/" "Mozilla/5.0 (Windows NT 10.0; Win64; x64) AppleWebKit/537.36 (KHTML, like Gecko) Chrome/144.0.0.0 Safari/537.36 Edg/144.0.0.0"
14.108.233.68 - - [02/Feb/2026:21:36:36 +0800] "GET /wp-content/uploads/2025/07/1753456770-%E7%83%AD%E9%95%80%E9%94%8C%E5%8D%B7product_Single600.webp HTTP/1.1" 200 27502 "http://cqqizhou.com/" "Mozilla/5.0 (Windows NT 10.0; Win64; x64) AppleWebKit/537.36 (KHTML, like Gecko) Chrome/144.0.0.0 Safari/537.36 Edg/144.0.0.0"
14.108.233.68 - - [02/Feb/2026:21:36:36 +0800] "GET /wp-content/uploads/2025/07/1753453096-%E5%8F%8C%E7%9B%B8%E9%92%A2product_Single600%C3%97284.webp HTTP/1.1" 200 14562 "http://cqqizhou.com/" "Mozilla/5.0 (Windows NT 10.0; Win64; x64) AppleWebKit/537.36 (KHTML, like Gecko) Chrome/144.0.0.0 Safari/537.36 Edg/144.0.0.0"
14.108.233.68 - - [02/Feb/2026:21:36:36 +0800] "GET /wp-content/uploads/2025/07/1753453127-%E4%BD%99%E5%8D%B7product_Single600%C3%97284.webp HTTP/1.1" 200 18744 "http://cqqizhou.com/" "Mozilla/5.0 (Windows NT 10.0; Win64; x64) AppleWebKit/537.36 (KHTML, like Gecko) Chrome/144.0.0.0 Safari/537.36 Edg/144.0.0.0"
14.108.233.68 - - [02/Feb/2026:21:36:36 +0800] "GET /wp-json/sliderrevolution/sliders/1?srengine=7&slideid=2 HTTP/1.1" 200 2000 "http://cqqizhou.com/" "Mozilla/5.0 (Windows NT 10.0; Win64; x64) AppleWebKit/537.36 (KHTML, like Gecko) Chrome/144.0.0.0 Safari/537.36 Edg/144.0.0.0"
14.108.233.68 - - [02/Feb/2026:21:36:36 +0800] "GET /wp-json/sliderrevolution/sliders/1?srengine=7&slideid=4 HTTP/1.1" 200 2580 "http://cqqizhou.com/" "Mozilla/5.0 (Windows NT 10.0; Win64; x64) AppleWebKit/537.36 (KHTML, like Gecko) Chrome/144.0.0.0 Safari/537.36 Edg/144.0.0.0"
14.108.233.68 - - [02/Feb/2026:21:36:36 +0800] "GET /wp-content/uploads/revslider/slider-1/1750861156-logistics_Slider_3840%C3%972160_20250625191356-scaled.webp HTTP/1.1" 200 197360 "http://cqqizhou.com/" "Mozilla/5.0 (Windows NT 10.0; Win64; x64) AppleWebKit/537.36 (KHTML, like Gecko) Chrome/144.0.0.0 Safari/537.36 Edg/144.0.0.0"
14.108.233.68 - - [02/Feb/2026:21:36:36 +0800] "GET /wp-content/uploads/2026/01/1768276119-qizhoujiagong_Slider_3840%C3%972160_20260113-scaled.webp HTTP/1.1" 200 131696 "http://cqqizhou.com/" "Mozilla/5.0 (Windows NT 10.0; Win64; x64) AppleWebKit/537.36 (KHTML, like Gecko) Chrome/144.0.0.0 Safari/537.36 Edg/144.0.0.0"
14.108.233.68 - - [02/Feb/2026:21:36:37 +0800] "GET /wp-content/uploads/2025/07/1750174127-Marketing1920x800_3.webp HTTP/1.1" 200 52790 "http://cqqizhou.com/wp-content/uploads/elementor/css/post-1666.css?ver=1769183108" "Mozilla/5.0 (Windows NT 10.0; Win64; x64) AppleWebKit/537.36 (KHTML, like Gecko) Chrome/144.0.0.0 Safari/537.36 Edg/144.0.0.0"
14.108.233.68 - - [02/Feb/2026:21:36:45 +0800] "GET /logistics/ HTTP/1.1" 200 33133 "http://cqqizhou.com/" "Mozilla/5.0 (Windows NT 10.0; Win64; x64) AppleWebKit/537.36 (KHTML, like Gecko) Chrome/144.0.0.0 Safari/537.36 Edg/144.0.0.0"
14.108.233.68 - - [02/Feb/2026:21:36:45 +0800] "GET /wp-content/uploads/2026/01/1767696162-qizhoutruck3.webp HTTP/1.1" 200 19026 "http://cqqizhou.com/logistics/" "Mozilla/5.0 (Windows NT 10.0; Win64; x64) AppleWebKit/537.36 (KHTML, like Gecko) Chrome/144.0.0.0 Safari/537.36 Edg/144.0.0.0"
14.108.233.68 - - [02/Feb/2026:21:36:45 +0800] "GET /wp-content/uploads/logistics/Conatiner-5.webp HTTP/1.1" 200 63396 "http://cqqizhou.com/logistics/" "Mozilla/5.0 (Windows NT 10.0; Win64; x64) AppleWebKit/537.36 (KHTML, like Gecko) Chrome/144.0.0.0 Safari/537.36 Edg/144.0.0.0"
14.108.233.68 - - [02/Feb/2026:21:36:45 +0800] "GET /wp-content/uploads/2025/12/1765862012-DSC20251216131140.webp HTTP/1.1" 200 78744 "http://cqqizhou.com/logistics/" "Mozilla/5.0 (Windows NT 10.0; Win64; x64) AppleWebKit/537.36 (KHTML, like Gecko) Chrome/144.0.0.0 Safari/537.36 Edg/144.0.0.0"
14.108.233.68 - - [02/Feb/2026:21:36:45 +0800] "GET /wp-content/uploads/2025/11/1762864381-QZ_Photo-7.webp HTTP/1.1" 200 129922 "http://cqqizhou.com/logistics/" "Mozilla/5.0 (Windows NT 10.0; Win64; x64) AppleWebKit/537.36 (KHTML, like Gecko) Chrome/144.0.0.0 Safari/537.36 Edg/144.0.0.0"
14.108.233.68 - - [02/Feb/2026:21:36:45 +0800] "GET /wp-content/uploads/2026/01/1767696142-aojiaqiao20260104.webp HTTP/1.1" 200 184988 "http://cqqizhou.com/wp-content/uploads/elementor/css/post-1959.css?ver=1770009978" "Mozilla/5.0 (Windows NT 10.0; Win64; x64) AppleWebKit/537.36 (KHTML, like Gecko) Chrome/144.0.0.0 Safari/537.36 Edg/144.0.0.0"
14.108.233.68 - - [02/Feb/2026:21:36:46 +0800] "GET /wp-json/contact-form-7/v1/contact-forms/1444/feedback/schema HTTP/1.1" 200 270 "http://cqqizhou.com/logistics/" "Mozilla/5.0 (Windows NT 10.0; Win64; x64) AppleWebKit/537.36 (KHTML, like Gecko) Chrome/144.0.0.0 Safari/537.36 Edg/144.0.0.0"
14.108.233.68 - - [02/Feb/2026:21:36:46 +0800] "GET /wp-json/contact-form-7/v1/contact-forms/1444/refill HTTP/1.1" 200 33 "http://cqqizhou.com/logistics/" "Mozilla/5.0 (Windows NT 10.0; Win64; x64) AppleWebKit/537.36 (KHTML, like Gecko) Chrome/144.0.0.0 Safari/537.36 Edg/144.0.0.0"
14.108.233.68 - - [02/Feb/2026:21:36:49 +0800] "GET /wp-content/uploads/2026/02/1769999335-17.5%E7%B1%B3%E5%B9%B3%E6%9D%BF%E8%B4%A7%E8%BD%A6.webp HTTP/1.1" 200 56978 "http://cqqizhou.com/logistics/" "Mozilla/5.0 (Windows NT 10.0; Win64; x64) AppleWebKit/537.36 (KHTML, like Gecko) Chrome/144.0.0.0 Safari/537.36 Edg/144.0.0.0"
14.108.233.68 - - [02/Feb/2026:21:36:49 +0800] "GET /wp-content/uploads/2026/02/1770009968-9.6%E7%B1%B3%E4%BD%8E%E6%A0%8F%E5%B9%B3%E6%9D%BF%E8%B4%A7%E8%BD%A6.webp HTTP/1.1" 200 56690 "http://cqqizhou.com/logistics/" "Mozilla/5.0 (Windows NT 10.0; Win64; x64) AppleWebKit/537.36 (KHTML, like Gecko) Chrome/144.0.0.0 Safari/537.36 Edg/144.0.0.0"
14.108.233.68 - - [02/Feb/2026:21:36:49 +0800] "GET /wp-content/uploads/2026/02/1769999241-4.2%E7%B1%B3%E9%AB%98%E6%A0%8F%E8%B4%A7%E8%BD%A6.webp HTTP/1.1" 200 54794 "http://cqqizhou.com/logistics/" "Mozilla/5.0 (Windows NT 10.0; Win64; x64) AppleWebKit/537.36 (KHTML, like Gecko) Chrome/144.0.0.0 Safari/537.36 Edg/144.0.0.0"
14.108.233.68 - - [02/Feb/2026:21:36:52 +0800] "GET / HTTP/1.1" 200 43265 "http://cqqizhou.com/logistics/" "Mozilla/5.0 (Windows NT 10.0; Win64; x64) AppleWebKit/537.36 (KHTML, like Gecko) Chrome/144.0.0.0 Safari/537.36 Edg/144.0.0.0"
14.108.233.68 - - [02/Feb/2026:21:36:53 +0800] "GET /wp-json/sliderrevolution/sliders/1?srengine=7&slideid=2 HTTP/1.1" 200 2000 "http://cqqizhou.com/" "Mozilla/5.0 (Windows NT 10.0; Win64; x64) AppleWebKit/537.36 (KHTML, like Gecko) Chrome/144.0.0.0 Safari/537.36 Edg/144.0.0.0"
14.108.233.68 - - [02/Feb/2026:21:36:53 +0800] "GET /wp-json/sliderrevolution/sliders/1?srengine=7&slideid=4 HTTP/1.1" 200 2580 "http://cqqizhou.com/" "Mozilla/5.0 (Windows NT 10.0; Win64; x64) AppleWebKit/537.36 (KHTML, like Gecko) Chrome/144.0.0.0 Safari/537.36 Edg/144.0.0.0"
14.108.233.68 - - [02/Feb/2026:21:37:00 +0800] "GET /wp-content/uploads/2025/07/1751829454-Smart-warehousing800x500.webp HTTP/1.1" 200 79504 "http://cqqizhou.com/wp-content/uploads/elementor/css/post-1666.css?ver=1769183108" "Mozilla/5.0 (Windows NT 10.0; Win64; x64) AppleWebKit/537.36 (KHTML, like Gecko) Chrome/144.0.0.0 Safari/537.36 Edg/144.0.0.0"
14.108.233.68 - - [02/Feb/2026:21:37:00 +0800] "GET /wp-content/uploads/2025/07/1753454089-Article_images_W900px.webp HTTP/1.1" 200 27552 "http://cqqizhou.com/" "Mozilla/5.0 (Windows NT 10.0; Win64; x64) AppleWebKit/537.36 (KHTML, like Gecko) Chrome/144.0.0.0 Safari/537.36 Edg/144.0.0.0"
14.108.233.68 - - [02/Feb/2026:21:37:00 +0800] "GET /wp-content/uploads/2026/01/1769511379-Article_images_W900%C3%97500px202601271.webp HTTP/1.1" 200 67912 "http://cqqizhou.com/" "Mozilla/5.0 (Windows NT 10.0; Win64; x64) AppleWebKit/537.36 (KHTML, like Gecko) Chrome/144.0.0.0 Safari/537.36 Edg/144.0.0.0"
14.108.233.68 - - [02/Feb/2026:21:37:00 +0800] "GET /wp-content/uploads/2026/01/1768527483-Article_images_W900%C3%97500px202601161.webp HTTP/1.1" 200 33780 "http://cqqizhou.com/" "Mozilla/5.0 (Windows NT 10.0; Win64; x64) AppleWebKit/537.36 (KHTML, like Gecko) Chrome/144.0.0.0 Safari/537.36 Edg/144.0.0.0"
14.108.233.68 - - [02/Feb/2026:21:37:00 +0800] "GET /wp-content/uploads/2026/01/1767691466-Article_images_W900%C3%97500px202601061.webp HTTP/1.1" 200 56014 "http://cqqizhou.com/" "Mozilla/5.0 (Windows NT 10.0; Win64; x64) AppleWebKit/537.36 (KHTML, like Gecko) Chrome/144.0.0.0 Safari/537.36 Edg/144.0.0.0"
14.108.233.68 - - [02/Feb/2026:21:37:31 +0800] "GET /wp-content/uploads/2025/07/1751988544-Logistics-delivery_images_W900%C3%97300.webp HTTP/1.1" 200 26142 "http://cqqizhou.com/wp-content/uploads/elementor/css/post-1666.css?ver=1769183108" "Mozilla/5.0 (Windows NT 10.0; Win64; x64) AppleWebKit/537.36 (KHTML, like Gecko) Chrome/144.0.0.0 Safari/537.36 Edg/144.0.0.0"
36.133.115.36 - - [02/Feb/2026:21:37:47 +0800] "POST /wp-cron.php?doing_wp_cron=1770039467.5076429843902587890625 HTTP/1.1" 200 31 "-" "WordPress/6.9; http://cqqizhou.com"
14.108.233.68 - - [02/Feb/2026:21:37:47 +0800] "GET /media/ HTTP/1.1" 200 34403 "http://cqqizhou.com/" "Mozilla/5.0 (Windows NT 10.0; Win64; x64) AppleWebKit/537.36 (KHTML, like Gecko) Chrome/144.0.0.0 Safari/537.36 Edg/144.0.0.0"
14.108.233.68 - - [02/Feb/2026:21:37:47 +0800] "GET /wp-content/uploads/2025/07/1753454089-Article_images_W900px-768x432.webp HTTP/1.1" 200 28786 "http://cqqizhou.com/media/" "Mozilla/5.0 (Windows NT 10.0; Win64; x64) AppleWebKit/537.36 (KHTML, like Gecko) Chrome/144.0.0.0 Safari/537.36 Edg/144.0.0.0"
14.108.233.68 - - [02/Feb/2026:21:37:47 +0800] "GET /wp-content/uploads/2026/01/1769511379-Article_images_W900%C3%97500px202601271-768x576.webp HTTP/1.1" 200 68654 "http://cqqizhou.com/media/" "Mozilla/5.0 (Windows NT 10.0; Win64; x64) AppleWebKit/537.36 (KHTML, like Gecko) Chrome/144.0.0.0 Safari/537.36 Edg/144.0.0.0"
14.108.233.68 - - [02/Feb/2026:21:37:47 +0800] "GET /wp-content/uploads/2026/01/1768527483-Article_images_W900%C3%97500px202601161-768x427.webp HTTP/1.1" 200 34262 "http://cqqizhou.com/media/" "Mozilla/5.0 (Windows NT 10.0; Win64; x64) AppleWebKit/537.36 (KHTML, like Gecko) Chrome/144.0.0.0 Safari/537.36 Edg/144.0.0.0"
14.108.233.68 - - [02/Feb/2026:21:37:47 +0800] "GET /wp-content/uploads/media/qizhou_Brochure.webp HTTP/1.1" 200 26142 "http://cqqizhou.com/media/" "Mozilla/5.0 (Windows NT 10.0; Win64; x64) AppleWebKit/537.36 (KHTML, like Gecko) Chrome/144.0.0.0 Safari/537.36 Edg/144.0.0.0"
36.133.115.36 - - [02/Feb/2026:21:38:27 +0800] "POST /wp-cron.php?doing_wp_cron=1770039507.2987749576568603515625 HTTP/1.1" 200 31 "-" "WordPress/6.9; http://cqqizhou.com"
14.108.233.68 - - [02/Feb/2026:21:38:27 +0800] "GET /logistics/ HTTP/1.1" 200 33136 "http://cqqizhou.com/media/" "Mozilla/5.0 (Windows NT 10.0; Win64; x64) AppleWebKit/537.36 (KHTML, like Gecko) Chrome/144.0.0.0 Safari/537.36 Edg/144.0.0.0"
14.108.233.68 - - [02/Feb/2026:21:38:28 +0800] "GET /wp-json/contact-form-7/v1/contact-forms/1444/feedback/schema HTTP/1.1" 200 270 "http://cqqizhou.com/logistics/" "Mozilla/5.0 (Windows NT 10.0; Win64; x64) AppleWebKit/537.36 (KHTML, like Gecko) Chrome/144.0.0.0 Safari/537.36 Edg/144.0.0.0"
14.108.233.68 - - [02/Feb/2026:21:38:28 +0800] "GET /wp-json/contact-form-7/v1/contact-forms/1444/refill HTTP/1.1" 200 33 "http://cqqizhou.com/logistics/" "Mozilla/5.0 (Windows NT 10.0; Win64; x64) AppleWebKit/537.36 (KHTML, like Gecko) Chrome/144.0.0.0 Safari/537.36 Edg/144.0.0.0"
14.108.233.68 - - [02/Feb/2026:21:38:35 +0800] "GET /wp-content/uploads/2026/01/1767618076-Logistics_BG2508.webp HTTP/1.1" 200 94788 "http://cqqizhou.com/wp-content/uploads/elementor/css/post-1959.css?ver=1770009978" "Mozilla/5.0 (Windows NT 10.0; Win64; x64) AppleWebKit/537.36 (KHTML, like Gecko) Chrome/144.0.0.0 Safari/537.36 Edg/144.0.0.0"
36.133.115.36 - - [02/Feb/2026:22:00:30 +0800] "POST /wp-cron.php?doing_wp_cron=1770040830.7992599010467529296875 HTTP/1.1" 200 31 "-" "WordPress/6.9; http://cqqizhou.com"
43.167.232.38 - - [02/Feb/2026:22:00:30 +0800] "GET / HTTP/1.1" 200 34753 "-" "Mozilla/5.0 (iPhone; CPU iPhone OS 13_2_3 like Mac OS X) AppleWebKit/605.1.15 (KHTML, like Gecko) Version/13.0.3 Mobile/15E148 Safari/604.1"
36.133.115.36 - - [02/Feb/2026:22:03:57 +0800] "POST /wp-cron.php?doing_wp_cron=1770041036.9587581157684326171875 HTTP/1.1" 200 31 "-" "WordPress/6.9; http://cqqizhou.com"
85.121.53.228 - - [02/Feb/2026:22:03:57 +0800] "POST /hello.world?%ADd+allow_url_include%3d1+%ADd+auto_prepend_file%3dphp://input HTTP/1.1" 404 31367 "-" "libredtail-http"
85.121.53.228 - - [02/Feb/2026:22:03:59 +0800] "POST /?%ADd+allow_url_include%3d1+%ADd+auto_prepend_file%3dphp://input HTTP/1.1" 200 157284 "-" "libredtail-http"
85.121.53.228 - - [02/Feb/2026:22:04:00 +0800] "GET /vendor/phpunit/phpunit/src/Util/PHP/eval-stdin.php HTTP/1.1" 404 27 "-" "libredtail-http"
85.121.53.228 - - [02/Feb/2026:22:04:01 +0800] "GET /vendor/phpunit/phpunit/Util/PHP/eval-stdin.php HTTP/1.1" 404 27 "-" "libredtail-http"
85.121.53.228 - - [02/Feb/2026:22:04:02 +0800] "GET /vendor/phpunit/src/Util/PHP/eval-stdin.php HTTP/1.1" 404 27 "-" "libredtail-http"
85.121.53.228 - - [02/Feb/2026:22:04:02 +0800] "GET /vendor/phpunit/Util/PHP/eval-stdin.php HTTP/1.1" 404 27 "-" "libredtail-http"
85.121.53.228 - - [02/Feb/2026:22:04:03 +0800] "GET /vendor/phpunit/phpunit/LICENSE/eval-stdin.php HTTP/1.1" 404 27 "-" "libredtail-http"
85.121.53.228 - - [02/Feb/2026:22:04:04 +0800] "GET /vendor/vendor/phpunit/phpunit/src/Util/PHP/eval-stdin.php HTTP/1.1" 404 27 "-" "libredtail-http"
85.121.53.228 - - [02/Feb/2026:22:04:05 +0800] "GET /phpunit/phpunit/src/Util/PHP/eval-stdin.php HTTP/1.1" 404 27 "-" "libredtail-http"
85.121.53.228 - - [02/Feb/2026:22:04:06 +0800] "GET /phpunit/phpunit/Util/PHP/eval-stdin.php HTTP/1.1" 404 27 "-" "libredtail-http"
85.121.53.228 - - [02/Feb/2026:22:04:07 +0800] "GET /phpunit/src/Util/PHP/eval-stdin.php HTTP/1.1" 404 27 "-" "libredtail-http"
85.121.53.228 - - [02/Feb/2026:22:04:08 +0800] "GET /phpunit/Util/PHP/eval-stdin.php HTTP/1.1" 404 27 "-" "libredtail-http"
