File: /home/logs/cqqizhou_access_2026-02-02.log
36.133.115.36 - - [02/Feb/2026:00:11:30 +0800] "POST /wp-cron.php?doing_wp_cron=1769962290.5998919010162353515625 HTTP/1.1" 200 31 "-" "WordPress/6.9; http://cqqizhou.com"
54.37.252.46 - - [02/Feb/2026:00:11:30 +0800] "GET /robots.txt HTTP/1.1" 200 390 "-" "Mozilla/5.0 (compatible; MJ12bot/v1.4.8; http://mj12bot.com/)"
54.37.252.46 - - [02/Feb/2026:00:11:32 +0800] "GET /tag/%E5%8D%9A%E8%81%94%E8%BE%BE/ HTTP/1.1" 200 20948 "-" "Mozilla/5.0 (compatible; MJ12bot/v1.4.8; http://mj12bot.com/)"
54.37.252.46 - - [02/Feb/2026:00:11:34 +0800] "GET /tag/%E7%89%A9%E6%B5%81/ HTTP/1.1" 200 20931 "-" "Mozilla/5.0 (compatible; MJ12bot/v1.4.8; http://mj12bot.com/)"
49.234.76.21 - - [02/Feb/2026:00:21:50 +0800] "GET /admin_to/scripts/webuploader/server/preview.php HTTP/1.1" 404 47 "-" "Mozilla/5.0 (Windows NT 10.0; Win64; x64)"
49.234.76.21 - - [02/Feb/2026:00:21:50 +0800] "GET /admin_to/scripts/webuploader/server/fileupload.php HTTP/1.1" 404 47 "-" "Mozilla/5.0 (Windows NT 10.0; Win64; x64)"
36.133.115.36 - - [02/Feb/2026:00:24:45 +0800] "POST /wp-cron.php?doing_wp_cron=1769963085.1474139690399169921875 HTTP/1.1" 200 31 "-" "WordPress/6.9; http://cqqizhou.com"
36.143.140.183 - - [02/Feb/2026:00:24:45 +0800] "GET /Ly9jcXFpemhvdS5jb20vd3AtY29udGVudC91cGxvYWRzLzIwMjYvMDEvMTc2ODI3NjExOS1xaXpob3VqaWFnb25nX1NsaWRlcl8zODQww5cyMTYwXzIwMjYwMTEzLXNjYWxlZC53ZWJw HTTP/1.1" 404 8951 "-" "Mozilla/5.0 (Windows NT 6.2; WOW64) AppleWebKit/537.36 (KHTML, like Gecko) Chrome/81.0.4044.69"
36.133.115.36 - - [02/Feb/2026:00:25:32 +0800] "POST /wp-cron.php?doing_wp_cron=1769963132.5782480239868164062500 HTTP/1.1" 200 31 "-" "WordPress/6.9; http://cqqizhou.com"
110.249.201.139 - - [02/Feb/2026:00:25:32 +0800] "GET /2418/ HTTP/1.1" 200 23301 "-" "Mozilla/5.0 (Linux; Android 5.0) AppleWebKit/537.36 (KHTML, like Gecko) Mobile Safari/537.36 (compatible; Bytespider; https://zhanzhang.toutiao.com/)"
110.249.201.139 - - [02/Feb/2026:00:25:32 +0800] "GET /wp-content/uploads/2026/01/1767691466-Article_images_W900%C3%97500px202601061-768x427.webp HTTP/1.1" 206 500 "http://cqqizhou.com/2418/" "Mozilla/5.0 (Linux; Android 5.0) AppleWebKit/537.36 (KHTML, like Gecko) Mobile Safari/537.36 (compatible; Bytespider; https://zhanzhang.toutiao.com/)"
110.249.201.51 - - [02/Feb/2026:00:25:32 +0800] "GET /wp-content/uploads/revslider/slider-1/1750861156-logistics_Slider_3840%C3%972160_20250625191356-scaled-768x432.webp HTTP/1.1" 206 500 "http://cqqizhou.com/2418/" "Mozilla/5.0 (Linux; Android 5.0) AppleWebKit/537.36 (KHTML, like Gecko) Mobile Safari/537.36 (compatible; Bytespider; https://zhanzhang.toutiao.com/)"
110.249.201.57 - - [02/Feb/2026:00:25:32 +0800] "GET /wp-content/uploads/2025/07/1751425283-qizhou.kf_.qq_.com_.webp HTTP/1.1" 206 500 "http://cqqizhou.com/2418/" "Mozilla/5.0 (Linux; Android 5.0) AppleWebKit/537.36 (KHTML, like Gecko) Mobile Safari/537.36 (compatible; Bytespider; https://zhanzhang.toutiao.com/)"
110.249.201.105 - - [02/Feb/2026:00:25:32 +0800] "GET /wp-content/uploads/2025/12/1766064629-Article_images_20251218212623-768x427.webp HTTP/1.1" 206 500 "http://cqqizhou.com/2418/" "Mozilla/5.0 (Linux; Android 5.0) AppleWebKit/537.36 (KHTML, like Gecko) Mobile Safari/537.36 (compatible; Bytespider; https://zhanzhang.toutiao.com/)"
110.249.201.51 - - [02/Feb/2026:00:25:33 +0800] "GET /wp-content/uploads/2025/07/1753410289-News2000%C3%97400_202571.webp HTTP/1.1" 206 500 "http://cqqizhou.com/2418/" "Mozilla/5.0 (Linux; Android 5.0) AppleWebKit/537.36 (KHTML, like Gecko) Mobile Safari/537.36 (compatible; Bytespider; https://zhanzhang.toutiao.com/)"
36.133.115.36 - - [02/Feb/2026:00:38:31 +0800] "POST /wp-cron.php?doing_wp_cron=1769963911.6087911128997802734375 HTTP/1.1" 200 31 "-" "WordPress/6.9; http://cqqizhou.com"
180.119.92.168 - - [02/Feb/2026:00:38:31 +0800] "GET /Ly9jcXFpemhvdS5jb20vd3AtY29udGVudC91cGxvYWRzLzIwMjYvMDEvMTc2ODI4MDI3MC1hbnF1YW5fU2xpZGVyXzM4NDDDlzIxNjBfMjAyNjAxMTQtc2NhbGVkLndlYnA= HTTP/1.1" 404 8951 "-" "Mozilla/5.0 (Windows NT 6.2) AppleWebKit/537.36 (KHTML, like Gecko) Chrome/85.0.4183.87"
36.133.115.36 - - [02/Feb/2026:00:40:37 +0800] "POST /wp-cron.php?doing_wp_cron=1769964037.1884250640869140625000 HTTP/1.1" 200 31 "-" "WordPress/6.9; http://cqqizhou.com"
5.39.109.178 - - [02/Feb/2026:00:40:37 +0800] "GET /company-news/page/2/ HTTP/1.1" 200 21662 "-" "Mozilla/5.0 (compatible; AhrefsBot/7.0; +http://ahrefs.com/robot/)"
36.133.115.36 - - [02/Feb/2026:01:02:02 +0800] "POST /wp-cron.php?doing_wp_cron=1769965322.5219581127166748046875 HTTP/1.1" 200 31 "-" "WordPress/6.9; http://cqqizhou.com"
79.124.40.174 - - [02/Feb/2026:01:02:02 +0800] "GET /?XDEBUG_SESSION_START=phpstorm HTTP/1.1" 200 34752 "-" "Mozilla/5.0 (Windows NT 10.0; Win64; x64) AppleWebKit/537.36 (KHTML, like Gecko) Chrome/78.0.3904.108 Safari/537.36"
36.133.115.36 - - [02/Feb/2026:01:06:07 +0800] "POST /wp-cron.php?doing_wp_cron=1769965567.1136839389801025390625 HTTP/1.1" 200 31 "-" "WordPress/6.9; http://cqqizhou.com"
178.212.148.253 - - [02/Feb/2026:01:06:07 +0800] "POST /xmlrpc.php HTTP/1.1" 200 217 "-" "Mozilla/5.0 (Windows NT 10.0) AppleWebKit/537.43 (KHTML, like Gecko) Chrome/135.0.0.0 Safari/537.36 OPR/120.0.0.0"
34.60.213.2 - - [02/Feb/2026:01:06:22 +0800] "HEAD / HTTP/1.1" 200 0 "-" "Mozilla/5.0 (Windows NT 10.0; Win64; x64; rv:127.0) Gecko/20100101 Firefox/127.0"
36.133.115.36 - - [02/Feb/2026:01:06:23 +0800] "POST /wp-cron.php?doing_wp_cron=1769965583.8202719688415527343750 HTTP/1.1" 200 31 "-" "WordPress/6.9; http://cqqizhou.com"
34.60.213.2 - - [02/Feb/2026:01:06:23 +0800] "HEAD /wordpress/ HTTP/1.1" 404 0 "-" "Mozilla/5.0 (Linux; Android 12; Redmi Note 11) AppleWebKit/537.36 (KHTML, like Gecko) Chrome/123.0.6312.112 Mobile Safari/537.36"
34.60.213.2 - - [02/Feb/2026:01:06:24 +0800] "HEAD /old/ HTTP/1.1" 404 0 "-" "Mozilla/5.0 (Linux; Android 12; Redmi Note 11) AppleWebKit/537.36 (KHTML, like Gecko) Chrome/123.0.6312.112 Mobile Safari/537.36"
34.60.213.2 - - [02/Feb/2026:01:06:25 +0800] "HEAD /wp/ HTTP/1.1" 404 0 "-" "Mozilla/5.0 (Macintosh; Intel Mac OS X 15_0) AppleWebKit/537.36 (KHTML, like Gecko) Chrome/125.0.6422.141 Safari/537.36"
34.60.213.2 - - [02/Feb/2026:01:06:26 +0800] "HEAD /new/ HTTP/1.1" 301 0 "-" "Mozilla/5.0 (Macintosh; Intel Mac OS X 13_5) AppleWebKit/605.1.15 (KHTML, like Gecko) Version/16.5 Safari/605.1.15"
34.60.213.2 - - [02/Feb/2026:01:06:26 +0800] "HEAD /news/ HTTP/1.1" 200 0 "http://cqqizhou.com/new/" "Mozilla/5.0 (Macintosh; Intel Mac OS X 13_5) AppleWebKit/605.1.15 (KHTML, like Gecko) Version/16.5 Safari/605.1.15"
34.60.213.2 - - [02/Feb/2026:01:06:27 +0800] "HEAD /backup/ HTTP/1.1" 404 0 "-" "Mozilla/5.0 (Linux; Android 14; SM-A146P) AppleWebKit/537.36 (KHTML, like Gecko) SamsungBrowser/25.0 Chrome/123.0.6312.120 Mobile Safari/537.36"
34.60.213.2 - - [02/Feb/2026:01:06:28 +0800] "HEAD /blog/ HTTP/1.1" 404 0 "-" "Mozilla/5.0 (X11; Linux x86_64; rv:127.0) Gecko/20100101 Firefox/127.0"
36.133.115.36 - - [02/Feb/2026:01:15:54 +0800] "POST /wp-cron.php?doing_wp_cron=1769966154.5139560699462890625000 HTTP/1.1" 200 31 "-" "WordPress/6.9; http://cqqizhou.com"
70.23.81.129 - - [02/Feb/2026:01:15:54 +0800] "POST /hello.world?%ADd+allow_url_include%3d1+%ADd+auto_prepend_file%3dphp://input HTTP/1.1" 404 31367 "-" "libredtail-http"
70.23.81.129 - - [02/Feb/2026:01:15:58 +0800] "POST /?%ADd+allow_url_include%3d1+%ADd+auto_prepend_file%3dphp://input HTTP/1.1" 200 157284 "-" "libredtail-http"
70.23.81.129 - - [02/Feb/2026:01:15:58 +0800] "GET /vendor/phpunit/phpunit/src/Util/PHP/eval-stdin.php HTTP/1.1" 404 27 "-" "libredtail-http"
70.23.81.129 - - [02/Feb/2026:01:15:59 +0800] "GET /vendor/phpunit/phpunit/Util/PHP/eval-stdin.php HTTP/1.1" 404 27 "-" "libredtail-http"
70.23.81.129 - - [02/Feb/2026:01:15:59 +0800] "GET /vendor/phpunit/src/Util/PHP/eval-stdin.php HTTP/1.1" 404 27 "-" "libredtail-http"
70.23.81.129 - - [02/Feb/2026:01:15:59 +0800] "GET /vendor/phpunit/Util/PHP/eval-stdin.php HTTP/1.1" 404 27 "-" "libredtail-http"
70.23.81.129 - - [02/Feb/2026:01:16:00 +0800] "GET /vendor/phpunit/phpunit/LICENSE/eval-stdin.php HTTP/1.1" 404 27 "-" "libredtail-http"
70.23.81.129 - - [02/Feb/2026:01:16:00 +0800] "GET /vendor/vendor/phpunit/phpunit/src/Util/PHP/eval-stdin.php HTTP/1.1" 404 27 "-" "libredtail-http"
70.23.81.129 - - [02/Feb/2026:01:16:01 +0800] "GET /phpunit/phpunit/src/Util/PHP/eval-stdin.php HTTP/1.1" 404 27 "-" "libredtail-http"
70.23.81.129 - - [02/Feb/2026:01:16:01 +0800] "GET /phpunit/phpunit/Util/PHP/eval-stdin.php HTTP/1.1" 404 27 "-" "libredtail-http"
70.23.81.129 - - [02/Feb/2026:01:16:02 +0800] "GET /phpunit/src/Util/PHP/eval-stdin.php HTTP/1.1" 404 27 "-" "libredtail-http"
70.23.81.129 - - [02/Feb/2026:01:16:03 +0800] "GET /phpunit/Util/PHP/eval-stdin.php HTTP/1.1" 404 27 "-" "libredtail-http"
70.23.81.129 - - [02/Feb/2026:01:16:03 +0800] "GET /lib/phpunit/phpunit/src/Util/PHP/eval-stdin.php HTTP/1.1" 404 27 "-" "libredtail-http"
70.23.81.129 - - [02/Feb/2026:01:16:03 +0800] "GET /lib/phpunit/phpunit/Util/PHP/eval-stdin.php HTTP/1.1" 404 27 "-" "libredtail-http"
70.23.81.129 - - [02/Feb/2026:01:16:03 +0800] "GET /lib/phpunit/src/Util/PHP/eval-stdin.php HTTP/1.1" 404 27 "-" "libredtail-http"
70.23.81.129 - - [02/Feb/2026:01:16:04 +0800] "GET /lib/phpunit/Util/PHP/eval-stdin.php HTTP/1.1" 404 27 "-" "libredtail-http"
70.23.81.129 - - [02/Feb/2026:01:16:04 +0800] "GET /lib/vendor/phpunit/phpunit/src/Util/PHP/eval-stdin.php HTTP/1.1" 404 27 "-" "libredtail-http"
70.23.81.129 - - [02/Feb/2026:01:16:05 +0800] "GET /laravel/vendor/phpunit/phpunit/src/Util/PHP/eval-stdin.php HTTP/1.1" 404 27 "-" "libredtail-http"
70.23.81.129 - - [02/Feb/2026:01:16:05 +0800] "GET /www/vendor/phpunit/phpunit/src/Util/PHP/eval-stdin.php HTTP/1.1" 404 27 "-" "libredtail-http"
70.23.81.129 - - [02/Feb/2026:01:16:05 +0800] "GET /ws/vendor/phpunit/phpunit/src/Util/PHP/eval-stdin.php HTTP/1.1" 404 27 "-" "libredtail-http"
70.23.81.129 - - [02/Feb/2026:01:16:06 +0800] "GET /yii/vendor/phpunit/phpunit/src/Util/PHP/eval-stdin.php HTTP/1.1" 404 27 "-" "libredtail-http"
70.23.81.129 - - [02/Feb/2026:01:16:06 +0800] "GET /zend/vendor/phpunit/phpunit/src/Util/PHP/eval-stdin.php HTTP/1.1" 404 27 "-" "libredtail-http"
70.23.81.129 - - [02/Feb/2026:01:16:06 +0800] "GET /ws/ec/vendor/phpunit/phpunit/src/Util/PHP/eval-stdin.php HTTP/1.1" 404 27 "-" "libredtail-http"
70.23.81.129 - - [02/Feb/2026:01:16:06 +0800] "GET /V2/vendor/phpunit/phpunit/src/Util/PHP/eval-stdin.php HTTP/1.1" 404 27 "-" "libredtail-http"
70.23.81.129 - - [02/Feb/2026:01:16:07 +0800] "GET /tests/vendor/phpunit/phpunit/src/Util/PHP/eval-stdin.php HTTP/1.1" 404 27 "-" "libredtail-http"
70.23.81.129 - - [02/Feb/2026:01:16:07 +0800] "GET /test/vendor/phpunit/phpunit/src/Util/PHP/eval-stdin.php HTTP/1.1" 404 27 "-" "libredtail-http"
70.23.81.129 - - [02/Feb/2026:01:16:08 +0800] "GET /testing/vendor/phpunit/phpunit/src/Util/PHP/eval-stdin.php HTTP/1.1" 404 27 "-" "libredtail-http"
70.23.81.129 - - [02/Feb/2026:01:16:08 +0800] "GET /api/vendor/phpunit/phpunit/src/Util/PHP/eval-stdin.php HTTP/1.1" 404 27 "-" "libredtail-http"
70.23.81.129 - - [02/Feb/2026:01:16:08 +0800] "GET /demo/vendor/phpunit/phpunit/src/Util/PHP/eval-stdin.php HTTP/1.1" 404 27 "-" "libredtail-http"
70.23.81.129 - - [02/Feb/2026:01:16:09 +0800] "GET /cms/vendor/phpunit/phpunit/src/Util/PHP/eval-stdin.php HTTP/1.1" 404 27 "-" "libredtail-http"
70.23.81.129 - - [02/Feb/2026:01:16:09 +0800] "GET /crm/vendor/phpunit/phpunit/src/Util/PHP/eval-stdin.php HTTP/1.1" 404 27 "-" "libredtail-http"
70.23.81.129 - - [02/Feb/2026:01:16:09 +0800] "GET /admin/vendor/phpunit/phpunit/src/Util/PHP/eval-stdin.php HTTP/1.1" 404 27 "-" "libredtail-http"
70.23.81.129 - - [02/Feb/2026:01:16:10 +0800] "GET /backup/vendor/phpunit/phpunit/src/Util/PHP/eval-stdin.php HTTP/1.1" 404 27 "-" "libredtail-http"
70.23.81.129 - - [02/Feb/2026:01:16:10 +0800] "GET /blog/vendor/phpunit/phpunit/src/Util/PHP/eval-stdin.php HTTP/1.1" 404 27 "-" "libredtail-http"
70.23.81.129 - - [02/Feb/2026:01:16:10 +0800] "GET /workspace/drupal/vendor/phpunit/phpunit/src/Util/PHP/eval-stdin.php HTTP/1.1" 404 27 "-" "libredtail-http"
70.23.81.129 - - [02/Feb/2026:01:16:10 +0800] "GET /panel/vendor/phpunit/phpunit/src/Util/PHP/eval-stdin.php HTTP/1.1" 404 27 "-" "libredtail-http"
70.23.81.129 - - [02/Feb/2026:01:16:11 +0800] "GET /public/vendor/phpunit/phpunit/src/Util/PHP/eval-stdin.php HTTP/1.1" 404 27 "-" "libredtail-http"
70.23.81.129 - - [02/Feb/2026:01:16:11 +0800] "GET /apps/vendor/phpunit/phpunit/src/Util/PHP/eval-stdin.php HTTP/1.1" 404 27 "-" "libredtail-http"
70.23.81.129 - - [02/Feb/2026:01:16:12 +0800] "GET /app/vendor/phpunit/phpunit/src/Util/PHP/eval-stdin.php HTTP/1.1" 404 27 "-" "libredtail-http"
36.133.115.36 - - [02/Feb/2026:01:16:14 +0800] "POST /wp-cron.php?doing_wp_cron=1769966174.2842030525207519531250 HTTP/1.1" 200 31 "-" "WordPress/6.9; http://cqqizhou.com"
70.23.81.129 - - [02/Feb/2026:01:16:14 +0800] "GET /index.php?s=/index/\x5Cthink\x5Capp/invokefunction&function=call_user_func_array&vars[0]=md5&vars[1][]=Hello HTTP/1.1" 200 65622 "-" "libredtail-http"
70.23.81.129 - - [02/Feb/2026:01:16:14 +0800] "GET /public/index.php?s=/index/\x5Cthink\x5Capp/invokefunction&function=call_user_func_array&vars[0]=md5&vars[1][]=Hello HTTP/1.1" 404 27 "-" "libredtail-http"
70.23.81.129 - - [02/Feb/2026:01:16:16 +0800] "GET /index.php?lang=../../../../../../../../usr/local/lib/php/pearcmd&+config-create+/&/<?echo(md5(\x22hi\x22));?>+/tmp/index1.php HTTP/1.1" 200 157284 "-" "libredtail-http"
70.23.81.129 - - [02/Feb/2026:01:16:18 +0800] "GET /index.php?lang=../../../../../../../../tmp/index1 HTTP/1.1" 200 157284 "-" "libredtail-http"
70.23.81.129 - - [02/Feb/2026:01:16:20 +0800] "GET /containers/json HTTP/1.1" 301 5 "-" "libredtail-http"
70.23.81.129 - - [02/Feb/2026:01:16:22 +0800] "GET /containers/json HTTP/1.1" 301 5 "-" "libredtail-http"
36.133.115.36 - - [02/Feb/2026:01:30:13 +0800] "POST /wp-cron.php?doing_wp_cron=1769967013.7684268951416015625000 HTTP/1.1" 200 31 "-" "WordPress/6.9; http://cqqizhou.com"
51.68.236.69 - - [02/Feb/2026:01:30:13 +0800] "GET /robots.txt HTTP/1.1" 301 5 "-" "Mozilla/5.0 (compatible; MJ12bot/v2.0.4; http://mj12bot.com/)"
51.68.236.69 - - [02/Feb/2026:01:30:16 +0800] "GET /robots.txt HTTP/1.1" 200 190 "-" "Mozilla/5.0 (compatible; MJ12bot/v2.0.4; http://mj12bot.com/)"
51.68.236.69 - - [02/Feb/2026:01:30:19 +0800] "GET / HTTP/1.1" 301 5 "-" "Mozilla/5.0 (compatible; MJ12bot/v2.0.4; http://mj12bot.com/)"
51.68.236.69 - - [02/Feb/2026:01:30:19 +0800] "GET / HTTP/1.1" 200 35186 "-" "Mozilla/5.0 (compatible; MJ12bot/v2.0.4; http://mj12bot.com/)"
123.4.210.39 - - [02/Feb/2026:01:35:32 +0800] "POST /HNAP1/ HTTP/1.0" 400 0 "-" "-"
36.133.115.36 - - [02/Feb/2026:01:51:54 +0800] "POST /wp-cron.php?doing_wp_cron=1769968314.3186590671539306640625 HTTP/1.1" 200 31 "-" "WordPress/6.9; http://cqqizhou.com"
79.124.40.174 - - [02/Feb/2026:01:51:54 +0800] "GET /actuator/gateway/routes HTTP/1.1" 301 5 "-" "Mozilla/5.0 (Windows NT 10.0; Win64; x64) AppleWebKit/537.36 (KHTML, like Gecko) Chrome/78.0.3904.108 Safari/537.36"
79.124.40.174 - - [02/Feb/2026:01:51:55 +0800] "GET /actuator/gateway/routes HTTP/1.1" 404 8951 "http://36.133.115.36:80/actuator/gateway/routes" "Mozilla/5.0 (Windows NT 10.0; Win64; x64) AppleWebKit/537.36 (KHTML, like Gecko) Chrome/78.0.3904.108 Safari/537.36"
36.133.115.36 - - [02/Feb/2026:01:52:11 +0800] "POST /wp-cron.php?doing_wp_cron=1769968331.2661509513854980468750 HTTP/1.1" 200 31 "-" "WordPress/6.9; http://cqqizhou.com"
89.42.231.200 - - [02/Feb/2026:01:52:11 +0800] "GET /SDK/webLanguage HTTP/1.1" 301 5 "-" "Mozilla/5.0 (Windows NT 10.0; Win64; x64) AppleWebKit/537.36 (KHTML, like Gecko) Chrome/90.0.4430.85 Safari/537.36 Edg/90.0.818.46"
5.39.109.160 - - [02/Feb/2026:01:55:38 +0800] "GET /material.html HTTP/1.1" 304 0 "-" "Mozilla/5.0 (compatible; AhrefsBot/7.0; +http://ahrefs.com/robot/)"
36.133.115.36 - - [02/Feb/2026:02:00:58 +0800] "POST /wp-cron.php?doing_wp_cron=1769968858.0294899940490722656250 HTTP/1.1" 200 31 "-" "WordPress/6.9; http://cqqizhou.com"
204.76.203.69 - - [02/Feb/2026:02:00:58 +0800] "GET / HTTP/1.1" 200 157284 "-" "-"
36.133.115.36 - - [02/Feb/2026:02:12:05 +0800] "POST /wp-cron.php?doing_wp_cron=1769969525.7641239166259765625000 HTTP/1.1" 200 31 "-" "WordPress/6.9; http://cqqizhou.com"
147.135.213.175 - - [02/Feb/2026:02:12:05 +0800] "GET /robots.txt HTTP/1.0" 200 378 "-" "Mozilla/5.0 (compatible; MJ12bot/v1.4.8; http://mj12bot.com/)"
147.135.213.175 - - [02/Feb/2026:02:12:51 +0800] "GET /tag/%E7%89%A9%E6%B5%81/ HTTP/1.1" 200 20931 "-" "Mozilla/5.0 (compatible; MJ12bot/v1.4.8; http://mj12bot.com/)"
36.133.115.36 - - [02/Feb/2026:02:17:49 +0800] "POST /wp-cron.php?doing_wp_cron=1769969869.0629289150238037109375 HTTP/1.1" 200 31 "-" "WordPress/6.9; http://cqqizhou.com"
49.51.180.2 - - [02/Feb/2026:02:17:49 +0800] "GET / HTTP/1.1" 200 34752 "-" "Mozilla/5.0 (iPhone; CPU iPhone OS 13_2_3 like Mac OS X) AppleWebKit/605.1.15 (KHTML, like Gecko) Version/13.0.3 Mobile/15E148 Safari/604.1"
36.133.115.36 - - [02/Feb/2026:02:21:29 +0800] "POST /wp-cron.php?doing_wp_cron=1769970089.3982629776000976562500 HTTP/1.1" 200 31 "-" "WordPress/6.9; http://cqqizhou.com"
51.68.107.156 - - [02/Feb/2026:02:21:29 +0800] "GET /robots.txt HTTP/1.1" 200 190 "-" "Mozilla/5.0 (compatible; MJ12bot/v2.0.4; http://mj12bot.com/)"
51.68.107.156 - - [02/Feb/2026:02:21:29 +0800] "GET / HTTP/1.1" 200 35186 "-" "Mozilla/5.0 (compatible; MJ12bot/v2.0.4; http://mj12bot.com/)"
36.133.115.36 - - [02/Feb/2026:02:32:02 +0800] "POST /wp-cron.php?doing_wp_cron=1769970722.3650200366973876953125 HTTP/1.1" 200 31 "-" "WordPress/6.9; http://cqqizhou.com"
20.65.194.119 - - [02/Feb/2026:02:32:02 +0800] "GET / HTTP/1.1" 301 5 "-" "Mozilla/5.0 zgrab/0.x"
36.133.115.36 - - [02/Feb/2026:02:35:48 +0800] "POST /wp-cron.php?doing_wp_cron=1769970948.5362150669097900390625 HTTP/1.1" 200 31 "-" "WordPress/6.9; http://cqqizhou.com"
85.208.96.203 - - [02/Feb/2026:02:35:48 +0800] "GET /robots.txt HTTP/1.1" 200 190 "-" "Mozilla/5.0 (compatible; SemrushBot/7~bl; +http://www.semrush.com/bot.html)"
85.208.96.211 - - [02/Feb/2026:02:35:52 +0800] "GET /2475/ HTTP/1.1" 200 26552 "-" "Mozilla/5.0 (compatible; SemrushBot/7~bl; +http://www.semrush.com/bot.html)"
36.133.115.36 - - [02/Feb/2026:02:36:36 +0800] "POST /wp-cron.php?doing_wp_cron=1769970996.8130729198455810546875 HTTP/1.1" 200 31 "-" "WordPress/6.9; http://cqqizhou.com"
114.119.149.91 - - [02/Feb/2026:02:36:36 +0800] "GET /robots.txt HTTP/1.1" 200 190 "-" "Mozilla/5.0 (compatible;PetalBot;+https://webmaster.petalsearch.com/site/petalbot)"
36.133.108.119 - - [02/Feb/2026:02:42:26 +0800] "HEAD /testing/vendor/phpunit/phpunit/src/Util/PHP/eval-stdin.php HTTP/1.1" 404 0 "-" "Mozilla/5.0 (iPad; CPU OS 6_0 like Mac OS X) AppleWebKit/536.26 (KHTML, like Gecko) Version/6.0 Mobile/10A5355d Safari/8536.25"
36.133.115.36 - - [02/Feb/2026:02:43:11 +0800] "POST /wp-cron.php?doing_wp_cron=1769971391.3015809059143066406250 HTTP/1.1" 200 31 "-" "WordPress/6.9; http://cqqizhou.com"
204.76.203.219 - - [02/Feb/2026:02:43:11 +0800] "GET / HTTP/1.1" 200 34752 "-" "Mozilla/5.0 (Windows NT 10.0; Win64; x64) AppleWebKit/537.36 (KHTML, like Gecko) Chrome/90.0.4430.85 Safari/537.36 Edg/90.0.818.46"
36.133.115.36 - - [02/Feb/2026:02:44:34 +0800] "POST /wp-cron.php?doing_wp_cron=1769971474.1121850013732910156250 HTTP/1.1" 200 31 "-" "WordPress/6.9; http://cqqizhou.com"
146.19.24.133 - - [02/Feb/2026:02:44:34 +0800] "GET / HTTP/1.1" 200 109842 "-" "python-requests/2.31.0"
36.133.115.36 - - [02/Feb/2026:02:46:12 +0800] "POST /wp-cron.php?doing_wp_cron=1769971572.1450979709625244140625 HTTP/1.1" 200 31 "-" "WordPress/6.9; http://cqqizhou.com"
51.68.235.235 - - [02/Feb/2026:02:46:12 +0800] "GET /robots.txt HTTP/1.1" 200 390 "-" "Mozilla/5.0 (compatible; MJ12bot/v1.4.8; http://mj12bot.com/)"
51.68.235.235 - - [02/Feb/2026:02:46:14 +0800] "GET /portfolio-tag/%E9%9E%8D%E9%92%A2%E8%92%82%E6%A3%AE/ HTTP/1.1" 404 8952 "-" "Mozilla/5.0 (compatible; MJ12bot/v1.4.8; http://mj12bot.com/)"
51.68.235.235 - - [02/Feb/2026:02:46:17 +0800] "GET /portfolio/%E5%86%B7%E8%BD%A7%E5%8D%B7/ HTTP/1.1" 404 8951 "-" "Mozilla/5.0 (compatible; MJ12bot/v1.4.8; http://mj12bot.com/)"
51.68.235.235 - - [02/Feb/2026:02:46:19 +0800] "GET /portfolio/%E5%86%B7%E8%BD%A7%E6%9D%BF/ HTTP/1.1" 404 8952 "-" "Mozilla/5.0 (compatible; MJ12bot/v1.4.8; http://mj12bot.com/)"
36.133.115.36 - - [02/Feb/2026:02:59:21 +0800] "POST /wp-cron.php?doing_wp_cron=1769972361.7728400230407714843750 HTTP/1.1" 200 31 "-" "WordPress/6.9; http://cqqizhou.com"
43.135.145.73 - - [02/Feb/2026:02:59:21 +0800] "GET / HTTP/1.1" 200 34752 "-" "Mozilla/5.0 (iPhone; CPU iPhone OS 13_2_3 like Mac OS X) AppleWebKit/605.1.15 (KHTML, like Gecko) Version/13.0.3 Mobile/15E148 Safari/604.1"
36.133.115.36 - - [02/Feb/2026:03:08:18 +0800] "POST /wp-cron.php?doing_wp_cron=1769972898.9342830181121826171875 HTTP/1.1" 200 31 "-" "WordPress/6.9; http://cqqizhou.com"
139.99.124.59 - - [02/Feb/2026:03:08:18 +0800] "POST /hello.world?%ADd+allow_url_include%3d1+%ADd+auto_prepend_file%3dphp://input HTTP/1.1" 404 31367 "-" "libredtail-http"
139.99.124.59 - - [02/Feb/2026:03:08:20 +0800] "POST /?%ADd+allow_url_include%3d1+%ADd+auto_prepend_file%3dphp://input HTTP/1.1" 200 157284 "-" "libredtail-http"
139.99.124.59 - - [02/Feb/2026:03:08:21 +0800] "GET /vendor/phpunit/phpunit/src/Util/PHP/eval-stdin.php HTTP/1.1" 404 27 "-" "libredtail-http"
139.99.124.59 - - [02/Feb/2026:03:08:21 +0800] "GET /vendor/phpunit/phpunit/Util/PHP/eval-stdin.php HTTP/1.1" 404 27 "-" "libredtail-http"
139.99.124.59 - - [02/Feb/2026:03:08:26 +0800] "GET /vendor/phpunit/src/Util/PHP/eval-stdin.php HTTP/1.1" 404 27 "-" "libredtail-http"
139.99.124.59 - - [02/Feb/2026:03:08:26 +0800] "GET /vendor/phpunit/Util/PHP/eval-stdin.php HTTP/1.1" 404 27 "-" "libredtail-http"
139.99.124.59 - - [02/Feb/2026:03:08:26 +0800] "GET /vendor/phpunit/phpunit/LICENSE/eval-stdin.php HTTP/1.1" 404 27 "-" "libredtail-http"
139.99.124.59 - - [02/Feb/2026:03:08:26 +0800] "GET /vendor/vendor/phpunit/phpunit/src/Util/PHP/eval-stdin.php HTTP/1.1" 404 27 "-" "libredtail-http"
139.99.124.59 - - [02/Feb/2026:03:08:26 +0800] "GET /phpunit/phpunit/src/Util/PHP/eval-stdin.php HTTP/1.1" 404 27 "-" "libredtail-http"
139.99.124.59 - - [02/Feb/2026:03:08:26 +0800] "GET /phpunit/phpunit/Util/PHP/eval-stdin.php HTTP/1.1" 404 27 "-" "libredtail-http"
139.99.124.59 - - [02/Feb/2026:03:08:26 +0800] "GET /phpunit/src/Util/PHP/eval-stdin.php HTTP/1.1" 404 27 "-" "libredtail-http"
139.99.124.59 - - [02/Feb/2026:03:08:27 +0800] "GET /phpunit/Util/PHP/eval-stdin.php HTTP/1.1" 404 27 "-" "libredtail-http"
139.99.124.59 - - [02/Feb/2026:03:08:27 +0800] "GET /lib/phpunit/phpunit/src/Util/PHP/eval-stdin.php HTTP/1.1" 404 27 "-" "libredtail-http"
139.99.124.59 - - [02/Feb/2026:03:08:27 +0800] "GET /lib/phpunit/phpunit/Util/PHP/eval-stdin.php HTTP/1.1" 404 27 "-" "libredtail-http"
139.99.124.59 - - [02/Feb/2026:03:08:27 +0800] "GET /lib/phpunit/src/Util/PHP/eval-stdin.php HTTP/1.1" 404 27 "-" "libredtail-http"
139.99.124.59 - - [02/Feb/2026:03:08:27 +0800] "GET /lib/phpunit/Util/PHP/eval-stdin.php HTTP/1.1" 404 27 "-" "libredtail-http"
139.99.124.59 - - [02/Feb/2026:03:08:29 +0800] "GET /lib/vendor/phpunit/phpunit/src/Util/PHP/eval-stdin.php HTTP/1.1" 404 27 "-" "libredtail-http"
139.99.124.59 - - [02/Feb/2026:03:08:30 +0800] "GET /laravel/vendor/phpunit/phpunit/src/Util/PHP/eval-stdin.php HTTP/1.1" 404 27 "-" "libredtail-http"
139.99.124.59 - - [02/Feb/2026:03:08:32 +0800] "GET /www/vendor/phpunit/phpunit/src/Util/PHP/eval-stdin.php HTTP/1.1" 404 27 "-" "libredtail-http"
139.99.124.59 - - [02/Feb/2026:03:08:32 +0800] "GET /ws/vendor/phpunit/phpunit/src/Util/PHP/eval-stdin.php HTTP/1.1" 404 27 "-" "libredtail-http"
139.99.124.59 - - [02/Feb/2026:03:08:32 +0800] "GET /yii/vendor/phpunit/phpunit/src/Util/PHP/eval-stdin.php HTTP/1.1" 404 27 "-" "libredtail-http"
139.99.124.59 - - [02/Feb/2026:03:08:33 +0800] "GET /zend/vendor/phpunit/phpunit/src/Util/PHP/eval-stdin.php HTTP/1.1" 404 27 "-" "libredtail-http"
139.99.124.59 - - [02/Feb/2026:03:08:34 +0800] "GET /ws/ec/vendor/phpunit/phpunit/src/Util/PHP/eval-stdin.php HTTP/1.1" 404 27 "-" "libredtail-http"
139.99.124.59 - - [02/Feb/2026:03:08:34 +0800] "GET /V2/vendor/phpunit/phpunit/src/Util/PHP/eval-stdin.php HTTP/1.1" 404 27 "-" "libredtail-http"
139.99.124.59 - - [02/Feb/2026:03:08:43 +0800] "GET /tests/vendor/phpunit/phpunit/src/Util/PHP/eval-stdin.php HTTP/1.1" 404 27 "-" "libredtail-http"
139.99.124.59 - - [02/Feb/2026:03:08:43 +0800] "GET /test/vendor/phpunit/phpunit/src/Util/PHP/eval-stdin.php HTTP/1.1" 404 27 "-" "libredtail-http"
139.99.124.59 - - [02/Feb/2026:03:08:44 +0800] "GET /testing/vendor/phpunit/phpunit/src/Util/PHP/eval-stdin.php HTTP/1.1" 404 27 "-" "libredtail-http"
139.99.124.59 - - [02/Feb/2026:03:08:44 +0800] "GET /api/vendor/phpunit/phpunit/src/Util/PHP/eval-stdin.php HTTP/1.1" 404 27 "-" "libredtail-http"
139.99.124.59 - - [02/Feb/2026:03:08:44 +0800] "GET /demo/vendor/phpunit/phpunit/src/Util/PHP/eval-stdin.php HTTP/1.1" 404 27 "-" "libredtail-http"
139.99.124.59 - - [02/Feb/2026:03:08:44 +0800] "GET /cms/vendor/phpunit/phpunit/src/Util/PHP/eval-stdin.php HTTP/1.1" 404 27 "-" "libredtail-http"
139.99.124.59 - - [02/Feb/2026:03:08:44 +0800] "GET /crm/vendor/phpunit/phpunit/src/Util/PHP/eval-stdin.php HTTP/1.1" 404 27 "-" "libredtail-http"
139.99.124.59 - - [02/Feb/2026:03:08:44 +0800] "GET /admin/vendor/phpunit/phpunit/src/Util/PHP/eval-stdin.php HTTP/1.1" 404 27 "-" "libredtail-http"
139.99.124.59 - - [02/Feb/2026:03:08:44 +0800] "GET /backup/vendor/phpunit/phpunit/src/Util/PHP/eval-stdin.php HTTP/1.1" 404 27 "-" "libredtail-http"
139.99.124.59 - - [02/Feb/2026:03:08:44 +0800] "GET /blog/vendor/phpunit/phpunit/src/Util/PHP/eval-stdin.php HTTP/1.1" 404 27 "-" "libredtail-http"
139.99.124.59 - - [02/Feb/2026:03:08:44 +0800] "GET /workspace/drupal/vendor/phpunit/phpunit/src/Util/PHP/eval-stdin.php HTTP/1.1" 404 27 "-" "libredtail-http"
139.99.124.59 - - [02/Feb/2026:03:08:46 +0800] "GET /panel/vendor/phpunit/phpunit/src/Util/PHP/eval-stdin.php HTTP/1.1" 404 27 "-" "libredtail-http"
139.99.124.59 - - [02/Feb/2026:03:08:47 +0800] "GET /public/vendor/phpunit/phpunit/src/Util/PHP/eval-stdin.php HTTP/1.1" 404 27 "-" "libredtail-http"
139.99.124.59 - - [02/Feb/2026:03:08:47 +0800] "GET /apps/vendor/phpunit/phpunit/src/Util/PHP/eval-stdin.php HTTP/1.1" 404 27 "-" "libredtail-http"
139.99.124.59 - - [02/Feb/2026:03:08:47 +0800] "GET /app/vendor/phpunit/phpunit/src/Util/PHP/eval-stdin.php HTTP/1.1" 404 27 "-" "libredtail-http"
139.99.124.59 - - [02/Feb/2026:03:08:48 +0800] "GET /index.php?s=/index/\x5Cthink\x5Capp/invokefunction&function=call_user_func_array&vars[0]=md5&vars[1][]=Hello HTTP/1.1" 200 65622 "-" "libredtail-http"
139.99.124.59 - - [02/Feb/2026:03:08:53 +0800] "GET /public/index.php?s=/index/\x5Cthink\x5Capp/invokefunction&function=call_user_func_array&vars[0]=md5&vars[1][]=Hello HTTP/1.1" 404 27 "-" "libredtail-http"
139.99.124.59 - - [02/Feb/2026:03:08:54 +0800] "GET /index.php?lang=../../../../../../../../usr/local/lib/php/pearcmd&+config-create+/&/<?echo(md5(\x22hi\x22));?>+/tmp/index1.php HTTP/1.1" 200 157284 "-" "libredtail-http"
139.99.124.59 - - [02/Feb/2026:03:08:55 +0800] "GET /index.php?lang=../../../../../../../../tmp/index1 HTTP/1.1" 200 157284 "-" "libredtail-http"
139.99.124.59 - - [02/Feb/2026:03:08:56 +0800] "GET /containers/json HTTP/1.1" 301 5 "-" "libredtail-http"
36.133.115.36 - - [02/Feb/2026:03:09:11 +0800] "POST /wp-cron.php?doing_wp_cron=1769972951.8734469413757324218750 HTTP/1.1" 200 31 "-" "WordPress/6.9; http://cqqizhou.com"
139.99.124.59 - - [02/Feb/2026:03:09:11 +0800] "GET /containers/json HTTP/1.1" 301 5 "-" "libredtail-http"
36.133.115.36 - - [02/Feb/2026:03:13:09 +0800] "POST /wp-cron.php?doing_wp_cron=1769973189.1701500415802001953125 HTTP/1.1" 200 31 "-" "WordPress/6.9; http://cqqizhou.com"
180.149.126.15 - - [02/Feb/2026:03:13:09 +0800] "GET / HTTP/1.1" 301 5 "-" "Mozilla/5.0 (Windows NT 5.1; Win64; x64) AppleWebKit/537.36 (KHTML, like Gecko) Chrome/60.0.3112.90 Safari/537.36"
180.149.126.15 - - [02/Feb/2026:03:13:10 +0800] "GET / HTTP/1.1" 200 35186 "http://36.133.115.36/" "Mozilla/5.0 (Windows NT 5.1; Win64; x64) AppleWebKit/537.36 (KHTML, like Gecko) Chrome/60.0.3112.90 Safari/537.36"
36.133.115.36 - - [02/Feb/2026:03:34:46 +0800] "POST /wp-cron.php?doing_wp_cron=1769974486.7536311149597167968750 HTTP/1.1" 200 31 "-" "WordPress/6.9; http://cqqizhou.com"
5.39.109.185 - - [02/Feb/2026:03:34:46 +0800] "GET /club/ HTTP/1.1" 200 13070 "-" "Mozilla/5.0 (compatible; AhrefsBot/7.0; +http://ahrefs.com/robot/)"
36.133.108.125 - - [02/Feb/2026:03:35:32 +0800] "HEAD /api/vendor/phpunit/phpunit/src/Util/PHP/eval-stdin.php HTTP/1.1" 404 0 "-" "Mozilla/5.0 (Windows NT 6.1) AppleWebKit/537.36 (KHTML, like Gecko) Chrome/41.0.2228.0 Safari/537.36"
36.133.115.36 - - [02/Feb/2026:03:38:57 +0800] "POST /wp-cron.php?doing_wp_cron=1769974737.0123450756072998046875 HTTP/1.1" 200 31 "-" "WordPress/6.9; http://cqqizhou.com"
204.76.203.219 - - [02/Feb/2026:03:38:57 +0800] "GET / HTTP/1.1" 200 34752 "-" "Mozilla/5.0 (Windows NT 10.0; Win64; x64) AppleWebKit/537.36 (KHTML, like Gecko) Chrome/90.0.4430.85 Safari/537.36 Edg/90.0.818.46"
36.133.115.36 - - [02/Feb/2026:03:42:14 +0800] "POST /wp-cron.php?doing_wp_cron=1769974934.6858949661254882812500 HTTP/1.1" 200 31 "-" "WordPress/6.9; http://cqqizhou.com"
128.203.200.216 - - [02/Feb/2026:03:42:14 +0800] "GET /developmentserver/metadatauploader HTTP/1.1" 404 8952 "-" "Mozilla/5.0 zgrab/0.x"
27.29.177.5 - - [02/Feb/2026:03:55:51 +0800] "GET /contacts/ HTTP/1.1" 200 21561 "-" "Mozilla/5.0 (Windows NT 10.0; Win64; x64) AppleWebKit/537.36 (KHTML, like Gecko) Chrome/136.0.0.0 Safari/537.36"
117.155.82.56 - - [02/Feb/2026:03:55:51 +0800] "GET /contacts/ HTTP/1.1" 200 21561 "-" "Mozilla/5.0 (Windows NT 10.0; Win64; x64) AppleWebKit/537.36 (KHTML, like Gecko) Chrome/136.0.0.0 Safari/537.36"
113.120.164.94 - - [02/Feb/2026:03:56:26 +0800] "GET /contacts/ HTTP/1.1" 499 0 "-" "Mozilla/5.0 (Windows NT 10.0; Win64; x64) AppleWebKit/537.36 (KHTML, like Gecko) Chrome/136.0.0.0 Safari/537.36"
117.133.88.174 - - [02/Feb/2026:03:56:27 +0800] "GET /contacts/ HTTP/1.1" 499 0 "-" "Mozilla/5.0 (Windows NT 10.0; Win64; x64) AppleWebKit/537.36 (KHTML, like Gecko) Chrome/136.0.0.0 Safari/537.36"
39.163.193.151 - - [02/Feb/2026:03:56:58 +0800] "GET /contacts/ HTTP/1.1" 499 0 "http://cqqizhou.com/contacts/" "Mozilla/5.0 (Windows NT 10.0; Win64; x64) AppleWebKit/537.36 (KHTML, like Gecko) Chrome/136.0.0.0 Safari/537.36"
123.10.229.85 - - [02/Feb/2026:03:56:58 +0800] "GET /contacts/ HTTP/1.1" 200 21561 "http://cqqizhou.com/contacts/" "Mozilla/5.0 (Windows NT 10.0; Win64; x64) AppleWebKit/537.36 (KHTML, like Gecko) Chrome/136.0.0.0 Safari/537.36"
101.87.6.163 - - [02/Feb/2026:03:56:58 +0800] "GET /contacts/ HTTP/1.1" 499 0 "http://cqqizhou.com/contacts/" "Mozilla/5.0 (Windows NT 10.0; Win64; x64) AppleWebKit/537.36 (KHTML, like Gecko) Chrome/136.0.0.0 Safari/537.36"
111.22.56.135 - - [02/Feb/2026:03:57:18 +0800] "GET /contacts/ HTTP/1.1" 200 21561 "http://cqqizhou.com/contacts/" "Mozilla/5.0 (Windows NT 10.0; Win64; x64) AppleWebKit/537.36 (KHTML, like Gecko) Chrome/136.0.0.0 Safari/537.36"
36.133.115.36 - - [02/Feb/2026:04:06:43 +0800] "POST /wp-cron.php?doing_wp_cron=1769976403.3869531154632568359375 HTTP/1.1" 200 31 "-" "WordPress/6.9; http://cqqizhou.com"
51.254.59.113 - - [02/Feb/2026:04:06:43 +0800] "GET / HTTP/1.1" 301 5 "-" "Mozilla/5.0 (Windows NT 6.1) AppleWebKit/537.36 (KHTML, like Gecko) Chrome/41.0.2228.0 Safari/537.36"
36.133.115.36 - - [02/Feb/2026:04:08:03 +0800] "POST /wp-cron.php?doing_wp_cron=1769976483.7813639640808105468750 HTTP/1.1" 200 31 "-" "WordPress/6.9; http://cqqizhou.com"
102.129.85.132 - - [02/Feb/2026:04:08:03 +0800] "GET /wp-admin/install.php HTTP/1.1" 200 593 "-" "Mozilla/5.0 (Windows NT 10.0; Win64; x64) AppleWebKit/537.36 (KHTML, like Gecko) Chrome/112.0.5615.137 Safari/537.36"
36.133.115.36 - - [02/Feb/2026:04:08:05 +0800] "POST /wp-cron.php?doing_wp_cron=1769976485.3587279319763183593750 HTTP/1.1" 200 31 "-" "WordPress/6.9; http://cqqizhou.com"
102.129.85.132 - - [02/Feb/2026:04:08:05 +0800] "GET /.env HTTP/1.1" 404 8952 "-" "Mozilla/5.0 (Windows NT 10.0; Win64; x64) AppleWebKit/537.36 (KHTML, like Gecko) Chrome/112.0.5615.137 Safari/537.36"
102.129.85.132 - - [02/Feb/2026:04:08:06 +0800] "GET /.vscode/sftp.json HTTP/1.1" 404 8951 "-" "Mozilla/5.0 (Windows NT 10.0; Win64; x64) AppleWebKit/537.36 (KHTML, like Gecko) Chrome/112.0.5615.137 Safari/537.36"
36.133.115.36 - - [02/Feb/2026:04:08:08 +0800] "POST /wp-cron.php?doing_wp_cron=1769976488.4514050483703613281250 HTTP/1.1" 200 31 "-" "WordPress/6.9; http://cqqizhou.com"
102.129.85.132 - - [02/Feb/2026:04:08:08 +0800] "GET /.config/sftp.json HTTP/1.1" 404 8952 "-" "Mozilla/5.0 (Windows NT 10.0; Win64; x64) AppleWebKit/537.36 (KHTML, like Gecko) Chrome/112.0.5615.137 Safari/537.36"
52.167.144.179 - - [02/Feb/2026:04:10:07 +0800] "GET /wp-content/uploads/2025/12/1766647831-Article_images_202512254.webp HTTP/1.1" 200 55610 "-" "Mozilla/5.0 AppleWebKit/537.36 (KHTML, like Gecko; compatible; bingbot/2.0; +http://www.bing.com/bingbot.htm) Chrome/116.0.1938.76 Safari/537.36"
36.133.115.36 - - [02/Feb/2026:04:22:33 +0800] "POST /wp-cron.php?doing_wp_cron=1769977353.8131809234619140625000 HTTP/1.1" 200 31 "-" "WordPress/6.9; http://cqqizhou.com"
43.254.2.210 - - [02/Feb/2026:04:22:33 +0800] "POST /xmlrpc.php HTTP/1.1" 200 217 "-" "Mozilla/5.0 (Windows NT 10.0) AppleWebKit/537.36 (KHTML, like Gecko) Chrome/141.0.0.0 Safari/537.36 Edg/141.0.0.0"
36.133.115.36 - - [02/Feb/2026:04:32:53 +0800] "POST /wp-cron.php?doing_wp_cron=1769977973.8853321075439453125000 HTTP/1.1" 200 31 "-" "WordPress/6.9; http://cqqizhou.com"
204.76.203.219 - - [02/Feb/2026:04:32:53 +0800] "GET / HTTP/1.1" 200 34752 "-" "Mozilla/5.0 (Windows NT 10.0; Win64; x64) AppleWebKit/537.36 (KHTML, like Gecko) Chrome/90.0.4430.85 Safari/537.36 Edg/90.0.818.46"
36.133.115.36 - - [02/Feb/2026:04:42:22 +0800] "POST /wp-cron.php?doing_wp_cron=1769978542.5250821113586425781250 HTTP/1.1" 200 31 "-" "WordPress/6.9; http://cqqizhou.com"
176.65.139.7 - - [02/Feb/2026:04:42:23 +0800] "POST / HTTP/1.1" 200 34752 "-" "Go-http-client/1.1"
36.133.115.36 - - [02/Feb/2026:04:52:39 +0800] "POST /wp-cron.php?doing_wp_cron=1769979159.7815480232238769531250 HTTP/1.1" 200 31 "-" "WordPress/6.9; http://cqqizhou.com"
112.4.101.67 - - [02/Feb/2026:04:52:39 +0800] "GET / HTTP/1.1" 301 5 "-" "curl/7.29.0"
36.133.115.36 - - [02/Feb/2026:04:55:24 +0800] "POST /wp-cron.php?doing_wp_cron=1769979324.7176439762115478515625 HTTP/1.1" 200 31 "-" "WordPress/6.9; http://cqqizhou.com"
106.75.72.66 - - [02/Feb/2026:04:55:24 +0800] "GET / HTTP/1.1" 301 5 "-" "Mozilla/5.0 (Macintosh; Intel Mac OS X 8_0) AppleWebKit/542.46 (KHTML, like Gecko) Chrome/95.0.408 Safari/537.36"
106.75.72.66 - - [02/Feb/2026:04:55:26 +0800] "GET /robots.txt HTTP/1.1" 200 190 "-" "Go-http-client/1.1"
106.75.72.66 - - [02/Feb/2026:04:55:26 +0800] "GET /sitemap.xml HTTP/1.1" 301 5 "-" "Go-http-client/1.1"
106.75.72.66 - - [02/Feb/2026:04:55:27 +0800] "GET /wp-sitemap.xml HTTP/1.1" 501 253 "http://cqqizhou.com/sitemap.xml" "Go-http-client/1.1"
106.75.72.66 - - [02/Feb/2026:04:56:27 +0800] "GET / HTTP/1.1" 200 35186 "-" "Mozilla/5.0 (Windows NT 8_0; Win64; x64) AppleWebKit/561.46 (KHTML, like Gecko) Chrome/102.0.618 Safari/537.36"
106.75.72.66 - - [02/Feb/2026:04:56:44 +0800] "GET /sitemap.xml HTTP/1.1" 301 5 "-" "Go-http-client/1.1"
36.133.115.36 - - [02/Feb/2026:04:56:44 +0800] "POST /wp-cron.php?doing_wp_cron=1769979404.3619289398193359375000 HTTP/1.1" 200 31 "-" "WordPress/6.9; http://cqqizhou.com"
106.75.72.66 - - [02/Feb/2026:04:56:44 +0800] "GET /robots.txt HTTP/1.1" 200 190 "-" "Go-http-client/1.1"
106.75.72.66 - - [02/Feb/2026:04:56:45 +0800] "GET /wp-sitemap.xml HTTP/1.1" 501 253 "http://cqqizhou.com/sitemap.xml" "Go-http-client/1.1"
36.133.115.36 - - [02/Feb/2026:05:09:30 +0800] "POST /wp-cron.php?doing_wp_cron=1769980170.0077869892120361328125 HTTP/1.1" 200 31 "-" "WordPress/6.9; http://cqqizhou.com"
193.142.147.209 - - [02/Feb/2026:05:09:30 +0800] "POST / HTTP/1.1" 200 34752 "-" "Mozilla/5.0 (Windows NT 10.0; Win64; x64) AppleWebKit/537.36"
40.77.167.57 - - [02/Feb/2026:05:11:30 +0800] "GET /2464/ HTTP/1.1" 200 23491 "-" "Mozilla/5.0 AppleWebKit/537.36 (KHTML, like Gecko; compatible; bingbot/2.0; +http://www.bing.com/bingbot.htm) Chrome/116.0.1938.76 Safari/537.36"
36.133.115.36 - - [02/Feb/2026:05:23:50 +0800] "POST /wp-cron.php?doing_wp_cron=1769981030.1293311119079589843750 HTTP/1.1" 200 31 "-" "WordPress/6.9; http://cqqizhou.com"
43.166.250.187 - - [02/Feb/2026:05:23:50 +0800] "GET / HTTP/1.1" 301 5 "-" "Mozilla/5.0 (iPhone; CPU iPhone OS 13_2_3 like Mac OS X) AppleWebKit/605.1.15 (KHTML, like Gecko) Version/13.0.3 Mobile/15E148 Safari/604.1"
43.166.250.187 - - [02/Feb/2026:05:23:52 +0800] "GET / HTTP/1.1" 200 34752 "http://36.133.115.36" "Mozilla/5.0 (iPhone; CPU iPhone OS 13_2_3 like Mac OS X) AppleWebKit/605.1.15 (KHTML, like Gecko) Version/13.0.3 Mobile/15E148 Safari/604.1"
36.133.115.36 - - [02/Feb/2026:05:25:30 +0800] "POST /wp-cron.php?doing_wp_cron=1769981130.5357379913330078125000 HTTP/1.1" 200 31 "-" "WordPress/6.9; http://cqqizhou.com"
176.65.139.8 - - [02/Feb/2026:05:25:31 +0800] "GET / HTTP/1.1" 200 157284 "-" "Hello World/1.0"
36.133.115.36 - - [02/Feb/2026:05:27:40 +0800] "POST /wp-cron.php?doing_wp_cron=1769981260.7253179550170898437500 HTTP/1.1" 200 31 "-" "WordPress/6.9; http://cqqizhou.com"
204.76.203.219 - - [02/Feb/2026:05:27:40 +0800] "GET / HTTP/1.1" 200 34752 "-" "Mozilla/5.0 (Windows NT 10.0; Win64; x64) AppleWebKit/537.36 (KHTML, like Gecko) Chrome/90.0.4430.85 Safari/537.36 Edg/90.0.818.46"
36.133.115.36 - - [02/Feb/2026:05:35:47 +0800] "POST /wp-cron.php?doing_wp_cron=1769981747.1941390037536621093750 HTTP/1.1" 200 31 "-" "WordPress/6.9; http://cqqizhou.com"
85.208.96.207 - - [02/Feb/2026:05:35:47 +0800] "GET /robots.txt HTTP/1.1" 200 190 "-" "Mozilla/5.0 (compatible; SemrushBot/7~bl; +http://www.semrush.com/bot.html)"
185.191.171.17 - - [02/Feb/2026:05:35:48 +0800] "GET /media/3/ HTTP/1.1" 200 26068 "-" "Mozilla/5.0 (compatible; SemrushBot/7~bl; +http://www.semrush.com/bot.html)"
36.133.115.36 - - [02/Feb/2026:05:37:11 +0800] "POST /wp-cron.php?doing_wp_cron=1769981831.1202139854431152343750 HTTP/1.1" 200 31 "-" "WordPress/6.9; http://cqqizhou.com"
36.133.108.119 - - [02/Feb/2026:05:37:11 +0800] "HEAD /Final_Project/Airflow_Dag/.env HTTP/1.1" 404 0 "-" "Mozilla/5.0 (compatible; MSIE 8.0; Windows NT 5.1; Trident/4.0; .NET CLR 1.1.4322; .NET CLR 2.0.50727)"
151.106.12.249 - - [02/Feb/2026:05:39:18 +0800] "GET / HTTP/1.0" 200 158921 "http://cqqizhou.com/" "Mozilla/5.0 (Windows NT 10.0; Win64; x64) AppleWebKit/537.36 (KHTML, like Gecko) Chrome/131.0.0.0 Safari/537.36"
151.106.12.249 - - [02/Feb/2026:05:39:19 +0800] "GET /contacts/ HTTP/1.0" 200 76665 "http://cqqizhou.com/contacts/" "Mozilla/5.0 (Windows NT 10.0; Win64; x64) AppleWebKit/537.36 (KHTML, like Gecko) Chrome/131.0.0.0 Safari/537.36"
36.133.115.36 - - [02/Feb/2026:05:39:21 +0800] "POST /wp-cron.php?doing_wp_cron=1769981961.6918280124664306640625 HTTP/1.1" 200 31 "-" "WordPress/6.9; http://cqqizhou.com"
151.106.12.249 - - [02/Feb/2026:05:39:22 +0800] "POST /contacts/ HTTP/1.0" 200 69967 "http://cqqizhou.com/contacts/" "Mozilla/5.0 (Windows NT 10.0; Win64; x64) AppleWebKit/537.36 (KHTML, like Gecko) Chrome/131.0.0.0 Safari/537.36"
220.181.108.111 - - [02/Feb/2026:05:45:14 +0800] "GET /2418/ HTTP/1.1" 200 27331 "-" "Mozilla/5.0 (compatible; Baiduspider/2.0; +http://www.baidu.com/search/spider.html)"
36.133.115.36 - - [02/Feb/2026:05:45:15 +0800] "POST /wp-cron.php?doing_wp_cron=1769982315.1282100677490234375000 HTTP/1.1" 200 31 "-" "WordPress/6.9; http://cqqizhou.com"
220.181.108.104 - - [02/Feb/2026:05:45:15 +0800] "GET /wp-json/oembed/1.0/embed?url=http%3A%2F%2Fcqqizhou.com%2Fbug%2F HTTP/1.1" 200 1138 "-" "Mozilla/5.0 (compatible; Baiduspider/2.0; +http://www.baidu.com/search/spider.html)"
36.133.115.36 - - [02/Feb/2026:05:46:12 +0800] "POST /wp-cron.php?doing_wp_cron=1769982372.1101810932159423828125 HTTP/1.1" 200 31 "-" "WordPress/6.9; http://cqqizhou.com"
43.164.197.177 - - [02/Feb/2026:05:46:12 +0800] "GET / HTTP/1.1" 301 5 "-" "Mozilla/5.0 (iPhone; CPU iPhone OS 13_2_3 like Mac OS X) AppleWebKit/605.1.15 (KHTML, like Gecko) Version/13.0.3 Mobile/15E148 Safari/604.1"
43.164.197.177 - - [02/Feb/2026:05:46:18 +0800] "GET / HTTP/1.1" 200 34752 "http://www.cqqizhou.com" "Mozilla/5.0 (iPhone; CPU iPhone OS 13_2_3 like Mac OS X) AppleWebKit/605.1.15 (KHTML, like Gecko) Version/13.0.3 Mobile/15E148 Safari/604.1"
36.133.115.36 - - [02/Feb/2026:05:50:53 +0800] "POST /wp-cron.php?doing_wp_cron=1769982653.5381889343261718750000 HTTP/1.1" 200 31 "-" "WordPress/6.9; http://cqqizhou.com"
162.243.121.238 - - [02/Feb/2026:05:50:53 +0800] "GET /.env HTTP/1.1" 404 8951 "-" "Mozilla/5.0; Keydrop.io/1.0(onlyscans.com/about);"
162.243.121.238 - - [02/Feb/2026:05:50:54 +0800] "GET /.git/config HTTP/1.1" 404 8952 "-" "Mozilla/5.0; Keydrop.io/1.0(onlyscans.com/about);"
220.181.108.157 - - [02/Feb/2026:05:51:50 +0800] "GET /wp-content/uploads/2026/01/1767691467-Article_images_W900%C3%97500px202601062.webp HTTP/1.1" 304 0 "-" "Mozilla/5.0 (compatible; Baiduspider/2.0; +http://www.baidu.com/search/spider.html)"
36.133.115.36 - - [02/Feb/2026:06:01:57 +0800] "POST /wp-cron.php?doing_wp_cron=1769983317.5519199371337890625000 HTTP/1.1" 200 31 "-" "WordPress/6.9; http://cqqizhou.com"
120.71.59.24 - - [02/Feb/2026:06:01:57 +0800] "GET / HTTP/1.1" 301 5 "-" "Mozilla/5.0 (iPhone; CPU iPhone OS 13_2_3 like Mac OS X) AppleWebKit/605.1.15 (KHTML, like Gecko) Version/13.0.3 Mobile/15E148 Safari/604.1"
36.133.108.119 - - [02/Feb/2026:06:08:33 +0800] "HEAD /backup/vendor/phpunit/phpunit/src/Util/PHP/eval-stdin.php HTTP/1.1" 404 0 "-" "Mozilla/5.0 (Macintosh; Intel Mac OS X 10_8_3) AppleWebKit/537.36 (KHTML, like Gecko) Chrome/27.0.1453.93 Safari/537.36"
36.133.115.36 - - [02/Feb/2026:06:08:48 +0800] "POST /wp-cron.php?doing_wp_cron=1769983728.3969910144805908203125 HTTP/1.1" 200 31 "-" "WordPress/6.9; http://cqqizhou.com"
95.217.109.26 - - [02/Feb/2026:06:08:48 +0800] "GET /robots.txt HTTP/1.1" 200 390 "-" "Mozilla/5.0 (compatible; MJ12bot/v1.4.8; http://mj12bot.com/)"
95.217.109.26 - - [02/Feb/2026:06:08:51 +0800] "GET /portfolio/%E5%86%B7%E8%BD%A7%E5%8D%B7/ HTTP/1.1" 404 8951 "-" "Mozilla/5.0 (compatible; MJ12bot/v1.4.8; http://mj12bot.com/)"
138.91.34.29 - - [02/Feb/2026:06:16:51 +0800] "GET /wp-content/plugins/hellopress/wp_filemanager.php HTTP/1.1" 404 27 "-" "-"
138.91.34.29 - - [02/Feb/2026:06:16:51 +0800] "GET /rip.php HTTP/1.1" 404 27 "-" "-"
36.133.115.36 - - [02/Feb/2026:06:20:02 +0800] "POST /wp-cron.php?doing_wp_cron=1769984401.9755809307098388671875 HTTP/1.1" 200 31 "-" "WordPress/6.9; http://cqqizhou.com"
204.76.203.219 - - [02/Feb/2026:06:20:02 +0800] "GET / HTTP/1.1" 200 34752 "-" "Mozilla/5.0 (Windows NT 10.0; Win64; x64) AppleWebKit/537.36 (KHTML, like Gecko) Chrome/90.0.4430.85 Safari/537.36 Edg/90.0.818.46"
36.133.115.36 - - [02/Feb/2026:06:33:29 +0800] "POST /wp-cron.php?doing_wp_cron=1769985209.6332430839538574218750 HTTP/1.1" 200 31 "-" "WordPress/6.9; http://cqqizhou.com"
77.110.118.231 - - [02/Feb/2026:06:33:29 +0800] "GET /System/configurationFile?auth=YWRtaW46MTEK HTTP/1.1" 404 31367 "-" "-"
40.77.167.71 - - [02/Feb/2026:06:33:36 +0800] "GET /?s= HTTP/1.1" 200 19852 "-" "Mozilla/5.0 AppleWebKit/537.36 (KHTML, like Gecko; compatible; bingbot/2.0; +http://www.bing.com/bingbot.htm) Chrome/116.0.1938.76 Safari/537.36"
36.133.115.36 - - [02/Feb/2026:06:37:32 +0800] "POST /wp-cron.php?doing_wp_cron=1769985452.5121729373931884765625 HTTP/1.1" 200 31 "-" "WordPress/6.9; http://cqqizhou.com"
116.178.129.34 - - [02/Feb/2026:06:37:32 +0800] "GET / HTTP/1.1" 301 5 "-" "Mozilla/5.0 (Macintosh; Intel Mac OS X 10_15_7) AppleWebKit/605.1.15 (KHTML, like Gecko) Version/17.2.1 Safari/605.1.15"
220.181.108.176 - - [02/Feb/2026:06:37:51 +0800] "GET /wp-content/uploads/2026/01/1767691467-Article_images_W900%C3%97500px202601062.webp HTTP/1.1" 200 49670 "-" "Mozilla/5.0 (compatible; Baiduspider/2.0; +http://www.baidu.com/search/spider.html)"
36.133.115.36 - - [02/Feb/2026:06:40:42 +0800] "POST /wp-cron.php?doing_wp_cron=1769985642.8677079677581787109375 HTTP/1.1" 200 31 "-" "WordPress/6.9; http://cqqizhou.com"
121.43.118.248 - - [02/Feb/2026:06:40:42 +0800] "GET / HTTP/1.0" 301 0 "-" "-"
121.43.118.248 - - [02/Feb/2026:06:40:53 +0800] "GET / HTTP/1.0" 301 0 "-" "-"
121.43.118.248 - - [02/Feb/2026:06:40:53 +0800] "GET /nmaplowercheck1769985645 HTTP/1.1" 404 31367 "-" "Mozilla/5.0 (compatible; Nmap Scripting Engine; https://nmap.org/book/nse.html)"
121.43.118.248 - - [02/Feb/2026:06:40:53 +0800] "POST /sdk HTTP/1.1" 404 31367 "-" "Mozilla/5.0 (compatible; Nmap Scripting Engine; https://nmap.org/book/nse.html)"
121.43.118.248 - - [02/Feb/2026:06:40:54 +0800] "GET /HNAP1 HTTP/1.1" 404 31367 "-" "Mozilla/5.0 (compatible; Nmap Scripting Engine; https://nmap.org/book/nse.html)"
121.43.118.248 - - [02/Feb/2026:06:40:54 +0800] "GET /evox/about HTTP/1.1" 404 31367 "-" "Mozilla/5.0 (compatible; Nmap Scripting Engine; https://nmap.org/book/nse.html)"
36.133.115.36 - - [02/Feb/2026:06:41:14 +0800] "POST /wp-cron.php?doing_wp_cron=1769985673.9982149600982666015625 HTTP/1.1" 200 31 "-" "WordPress/6.9; http://cqqizhou.com"
121.43.118.248 - - [02/Feb/2026:06:41:14 +0800] "GET / HTTP/1.0" 301 0 "-" "-"
121.43.118.248 - - [02/Feb/2026:06:41:14 +0800] "GET / HTTP/1.1" 301 5 "-" "-"
36.133.115.36 - - [02/Feb/2026:06:44:40 +0800] "POST /wp-cron.php?doing_wp_cron=1769985880.6383171081542968750000 HTTP/1.1" 200 31 "-" "WordPress/6.9; http://cqqizhou.com"
220.181.108.157 - - [02/Feb/2026:06:44:40 +0800] "GET /2354/ HTTP/1.1" 200 24275 "-" "Mozilla/5.0 (compatible; Baiduspider/2.0; +http://www.baidu.com/search/spider.html)"
36.133.115.36 - - [02/Feb/2026:06:46:21 +0800] "POST /wp-cron.php?doing_wp_cron=1769985981.9290800094604492187500 HTTP/1.1" 200 31 "-" "WordPress/6.9; http://cqqizhou.com"
120.241.238.7 - - [02/Feb/2026:06:46:21 +0800] "GET / HTTP/1.0" 301 0 "-" "-"
120.241.238.7 - - [02/Feb/2026:06:46:28 +0800] "GET / HTTP/1.0" 301 0 "-" "-"
120.241.238.7 - - [02/Feb/2026:06:46:28 +0800] "GET /nmaplowercheck1769985980 HTTP/1.1" 404 31367 "-" "Mozilla/5.0 (compatible; Nmap Scripting Engine; https://nmap.org/book/nse.html)"
120.241.238.7 - - [02/Feb/2026:06:46:28 +0800] "POST /sdk HTTP/1.1" 404 31367 "-" "Mozilla/5.0 (compatible; Nmap Scripting Engine; https://nmap.org/book/nse.html)"
120.241.238.7 - - [02/Feb/2026:06:46:29 +0800] "GET /evox/about HTTP/1.1" 404 31367 "-" "Mozilla/5.0 (compatible; Nmap Scripting Engine; https://nmap.org/book/nse.html)"
120.241.238.7 - - [02/Feb/2026:06:46:29 +0800] "GET /HNAP1 HTTP/1.1" 404 31367 "-" "Mozilla/5.0 (compatible; Nmap Scripting Engine; https://nmap.org/book/nse.html)"
120.241.238.7 - - [02/Feb/2026:06:46:30 +0800] "GET / HTTP/1.0" 301 0 "-" "-"
120.241.238.7 - - [02/Feb/2026:06:46:30 +0800] "GET / HTTP/1.1" 301 5 "-" "-"
36.133.108.125 - - [02/Feb/2026:06:50:35 +0800] "HEAD /workspace/drupal/vendor/phpunit/phpunit/src/Util/PHP/eval-stdin.php HTTP/1.1" 404 0 "-" "Mozilla/5.0 (Windows NT 6.3; rv:36.0) Gecko/20100101 Firefox/36.0"
36.133.115.36 - - [02/Feb/2026:06:53:58 +0800] "POST /wp-cron.php?doing_wp_cron=1769986438.2121698856353759765625 HTTP/1.1" 200 31 "-" "WordPress/6.9; http://cqqizhou.com"
121.199.173.72 - - [02/Feb/2026:06:53:58 +0800] "GET / HTTP/1.1" 301 5 "-" "Mozilla/5.0 (Windows NT 10.0; Win64; x64) AppleWebKit/537.36 (KHTML, like Gecko) Chrome/59.0.3071.115 Safari/537.36"
36.133.115.36 - - [02/Feb/2026:07:02:30 +0800] "POST /wp-cron.php?doing_wp_cron=1769986950.3481330871582031250000 HTTP/1.1" 200 31 "-" "WordPress/6.9; http://cqqizhou.com"
36.133.108.119 - - [02/Feb/2026:07:02:30 +0800] "HEAD /wiki HTTP/1.1" 404 0 "-" "Mozilla/5.0 (Macintosh; Intel Mac OS X 10_8_3) AppleWebKit/537.36 (KHTML, like Gecko) Chrome/27.0.1453.93 Safari/537.36"
36.133.115.36 - - [02/Feb/2026:07:04:44 +0800] "POST /wp-cron.php?doing_wp_cron=1769987084.5519080162048339843750 HTTP/1.1" 200 31 "-" "WordPress/6.9; http://cqqizhou.com"
204.76.203.69 - - [02/Feb/2026:07:04:44 +0800] "GET / HTTP/1.1" 301 5 "-" "Mozilla/5.0 (Windows NT 10.0; Win64; x64) AppleWebKit/537.36 (KHTML, like Gecko) Chrome/90.0.4430.85 Safari/537.36 Edg/90.0.818.46"
36.133.115.36 - - [02/Feb/2026:07:14:24 +0800] "POST /wp-cron.php?doing_wp_cron=1769987664.7347879409790039062500 HTTP/1.1" 200 31 "-" "WordPress/6.9; http://cqqizhou.com"
51.79.166.146 - - [02/Feb/2026:07:14:24 +0800] "POST /xmlrpc.php HTTP/1.1" 200 217 "-" "Mozilla/5.0 (Windows NT 10.0; WOW64) AppleWebKit/537.43 (KHTML, like Gecko) Chrome/135.0.0.0 Safari/537.36 OPR/120.0.0.0"
36.133.115.36 - - [02/Feb/2026:07:16:57 +0800] "POST /wp-cron.php?doing_wp_cron=1769987817.0134699344635009765625 HTTP/1.1" 200 31 "-" "WordPress/6.9; http://cqqizhou.com"
204.76.203.219 - - [02/Feb/2026:07:16:57 +0800] "GET / HTTP/1.1" 200 34751 "-" "Mozilla/5.0 (Windows NT 10.0; Win64; x64) AppleWebKit/537.36 (KHTML, like Gecko) Chrome/90.0.4430.85 Safari/537.36 Edg/90.0.818.46"
36.133.115.36 - - [02/Feb/2026:07:39:11 +0800] "POST /wp-cron.php?doing_wp_cron=1769989151.5929510593414306640625 HTTP/1.1" 200 31 "-" "WordPress/6.9; http://cqqizhou.com"
204.76.203.210 - - [02/Feb/2026:07:39:11 +0800] "GET / HTTP/1.1" 301 5 "-" "Mozilla/5.0 zgrab/0.x"
204.76.203.210 - - [02/Feb/2026:07:39:13 +0800] "GET / HTTP/1.1" 200 35186 "http://36.133.115.36/" "Mozilla/5.0 zgrab/0.x"
36.133.115.36 - - [02/Feb/2026:07:44:26 +0800] "POST /wp-cron.php?doing_wp_cron=1769989466.9442989826202392578125 HTTP/1.1" 200 31 "-" "WordPress/6.9; http://cqqizhou.com"
