HEX
Server: nginx/1.16.1
System: Linux ecs-04358622 4.19.90-2107.6.0.0100.oe1.bclinux.x86_64 #1 SMP Wed Dec 1 19:59:44 CST 2021 x86_64
User: nginx (994)
PHP: 8.0.0
Disabled: NONE
Upload Files
File: /home/logs/cqqizhou_access_2026-01-01.log
36.133.115.36 - - [01/Jan/2026:00:13:23 +0800] "POST /wp-cron.php?doing_wp_cron=1767197603.3653800487518310546875 HTTP/1.1" 200 31 "-" "WordPress/6.8.3; http://cqqizhou.com"
68.183.124.132 - - [01/Jan/2026:00:13:23 +0800] "POST /xmlrpc.php HTTP/1.1" 200 217 "-" "Mozilla/5.0 (Windows NT 10.0; Win64; x64; rv:80.0) Gecko/20100101 Firefox/80.0"
36.133.115.36 - - [01/Jan/2026:00:24:47 +0800] "POST /wp-cron.php?doing_wp_cron=1767198287.2860739231109619140625 HTTP/1.1" 200 31 "-" "WordPress/6.8.3; http://cqqizhou.com"
5.187.35.158 - - [01/Jan/2026:00:24:47 +0800] "GET /SDK/webLanguage HTTP/1.1" 301 5 "-" "Mozilla/5.0 (Windows NT 10.0; Win64; x64) AppleWebKit/537.36 (KHTML, like Gecko) Chrome/90.0.4430.85 Safari/537.36 Edg/90.0.818.46"
36.133.115.36 - - [01/Jan/2026:00:29:13 +0800] "POST /wp-cron.php?doing_wp_cron=1767198553.0293579101562500000000 HTTP/1.1" 200 31 "-" "WordPress/6.8.3; http://cqqizhou.com"
43.166.128.86 - - [01/Jan/2026:00:29:13 +0800] "GET / HTTP/1.1" 200 33679 "-" "Mozilla/5.0 (iPhone; CPU iPhone OS 13_2_3 like Mac OS X) AppleWebKit/605.1.15 (KHTML, like Gecko) Version/13.0.3 Mobile/15E148 Safari/604.1"
40.77.167.48 - - [01/Jan/2026:00:57:05 +0800] "GET /2361/ HTTP/1.1" 304 0 "-" "Mozilla/5.0 AppleWebKit/537.36 (KHTML, like Gecko; compatible; bingbot/2.0; +http://www.bing.com/bingbot.htm) Chrome/116.0.1938.76 Safari/537.36"
36.133.115.36 - - [01/Jan/2026:00:59:57 +0800] "POST /wp-cron.php?doing_wp_cron=1767200397.8401749134063720703125 HTTP/1.1" 200 31 "-" "WordPress/6.8.3; http://cqqizhou.com"
159.203.120.5 - - [01/Jan/2026:00:59:57 +0800] "POST /xmlrpc.php HTTP/1.1" 200 217 "-" "Mozilla/5.0 (Windows NT 10.0; Win64; x64; rv:61.0) Gecko/20100101 Firefox/61.0"
36.133.115.36 - - [01/Jan/2026:01:09:59 +0800] "POST /wp-cron.php?doing_wp_cron=1767200999.3774280548095703125000 HTTP/1.1" 200 31 "-" "WordPress/6.8.3; http://cqqizhou.com"
43.167.245.18 - - [01/Jan/2026:01:09:59 +0800] "GET / HTTP/1.1" 301 5 "-" "Mozilla/5.0 (iPhone; CPU iPhone OS 13_2_3 like Mac OS X) AppleWebKit/605.1.15 (KHTML, like Gecko) Version/13.0.3 Mobile/15E148 Safari/604.1"
43.167.245.18 - - [01/Jan/2026:01:10:01 +0800] "GET / HTTP/1.1" 200 33678 "http://www.cqqizhou.com" "Mozilla/5.0 (iPhone; CPU iPhone OS 13_2_3 like Mac OS X) AppleWebKit/605.1.15 (KHTML, like Gecko) Version/13.0.3 Mobile/15E148 Safari/604.1"
91.224.92.121 - - [01/Jan/2026:01:13:34 +0800] "OPTIONS / HTTP/1.1" 405 552 "-" "Mozilla/5.0 (Windows NT 10.0; Win64; x64) AppleWebKit/537.36 (KHTML, like Gecko) Chrome/114.0.5735.199 Safari/537.36"
36.133.115.36 - - [01/Jan/2026:01:13:54 +0800] "POST /wp-cron.php?doing_wp_cron=1767201234.8076529502868652343750 HTTP/1.1" 200 31 "-" "WordPress/6.8.3; http://cqqizhou.com"
89.42.231.239 - - [01/Jan/2026:01:13:54 +0800] "GET /SDK/webLanguage HTTP/1.1" 301 5 "-" "Mozilla/5.0 (Windows NT 10.0; Win64; x64) AppleWebKit/537.36 (KHTML, like Gecko) Chrome/90.0.4430.85 Safari/537.36 Edg/90.0.818.46"
36.133.115.36 - - [01/Jan/2026:01:17:44 +0800] "POST /wp-cron.php?doing_wp_cron=1767201464.2365300655364990234375 HTTP/1.1" 200 31 "-" "WordPress/6.8.3; http://cqqizhou.com"
183.226.75.120 - - [01/Jan/2026:01:17:44 +0800] "GET / HTTP/1.1" 301 5 "https://m.baidu.com/" "Mozilla/5.0 (Linux; Android 12; CET-AL00 Build/HUAWEICET-AL00; wv) AppleWebKit/537.36 (KHTML, like Gecko) Version/4.0 Chrome/97.0.4692.98 Mobile Safari/537.36 T7/15.42 BDOS/1.0 (HarmonyOS 3.0.0) SP-engine/3.55.0 bd_dvt/0 baiduboxapp/15.42.0.11 (Baidu; P1 12) NABar/1.0"
36.133.115.36 - - [01/Jan/2026:01:17:47 +0800] "POST /wp-cron.php?doing_wp_cron=1767201467.0121939182281494140625 HTTP/1.1" 200 31 "-" "WordPress/6.8.3; http://cqqizhou.com"
183.226.75.120 - - [01/Jan/2026:01:17:47 +0800] "GET / HTTP/1.1" 200 33679 "https://m.baidu.com/" "Mozilla/5.0 (Linux; Android 12; CET-AL00 Build/HUAWEICET-AL00; wv) AppleWebKit/537.36 (KHTML, like Gecko) Version/4.0 Chrome/97.0.4692.98 Mobile Safari/537.36 T7/15.42 BDOS/1.0 (HarmonyOS 3.0.0) SP-engine/3.55.0 bd_dvt/0 baiduboxapp/15.42.0.11 (Baidu; P1 12) NABar/1.0"
36.133.115.36 - - [01/Jan/2026:01:22:24 +0800] "POST /wp-cron.php?doing_wp_cron=1767201744.3943490982055664062500 HTTP/1.1" 200 31 "-" "WordPress/6.8.3; http://cqqizhou.com"
141.98.11.140 - - [01/Jan/2026:01:22:24 +0800] "GET /login.asp HTTP/1.1" 301 5 "-" "Mozilla/5.0"
36.133.115.36 - - [01/Jan/2026:01:43:37 +0800] "POST /wp-cron.php?doing_wp_cron=1767203017.2639820575714111328125 HTTP/1.1" 200 31 "-" "WordPress/6.8.3; http://cqqizhou.com"
115.159.33.43 - - [01/Jan/2026:01:43:37 +0800] "GET / HTTP/1.1" 301 5 "-" "Mozilla/5.0 (Windows NT 10.0; Win64; x64) AppleWebKit/537.36 (KHTML, like Gecko) Chrome/79.0.3945.117 Safari/537.36"
36.133.115.36 - - [01/Jan/2026:01:45:07 +0800] "POST /wp-cron.php?doing_wp_cron=1767203107.5194280147552490234375 HTTP/1.1" 200 31 "-" "WordPress/6.8.3; http://cqqizhou.com"
34.76.200.20 - - [01/Jan/2026:01:45:07 +0800] "GET / HTTP/1.1" 301 5 "-" "python-requests/2.32.5"
36.133.115.36 - - [01/Jan/2026:01:46:11 +0800] "POST /wp-cron.php?doing_wp_cron=1767203171.7695989608764648437500 HTTP/1.1" 200 31 "-" "WordPress/6.8.3; http://cqqizhou.com"
193.142.147.209 - - [01/Jan/2026:01:46:12 +0800] "POST / HTTP/1.1" 200 33679 "-" "Mozilla/5.0 (Windows NT 10.0; Win64; x64) AppleWebKit/537.36"
36.133.115.36 - - [01/Jan/2026:01:49:49 +0800] "POST /wp-cron.php?doing_wp_cron=1767203389.0117290019989013671875 HTTP/1.1" 200 31 "-" "WordPress/6.8.3; http://cqqizhou.com"
17.246.15.198 - - [01/Jan/2026:01:49:49 +0800] "GET /robots.txt HTTP/1.1" 200 190 "-" "Mozilla/5.0 (Macintosh; Intel Mac OS X 10_15_7) AppleWebKit/605.1.15 (KHTML, like Gecko) Version/17.4 Safari/605.1.15 (Applebot/0.1; +http://www.apple.com/go/applebot)"
17.246.15.198 - - [01/Jan/2026:01:49:49 +0800] "GET /work-safety/ HTTP/1.1" 200 21636 "-" "Mozilla/5.0 (Macintosh; Intel Mac OS X 10_15_7) AppleWebKit/605.1.15 (KHTML, like Gecko) Version/17.4 Safari/605.1.15 (Applebot/0.1; +http://www.apple.com/go/applebot)"
185.39.19.43 - - [01/Jan/2026:01:55:38 +0800] "GET / HTTP/1.0" 200 153956 "http://cqqizhou.com/" "Mozilla/5.0 (Windows NT 10.0; Win64; x64) AppleWebKit/537.36 (KHTML, like Gecko) Chrome/130.0.0.0 Safari/537.36"
185.39.19.43 - - [01/Jan/2026:01:55:40 +0800] "GET /contacts/ HTTP/1.0" 200 76700 "http://cqqizhou.com/contacts/" "Mozilla/5.0 (Windows NT 10.0; Win64; x64) AppleWebKit/537.36 (KHTML, like Gecko) Chrome/130.0.0.0 Safari/537.36"
36.133.115.36 - - [01/Jan/2026:01:56:22 +0800] "POST /wp-cron.php?doing_wp_cron=1767203782.0220730304718017578125 HTTP/1.1" 200 31 "-" "WordPress/6.8.3; http://cqqizhou.com"
188.166.24.174 - - [01/Jan/2026:01:56:22 +0800] "POST /xmlrpc.php HTTP/1.1" 200 217 "-" "Mozilla/5.0 (Windows NT 10.0; Win64; x64; rv:100.0) Gecko/20100101 Firefox/100.0"
36.133.108.125 - - [01/Jan/2026:01:56:38 +0800] "HEAD /.env.example HTTP/1.1" 404 0 "-" "Mozilla/5.0 (Macintosh; U; Intel Mac OS X 10_6_6; en-gb) AppleWebKit/533.20.25 (KHTML, like Gecko) Version/5.0.4 Safari/533.20.27"
36.133.115.36 - - [01/Jan/2026:02:11:01 +0800] "POST /wp-cron.php?doing_wp_cron=1767204661.8102080821990966796875 HTTP/1.1" 200 31 "-" "WordPress/6.8.3; http://cqqizhou.com"
223.244.35.77 - - [01/Jan/2026:02:11:01 +0800] "GET / HTTP/1.1" 301 5 "-" "Mozilla/5.0 (iPhone; CPU iPhone OS 13_2_3 like Mac OS X) AppleWebKit/605.1.15 (KHTML, like Gecko) Version/13.0.3 Mobile/15E148 Safari/604.1"
223.244.35.77 - - [01/Jan/2026:02:11:10 +0800] "GET / HTTP/1.1" 200 33679 "http://www.cqqizhou.com" "Mozilla/5.0 (iPhone; CPU iPhone OS 13_2_3 like Mac OS X) AppleWebKit/605.1.15 (KHTML, like Gecko) Version/13.0.3 Mobile/15E148 Safari/604.1"
36.133.115.36 - - [01/Jan/2026:02:13:01 +0800] "POST /wp-cron.php?doing_wp_cron=1767204781.1001451015472412109375 HTTP/1.1" 200 31 "-" "WordPress/6.8.3; http://cqqizhou.com"
141.98.11.140 - - [01/Jan/2026:02:13:02 +0800] "GET / HTTP/1.1" 200 152290 "-" "-"
38.46.221.123 - - [01/Jan/2026:02:13:35 +0800] "GET http://check.9tb.org/ HTTP/1.1" 301 5 "-" "Go-http-client/1.1"
38.46.221.123 - - [01/Jan/2026:02:13:36 +0800] "GET http://cqqizhou.com/ HTTP/1.1" 200 34110 "http://check.9tb.org" "Go-http-client/1.1"
36.133.115.36 - - [01/Jan/2026:02:14:46 +0800] "POST /wp-cron.php?doing_wp_cron=1767204886.4797708988189697265625 HTTP/1.1" 200 31 "-" "WordPress/6.8.3; http://cqqizhou.com"
66.228.48.175 - - [01/Jan/2026:02:14:46 +0800] "POST /xmlrpc.php HTTP/1.1" 200 217 "-" "Mozilla/5.0 (Windows NT 10.0; Win64; x64; rv:89.0) Gecko/20100101 Firefox/89.0"
36.133.115.36 - - [01/Jan/2026:02:19:41 +0800] "POST /wp-cron.php?doing_wp_cron=1767205181.0563850402832031250000 HTTP/1.1" 200 31 "-" "WordPress/6.8.3; http://cqqizhou.com"
85.208.96.204 - - [01/Jan/2026:02:19:41 +0800] "GET /robots.txt HTTP/1.1" 200 190 "-" "Mozilla/5.0 (compatible; SemrushBot/7~bl; +http://www.semrush.com/bot.html)"
85.208.96.196 - - [01/Jan/2026:02:19:41 +0800] "GET /portfolio/%E5%86%B7%E8%BD%A7%E6%9D%BF/ HTTP/1.1" 200 22137 "-" "Mozilla/5.0 (compatible; SemrushBot/7~bl; +http://www.semrush.com/bot.html)"
36.133.115.36 - - [01/Jan/2026:02:33:44 +0800] "POST /wp-cron.php?doing_wp_cron=1767206024.4653499126434326171875 HTTP/1.1" 200 31 "-" "WordPress/6.8.3; http://cqqizhou.com"
134.122.12.81 - - [01/Jan/2026:02:33:44 +0800] "GET / HTTP/1.1" 301 5 "-" "Mozilla/5.0 (Windows NT 10.0; Win64; x64) AppleWebKit/537.36"
36.133.115.36 - - [01/Jan/2026:02:39:10 +0800] "POST /wp-cron.php?doing_wp_cron=1767206350.7917959690093994140625 HTTP/1.1" 200 31 "-" "WordPress/6.8.3; http://cqqizhou.com"
204.76.203.219 - - [01/Jan/2026:02:39:11 +0800] "GET / HTTP/1.1" 200 33679 "-" "Mozilla/5.0 (Windows NT 10.0; Win64; x64) AppleWebKit/537.36 (KHTML, like Gecko) Chrome/90.0.4430.85 Safari/537.36 Edg/90.0.818.46"
36.133.115.36 - - [01/Jan/2026:02:50:21 +0800] "POST /wp-cron.php?doing_wp_cron=1767207021.7484230995178222656250 HTTP/1.1" 200 31 "-" "WordPress/6.8.3; http://cqqizhou.com"
194.61.31.157 - - [01/Jan/2026:02:50:21 +0800] "POST /xmlrpc.php HTTP/1.1" 200 217 "-" "Mozilla/5.0 (Windows NT 10.0; Win64; x64; rv:85.0) Gecko/20100101 Firefox/85.0"
66.249.68.71 - - [01/Jan/2026:02:59:20 +0800] "GET /wp-content/uploads/2025/11/1762864385-QZ_Photo-10.webp HTTP/1.1" 200 145408 "-" "Googlebot-Image/1.0"
36.133.115.36 - - [01/Jan/2026:03:04:54 +0800] "POST /wp-cron.php?doing_wp_cron=1767207894.1084640026092529296875 HTTP/1.1" 200 31 "-" "WordPress/6.8.3; http://cqqizhou.com"
195.178.110.246 - - [01/Jan/2026:03:04:54 +0800] "GET /_profiler/phpinfo HTTP/1.1" 404 8982 "-" "Mozilla/5.0 (Linux; Android 9; SNE-LX1) AppleWebKit/537.36 (KHTML, like Gecko) Chrome/76.0.3809.89 Mobile Safari/537.36"
36.133.115.36 - - [01/Jan/2026:03:05:48 +0800] "POST /wp-cron.php?doing_wp_cron=1767207948.7579820156097412109375 HTTP/1.1" 200 31 "-" "WordPress/6.8.3; http://cqqizhou.com"
89.42.231.239 - - [01/Jan/2026:03:05:49 +0800] "GET / HTTP/1.1" 200 152290 "-" "-"
36.133.115.36 - - [01/Jan/2026:03:09:09 +0800] "POST /wp-cron.php?doing_wp_cron=1767208149.3297870159149169921875 HTTP/1.1" 200 31 "-" "WordPress/6.8.3; http://cqqizhou.com"
43.131.32.36 - - [01/Jan/2026:03:09:09 +0800] "GET / HTTP/1.1" 301 5 "-" "Mozilla/5.0 (iPhone; CPU iPhone OS 13_2_3 like Mac OS X) AppleWebKit/605.1.15 (KHTML, like Gecko) Version/13.0.3 Mobile/15E148 Safari/604.1"
43.131.32.36 - - [01/Jan/2026:03:09:11 +0800] "GET / HTTP/1.1" 200 33679 "http://36.133.115.36" "Mozilla/5.0 (iPhone; CPU iPhone OS 13_2_3 like Mac OS X) AppleWebKit/605.1.15 (KHTML, like Gecko) Version/13.0.3 Mobile/15E148 Safari/604.1"
66.249.68.70 - - [01/Jan/2026:03:11:50 +0800] "GET /wp-content/uploads/2025/07/1753456723-%E5%8F%8C%E7%9B%B8%E9%92%A2roduct_Single600.webp HTTP/1.1" 200 22790 "-" "Googlebot-Image/1.0"
36.133.115.36 - - [01/Jan/2026:03:13:02 +0800] "POST /wp-cron.php?doing_wp_cron=1767208382.7246799468994140625000 HTTP/1.1" 200 31 "-" "WordPress/6.8.3; http://cqqizhou.com"
79.124.40.174 - - [01/Jan/2026:03:13:03 +0800] "GET /?XDEBUG_SESSION_START=phpstorm HTTP/1.1" 200 33679 "-" "Mozilla/5.0 (Windows NT 10.0; Win64; x64) AppleWebKit/537.36 (KHTML, like Gecko) Chrome/78.0.3904.108 Safari/537.36"
66.249.68.64 - - [01/Jan/2026:03:24:19 +0800] "GET /wp-content/uploads/2025/07/1753454299-Article_images_W900px-150x150.webp HTTP/1.1" 200 7416 "-" "Googlebot-Image/1.0"
36.133.115.36 - - [01/Jan/2026:03:34:35 +0800] "POST /wp-cron.php?doing_wp_cron=1767209675.6089529991149902343750 HTTP/1.1" 200 31 "-" "WordPress/6.8.3; http://cqqizhou.com"
52.167.144.65 - - [01/Jan/2026:03:34:35 +0800] "GET /robots.txt HTTP/1.1" 200 190 "-" "Mozilla/5.0 AppleWebKit/537.36 (KHTML, like Gecko; compatible; bingbot/2.0; +http://www.bing.com/bingbot.htm) Chrome/116.0.1938.76 Safari/537.36"
40.77.167.243 - - [01/Jan/2026:03:34:38 +0800] "GET /2388/ HTTP/1.1" 200 20778 "-" "Mozilla/5.0 AppleWebKit/537.36 (KHTML, like Gecko; compatible; bingbot/2.0; +http://www.bing.com/bingbot.htm) Chrome/116.0.1938.76 Safari/537.36"
198.244.183.97 - - [01/Jan/2026:03:36:07 +0800] "GET /bug/ HTTP/1.1" 304 0 "-" "Mozilla/5.0 (compatible; AhrefsBot/7.0; +http://ahrefs.com/robot/)"
36.133.115.36 - - [01/Jan/2026:03:37:08 +0800] "POST /wp-cron.php?doing_wp_cron=1767209828.6331748962402343750000 HTTP/1.1" 200 31 "-" "WordPress/6.8.3; http://cqqizhou.com"
66.228.62.150 - - [01/Jan/2026:03:37:08 +0800] "GET / HTTP/1.1" 301 5 "-" "Mozilla/5.0 zgrab/0.x"
36.133.115.36 - - [01/Jan/2026:03:47:11 +0800] "POST /wp-cron.php?doing_wp_cron=1767210431.2039430141448974609375 HTTP/1.1" 200 31 "-" "WordPress/6.8.3; http://cqqizhou.com"
38.46.221.123 - - [01/Jan/2026:03:47:11 +0800] "GET http://check.9tb.org/ HTTP/1.1" 301 5 "-" "Go-http-client/1.1"
38.46.221.123 - - [01/Jan/2026:03:47:11 +0800] "GET http://cqqizhou.com/ HTTP/1.1" 200 34110 "http://check.9tb.org" "Go-http-client/1.1"
36.133.115.36 - - [01/Jan/2026:04:03:20 +0800] "POST /wp-cron.php?doing_wp_cron=1767211400.6715929508209228515625 HTTP/1.1" 200 31 "-" "WordPress/6.8.3; http://cqqizhou.com"
81.167.26.57 - - [01/Jan/2026:04:03:20 +0800] "GET /robots.txt HTTP/1.1" 200 390 "-" "Mozilla/5.0 (compatible; MJ12bot/v1.4.8; http://mj12bot.com/)"
81.167.26.57 - - [01/Jan/2026:04:03:22 +0800] "GET /portfolio-tag/%E9%9E%8D%E9%92%A2%E8%92%82%E6%A3%AE/ HTTP/1.1" 200 22871 "-" "Mozilla/5.0 (compatible; MJ12bot/v1.4.8; http://mj12bot.com/)"
81.167.26.57 - - [01/Jan/2026:04:03:28 +0800] "GET /portfolio/%E5%86%B7%E8%BD%A7%E5%8D%B7/ HTTP/1.1" 200 22115 "-" "Mozilla/5.0 (compatible; MJ12bot/v1.4.8; http://mj12bot.com/)"
81.167.26.57 - - [01/Jan/2026:04:03:32 +0800] "GET /portfolio/%E5%86%B7%E8%BD%A7%E6%9D%BF/ HTTP/1.1" 200 22137 "-" "Mozilla/5.0 (compatible; MJ12bot/v1.4.8; http://mj12bot.com/)"
36.133.115.36 - - [01/Jan/2026:04:08:57 +0800] "POST /wp-cron.php?doing_wp_cron=1767211737.4285700321197509765625 HTTP/1.1" 200 31 "-" "WordPress/6.8.3; http://cqqizhou.com"
123.253.118.18 - - [01/Jan/2026:04:08:57 +0800] "POST /xmlrpc.php HTTP/1.1" 200 217 "-" "Mozilla/5.0 (Windows NT 10.0; Win64; x64; rv:40.0) Gecko/20100101 Firefox/40.0"
36.133.115.36 - - [01/Jan/2026:04:09:49 +0800] "POST /wp-cron.php?doing_wp_cron=1767211789.9401230812072753906250 HTTP/1.1" 200 31 "-" "WordPress/6.8.3; http://cqqizhou.com"
47.237.177.222 - - [01/Jan/2026:04:09:50 +0800] "GET http://passport.baidu.com/ HTTP/1.1" 200 33679 "-" "-"
36.133.115.36 - - [01/Jan/2026:04:23:17 +0800] "POST /wp-cron.php?doing_wp_cron=1767212597.6836209297180175781250 HTTP/1.1" 200 31 "-" "WordPress/6.8.3; http://cqqizhou.com"
204.76.203.219 - - [01/Jan/2026:04:23:18 +0800] "GET / HTTP/1.1" 200 33679 "-" "Mozilla/5.0 (Windows NT 10.0; Win64; x64) AppleWebKit/537.36 (KHTML, like Gecko) Chrome/90.0.4430.85 Safari/537.36 Edg/90.0.818.46"
36.133.115.36 - - [01/Jan/2026:04:29:20 +0800] "POST /wp-cron.php?doing_wp_cron=1767212960.5780200958251953125000 HTTP/1.1" 200 31 "-" "WordPress/6.8.3; http://cqqizhou.com"
172.236.228.38 - - [01/Jan/2026:04:29:20 +0800] "GET / HTTP/1.1" 301 5 "-" "Mozilla/5.0 (Macintosh; Intel Mac OS X 13_1) AppleWebKit/537.36 (KHTML, like Gecko) Chrome/108.0.0.0 Safari/537.36"
172.236.228.38 - - [01/Jan/2026:04:29:21 +0800] "GET / HTTP/1.1" 200 34110 "http://36.133.115.36/" "Mozilla/5.0 (Macintosh; Intel Mac OS X 13_1) AppleWebKit/537.36 (KHTML, like Gecko) Chrome/108.0.0.0 Safari/537.36"
36.133.115.36 - - [01/Jan/2026:04:40:00 +0800] "POST /wp-cron.php?doing_wp_cron=1767213600.6368629932403564453125 HTTP/1.1" 200 31 "-" "WordPress/6.8.3; http://cqqizhou.com"
205.210.31.199 - - [01/Jan/2026:04:40:00 +0800] "GET / HTTP/1.0" 301 0 "-" "Hello from Palo Alto Networks, find out more about our scans in https://docs-cortex.paloaltonetworks.com/r/1/Cortex-Xpanse/Scanning-activity"
36.133.115.36 - - [01/Jan/2026:04:49:14 +0800] "POST /wp-cron.php?doing_wp_cron=1767214154.1101779937744140625000 HTTP/1.1" 200 31 "-" "WordPress/6.8.3; http://cqqizhou.com"
79.124.40.174 - - [01/Jan/2026:04:49:14 +0800] "GET /actuator/gateway/routes HTTP/1.1" 301 5 "-" "Mozilla/5.0 (Windows NT 10.0; Win64; x64) AppleWebKit/537.36 (KHTML, like Gecko) Chrome/78.0.3904.108 Safari/537.36"
79.124.40.174 - - [01/Jan/2026:04:49:15 +0800] "GET /actuator/gateway/routes HTTP/1.1" 404 8981 "http://36.133.115.36:80/actuator/gateway/routes" "Mozilla/5.0 (Windows NT 10.0; Win64; x64) AppleWebKit/537.36 (KHTML, like Gecko) Chrome/78.0.3904.108 Safari/537.36"
36.133.115.36 - - [01/Jan/2026:04:53:20 +0800] "POST /wp-cron.php?doing_wp_cron=1767214400.4393279552459716796875 HTTP/1.1" 200 31 "-" "WordPress/6.8.3; http://cqqizhou.com"
193.142.147.209 - - [01/Jan/2026:04:53:21 +0800] "POST / HTTP/1.1" 200 33679 "-" "Mozilla/5.0 (Windows NT 10.0; Win64; x64) AppleWebKit/537.36"
36.133.115.36 - - [01/Jan/2026:04:53:56 +0800] "POST /wp-cron.php?doing_wp_cron=1767214436.0739018917083740234375 HTTP/1.1" 200 31 "-" "WordPress/6.8.3; http://cqqizhou.com"
47.99.105.95 - - [01/Jan/2026:04:53:56 +0800] "GET / HTTP/1.0" 301 0 "-" "-"
47.99.105.95 - - [01/Jan/2026:04:54:06 +0800] "GET / HTTP/1.0" 301 0 "-" "-"
47.99.105.95 - - [01/Jan/2026:04:54:06 +0800] "GET /nmaplowercheck1767214441 HTTP/1.1" 404 31364 "-" "Mozilla/5.0 (compatible; Nmap Scripting Engine; https://nmap.org/book/nse.html)"
47.99.105.95 - - [01/Jan/2026:04:54:07 +0800] "POST /sdk HTTP/1.1" 404 31364 "-" "Mozilla/5.0 (compatible; Nmap Scripting Engine; https://nmap.org/book/nse.html)"
47.99.105.95 - - [01/Jan/2026:04:54:07 +0800] "GET /evox/about HTTP/1.1" 404 31364 "-" "Mozilla/5.0 (compatible; Nmap Scripting Engine; https://nmap.org/book/nse.html)"
47.99.105.95 - - [01/Jan/2026:04:54:07 +0800] "GET /HNAP1 HTTP/1.1" 404 31364 "-" "Mozilla/5.0 (compatible; Nmap Scripting Engine; https://nmap.org/book/nse.html)"
47.99.105.95 - - [01/Jan/2026:04:54:27 +0800] "GET / HTTP/1.0" 301 0 "-" "-"
47.99.105.95 - - [01/Jan/2026:04:54:27 +0800] "GET / HTTP/1.1" 301 5 "-" "-"
36.133.115.36 - - [01/Jan/2026:05:03:13 +0800] "POST /wp-cron.php?doing_wp_cron=1767214993.0719249248504638671875 HTTP/1.1" 200 31 "-" "WordPress/6.8.3; http://cqqizhou.com"
217.154.5.38 - - [01/Jan/2026:05:03:13 +0800] "POST /xmlrpc.php HTTP/1.1" 200 217 "-" "Mozilla/5.0 (Windows NT 10.0; Win64; x64; rv:53.0) Gecko/20100101 Firefox/53.0"
36.133.115.36 - - [01/Jan/2026:05:06:45 +0800] "POST /wp-cron.php?doing_wp_cron=1767215205.2015628814697265625000 HTTP/1.1" 200 31 "-" "WordPress/6.8.3; http://cqqizhou.com"
38.207.176.73 - - [01/Jan/2026:05:06:45 +0800] "POST / HTTP/1.1" 200 86669 "-" "Mozilla/5.0"
38.207.176.73 - - [01/Jan/2026:05:06:45 +0800] "POST / HTTP/1.1" 200 152290 "-" "Mozilla/5.0"
38.207.176.73 - - [01/Jan/2026:05:06:45 +0800] "POST / HTTP/1.1" 200 86669 "-" "Mozilla/5.0"
36.133.115.36 - - [01/Jan/2026:05:14:53 +0800] "POST /wp-cron.php?doing_wp_cron=1767215693.5479619503021240234375 HTTP/1.1" 200 31 "-" "WordPress/6.8.3; http://cqqizhou.com"
43.157.158.178 - - [01/Jan/2026:05:14:53 +0800] "GET / HTTP/1.1" 200 33679 "-" "Mozilla/5.0 (iPhone; CPU iPhone OS 13_2_3 like Mac OS X) AppleWebKit/605.1.15 (KHTML, like Gecko) Version/13.0.3 Mobile/15E148 Safari/604.1"
54.155.213.141 - - [01/Jan/2026:05:15:41 +0800] "HEAD / HTTP/1.1" 200 0 "https://www.netcraft.com/survey/" "Mozilla/4.0 (compatible; Netcraft Web Server Survey)"
36.133.115.36 - - [01/Jan/2026:05:18:18 +0800] "POST /wp-cron.php?doing_wp_cron=1767215898.3080019950866699218750 HTTP/1.1" 200 31 "-" "WordPress/6.8.3; http://cqqizhou.com"
38.46.221.123 - - [01/Jan/2026:05:18:18 +0800] "GET http://check.9tb.org/ HTTP/1.1" 301 5 "-" "Go-http-client/1.1"
38.46.221.123 - - [01/Jan/2026:05:18:18 +0800] "GET http://cqqizhou.com/ HTTP/1.1" 200 34110 "http://check.9tb.org" "Go-http-client/1.1"
36.133.115.36 - - [01/Jan/2026:05:22:26 +0800] "POST /wp-cron.php?doing_wp_cron=1767216146.2858939170837402343750 HTTP/1.1" 200 31 "-" "WordPress/6.8.3; http://cqqizhou.com"
204.76.203.219 - - [01/Jan/2026:05:22:26 +0800] "GET / HTTP/1.1" 200 33679 "-" "Mozilla/5.0 (Windows NT 10.0; Win64; x64) AppleWebKit/537.36 (KHTML, like Gecko) Chrome/90.0.4430.85 Safari/537.36 Edg/90.0.818.46"
36.133.115.36 - - [01/Jan/2026:05:29:42 +0800] "POST /wp-cron.php?doing_wp_cron=1767216582.5132050514221191406250 HTTP/1.1" 200 31 "-" "WordPress/6.8.3; http://cqqizhou.com"
89.42.231.239 - - [01/Jan/2026:05:29:43 +0800] "GET / HTTP/1.1" 200 152290 "-" "-"
36.133.115.36 - - [01/Jan/2026:05:46:45 +0800] "POST /wp-cron.php?doing_wp_cron=1767217605.4174220561981201171875 HTTP/1.1" 200 31 "-" "WordPress/6.8.3; http://cqqizhou.com"
121.43.116.22 - - [01/Jan/2026:05:46:45 +0800] "GET / HTTP/1.1" 301 5 "-" "Mozilla/5.0 (Windows NT 10.0; Win64; x64) AppleWebKit/537.36 (KHTML, like Gecko) Chrome/59.0.3071.115 Safari/537.36"
36.133.115.36 - - [01/Jan/2026:05:57:02 +0800] "POST /wp-cron.php?doing_wp_cron=1767218222.1714570522308349609375 HTTP/1.1" 200 31 "-" "WordPress/6.8.3; http://cqqizhou.com"
207.180.251.11 - - [01/Jan/2026:05:57:02 +0800] "POST /xmlrpc.php HTTP/1.1" 200 217 "-" "Mozilla/5.0 (Windows NT 10.0; Win64; x64; rv:92.0) Gecko/20100101 Firefox/92.0"
36.133.115.36 - - [01/Jan/2026:06:00:59 +0800] "POST /wp-cron.php?doing_wp_cron=1767218459.3121891021728515625000 HTTP/1.1" 200 31 "-" "WordPress/6.8.3; http://cqqizhou.com"
35.198.189.209 - - [01/Jan/2026:06:00:59 +0800] "GET / HTTP/1.1" 200 33679 "-" "Mozilla/5.0 (Windows NT 6.1; Win64; x64; rv:56.0) Gecko/20100101 Firefox/56.0"
35.198.189.209 - - [01/Jan/2026:06:01:00 +0800] "HEAD /backup.zip HTTP/1.1" 301 0 "-" "Go-http-client/1.1"
35.198.189.209 - - [01/Jan/2026:06:01:01 +0800] "HEAD /backup.zip HTTP/1.1" 404 0 "http://36.133.115.36:80/backup.zip" "Go-http-client/1.1"
35.198.189.209 - - [01/Jan/2026:06:01:02 +0800] "HEAD /admin.zip HTTP/1.1" 301 0 "-" "Go-http-client/1.1"
35.198.189.209 - - [01/Jan/2026:06:01:03 +0800] "HEAD /admin.zip HTTP/1.1" 404 0 "http://36.133.115.36:80/admin.zip" "Go-http-client/1.1"
35.198.189.209 - - [01/Jan/2026:06:01:04 +0800] "HEAD /website.zip HTTP/1.1" 301 0 "-" "Go-http-client/1.1"
35.198.189.209 - - [01/Jan/2026:06:01:05 +0800] "HEAD /website.zip HTTP/1.1" 404 0 "http://36.133.115.36:80/website.zip" "Go-http-client/1.1"
35.198.189.209 - - [01/Jan/2026:06:01:05 +0800] "HEAD /web.zip HTTP/1.1" 301 0 "-" "Go-http-client/1.1"
35.198.189.209 - - [01/Jan/2026:06:01:06 +0800] "HEAD /web.zip HTTP/1.1" 404 0 "http://36.133.115.36:80/web.zip" "Go-http-client/1.1"
35.198.189.209 - - [01/Jan/2026:06:01:07 +0800] "HEAD /config.zip HTTP/1.1" 301 0 "-" "Go-http-client/1.1"
35.198.189.209 - - [01/Jan/2026:06:01:08 +0800] "HEAD /config.zip HTTP/1.1" 404 0 "http://36.133.115.36:80/config.zip" "Go-http-client/1.1"
36.133.115.36 - - [01/Jan/2026:06:02:54 +0800] "POST /wp-cron.php?doing_wp_cron=1767218574.6503739356994628906250 HTTP/1.1" 200 31 "-" "WordPress/6.8.3; http://cqqizhou.com"
81.167.26.57 - - [01/Jan/2026:06:02:54 +0800] "GET /robots.txt HTTP/1.1" 200 390 "-" "Mozilla/5.0 (compatible; MJ12bot/v1.4.8; http://mj12bot.com/)"
81.167.26.57 - - [01/Jan/2026:06:02:56 +0800] "GET /portfolio/%E5%86%B7%E8%BD%A7%E5%8D%B7/ HTTP/1.1" 200 22115 "-" "Mozilla/5.0 (compatible; MJ12bot/v1.4.8; http://mj12bot.com/)"
40.77.167.18 - - [01/Jan/2026:06:06:27 +0800] "GET / HTTP/1.1" 200 34110 "-" "Mozilla/5.0 AppleWebKit/537.36 (KHTML, like Gecko; compatible; bingbot/2.0; +http://www.bing.com/bingbot.htm) Chrome/116.0.1938.76 Safari/537.36"
36.133.115.36 - - [01/Jan/2026:06:14:34 +0800] "POST /wp-cron.php?doing_wp_cron=1767219274.9240179061889648437500 HTTP/1.1" 200 31 "-" "WordPress/6.8.3; http://cqqizhou.com"
204.76.203.219 - - [01/Jan/2026:06:14:35 +0800] "GET / HTTP/1.1" 200 33678 "-" "Mozilla/5.0 (Windows NT 10.0; Win64; x64) AppleWebKit/537.36 (KHTML, like Gecko) Chrome/90.0.4430.85 Safari/537.36 Edg/90.0.818.46"
46.8.110.231 - - [01/Jan/2026:06:23:35 +0800] "GET / HTTP/1.1" 200 153978 "-" "Mozilla/5.0 (Windows NT 10.0; Win64; x64) AppleWebKit/537.36 (KHTML, like Gecko) Chrome/118.0.0.0 Safari/537.36"
123.57.13.121 - - [01/Jan/2026:06:31:46 +0800] "GET / HTTP/1.1" 200 34110 "-" "Mozilla/5.0 (Windows NT 10.0; Win64; x64) AppleWebKit/537.36 (KHTML, like Gecko) Chrome/104.0.0.0 Safari/537.36"
36.133.115.36 - - [01/Jan/2026:06:31:47 +0800] "POST /wp-cron.php?doing_wp_cron=1767220307.5731320381164550781250 HTTP/1.1" 200 31 "-" "WordPress/6.8.3; http://cqqizhou.com"
123.57.13.121 - - [01/Jan/2026:06:31:47 +0800] "GET / HTTP/1.1" 301 5 "-" "Mozilla/5.0 (Windows NT 10.0; Win64; x64) AppleWebKit/537.36 (KHTML, like Gecko) Chrome/104.0.0.0 Safari/537.36"
162.216.149.91 - - [01/Jan/2026:06:32:20 +0800] "GET / HTTP/1.1" 200 33679 "-" "Hello from Palo Alto Networks, find out more about our scans in https://docs-cortex.paloaltonetworks.com/r/1/Cortex-Xpanse/Scanning-activity"
36.133.115.36 - - [01/Jan/2026:06:34:21 +0800] "POST /wp-cron.php?doing_wp_cron=1767220461.7604460716247558593750 HTTP/1.1" 200 31 "-" "WordPress/6.8.3; http://cqqizhou.com"
66.249.68.70 - - [01/Jan/2026:06:34:21 +0800] "GET /logistics HTTP/1.1" 301 5 "-" "Mozilla/5.0 (Linux; Android 6.0.1; Nexus 5X Build/MMB29P) AppleWebKit/537.36 (KHTML, like Gecko) Chrome/141.0.7390.122 Mobile Safari/537.36 (compatible; Googlebot/2.1; +http://www.google.com/bot.html)"
66.249.68.71 - - [01/Jan/2026:06:34:23 +0800] "GET /logistics/ HTTP/1.1" 200 18300 "-" "Mozilla/5.0 (Linux; Android 6.0.1; Nexus 5X Build/MMB29P) AppleWebKit/537.36 (KHTML, like Gecko) Chrome/141.0.7390.122 Mobile Safari/537.36 (compatible; Googlebot/2.1; +http://www.google.com/bot.html)"
36.133.115.36 - - [01/Jan/2026:06:50:55 +0800] "POST /wp-cron.php?doing_wp_cron=1767221455.2683548927307128906250 HTTP/1.1" 200 31 "-" "WordPress/6.8.3; http://cqqizhou.com"
38.46.221.123 - - [01/Jan/2026:06:50:55 +0800] "GET http://check.9tb.org/ HTTP/1.1" 301 5 "-" "Go-http-client/1.1"
38.46.221.123 - - [01/Jan/2026:06:50:55 +0800] "GET http://cqqizhou.com/ HTTP/1.1" 200 34110 "http://check.9tb.org" "Go-http-client/1.1"
36.133.115.36 - - [01/Jan/2026:06:55:43 +0800] "POST /wp-cron.php?doing_wp_cron=1767221743.3817028999328613281250 HTTP/1.1" 200 31 "-" "WordPress/6.8.3; http://cqqizhou.com"
159.198.46.173 - - [01/Jan/2026:06:55:43 +0800] "POST /xmlrpc.php HTTP/1.1" 200 217 "-" "Mozilla/5.0 (Windows NT 10.0; Win64; x64; rv:63.0) Gecko/20100101 Firefox/63.0"
167.94.138.63 - - [01/Jan/2026:07:03:53 +0800] "GET / HTTP/1.1" 200 34110 "-" "Mozilla/5.0 (compatible; CensysInspect/1.1; +https://about.censys.io/)"
36.133.115.36 - - [01/Jan/2026:07:09:27 +0800] "POST /wp-cron.php?doing_wp_cron=1767222567.2129089832305908203125 HTTP/1.1" 200 31 "-" "WordPress/6.8.3; http://cqqizhou.com"
204.76.203.219 - - [01/Jan/2026:07:09:27 +0800] "GET / HTTP/1.1" 200 33679 "-" "Mozilla/5.0 (Windows NT 10.0; Win64; x64) AppleWebKit/537.36 (KHTML, like Gecko) Chrome/90.0.4430.85 Safari/537.36 Edg/90.0.818.46"
36.133.115.36 - - [01/Jan/2026:07:28:21 +0800] "POST /wp-cron.php?doing_wp_cron=1767223701.6863451004028320312500 HTTP/1.1" 200 31 "-" "WordPress/6.8.3; http://cqqizhou.com"
43.157.150.69 - - [01/Jan/2026:07:28:22 +0800] "GET / HTTP/1.1" 200 33679 "-" "Mozilla/5.0 (iPhone; CPU iPhone OS 13_2_3 like Mac OS X) AppleWebKit/605.1.15 (KHTML, like Gecko) Version/13.0.3 Mobile/15E148 Safari/604.1"
36.133.115.36 - - [01/Jan/2026:07:30:34 +0800] "POST /wp-cron.php?doing_wp_cron=1767223834.7568609714508056640625 HTTP/1.1" 200 31 "-" "WordPress/6.8.3; http://cqqizhou.com"
93.174.93.12 - - [01/Jan/2026:07:30:34 +0800] "GET / HTTP/1.0" 301 0 "-" "Mozilla/5.0 (Linux; Android 9; MI 8 SE Build/PKQ1.181121.001; wv) AppleWebKit/537.36 (KHTML, like Gecko) Version/4.0 Chrome/66.0.3359.126 MQQBrowser/6.2 TBS/044807 Mobile Safari/537.36 MMWEBID/7941 MicroMessenger/7.0.6.1460(0x27000634) Process/tools NetType/WIFI Language/zh_CN"
36.133.115.36 - - [01/Jan/2026:07:36:29 +0800] "POST /wp-cron.php?doing_wp_cron=1767224189.1192541122436523437500 HTTP/1.1" 200 31 "-" "WordPress/6.8.3; http://cqqizhou.com"
45.135.194.23 - - [01/Jan/2026:07:36:30 +0800] "GET / HTTP/1.1" 200 152290 "-" "-"
36.133.115.36 - - [01/Jan/2026:07:36:51 +0800] "POST /wp-cron.php?doing_wp_cron=1767224211.1134510040283203125000 HTTP/1.1" 200 31 "-" "WordPress/6.8.3; http://cqqizhou.com"
5.39.1.247 - - [01/Jan/2026:07:36:51 +0800] "GET /robots.txt HTTP/1.1" 200 190 "-" "Mozilla/5.0 (compatible; AhrefsBot/7.0; +http://ahrefs.com/robot/)"
198.244.168.38 - - [01/Jan/2026:07:36:54 +0800] "GET /portfolio/%E5%86%B7%E8%BD%A7%E5%8D%B7/ HTTP/1.1" 304 0 "-" "Mozilla/5.0 (compatible; AhrefsBot/7.0; +http://ahrefs.com/robot/)"
52.167.144.177 - - [01/Jan/2026:07:37:27 +0800] "GET / HTTP/1.1" 200 34110 "-" "Mozilla/5.0 AppleWebKit/537.36 (KHTML, like Gecko; compatible; bingbot/2.0; +http://www.bing.com/bingbot.htm) Chrome/116.0.1938.76 Safari/537.36"
36.133.115.36 - - [01/Jan/2026:07:47:16 +0800] "POST /wp-cron.php?doing_wp_cron=1767224836.9124588966369628906250 HTTP/1.1" 200 31 "-" "WordPress/6.8.3; http://cqqizhou.com"
20.197.226.217 - - [01/Jan/2026:07:47:16 +0800] "POST /xmlrpc.php HTTP/1.1" 200 217 "-" "Mozilla/5.0 (Windows NT 10.0; Win64; x64; rv:94.0) Gecko/20100101 Firefox/94.0"
36.133.115.36 - - [01/Jan/2026:07:49:21 +0800] "POST /wp-cron.php?doing_wp_cron=1767224961.7890949249267578125000 HTTP/1.1" 200 31 "-" "WordPress/6.8.3; http://cqqizhou.com"
66.249.79.228 - - [01/Jan/2026:07:49:21 +0800] "GET / HTTP/1.1" 301 5 "-" "Mozilla/5.0 (Linux; Android 6.0.1; Nexus 5X Build/MMB29P) AppleWebKit/537.36 (KHTML, like Gecko) Chrome/141.0.7390.122 Mobile Safari/537.36 (compatible; Googlebot/2.1; +http://www.google.com/bot.html)"
66.249.68.70 - - [01/Jan/2026:07:49:23 +0800] "GET / HTTP/1.1" 200 33679 "-" "Mozilla/5.0 (Linux; Android 6.0.1; Nexus 5X Build/MMB29P) AppleWebKit/537.36 (KHTML, like Gecko) Chrome/141.0.7390.122 Mobile Safari/537.36 (compatible; Googlebot/2.1; +http://www.google.com/bot.html)"
36.133.115.36 - - [01/Jan/2026:07:51:15 +0800] "POST /wp-cron.php?doing_wp_cron=1767225075.0733969211578369140625 HTTP/1.1" 200 31 "-" "WordPress/6.8.3; http://cqqizhou.com"
20.55.88.141 - - [01/Jan/2026:07:51:15 +0800] "POST /xmlrpc.php HTTP/1.1" 200 217 "-" "Mozilla/5.0 (Windows NT 10.0; Win64; x64; rv:53.0) Gecko/20100101 Firefox/53.0"
36.133.115.36 - - [01/Jan/2026:07:54:09 +0800] "POST /wp-cron.php?doing_wp_cron=1767225249.0636301040649414062500 HTTP/1.1" 200 31 "-" "WordPress/6.8.3; http://cqqizhou.com"
89.42.231.239 - - [01/Jan/2026:07:54:09 +0800] "GET / HTTP/1.1" 200 152290 "-" "-"
36.133.115.36 - - [01/Jan/2026:07:55:32 +0800] "POST /wp-cron.php?doing_wp_cron=1767225332.3460640907287597656250 HTTP/1.1" 200 31 "-" "WordPress/6.8.3; http://cqqizhou.com"
220.181.108.82 - - [01/Jan/2026:07:55:32 +0800] "GET /wp-json/oembed/1.0/embed?url=http%3A%2F%2Fcqqizhou.com%2Fclub%2F HTTP/1.1" 200 1109 "-" "Mozilla/5.0 (compatible; Baiduspider/2.0; +http://www.baidu.com/search/spider.html)"
36.133.115.36 - - [01/Jan/2026:08:00:59 +0800] "POST /wp-cron.php?doing_wp_cron=1767225659.7305359840393066406250 HTTP/1.1" 200 31 "-" "WordPress/6.8.3; http://cqqizhou.com"
17.22.253.230 - - [01/Jan/2026:08:00:59 +0800] "GET /robots.txt HTTP/1.1" 200 190 "-" "Mozilla/5.0 (Macintosh; Intel Mac OS X 10_15_7) AppleWebKit/605.1.15 (KHTML, like Gecko) Version/17.4 Safari/605.1.15 (Applebot/0.1; +http://www.apple.com/go/applebot)"
17.22.253.230 - - [01/Jan/2026:08:01:00 +0800] "GET /company-news/ HTTP/1.1" 200 25583 "-" "Mozilla/5.0 (Macintosh; Intel Mac OS X 10_15_7) AppleWebKit/605.1.15 (KHTML, like Gecko) Version/17.4 Safari/605.1.15 (Applebot/0.1; +http://www.apple.com/go/applebot)"
36.133.115.36 - - [01/Jan/2026:08:09:57 +0800] "POST /wp-cron.php?doing_wp_cron=1767226197.5854380130767822265625 HTTP/1.1" 200 31 "-" "WordPress/6.8.3; http://cqqizhou.com"
117.33.163.216 - - [01/Jan/2026:08:09:57 +0800] "GET / HTTP/1.1" 200 33679 "-" "Mozilla/5.0 (iPhone; CPU iPhone OS 13_2_3 like Mac OS X) AppleWebKit/605.1.15 (KHTML, like Gecko) Version/13.0.3 Mobile/15E148 Safari/604.1"
36.133.115.36 - - [01/Jan/2026:08:26:40 +0800] "POST /wp-cron.php?doing_wp_cron=1767227200.3045179843902587890625 HTTP/1.1" 200 31 "-" "WordPress/6.8.3; http://cqqizhou.com"
193.142.147.209 - - [01/Jan/2026:08:26:41 +0800] "POST / HTTP/1.1" 200 33678 "-" "Mozilla/5.0 (Windows NT 10.0; Win64; x64) AppleWebKit/537.36"
36.133.115.36 - - [01/Jan/2026:08:38:39 +0800] "POST /wp-cron.php?doing_wp_cron=1767227919.1275510787963867187500 HTTP/1.1" 200 31 "-" "WordPress/6.8.3; http://cqqizhou.com"
80.239.207.207 - - [01/Jan/2026:08:38:39 +0800] "POST /xmlrpc.php HTTP/1.1" 200 217 "-" "Mozilla/5.0 (Windows NT 10.0; Win64; x64; rv:63.0) Gecko/20100101 Firefox/63.0"
36.133.115.36 - - [01/Jan/2026:08:55:01 +0800] "POST /wp-cron.php?doing_wp_cron=1767228901.5263121128082275390625 HTTP/1.1" 200 31 "-" "WordPress/6.8.3; http://cqqizhou.com"
49.51.38.193 - - [01/Jan/2026:08:55:01 +0800] "GET / HTTP/1.1" 301 5 "-" "Mozilla/5.0 (iPhone; CPU iPhone OS 13_2_3 like Mac OS X) AppleWebKit/605.1.15 (KHTML, like Gecko) Version/13.0.3 Mobile/15E148 Safari/604.1"
49.51.38.193 - - [01/Jan/2026:08:55:03 +0800] "GET / HTTP/1.1" 200 33678 "http://www.cqqizhou.com" "Mozilla/5.0 (iPhone; CPU iPhone OS 13_2_3 like Mac OS X) AppleWebKit/605.1.15 (KHTML, like Gecko) Version/13.0.3 Mobile/15E148 Safari/604.1"
36.133.115.36 - - [01/Jan/2026:08:56:51 +0800] "POST /wp-cron.php?doing_wp_cron=1767229011.5910089015960693359375 HTTP/1.1" 200 31 "-" "WordPress/6.8.3; http://cqqizhou.com"
204.76.203.219 - - [01/Jan/2026:08:56:51 +0800] "GET / HTTP/1.1" 200 33678 "-" "Mozilla/5.0 (Windows NT 10.0; Win64; x64) AppleWebKit/537.36 (KHTML, like Gecko) Chrome/90.0.4430.85 Safari/537.36 Edg/90.0.818.46"
36.133.115.36 - - [01/Jan/2026:09:14:58 +0800] "POST /wp-cron.php?doing_wp_cron=1767230098.3468849658966064453125 HTTP/1.1" 200 31 "-" "WordPress/6.8.3; http://cqqizhou.com"
20.83.27.50 - - [01/Jan/2026:09:14:58 +0800] "GET /manager/text/list HTTP/1.1" 404 8981 "-" "Mozilla/5.0 zgrab/0.x"
74.249.192.21 - - [01/Jan/2026:09:15:25 +0800] "GET /developmentserver/metadatauploader HTTP/1.1" 404 8981 "-" "Mozilla/5.0 zgrab/0.x"
91.224.92.121 - - [01/Jan/2026:09:20:27 +0800] "OPTIONS / HTTP/1.1" 405 552 "-" "Mozilla/5.0 (Windows NT 10.0; Win64; x64) AppleWebKit/537.36 (KHTML, like Gecko) Chrome/114.0.5735.199 Safari/537.36"
36.133.115.36 - - [01/Jan/2026:09:20:38 +0800] "POST /wp-cron.php?doing_wp_cron=1767230438.1850669384002685546875 HTTP/1.1" 200 31 "-" "WordPress/6.8.3; http://cqqizhou.com"
89.42.231.239 - - [01/Jan/2026:09:20:38 +0800] "GET /SDK/webLanguage HTTP/1.1" 301 5 "-" "Mozilla/5.0 (Windows NT 10.0; Win64; x64) AppleWebKit/537.36 (KHTML, like Gecko) Chrome/90.0.4430.85 Safari/537.36 Edg/90.0.818.46"
54.38.147.199 - - [01/Jan/2026:09:33:37 +0800] "GET /2052/ HTTP/1.1" 304 0 "-" "Mozilla/5.0 (compatible; AhrefsBot/7.0; +http://ahrefs.com/robot/)"
36.133.115.36 - - [01/Jan/2026:09:35:40 +0800] "POST /wp-cron.php?doing_wp_cron=1767231340.7680149078369140625000 HTTP/1.1" 200 31 "-" "WordPress/6.8.3; http://cqqizhou.com"
85.208.96.202 - - [01/Jan/2026:09:35:40 +0800] "GET /robots.txt HTTP/1.1" 200 190 "-" "Mozilla/5.0 (compatible; SemrushBot/7~bl; +http://www.semrush.com/bot.html)"
185.191.171.5 - - [01/Jan/2026:09:35:44 +0800] "GET /2052/ HTTP/1.1" 200 25721 "-" "Mozilla/5.0 (compatible; SemrushBot/7~bl; +http://www.semrush.com/bot.html)"
13.52.245.35 - - [01/Jan/2026:09:39:24 +0800] "OPTIONS / HTTP/1.1" 405 552 "-" "Mozilla/5.0 (Macintosh; Intel Mac OS X 10_11_5) AppleWebKit/537.36 (KHTML, like Gecko) Chrome/50.0.2661.102 Safari/537.36"
36.133.115.36 - - [01/Jan/2026:09:42:51 +0800] "POST /wp-cron.php?doing_wp_cron=1767231771.9099400043487548828125 HTTP/1.1" 200 31 "-" "WordPress/6.8.3; http://cqqizhou.com"
66.249.68.64 - - [01/Jan/2026:09:42:52 +0800] "GET /2162/ HTTP/1.1" 200 21149 "-" "Mozilla/5.0 (Linux; Android 6.0.1; Nexus 5X Build/MMB29P) AppleWebKit/537.36 (KHTML, like Gecko) Chrome/141.0.7390.122 Mobile Safari/537.36 (compatible; Googlebot/2.1; +http://www.google.com/bot.html)"
52.167.144.210 - - [01/Jan/2026:09:47:38 +0800] "GET /about/ HTTP/1.1" 200 29976 "-" "Mozilla/5.0 AppleWebKit/537.36 (KHTML, like Gecko; compatible; bingbot/2.0; +http://www.bing.com/bingbot.htm) Chrome/116.0.1938.76 Safari/537.36"
36.133.115.36 - - [01/Jan/2026:09:49:33 +0800] "POST /wp-cron.php?doing_wp_cron=1767232172.9912869930267333984375 HTTP/1.1" 200 31 "-" "WordPress/6.8.3; http://cqqizhou.com"
204.76.203.219 - - [01/Jan/2026:09:49:33 +0800] "GET / HTTP/1.1" 200 33679 "-" "Mozilla/5.0 (Windows NT 10.0; Win64; x64) AppleWebKit/537.36 (KHTML, like Gecko) Chrome/90.0.4430.85 Safari/537.36 Edg/90.0.818.46"
36.133.115.36 - - [01/Jan/2026:09:50:27 +0800] "POST /wp-cron.php?doing_wp_cron=1767232227.7763140201568603515625 HTTP/1.1" 200 31 "-" "WordPress/6.8.3; http://cqqizhou.com"
178.128.250.184 - - [01/Jan/2026:09:50:27 +0800] "POST /xmlrpc.php HTTP/1.1" 200 217 "-" "Mozilla/5.0 (Windows NT 10.0; Win64; x64; rv:81.0) Gecko/20100101 Firefox/81.0"
36.133.115.36 - - [01/Jan/2026:09:50:58 +0800] "POST /wp-cron.php?doing_wp_cron=1767232258.2123138904571533203125 HTTP/1.1" 200 31 "-" "WordPress/6.8.3; http://cqqizhou.com"
1.85.219.138 - - [01/Jan/2026:09:50:58 +0800] "HEAD /backup.zip HTTP/1.1" 404 0 "-" "Mozilla/5.0 (Windows NT 10.0; Win64; x64) AppleWebKit/537.36 (KHTML, like Gecko) Chrome/113.0.0.0 Safari/537.36"
114.97.191.49 - - [01/Jan/2026:09:51:05 +0800] "GET /backup.zip HTTP/1.1" 404 8981 "-" "Mozilla/5.0 (Windows NT 10.0; Win64; x64) AppleWebKit/537.36 (KHTML, like Gecko) Chrome/113.0.0.0 Safari/537.36"
116.178.130.147 - - [01/Jan/2026:09:51:20 +0800] "GET /backup.zip HTTP/1.1" 404 8980 "-" "Mozilla/5.0 (Windows NT 10.0; Win64; x64) AppleWebKit/537.36 (KHTML, like Gecko) Chrome/113.0.0.0 Safari/537.36"
36.133.115.36 - - [01/Jan/2026:09:56:32 +0800] "POST /wp-cron.php?doing_wp_cron=1767232592.8328690528869628906250 HTTP/1.1" 200 31 "-" "WordPress/6.8.3; http://cqqizhou.com"
38.46.221.123 - - [01/Jan/2026:09:56:32 +0800] "GET http://check.9tb.org/ HTTP/1.1" 301 5 "-" "Go-http-client/1.1"
38.46.221.123 - - [01/Jan/2026:09:56:33 +0800] "GET http://cqqizhou.com/ HTTP/1.1" 200 34110 "http://check.9tb.org" "Go-http-client/1.1"
205.169.39.25 - - [01/Jan/2026:09:56:48 +0800] "GET / HTTP/1.1" 200 34110 "-" "Mozilla/5.0 (Windows NT 10.0; Win64; x64) AppleWebKit/537.36 (KHTML, like Gecko) Chrome/117.0.5938.132 Safari/537.36"
205.169.39.25 - - [01/Jan/2026:09:56:51 +0800] "GET /wp-content/uploads/2025/07/1751425283-qizhou.kf_.qq_.com_.webp HTTP/1.1" 200 16864 "http://cqqizhou.com/" "Mozilla/5.0 (Windows NT 10.0; Win64; x64) AppleWebKit/537.36 (KHTML, like Gecko) Chrome/117.0.5938.132 Safari/537.36"
205.169.39.25 - - [01/Jan/2026:09:56:52 +0800] "GET /wp-content/uploads/2025/07/1750174127-Marketing1920x800_3.webp HTTP/1.1" 200 52790 "http://cqqizhou.com/wp-content/uploads/elementor/css/post-1666.css?ver=1765890155" "Mozilla/5.0 (Windows NT 10.0; Win64; x64) AppleWebKit/537.36 (KHTML, like Gecko) Chrome/117.0.5938.132 Safari/537.36"
205.169.39.25 - - [01/Jan/2026:09:56:53 +0800] "GET /wp-content/uploads/2025/07/1753454089-Article_images_W900px.webp HTTP/1.1" 200 27552 "http://cqqizhou.com/" "Mozilla/5.0 (Windows NT 10.0; Win64; x64) AppleWebKit/537.36 (KHTML, like Gecko) Chrome/117.0.5938.132 Safari/537.36"
205.169.39.25 - - [01/Jan/2026:09:56:53 +0800] "GET /wp-content/uploads/2025/07/1753454299-Article_images_W900px.webp HTTP/1.1" 200 52418 "http://cqqizhou.com/" "Mozilla/5.0 (Windows NT 10.0; Win64; x64) AppleWebKit/537.36 (KHTML, like Gecko) Chrome/117.0.5938.132 Safari/537.36"
205.169.39.25 - - [01/Jan/2026:09:56:54 +0800] "GET /wp-content/uploads/2025/12/1765268955-qizhou_Slider1_3840%C3%972160_20251210-scaled.webp HTTP/1.1" 200 152162 "http://cqqizhou.com/" "Mozilla/5.0 (Windows NT 10.0; Win64; x64) AppleWebKit/537.36 (KHTML, like Gecko) Chrome/117.0.5938.132 Safari/537.36"
205.169.39.25 - - [01/Jan/2026:09:56:54 +0800] "GET /wp-content/uploads/2025/07/1753453127-%E4%BD%99%E5%8D%B7product_Single600%C3%97284.webp HTTP/1.1" 200 18744 "http://cqqizhou.com/" "Mozilla/5.0 (Windows NT 10.0; Win64; x64) AppleWebKit/537.36 (KHTML, like Gecko) Chrome/117.0.5938.132 Safari/537.36"
205.169.39.25 - - [01/Jan/2026:09:56:54 +0800] "GET /wp-content/uploads/2025/07/1753453096-%E5%8F%8C%E7%9B%B8%E9%92%A2product_Single600%C3%97284.webp HTTP/1.1" 200 14562 "http://cqqizhou.com/" "Mozilla/5.0 (Windows NT 10.0; Win64; x64) AppleWebKit/537.36 (KHTML, like Gecko) Chrome/117.0.5938.132 Safari/537.36"
205.169.39.25 - - [01/Jan/2026:09:56:54 +0800] "GET /wp-content/uploads/2025/07/1753456723-%E5%8F%8C%E7%9B%B8%E9%92%A2roduct_Single600.webp HTTP/1.1" 200 22790 "http://cqqizhou.com/" "Mozilla/5.0 (Windows NT 10.0; Win64; x64) AppleWebKit/537.36 (KHTML, like Gecko) Chrome/117.0.5938.132 Safari/537.36"
205.169.39.25 - - [01/Jan/2026:09:56:54 +0800] "GET /wp-content/uploads/2025/07/1753456770-%E7%83%AD%E9%95%80%E9%94%8C%E5%8D%B7product_Single600.webp HTTP/1.1" 200 27502 "http://cqqizhou.com/" "Mozilla/5.0 (Windows NT 10.0; Win64; x64) AppleWebKit/537.36 (KHTML, like Gecko) Chrome/117.0.5938.132 Safari/537.36"
205.169.39.25 - - [01/Jan/2026:09:56:54 +0800] "GET /wp-content/uploads/2025/12/1765265398-qizhou_Slider_3840%C3%972160_20251209-scaled-50x100.webp HTTP/1.1" 200 2166 "http://cqqizhou.com/" "Mozilla/5.0 (Windows NT 10.0; Win64; x64) AppleWebKit/537.36 (KHTML, like Gecko) Chrome/117.0.5938.132 Safari/537.36"
205.169.39.25 - - [01/Jan/2026:09:56:54 +0800] "GET /wp-content/uploads/revslider/slider-1/1750861156-logistics_Slider_3840%C3%972160_20250625191356-scaled-50x100.webp HTTP/1.1" 200 1416 "http://cqqizhou.com/" "Mozilla/5.0 (Windows NT 10.0; Win64; x64) AppleWebKit/537.36 (KHTML, like Gecko) Chrome/117.0.5938.132 Safari/537.36"
205.169.39.25 - - [01/Jan/2026:09:56:55 +0800] "GET /wp-content/uploads/revslider/slider-1/1750861156-logistics_Slider_3840%C3%972160_20250625191356-scaled-50x100.webp HTTP/1.1" 200 1416 "http://cqqizhou.com/" "Mozilla/5.0 (Windows NT 10.0; Win64; x64) AppleWebKit/537.36 (KHTML, like Gecko) Chrome/117.0.5938.132 Safari/537.36"
205.169.39.25 - - [01/Jan/2026:09:56:55 +0800] "GET /wp-content/uploads/2025/12/1765265398-qizhou_Slider_3840%C3%972160_20251209-scaled-50x100.webp HTTP/1.1" 200 2166 "http://cqqizhou.com/" "Mozilla/5.0 (Windows NT 10.0; Win64; x64) AppleWebKit/537.36 (KHTML, like Gecko) Chrome/117.0.5938.132 Safari/537.36"
36.133.115.36 - - [01/Jan/2026:09:56:55 +0800] "POST /wp-cron.php?doing_wp_cron=1767232615.7884600162506103515625 HTTP/1.1" 200 31 "-" "WordPress/6.8.3; http://cqqizhou.com"
205.169.39.25 - - [01/Jan/2026:09:56:55 +0800] "GET /wp-json/sliderrevolution/sliders/1?srengine=7&slideid=3 HTTP/1.1" 200 2286 "http://cqqizhou.com/" "Mozilla/5.0 (Windows NT 10.0; Win64; x64) AppleWebKit/537.36 (KHTML, like Gecko) Chrome/117.0.5938.132 Safari/537.36"
205.169.39.25 - - [01/Jan/2026:09:56:55 +0800] "GET /wp-json/sliderrevolution/sliders/1?srengine=7&slideid=2 HTTP/1.1" 200 2058 "http://cqqizhou.com/" "Mozilla/5.0 (Windows NT 10.0; Win64; x64) AppleWebKit/537.36 (KHTML, like Gecko) Chrome/117.0.5938.132 Safari/537.36"
205.169.39.25 - - [01/Jan/2026:09:56:56 +0800] "GET /wp-content/uploads/2025/12/1765265398-qizhou_Slider_3840%C3%972160_20251209-scaled.webp HTTP/1.1" 200 175208 "http://cqqizhou.com/" "Mozilla/5.0 (Windows NT 10.0; Win64; x64) AppleWebKit/537.36 (KHTML, like Gecko) Chrome/117.0.5938.132 Safari/537.36"
205.169.39.25 - - [01/Jan/2026:09:56:56 +0800] "GET /wp-content/uploads/revslider/slider-1/1750861156-logistics_Slider_3840%C3%972160_20250625191356-scaled.webp HTTP/1.1" 200 197360 "http://cqqizhou.com/" "Mozilla/5.0 (Windows NT 10.0; Win64; x64) AppleWebKit/537.36 (KHTML, like Gecko) Chrome/117.0.5938.132 Safari/537.36"
205.169.39.25 - - [01/Jan/2026:09:57:04 +0800] "GET /wp-content/uploads/2025/12/1765268955-qizhou_Slider1_3840%C3%972160_20251210-scaled-50x100.webp HTTP/1.1" 200 1812 "http://cqqizhou.com/" "Mozilla/5.0 (X11; Linux x86_64) AppleWebKit/537.36 (KHTML, like Gecko) HeadlessChrome/127.0.6533.119 Safari/537.36"
36.133.115.36 - - [01/Jan/2026:10:05:51 +0800] "POST /wp-cron.php?doing_wp_cron=1767233151.2949678897857666015625 HTTP/1.1" 200 31 "-" "WordPress/6.8.3; http://cqqizhou.com"
103.85.72.152 - - [01/Jan/2026:10:05:51 +0800] "GET /wp-login.php HTTP/1.1" 200 2774 "-" "Mozilla/5.0"
103.85.72.152 - - [01/Jan/2026:10:05:52 +0800] "GET /?author=1 HTTP/1.1" 200 19735 "-" "Mozilla/5.0"
103.85.72.152 - - [01/Jan/2026:10:05:53 +0800] "GET /?feed=rss2 HTTP/1.1" 301 5 "-" "Mozilla/5.0"
103.85.72.152 - - [01/Jan/2026:10:05:53 +0800] "GET /feed/ HTTP/1.1" 200 50803 "-" "Mozilla/5.0"
36.133.115.36 - - [01/Jan/2026:10:09:28 +0800] "POST /wp-cron.php?doing_wp_cron=1767233368.1459081172943115234375 HTTP/1.1" 200 31 "-" "WordPress/6.8.3; http://cqqizhou.com"
36.133.108.119 - - [01/Jan/2026:10:09:28 +0800] "HEAD /.git/config HTTP/1.1" 404 0 "-" "Mozilla/5.0 (iPad; CPU OS 6_0 like Mac OS X) AppleWebKit/536.26 (KHTML, like Gecko) Version/6.0 Mobile/10A5355d Safari/8536.25"
36.133.115.36 - - [01/Jan/2026:10:16:49 +0800] "POST /wp-cron.php?doing_wp_cron=1767233809.6196820735931396484375 HTTP/1.1" 200 31 "-" "WordPress/6.8.3; http://cqqizhou.com"
43.130.67.6 - - [01/Jan/2026:10:16:49 +0800] "GET / HTTP/1.1" 301 5 "-" "Mozilla/5.0 (iPhone; CPU iPhone OS 13_2_3 like Mac OS X) AppleWebKit/605.1.15 (KHTML, like Gecko) Version/13.0.3 Mobile/15E148 Safari/604.1"
43.130.67.6 - - [01/Jan/2026:10:16:52 +0800] "GET / HTTP/1.1" 200 33678 "http://36.133.115.36" "Mozilla/5.0 (iPhone; CPU iPhone OS 13_2_3 like Mac OS X) AppleWebKit/605.1.15 (KHTML, like Gecko) Version/13.0.3 Mobile/15E148 Safari/604.1"
36.133.115.36 - - [01/Jan/2026:10:18:41 +0800] "POST /wp-cron.php?doing_wp_cron=1767233921.8119599819183349609375 HTTP/1.1" 200 31 "-" "WordPress/6.8.3; http://cqqizhou.com"
103.85.72.152 - - [01/Jan/2026:10:18:41 +0800] "POST /wp-login.php HTTP/1.1" 200 2925 "-" "Mozilla/5.0"
36.133.115.36 - - [01/Jan/2026:10:20:21 +0800] "POST /wp-cron.php?doing_wp_cron=1767234021.9142670631408691406250 HTTP/1.1" 200 31 "-" "WordPress/6.8.3; http://cqqizhou.com"
66.249.68.64 - - [01/Jan/2026:10:20:22 +0800] "GET /2164/ HTTP/1.1" 200 19533 "-" "Mozilla/5.0 (Linux; Android 6.0.1; Nexus 5X Build/MMB29P) AppleWebKit/537.36 (KHTML, like Gecko) Chrome/141.0.7390.122 Mobile Safari/537.36 (compatible; Googlebot/2.1; +http://www.google.com/bot.html)"
36.133.115.36 - - [01/Jan/2026:10:22:21 +0800] "POST /wp-cron.php?doing_wp_cron=1767234141.0574009418487548828125 HTTP/1.1" 200 31 "-" "WordPress/6.8.3; http://cqqizhou.com"
103.85.72.152 - - [01/Jan/2026:10:22:21 +0800] "POST /wp-login.php HTTP/1.1" 200 2925 "-" "Mozilla/5.0"
36.133.115.36 - - [01/Jan/2026:10:22:57 +0800] "POST /wp-cron.php?doing_wp_cron=1767234177.6258339881896972656250 HTTP/1.1" 200 31 "-" "WordPress/6.8.3; http://cqqizhou.com"
122.96.28.222 - - [01/Jan/2026:10:22:57 +0800] "HEAD /backup.zip HTTP/1.1" 404 0 "-" "Mozilla/5.0 (Windows NT 10.0; Win64; x64) AppleWebKit/537.36 (KHTML, like Gecko) Chrome/113.0.0.0 Safari/537.36"
117.40.113.38 - - [01/Jan/2026:10:22:58 +0800] "GET /backup.zip HTTP/1.1" 404 8981 "-" "Mozilla/5.0 (Windows NT 10.0; Win64; x64) AppleWebKit/537.36 (KHTML, like Gecko) Chrome/113.0.0.0 Safari/537.36"
123.245.84.170 - - [01/Jan/2026:10:22:59 +0800] "GET /backup.zip HTTP/1.1" 404 8981 "-" "Mozilla/5.0 (Windows NT 10.0; Win64; x64) AppleWebKit/537.36 (KHTML, like Gecko) Chrome/113.0.0.0 Safari/537.36"
36.133.115.36 - - [01/Jan/2026:10:25:50 +0800] "POST /wp-cron.php?doing_wp_cron=1767234350.4036519527435302734375 HTTP/1.1" 200 31 "-" "WordPress/6.8.3; http://cqqizhou.com"
103.85.72.152 - - [01/Jan/2026:10:25:50 +0800] "POST /wp-login.php HTTP/1.1" 200 2925 "-" "Mozilla/5.0"
95.214.55.71 - - [01/Jan/2026:10:26:43 +0800] "GET / HTTP/1.1" 200 33679 "-" "Mozilla/5.0 (Windows NT 10.0; Win64; x64; rv:143.0) Gecko/20100101 Firefox/143.0"
36.133.115.36 - - [01/Jan/2026:10:29:24 +0800] "POST /wp-cron.php?doing_wp_cron=1767234564.0331900119781494140625 HTTP/1.1" 200 31 "-" "WordPress/6.8.3; http://cqqizhou.com"
103.85.72.152 - - [01/Jan/2026:10:29:24 +0800] "POST /wp-login.php HTTP/1.1" 200 2925 "-" "Mozilla/5.0"
36.133.115.36 - - [01/Jan/2026:10:33:06 +0800] "POST /wp-cron.php?doing_wp_cron=1767234786.9183049201965332031250 HTTP/1.1" 200 31 "-" "WordPress/6.8.3; http://cqqizhou.com"
103.85.72.152 - - [01/Jan/2026:10:33:07 +0800] "POST /wp-login.php HTTP/1.1" 200 2925 "-" "Mozilla/5.0"
36.133.115.36 - - [01/Jan/2026:10:36:39 +0800] "POST /wp-cron.php?doing_wp_cron=1767234999.7306249141693115234375 HTTP/1.1" 200 31 "-" "WordPress/6.8.3; http://cqqizhou.com"
103.85.72.152 - - [01/Jan/2026:10:36:39 +0800] "POST /wp-login.php HTTP/1.1" 200 2925 "-" "Mozilla/5.0"
36.133.115.36 - - [01/Jan/2026:10:40:04 +0800] "POST /wp-cron.php?doing_wp_cron=1767235204.2944929599761962890625 HTTP/1.1" 200 31 "-" "WordPress/6.8.3; http://cqqizhou.com"
103.85.72.152 - - [01/Jan/2026:10:40:04 +0800] "POST /wp-login.php HTTP/1.1" 200 2925 "-" "Mozilla/5.0"
36.133.115.36 - - [01/Jan/2026:10:41:13 +0800] "POST /wp-cron.php?doing_wp_cron=1767235273.6942200660705566406250 HTTP/1.1" 200 31 "-" "WordPress/6.8.3; http://cqqizhou.com"
