139.162.75.64 - - [03/Jul/2026:21:37:05 +0800] "GET /static/js HTTP/1.1" 499 0 "-" "Mozilla/5.0 (Windows NT 10.0; Win64; x64) AppleWebKit/537.36 (KHTML, like Gecko) Chrome/124.0.0.0 Safari/537.36"
139.162.75.64 - - [03/Jul/2026:21:37:05 +0800] "GET /local.php HTTP/1.1" 404 47 "-" "Mozilla/5.0 (Windows NT 10.0; Win64; x64) AppleWebKit/537.36 (KHTML, like Gecko) Chrome/124.0.0.0 Safari/537.36"
139.162.75.64 - - [03/Jul/2026:21:37:05 +0800] "GET /beta/ HTTP/1.1" 499 0 "-" "Mozilla/5.0 (Windows NT 10.0; Win64; x64) AppleWebKit/537.36 (KHTML, like Gecko) Chrome/124.0.0.0 Safari/537.36"
139.162.75.64 - - [03/Jul/2026:21:37:05 +0800] "GET /database.yaml HTTP/1.1" 499 0 "-" "Mozilla/5.0 (Windows NT 10.0; Win64; x64) AppleWebKit/537.36 (KHTML, like Gecko) Chrome/124.0.0.0 Safari/537.36"
139.162.75.64 - - [03/Jul/2026:21:37:05 +0800] "GET /wp-content/cache/min/1/wp-content/themes/qizhou/js/bottom-in-view HTTP/1.1" 499 0 "-" "Mozilla/5.0 (Windows NT 10.0; Win64; x64) AppleWebKit/537.36 (KHTML, like Gecko) Chrome/124.0.0.0 Safari/537.36"
139.162.75.64 - - [03/Jul/2026:21:37:06 +0800] "GET /application-dev.yml HTTP/1.1" 499 0 "-" "Mozilla/5.0 (Windows NT 10.0; Win64; x64) AppleWebKit/537.36 (KHTML, like Gecko) Chrome/124.0.0.0 Safari/537.36"
139.162.75.64 - - [03/Jul/2026:21:37:06 +0800] "GET /wp-content/plugins/elementor/assets/js/script HTTP/1.1" 499 0 "-" "Mozilla/5.0 (Windows NT 10.0; Win64; x64) AppleWebKit/537.36 (KHTML, like Gecko) Chrome/124.0.0.0 Safari/537.36"
139.162.75.64 - - [03/Jul/2026:21:37:06 +0800] "GET /wp-content/cache/min/1/wp-content/themes/qizhou/js/settings HTTP/1.1" 499 0 "-" "Mozilla/5.0 (Windows NT 10.0; Win64; x64) AppleWebKit/537.36 (KHTML, like Gecko) Chrome/124.0.0.0 Safari/537.36"
139.162.75.64 - - [03/Jul/2026:21:37:06 +0800] "GET /wp-content/plugins/elementor/assets/js/src HTTP/1.1" 499 0 "-" "Mozilla/5.0 (Windows NT 10.0; Win64; x64) AppleWebKit/537.36 (KHTML, like Gecko) Chrome/124.0.0.0 Safari/537.36"
139.162.75.64 - - [03/Jul/2026:21:37:06 +0800] "GET /config.yaml HTTP/1.1" 499 0 "-" "Mozilla/5.0 (Windows NT 10.0; Win64; x64) AppleWebKit/537.36 (KHTML, like Gecko) Chrome/124.0.0.0 Safari/537.36"
139.162.75.64 - - [03/Jul/2026:21:37:06 +0800] "GET /api/aws HTTP/1.1" 499 0 "-" "Mozilla/5.0 (Windows NT 10.0; Win64; x64) AppleWebKit/537.36 (KHTML, like Gecko) Chrome/124.0.0.0 Safari/537.36"
139.162.75.64 - - [03/Jul/2026:21:37:06 +0800] "GET /wp-content/plugins/elementor/assets/js/SCRIPT HTTP/1.1" 499 0 "-" "Mozilla/5.0 (Windows NT 10.0; Win64; x64) AppleWebKit/537.36 (KHTML, like Gecko) Chrome/124.0.0.0 Safari/537.36"
139.162.75.64 - - [03/Jul/2026:21:37:06 +0800] "GET /wp-content/cache/min/1/wp-content/themes/qizhou/js/src HTTP/1.1" 499 0 "-" "Mozilla/5.0 (Windows NT 10.0; Win64; x64) AppleWebKit/537.36 (KHTML, like Gecko) Chrome/124.0.0.0 Safari/537.36"
139.162.75.64 - - [03/Jul/2026:21:37:06 +0800] "GET /staging/ HTTP/1.1" 499 0 "-" "Mozilla/5.0 (Windows NT 10.0; Win64; x64) AppleWebKit/537.36 (KHTML, like Gecko) Chrome/124.0.0.0 Safari/537.36"
139.162.75.64 - - [03/Jul/2026:21:37:06 +0800] "GET /wp-content/cache/min/1/wp-content/themes/qizhou/js/next HTTP/1.1" 499 0 "-" "Mozilla/5.0 (Windows NT 10.0; Win64; x64) AppleWebKit/537.36 (KHTML, like Gecko) Chrome/124.0.0.0 Safari/537.36"
139.162.75.64 - - [03/Jul/2026:21:37:06 +0800] "GET /wp-content/cache/min/1/wp-content/themes/qizhou/js/srcset HTTP/1.1" 499 0 "-" "Mozilla/5.0 (Windows NT 10.0; Win64; x64) AppleWebKit/537.36 (KHTML, like Gecko) Chrome/124.0.0.0 Safari/537.36"
139.162.75.64 - - [03/Jul/2026:21:37:07 +0800] "GET /api/test HTTP/1.1" 499 0 "-" "Mozilla/5.0 (Windows NT 10.0; Win64; x64) AppleWebKit/537.36 (KHTML, like Gecko) Chrome/124.0.0.0 Safari/537.36"
139.162.75.64 - - [03/Jul/2026:21:37:07 +0800] "GET /wp-content/cache/min/1/wp-content/themes/qizhou/js/.json HTTP/1.1" 499 0 "-" "Mozilla/5.0 (Windows NT 10.0; Win64; x64) AppleWebKit/537.36 (KHTML, like Gecko) Chrome/124.0.0.0 Safari/537.36"
139.162.75.64 - - [03/Jul/2026:21:37:07 +0800] "GET /next HTTP/1.1" 499 0 "-" "Mozilla/5.0 (Windows NT 10.0; Win64; x64) AppleWebKit/537.36 (KHTML, like Gecko) Chrome/124.0.0.0 Safari/537.36"
139.162.75.64 - - [03/Jul/2026:21:37:07 +0800] "GET /Dockerfile.staging HTTP/1.1" 499 0 "-" "Mozilla/5.0 (Windows NT 10.0; Win64; x64) AppleWebKit/537.36 (KHTML, like Gecko) Chrome/124.0.0.0 Safari/537.36"
139.162.75.64 - - [03/Jul/2026:21:37:07 +0800] "GET /wp-content/cache/min/1/wp-content/themes/qizhou/js/jsonp HTTP/1.1" 499 0 "-" "Mozilla/5.0 (Windows NT 10.0; Win64; x64) AppleWebKit/537.36 (KHTML, like Gecko) Chrome/124.0.0.0 Safari/537.36"
139.162.75.64 - - [03/Jul/2026:21:37:07 +0800] "GET /wp-content/cache/min/1/wp-content/themes/qizhou/js/Next HTTP/1.1" 499 0 "-" "Mozilla/5.0 (Windows NT 10.0; Win64; x64) AppleWebKit/537.36 (KHTML, like Gecko) Chrome/124.0.0.0 Safari/537.36"
139.162.75.64 - - [03/Jul/2026:21:37:07 +0800] "GET /secrets.properties HTTP/1.1" 499 0 "-" "Mozilla/5.0 (Windows NT 10.0; Win64; x64) AppleWebKit/537.36 (KHTML, like Gecko) Chrome/124.0.0.0 Safari/537.36"
139.162.75.64 - - [03/Jul/2026:21:37:07 +0800] "GET /wp-content/cache/min/1/wp-content/themes/qizhou/js/status HTTP/1.1" 499 0 "-" "Mozilla/5.0 (Windows NT 10.0; Win64; x64) AppleWebKit/537.36 (KHTML, like Gecko) Chrome/124.0.0.0 Safari/537.36"
139.162.75.64 - - [03/Jul/2026:21:37:07 +0800] "GET /dump.sql.gz HTTP/1.1" 499 0 "-" "Mozilla/5.0 (Windows NT 10.0; Win64; x64) AppleWebKit/537.36 (KHTML, like Gecko) Chrome/124.0.0.0 Safari/537.36"
139.162.75.64 - - [03/Jul/2026:21:37:07 +0800] "GET /config.yml HTTP/1.1" 499 0 "-" "Mozilla/5.0 (Windows NT 10.0; Win64; x64) AppleWebKit/537.36 (KHTML, like Gecko) Chrome/124.0.0.0 Safari/537.36"
139.162.75.64 - - [03/Jul/2026:21:37:07 +0800] "GET /wp-content/cache/min/1/wp-content/themes/qizhou/js/keyup.lg HTTP/1.1" 499 0 "-" "Mozilla/5.0 (Windows NT 10.0; Win64; x64) AppleWebKit/537.36 (KHTML, like Gecko) Chrome/124.0.0.0 Safari/537.36"
139.162.75.64 - - [03/Jul/2026:21:37:08 +0800] "GET /wp-content/cache/min/1/wp-content/themes/qizhou/js/keydown.lg HTTP/1.1" 499 0 "-" "Mozilla/5.0 (Windows NT 10.0; Win64; x64) AppleWebKit/537.36 (KHTML, like Gecko) Chrome/124.0.0.0 Safari/537.36"
139.162.75.64 - - [03/Jul/2026:21:37:08 +0800] "GET /docker-compose.dev.yaml HTTP/1.1" 499 0 "-" "Mozilla/5.0 (Windows NT 10.0; Win64; x64) AppleWebKit/537.36 (KHTML, like Gecko) Chrome/124.0.0.0 Safari/537.36"
139.162.75.64 - - [03/Jul/2026:21:37:08 +0800] "GET /admin HTTP/1.1" 499 0 "-" "Mozilla/5.0 (Windows NT 10.0; Win64; x64) AppleWebKit/537.36 (KHTML, like Gecko) Chrome/124.0.0.0 Safari/537.36"
139.162.75.64 - - [03/Jul/2026:21:37:08 +0800] "GET /wp-content/cache/min/1/wp-content/themes/qizhou/js/keydown.lg.thumb HTTP/1.1" 499 0 "-" "Mozilla/5.0 (Windows NT 10.0; Win64; x64) AppleWebKit/537.36 (KHTML, like Gecko) Chrome/124.0.0.0 Safari/537.36"
139.162.75.64 - - [03/Jul/2026:21:37:08 +0800] "GET /wp-content/cache/min/1/wp-content/themes/qizhou/js/json HTTP/1.1" 499 0 "-" "Mozilla/5.0 (Windows NT 10.0; Win64; x64) AppleWebKit/537.36 (KHTML, like Gecko) Chrome/124.0.0.0 Safari/537.36"
139.162.75.64 - - [03/Jul/2026:21:37:08 +0800] "GET /dev HTTP/1.1" 499 0 "-" "Mozilla/5.0 (Windows NT 10.0; Win64; x64) AppleWebKit/537.36 (KHTML, like Gecko) Chrome/124.0.0.0 Safari/537.36"
139.162.75.64 - - [03/Jul/2026:21:37:08 +0800] "GET /wp-content/cache/min/1/wp-content/themes/qizhou/js/.js- HTTP/1.1" 499 0 "-" "Mozilla/5.0 (Windows NT 10.0; Win64; x64) AppleWebKit/537.36 (KHTML, like Gecko) Chrome/124.0.0.0 Safari/537.36"
139.162.75.64 - - [03/Jul/2026:21:37:08 +0800] "GET /wp-content/cache/min/1/wp-content/themes/qizhou/js/dblclick HTTP/1.1" 499 0 "-" "Mozilla/5.0 (Windows NT 10.0; Win64; x64) AppleWebKit/537.36 (KHTML, like Gecko) Chrome/124.0.0.0 Safari/537.36"
139.162.75.64 - - [03/Jul/2026:21:37:08 +0800] "GET /wp-content/cache/min/1/wp-content/themes/qizhou/js/bottom HTTP/1.1" 499 0 "-" "Mozilla/5.0 (Windows NT 10.0; Win64; x64) AppleWebKit/537.36 (KHTML, like Gecko) Chrome/124.0.0.0 Safari/537.36"
139.162.75.64 - - [03/Jul/2026:21:37:08 +0800] "GET /aws/config HTTP/1.1" 499 0 "-" "Mozilla/5.0 (Windows NT 10.0; Win64; x64) AppleWebKit/537.36 (KHTML, like Gecko) Chrome/124.0.0.0 Safari/537.36"
139.162.75.64 - - [03/Jul/2026:21:37:09 +0800] "GET /dev/ HTTP/1.1" 499 0 "-" "Mozilla/5.0 (Windows NT 10.0; Win64; x64) AppleWebKit/537.36 (KHTML, like Gecko) Chrome/124.0.0.0 Safari/537.36"
139.162.75.64 - - [03/Jul/2026:21:37:09 +0800] "GET /public/js/ HTTP/1.1" 499 0 "-" "Mozilla/5.0 (Windows NT 10.0; Win64; x64) AppleWebKit/537.36 (KHTML, like Gecko) Chrome/124.0.0.0 Safari/537.36"
139.162.75.64 - - [03/Jul/2026:21:37:09 +0800] "GET /src/ HTTP/1.1" 499 0 "-" "Mozilla/5.0 (Windows NT 10.0; Win64; x64) AppleWebKit/537.36 (KHTML, like Gecko) Chrome/124.0.0.0 Safari/537.36"
139.162.75.64 - - [03/Jul/2026:21:37:09 +0800] "GET /outputs.tf HTTP/1.1" 499 0 "-" "Mozilla/5.0 (Windows NT 10.0; Win64; x64) AppleWebKit/537.36 (KHTML, like Gecko) Chrome/124.0.0.0 Safari/537.36"
139.162.75.64 - - [03/Jul/2026:21:37:09 +0800] "GET /env HTTP/1.1" 499 0 "-" "Mozilla/5.0 (Windows NT 10.0; Win64; x64) AppleWebKit/537.36 (KHTML, like Gecko) Chrome/124.0.0.0 Safari/537.36"
139.162.75.64 - - [03/Jul/2026:21:37:10 +0800] "GET /wp-config.php HTTP/1.1" 499 0 "-" "Mozilla/5.0 (Windows NT 10.0; Win64; x64) AppleWebKit/537.36 (KHTML, like Gecko) Chrome/124.0.0.0 Safari/537.36"
139.162.75.64 - - [03/Jul/2026:21:37:10 +0800] "GET /test/ HTTP/1.1" 499 0 "-" "Mozilla/5.0 (Windows NT 10.0; Win64; x64) AppleWebKit/537.36 (KHTML, like Gecko) Chrome/124.0.0.0 Safari/537.36"
139.162.75.64 - - [03/Jul/2026:21:37:10 +0800] "GET /.aws/credentials HTTP/1.1" 499 0 "-" "Mozilla/5.0 (Windows NT 10.0; Win64; x64) AppleWebKit/537.36 (KHTML, like Gecko) Chrome/124.0.0.0 Safari/537.36"
139.162.75.64 - - [03/Jul/2026:21:37:10 +0800] "GET /assets/js/ HTTP/1.1" 499 0 "-" "Mozilla/5.0 (Windows NT 10.0; Win64; x64) AppleWebKit/537.36 (KHTML, like Gecko) Chrome/124.0.0.0 Safari/537.36"
139.162.75.64 - - [03/Jul/2026:21:37:10 +0800] "GET /vue HTTP/1.1" 499 0 "-" "Mozilla/5.0 (Windows NT 10.0; Win64; x64) AppleWebKit/537.36 (KHTML, like Gecko) Chrome/124.0.0.0 Safari/537.36"
139.162.75.64 - - [03/Jul/2026:21:37:10 +0800] "GET /.env.example HTTP/1.1" 499 0 "-" "Mozilla/5.0 (Windows NT 10.0; Win64; x64) AppleWebKit/537.36 (KHTML, like Gecko) Chrome/124.0.0.0 Safari/537.36"
139.162.75.64 - - [03/Jul/2026:21:37:11 +0800] "GET /static/js/ HTTP/1.1" 499 0 "-" "Mozilla/5.0 (Windows NT 10.0; Win64; x64) AppleWebKit/537.36 (KHTML, like Gecko) Chrome/124.0.0.0 Safari/537.36"
139.162.75.64 - - [03/Jul/2026:21:37:11 +0800] "GET /.env.staging HTTP/1.1" 499 0 "-" "Mozilla/5.0 (Windows NT 10.0; Win64; x64) AppleWebKit/537.36 (KHTML, like Gecko) Chrome/124.0.0.0 Safari/537.36"
139.162.75.64 - - [03/Jul/2026:21:37:11 +0800] "GET /secrets.py HTTP/1.1" 499 0 "-" "Mozilla/5.0 (Windows NT 10.0; Win64; x64) AppleWebKit/537.36 (KHTML, like Gecko) Chrome/124.0.0.0 Safari/537.36"
139.162.75.64 - - [03/Jul/2026:21:37:11 +0800] "GET /scripts/ HTTP/1.1" 499 0 "-" "Mozilla/5.0 (Windows NT 10.0; Win64; x64) AppleWebKit/537.36 (KHTML, like Gecko) Chrome/124.0.0.0 Safari/537.36"
139.162.75.64 - - [03/Jul/2026:21:37:11 +0800] "GET /template.json HTTP/1.1" 499 0 "-" "Mozilla/5.0 (Windows NT 10.0; Win64; x64) AppleWebKit/537.36 (KHTML, like Gecko) Chrome/124.0.0.0 Safari/537.36"
139.162.75.64 - - [03/Jul/2026:21:37:12 +0800] "GET /serverless.yml HTTP/1.1" 499 0 "-" "Mozilla/5.0 (Windows NT 10.0; Win64; x64) AppleWebKit/537.36 (KHTML, like Gecko) Chrome/124.0.0.0 Safari/537.36"
139.162.75.64 - - [03/Jul/2026:21:37:12 +0800] "GET /.travis.yml HTTP/1.1" 499 0 "-" "Mozilla/5.0 (Windows NT 10.0; Win64; x64) AppleWebKit/537.36 (KHTML, like Gecko) Chrome/124.0.0.0 Safari/537.36"
139.162.75.64 - - [03/Jul/2026:21:37:12 +0800] "GET /credentials.yml HTTP/1.1" 499 0 "-" "Mozilla/5.0 (Windows NT 10.0; Win64; x64) AppleWebKit/537.36 (KHTML, like Gecko) Chrome/124.0.0.0 Safari/537.36"
139.162.75.64 - - [03/Jul/2026:21:37:12 +0800] "GET /secrets.json HTTP/1.1" 499 0 "-" "Mozilla/5.0 (Windows NT 10.0; Win64; x64) AppleWebKit/537.36 (KHTML, like Gecko) Chrome/124.0.0.0 Safari/537.36"
139.162.75.64 - - [03/Jul/2026:21:37:12 +0800] "GET /api/dev HTTP/1.1" 499 0 "-" "Mozilla/5.0 (Windows NT 10.0; Win64; x64) AppleWebKit/537.36 (KHTML, like Gecko) Chrome/124.0.0.0 Safari/537.36"
139.162.75.64 - - [03/Jul/2026:21:37:13 +0800] "GET /wp-content/plugins/elementor-pro/assets/js/js/ HTTP/1.1" 499 0 "-" "Mozilla/5.0 (Windows NT 10.0; Win64; x64) AppleWebKit/537.36 (KHTML, like Gecko) Chrome/124.0.0.0 Safari/537.36"
139.162.75.64 - - [03/Jul/2026:21:37:13 +0800] "GET /wp-content/plugins/elementor-pro/assets/js/container HTTP/1.1" 499 0 "-" "Mozilla/5.0 (Windows NT 10.0; Win64; x64) AppleWebKit/537.36 (KHTML, like Gecko) Chrome/124.0.0.0 Safari/537.36"
139.162.75.64 - - [03/Jul/2026:21:37:15 +0800] "GET /wp-content/plugins/elementor/assets/js/plugins.php HTTP/1.1" 404 47 "-" "Mozilla/5.0 (Windows NT 10.0; Win64; x64) AppleWebKit/537.36 (KHTML, like Gecko) Chrome/124.0.0.0 Safari/537.36"
36.133.115.36 - - [03/Jul/2026:21:37:15 +0800] "POST /wp-cron.php?doing_wp_cron=1783085835.4137411117553710937500 HTTP/1.1" 200 31 "-" "WordPress/7.0; http://cqqizhou.com"
139.162.75.64 - - [03/Jul/2026:21:37:15 +0800] "GET /wp-content/plugins/elementor/assets/js/Help HTTP/1.1" 499 0 "-" "Mozilla/5.0 (Windows NT 10.0; Win64; x64) AppleWebKit/537.36 (KHTML, like Gecko) Chrome/124.0.0.0 Safari/537.36"
139.162.75.64 - - [03/Jul/2026:21:37:15 +0800] "GET /wp-content/plugins/elementor/assets/js/next HTTP/1.1" 499 0 "-" "Mozilla/5.0 (Windows NT 10.0; Win64; x64) AppleWebKit/537.36 (KHTML, like Gecko) Chrome/124.0.0.0 Safari/537.36"
139.162.75.64 - - [03/Jul/2026:21:37:16 +0800] "GET /wp-content/plugins/elementor/assets/js/app_screen HTTP/1.1" 499 0 "-" "Mozilla/5.0 (Windows NT 10.0; Win64; x64) AppleWebKit/537.36 (KHTML, like Gecko) Chrome/124.0.0.0 Safari/537.36"
139.162.75.64 - - [03/Jul/2026:21:37:16 +0800] "GET /wp-content/plugins/elementor/assets/js/keydown HTTP/1.1" 499 0 "-" "Mozilla/5.0 (Windows NT 10.0; Win64; x64) AppleWebKit/537.36 (KHTML, like Gecko) Chrome/124.0.0.0 Safari/537.36"
139.162.75.64 - - [03/Jul/2026:21:37:16 +0800] "GET /wp-content/plugins/elementor/assets/js/.go-pro HTTP/1.1" 499 0 "-" "Mozilla/5.0 (Windows NT 10.0; Win64; x64) AppleWebKit/537.36 (KHTML, like Gecko) Chrome/124.0.0.0 Safari/537.36"
139.162.75.64 - - [03/Jul/2026:21:37:16 +0800] "GET /wp-content/plugins/elementor/assets/js/container HTTP/1.1" 499 0 "-" "Mozilla/5.0 (Windows NT 10.0; Win64; x64) AppleWebKit/537.36 (KHTML, like Gecko) Chrome/124.0.0.0 Safari/537.36"
139.162.75.64 - - [03/Jul/2026:21:37:16 +0800] "GET /wp-content/plugins/elementor/assets/js/apply HTTP/1.1" 499 0 "-" "Mozilla/5.0 (Windows NT 10.0; Win64; x64) AppleWebKit/537.36 (KHTML, like Gecko) Chrome/124.0.0.0 Safari/537.36"
139.162.75.64 - - [03/Jul/2026:21:37:17 +0800] "GET /wp-content/plugins/elementor/assets/js/apply-bottom HTTP/1.1" 499 0 "-" "Mozilla/5.0 (Windows NT 10.0; Win64; x64) AppleWebKit/537.36 (KHTML, like Gecko) Chrome/124.0.0.0 Safari/537.36"
139.162.75.64 - - [03/Jul/2026:21:37:17 +0800] "GET /wp-content/plugins/elementor/assets/js/keys HTTP/1.1" 499 0 "-" "Mozilla/5.0 (Windows NT 10.0; Win64; x64) AppleWebKit/537.36 (KHTML, like Gecko) Chrome/124.0.0.0 Safari/537.36"
139.162.75.64 - - [03/Jul/2026:21:37:17 +0800] "GET /wp-content/plugins/elementor/assets/js/configurable HTTP/1.1" 499 0 "-" "Mozilla/5.0 (Windows NT 10.0; Win64; x64) AppleWebKit/537.36 (KHTML, like Gecko) Chrome/124.0.0.0 Safari/537.36"
139.162.75.64 - - [03/Jul/2026:21:37:17 +0800] "GET /wp-content/plugins/elementor/assets/js/status HTTP/1.1" 499 0 "-" "Mozilla/5.0 (Windows NT 10.0; Win64; x64) AppleWebKit/537.36 (KHTML, like Gecko) Chrome/124.0.0.0 Safari/537.36"
139.162.75.64 - - [03/Jul/2026:21:37:17 +0800] "GET /wp-content/plugins/elementor/assets/js/SettingsChange HTTP/1.1" 499 0 "-" "Mozilla/5.0 (Windows NT 10.0; Win64; x64) AppleWebKit/537.36 (KHTML, like Gecko) Chrome/124.0.0.0 Safari/537.36"
139.162.75.64 - - [03/Jul/2026:21:37:17 +0800] "GET /wp-content/plugins/elementor/assets/js/settings HTTP/1.1" 499 0 "-" "Mozilla/5.0 (Windows NT 10.0; Win64; x64) AppleWebKit/537.36 (KHTML, like Gecko) Chrome/124.0.0.0 Safari/537.36"
139.162.75.64 - - [03/Jul/2026:21:37:18 +0800] "GET /wp-content/plugins/elementor/assets/js/both HTTP/1.1" 499 0 "-" "Mozilla/5.0 (Windows NT 10.0; Win64; x64) AppleWebKit/537.36 (KHTML, like Gecko) Chrome/124.0.0.0 Safari/537.36"
139.162.75.64 - - [03/Jul/2026:21:37:18 +0800] "GET /wp-content/plugins/elementor/assets/js/variables HTTP/1.1" 499 0 "-" "Mozilla/5.0 (Windows NT 10.0; Win64; x64) AppleWebKit/537.36 (KHTML, like Gecko) Chrome/124.0.0.0 Safari/537.36"
36.133.115.36 - - [03/Jul/2026:21:43:39 +0800] "POST /wp-cron.php?doing_wp_cron=1783086219.3334929943084716796875 HTTP/1.1" 200 31 "-" "WordPress/7.0; http://cqqizhou.com"
43.165.65.117 - - [03/Jul/2026:21:43:39 +0800] "GET / HTTP/1.1" 301 5 "-" "Mozilla/5.0 (iPhone; CPU iPhone OS 13_2_3 like Mac OS X) AppleWebKit/605.1.15 (KHTML, like Gecko) Version/13.0.3 Mobile/15E148 Safari/604.1"
43.165.65.117 - - [03/Jul/2026:21:43:43 +0800] "GET / HTTP/1.1" 200 35070 "http://36.133.115.36" "Mozilla/5.0 (iPhone; CPU iPhone OS 13_2_3 like Mac OS X) AppleWebKit/605.1.15 (KHTML, like Gecko) Version/13.0.3 Mobile/15E148 Safari/604.1"
165.227.20.212 - - [03/Jul/2026:21:49:21 +0800] "GET /.git/config HTTP/1.1" 499 0 "-" "Mozilla/5.0 (compatible; Scanner/1.0)"
112.57.65.76 - - [03/Jul/2026:22:00:09 +0800] "GET /wp-content/uploads/2026/06/1782392245-Article_images_W900px.webp HTTP/1.1" 200 62046 "http://cqqizhou.com" "Mozilla/5.0 (Windows NT 10.0; Win64; x64) AppleWebKit/537.36 (KHTML, like Gecko) Chrome/120.0.0.0 Safari/537.36"
36.133.115.36 - - [03/Jul/2026:22:06:56 +0800] "POST /wp-cron.php?doing_wp_cron=1783087616.2449350357055664062500 HTTP/1.1" 200 31 "-" "WordPress/7.0; http://cqqizhou.com"
43.156.41.180 - - [03/Jul/2026:22:06:56 +0800] "GET / HTTP/1.1" 301 5 "-" "Mozilla/5.0 (iPhone; CPU iPhone OS 13_2_3 like Mac OS X) AppleWebKit/605.1.15 (KHTML, like Gecko) Version/13.0.3 Mobile/15E148 Safari/604.1"
43.156.41.180 - - [03/Jul/2026:22:06:59 +0800] "GET / HTTP/1.1" 200 35071 "http://www.cqqizhou.com" "Mozilla/5.0 (iPhone; CPU iPhone OS 13_2_3 like Mac OS X) AppleWebKit/605.1.15 (KHTML, like Gecko) Version/13.0.3 Mobile/15E148 Safari/604.1"
36.133.108.121 - - [03/Jul/2026:22:07:53 +0800] "HEAD /index.php/store/passport/login HTTP/1.1" 499 0 "-" "Mozilla/5.0 (Windows NT 6.1; rv:27.3) Gecko/20130101 Firefox/27.3"
36.133.115.36 - - [03/Jul/2026:22:07:53 +0800] "POST /wp-cron.php?doing_wp_cron=1783087673.6133780479431152343750 HTTP/1.1" 200 31 "-" "WordPress/7.0; http://cqqizhou.com"
52.167.144.213 - - [03/Jul/2026:22:11:32 +0800] "GET / HTTP/1.1" 200 35514 "-" "Mozilla/5.0 AppleWebKit/537.36 (KHTML, like Gecko; compatible; bingbot/2.0; +http://www.bing.com/bingbot.htm) Chrome/116.0.1938.76 Safari/537.36"
112.57.65.33 - - [03/Jul/2026:22:19:48 +0800] "GET /wp-content/uploads/2025/12/1765862012-DSC20251216131140.webp HTTP/1.1" 200 78744 "http://cqqizhou.com" "Mozilla/5.0 (Windows NT 10.0; Win64; x64) AppleWebKit/537.36 (KHTML, like Gecko) Chrome/120.0.0.0 Safari/537.36"
112.57.65.76 - - [03/Jul/2026:22:19:48 +0800] "GET /wp-content/uploads/2025/12/1765894221-Article20251216211544.webp HTTP/1.1" 200 75768 "http://cqqizhou.com" "Mozilla/5.0 (Windows NT 10.0; Win64; x64) AppleWebKit/537.36 (KHTML, like Gecko) Chrome/120.0.0.0 Safari/537.36"
112.57.65.33 - - [03/Jul/2026:22:19:48 +0800] "GET /wp-content/uploads/2025/12/1766375846-Article20251216211545.webp HTTP/1.1" 200 70386 "http://cqqizhou.com" "Mozilla/5.0 (Windows NT 10.0; Win64; x64) AppleWebKit/537.36 (KHTML, like Gecko) Chrome/120.0.0.0 Safari/537.36"
112.57.65.76 - - [03/Jul/2026:22:19:48 +0800] "GET /wp-content/uploads/2025/12/1765891153-Article20251216211543.webp HTTP/1.1" 200 43108 "http://cqqizhou.com" "Mozilla/5.0 (Windows NT 10.0; Win64; x64) AppleWebKit/537.36 (KHTML, like Gecko) Chrome/120.0.0.0 Safari/537.36"
36.133.115.36 - - [03/Jul/2026:22:21:34 +0800] "POST /wp-cron.php?doing_wp_cron=1783088494.1786479949951171875000 HTTP/1.1" 200 31 "-" "WordPress/7.0; http://cqqizhou.com"
34.34.131.77 - - [03/Jul/2026:22:21:34 +0800] "GET / HTTP/1.1" 200 35071 "-" "Mozilla/5.0 (Windows NT 10.0; Win64; x64) AppleWebKit/537.36 (KHTML, like Gecko) Chrome/127.0.0.0 Safari/537.36"
34.22.202.135 - - [03/Jul/2026:22:21:43 +0800] "OPTIONS / HTTP/1.1" 405 150 "-" "Mozilla/5.0 (compatible)"
34.22.202.135 - - [03/Jul/2026:22:21:44 +0800] "VZEP / HTTP/1.1" 405 150 "-" "Mozilla/5.0 (compatible)"
34.22.202.135 - - [03/Jul/2026:22:21:46 +0800] "GET / HTTP/1.1" 301 5 "-" "Mozilla/5.0 (compatible)"
34.22.202.135 - - [03/Jul/2026:22:21:47 +0800] "HEAD / HTTP/1.1" 301 0 "-" "Mozilla/5.0 (compatible)"
34.22.202.135 - - [03/Jul/2026:22:21:50 +0800] "POST / HTTP/1.1" 200 158029 "-" "Mozilla/5.0 (compatible)"
34.22.202.135 - - [03/Jul/2026:22:21:52 +0800] "OPTIONS / HTTP/1.1" 405 150 "-" "Mozilla/5.0 (compatible)"
36.133.115.36 - - [03/Jul/2026:22:37:02 +0800] "POST /wp-cron.php?doing_wp_cron=1783089422.0461280345916748046875 HTTP/1.1" 200 31 "-" "WordPress/7.0; http://cqqizhou.com"
119.84.246.117 - - [03/Jul/2026:22:37:02 +0800] "GET / HTTP/1.1" 301 5 "-" "Mozilla/5.0 (Windows; U; Windows NT 5.2) AppleWebKit/525.13 (KHTML, like Gecko) Version/3.1 Safari/525.13"
119.84.246.117 - - [03/Jul/2026:22:37:02 +0800] "GET / HTTP/1.1" 200 159688 "-" "Mozilla/5.0 (Windows; U; Windows NT 5.2) AppleWebKit/525.13 (KHTML, like Gecko) Version/3.1 Safari/525.13"
119.84.246.117 - - [03/Jul/2026:22:37:04 +0800] "GET / HTTP/1.1" 301 5 "-" "Mozilla/5.0 (Windows; U; Windows NT 6.1; zh_CN) AppleWebKit/534.7 (KHTML, like Gecko) Chrome/18.0 BIDUBrowser/2.6 Safari/534.7"
119.84.246.117 - - [03/Jul/2026:22:37:04 +0800] "GET / HTTP/1.1" 200 159680 "-" "Mozilla/5.0 (Windows; U; Windows NT 6.1; zh_CN) AppleWebKit/534.7 (KHTML, like Gecko) Chrome/18.0 BIDUBrowser/2.6 Safari/534.7"
119.84.246.117 - - [03/Jul/2026:22:37:05 +0800] "GET / HTTP/1.1" 301 5 "-" "Mozilla/5.0 (Windows NT 6.1; WOW64) AppleWebKit/535.11 (KHTML, like Gecko) Chrome/17.0.963.84 Safari/535.11 SE 2.X MetaSr 1.0"
119.84.246.117 - - [03/Jul/2026:22:37:05 +0800] "GET / HTTP/1.1" 200 159688 "-" "Mozilla/5.0 (Windows NT 6.1; WOW64) AppleWebKit/535.11 (KHTML, like Gecko) Chrome/17.0.963.84 Safari/535.11 SE 2.X MetaSr 1.0"
36.133.115.36 - - [03/Jul/2026:22:54:45 +0800] "POST /wp-cron.php?doing_wp_cron=1783090485.2340691089630126953125 HTTP/1.1" 200 31 "-" "WordPress/7.0; http://cqqizhou.com"
62.84.185.67 - - [03/Jul/2026:22:54:45 +0800] "GET /robots.txt HTTP/1.1" 200 390 "-" "Mozilla/5.0 (compatible; MJ12bot/v1.4.8; http://mj12bot.com/)"
62.84.185.67 - - [03/Jul/2026:22:54:47 +0800] "GET /news/portfolio/%E5%86%B7%E8%BD%A7%E6%9D%BF HTTP/1.1" 200 22738 "-" "Mozilla/5.0 (compatible; MJ12bot/v1.4.8; http://mj12bot.com/)"
62.84.185.67 - - [03/Jul/2026:22:54:49 +0800] "GET /news/tag/%E5%8D%9A%E8%81%94%E8%BE%BE HTTP/1.1" 200 24067 "-" "Mozilla/5.0 (compatible; MJ12bot/v1.4.8; http://mj12bot.com/)"
62.84.185.67 - - [03/Jul/2026:22:54:53 +0800] "GET /news/tag/%E5%90%AF%E8%88%9F%E7%AE%A1%E7%90%86 HTTP/1.1" 200 24180 "-" "Mozilla/5.0 (compatible; MJ12bot/v1.4.8; http://mj12bot.com/)"
62.84.185.67 - - [03/Jul/2026:22:55:02 +0800] "GET /news/tag/%E5%AE%89%E5%85%A8%E7%94%9F%E4%BA%A7%E6%9C%88 HTTP/1.1" 200 22892 "-" "Mozilla/5.0 (compatible; MJ12bot/v1.4.8; http://mj12bot.com/)"
62.84.185.67 - - [03/Jul/2026:22:55:07 +0800] "GET /news/tag/%E6%B6%88%E9%98%B2%E5%AE%89%E5%85%A8 HTTP/1.1" 200 22057 "-" "Mozilla/5.0 (compatible; MJ12bot/v1.4.8; http://mj12bot.com/)"
62.84.185.67 - - [03/Jul/2026:22:55:09 +0800] "GET /news/tag/%E7%89%A9%E6%B5%81 HTTP/1.1" 200 18716 "-" "Mozilla/5.0 (compatible; MJ12bot/v1.4.8; http://mj12bot.com/)"
36.133.115.36 - - [03/Jul/2026:22:55:50 +0800] "POST /wp-cron.php?doing_wp_cron=1783090550.7443759441375732421875 HTTP/1.1" 200 31 "-" "WordPress/7.0; http://cqqizhou.com"
66.249.79.1 - - [03/Jul/2026:22:55:50 +0800] "GET /news/2464 HTTP/1.1" 200 20175 "-" "Mozilla/5.0 (Linux; Android 6.0.1; Nexus 5X Build/MMB29P) AppleWebKit/537.36 (KHTML, like Gecko) Chrome/150.0.7871.46 Mobile Safari/537.36 (compatible; Googlebot/2.1; +http://www.google.com/bot.html)"
112.57.65.33 - - [03/Jul/2026:22:58:35 +0800] "GET /wp-content/uploads/2026/02/1769999241-4.2%E7%B1%B3%E9%AB%98%E6%A0%8F%E8%B4%A7%E8%BD%A6.webp HTTP/1.1" 200 54794 "http://cqqizhou.com" "Mozilla/5.0 (Windows NT 10.0; Win64; x64) AppleWebKit/537.36 (KHTML, like Gecko) Chrome/120.0.0.0 Safari/537.36"
36.133.115.36 - - [03/Jul/2026:23:00:57 +0800] "POST /wp-cron.php?doing_wp_cron=1783090857.5660979747772216796875 HTTP/1.1" 200 31 "-" "WordPress/7.0; http://cqqizhou.com"
157.55.39.196 - - [03/Jul/2026:23:00:57 +0800] "GET /news/2514 HTTP/1.1" 200 24374 "-" "Mozilla/5.0 AppleWebKit/537.36 (KHTML, like Gecko; compatible; bingbot/2.0; +http://www.bing.com/bingbot.htm) Chrome/116.0.1938.76 Safari/537.36"
103.134.222.110 - - [03/Jul/2026:23:02:04 +0800] "GET /admin/config.php HTTP/1.0" 404 16 "-" "Mozilla/5.0 (Linux; Android 11; Pixel 5; rv:115.0) Gecko/20100101 Firefox/115.0"
81.26.145.234 - - [03/Jul/2026:23:12:36 +0800] "GET / HTTP/1.1" 499 0 "-" "Go-http-client/1.1"
36.133.115.36 - - [03/Jul/2026:23:12:37 +0800] "POST /wp-cron.php?doing_wp_cron=1783091557.4915759563446044921875 HTTP/1.1" 200 31 "-" "WordPress/7.0; http://cqqizhou.com"
112.57.65.76 - - [03/Jul/2026:23:33:41 +0800] "GET /wp-content/uploads/2026/01/1770349139-202624Article_images_W900%C3%97500px20260-.webp HTTP/1.1" 200 58006 "http://cqqizhou.com" "Mozilla/5.0 (Windows NT 10.0; Win64; x64) AppleWebKit/537.36 (KHTML, like Gecko) Chrome/120.0.0.0 Safari/537.36"
27.124.44.163 - - [03/Jul/2026:23:38:55 +0800] "GET /dayrui/System/Commands/Cache/ClearCarhe.php HTTP/1.1" 404 27 "-" "Mozilla/5.0 (Windows NT 10.0; Win64; x64) AppleWebKit/537.36"
36.133.115.36 - - [03/Jul/2026:23:51:52 +0800] "POST /wp-cron.php?doing_wp_cron=1783093912.6205320358276367187500 HTTP/1.1" 200 31 "-" "WordPress/7.0; http://cqqizhou.com"
36.133.24.247 - - [03/Jul/2026:23:51:52 +0800] "GET /wp-login.php HTTP/1.1" 200 2821 "-" "Mozilla/5.0 (Linux; Android 10; SM-G981B) AppleWebKit/537.36 (KHTML, like Gecko) Chrome/80.0.3987.162 Mobile Safari/537.36"
36.133.115.36 - - [03/Jul/2026:23:53:16 +0800] "POST /wp-cron.php?doing_wp_cron=1783093996.8413569927215576171875 HTTP/1.1" 200 31 "-" "WordPress/7.0; http://cqqizhou.com"
43.153.49.151 - - [03/Jul/2026:23:53:16 +0800] "GET / HTTP/1.1" 200 35070 "-" "Mozilla/5.0 (iPhone; CPU iPhone OS 13_2_3 like Mac OS X) AppleWebKit/605.1.15 (KHTML, like Gecko) Version/13.0.3 Mobile/15E148 Safari/604.1"
120.233.33.208 - - [03/Jul/2026:23:54:05 +0800] "GET /services HTTP/1.1" 200 26397 "-" "Mozilla/5.0 (Linux; Android 6.0; Nexus 5 Build/MRA58N) AppleWebKit/537.36 (KHTML, like Gecko) Chrome/99.0.4844.51 Mobile Safari/537.36 MicroMessenger/7.0.1"
120.233.33.173 - - [03/Jul/2026:23:54:05 +0800] "GET /wp-content/uploads/2025/07/1751829518-Precision-processing-services800x500.webp HTTP/1.1" 200 28964 "http://cqqizhou.com/services" "Mozilla/5.0 (Linux; Android 6.0; Nexus 5 Build/MRA58N) AppleWebKit/537.36 (KHTML, like Gecko) Chrome/99.0.4844.51 Mobile Safari/537.36 MicroMessenger/7.0.1"
120.233.33.208 - - [03/Jul/2026:23:54:06 +0800] "GET /wp-content/uploads/2025/12/1764853157-ISO3-214x300.webp HTTP/1.1" 200 13896 "http://cqqizhou.com/services" "Mozilla/5.0 (Linux; Android 6.0; Nexus 5 Build/MRA58N) AppleWebKit/537.36 (KHTML, like Gecko) Chrome/99.0.4844.51 Mobile Safari/537.36 MicroMessenger/7.0.1"
120.233.240.39 - - [03/Jul/2026:23:54:06 +0800] "GET /wp-content/uploads/2025/12/1764853155-ISO2-214x300.webp HTTP/1.1" 200 12682 "http://cqqizhou.com/services" "Mozilla/5.0 (Linux; Android 6.0; Nexus 5 Build/MRA58N) AppleWebKit/537.36 (KHTML, like Gecko) Chrome/99.0.4844.51 Mobile Safari/537.36 MicroMessenger/7.0.1"
106.55.255.207 - - [03/Jul/2026:23:54:06 +0800] "GET /wp-content/uploads/2025/07/1751425283-qizhou.kf_.qq_.com_.webp HTTP/1.1" 200 16864 "http://cqqizhou.com/services" "Mozilla/5.0 (Linux; Android 6.0; Nexus 5 Build/MRA58N) AppleWebKit/537.36 (KHTML, like Gecko) Chrome/99.0.4844.51 Mobile Safari/537.36 MicroMessenger/7.0.1"
120.233.33.208 - - [03/Jul/2026:23:54:06 +0800] "GET /wp-content/uploads/2025/07/1750174127-Marketing1920x800_3.webp HTTP/1.1" 200 52790 "http://cqqizhou.com/wp-content/uploads/elementor/css/post-1659.css?ver=1782709439" "Mozilla/5.0 (Linux; Android 6.0; Nexus 5 Build/MRA58N) AppleWebKit/537.36 (KHTML, like Gecko) Chrome/99.0.4844.51 Mobile Safari/537.36 MicroMessenger/7.0.1"
120.233.33.173 - - [03/Jul/2026:23:54:06 +0800] "GET /wp-content/uploads/2025/07/1751829454-Smart-warehousing800x500.webp HTTP/1.1" 200 79504 "http://cqqizhou.com/services" "Mozilla/5.0 (Linux; Android 6.0; Nexus 5 Build/MRA58N) AppleWebKit/537.36 (KHTML, like Gecko) Chrome/99.0.4844.51 Mobile Safari/537.36 MicroMessenger/7.0.1"
120.233.33.173 - - [03/Jul/2026:23:54:06 +0800] "GET /wp-content/uploads/2025/12/1764853152-ISO1-214x300.webp HTTP/1.1" 200 13812 "http://cqqizhou.com/services" "Mozilla/5.0 (Linux; Android 6.0; Nexus 5 Build/MRA58N) AppleWebKit/537.36 (KHTML, like Gecko) Chrome/99.0.4844.51 Mobile Safari/537.36 MicroMessenger/7.0.1"