File: //home/logs/cqqizhou_access_2026-05-16.log
36.133.115.36 - - [16/May/2026:00:03:00 +0800] "POST /wp-cron.php?doing_wp_cron=1778860980.5097529888153076171875 HTTP/1.1" 200 31 "-" "WordPress/6.9; http://cqqizhou.com"
216.73.216.240 - - [16/May/2026:00:03:00 +0800] "GET /robots.txt HTTP/1.1" 200 390 "-" "Mozilla/5.0 AppleWebKit/537.36 (KHTML, like Gecko; compatible; ClaudeBot/1.0; +claudebot@anthropic.com)"
216.73.216.240 - - [16/May/2026:00:03:00 +0800] "GET /wp-content/uploads/2026/04/1777513410-1Article_images_W900px-300x169.webp HTTP/1.1" 200 9202 "-" "Mozilla/5.0 AppleWebKit/537.36 (KHTML, like Gecko; compatible; ClaudeBot/1.0; +claudebot@anthropic.com)"
216.73.216.240 - - [16/May/2026:00:03:01 +0800] "GET /wp-content/uploads/2026/04/1775195054-1Article_images_W900px.webp HTTP/1.1" 200 25562 "-" "Mozilla/5.0 AppleWebKit/537.36 (KHTML, like Gecko; compatible; ClaudeBot/1.0; +claudebot@anthropic.com)"
216.73.216.240 - - [16/May/2026:00:03:01 +0800] "GET /wp-content/uploads/2026/04/1775865780-1Article_images_W900px-300x169.webp HTTP/1.1" 200 10634 "-" "Mozilla/5.0 AppleWebKit/537.36 (KHTML, like Gecko; compatible; ClaudeBot/1.0; +claudebot@anthropic.com)"
216.73.216.240 - - [16/May/2026:00:03:01 +0800] "GET /wp-content/uploads/2026/04/1777513410-1Article_images_W900px.webp HTTP/1.1" 200 30786 "-" "Mozilla/5.0 AppleWebKit/537.36 (KHTML, like Gecko; compatible; ClaudeBot/1.0; +claudebot@anthropic.com)"
216.73.216.240 - - [16/May/2026:00:03:01 +0800] "GET /wp-content/uploads/2026/04/1775865780-1Article_images_W900px.webp HTTP/1.1" 200 41840 "-" "Mozilla/5.0 AppleWebKit/537.36 (KHTML, like Gecko; compatible; ClaudeBot/1.0; +claudebot@anthropic.com)"
216.73.216.240 - - [16/May/2026:00:03:02 +0800] "GET /wp-content/uploads/2025/07/1751864664-Logistics800x500_1.webp HTTP/1.1" 200 76914 "-" "Mozilla/5.0 AppleWebKit/537.36 (KHTML, like Gecko; compatible; ClaudeBot/1.0; +claudebot@anthropic.com)"
216.73.216.240 - - [16/May/2026:00:03:02 +0800] "GET /wp-content/uploads/2026/04/1775698332-Article_images_W900px-300x169.webp HTTP/1.1" 200 12710 "-" "Mozilla/5.0 AppleWebKit/537.36 (KHTML, like Gecko; compatible; ClaudeBot/1.0; +claudebot@anthropic.com)"
216.73.216.240 - - [16/May/2026:00:03:02 +0800] "GET /wp-content/uploads/2026/04/1775698332-Article_images_W900px.webp HTTP/1.1" 200 49852 "-" "Mozilla/5.0 AppleWebKit/537.36 (KHTML, like Gecko; compatible; ClaudeBot/1.0; +claudebot@anthropic.com)"
216.73.216.240 - - [16/May/2026:00:03:02 +0800] "GET /company-news HTTP/1.1" 200 100862 "-" "Mozilla/5.0 AppleWebKit/537.36 (KHTML, like Gecko; compatible; ClaudeBot/1.0; +claudebot@anthropic.com)"
216.73.216.240 - - [16/May/2026:00:03:02 +0800] "GET /wp-content/uploads/2026/02/1769999241-4.2%E7%B1%B3%E9%AB%98%E6%A0%8F%E8%B4%A7%E8%BD%A6.webp HTTP/1.1" 200 54794 "-" "Mozilla/5.0 AppleWebKit/537.36 (KHTML, like Gecko; compatible; ClaudeBot/1.0; +claudebot@anthropic.com)"
216.73.216.240 - - [16/May/2026:00:03:02 +0800] "GET /news/page/3 HTTP/1.1" 200 88281 "-" "Mozilla/5.0 AppleWebKit/537.36 (KHTML, like Gecko; compatible; ClaudeBot/1.0; +claudebot@anthropic.com)"
216.73.216.240 - - [16/May/2026:00:03:02 +0800] "GET /news/page/4 HTTP/1.1" 200 89642 "-" "Mozilla/5.0 AppleWebKit/537.36 (KHTML, like Gecko; compatible; ClaudeBot/1.0; +claudebot@anthropic.com)"
216.73.216.240 - - [16/May/2026:00:03:03 +0800] "GET /news/2514 HTTP/1.1" 200 85534 "-" "Mozilla/5.0 AppleWebKit/537.36 (KHTML, like Gecko; compatible; ClaudeBot/1.0; +claudebot@anthropic.com)"
216.73.216.240 - - [16/May/2026:00:03:03 +0800] "GET /news/2354 HTTP/1.1" 200 87606 "-" "Mozilla/5.0 AppleWebKit/537.36 (KHTML, like Gecko; compatible; ClaudeBot/1.0; +claudebot@anthropic.com)"
216.73.216.240 - - [16/May/2026:00:03:03 +0800] "GET /news/2518 HTTP/1.1" 200 88348 "-" "Mozilla/5.0 AppleWebKit/537.36 (KHTML, like Gecko; compatible; ClaudeBot/1.0; +claudebot@anthropic.com)"
216.73.216.240 - - [16/May/2026:00:03:03 +0800] "GET /news/2559 HTTP/1.1" 200 78337 "-" "Mozilla/5.0 AppleWebKit/537.36 (KHTML, like Gecko; compatible; ClaudeBot/1.0; +claudebot@anthropic.com)"
216.73.216.240 - - [16/May/2026:00:03:03 +0800] "GET /news/page/2 HTTP/1.1" 200 89165 "-" "Mozilla/5.0 AppleWebKit/537.36 (KHTML, like Gecko; compatible; ClaudeBot/1.0; +claudebot@anthropic.com)"
216.73.216.240 - - [16/May/2026:00:03:04 +0800] "GET /news/2527 HTTP/1.1" 200 88520 "-" "Mozilla/5.0 AppleWebKit/537.36 (KHTML, like Gecko; compatible; ClaudeBot/1.0; +claudebot@anthropic.com)"
216.73.216.240 - - [16/May/2026:00:03:04 +0800] "GET /news/2543 HTTP/1.1" 200 80297 "-" "Mozilla/5.0 AppleWebKit/537.36 (KHTML, like Gecko; compatible; ClaudeBot/1.0; +claudebot@anthropic.com)"
216.73.216.240 - - [16/May/2026:00:03:04 +0800] "GET /news/2552 HTTP/1.1" 200 80461 "-" "Mozilla/5.0 AppleWebKit/537.36 (KHTML, like Gecko; compatible; ClaudeBot/1.0; +claudebot@anthropic.com)"
216.73.216.240 - - [16/May/2026:00:03:04 +0800] "GET /news/2505 HTTP/1.1" 200 87394 "-" "Mozilla/5.0 AppleWebKit/537.36 (KHTML, like Gecko; compatible; ClaudeBot/1.0; +claudebot@anthropic.com)"
216.73.216.240 - - [16/May/2026:00:03:04 +0800] "GET /news/2534 HTTP/1.1" 200 86182 "-" "Mozilla/5.0 AppleWebKit/537.36 (KHTML, like Gecko; compatible; ClaudeBot/1.0; +claudebot@anthropic.com)"
216.73.216.240 - - [16/May/2026:00:03:05 +0800] "GET /news/2547 HTTP/1.1" 200 87246 "-" "Mozilla/5.0 AppleWebKit/537.36 (KHTML, like Gecko; compatible; ClaudeBot/1.0; +claudebot@anthropic.com)"
216.73.216.240 - - [16/May/2026:00:03:05 +0800] "GET /media/4 HTTP/1.1" 200 121143 "-" "Mozilla/5.0 AppleWebKit/537.36 (KHTML, like Gecko; compatible; ClaudeBot/1.0; +claudebot@anthropic.com)"
216.73.216.240 - - [16/May/2026:00:03:05 +0800] "GET /media/5 HTTP/1.1" 200 121160 "-" "Mozilla/5.0 AppleWebKit/537.36 (KHTML, like Gecko; compatible; ClaudeBot/1.0; +claudebot@anthropic.com)"
216.73.216.240 - - [16/May/2026:00:03:05 +0800] "GET /media/3 HTTP/1.1" 200 121154 "-" "Mozilla/5.0 AppleWebKit/537.36 (KHTML, like Gecko; compatible; ClaudeBot/1.0; +claudebot@anthropic.com)"
216.73.216.240 - - [16/May/2026:00:03:06 +0800] "GET /media/2 HTTP/1.1" 200 121000 "-" "Mozilla/5.0 AppleWebKit/537.36 (KHTML, like Gecko; compatible; ClaudeBot/1.0; +claudebot@anthropic.com)"
216.73.216.240 - - [16/May/2026:00:03:06 +0800] "GET /work-safety HTTP/1.1" 200 95588 "-" "Mozilla/5.0 AppleWebKit/537.36 (KHTML, like Gecko; compatible; ClaudeBot/1.0; +claudebot@anthropic.com)"
216.73.216.240 - - [16/May/2026:00:03:06 +0800] "GET /news/2535 HTTP/1.1" 200 76659 "-" "Mozilla/5.0 AppleWebKit/537.36 (KHTML, like Gecko; compatible; ClaudeBot/1.0; +claudebot@anthropic.com)"
216.73.216.240 - - [16/May/2026:00:03:06 +0800] "GET /process/processing HTTP/1.1" 301 5 "-" "Mozilla/5.0 AppleWebKit/537.36 (KHTML, like Gecko; compatible; ClaudeBot/1.0; +claudebot@anthropic.com)"
216.73.216.240 - - [16/May/2026:00:03:06 +0800] "GET /2388/ HTTP/1.1" 301 5 "-" "Mozilla/5.0 AppleWebKit/537.36 (KHTML, like Gecko; compatible; ClaudeBot/1.0; +claudebot@anthropic.com)"
216.73.216.240 - - [16/May/2026:00:03:06 +0800] "GET /industry HTTP/1.1" 200 96626 "-" "Mozilla/5.0 AppleWebKit/537.36 (KHTML, like Gecko; compatible; ClaudeBot/1.0; +claudebot@anthropic.com)"
216.73.216.240 - - [16/May/2026:00:03:08 +0800] "GET /services/processing HTTP/1.1" 200 91555 "http://cqqizhou.com/process/processing" "Mozilla/5.0 AppleWebKit/537.36 (KHTML, like Gecko; compatible; ClaudeBot/1.0; +claudebot@anthropic.com)"
36.133.115.36 - - [16/May/2026:00:03:08 +0800] "POST /wp-cron.php?doing_wp_cron=1778860988.0520451068878173828125 HTTP/1.1" 200 31 "-" "WordPress/6.9; http://cqqizhou.com"
216.73.216.240 - - [16/May/2026:00:03:08 +0800] "GET /news/2388 HTTP/1.1" 200 79695 "http://cqqizhou.com/2388/" "Mozilla/5.0 AppleWebKit/537.36 (KHTML, like Gecko; compatible; ClaudeBot/1.0; +claudebot@anthropic.com)"
36.133.115.36 - - [16/May/2026:00:10:55 +0800] "POST /wp-cron.php?doing_wp_cron=1778861455.2605969905853271484375 HTTP/1.1" 200 31 "-" "WordPress/6.9; http://cqqizhou.com"
117.153.195.115 - - [16/May/2026:00:10:55 +0800] "GET /Ly9jcXFpemhvdS5jb20vd3AtY29udGVudC91cGxvYWRzLzIwMjUvMTIvMTc2NTI2ODk1NS1xaXpob3VfU2xpZGVyMV8zODQww5cyMTYwXzIwMjUxMjEwLXNjYWxlZC53ZWJw HTTP/1.1" 404 9409 "-" "Mozilla/5.0 (Windows NT 6.1; Win64; x64) AppleWebKit/537.36 (KHTML, like Gecko) Chrome/70.0.3538.16"
36.133.115.36 - - [16/May/2026:00:22:23 +0800] "POST /wp-cron.php?doing_wp_cron=1778862143.1835880279541015625000 HTTP/1.1" 200 31 "-" "WordPress/6.9; http://cqqizhou.com"
47.128.30.97 - - [16/May/2026:00:22:23 +0800] "GET /robots.txt HTTP/1.1" 200 190 "-" "Mozilla/5.0 (Linux; Android 5.0) AppleWebKit/537.36 (KHTML, like Gecko) Mobile Safari/537.36 (compatible; Bytespider; spider-feedback@bytedance.com)"
220.181.108.174 - - [16/May/2026:00:26:17 +0800] "GET /wp-content/uploads/2026/03/1772790943-2Article_images_W900px.webp HTTP/1.1" 200 45662 "-" "Mozilla/5.0 (compatible; Baiduspider/2.0; +http://www.baidu.com/search/spider.html)"
36.133.115.36 - - [16/May/2026:00:26:39 +0800] "POST /wp-cron.php?doing_wp_cron=1778862399.8345670700073242187500 HTTP/1.1" 200 31 "-" "WordPress/6.9; http://cqqizhou.com"
45.148.10.67 - - [16/May/2026:00:26:39 +0800] "GET / HTTP/1.1" 200 35139 "-" "Mozilla/5.0 (Windows NT 10.0; Win64; x64) AppleWebKit/537.36 (KHTML, like Gecko) Chrome/131.0.0.0 Safari/537.36"
36.133.115.36 - - [16/May/2026:00:38:39 +0800] "POST /wp-cron.php?doing_wp_cron=1778863119.0087549686431884765625 HTTP/1.1" 200 31 "-" "WordPress/6.9; http://cqqizhou.com"
216.73.216.240 - - [16/May/2026:00:38:39 +0800] "GET /wp-sitemap.xml HTTP/1.1" 501 253 "-" "Mozilla/5.0 AppleWebKit/537.36 (KHTML, like Gecko; compatible; ClaudeBot/1.0; +claudebot@anthropic.com)"
36.133.115.36 - - [16/May/2026:00:45:03 +0800] "POST /wp-cron.php?doing_wp_cron=1778863503.2893810272216796875000 HTTP/1.1" 200 31 "-" "WordPress/6.9; http://cqqizhou.com"
42.178.213.238 - - [16/May/2026:00:45:03 +0800] "GET /Ly9jcXFpemhvdS5jb20vd3AtY29udGVudC91cGxvYWRzLzIwMjYvMDEvMTc2ODI4MDI3MC1hbnF1YW5fU2xpZGVyXzM4NDDDlzIxNjBfMjAyNjAxMTQtc2NhbGVkLndlYnA= HTTP/1.1" 404 9409 "-" "Mozilla/5.0 (Windows NT 6.2) AppleWebKit/537.36 (KHTML, like Gecko) Chrome/70.0.3538.97"
216.73.216.240 - - [16/May/2026:00:50:00 +0800] "GET /wp-content/uploads/2026/04/1775698329-2Article_images_W900px.webp HTTP/1.1" 200 43844 "-" "Mozilla/5.0 AppleWebKit/537.36 (KHTML, like Gecko; compatible; ClaudeBot/1.0; +claudebot@anthropic.com)"
216.73.216.240 - - [16/May/2026:00:50:00 +0800] "GET /wp-content/uploads/2026/02/1769999241-4.2%E7%B1%B3%E9%AB%98%E6%A0%8F%E8%B4%A7%E8%BD%A6-300x169.webp HTTP/1.1" 200 12930 "-" "Mozilla/5.0 AppleWebKit/537.36 (KHTML, like Gecko; compatible; ClaudeBot/1.0; +claudebot@anthropic.com)"
36.133.115.36 - - [16/May/2026:00:50:02 +0800] "POST /wp-cron.php?doing_wp_cron=1778863802.0499498844146728515625 HTTP/1.1" 200 31 "-" "WordPress/6.9; http://cqqizhou.com"
216.73.216.240 - - [16/May/2026:00:50:02 +0800] "GET /company-news/page/3 HTTP/1.1" 200 77486 "-" "Mozilla/5.0 AppleWebKit/537.36 (KHTML, like Gecko; compatible; ClaudeBot/1.0; +claudebot@anthropic.com)"
216.73.216.240 - - [16/May/2026:00:50:44 +0800] "GET /wp-content/uploads/2025/07/1751864664-Logistics800x500_1-300x188.webp HTTP/1.1" 200 18996 "-" "Mozilla/5.0 AppleWebKit/537.36 (KHTML, like Gecko; compatible; ClaudeBot/1.0; +claudebot@anthropic.com)"
216.73.216.240 - - [16/May/2026:00:50:45 +0800] "GET /wp-content/uploads/2026/04/1775195056-2Article_images_W900px.webp HTTP/1.1" 200 29660 "-" "Mozilla/5.0 AppleWebKit/537.36 (KHTML, like Gecko; compatible; ClaudeBot/1.0; +claudebot@anthropic.com)"
216.73.216.240 - - [16/May/2026:00:50:45 +0800] "GET /wp-content/uploads/2026/04/1777513411-2Article_images_W900px.webp HTTP/1.1" 200 50748 "-" "Mozilla/5.0 AppleWebKit/537.36 (KHTML, like Gecko; compatible; ClaudeBot/1.0; +claudebot@anthropic.com)"
216.73.216.240 - - [16/May/2026:00:50:52 +0800] "GET /wp-content/uploads/2026/04/1775865995-3Article_images_W900px.webp HTTP/1.1" 200 92936 "-" "Mozilla/5.0 AppleWebKit/537.36 (KHTML, like Gecko; compatible; ClaudeBot/1.0; +claudebot@anthropic.com)"
216.73.216.240 - - [16/May/2026:00:50:52 +0800] "GET /wp-content/uploads/2026/04/1775698330-3Article_images_W900px.webp HTTP/1.1" 200 38520 "-" "Mozilla/5.0 AppleWebKit/537.36 (KHTML, like Gecko; compatible; ClaudeBot/1.0; +claudebot@anthropic.com)"
216.73.216.240 - - [16/May/2026:00:50:54 +0800] "GET /wp-content/uploads/2026/04/1775865981-2Article_images_W900px.webp HTTP/1.1" 200 64044 "-" "Mozilla/5.0 AppleWebKit/537.36 (KHTML, like Gecko; compatible; ClaudeBot/1.0; +claudebot@anthropic.com)"
216.73.216.240 - - [16/May/2026:00:51:13 +0800] "GET /wp-content/uploads/2026/04/1775195054-1Article_images_W900px-300x169.webp HTTP/1.1" 200 8472 "-" "Mozilla/5.0 AppleWebKit/537.36 (KHTML, like Gecko; compatible; ClaudeBot/1.0; +claudebot@anthropic.com)"
216.73.216.240 - - [16/May/2026:00:51:14 +0800] "GET /services/processing HTTP/1.1" 200 91582 "-" "Mozilla/5.0 AppleWebKit/537.36 (KHTML, like Gecko; compatible; ClaudeBot/1.0; +claudebot@anthropic.com)"
36.133.115.36 - - [16/May/2026:00:51:14 +0800] "POST /wp-cron.php?doing_wp_cron=1778863874.4310810565948486328125 HTTP/1.1" 200 31 "-" "WordPress/6.9; http://cqqizhou.com"
216.73.216.240 - - [16/May/2026:00:51:14 +0800] "GET /news/tag/%e5%90%af%e8%88%9f%e7%ae%a1%e7%90%86 HTTP/1.1" 200 79673 "-" "Mozilla/5.0 AppleWebKit/537.36 (KHTML, like Gecko; compatible; ClaudeBot/1.0; +claudebot@anthropic.com)"
216.73.216.240 - - [16/May/2026:00:51:34 +0800] "GET /news/2155 HTTP/1.1" 200 97063 "-" "Mozilla/5.0 AppleWebKit/537.36 (KHTML, like Gecko; compatible; ClaudeBot/1.0; +claudebot@anthropic.com)"
216.73.216.240 - - [16/May/2026:00:51:35 +0800] "GET /news/2159 HTTP/1.1" 200 97349 "-" "Mozilla/5.0 AppleWebKit/537.36 (KHTML, like Gecko; compatible; ClaudeBot/1.0; +claudebot@anthropic.com)"
216.73.216.240 - - [16/May/2026:00:51:37 +0800] "GET /news/2153 HTTP/1.1" 200 86725 "-" "Mozilla/5.0 AppleWebKit/537.36 (KHTML, like Gecko; compatible; ClaudeBot/1.0; +claudebot@anthropic.com)"
216.73.216.240 - - [16/May/2026:00:51:49 +0800] "GET /news/2483 HTTP/1.1" 200 86233 "-" "Mozilla/5.0 AppleWebKit/537.36 (KHTML, like Gecko; compatible; ClaudeBot/1.0; +claudebot@anthropic.com)"
216.73.216.240 - - [16/May/2026:00:51:49 +0800] "GET /news/2160 HTTP/1.1" 200 99345 "-" "Mozilla/5.0 AppleWebKit/537.36 (KHTML, like Gecko; compatible; ClaudeBot/1.0; +claudebot@anthropic.com)"
216.73.216.240 - - [16/May/2026:00:51:51 +0800] "GET /news/2162 HTTP/1.1" 200 88752 "-" "Mozilla/5.0 AppleWebKit/537.36 (KHTML, like Gecko; compatible; ClaudeBot/1.0; +claudebot@anthropic.com)"
216.73.216.240 - - [16/May/2026:00:52:05 +0800] "GET /news/2163 HTTP/1.1" 200 85306 "-" "Mozilla/5.0 AppleWebKit/537.36 (KHTML, like Gecko; compatible; ClaudeBot/1.0; +claudebot@anthropic.com)"
216.73.216.240 - - [16/May/2026:00:52:07 +0800] "GET /news/2373 HTTP/1.1" 200 86646 "-" "Mozilla/5.0 AppleWebKit/537.36 (KHTML, like Gecko; compatible; ClaudeBot/1.0; +claudebot@anthropic.com)"
216.73.216.240 - - [16/May/2026:00:52:07 +0800] "GET /news/2164 HTTP/1.1" 200 84976 "-" "Mozilla/5.0 AppleWebKit/537.36 (KHTML, like Gecko; compatible; ClaudeBot/1.0; +claudebot@anthropic.com)"
36.133.115.36 - - [16/May/2026:00:52:24 +0800] "POST /wp-cron.php?doing_wp_cron=1778863944.1468400955200195312500 HTTP/1.1" 200 31 "-" "WordPress/6.9; http://cqqizhou.com"
216.73.216.240 - - [16/May/2026:00:52:24 +0800] "GET /news/2486 HTTP/1.1" 200 78285 "-" "Mozilla/5.0 AppleWebKit/537.36 (KHTML, like Gecko; compatible; ClaudeBot/1.0; +claudebot@anthropic.com)"
216.73.216.240 - - [16/May/2026:00:52:24 +0800] "GET /news/2464 HTTP/1.1" 200 84970 "-" "Mozilla/5.0 AppleWebKit/537.36 (KHTML, like Gecko; compatible; ClaudeBot/1.0; +claudebot@anthropic.com)"
216.73.216.240 - - [16/May/2026:00:52:27 +0800] "GET /news/2052 HTTP/1.1" 200 89835 "-" "Mozilla/5.0 AppleWebKit/537.36 (KHTML, like Gecko; compatible; ClaudeBot/1.0; +claudebot@anthropic.com)"
216.73.216.240 - - [16/May/2026:00:52:46 +0800] "GET /news/2231 HTTP/1.1" 200 84837 "-" "Mozilla/5.0 AppleWebKit/537.36 (KHTML, like Gecko; compatible; ClaudeBot/1.0; +claudebot@anthropic.com)"
216.73.216.240 - - [16/May/2026:00:52:48 +0800] "GET /news/2214 HTTP/1.1" 200 88334 "-" "Mozilla/5.0 AppleWebKit/537.36 (KHTML, like Gecko; compatible; ClaudeBot/1.0; +claudebot@anthropic.com)"
216.73.216.240 - - [16/May/2026:00:52:49 +0800] "GET /news/2215 HTTP/1.1" 200 76782 "-" "Mozilla/5.0 AppleWebKit/537.36 (KHTML, like Gecko; compatible; ClaudeBot/1.0; +claudebot@anthropic.com)"
216.73.216.240 - - [16/May/2026:00:52:57 +0800] "GET /news/2440 HTTP/1.1" 200 82494 "-" "Mozilla/5.0 AppleWebKit/537.36 (KHTML, like Gecko; compatible; ClaudeBot/1.0; +claudebot@anthropic.com)"
216.73.216.240 - - [16/May/2026:00:52:57 +0800] "GET /news/2165 HTTP/1.1" 200 92850 "-" "Mozilla/5.0 AppleWebKit/537.36 (KHTML, like Gecko; compatible; ClaudeBot/1.0; +claudebot@anthropic.com)"
216.73.216.240 - - [16/May/2026:00:53:00 +0800] "GET /news/2496 HTTP/1.1" 200 94408 "-" "Mozilla/5.0 AppleWebKit/537.36 (KHTML, like Gecko; compatible; ClaudeBot/1.0; +claudebot@anthropic.com)"
36.133.115.36 - - [16/May/2026:00:53:16 +0800] "POST /wp-cron.php?doing_wp_cron=1778863996.9241011142730712890625 HTTP/1.1" 200 31 "-" "WordPress/6.9; http://cqqizhou.com"
216.73.216.240 - - [16/May/2026:00:53:16 +0800] "GET /news/2475 HTTP/1.1" 200 92047 "-" "Mozilla/5.0 AppleWebKit/537.36 (KHTML, like Gecko; compatible; ClaudeBot/1.0; +claudebot@anthropic.com)"
216.73.216.240 - - [16/May/2026:00:53:17 +0800] "GET /news/2339 HTTP/1.1" 200 87700 "-" "Mozilla/5.0 AppleWebKit/537.36 (KHTML, like Gecko; compatible; ClaudeBot/1.0; +claudebot@anthropic.com)"
216.73.216.240 - - [16/May/2026:00:53:37 +0800] "GET /news/2502 HTTP/1.1" 200 86665 "-" "Mozilla/5.0 AppleWebKit/537.36 (KHTML, like Gecko; compatible; ClaudeBot/1.0; +claudebot@anthropic.com)"
216.73.216.240 - - [16/May/2026:00:53:37 +0800] "GET /news/2420 HTTP/1.1" 200 84938 "-" "Mozilla/5.0 AppleWebKit/537.36 (KHTML, like Gecko; compatible; ClaudeBot/1.0; +claudebot@anthropic.com)"
216.73.216.240 - - [16/May/2026:00:53:38 +0800] "GET /news/2388 HTTP/1.1" 200 79722 "-" "Mozilla/5.0 AppleWebKit/537.36 (KHTML, like Gecko; compatible; ClaudeBot/1.0; +claudebot@anthropic.com)"
216.73.216.240 - - [16/May/2026:00:53:40 +0800] "GET /news/2361 HTTP/1.1" 200 89285 "-" "Mozilla/5.0 AppleWebKit/537.36 (KHTML, like Gecko; compatible; ClaudeBot/1.0; +claudebot@anthropic.com)"
216.73.216.240 - - [16/May/2026:00:53:46 +0800] "GET /news/page/1 HTTP/1.1" 301 5 "-" "Mozilla/5.0 AppleWebKit/537.36 (KHTML, like Gecko; compatible; ClaudeBot/1.0; +claudebot@anthropic.com)"
216.73.216.240 - - [16/May/2026:00:53:46 +0800] "GET /news HTTP/1.1" 200 100760 "http://cqqizhou.com/news/page/1" "Mozilla/5.0 AppleWebKit/537.36 (KHTML, like Gecko; compatible; ClaudeBot/1.0; +claudebot@anthropic.com)"
216.73.216.240 - - [16/May/2026:00:53:47 +0800] "GET /news/2418 HTTP/1.1" 200 85311 "-" "Mozilla/5.0 AppleWebKit/537.36 (KHTML, like Gecko; compatible; ClaudeBot/1.0; +claudebot@anthropic.com)"
36.133.115.36 - - [16/May/2026:00:54:17 +0800] "POST /wp-cron.php?doing_wp_cron=1778864057.2225680351257324218750 HTTP/1.1" 200 31 "-" "WordPress/6.9; http://cqqizhou.com"
216.73.216.240 - - [16/May/2026:00:54:17 +0800] "GET /news/tag/%e5%8d%9a%e8%81%94%e8%be%be HTTP/1.1" 200 84691 "-" "Mozilla/5.0 AppleWebKit/537.36 (KHTML, like Gecko; compatible; ClaudeBot/1.0; +claudebot@anthropic.com)"
216.73.216.240 - - [16/May/2026:00:54:17 +0800] "GET /company-news/page/2 HTTP/1.1" 200 100791 "-" "Mozilla/5.0 AppleWebKit/537.36 (KHTML, like Gecko; compatible; ClaudeBot/1.0; +claudebot@anthropic.com)"
36.133.115.36 - - [16/May/2026:00:57:26 +0800] "POST /wp-cron.php?doing_wp_cron=1778864246.3296210765838623046875 HTTP/1.1" 200 31 "-" "WordPress/6.9; http://cqqizhou.com"
194.50.16.36 - - [16/May/2026:00:57:26 +0800] "GET /level/15/exec/-/sh/run/CR HTTP/1.1" 404 32979 "-" "libwww-perl/6.81"
36.133.115.36 - - [16/May/2026:00:58:35 +0800] "POST /wp-cron.php?doing_wp_cron=1778864315.6953759193420410156250 HTTP/1.1" 200 31 "-" "WordPress/6.9; http://cqqizhou.com"
143.20.185.242 - - [16/May/2026:00:58:36 +0800] "GET / HTTP/1.1" 200 108018 "-" "-"
36.133.115.36 - - [16/May/2026:00:59:42 +0800] "POST /wp-cron.php?doing_wp_cron=1778864382.6655340194702148437500 HTTP/1.1" 200 31 "-" "WordPress/6.9; http://cqqizhou.com"
182.200.118.69 - - [16/May/2026:00:59:42 +0800] "GET /Ly9jcXFpemhvdS5jb20vd3AtY29udGVudC91cGxvYWRzL3JldnNsaWRlci9zbGlkZXItMS8xNzUwODYxMTU2LWxvZ2lzdGljc19TbGlkZXJfMzg0MMOXMjE2MF8yMDI1MDYyNTE5MTM1Ni1zY2FsZWQud2VicA== HTTP/1.1" 404 9409 "-" "Mozilla/5.0 (Windows NT 6.2) AppleWebKit/537.36 (KHTML, like Gecko) Chrome/75.0.3770.8"
36.133.115.36 - - [16/May/2026:01:02:12 +0800] "POST /wp-cron.php?doing_wp_cron=1778864532.0476560592651367187500 HTTP/1.1" 200 31 "-" "WordPress/6.9; http://cqqizhou.com"
49.116.20.42 - - [16/May/2026:01:02:12 +0800] "GET /Ly9jcXFpemhvdS5jb20vd3AtY29udGVudC91cGxvYWRzLzIwMjYvMDEvMTc2ODI3NjExOS1xaXpob3VqaWFnb25nX1NsaWRlcl8zODQww5cyMTYwXzIwMjYwMTEzLXNjYWxlZC53ZWJw HTTP/1.1" 404 9409 "-" "Mozilla/5.0 (Windows NT 10.0; WOW64) AppleWebKit/537.36 (KHTML, like Gecko) Chrome/70.0.3538.97"
36.133.115.36 - - [16/May/2026:01:11:11 +0800] "POST /wp-cron.php?doing_wp_cron=1778865071.2318339347839355468750 HTTP/1.1" 200 31 "-" "WordPress/6.9; http://cqqizhou.com"
146.56.180.42 - - [16/May/2026:01:11:11 +0800] "GET http://myip.ipip.net/ HTTP/1.1" 301 5 "-" "-"
146.56.180.42 - - [16/May/2026:01:11:12 +0800] "GET http://icanhazip.com/ HTTP/1.1" 301 5 "-" "-"
146.56.180.42 - - [16/May/2026:01:11:13 +0800] "GET http://api.ipify.org/ HTTP/1.1" 301 5 "-" "-"
36.133.115.36 - - [16/May/2026:01:39:45 +0800] "POST /wp-cron.php?doing_wp_cron=1778866785.6522819995880126953125 HTTP/1.1" 200 31 "-" "WordPress/6.9; http://cqqizhou.com"
115.159.33.43 - - [16/May/2026:01:39:45 +0800] "GET / HTTP/1.1" 301 5 "-" "Mozilla/5.0 (Windows NT 10.0; Win64; x64) AppleWebKit/537.36 (KHTML, like Gecko) Chrome/79.0.3945.117 Safari/537.36"
36.133.115.36 - - [16/May/2026:01:48:59 +0800] "POST /wp-cron.php?doing_wp_cron=1778867339.7743558883666992187500 HTTP/1.1" 200 31 "-" "WordPress/6.9; http://cqqizhou.com"
216.73.216.240 - - [16/May/2026:01:48:59 +0800] "GET /robots.txt HTTP/1.1" 200 390 "-" "Mozilla/5.0 AppleWebKit/537.36 (KHTML, like Gecko; compatible; ClaudeBot/1.0; +claudebot@anthropic.com)"
216.73.216.240 - - [16/May/2026:01:49:01 +0800] "GET /news/tag/%e7%89%a9%e6%b5%81 HTTP/1.1" 200 77087 "-" "Mozilla/5.0 AppleWebKit/537.36 (KHTML, like Gecko; compatible; ClaudeBot/1.0; +claudebot@anthropic.com)"
36.133.115.36 - - [16/May/2026:01:59:51 +0800] "POST /wp-cron.php?doing_wp_cron=1778867991.8768169879913330078125 HTTP/1.1" 200 31 "-" "WordPress/6.9; http://cqqizhou.com"
93.123.72.166 - - [16/May/2026:01:59:51 +0800] "GET /SDK/webLanguage HTTP/1.1" 301 5 "-" "Mozilla/5.0 (Windows NT 10.0; Win64; x64) AppleWebKit/537.36 (KHTML, like Gecko) Chrome/90.0.4430.85 Safari/537.36 Edg/90.0.818.46"
36.133.115.36 - - [16/May/2026:02:26:00 +0800] "POST /wp-cron.php?doing_wp_cron=1778869559.9886291027069091796875 HTTP/1.1" 200 31 "-" "WordPress/6.9; http://cqqizhou.com"
120.197.95.32 - - [16/May/2026:02:26:00 +0800] "GET /robots.txt HTTP/1.1" 200 190 "-" "Mozilla/5.0 (Windows NT 10.0; Win64; x64) AppleWebKit/537.36 (KHTML, like Gecko) Chrome/91.0.4431.29 Safari/537.36 OPR/63.0.3368.43"
36.133.115.36 - - [16/May/2026:02:32:36 +0800] "POST /wp-cron.php?doing_wp_cron=1778869956.5567569732666015625000 HTTP/1.1" 200 31 "-" "WordPress/6.9; http://cqqizhou.com"
216.73.216.240 - - [16/May/2026:02:32:36 +0800] "GET /wp-sitemap.xml HTTP/1.1" 501 253 "-" "Mozilla/5.0 AppleWebKit/537.36 (KHTML, like Gecko; compatible; ClaudeBot/1.0; +claudebot@anthropic.com)"
36.133.115.36 - - [16/May/2026:02:52:14 +0800] "POST /wp-cron.php?doing_wp_cron=1778871134.5522520542144775390625 HTTP/1.1" 200 31 "-" "WordPress/6.9; http://cqqizhou.com"
110.249.201.184 - - [16/May/2026:02:52:14 +0800] "GET /robots.txt HTTP/1.1" 200 190 "-" "Mozilla/5.0 (Linux; Android 5.0) AppleWebKit/537.36 (KHTML, like Gecko) Mobile Safari/537.36 (compatible; Bytespider; https://zhanzhang.toutiao.com/)"
36.133.115.36 - - [16/May/2026:03:15:37 +0800] "POST /wp-cron.php?doing_wp_cron=1778872537.3707048892974853515625 HTTP/1.1" 200 31 "-" "WordPress/6.9; http://cqqizhou.com"
122.136.160.9 - - [16/May/2026:03:15:37 +0800] "GET /contacts/ HTTP/1.1" 301 5 "-" "Mozilla/5.0 (Windows NT 10.0; Win64; x64) AppleWebKit/537.36 (KHTML, like Gecko) Chrome/136.0.0.0 Safari/537.36"
122.136.160.9 - - [16/May/2026:03:15:37 +0800] "GET http://cqqizhou.com/contacts HTTP/1.1" 200 22094 "-" "Mozilla/5.0 (Windows NT 10.0; Win64; x64) AppleWebKit/537.36 (KHTML, like Gecko) Chrome/136.0.0.0 Safari/537.36"
36.133.115.36 - - [16/May/2026:03:29:01 +0800] "POST /wp-cron.php?doing_wp_cron=1778873341.1449720859527587890625 HTTP/1.1" 200 31 "-" "WordPress/6.9; http://cqqizhou.com"
35.202.9.133 - - [16/May/2026:03:29:01 +0800] "GET / HTTP/1.1" 301 5 "-" "Mozilla/5.0 (compatible; tchelebi/1.0; +http://tchelebi.io)"
36.133.115.36 - - [16/May/2026:03:30:45 +0800] "POST /wp-cron.php?doing_wp_cron=1778873445.1500918865203857421875 HTTP/1.1" 200 31 "-" "WordPress/6.9; http://cqqizhou.com"
216.73.216.171 - - [16/May/2026:03:30:45 +0800] "GET /robots.txt HTTP/1.1" 200 390 "-" "Mozilla/5.0 AppleWebKit/537.36 (KHTML, like Gecko; compatible; ClaudeBot/1.0; +claudebot@anthropic.com)"
216.73.216.171 - - [16/May/2026:03:30:46 +0800] "GET /wp-sitemap.xml HTTP/1.1" 501 253 "-" "Mozilla/5.0 AppleWebKit/537.36 (KHTML, like Gecko; compatible; ClaudeBot/1.0; +claudebot@anthropic.com)"
202.189.14.116 - - [16/May/2026:03:36:57 +0800] "GET /phpmyadmin/index.php HTTP/1.1" 404 27 "-" "Mozilla/5.0 (Windows NT 10.0; WOW64) AppleWebKit/537.36 (KHTML, like Gecko) Chrome/69.0.3464.0 Safari/537.36"
202.189.14.116 - - [16/May/2026:03:36:58 +0800] "GET /pmd/index.php HTTP/1.1" 404 27 "-" "Mozilla/5.0 (Windows NT 10.0; WOW64) AppleWebKit/537.36 (KHTML, like Gecko) Chrome/69.0.3464.0 Safari/537.36"
202.189.14.116 - - [16/May/2026:03:36:58 +0800] "GET /phpmyadmin4.8.5/index.php HTTP/1.1" 404 27 "-" "Mozilla/5.0 (Windows NT 10.0; WOW64) AppleWebKit/537.36 (KHTML, like Gecko) Chrome/69.0.3464.0 Safari/537.36"
112.86.225.167 - - [16/May/2026:04:04:53 +0800] "GET / HTTP/1.1" 200 41029 "-" "Sogou web spider/4.0(+http://www.sogou.com/docs/help/webmasters.htm#07)"
36.133.115.36 - - [16/May/2026:04:07:56 +0800] "POST /wp-cron.php?doing_wp_cron=1778875676.5301969051361083984375 HTTP/1.1" 200 31 "-" "WordPress/6.9; http://cqqizhou.com"
34.162.219.168 - - [16/May/2026:04:07:56 +0800] "HEAD /backup/ HTTP/1.1" 404 0 "-" "Mozilla/5.0 (iPad; CPU OS 17_4 like Mac OS X) AppleWebKit/605.1.15 (KHTML, like Gecko) Version/17.4 Mobile/15E148 Safari/604.1"
34.162.219.168 - - [16/May/2026:04:07:57 +0800] "HEAD /wp/ HTTP/1.1" 404 0 "-" "Mozilla/5.0 (Linux; Android 14; SM-A146P) AppleWebKit/537.36 (KHTML, like Gecko) SamsungBrowser/25.0 Chrome/123.0.6312.120 Mobile Safari/537.36"
34.162.219.168 - - [16/May/2026:04:07:58 +0800] "HEAD /new/ HTTP/1.1" 301 0 "-" "Mozilla/5.0 (Linux; Android 12; Redmi Note 11) AppleWebKit/537.36 (KHTML, like Gecko) Chrome/123.0.6312.112 Mobile Safari/537.36"
34.162.219.168 - - [16/May/2026:04:07:59 +0800] "HEAD /news HTTP/1.1" 200 0 "http://cqqizhou.com/new/" "Mozilla/5.0 (Linux; Android 12; Redmi Note 11) AppleWebKit/537.36 (KHTML, like Gecko) Chrome/123.0.6312.112 Mobile Safari/537.36"
34.162.219.168 - - [16/May/2026:04:07:59 +0800] "HEAD / HTTP/1.1" 200 0 "-" "Mozilla/5.0 (iPad; CPU OS 17_4 like Mac OS X) AppleWebKit/605.1.15 (KHTML, like Gecko) Version/17.4 Mobile/15E148 Safari/604.1"
34.162.219.168 - - [16/May/2026:04:08:00 +0800] "HEAD /wordpress/ HTTP/1.1" 404 0 "-" "Mozilla/5.0 (iPad; CPU OS 17_4 like Mac OS X) AppleWebKit/605.1.15 (KHTML, like Gecko) Version/17.4 Mobile/15E148 Safari/604.1"
34.162.219.168 - - [16/May/2026:04:08:01 +0800] "HEAD /old/ HTTP/1.1" 404 0 "-" "Mozilla/5.0 (Linux; Android 14; SM-A146P) AppleWebKit/537.36 (KHTML, like Gecko) SamsungBrowser/25.0 Chrome/123.0.6312.120 Mobile Safari/537.36"
34.162.219.168 - - [16/May/2026:04:08:02 +0800] "HEAD /blog/ HTTP/1.1" 404 0 "-" "Mozilla/5.0 (X11; Linux x86_64) AppleWebKit/537.36 (KHTML, like Gecko) Chrome/125.0.6422.76 Safari/537.36"
64.23.186.224 - - [16/May/2026:04:08:19 +0800] "GET / HTTP/1.1" 200 41029 "-" "Mozilla/5.0 (X11; Linux x86_64; rv:142.0) Gecko/20100101 Firefox/142.0"
137.184.67.168 - - [16/May/2026:04:12:20 +0800] "GET /wp-content/uploads/2025/07/1751829454-Smart-warehousing800x500.webp HTTP/1.1" 200 79504 "http://www.cqqizhou.com/" "Mozilla/5.0 (Windows NT 10.0; Win64; x64) AppleWebKit/537.36 (KHTML, like Gecko) Chrome/109.0.0.0 Safari/537.36"
36.133.115.36 - - [16/May/2026:04:25:12 +0800] "POST /wp-cron.php?doing_wp_cron=1778876712.5342009067535400390625 HTTP/1.1" 200 31 "-" "WordPress/6.9; http://cqqizhou.com"
150.241.244.72 - - [16/May/2026:04:25:12 +0800] "GET / HTTP/1.1" 301 5 "-" "Go-http-client/1.1"
36.133.115.36 - - [16/May/2026:04:58:14 +0800] "POST /wp-cron.php?doing_wp_cron=1778878694.2827050685882568359375 HTTP/1.1" 200 31 "-" "WordPress/6.9; http://cqqizhou.com"
93.123.72.166 - - [16/May/2026:04:58:14 +0800] "GET /SDK/webLanguage HTTP/1.1" 301 5 "-" "Mozilla/5.0 (Windows NT 10.0; Win64; x64) AppleWebKit/537.36 (KHTML, like Gecko) Chrome/90.0.4430.85 Safari/537.36 Edg/90.0.818.46"
36.133.115.36 - - [16/May/2026:05:31:03 +0800] "POST /wp-cron.php?doing_wp_cron=1778880663.3671319484710693359375 HTTP/1.1" 200 31 "-" "WordPress/6.9; http://cqqizhou.com"
183.199.26.208 - - [16/May/2026:05:31:03 +0800] "GET /contacts/ HTTP/1.1" 301 5 "-" "Mozilla/5.0 (Windows NT 10.0; Win64; x64) AppleWebKit/537.36 (KHTML, like Gecko) Chrome/136.0.0.0 Safari/537.36"
36.133.115.36 - - [16/May/2026:05:31:12 +0800] "POST /wp-cron.php?doing_wp_cron=1778880672.6794190406799316406250 HTTP/1.1" 200 31 "-" "WordPress/6.9; http://cqqizhou.com"
115.215.126.206 - - [16/May/2026:05:31:12 +0800] "GET /contacts/ HTTP/1.1" 301 5 "http://cqqizhou.com/contacts/" "Mozilla/5.0 (Windows NT 10.0; Win64; x64) AppleWebKit/537.36 (KHTML, like Gecko) Chrome/136.0.0.0 Safari/537.36"
115.215.126.206 - - [16/May/2026:05:31:12 +0800] "GET http://cqqizhou.com/contacts HTTP/1.1" 200 22094 "http://cqqizhou.com/contacts/" "Mozilla/5.0 (Windows NT 10.0; Win64; x64) AppleWebKit/537.36 (KHTML, like Gecko) Chrome/136.0.0.0 Safari/537.36"
36.133.115.36 - - [16/May/2026:05:32:39 +0800] "POST /wp-cron.php?doing_wp_cron=1778880759.5443010330200195312500 HTTP/1.1" 200 31 "-" "WordPress/6.9; http://cqqizhou.com"
34.118.41.36 - - [16/May/2026:05:32:39 +0800] "GET / HTTP/1.1" 301 5 "-" "Mozilla/5.0 (iPhone13,2; U; CPU iPhone OS 14_0 like Mac OS X) AppleWebKit/602.1.50 (KHTML, like Gecko) Version/10.0 Mobile/15E148 Safari/602.1"
34.118.41.36 - - [16/May/2026:05:32:45 +0800] "GET / HTTP/1.1" 200 35139 "-" "Mozilla/5.0 (iPhone13,2; U; CPU iPhone OS 14_0 like Mac OS X) AppleWebKit/602.1.50 (KHTML, like Gecko) Version/10.0 Mobile/15E148 Safari/602.1"
34.118.41.36 - - [16/May/2026:05:32:51 +0800] "GET /wp-content/uploads/2025/07/1751425283-qizhou.kf_.qq_.com_.webp HTTP/1.1" 200 16864 "http://cqqizhou.com/" "Mozilla/5.0 (iPhone13,2; U; CPU iPhone OS 14_0 like Mac OS X) AppleWebKit/602.1.50 (KHTML, like Gecko) Version/10.0 Mobile/15E148 Safari/602.1"
34.118.41.36 - - [16/May/2026:05:32:54 +0800] "GET /wp-content/uploads/2025/07/1753456723-%E5%8F%8C%E7%9B%B8%E9%92%A2roduct_Single600.webp HTTP/1.1" 200 22790 "http://cqqizhou.com/" "Mozilla/5.0 (iPhone13,2; U; CPU iPhone OS 14_0 like Mac OS X) AppleWebKit/602.1.50 (KHTML, like Gecko) Version/10.0 Mobile/15E148 Safari/602.1"
34.118.41.36 - - [16/May/2026:05:32:54 +0800] "GET /wp-content/uploads/2025/07/1753453096-%E5%8F%8C%E7%9B%B8%E9%92%A2product_Single600%C3%97284.webp HTTP/1.1" 200 14562 "http://cqqizhou.com/" "Mozilla/5.0 (iPhone13,2; U; CPU iPhone OS 14_0 like Mac OS X) AppleWebKit/602.1.50 (KHTML, like Gecko) Version/10.0 Mobile/15E148 Safari/602.1"
34.118.41.36 - - [16/May/2026:05:32:54 +0800] "GET /wp-content/uploads/2025/07/1753456770-%E7%83%AD%E9%95%80%E9%94%8C%E5%8D%B7product_Single600.webp HTTP/1.1" 200 27502 "http://cqqizhou.com/" "Mozilla/5.0 (iPhone13,2; U; CPU iPhone OS 14_0 like Mac OS X) AppleWebKit/602.1.50 (KHTML, like Gecko) Version/10.0 Mobile/15E148 Safari/602.1"
34.118.41.36 - - [16/May/2026:05:32:55 +0800] "GET /wp-content/uploads/2025/07/1753453127-%E4%BD%99%E5%8D%B7product_Single600%C3%97284.webp HTTP/1.1" 200 18744 "http://cqqizhou.com/" "Mozilla/5.0 (iPhone13,2; U; CPU iPhone OS 14_0 like Mac OS X) AppleWebKit/602.1.50 (KHTML, like Gecko) Version/10.0 Mobile/15E148 Safari/602.1"
34.118.41.36 - - [16/May/2026:05:32:59 +0800] "GET /wp-content/uploads/2025/12/1765268955-qizhou_Slider1_3840%C3%972160_20251210-scaled.webp HTTP/1.1" 200 152162 "http://cqqizhou.com/" "Mozilla/5.0 (iPhone13,2; U; CPU iPhone OS 14_0 like Mac OS X) AppleWebKit/602.1.50 (KHTML, like Gecko) Version/10.0 Mobile/15E148 Safari/602.1"
34.118.41.36 - - [16/May/2026:05:33:00 +0800] "GET /wp-content/uploads/2026/01/1768276119-qizhoujiagong_Slider_3840%C3%972160_20260113-scaled-50x100.webp HTTP/1.1" 200 976 "http://cqqizhou.com/" "Mozilla/5.0 (iPhone13,2; U; CPU iPhone OS 14_0 like Mac OS X) AppleWebKit/602.1.50 (KHTML, like Gecko) Version/10.0 Mobile/15E148 Safari/602.1"
34.118.41.36 - - [16/May/2026:05:33:00 +0800] "GET /wp-content/uploads/revslider/slider-1/1750861156-logistics_Slider_3840%C3%972160_20250625191356-scaled-50x100.webp HTTP/1.1" 200 1416 "http://cqqizhou.com/" "Mozilla/5.0 (iPhone13,2; U; CPU iPhone OS 14_0 like Mac OS X) AppleWebKit/602.1.50 (KHTML, like Gecko) Version/10.0 Mobile/15E148 Safari/602.1"
34.118.41.36 - - [16/May/2026:05:33:01 +0800] "GET /wp-content/uploads/2026/01/1768276119-qizhoujiagong_Slider_3840%C3%972160_20260113-scaled-50x100.webp HTTP/1.1" 200 976 "http://cqqizhou.com/" "Mozilla/5.0 (iPhone13,2; U; CPU iPhone OS 14_0 like Mac OS X) AppleWebKit/602.1.50 (KHTML, like Gecko) Version/10.0 Mobile/15E148 Safari/602.1"
34.118.41.36 - - [16/May/2026:05:33:01 +0800] "GET /wp-json/sliderrevolution/sliders/1?srengine=7&slideid=4 HTTP/1.1" 200 2580 "http://cqqizhou.com/" "Mozilla/5.0 (iPhone13,2; U; CPU iPhone OS 14_0 like Mac OS X) AppleWebKit/602.1.50 (KHTML, like Gecko) Version/10.0 Mobile/15E148 Safari/602.1"
34.118.41.36 - - [16/May/2026:05:33:01 +0800] "GET /wp-json/sliderrevolution/sliders/1?srengine=7&slideid=2 HTTP/1.1" 200 2000 "http://cqqizhou.com/" "Mozilla/5.0 (iPhone13,2; U; CPU iPhone OS 14_0 like Mac OS X) AppleWebKit/602.1.50 (KHTML, like Gecko) Version/10.0 Mobile/15E148 Safari/602.1"
34.118.41.36 - - [16/May/2026:05:33:01 +0800] "GET /wp-content/uploads/revslider/slider-1/1750861156-logistics_Slider_3840%C3%972160_20250625191356-scaled-50x100.webp HTTP/1.1" 200 1416 "http://cqqizhou.com/" "Mozilla/5.0 (iPhone13,2; U; CPU iPhone OS 14_0 like Mac OS X) AppleWebKit/602.1.50 (KHTML, like Gecko) Version/10.0 Mobile/15E148 Safari/602.1"
34.118.41.36 - - [16/May/2026:05:33:01 +0800] "GET /wp-content/uploads/2026/01/1768276119-qizhoujiagong_Slider_3840%C3%972160_20260113-scaled.webp HTTP/1.1" 200 131696 "http://cqqizhou.com/" "Mozilla/5.0 (iPhone13,2; U; CPU iPhone OS 14_0 like Mac OS X) AppleWebKit/602.1.50 (KHTML, like Gecko) Version/10.0 Mobile/15E148 Safari/602.1"
34.118.41.36 - - [16/May/2026:05:33:02 +0800] "GET /wp-content/uploads/revslider/slider-1/1750861156-logistics_Slider_3840%C3%972160_20250625191356-scaled.webp HTTP/1.1" 200 197360 "http://cqqizhou.com/" "Mozilla/5.0 (iPhone13,2; U; CPU iPhone OS 14_0 like Mac OS X) AppleWebKit/602.1.50 (KHTML, like Gecko) Version/10.0 Mobile/15E148 Safari/602.1"
34.118.41.36 - - [16/May/2026:05:33:09 +0800] "GET /wp-content/uploads/2025/12/1765268955-qizhou_Slider1_3840%C3%972160_20251210-scaled-50x100.webp HTTP/1.1" 200 1812 "http://cqqizhou.com/" "Mozilla/5.0 (iPhone13,2; U; CPU iPhone OS 14_0 like Mac OS X) AppleWebKit/602.1.50 (KHTML, like Gecko) Version/10.0 Mobile/15E148 Safari/602.1"
34.118.41.36 - - [16/May/2026:05:33:10 +0800] "GET /wp-content/uploads/2025/12/1765268955-qizhou_Slider1_3840%C3%972160_20251210-scaled-50x100.webp HTTP/1.1" 200 1812 "http://cqqizhou.com/" "Mozilla/5.0 (iPhone13,2; U; CPU iPhone OS 14_0 like Mac OS X) AppleWebKit/602.1.50 (KHTML, like Gecko) Version/10.0 Mobile/15E148 Safari/602.1"
34.118.41.36 - - [16/May/2026:05:33:18 +0800] "GET /wp-content/uploads/2026/01/1768276119-qizhoujiagong_Slider_3840%C3%972160_20260113-scaled-50x100.webp HTTP/1.1" 200 976 "http://cqqizhou.com/" "Mozilla/5.0 (iPhone13,2; U; CPU iPhone OS 14_0 like Mac OS X) AppleWebKit/602.1.50 (KHTML, like Gecko) Version/10.0 Mobile/15E148 Safari/602.1"
36.133.115.36 - - [16/May/2026:05:33:22 +0800] "POST /wp-cron.php?doing_wp_cron=1778880802.0641698837280273437500 HTTP/1.1" 200 31 "-" "WordPress/6.9; http://cqqizhou.com"
34.118.57.167 - - [16/May/2026:05:33:22 +0800] "GET / HTTP/1.1" 301 5 "-" "Mozilla/5.0 (iPhone13,2; U; CPU iPhone OS 14_0 like Mac OS X) AppleWebKit/602.1.50 (KHTML, like Gecko) Version/10.0 Mobile/15E148 Safari/602.1"
34.118.57.167 - - [16/May/2026:05:33:25 +0800] "GET / HTTP/1.1" 200 35139 "-" "Mozilla/5.0 (iPhone13,2; U; CPU iPhone OS 14_0 like Mac OS X) AppleWebKit/602.1.50 (KHTML, like Gecko) Version/10.0 Mobile/15E148 Safari/602.1"
34.118.41.36 - - [16/May/2026:05:33:27 +0800] "GET /wp-content/uploads/revslider/slider-1/1750861156-logistics_Slider_3840%C3%972160_20250625191356-scaled-50x100.webp HTTP/1.1" 200 1416 "http://cqqizhou.com/" "Mozilla/5.0 (iPhone13,2; U; CPU iPhone OS 14_0 like Mac OS X) AppleWebKit/602.1.50 (KHTML, like Gecko) Version/10.0 Mobile/15E148 Safari/602.1"
34.118.57.167 - - [16/May/2026:05:33:29 +0800] "GET /wp-content/uploads/2025/07/1751425283-qizhou.kf_.qq_.com_.webp HTTP/1.1" 200 16864 "http://cqqizhou.com/" "Mozilla/5.0 (iPhone13,2; U; CPU iPhone OS 14_0 like Mac OS X) AppleWebKit/602.1.50 (KHTML, like Gecko) Version/10.0 Mobile/15E148 Safari/602.1"
34.118.57.167 - - [16/May/2026:05:33:32 +0800] "GET /wp-content/uploads/2025/07/1753456723-%E5%8F%8C%E7%9B%B8%E9%92%A2roduct_Single600.webp HTTP/1.1" 200 22790 "http://cqqizhou.com/" "Mozilla/5.0 (iPhone13,2; U; CPU iPhone OS 14_0 like Mac OS X) AppleWebKit/602.1.50 (KHTML, like Gecko) Version/10.0 Mobile/15E148 Safari/602.1"
34.118.57.167 - - [16/May/2026:05:33:32 +0800] "GET /wp-content/uploads/2025/07/1753453096-%E5%8F%8C%E7%9B%B8%E9%92%A2product_Single600%C3%97284.webp HTTP/1.1" 200 14562 "http://cqqizhou.com/" "Mozilla/5.0 (iPhone13,2; U; CPU iPhone OS 14_0 like Mac OS X) AppleWebKit/602.1.50 (KHTML, like Gecko) Version/10.0 Mobile/15E148 Safari/602.1"
34.118.57.167 - - [16/May/2026:05:33:32 +0800] "GET /wp-content/uploads/2025/07/1753456770-%E7%83%AD%E9%95%80%E9%94%8C%E5%8D%B7product_Single600.webp HTTP/1.1" 200 27502 "http://cqqizhou.com/" "Mozilla/5.0 (iPhone13,2; U; CPU iPhone OS 14_0 like Mac OS X) AppleWebKit/602.1.50 (KHTML, like Gecko) Version/10.0 Mobile/15E148 Safari/602.1"
34.118.57.167 - - [16/May/2026:05:33:32 +0800] "GET /wp-content/uploads/2025/07/1753453127-%E4%BD%99%E5%8D%B7product_Single600%C3%97284.webp HTTP/1.1" 200 18744 "http://cqqizhou.com/" "Mozilla/5.0 (iPhone13,2; U; CPU iPhone OS 14_0 like Mac OS X) AppleWebKit/602.1.50 (KHTML, like Gecko) Version/10.0 Mobile/15E148 Safari/602.1"
34.118.57.167 - - [16/May/2026:05:33:38 +0800] "GET /wp-content/uploads/2025/12/1765268955-qizhou_Slider1_3840%C3%972160_20251210-scaled.webp HTTP/1.1" 200 152162 "http://cqqizhou.com/" "Mozilla/5.0 (iPhone13,2; U; CPU iPhone OS 14_0 like Mac OS X) AppleWebKit/602.1.50 (KHTML, like Gecko) Version/10.0 Mobile/15E148 Safari/602.1"
34.118.57.167 - - [16/May/2026:05:33:38 +0800] "GET /wp-content/uploads/2026/01/1768276119-qizhoujiagong_Slider_3840%C3%972160_20260113-scaled-50x100.webp HTTP/1.1" 200 976 "http://cqqizhou.com/" "Mozilla/5.0 (iPhone13,2; U; CPU iPhone OS 14_0 like Mac OS X) AppleWebKit/602.1.50 (KHTML, like Gecko) Version/10.0 Mobile/15E148 Safari/602.1"
34.118.57.167 - - [16/May/2026:05:33:38 +0800] "GET /wp-content/uploads/revslider/slider-1/1750861156-logistics_Slider_3840%C3%972160_20250625191356-scaled-50x100.webp HTTP/1.1" 200 1416 "http://cqqizhou.com/" "Mozilla/5.0 (iPhone13,2; U; CPU iPhone OS 14_0 like Mac OS X) AppleWebKit/602.1.50 (KHTML, like Gecko) Version/10.0 Mobile/15E148 Safari/602.1"
34.118.57.167 - - [16/May/2026:05:33:39 +0800] "GET /wp-content/uploads/2026/01/1768276119-qizhoujiagong_Slider_3840%C3%972160_20260113-scaled-50x100.webp HTTP/1.1" 200 976 "http://cqqizhou.com/" "Mozilla/5.0 (iPhone13,2; U; CPU iPhone OS 14_0 like Mac OS X) AppleWebKit/602.1.50 (KHTML, like Gecko) Version/10.0 Mobile/15E148 Safari/602.1"
34.118.57.167 - - [16/May/2026:05:33:39 +0800] "GET /wp-json/sliderrevolution/sliders/1?srengine=7&slideid=2 HTTP/1.1" 200 2000 "http://cqqizhou.com/" "Mozilla/5.0 (iPhone13,2; U; CPU iPhone OS 14_0 like Mac OS X) AppleWebKit/602.1.50 (KHTML, like Gecko) Version/10.0 Mobile/15E148 Safari/602.1"
34.118.57.167 - - [16/May/2026:05:33:39 +0800] "GET /wp-content/uploads/revslider/slider-1/1750861156-logistics_Slider_3840%C3%972160_20250625191356-scaled-50x100.webp HTTP/1.1" 200 1416 "http://cqqizhou.com/" "Mozilla/5.0 (iPhone13,2; U; CPU iPhone OS 14_0 like Mac OS X) AppleWebKit/602.1.50 (KHTML, like Gecko) Version/10.0 Mobile/15E148 Safari/602.1"
34.118.57.167 - - [16/May/2026:05:33:39 +0800] "GET /wp-json/sliderrevolution/sliders/1?srengine=7&slideid=4 HTTP/1.1" 200 2580 "http://cqqizhou.com/" "Mozilla/5.0 (iPhone13,2; U; CPU iPhone OS 14_0 like Mac OS X) AppleWebKit/602.1.50 (KHTML, like Gecko) Version/10.0 Mobile/15E148 Safari/602.1"
34.118.57.167 - - [16/May/2026:05:33:40 +0800] "GET /wp-content/uploads/2026/01/1768276119-qizhoujiagong_Slider_3840%C3%972160_20260113-scaled.webp HTTP/1.1" 200 131696 "http://cqqizhou.com/" "Mozilla/5.0 (iPhone13,2; U; CPU iPhone OS 14_0 like Mac OS X) AppleWebKit/602.1.50 (KHTML, like Gecko) Version/10.0 Mobile/15E148 Safari/602.1"
34.118.57.167 - - [16/May/2026:05:33:40 +0800] "GET /wp-content/uploads/revslider/slider-1/1750861156-logistics_Slider_3840%C3%972160_20250625191356-scaled.webp HTTP/1.1" 200 197360 "http://cqqizhou.com/" "Mozilla/5.0 (iPhone13,2; U; CPU iPhone OS 14_0 like Mac OS X) AppleWebKit/602.1.50 (KHTML, like Gecko) Version/10.0 Mobile/15E148 Safari/602.1"
34.118.57.167 - - [16/May/2026:05:33:47 +0800] "GET /wp-content/uploads/2025/12/1765268955-qizhou_Slider1_3840%C3%972160_20251210-scaled-50x100.webp HTTP/1.1" 200 1812 "http://cqqizhou.com/" "Mozilla/5.0 (iPhone13,2; U; CPU iPhone OS 14_0 like Mac OS X) AppleWebKit/602.1.50 (KHTML, like Gecko) Version/10.0 Mobile/15E148 Safari/602.1"
34.118.57.167 - - [16/May/2026:05:33:48 +0800] "GET /wp-content/uploads/2025/12/1765268955-qizhou_Slider1_3840%C3%972160_20251210-scaled-50x100.webp HTTP/1.1" 200 1812 "http://cqqizhou.com/" "Mozilla/5.0 (iPhone13,2; U; CPU iPhone OS 14_0 like Mac OS X) AppleWebKit/602.1.50 (KHTML, like Gecko) Version/10.0 Mobile/15E148 Safari/602.1"
34.118.57.167 - - [16/May/2026:05:33:56 +0800] "GET /wp-content/uploads/2026/01/1768276119-qizhoujiagong_Slider_3840%C3%972160_20260113-scaled-50x100.webp HTTP/1.1" 200 976 "http://cqqizhou.com/" "Mozilla/5.0 (iPhone13,2; U; CPU iPhone OS 14_0 like Mac OS X) AppleWebKit/602.1.50 (KHTML, like Gecko) Version/10.0 Mobile/15E148 Safari/602.1"
34.118.57.167 - - [16/May/2026:05:34:05 +0800] "GET /wp-content/uploads/revslider/slider-1/1750861156-logistics_Slider_3840%C3%972160_20250625191356-scaled-50x100.webp HTTP/1.1" 200 1416 "http://cqqizhou.com/" "Mozilla/5.0 (iPhone13,2; U; CPU iPhone OS 14_0 like Mac OS X) AppleWebKit/602.1.50 (KHTML, like Gecko) Version/10.0 Mobile/15E148 Safari/602.1"
36.133.115.36 - - [16/May/2026:05:34:58 +0800] "POST /wp-cron.php?doing_wp_cron=1778880898.4843780994415283203125 HTTP/1.1" 200 31 "-" "WordPress/6.9; http://cqqizhou.com"
216.73.216.171 - - [16/May/2026:05:34:58 +0800] "GET /robots.txt HTTP/1.1" 200 390 "-" "Mozilla/5.0 AppleWebKit/537.36 (KHTML, like Gecko; compatible; ClaudeBot/1.0; +claudebot@anthropic.com)"
216.73.216.171 - - [16/May/2026:05:34:59 +0800] "GET /wp-sitemap.xml HTTP/1.1" 501 253 "-" "Mozilla/5.0 AppleWebKit/537.36 (KHTML, like Gecko; compatible; ClaudeBot/1.0; +claudebot@anthropic.com)"
36.133.115.36 - - [16/May/2026:05:38:14 +0800] "POST /wp-cron.php?doing_wp_cron=1778881094.5023229122161865234375 HTTP/1.1" 200 31 "-" "WordPress/6.9; http://cqqizhou.com"
5.61.209.102 - - [16/May/2026:05:38:14 +0800] "GET /SDK/webLanguage HTTP/1.1" 301 5 "-" "Mozilla/5.0 (Windows NT 10.0; Win64; x64) AppleWebKit/537.36 (KHTML, like Gecko) Chrome/90.0.4430.85 Safari/537.36 Edg/90.0.818.46"
36.133.115.36 - - [16/May/2026:06:14:04 +0800] "POST /wp-cron.php?doing_wp_cron=1778883244.5413761138916015625000 HTTP/1.1" 200 31 "-" "WordPress/6.9; http://cqqizhou.com"
178.128.84.187 - - [16/May/2026:06:14:04 +0800] "GET / HTTP/1.1" 301 5 "-" "Mozilla/5.0 zgrab/0.x"
36.133.115.36 - - [16/May/2026:06:23:13 +0800] "POST /wp-cron.php?doing_wp_cron=1778883793.4940669536590576171875 HTTP/1.1" 200 31 "-" "WordPress/6.9; http://cqqizhou.com"
43.167.17.207 - - [16/May/2026:06:23:13 +0800] "GET / HTTP/1.1" 301 5 "-" "Mozilla/5.0 (iPhone; CPU iPhone OS 13_2_3 like Mac OS X) AppleWebKit/605.1.15 (KHTML, like Gecko) Version/13.0.3 Mobile/15E148 Safari/604.1"
43.167.17.207 - - [16/May/2026:06:23:15 +0800] "GET / HTTP/1.1" 200 35139 "http://www.cqqizhou.com" "Mozilla/5.0 (iPhone; CPU iPhone OS 13_2_3 like Mac OS X) AppleWebKit/605.1.15 (KHTML, like Gecko) Version/13.0.3 Mobile/15E148 Safari/604.1"
112.20.154.124 - - [16/May/2026:06:32:15 +0800] "GET /bug HTTP/1.1" 200 12335 "-" "Mozilla/5.0 (Macintosh; Intel Mac OS X 10_15_7) AppleWebKit/537.36 (KHTML, like Gecko) Chrome/139.0.0.0 Safari/537.36 Edg/139.0.0.0"
36.133.115.36 - - [16/May/2026:06:35:51 +0800] "POST /wp-cron.php?doing_wp_cron=1778884551.4977579116821289062500 HTTP/1.1" 200 31 "-" "WordPress/6.9; http://cqqizhou.com"
45.148.10.67 - - [16/May/2026:06:35:51 +0800] "GET / HTTP/1.1" 200 35139 "-" "Mozilla/5.0 (Windows NT 10.0; Win64; x64) AppleWebKit/537.36 (KHTML, like Gecko) Chrome/131.0.0.0 Safari/537.36"
36.133.115.36 - - [16/May/2026:06:38:47 +0800] "POST /wp-cron.php?doing_wp_cron=1778884727.7092320919036865234375 HTTP/1.1" 200 31 "-" "WordPress/6.9; http://cqqizhou.com"
43.99.61.208 - - [16/May/2026:06:38:47 +0800] "GET / HTTP/1.1" 301 5 "-" "Mozilla/5.0 (Windows NT 10.0; WOW64; rv:48.0) Gecko/20100101 Firefox/48.0"
43.99.61.208 - - [16/May/2026:06:38:47 +0800] "GET / HTTP/1.1" 200 41029 "-" "Mozilla/5.0 (Windows NT 10.0; WOW64; rv:48.0) Gecko/20100101 Firefox/48.0"
43.134.187.251 - - [16/May/2026:06:39:04 +0800] "GET / HTTP/1.1" 301 5 "-" "Mozilla/5.0 (iPhone; CPU iPhone OS 13_2_3 like Mac OS X) AppleWebKit/605.1.15 (KHTML, like Gecko) Version/13.0.3 Mobile/15E148 Safari/604.1"
43.134.187.251 - - [16/May/2026:06:39:05 +0800] "GET / HTTP/1.1" 200 35139 "http://www.cqqizhou.com" "Mozilla/5.0 (iPhone; CPU iPhone OS 13_2_3 like Mac OS X) AppleWebKit/605.1.15 (KHTML, like Gecko) Version/13.0.3 Mobile/15E148 Safari/604.1"
36.133.115.36 - - [16/May/2026:06:48:07 +0800] "POST /wp-cron.php?doing_wp_cron=1778885287.4405479431152343750000 HTTP/1.1" 200 31 "-" "WordPress/6.9; http://cqqizhou.com"
183.212.154.248 - - [16/May/2026:06:48:07 +0800] "GET /process/processing HTTP/1.1" 301 5 "-" "Mozilla/5.0 (Windows NT 10.0; Win64; x64) AppleWebKit/537.36 (KHTML, like Gecko) Chrome/141.0.0.0 Safari/537.36"
183.212.154.248 - - [16/May/2026:06:48:08 +0800] "GET http://cqqizhou.com/services/processing HTTP/1.1" 200 23517 "-" "Mozilla/5.0 (Windows NT 10.0; Win64; x64) AppleWebKit/537.36 (KHTML, like Gecko) Chrome/141.0.0.0 Safari/537.36"
36.133.115.36 - - [16/May/2026:06:50:22 +0800] "POST /wp-cron.php?doing_wp_cron=1778885422.8566510677337646484375 HTTP/1.1" 200 31 "-" "WordPress/6.9; http://cqqizhou.com"
51.195.183.194 - - [16/May/2026:06:50:22 +0800] "GET /robots.txt HTTP/1.1" 200 190 "-" "Mozilla/5.0 (compatible; AhrefsBot/7.0; +http://ahrefs.com/robot/)"
51.195.215.230 - - [16/May/2026:06:50:24 +0800] "GET /news/2464 HTTP/1.1" 200 23996 "-" "Mozilla/5.0 (compatible; AhrefsBot/7.0; +http://ahrefs.com/robot/)"
36.133.115.36 - - [16/May/2026:07:04:07 +0800] "POST /wp-cron.php?doing_wp_cron=1778886247.1893720626831054687500 HTTP/1.1" 200 31 "-" "WordPress/6.9; http://cqqizhou.com"
171.114.227.0 - - [16/May/2026:07:04:07 +0800] "GET /contacts/ HTTP/1.1" 301 5 "-" "Mozilla/5.0 (Macintosh; Intel Mac OS X 10_15_7) AppleWebKit/537.36 (KHTML, like Gecko) Chrome/138.0.0.0 Safari/537.36"
171.114.227.0 - - [16/May/2026:07:04:07 +0800] "GET http://cqqizhou.com/contacts HTTP/1.1" 200 22094 "-" "Mozilla/5.0 (Macintosh; Intel Mac OS X 10_15_7) AppleWebKit/537.36 (KHTML, like Gecko) Chrome/138.0.0.0 Safari/537.36"
36.133.115.36 - - [16/May/2026:07:09:23 +0800] "POST /wp-cron.php?doing_wp_cron=1778886563.4364619255065917968750 HTTP/1.1" 200 31 "-" "WordPress/6.9; http://cqqizhou.com"
129.226.174.80 - - [16/May/2026:07:09:23 +0800] "GET / HTTP/1.1" 200 35139 "-" "Mozilla/5.0 (iPhone; CPU iPhone OS 13_2_3 like Mac OS X) AppleWebKit/605.1.15 (KHTML, like Gecko) Version/13.0.3 Mobile/15E148 Safari/604.1"
36.133.115.36 - - [16/May/2026:07:14:40 +0800] "POST /wp-cron.php?doing_wp_cron=1778886880.5435259342193603515625 HTTP/1.1" 200 31 "-" "WordPress/6.9; http://cqqizhou.com"
49.51.33.159 - - [16/May/2026:07:14:40 +0800] "GET /contacts HTTP/1.1" 200 19098 "-" "Mozilla/5.0 (iPhone; CPU iPhone OS 13_2_3 like Mac OS X) AppleWebKit/605.1.15 (KHTML, like Gecko) Version/13.0.3 Mobile/15E148 Safari/604.1"
61.179.176.160 - - [16/May/2026:07:17:38 +0800] "GET / HTTP/1.1" 200 41029 "-" "Mozilla/5.0 (Windows NT 10.0; Win64; x64) AppleWebKit/537.36 (KHTML, like Gecko) Chrome/137.0.0.0 Safari/537.36"
39.166.38.220 - - [16/May/2026:07:24:08 +0800] "GET /news/2559 HTTP/1.1" 200 20870 "-" "Mozilla/5.0 (Macintosh; Intel Mac OS X 10_15_7) AppleWebKit/537.36 (KHTML, like Gecko) Chrome/129.0.0.0 Safari/537.36"
