119.84.246.117 - - [16/May/2026:13:16:31 +0800] "GET /wp-content/uploads/2026/04/1775865780-1Article_images_W900px.webp HTTP/1.1" 200 41840 "http://cqqizhou.com/" "Mozilla/5.0 (Windows NT 6.1; WOW64) AppleWebKit/535.19 (KHTML, like Gecko) Chrome/18.0.1025.168 Safari/535.19 QIHU 360EE"
119.84.246.117 - - [16/May/2026:13:16:31 +0800] "GET /wp-content/uploads/2026/04/1775698332-Article_images_W900px.webp HTTP/1.1" 200 49852 "http://cqqizhou.com/" "Mozilla/5.0 (Windows NT 6.1; WOW64) AppleWebKit/535.19 (KHTML, like Gecko) Chrome/18.0.1025.168 Safari/535.19 QIHU 360EE"
119.84.246.117 - - [16/May/2026:13:16:31 +0800] "GET /wp-content/uploads/2026/02/1769999241-4.2%E7%B1%B3%E9%AB%98%E6%A0%8F%E8%B4%A7%E8%BD%A6.webp HTTP/1.1" 200 54794 "http://cqqizhou.com/" "Mozilla/5.0 (Windows NT 6.1; WOW64) AppleWebKit/535.19 (KHTML, like Gecko) Chrome/18.0.1025.168 Safari/535.19 QIHU 360EE"
119.84.246.117 - - [16/May/2026:13:16:31 +0800] "GET /wp-content/uploads/2026/04/1775195054-1Article_images_W900px.webp HTTP/1.1" 200 25562 "http://cqqizhou.com/" "Mozilla/5.0 (Windows NT 6.1; WOW64) AppleWebKit/535.19 (KHTML, like Gecko) Chrome/18.0.1025.168 Safari/535.19 QIHU 360EE"
36.133.115.36 - - [16/May/2026:13:25:11 +0800] "POST /wp-cron.php?doing_wp_cron=1778909111.9354081153869628906250 HTTP/1.1" 200 31 "-" "WordPress/6.9; http://cqqizhou.com"
43.157.149.188 - - [16/May/2026:13:25:11 +0800] "GET / HTTP/1.1" 301 5 "-" "Mozilla/5.0 (iPhone; CPU iPhone OS 13_2_3 like Mac OS X) AppleWebKit/605.1.15 (KHTML, like Gecko) Version/13.0.3 Mobile/15E148 Safari/604.1"
43.157.149.188 - - [16/May/2026:13:25:15 +0800] "GET / HTTP/1.1" 200 35141 "http://36.133.115.36" "Mozilla/5.0 (iPhone; CPU iPhone OS 13_2_3 like Mac OS X) AppleWebKit/605.1.15 (KHTML, like Gecko) Version/13.0.3 Mobile/15E148 Safari/604.1"
139.135.41.138 - - [16/May/2026:13:25:45 +0800] "GET /boaform/admin/formLogin?username=admin&psd=admin HTTP/1.0" 404 32966 "-" "-"
36.133.115.36 - - [16/May/2026:13:29:55 +0800] "POST /wp-cron.php?doing_wp_cron=1778909395.0817739963531494140625 HTTP/1.1" 200 31 "-" "WordPress/6.9; http://cqqizhou.com"
216.73.216.131 - - [16/May/2026:13:29:55 +0800] "GET /robots.txt HTTP/1.1" 200 390 "-" "Mozilla/5.0 AppleWebKit/537.36 (KHTML, like Gecko; compatible; ClaudeBot/1.0; +claudebot@anthropic.com)"
216.73.216.131 - - [16/May/2026:13:29:56 +0800] "GET /wp-sitemap.xml HTTP/1.1" 501 253 "-" "Mozilla/5.0 AppleWebKit/537.36 (KHTML, like Gecko; compatible; ClaudeBot/1.0; +claudebot@anthropic.com)"
36.133.115.36 - - [16/May/2026:13:32:09 +0800] "POST /wp-cron.php?doing_wp_cron=1778909529.8674950599670410156250 HTTP/1.1" 200 31 "-" "WordPress/6.9; http://cqqizhou.com"
93.123.72.166 - - [16/May/2026:13:32:09 +0800] "GET /SDK/webLanguage HTTP/1.1" 301 5 "-" "Mozilla/5.0 (Windows NT 10.0; Win64; x64) AppleWebKit/537.36 (KHTML, like Gecko) Chrome/90.0.4430.85 Safari/537.36 Edg/90.0.818.46"
36.133.115.36 - - [16/May/2026:13:48:59 +0800] "POST /wp-cron.php?doing_wp_cron=1778910538.9862489700317382812500 HTTP/1.1" 200 31 "-" "WordPress/6.9; http://cqqizhou.com"
112.124.12.41 - - [16/May/2026:13:48:59 +0800] "GET / HTTP/1.1" 301 5 "-" "Mozilla/5.0 (Windows NT 10.0; Win64; x64) AppleWebKit/537.36 (KHTML, like Gecko) Chrome/59.0.3071.115 Safari/537.36"
36.133.115.36 - - [16/May/2026:13:57:30 +0800] "POST /wp-cron.php?doing_wp_cron=1778911050.2449600696563720703125 HTTP/1.1" 200 31 "-" "WordPress/6.9; http://cqqizhou.com"
45.148.10.67 - - [16/May/2026:13:57:30 +0800] "GET / HTTP/1.1" 200 35141 "-" "Mozilla/5.0 (Windows NT 10.0; Win64; x64) AppleWebKit/537.36 (KHTML, like Gecko) Chrome/131.0.0.0 Safari/537.36"
138.199.140.203 - - [16/May/2026:14:00:31 +0800] "GET / HTTP/1.1" 200 41029 "-" "Mozilla/5.0 (Windows NT 10.0; Win64; x64) AppleWebKit/537.36 (KHTML, like Gecko) Chrome/116.0.0.0 Safari/537.36"
36.133.115.36 - - [16/May/2026:14:10:59 +0800] "POST /wp-cron.php?doing_wp_cron=1778911859.1503500938415527343750 HTTP/1.1" 200 31 "-" "WordPress/6.9; http://cqqizhou.com"
111.49.66.35 - - [16/May/2026:14:10:59 +0800] "GET /contacts/ HTTP/1.1" 301 5 "-" "Mozilla/5.0 (Windows NT 10.0; Win64; x64) AppleWebKit/537.36 (KHTML, like Gecko) Chrome/136.0.0.0 Safari/537.36"
111.49.66.35 - - [16/May/2026:14:10:59 +0800] "GET http://cqqizhou.com/contacts HTTP/1.1" 200 22094 "-" "Mozilla/5.0 (Windows NT 10.0; Win64; x64) AppleWebKit/537.36 (KHTML, like Gecko) Chrome/136.0.0.0 Safari/537.36"
36.133.115.36 - - [16/May/2026:14:28:31 +0800] "POST /wp-cron.php?doing_wp_cron=1778912911.1836800575256347656250 HTTP/1.1" 200 31 "-" "WordPress/6.9; http://cqqizhou.com"
43.134.71.232 - - [16/May/2026:14:28:31 +0800] "GET /services/ HTTP/1.1" 301 5 "-" "Mozilla/5.0 (iPhone; CPU iPhone OS 13_2_3 like Mac OS X) AppleWebKit/605.1.15 (KHTML, like Gecko) Version/13.0.3 Mobile/15E148 Safari/604.1"
43.134.71.232 - - [16/May/2026:14:28:33 +0800] "GET /services HTTP/1.1" 200 26364 "http://cqqizhou.com/services/" "Mozilla/5.0 (iPhone; CPU iPhone OS 13_2_3 like Mac OS X) AppleWebKit/605.1.15 (KHTML, like Gecko) Version/13.0.3 Mobile/15E148 Safari/604.1"
36.133.115.36 - - [16/May/2026:14:30:46 +0800] "POST /wp-cron.php?doing_wp_cron=1778913046.2802469730377197265625 HTTP/1.1" 200 31 "-" "WordPress/6.9; http://cqqizhou.com"
143.20.185.242 - - [16/May/2026:14:30:46 +0800] "GET / HTTP/1.1" 200 108018 "-" "-"
36.133.115.36 - - [16/May/2026:14:39:26 +0800] "POST /wp-cron.php?doing_wp_cron=1778913566.9081950187683105468750 HTTP/1.1" 200 31 "-" "WordPress/6.9; http://cqqizhou.com"
66.249.73.230 - - [16/May/2026:14:39:26 +0800] "GET /company-news HTTP/1.1" 200 20483 "-" "Mozilla/5.0 (Linux; Android 6.0.1; Nexus 5X Build/MMB29P) AppleWebKit/537.36 (KHTML, like Gecko) Chrome/148.0.7778.96 Mobile Safari/537.36 (compatible; Googlebot/2.1; +http://www.google.com/bot.html)"
36.133.115.36 - - [16/May/2026:14:39:39 +0800] "POST /wp-cron.php HTTP/1.1" 200 31 "-" "WordPress/6.9; http://cqqizhou.com"
36.133.115.36 - - [16/May/2026:14:39:39 +0800] "GET / HTTP/1.1" 200 41029 "-" "WordPress/6.9; http://cqqizhou.com"
36.133.115.36 - - [16/May/2026:14:39:39 +0800] "GET / HTTP/1.1" 200 41029 "-" "WordPress/6.9; http://cqqizhou.com"
36.133.115.36 - - [16/May/2026:14:39:39 +0800] "GET / HTTP/1.1" 200 41029 "-" "WordPress/6.9; http://cqqizhou.com"
36.133.115.36 - - [16/May/2026:14:40:49 +0800] "POST /wp-cron.php?doing_wp_cron=1778913649.5842280387878417968750 HTTP/1.1" 200 31 "-" "WordPress/6.9; http://cqqizhou.com"
43.159.62.163 - - [16/May/2026:14:40:49 +0800] "GET /wp-json/oembed/1.0/embed?url=http%3A%2F%2Fcqqizhou.com%2Fservices HTTP/1.1" 200 1144 "-" "Mozilla/5.0 (iPhone; CPU iPhone OS 13_2_3 like Mac OS X) AppleWebKit/605.1.15 (KHTML, like Gecko) Version/13.0.3 Mobile/15E148 Safari/604.1"
36.133.115.36 - - [16/May/2026:14:42:26 +0800] "POST /wp-cron.php?doing_wp_cron=1778913746.7515978813171386718750 HTTP/1.1" 200 31 "-" "WordPress/6.9; http://cqqizhou.com"
36.133.108.125 - - [16/May/2026:14:42:26 +0800] "HEAD / HTTP/1.1" 301 0 "-" "Mozilla/5.0 (Windows NT 6.3; rv:36.0) Gecko/20100101 Firefox/36.0"
36.133.108.119 - - [16/May/2026:14:42:28 +0800] "GET / HTTP/1.1" 301 5 "-" "Scrapy/2.8.0 (+https://scrapy.org)"
43.156.232.134 - - [16/May/2026:14:51:44 +0800] "GET /wp-content/uploads/2025/07/1751829518-Precision-processing-services800x500.webp HTTP/1.1" 200 28964 "-" "Mozilla/5.0 (iPhone; CPU iPhone OS 13_2_3 like Mac OS X) AppleWebKit/605.1.15 (KHTML, like Gecko) Version/13.0.3 Mobile/15E148 Safari/604.1"
20.206.116.235 - - [16/May/2026:14:52:36 +0800] "GET /wp-content/plugins/hellopress/wp_filemanager.php HTTP/1.1" 404 27 "-" "-"
20.206.116.235 - - [16/May/2026:14:52:36 +0800] "GET /r.php HTTP/1.1" 404 27 "-" "-"
20.206.116.235 - - [16/May/2026:14:52:36 +0800] "GET /ight.php HTTP/1.1" 404 27 "-" "-"
20.206.116.235 - - [16/May/2026:14:52:37 +0800] "GET /wpns.php HTTP/1.1" 404 27 "-" "-"
20.206.116.235 - - [16/May/2026:14:52:37 +0800] "GET /er.php HTTP/1.1" 404 27 "-" "-"
20.206.116.235 - - [16/May/2026:14:52:38 +0800] "GET /sql.php HTTP/1.1" 404 27 "-" "-"
20.206.116.235 - - [16/May/2026:14:52:38 +0800] "GET /lang/es.php HTTP/1.1" 404 27 "-" "-"
20.206.116.235 - - [16/May/2026:14:52:39 +0800] "GET /getir.php HTTP/1.1" 404 27 "-" "-"
20.206.116.235 - - [16/May/2026:14:52:40 +0800] "GET /core/init.php HTTP/1.1" 404 27 "-" "-"
20.206.116.235 - - [16/May/2026:14:52:40 +0800] "GET /aa.php HTTP/1.1" 404 27 "-" "-"
20.206.116.235 - - [16/May/2026:14:52:41 +0800] "GET /xmrlpc.php HTTP/1.1" 404 27 "-" "-"
20.206.116.235 - - [16/May/2026:14:52:41 +0800] "GET /class.php HTTP/1.1" 404 27 "-" "-"
20.206.116.235 - - [16/May/2026:14:52:41 +0800] "GET /goods.php HTTP/1.1" 404 27 "-" "-"
20.206.116.235 - - [16/May/2026:14:52:42 +0800] "GET /info.php HTTP/1.1" 200 29 "-" "-"
20.206.116.235 - - [16/May/2026:14:52:42 +0800] "GET /as.php HTTP/1.1" 404 27 "-" "-"
20.206.116.235 - - [16/May/2026:14:52:43 +0800] "GET /aw.php HTTP/1.1" 404 27 "-" "-"
20.206.116.235 - - [16/May/2026:14:52:43 +0800] "GET /bb.php HTTP/1.1" 404 27 "-" "-"
20.206.116.235 - - [16/May/2026:14:52:43 +0800] "GET /about.php HTTP/1.1" 404 27 "-" "-"
20.206.116.235 - - [16/May/2026:14:52:44 +0800] "GET /222.php HTTP/1.1" 404 27 "-" "-"
20.206.116.235 - - [16/May/2026:14:52:44 +0800] "GET /test1.php HTTP/1.1" 404 27 "-" "-"
36.133.115.36 - - [16/May/2026:14:52:45 +0800] "POST /wp-cron.php?doing_wp_cron=1778914365.5209550857543945312500 HTTP/1.1" 200 31 "-" "WordPress/6.9; http://cqqizhou.com"
20.206.116.235 - - [16/May/2026:14:52:45 +0800] "GET /wp-mail.php HTTP/1.1" 403 2517 "-" "-"
20.206.116.235 - - [16/May/2026:14:52:45 +0800] "GET /wp.php HTTP/1.1" 404 27 "-" "-"
20.206.116.235 - - [16/May/2026:14:52:46 +0800] "GET /adminfuns.php HTTP/1.1" 404 27 "-" "-"
20.206.116.235 - - [16/May/2026:14:52:46 +0800] "GET /php8.php HTTP/1.1" 404 27 "-" "-"
20.206.116.235 - - [16/May/2026:14:52:47 +0800] "GET /ioxi-o.php HTTP/1.1" 404 27 "-" "-"
20.206.116.235 - - [16/May/2026:14:52:48 +0800] "GET /edit.php HTTP/1.1" 404 27 "-" "-"
20.206.116.235 - - [16/May/2026:14:52:48 +0800] "GET /sid3.php HTTP/1.1" 404 27 "-" "-"
20.206.116.235 - - [16/May/2026:14:52:48 +0800] "GET /load.php HTTP/1.1" 404 27 "-" "-"
20.206.116.235 - - [16/May/2026:14:52:49 +0800] "GET /166.php HTTP/1.1" 404 27 "-" "-"
20.206.116.235 - - [16/May/2026:14:52:49 +0800] "GET /test.php HTTP/1.1" 404 27 "-" "-"
20.206.116.235 - - [16/May/2026:14:52:50 +0800] "GET /phpinfo/info.php HTTP/1.1" 404 27 "-" "-"
20.206.116.235 - - [16/May/2026:14:52:50 +0800] "GET /wp-the.php HTTP/1.1" 404 27 "-" "-"
20.206.116.235 - - [16/May/2026:14:52:50 +0800] "GET /CDX2.php HTTP/1.1" 404 27 "-" "-"
20.206.116.235 - - [16/May/2026:14:52:51 +0800] "GET /profile.php HTTP/1.1" 404 27 "-" "-"
20.206.116.235 - - [16/May/2026:14:52:51 +0800] "GET /ws80.php HTTP/1.1" 404 27 "-" "-"
20.206.116.235 - - [16/May/2026:14:52:51 +0800] "GET /a4.php HTTP/1.1" 404 27 "-" "-"
20.206.116.235 - - [16/May/2026:14:52:52 +0800] "GET /app.php HTTP/1.1" 404 27 "-" "-"
20.206.116.235 - - [16/May/2026:14:52:52 +0800] "GET /buy.php HTTP/1.1" 404 27 "-" "-"
20.206.116.235 - - [16/May/2026:14:52:53 +0800] "GET /core.php HTTP/1.1" 404 27 "-" "-"
20.206.116.235 - - [16/May/2026:14:52:53 +0800] "GET /lock360.php HTTP/1.1" 404 27 "-" "-"
20.206.116.235 - - [16/May/2026:14:52:53 +0800] "GET /bc.php HTTP/1.1" 404 27 "-" "-"
20.206.116.235 - - [16/May/2026:14:52:54 +0800] "GET /av.php HTTP/1.1" 404 27 "-" "-"
20.206.116.235 - - [16/May/2026:14:52:54 +0800] "GET /casp1.php HTTP/1.1" 404 27 "-" "-"
20.206.116.235 - - [16/May/2026:14:52:55 +0800] "GET /file6.php HTTP/1.1" 404 27 "-" "-"
20.206.116.235 - - [16/May/2026:14:52:55 +0800] "GET /xs.php HTTP/1.1" 404 27 "-" "-"
20.206.116.235 - - [16/May/2026:14:52:55 +0800] "GET /xxa.php HTTP/1.1" 404 27 "-" "-"
20.206.116.235 - - [16/May/2026:14:52:56 +0800] "GET /index0.php HTTP/1.1" 404 27 "-" "-"
20.206.116.235 - - [16/May/2026:14:52:56 +0800] "GET /wp-kz.php HTTP/1.1" 404 27 "-" "-"
20.206.116.235 - - [16/May/2026:14:52:57 +0800] "GET /19.php HTTP/1.1" 404 27 "-" "-"
20.206.116.235 - - [16/May/2026:14:52:57 +0800] "GET /11.php HTTP/1.1" 404 27 "-" "-"
20.206.116.235 - - [16/May/2026:14:52:57 +0800] "GET /w.php HTTP/1.1" 404 27 "-" "-"
20.206.116.235 - - [16/May/2026:14:52:58 +0800] "GET /ws78.php HTTP/1.1" 404 27 "-" "-"
20.206.116.235 - - [16/May/2026:14:52:58 +0800] "GET /xxx.php HTTP/1.1" 404 27 "-" "-"
20.206.116.235 - - [16/May/2026:14:52:59 +0800] "GET /a7.php HTTP/1.1" 404 27 "-" "-"
20.206.116.235 - - [16/May/2026:14:52:59 +0800] "GET /BDKR28WP.php HTTP/1.1" 404 27 "-" "-"
20.206.116.235 - - [16/May/2026:14:52:59 +0800] "GET /a1.php HTTP/1.1" 404 27 "-" "-"
20.206.116.235 - - [16/May/2026:14:53:00 +0800] "GET /d.php HTTP/1.1" 404 27 "-" "-"
20.206.116.235 - - [16/May/2026:14:53:00 +0800] "GET /xff.php HTTP/1.1" 404 27 "-" "-"
20.206.116.235 - - [16/May/2026:14:53:01 +0800] "GET /bal.php HTTP/1.1" 404 27 "-" "-"
20.206.116.235 - - [16/May/2026:14:53:01 +0800] "GET /xltt.php HTTP/1.1" 404 27 "-" "-"
20.206.116.235 - - [16/May/2026:14:53:01 +0800] "GET /son.php HTTP/1.1" 404 27 "-" "-"
20.206.116.235 - - [16/May/2026:14:53:02 +0800] "GET /doc.php HTTP/1.1" 404 27 "-" "-"
20.206.116.235 - - [16/May/2026:14:53:02 +0800] "GET /zo.php HTTP/1.1" 404 27 "-" "-"
20.206.116.235 - - [16/May/2026:14:53:02 +0800] "GET /xper1.php HTTP/1.1" 404 27 "-" "-"
20.206.116.235 - - [16/May/2026:14:53:03 +0800] "GET /tiny.php HTTP/1.1" 404 27 "-" "-"
20.206.116.235 - - [16/May/2026:14:53:03 +0800] "GET /s1.php HTTP/1.1" 404 27 "-" "-"
20.206.116.235 - - [16/May/2026:14:53:04 +0800] "GET /de.php HTTP/1.1" 404 27 "-" "-"
20.206.116.235 - - [16/May/2026:14:53:04 +0800] "GET /1a.php HTTP/1.1" 404 27 "-" "-"
20.206.116.235 - - [16/May/2026:14:53:04 +0800] "GET /2.php HTTP/1.1" 404 27 "-" "-"
20.206.116.235 - - [16/May/2026:14:53:05 +0800] "GET /f35.php HTTP/1.1" 404 27 "-" "-"
20.206.116.235 - - [16/May/2026:14:53:05 +0800] "GET /sky.php HTTP/1.1" 404 27 "-" "-"
20.206.116.235 - - [16/May/2026:14:53:06 +0800] "GET /man.php HTTP/1.1" 404 27 "-" "-"
20.206.116.235 - - [16/May/2026:14:53:06 +0800] "GET /ms-edit.php HTTP/1.1" 404 27 "-" "-"
20.206.116.235 - - [16/May/2026:14:53:06 +0800] "GET /7.php HTTP/1.1" 404 27 "-" "-"
20.206.116.235 - - [16/May/2026:14:53:07 +0800] "GET /pp.php HTTP/1.1" 404 27 "-" "-"
20.206.116.235 - - [16/May/2026:14:53:07 +0800] "GET /mar.php HTTP/1.1" 404 27 "-" "-"
20.206.116.235 - - [16/May/2026:14:53:07 +0800] "GET /themes.php HTTP/1.1" 404 27 "-" "-"
20.206.116.235 - - [16/May/2026:14:53:08 +0800] "GET /acp.php HTTP/1.1" 404 27 "-" "-"
20.206.116.235 - - [16/May/2026:14:53:08 +0800] "GET /zdd.php HTTP/1.1" 404 27 "-" "-"
20.206.116.235 - - [16/May/2026:14:53:09 +0800] "GET /link.php HTTP/1.1" 404 27 "-" "-"
20.206.116.235 - - [16/May/2026:14:53:09 +0800] "GET /sallu.php HTTP/1.1" 404 27 "-" "-"
20.206.116.235 - - [16/May/2026:14:53:09 +0800] "GET /aboute.php HTTP/1.1" 404 27 "-" "-"
20.206.116.235 - - [16/May/2026:14:53:10 +0800] "GET /ayk.php HTTP/1.1" 404 27 "-" "-"
20.206.116.235 - - [16/May/2026:14:53:11 +0800] "GET /one.php HTTP/1.1" 404 27 "-" "-"
20.206.116.235 - - [16/May/2026:14:53:11 +0800] "GET /tx79.php HTTP/1.1" 404 27 "-" "-"
20.206.116.235 - - [16/May/2026:14:53:11 +0800] "GET /wp-class.php HTTP/1.1" 404 27 "-" "-"
20.206.116.235 - - [16/May/2026:14:53:12 +0800] "GET /8.php HTTP/1.1" 404 27 "-" "-"
20.206.116.235 - - [16/May/2026:14:53:12 +0800] "GET /options.php HTTP/1.1" 404 27 "-" "-"
20.206.116.235 - - [16/May/2026:14:53:13 +0800] "GET /f5.php HTTP/1.1" 404 27 "-" "-"
20.206.116.235 - - [16/May/2026:14:53:13 +0800] "GET /alpha.php HTTP/1.1" 404 27 "-" "-"
20.206.116.235 - - [16/May/2026:14:53:14 +0800] "GET /son1.php HTTP/1.1" 404 27 "-" "-"
20.206.116.235 - - [16/May/2026:14:53:14 +0800] "GET /ggb.php HTTP/1.1" 404 27 "-" "-"
20.206.116.235 - - [16/May/2026:14:53:14 +0800] "GET /amxloxxr.php HTTP/1.1" 404 27 "-" "-"
20.206.116.235 - - [16/May/2026:14:53:15 +0800] "GET /ss.php HTTP/1.1" 404 27 "-" "-"
20.206.116.235 - - [16/May/2026:14:53:15 +0800] "GET /sadcut1.php HTTP/1.1" 404 27 "-" "-"
20.206.116.235 - - [16/May/2026:14:53:16 +0800] "GET /rh.php HTTP/1.1" 404 27 "-" "-"
20.206.116.235 - - [16/May/2026:14:53:16 +0800] "GET /99.php HTTP/1.1" 404 27 "-" "-"
20.206.116.235 - - [16/May/2026:14:53:17 +0800] "GET /layout.php HTTP/1.1" 404 27 "-" "-"
20.206.116.235 - - [16/May/2026:14:53:17 +0800] "GET /12.php HTTP/1.1" 404 27 "-" "-"
20.206.116.235 - - [16/May/2026:14:53:17 +0800] "GET /fs.php HTTP/1.1" 404 27 "-" "-"
20.206.116.235 - - [16/May/2026:14:53:18 +0800] "GET /aaa.php HTTP/1.1" 404 27 "-" "-"
20.206.116.235 - - [16/May/2026:14:53:19 +0800] "GET /Ov-Simple1.php HTTP/1.1" 404 27 "-" "-"
20.206.116.235 - - [16/May/2026:14:53:19 +0800] "GET /a5.php HTTP/1.1" 404 27 "-" "-"
20.206.116.235 - - [16/May/2026:14:53:19 +0800] "GET /hplfuns.php HTTP/1.1" 404 27 "-" "-"
20.206.116.235 - - [16/May/2026:14:53:20 +0800] "GET /bolt.php HTTP/1.1" 404 27 "-" "-"
20.206.116.235 - - [16/May/2026:14:53:20 +0800] "GET /inputs.php HTTP/1.1" 404 27 "-" "-"
20.206.116.235 - - [16/May/2026:14:53:21 +0800] "GET /file2.php HTTP/1.1" 404 27 "-" "-"
20.206.116.235 - - [16/May/2026:14:53:21 +0800] "GET /index/function.php HTTP/1.1" 404 27 "-" "-"
20.206.116.235 - - [16/May/2026:14:53:21 +0800] "GET /wk/index.php HTTP/1.1" 404 27 "-" "-"
20.206.116.235 - - [16/May/2026:14:53:22 +0800] "GET /alfa.php HTTP/1.1" 404 27 "-" "-"
20.206.116.235 - - [16/May/2026:14:53:22 +0800] "GET /wp-theme.php HTTP/1.1" 404 27 "-" "-"
20.206.116.235 - - [16/May/2026:14:53:22 +0800] "GET /wp-file.php HTTP/1.1" 404 27 "-" "-"
20.206.116.235 - - [16/May/2026:14:53:23 +0800] "GET /default.php HTTP/1.1" 404 27 "-" "-"
20.206.116.235 - - [16/May/2026:14:53:23 +0800] "GET /mah.php HTTP/1.1" 404 27 "-" "-"
20.206.116.235 - - [16/May/2026:14:53:24 +0800] "GET /plugins.php HTTP/1.1" 404 27 "-" "-"
20.206.116.235 - - [16/May/2026:14:53:24 +0800] "GET /sf.php HTTP/1.1" 404 27 "-" "-"
20.206.116.235 - - [16/May/2026:14:53:24 +0800] "GET /a.php HTTP/1.1" 404 27 "-" "-"
20.206.116.235 - - [16/May/2026:14:53:25 +0800] "GET /k.php HTTP/1.1" 404 27 "-" "-"
20.206.116.235 - - [16/May/2026:14:53:25 +0800] "GET /ini.php HTTP/1.1" 404 27 "-" "-"
20.206.116.235 - - [16/May/2026:14:53:26 +0800] "GET /ca4.php HTTP/1.1" 404 27 "-" "-"
20.206.116.235 - - [16/May/2026:14:53:26 +0800] "GET /wp-admin/includes/index.php HTTP/1.1" 404 27 "-" "-"
20.206.116.235 - - [16/May/2026:14:53:26 +0800] "GET /wp-info.php HTTP/1.1" 404 27 "-" "-"
20.206.116.235 - - [16/May/2026:14:53:27 +0800] "GET /init.php HTTP/1.1" 404 27 "-" "-"
20.206.116.235 - - [16/May/2026:14:53:27 +0800] "GET /100.php HTTP/1.1" 404 27 "-" "-"
20.206.116.235 - - [16/May/2026:14:53:28 +0800] "GET /fm.php HTTP/1.1" 404 27 "-" "-"
36.133.115.36 - - [16/May/2026:14:53:29 +0800] "POST /wp-cron.php?doing_wp_cron=1778914409.1903910636901855468750 HTTP/1.1" 200 31 "-" "WordPress/6.9; http://cqqizhou.com"
20.206.116.235 - - [16/May/2026:14:53:29 +0800] "GET /z.ph HTTP/1.1" 404 32979 "-" "-"
36.133.115.36 - - [16/May/2026:14:55:27 +0800] "POST /wp-cron.php?doing_wp_cron=1778914527.9027369022369384765625 HTTP/1.1" 200 31 "-" "WordPress/6.9; http://cqqizhou.com"
223.102.27.213 - - [16/May/2026:14:55:27 +0800] "GET /portfolio/ HTTP/1.1" 404 9408 "-" "Mozilla/5.0 (Macintosh; Intel Mac OS X 10_15_7) AppleWebKit/537.36 (KHTML, like Gecko) Chrome/140.0.0.0 Safari/537.36"
36.133.115.36 - - [16/May/2026:15:01:01 +0800] "POST /wp-cron.php?doing_wp_cron=1778914861.8329451084136962890625 HTTP/1.1" 200 31 "-" "WordPress/6.9; http://cqqizhou.com"
111.225.149.216 - - [16/May/2026:15:01:01 +0800] "GET /robots.txt HTTP/1.1" 200 190 "-" "Mozilla/5.0 (Linux; Android 5.0) AppleWebKit/537.36 (KHTML, like Gecko) Mobile Safari/537.36 (compatible; Bytespider; https://zhanzhang.toutiao.com/)"
36.133.115.36 - - [16/May/2026:15:09:28 +0800] "POST /wp-cron.php?doing_wp_cron=1778915368.1242020130157470703125 HTTP/1.1" 200 31 "-" "WordPress/6.9; http://cqqizhou.com"
66.249.73.230 - - [16/May/2026:15:09:28 +0800] "GET /media/2 HTTP/1.1" 200 26503 "-" "Mozilla/5.0 (Linux; Android 6.0.1; Nexus 5X Build/MMB29P) AppleWebKit/537.36 (KHTML, like Gecko) Chrome/148.0.7778.96 Mobile Safari/537.36 (compatible; Googlebot/2.1; +http://www.google.com/bot.html)"
43.161.224.78 - - [16/May/2026:15:09:31 +0800] "GET /2388/ HTTP/1.1" 301 5 "-" "Mozilla/5.0 (iPhone; CPU iPhone OS 13_2_3 like Mac OS X) AppleWebKit/605.1.15 (KHTML, like Gecko) Version/13.0.3 Mobile/15E148 Safari/604.1"
43.161.224.78 - - [16/May/2026:15:09:32 +0800] "GET /news/2388 HTTP/1.1" 200 20959 "http://cqqizhou.com/2388/" "Mozilla/5.0 (iPhone; CPU iPhone OS 13_2_3 like Mac OS X) AppleWebKit/605.1.15 (KHTML, like Gecko) Version/13.0.3 Mobile/15E148 Safari/604.1"
36.133.115.36 - - [16/May/2026:15:10:18 +0800] "POST /wp-cron.php?doing_wp_cron=1778915418.7081379890441894531250 HTTP/1.1" 200 31 "-" "WordPress/6.9; http://cqqizhou.com"
36.133.108.119 - - [16/May/2026:15:10:18 +0800] "GET / HTTP/1.1" 200 35141 "-" "Scrapy/2.8.0 (+https://scrapy.org)"
150.109.12.46 - - [16/May/2026:15:21:24 +0800] "GET /wp-content/uploads/2025/12/1764853152-ISO1-731x1024.webp HTTP/1.1" 200 111032 "-" "Mozilla/5.0 (iPhone; CPU iPhone OS 13_2_3 like Mac OS X) AppleWebKit/605.1.15 (KHTML, like Gecko) Version/13.0.3 Mobile/15E148 Safari/604.1"
36.133.115.36 - - [16/May/2026:15:24:26 +0800] "POST /wp-cron.php?doing_wp_cron=1778916266.1641008853912353515625 HTTP/1.1" 200 31 "-" "WordPress/6.9; http://cqqizhou.com"
66.249.73.230 - - [16/May/2026:15:24:26 +0800] "GET /news/portfolio/remaining-rolls HTTP/1.1" 200 19278 "-" "Mozilla/5.0 (Linux; Android 6.0.1; Nexus 5X Build/MMB29P) AppleWebKit/537.36 (KHTML, like Gecko) Chrome/148.0.7778.96 Mobile Safari/537.36 (compatible; Googlebot/2.1; +http://www.google.com/bot.html)"
114.132.203.193 - - [16/May/2026:15:24:30 +0800] "GET /2418/ HTTP/1.1" 301 5 "-" "Mozilla/5.0 (Macintosh; Intel Mac OS X 10_15_7) AppleWebKit/537.36 (KHTML, like Gecko) Chrome/134.0.0.0 Safari/537.36"
114.132.203.193 - - [16/May/2026:15:24:30 +0800] "GET /news/2418 HTTP/1.1" 200 24047 "http://cqqizhou.com/2418/" "Mozilla/5.0 (Macintosh; Intel Mac OS X 10_15_7) AppleWebKit/537.36 (KHTML, like Gecko) Chrome/134.0.0.0 Safari/537.36"
43.132.244.124 - - [16/May/2026:15:24:30 +0800] "GET /2418/ HTTP/1.1" 301 5 "-" "Mozilla/5.0 (Macintosh; Intel Mac OS X 10_15_7) AppleWebKit/537.36 (KHTML, like Gecko) Chrome/134.0.0.0 Safari/537.36"
43.132.244.124 - - [16/May/2026:15:24:30 +0800] "GET /news/2418 HTTP/1.1" 200 24047 "http://cqqizhou.com/2418/" "Mozilla/5.0 (Macintosh; Intel Mac OS X 10_15_7) AppleWebKit/537.36 (KHTML, like Gecko) Chrome/134.0.0.0 Safari/537.36"
36.133.115.36 - - [16/May/2026:15:27:41 +0800] "POST /wp-cron.php?doing_wp_cron=1778916461.6691100597381591796875 HTTP/1.1" 200 31 "-" "WordPress/6.9; http://cqqizhou.com"
45.148.10.67 - - [16/May/2026:15:27:41 +0800] "GET / HTTP/1.1" 200 35141 "-" "Mozilla/5.0 (Windows NT 10.0; Win64; x64) AppleWebKit/537.36 (KHTML, like Gecko) Chrome/131.0.0.0 Safari/537.36"
43.130.32.245 - - [16/May/2026:15:33:19 +0800] "GET /wp-content/uploads/2025/12/1764853152-ISO1-768x1076.webp HTTP/1.1" 200 118190 "-" "Mozilla/5.0 (iPhone; CPU iPhone OS 13_2_3 like Mac OS X) AppleWebKit/605.1.15 (KHTML, like Gecko) Version/13.0.3 Mobile/15E148 Safari/604.1"
36.133.115.36 - - [16/May/2026:15:41:30 +0800] "POST /wp-cron.php?doing_wp_cron=1778917290.4380149841308593750000 HTTP/1.1" 200 31 "-" "WordPress/6.9; http://cqqizhou.com"
43.161.233.190 - - [16/May/2026:15:41:30 +0800] "GET /wp-json/oembed/1.0/embed?url=http%3A%2F%2Fcqqizhou.com%2Fnews%2F2388 HTTP/1.1" 200 1336 "-" "Mozilla/5.0 (iPhone; CPU iPhone OS 13_2_3 like Mac OS X) AppleWebKit/605.1.15 (KHTML, like Gecko) Version/13.0.3 Mobile/15E148 Safari/604.1"
36.133.115.36 - - [16/May/2026:15:45:43 +0800] "POST /wp-cron.php?doing_wp_cron=1778917543.4470300674438476562500 HTTP/1.1" 200 31 "-" "WordPress/6.9; http://cqqizhou.com"
107.161.168.113 - - [16/May/2026:15:45:43 +0800] "GET /.env HTTP/1.1" 404 9408 "-" "python-requests/2.33.1"
36.133.115.36 - - [16/May/2026:15:46:14 +0800] "POST /wp-cron.php?doing_wp_cron=1778917574.3988769054412841796875 HTTP/1.1" 200 31 "-" "WordPress/6.9; http://cqqizhou.com"
216.73.216.131 - - [16/May/2026:15:46:14 +0800] "GET /robots.txt HTTP/1.1" 200 390 "-" "Mozilla/5.0 AppleWebKit/537.36 (KHTML, like Gecko; compatible; ClaudeBot/1.0; +claudebot@anthropic.com)"
216.73.216.131 - - [16/May/2026:15:46:15 +0800] "GET /wp-sitemap.xml HTTP/1.1" 501 253 "-" "Mozilla/5.0 AppleWebKit/537.36 (KHTML, like Gecko; compatible; ClaudeBot/1.0; +claudebot@anthropic.com)"
106.81.38.144 - - [16/May/2026:15:56:07 +0800] "GET / HTTP/1.1" 200 41029 "-" "Mozilla/5.0 (Windows NT 10.0; Win64; x64) AppleWebKit/537.36 (KHTML, like Gecko) Chrome/134.0.0.0 Safari/537.36 Edg/134.0.0.0"
106.81.38.144 - - [16/May/2026:15:56:07 +0800] "GET /wp-content/uploads/2025/07/1751425283-qizhou.kf_.qq_.com_.webp HTTP/1.1" 200 16864 "http://cqqizhou.com/" "Mozilla/5.0 (Windows NT 10.0; Win64; x64) AppleWebKit/537.36 (KHTML, like Gecko) Chrome/134.0.0.0 Safari/537.36 Edg/134.0.0.0"
106.81.38.144 - - [16/May/2026:15:56:08 +0800] "GET /wp-content/uploads/2025/12/1765268955-qizhou_Slider1_3840%C3%972160_20251210-scaled.webp HTTP/1.1" 200 152162 "http://cqqizhou.com/" "Mozilla/5.0 (Windows NT 10.0; Win64; x64) AppleWebKit/537.36 (KHTML, like Gecko) Chrome/134.0.0.0 Safari/537.36 Edg/134.0.0.0"
106.81.38.144 - - [16/May/2026:15:56:09 +0800] "GET /wp-content/uploads/2026/01/1768276119-qizhoujiagong_Slider_3840%C3%972160_20260113-scaled-50x100.webp HTTP/1.1" 200 976 "http://cqqizhou.com/" "Mozilla/5.0 (Windows NT 10.0; Win64; x64) AppleWebKit/537.36 (KHTML, like Gecko) Chrome/134.0.0.0 Safari/537.36 Edg/134.0.0.0"
106.81.38.144 - - [16/May/2026:15:56:09 +0800] "GET /wp-content/uploads/revslider/slider-1/1750861156-logistics_Slider_3840%C3%972160_20250625191356-scaled-50x100.webp HTTP/1.1" 200 1416 "http://cqqizhou.com/" "Mozilla/5.0 (Windows NT 10.0; Win64; x64) AppleWebKit/537.36 (KHTML, like Gecko) Chrome/134.0.0.0 Safari/537.36 Edg/134.0.0.0"
106.81.38.144 - - [16/May/2026:15:56:09 +0800] "GET /wp-content/uploads/2025/07/1753453127-%E4%BD%99%E5%8D%B7product_Single600%C3%97284.webp HTTP/1.1" 200 18744 "http://cqqizhou.com/" "Mozilla/5.0 (Windows NT 10.0; Win64; x64) AppleWebKit/537.36 (KHTML, like Gecko) Chrome/134.0.0.0 Safari/537.36 Edg/134.0.0.0"
106.81.38.144 - - [16/May/2026:15:56:09 +0800] "GET /wp-content/uploads/2025/07/1753456723-%E5%8F%8C%E7%9B%B8%E9%92%A2roduct_Single600.webp HTTP/1.1" 200 22790 "http://cqqizhou.com/" "Mozilla/5.0 (Windows NT 10.0; Win64; x64) AppleWebKit/537.36 (KHTML, like Gecko) Chrome/134.0.0.0 Safari/537.36 Edg/134.0.0.0"
106.81.38.144 - - [16/May/2026:15:56:09 +0800] "GET /wp-content/uploads/2025/07/1753456770-%E7%83%AD%E9%95%80%E9%94%8C%E5%8D%B7product_Single600.webp HTTP/1.1" 200 27502 "http://cqqizhou.com/" "Mozilla/5.0 (Windows NT 10.0; Win64; x64) AppleWebKit/537.36 (KHTML, like Gecko) Chrome/134.0.0.0 Safari/537.36 Edg/134.0.0.0"
106.81.38.144 - - [16/May/2026:15:56:09 +0800] "GET /wp-content/uploads/2025/07/1753453096-%E5%8F%8C%E7%9B%B8%E9%92%A2product_Single600%C3%97284.webp HTTP/1.1" 200 14562 "http://cqqizhou.com/" "Mozilla/5.0 (Windows NT 10.0; Win64; x64) AppleWebKit/537.36 (KHTML, like Gecko) Chrome/134.0.0.0 Safari/537.36 Edg/134.0.0.0"
106.81.38.144 - - [16/May/2026:15:56:09 +0800] "GET /wp-json/sliderrevolution/sliders/1?srengine=7&slideid=2 HTTP/1.1" 200 2000 "http://cqqizhou.com/" "Mozilla/5.0 (Windows NT 10.0; Win64; x64) AppleWebKit/537.36 (KHTML, like Gecko) Chrome/134.0.0.0 Safari/537.36 Edg/134.0.0.0"
106.81.38.144 - - [16/May/2026:15:56:09 +0800] "GET /wp-content/uploads/revslider/slider-1/1750861156-logistics_Slider_3840%C3%972160_20250625191356-scaled.webp HTTP/1.1" 200 197360 "http://cqqizhou.com/" "Mozilla/5.0 (Windows NT 10.0; Win64; x64) AppleWebKit/537.36 (KHTML, like Gecko) Chrome/134.0.0.0 Safari/537.36 Edg/134.0.0.0"
36.133.115.36 - - [16/May/2026:15:56:09 +0800] "POST /wp-cron.php?doing_wp_cron=1778918169.7632520198822021484375 HTTP/1.1" 200 31 "-" "WordPress/6.9; http://cqqizhou.com"
106.81.38.144 - - [16/May/2026:15:56:09 +0800] "GET /wp-json/sliderrevolution/sliders/1?srengine=7&slideid=4 HTTP/1.1" 200 2580 "http://cqqizhou.com/" "Mozilla/5.0 (Windows NT 10.0; Win64; x64) AppleWebKit/537.36 (KHTML, like Gecko) Chrome/134.0.0.0 Safari/537.36 Edg/134.0.0.0"
106.81.38.144 - - [16/May/2026:15:56:09 +0800] "GET /wp-content/uploads/2026/01/1768276119-qizhoujiagong_Slider_3840%C3%972160_20260113-scaled.webp HTTP/1.1" 200 131696 "http://cqqizhou.com/" "Mozilla/5.0 (Windows NT 10.0; Win64; x64) AppleWebKit/537.36 (KHTML, like Gecko) Chrome/134.0.0.0 Safari/537.36 Edg/134.0.0.0"
106.81.38.144 - - [16/May/2026:15:56:13 +0800] "GET /wp-content/uploads/2025/07/1750174127-Marketing1920x800_3.webp HTTP/1.1" 200 52790 "http://cqqizhou.com/wp-content/uploads/elementor/css/post-1666.css?ver=1778295900" "Mozilla/5.0 (Windows NT 10.0; Win64; x64) AppleWebKit/537.36 (KHTML, like Gecko) Chrome/134.0.0.0 Safari/537.36 Edg/134.0.0.0"
106.81.38.144 - - [16/May/2026:15:56:18 +0800] "GET /wp-content/uploads/2025/12/1765268955-qizhou_Slider1_3840%C3%972160_20251210-scaled-50x100.webp HTTP/1.1" 200 1812 "http://cqqizhou.com/" "Mozilla/5.0 (Windows NT 10.0; Win64; x64) AppleWebKit/537.36 (KHTML, like Gecko) Chrome/134.0.0.0 Safari/537.36 Edg/134.0.0.0"
106.81.38.144 - - [16/May/2026:15:56:34 +0800] "GET /wp-content/uploads/2025/07/1751988544-Logistics-delivery_images_W900%C3%97300.webp HTTP/1.1" 200 26142 "http://cqqizhou.com/wp-content/uploads/elementor/css/post-1666.css?ver=1778295900" "Mozilla/5.0 (Windows NT 10.0; Win64; x64) AppleWebKit/537.36 (KHTML, like Gecko) Chrome/134.0.0.0 Safari/537.36 Edg/134.0.0.0"
106.81.38.144 - - [16/May/2026:15:56:34 +0800] "GET /wp-content/uploads/2025/07/1751829454-Smart-warehousing800x500.webp HTTP/1.1" 200 79504 "http://cqqizhou.com/wp-content/uploads/elementor/css/post-1666.css?ver=1778295900" "Mozilla/5.0 (Windows NT 10.0; Win64; x64) AppleWebKit/537.36 (KHTML, like Gecko) Chrome/134.0.0.0 Safari/537.36 Edg/134.0.0.0"
106.81.38.144 - - [16/May/2026:15:56:34 +0800] "GET /wp-content/uploads/2026/04/1775865780-1Article_images_W900px.webp HTTP/1.1" 200 41840 "http://cqqizhou.com/" "Mozilla/5.0 (Windows NT 10.0; Win64; x64) AppleWebKit/537.36 (KHTML, like Gecko) Chrome/134.0.0.0 Safari/537.36 Edg/134.0.0.0"
106.81.38.144 - - [16/May/2026:15:56:34 +0800] "GET /wp-content/uploads/2026/04/1775698332-Article_images_W900px.webp HTTP/1.1" 200 49852 "http://cqqizhou.com/" "Mozilla/5.0 (Windows NT 10.0; Win64; x64) AppleWebKit/537.36 (KHTML, like Gecko) Chrome/134.0.0.0 Safari/537.36 Edg/134.0.0.0"
106.81.38.144 - - [16/May/2026:15:56:34 +0800] "GET /wp-content/uploads/2026/02/1769999241-4.2%E7%B1%B3%E9%AB%98%E6%A0%8F%E8%B4%A7%E8%BD%A6.webp HTTP/1.1" 200 54794 "http://cqqizhou.com/" "Mozilla/5.0 (Windows NT 10.0; Win64; x64) AppleWebKit/537.36 (KHTML, like Gecko) Chrome/134.0.0.0 Safari/537.36 Edg/134.0.0.0"
106.81.38.144 - - [16/May/2026:15:56:34 +0800] "GET /wp-content/uploads/2026/04/1777513410-1Article_images_W900px.webp HTTP/1.1" 200 30786 "http://cqqizhou.com/" "Mozilla/5.0 (Windows NT 10.0; Win64; x64) AppleWebKit/537.36 (KHTML, like Gecko) Chrome/134.0.0.0 Safari/537.36 Edg/134.0.0.0"
106.81.38.144 - - [16/May/2026:15:56:34 +0800] "GET /wp-content/uploads/2026/04/1775195054-1Article_images_W900px.webp HTTP/1.1" 200 25562 "http://cqqizhou.com/" "Mozilla/5.0 (Windows NT 10.0; Win64; x64) AppleWebKit/537.36 (KHTML, like Gecko) Chrome/134.0.0.0 Safari/537.36 Edg/134.0.0.0"
36.150.235.153 - - [16/May/2026:15:57:28 +0800] "GET /services HTTP/1.1" 200 32189 "-" "Mozilla/5.0 (Windows NT 10.0; Win64; x64) AppleWebKit/537.36 (KHTML, like Gecko) Chrome/132.1.1 Safari/537.36 Edg/132.1.1"
112.15.4.109 - - [16/May/2026:15:57:30 +0800] "GET /services HTTP/1.1" 200 32189 "-" "Mozilla/5.0 (Windows NT 10.0; Win64; x64) AppleWebKit/537.36 (KHTML, like Gecko) Chrome/114.0.5735.196 Safari/537.36"
1.198.140.200 - - [16/May/2026:15:57:35 +0800] "GET /services HTTP/1.1" 200 32189 "-" "Mozilla/5.0 (Windows NT 10.0; Win64; x64) AppleWebKit/537.36 (KHTML, like Gecko) Chrome/128.1.0 Safari/537.36 Edg/128.1.0"
122.247.217.192 - - [16/May/2026:15:57:35 +0800] "GET /logistics HTTP/1.1" 200 26175 "-" "Mozilla/5.0 (Windows NT 10.0; Win64; x64) AppleWebKit/537.36 (KHTML, like Gecko) Chrome/135.0.0 Safari/537.36 Edg/135.0.0"
221.193.246.18 - - [16/May/2026:15:57:35 +0800] "GET /logistics HTTP/1.1" 200 26175 "-" "Mozilla/5.0 (Windows NT 10.0; Win64; x64) AppleWebKit/537.36 (KHTML, like Gecko) Chrome/126.0.0.0 Safari/537.36 Edg/128.0.1370.42"
61.147.227.142 - - [16/May/2026:15:57:36 +0800] "GET /logistics HTTP/1.1" 200 26175 "-" "Mozilla/5.0 (Macintosh; Intel Mac OS X 12_0_0) AppleWebKit/537.36 (KHTML, like Gecko) Chrome/134.0.0 Safari/537.36 Edg/134.0.0"
36.151.233.144 - - [16/May/2026:15:57:37 +0800] "GET /logistics HTTP/1.1" 200 26175 "-" "Mozilla/5.0 (Windows NT 10.0; Win64; x64) AppleWebKit/537.36 (KHTML, like Gecko) Chrome/109.0.0.0 Safari/537.36 SLBrowser/9.0.0.9011 SLBChan/11"
36.133.115.36 - - [16/May/2026:15:57:41 +0800] "POST /wp-cron.php?doing_wp_cron=1778918260.9773130416870117187500 HTTP/1.1" 200 31 "-" "WordPress/6.9; http://cqqizhou.com"
221.193.246.225 - - [16/May/2026:15:57:41 +0800] "GET /wp-json/contact-form-7/v1/contact-forms/1444/feedback/schema HTTP/1.1" 200 270 "http://cqqizhou.com/logistics" "Mozilla/5.0 (Windows NT 10.0; Win64; x64) AppleWebKit/537.36 (KHTML, like Gecko) Chrome/126.0.0.0 Safari/537.36 Edg/128.0.1370.42"
116.153.79.222 - - [16/May/2026:15:57:42 +0800] "GET /wp-json/contact-form-7/v1/contact-forms/1444/refill HTTP/1.1" 200 33 "http://cqqizhou.com/logistics" "Mozilla/5.0 (Windows NT 10.0; Win64; x64) AppleWebKit/537.36 (KHTML, like Gecko) Chrome/109.0.0.0 Safari/537.36 SLBrowser/9.0.0.9011 SLBChan/11"
221.193.246.128 - - [16/May/2026:15:57:42 +0800] "GET /wp-json/contact-form-7/v1/contact-forms/1444/feedback/schema HTTP/1.1" 200 270 "http://cqqizhou.com/logistics" "Mozilla/5.0 (Windows NT 10.0; Win64; x64) AppleWebKit/537.36 (KHTML, like Gecko) Chrome/109.0.0.0 Safari/537.36 SLBrowser/9.0.0.9011 SLBChan/11"
36.156.75.119 - - [16/May/2026:15:57:43 +0800] "GET /wp-json/contact-form-7/v1/contact-forms/1444/refill HTTP/1.1" 200 33 "http://cqqizhou.com/logistics" "Mozilla/5.0 (Windows NT 10.0; Win64; x64) AppleWebKit/537.36 (KHTML, like Gecko) Chrome/126.0.0.0 Safari/537.36 Edg/128.0.1370.42"
106.81.38.144 - - [16/May/2026:15:58:27 +0800] "GET /wp-content/uploads/2026/01/1768526063-Services800x500_3.webp HTTP/1.1" 200 31620 "http://cqqizhou.com/wp-content/uploads/elementor/css/post-1666.css?ver=1778295900" "Mozilla/5.0 (Windows NT 10.0; Win64; x64) AppleWebKit/537.36 (KHTML, like Gecko) Chrome/134.0.0.0 Safari/537.36 Edg/134.0.0.0"
36.133.115.36 - - [16/May/2026:16:05:28 +0800] "POST /wp-cron.php?doing_wp_cron=1778918728.0950589179992675781250 HTTP/1.1" 200 31 "-" "WordPress/6.9; http://cqqizhou.com"
66.249.73.230 - - [16/May/2026:16:05:28 +0800] "GET /news/2514 HTTP/1.1" 200 20110 "-" "Mozilla/5.0 (Linux; Android 6.0.1; Nexus 5X Build/MMB29P) AppleWebKit/537.36 (KHTML, like Gecko) Chrome/148.0.7778.96 Mobile Safari/537.36 (compatible; Googlebot/2.1; +http://www.google.com/bot.html)"
36.133.115.36 - - [16/May/2026:16:13:25 +0800] "POST /wp-cron.php?doing_wp_cron=1778919205.7566740512847900390625 HTTP/1.1" 200 31 "-" "WordPress/6.9; http://cqqizhou.com"
195.184.76.71 - - [16/May/2026:16:13:25 +0800] "GET / HTTP/1.1" 301 5 "-" "Mozilla/5.0 (X11; Ubuntu; Linux x86_64; rv:134.0) Gecko/20100101 Firefox/134.0"
36.133.115.36 - - [16/May/2026:16:35:47 +0800] "POST /wp-cron.php?doing_wp_cron=1778920547.8969779014587402343750 HTTP/1.1" 200 31 "-" "WordPress/6.9; http://cqqizhou.com"
36.133.108.119 - - [16/May/2026:16:35:47 +0800] "HEAD / HTTP/1.1" 301 0 "-" "Mozilla/5.0 (Macintosh; U; Intel Mac OS X 10_5_8; zh-cn) AppleWebKit/533.18.1 (KHTML, like Gecko) Version/5.0.2 Safari/533.18.5"
168.138.172.235 - - [16/May/2026:16:39:50 +0800] "GET / HTTP/1.1" 200 41029 "-" "Mozilla/5.0 (compatible; WP-Safe-Scanner/1.0)"
168.138.172.235 - - [16/May/2026:16:39:50 +0800] "GET /wp-content/uploads/ HTTP/1.1" 403 146 "-" "Mozilla/5.0 (compatible; WP-Safe-Scanner/1.0)"
168.138.172.235 - - [16/May/2026:16:39:51 +0800] "GET /wp-content/plugins/ HTTP/1.1" 200 31 "-" "Mozilla/5.0 (compatible; WP-Safe-Scanner/1.0)"
168.138.172.235 - - [16/May/2026:16:39:51 +0800] "GET /wp-content/themes/ HTTP/1.1" 200 31 "-" "Mozilla/5.0 (compatible; WP-Safe-Scanner/1.0)"
168.138.172.235 - - [16/May/2026:16:39:51 +0800] "GET /wp-includes/ HTTP/1.1" 403 146 "-" "Mozilla/5.0 (compatible; WP-Safe-Scanner/1.0)"
36.133.115.36 - - [16/May/2026:16:39:51 +0800] "POST /wp-cron.php?doing_wp_cron=1778920791.9053020477294921875000 HTTP/1.1" 200 31 "-" "WordPress/6.9; http://cqqizhou.com"
168.138.172.235 - - [16/May/2026:16:39:51 +0800] "GET /wp-admin/ HTTP/1.1" 302 5 "-" "Mozilla/5.0 (compatible; WP-Safe-Scanner/1.0)"
168.138.172.235 - - [16/May/2026:16:39:52 +0800] "GET /wp-login.php?redirect_to=http%3A%2F%2Fcqqizhou.com%2Fwp-admin%2F&reauth=1 HTTP/1.1" 200 2853 "-" "Mozilla/5.0 (compatible; WP-Safe-Scanner/1.0)"
36.133.115.36 - - [16/May/2026:17:03:45 +0800] "POST /wp-cron.php?doing_wp_cron=1778922225.6676099300384521484375 HTTP/1.1" 200 31 "-" "WordPress/6.9; http://cqqizhou.com"
45.148.10.67 - - [16/May/2026:17:03:45 +0800] "GET / HTTP/1.1" 200 35141 "-" "Mozilla/5.0 (Windows NT 10.0; Win64; x64) AppleWebKit/537.36 (KHTML, like Gecko) Chrome/131.0.0.0 Safari/537.36"
36.133.115.36 - - [16/May/2026:17:18:00 +0800] "POST /wp-cron.php?doing_wp_cron=1778923080.5854449272155761718750 HTTP/1.1" 200 31 "-" "WordPress/6.9; http://cqqizhou.com"
39.90.97.134 - - [16/May/2026:17:18:00 +0800] "GET /media/4 HTTP/1.1" 200 26636 "-" "Mozilla/5.0 (Macintosh; Intel Mac OS X 10_15_7) AppleWebKit/537.36 (KHTML, like Gecko) Chrome/136.0.0.0 Safari/537.36 Edg/136.0.0.0"
36.133.115.36 - - [16/May/2026:17:18:01 +0800] "POST /wp-cron.php?doing_wp_cron=1778923081.4049129486083984375000 HTTP/1.1" 200 31 "-" "WordPress/6.9; http://cqqizhou.com"
112.250.203.248 - - [16/May/2026:17:18:01 +0800] "GET /news/portfolio-category/pickled-coil HTTP/1.1" 200 21560 "-" "Mozilla/5.0 (Windows NT 10.0; Win64; x64) AppleWebKit/537.36 (KHTML, like Gecko) Chrome/125.0.0.0 Safari/537.36"
36.133.115.36 - - [16/May/2026:17:22:48 +0800] "POST /wp-cron.php?doing_wp_cron=1778923368.5815219879150390625000 HTTP/1.1" 200 31 "-" "WordPress/6.9; http://cqqizhou.com"
114.105.12.144 - - [16/May/2026:17:22:48 +0800] "GET /2388/ HTTP/1.1" 301 5 "-" "Mozilla/5.0 (Macintosh; Intel Mac OS X 10_15_7) AppleWebKit/537.36 (KHTML, like Gecko) Chrome/136.0.0.0 Safari/537.36 Edg/136.0.0.0"
36.133.115.36 - - [16/May/2026:17:22:48 +0800] "POST /wp-cron.php?doing_wp_cron=1778923368.6957490444183349609375 HTTP/1.1" 200 31 "-" "WordPress/6.9; http://cqqizhou.com"
114.226.250.209 - - [16/May/2026:17:22:48 +0800] "GET /news/portfolio-category/hot-dip-galvanized-coil HTTP/1.1" 200 21582 "-" "Mozilla/5.0 (Macintosh; Intel Mac OS X 10_15_7) AppleWebKit/537.36 (KHTML, like Gecko) Chrome/137.0.0.0 Safari/537.36 Edg/137.0.0.0"
114.105.12.144 - - [16/May/2026:17:22:48 +0800] "GET http://cqqizhou.com/news/2388 HTTP/1.1" 200 21252 "-" "Mozilla/5.0 (Macintosh; Intel Mac OS X 10_15_7) AppleWebKit/537.36 (KHTML, like Gecko) Chrome/136.0.0.0 Safari/537.36 Edg/136.0.0.0"
140.250.89.87 - - [16/May/2026:17:23:00 +0800] "GET /news/page/1 HTTP/1.1" 301 5 "-" "Mozilla/5.0 (Macintosh; Intel Mac OS X 10_15_7) AppleWebKit/537.36 (KHTML, like Gecko) Chrome/139.0.0.0 Safari/537.36"
140.250.89.87 - - [16/May/2026:17:23:00 +0800] "GET http://cqqizhou.com/news HTTP/1.1" 200 26121 "-" "Mozilla/5.0 (Macintosh; Intel Mac OS X 10_15_7) AppleWebKit/537.36 (KHTML, like Gecko) Chrome/139.0.0.0 Safari/537.36"
183.197.249.238 - - [16/May/2026:17:23:09 +0800] "GET /news/2214 HTTP/1.1" 200 26322 "-" "Mozilla/5.0 (Macintosh; Intel Mac OS X 10_15_7) AppleWebKit/537.36 (KHTML, like Gecko) Chrome/134.0.0.0 Safari/537.36 Edg/134.0.0.0"
111.120.172.210 - - [16/May/2026:17:23:24 +0800] "GET /material.html HTTP/1.1" 200 6459 "-" "Mozilla/5.0 (Macintosh; Intel Mac OS X 10_15_7) AppleWebKit/537.36 (KHTML, like Gecko) Chrome/127.0.0.0 Safari/537.36 Edg/127.0.0.0"
36.133.115.36 - - [16/May/2026:17:39:52 +0800] "POST /wp-cron.php?doing_wp_cron=1778924392.8276529312133789062500 HTTP/1.1" 200 31 "-" "WordPress/6.9; http://cqqizhou.com"
216.73.216.131 - - [16/May/2026:17:39:52 +0800] "GET /robots.txt HTTP/1.1" 200 390 "-" "Mozilla/5.0 AppleWebKit/537.36 (KHTML, like Gecko; compatible; ClaudeBot/1.0; +claudebot@anthropic.com)"
216.73.216.131 - - [16/May/2026:17:39:53 +0800] "GET /wp-sitemap.xml HTTP/1.1" 501 253 "-" "Mozilla/5.0 AppleWebKit/537.36 (KHTML, like Gecko; compatible; ClaudeBot/1.0; +claudebot@anthropic.com)"
36.133.115.36 - - [16/May/2026:17:41:33 +0800] "POST /wp-cron.php?doing_wp_cron=1778924493.5058619976043701171875 HTTP/1.1" 200 31 "-" "WordPress/6.9; http://cqqizhou.com"
93.123.72.166 - - [16/May/2026:17:41:33 +0800] "GET /SDK/webLanguage HTTP/1.1" 301 5 "-" "Mozilla/5.0 (Windows NT 10.0; Win64; x64) AppleWebKit/537.36 (KHTML, like Gecko) Chrome/90.0.4430.85 Safari/537.36 Edg/90.0.818.46"
36.133.115.36 - - [16/May/2026:17:48:47 +0800] "POST /wp-cron.php?doing_wp_cron=1778924927.9153349399566650390625 HTTP/1.1" 200 31 "-" "WordPress/6.9; http://cqqizhou.com"
139.186.226.14 - - [16/May/2026:17:48:47 +0800] "GET /news/2522 HTTP/1.1" 301 5 "http://cqqizhou.com/" "Mozilla/5.0 (Windows NT 10.0; Win64; x64) AppleWebKit/537.36 (KHTML, like Gecko) Chrome/131.0.0.0 Safari/537.36"
139.186.226.14 - - [16/May/2026:17:48:50 +0800] "GET /news/2518/3article_images_w900px HTTP/1.1" 301 5 "http://cqqizhou.com/" "Mozilla/5.0 (Windows NT 10.0; Win64; x64) AppleWebKit/537.36 (KHTML, like Gecko) Chrome/131.0.0.0 Safari/537.36"
139.186.226.14 - - [16/May/2026:17:48:51 +0800] "GET /wp-content/uploads/2026/03/1772790943-3Article_images_W900px.webp HTTP/1.1" 200 37622 "http://cqqizhou.com/" "Mozilla/5.0 (Windows NT 10.0; Win64; x64) AppleWebKit/537.36 (KHTML, like Gecko) Chrome/131.0.0.0 Safari/537.36"
36.133.115.36 - - [16/May/2026:17:56:01 +0800] "POST /wp-cron.php?doing_wp_cron=1778925361.1376280784606933593750 HTTP/1.1" 200 31 "-" "WordPress/6.9; http://cqqizhou.com"
146.56.180.42 - - [16/May/2026:17:56:01 +0800] "GET http://146.56.180.42:3333/ HTTP/1.1" 200 35141 "-" "Mozilla/5.0 (Windows NT 10.0; Win64; x64) AppleWebKit/537.36"
36.142.142.124 - - [16/May/2026:18:21:15 +0800] "GET / HTTP/1.1" 200 41029 "-" "Mozilla/5.0 (Macintosh; Intel Mac OS X 10_15_7) AppleWebKit/537.36 (KHTML, like Gecko) Chrome/106.0.0.0 Safari/537.36"
36.133.115.36 - - [16/May/2026:18:30:06 +0800] "POST /wp-cron.php?doing_wp_cron=1778927406.6368849277496337890625 HTTP/1.1" 200 31 "-" "WordPress/6.9; http://cqqizhou.com"
66.249.73.228 - - [16/May/2026:18:30:06 +0800] "GET /news/2475 HTTP/1.1" 200 23144 "-" "Mozilla/5.0 (Linux; Android 6.0.1; Nexus 5X Build/MMB29P) AppleWebKit/537.36 (KHTML, like Gecko) Chrome/148.0.7778.96 Mobile Safari/537.36 (compatible; Googlebot/2.1; +http://www.google.com/bot.html)"
112.86.225.208 - - [16/May/2026:18:33:53 +0800] "GET / HTTP/1.1" 200 41029 "-" "Sogou web spider/4.0(+http://www.sogou.com/docs/help/webmasters.htm#07)"
157.148.43.170 - - [16/May/2026:18:35:29 +0800] "GET /material.html HTTP/1.1" 200 6459 "-" "Mozilla/5.0 (Windows NT 10.0; Win64; x64) AppleWebKit/537.36 (KHTML, like Gecko) Chrome/111.0.0.0 Safari/537.36"
36.133.115.36 - - [16/May/2026:18:49:42 +0800] "POST /wp-cron.php?doing_wp_cron=1778928582.1803059577941894531250 HTTP/1.1" 200 31 "-" "WordPress/6.9; http://cqqizhou.com"
146.56.180.42 - - [16/May/2026:18:49:42 +0800] "GET http://146.56.180.42:3333/ HTTP/1.1" 200 35142 "-" "Mozilla/5.0 (Windows NT 10.0; Win64; x64) AppleWebKit/537.36"
36.133.115.36 - - [16/May/2026:18:52:08 +0800] "POST /wp-cron.php?doing_wp_cron=1778928728.6325860023498535156250 HTTP/1.1" 200 31 "-" "WordPress/6.9; http://cqqizhou.com"
110.249.202.35 - - [16/May/2026:18:52:08 +0800] "GET /2418/ HTTP/1.1" 301 5 "-" "Mozilla/5.0 (Linux; Android 5.0) AppleWebKit/537.36 (KHTML, like Gecko) Mobile Safari/537.36 (compatible; Bytespider; https://zhanzhang.toutiao.com/)"
110.249.202.35 - - [16/May/2026:18:52:09 +0800] "GET /news/2418 HTTP/1.1" 200 23734 "-" "Mozilla/5.0 (Linux; Android 5.0) AppleWebKit/537.36 (KHTML, like Gecko) Mobile Safari/537.36 (compatible; Bytespider; https://zhanzhang.toutiao.com/)"
110.249.202.35 - - [16/May/2026:18:52:10 +0800] "GET /wp-content/uploads/2026/04/1775698332-Article_images_W900px-768x432.webp HTTP/1.1" 206 500 "http://cqqizhou.com/news/2418" "Mozilla/5.0 (Linux; Android 5.0) AppleWebKit/537.36 (KHTML, like Gecko) Mobile Safari/537.36 (compatible; Bytespider; https://zhanzhang.toutiao.com/)"
110.249.202.235 - - [16/May/2026:18:52:10 +0800] "GET /wp-content/uploads/2025/07/1751425283-qizhou.kf_.qq_.com_.webp HTTP/1.1" 206 500 "http://cqqizhou.com/news/2418" "Mozilla/5.0 (Linux; Android 5.0) AppleWebKit/537.36 (KHTML, like Gecko) Mobile Safari/537.36 (compatible; Bytespider; https://zhanzhang.toutiao.com/)"
110.249.202.65 - - [16/May/2026:18:52:10 +0800] "GET /wp-content/uploads/2026/04/1775195054-1Article_images_W900px-768x432.webp HTTP/1.1" 206 500 "http://cqqizhou.com/news/2418" "Mozilla/5.0 (Linux; Android 5.0) AppleWebKit/537.36 (KHTML, like Gecko) Mobile Safari/537.36 (compatible; Bytespider; https://zhanzhang.toutiao.com/)"
110.249.202.235 - - [16/May/2026:18:52:10 +0800] "GET /wp-content/uploads/2025/07/1753410289-News2000%C3%97400_202571.webp HTTP/1.1" 206 500 "http://cqqizhou.com/news/2418" "Mozilla/5.0 (Linux; Android 5.0) AppleWebKit/537.36 (KHTML, like Gecko) Mobile Safari/537.36 (compatible; Bytespider; https://zhanzhang.toutiao.com/)"
36.133.115.36 - - [16/May/2026:19:18:18 +0800] "POST /wp-cron.php?doing_wp_cron=1778930298.8156580924987792968750 HTTP/1.1" 200 31 "-" "WordPress/6.9; http://cqqizhou.com"
43.156.117.41 - - [16/May/2026:19:18:18 +0800] "GET / HTTP/1.1" 200 35141 "-" "Mozilla/5.0 (iPhone; CPU iPhone OS 13_2_3 like Mac OS X) AppleWebKit/605.1.15 (KHTML, like Gecko) Version/13.0.3 Mobile/15E148 Safari/604.1"
36.133.115.36 - - [16/May/2026:19:26:42 +0800] "POST /wp-cron.php?doing_wp_cron=1778930802.3877649307250976562500 HTTP/1.1" 200 31 "-" "WordPress/6.9; http://cqqizhou.com"
216.73.216.131 - - [16/May/2026:19:26:42 +0800] "GET /robots.txt HTTP/1.1" 200 390 "-" "Mozilla/5.0 AppleWebKit/537.36 (KHTML, like Gecko; compatible; ClaudeBot/1.0; +claudebot@anthropic.com)"
216.73.216.131 - - [16/May/2026:19:26:44 +0800] "GET /wp-sitemap.xml HTTP/1.1" 501 253 "-" "Mozilla/5.0 AppleWebKit/537.36 (KHTML, like Gecko; compatible; ClaudeBot/1.0; +claudebot@anthropic.com)"
36.133.115.36 - - [16/May/2026:19:32:51 +0800] "POST /wp-cron.php?doing_wp_cron=1778931171.3072800636291503906250 HTTP/1.1" 200 31 "-" "WordPress/6.9; http://cqqizhou.com"
39.184.68.202 - - [16/May/2026:19:32:51 +0800] "GET /contacts/ HTTP/1.1" 301 5 "http://cqqizhou.com/contacts/" "Mozilla/5.0 (Windows NT 10.0; Win64; x64) AppleWebKit/537.36 (KHTML, like Gecko) Chrome/136.0.0.0 Safari/537.36"
117.182.237.83 - - [16/May/2026:19:32:52 +0800] "GET /contacts/ HTTP/1.1" 301 5 "http://cqqizhou.com/contacts/" "Mozilla/5.0 (Windows NT 10.0; Win64; x64) AppleWebKit/537.36 (KHTML, like Gecko) Chrome/136.0.0.0 Safari/537.36"
117.182.237.83 - - [16/May/2026:19:32:52 +0800] "GET http://cqqizhou.com/contacts HTTP/1.1" 200 22094 "http://cqqizhou.com/contacts/" "Mozilla/5.0 (Windows NT 10.0; Win64; x64) AppleWebKit/537.36 (KHTML, like Gecko) Chrome/136.0.0.0 Safari/537.36"
36.133.115.36 - - [16/May/2026:19:44:15 +0800] "POST /wp-cron.php?doing_wp_cron=1778931855.4555950164794921875000 HTTP/1.1" 200 31 "-" "WordPress/6.9; http://cqqizhou.com"
43.157.43.147 - - [16/May/2026:19:44:15 +0800] "GET / HTTP/1.1" 200 35141 "-" "Mozilla/5.0 (iPhone; CPU iPhone OS 13_2_3 like Mac OS X) AppleWebKit/605.1.15 (KHTML, like Gecko) Version/13.0.3 Mobile/15E148 Safari/604.1"
36.133.115.36 - - [16/May/2026:19:56:02 +0800] "POST /wp-cron.php?doing_wp_cron=1778932562.3518810272216796875000 HTTP/1.1" 200 31 "-" "WordPress/6.9; http://cqqizhou.com"
176.65.139.254 - - [16/May/2026:19:56:02 +0800] "GET / HTTP/1.0" 301 0 "-" "Shodan-Pull/1.0"
36.133.115.36 - - [16/May/2026:19:58:15 +0800] "POST /wp-cron.php?doing_wp_cron=1778932695.2349588871002197265625 HTTP/1.1" 200 31 "-" "WordPress/6.9; http://cqqizhou.com"
43.133.66.51 - - [16/May/2026:19:58:15 +0800] "GET / HTTP/1.1" 200 35141 "-" "Mozilla/5.0 (iPhone; CPU iPhone OS 13_2_3 like Mac OS X) AppleWebKit/605.1.15 (KHTML, like Gecko) Version/13.0.3 Mobile/15E148 Safari/604.1"
36.133.115.36 - - [16/May/2026:20:11:17 +0800] "POST /wp-cron.php?doing_wp_cron=1778933477.0387189388275146484375 HTTP/1.1" 200 31 "-" "WordPress/6.9; http://cqqizhou.com"
146.56.180.42 - - [16/May/2026:20:11:17 +0800] "GET http://146.56.180.42:3333/ HTTP/1.1" 200 35140 "-" "Mozilla/5.0 (Windows NT 10.0; Win64; x64) AppleWebKit/537.36"
36.133.115.36 - - [16/May/2026:20:27:41 +0800] "POST /wp-cron.php?doing_wp_cron=1778934461.1390190124511718750000 HTTP/1.1" 200 31 "-" "WordPress/6.9; http://cqqizhou.com"
123.207.65.62 - - [16/May/2026:20:27:41 +0800] "GET / HTTP/1.1" 200 35140 "-" "Mozilla/5.0 (iPhone; CPU iPhone OS 13_2_3 like Mac OS X) AppleWebKit/605.1.15 (KHTML, like Gecko) Version/13.0.3 Mobile/15E148 Safari/604.1"
36.133.115.36 - - [16/May/2026:21:07:22 +0800] "POST /wp-cron.php?doing_wp_cron=1778936842.8911209106445312500000 HTTP/1.1" 200 31 "-" "WordPress/6.9; http://cqqizhou.com"
129.226.152.67 - - [16/May/2026:21:07:22 +0800] "GET / HTTP/1.1" 301 5 "-" "Mozilla/5.0 (iPhone; CPU iPhone OS 13_2_3 like Mac OS X) AppleWebKit/605.1.15 (KHTML, like Gecko) Version/13.0.3 Mobile/15E148 Safari/604.1"
129.226.152.67 - - [16/May/2026:21:07:24 +0800] "GET / HTTP/1.1" 200 35139 "http://36.133.115.36" "Mozilla/5.0 (iPhone; CPU iPhone OS 13_2_3 like Mac OS X) AppleWebKit/605.1.15 (KHTML, like Gecko) Version/13.0.3 Mobile/15E148 Safari/604.1"
