85.203.23.46 - - [24/Mar/2026:15:29:04 +0800] "GET /wp-admin/css/colors/sunrise/rum.php HTTP/1.1" 404 47 "-" "Mozilla/5.0 (Windows NT 10.0; Win64; x64) AppleWebKit/537.36 (KHTML, like Gecko) Chrome/58.0.3029.110 Safari/537.3"
85.203.23.46 - - [24/Mar/2026:15:29:04 +0800] "GET /session_init.php HTTP/1.1" 404 47 "-" "Mozilla/5.0 (Windows NT 10.0; Win64; x64) AppleWebKit/537.36 (KHTML, like Gecko) Chrome/58.0.3029.110 Safari/537.3"
85.203.23.46 - - [24/Mar/2026:15:29:04 +0800] "GET /wp-admin/includes/wp-config-extra.php HTTP/1.1" 404 47 "-" "Mozilla/5.0 (Windows NT 10.0; Win64; x64) AppleWebKit/537.36 (KHTML, like Gecko) Chrome/58.0.3029.110 Safari/537.3"
85.203.23.46 - - [24/Mar/2026:15:29:04 +0800] "GET /wp-content/plugins/hello-plus/classes/ehp-social-elf.php HTTP/1.1" 404 47 "-" "Mozilla/5.0 (Windows NT 10.0; Win64; x64) AppleWebKit/537.36 (KHTML, like Gecko) Chrome/58.0.3029.110 Safari/537.3"
85.203.23.46 - - [24/Mar/2026:15:29:05 +0800] "GET /wp-content/plugins/enhanced-text-widget/analyst/src/403.php HTTP/1.1" 404 47 "-" "Mozilla/5.0 (Windows NT 10.0; Win64; x64) AppleWebKit/537.36 (KHTML, like Gecko) Chrome/58.0.3029.110 Safari/537.3"
85.203.23.46 - - [24/Mar/2026:15:29:05 +0800] "GET /wp-content/themes/fukasawa/inc/classes/403.php HTTP/1.1" 404 47 "-" "Mozilla/5.0 (Windows NT 10.0; Win64; x64) AppleWebKit/537.36 (KHTML, like Gecko) Chrome/58.0.3029.110 Safari/537.3"
85.203.23.46 - - [24/Mar/2026:15:29:05 +0800] "GET /wp-content/plugins/wp-load.php HTTP/1.1" 404 47 "-" "Mozilla/5.0 (Windows NT 10.0; Win64; x64) AppleWebKit/537.36 (KHTML, like Gecko) Chrome/58.0.3029.110 Safari/537.3"
85.203.23.46 - - [24/Mar/2026:15:29:05 +0800] "GET /wp-content/themes/about.php HTTP/1.1" 404 47 "-" "Mozilla/5.0 (Windows NT 10.0; Win64; x64) AppleWebKit/537.36 (KHTML, like Gecko) Chrome/58.0.3029.110 Safari/537.3"
85.203.23.46 - - [24/Mar/2026:15:29:05 +0800] "GET /wp-content/languages/themes/load.php HTTP/1.1" 404 47 "-" "Mozilla/5.0 (Windows NT 10.0; Win64; x64) AppleWebKit/537.36 (KHTML, like Gecko) Chrome/58.0.3029.110 Safari/537.3"
85.203.23.46 - - [24/Mar/2026:15:29:06 +0800] "GET /wp-content/system.php HTTP/1.1" 404 47 "-" "Mozilla/5.0 (Windows NT 10.0; Win64; x64) AppleWebKit/537.36 (KHTML, like Gecko) Chrome/58.0.3029.110 Safari/537.3"
85.203.23.46 - - [24/Mar/2026:15:29:06 +0800] "GET /wp-includes/js/tinymce/plugins/users.php HTTP/1.1" 404 47 "-" "Mozilla/5.0 (Windows NT 10.0; Win64; x64) AppleWebKit/537.36 (KHTML, like Gecko) Chrome/58.0.3029.110 Safari/537.3"
85.203.23.46 - - [24/Mar/2026:15:29:06 +0800] "GET /database.php HTTP/1.1" 404 47 "-" "Mozilla/5.0 (Windows NT 10.0; Win64; x64) AppleWebKit/537.36 (KHTML, like Gecko) Chrome/58.0.3029.110 Safari/537.3"
85.203.23.46 - - [24/Mar/2026:15:29:06 +0800] "GET /prayer_intentions.php HTTP/1.1" 404 47 "-" "Mozilla/5.0 (Windows NT 10.0; Win64; x64) AppleWebKit/537.36 (KHTML, like Gecko) Chrome/58.0.3029.110 Safari/537.3"
85.203.23.46 - - [24/Mar/2026:15:29:07 +0800] "GET /wp-content/plugins/slideshow-ck/themes/config.php HTTP/1.1" 404 47 "-" "Mozilla/5.0 (Windows NT 10.0; Win64; x64) AppleWebKit/537.36 (KHTML, like Gecko) Chrome/58.0.3029.110 Safari/537.3"
85.203.23.46 - - [24/Mar/2026:15:29:07 +0800] "GET /wp-content/plugins/db-status.php HTTP/1.1" 404 47 "-" "Mozilla/5.0 (Windows NT 10.0; Win64; x64) AppleWebKit/537.36 (KHTML, like Gecko) Chrome/58.0.3029.110 Safari/537.3"
85.203.23.46 - - [24/Mar/2026:15:29:07 +0800] "GET /wp-content/plugins/contact-form-7/includes/js/jquery-ui/themes/system.php HTTP/1.1" 404 47 "-" "Mozilla/5.0 (Windows NT 10.0; Win64; x64) AppleWebKit/537.36 (KHTML, like Gecko) Chrome/58.0.3029.110 Safari/537.3"
85.203.23.46 - - [24/Mar/2026:15:29:07 +0800] "GET /wp-content/uploads/error.php HTTP/1.1" 404 47 "-" "Mozilla/5.0 (Windows NT 10.0; Win64; x64) AppleWebKit/537.36 (KHTML, like Gecko) Chrome/58.0.3029.110 Safari/537.3"
85.203.23.46 - - [24/Mar/2026:15:29:08 +0800] "GET /wp-includes/blocks/comments-pagination-next/ HTTP/1.1" 403 548 "-" "Mozilla/5.0 (Windows NT 10.0; Win64; x64) AppleWebKit/537.36 (KHTML, like Gecko) Chrome/58.0.3029.110 Safari/537.3"
85.203.23.46 - - [24/Mar/2026:15:29:08 +0800] "GET /wp-includes/Requests/src/Exception/ HTTP/1.1" 403 548 "-" "Mozilla/5.0 (Windows NT 10.0; Win64; x64) AppleWebKit/537.36 (KHTML, like Gecko) Chrome/58.0.3029.110 Safari/537.3"
85.203.23.46 - - [24/Mar/2026:15:29:08 +0800] "GET /cgi-bin/cgi-bin/sql.php HTTP/1.1" 404 47 "-" "Mozilla/5.0 (Windows NT 10.0; Win64; x64) AppleWebKit/537.36 (KHTML, like Gecko) Chrome/58.0.3029.110 Safari/537.3"
36.133.115.36 - - [24/Mar/2026:15:29:09 +0800] "POST /wp-cron.php?doing_wp_cron=1774337349.6654739379882812500000 HTTP/1.1" 200 31 "-" "WordPress/6.9; http://cqqizhou.com"
85.203.23.46 - - [24/Mar/2026:15:29:09 +0800] "GET /wp-admin/options.php HTTP/1.1" 302 5 "-" "Mozilla/5.0 (Windows NT 10.0; Win64; x64) AppleWebKit/537.36 (KHTML, like Gecko) Chrome/58.0.3029.110 Safari/537.3"
85.203.23.46 - - [24/Mar/2026:15:29:10 +0800] "GET /wp-login.php?redirect_to=http%3A%2F%2Fcqqizhou.com%2Fwp-admin%2Foptions.php&reauth=1 HTTP/1.1" 200 2860 "http://cqqizhou.com/wp-admin/options.php" "Mozilla/5.0 (Windows NT 10.0; Win64; x64) AppleWebKit/537.36 (KHTML, like Gecko) Chrome/58.0.3029.110 Safari/537.3"
85.203.23.46 - - [24/Mar/2026:15:29:11 +0800] "GET /wp-content/plugins/all-in-one-wp-security-and-firewall/templates/wp-admin/security.php HTTP/1.1" 404 47 "-" "Mozilla/5.0 (Windows NT 10.0; Win64; x64) AppleWebKit/537.36 (KHTML, like Gecko) Chrome/58.0.3029.110 Safari/537.3"
85.203.23.46 - - [24/Mar/2026:15:29:11 +0800] "GET /wp-content/plugins/maintenance.php HTTP/1.1" 404 47 "-" "Mozilla/5.0 (Windows NT 10.0; Win64; x64) AppleWebKit/537.36 (KHTML, like Gecko) Chrome/58.0.3029.110 Safari/537.3"
85.203.23.46 - - [24/Mar/2026:15:29:12 +0800] "GET /wp-content/themes/wp-mail.phpp HTTP/1.1" 404 8950 "-" "Mozilla/5.0 (Windows NT 10.0; Win64; x64) AppleWebKit/537.36 (KHTML, like Gecko) Chrome/58.0.3029.110 Safari/537.3"
85.203.23.46 - - [24/Mar/2026:15:29:12 +0800] "GET /wp-content/uploads/upload.php HTTP/1.1" 404 47 "-" "Mozilla/5.0 (Windows NT 10.0; Win64; x64) AppleWebKit/537.36 (KHTML, like Gecko) Chrome/58.0.3029.110 Safari/537.3"
85.203.23.46 - - [24/Mar/2026:15:29:12 +0800] "GET /wp-includes/wp-cron.php HTTP/1.1" 404 47 "-" "Mozilla/5.0 (Windows NT 10.0; Win64; x64) AppleWebKit/537.36 (KHTML, like Gecko) Chrome/58.0.3029.110 Safari/537.3"
85.203.23.46 - - [24/Mar/2026:15:29:13 +0800] "GET /wp-includes/js/tinymce/plugins/api.php HTTP/1.1" 404 47 "-" "Mozilla/5.0 (Windows NT 10.0; Win64; x64) AppleWebKit/537.36 (KHTML, like Gecko) Chrome/58.0.3029.110 Safari/537.3"
85.203.23.46 - - [24/Mar/2026:15:29:13 +0800] "GET /wp-includes/panel.php HTTP/1.1" 404 47 "-" "Mozilla/5.0 (Windows NT 10.0; Win64; x64) AppleWebKit/537.36 (KHTML, like Gecko) Chrome/58.0.3029.110 Safari/537.3"
85.203.23.46 - - [24/Mar/2026:15:29:13 +0800] "GET /000.php HTTP/1.1" 404 47 "-" "Mozilla/5.0 (Windows NT 10.0; Win64; x64) AppleWebKit/537.36 (KHTML, like Gecko) Chrome/58.0.3029.110 Safari/537.3"
85.203.23.46 - - [24/Mar/2026:15:29:13 +0800] "GET /wp-includes/Text/Diff/Engine/tx1.php HTTP/1.1" 404 47 "-" "Mozilla/5.0 (Windows NT 10.0; Win64; x64) AppleWebKit/537.36 (KHTML, like Gecko) Chrome/58.0.3029.110 Safari/537.3"
85.203.23.46 - - [24/Mar/2026:15:29:14 +0800] "GET /wp-content/themes/news-portal/network.php HTTP/1.1" 404 47 "-" "Mozilla/5.0 (Windows NT 10.0; Win64; x64) AppleWebKit/537.36 (KHTML, like Gecko) Chrome/58.0.3029.110 Safari/537.3"
85.203.23.46 - - [24/Mar/2026:15:29:14 +0800] "GET /wp-includes/customize/autoload_classmap.php HTTP/1.1" 404 47 "-" "Mozilla/5.0 (Windows NT 10.0; Win64; x64) AppleWebKit/537.36 (KHTML, like Gecko) Chrome/58.0.3029.110 Safari/537.3"
85.203.23.46 - - [24/Mar/2026:15:29:14 +0800] "GET /wp-includes/Requests/autoload_classmap.php HTTP/1.1" 404 47 "-" "Mozilla/5.0 (Windows NT 10.0; Win64; x64) AppleWebKit/537.36 (KHTML, like Gecko) Chrome/58.0.3029.110 Safari/537.3"
85.203.23.46 - - [24/Mar/2026:15:29:14 +0800] "GET /wp-admin/maint/chosen.php HTTP/1.1" 404 47 "-" "Mozilla/5.0 (Windows NT 10.0; Win64; x64) AppleWebKit/537.36 (KHTML, like Gecko) Chrome/58.0.3029.110 Safari/537.3"
85.203.23.46 - - [24/Mar/2026:15:29:14 +0800] "GET /wp-content/themes/news-portal/sitebar.php HTTP/1.1" 404 47 "-" "Mozilla/5.0 (Windows NT 10.0; Win64; x64) AppleWebKit/537.36 (KHTML, like Gecko) Chrome/58.0.3029.110 Safari/537.3"
85.203.23.46 - - [24/Mar/2026:15:29:15 +0800] "GET /wp-content/languages/themes/bb.php HTTP/1.1" 404 47 "-" "Mozilla/5.0 (Windows NT 10.0; Win64; x64) AppleWebKit/537.36 (KHTML, like Gecko) Chrome/58.0.3029.110 Safari/537.3"
85.203.23.46 - - [24/Mar/2026:15:29:15 +0800] "GET /wp-includes/assets/script-loader-react-refresh.php HTTP/1.1" 404 47 "-" "Mozilla/5.0 (Windows NT 10.0; Win64; x64) AppleWebKit/537.36 (KHTML, like Gecko) Chrome/58.0.3029.110 Safari/537.3"
85.203.23.46 - - [24/Mar/2026:15:29:15 +0800] "GET /wp-admin/maint/maint/about2.php HTTP/1.1" 404 47 "-" "Mozilla/5.0 (Windows NT 10.0; Win64; x64) AppleWebKit/537.36 (KHTML, like Gecko) Chrome/58.0.3029.110 Safari/537.3"
85.203.23.46 - - [24/Mar/2026:15:29:15 +0800] "GET /wp-admin/network/pngoptimazie.php HTTP/1.1" 404 47 "-" "Mozilla/5.0 (Windows NT 10.0; Win64; x64) AppleWebKit/537.36 (KHTML, like Gecko) Chrome/58.0.3029.110 Safari/537.3"
85.203.23.46 - - [24/Mar/2026:15:29:16 +0800] "GET /wp-content/plugins/contact-form-7/rstsgd.php HTTP/1.1" 404 47 "-" "Mozilla/5.0 (Windows NT 10.0; Win64; x64) AppleWebKit/537.36 (KHTML, like Gecko) Chrome/58.0.3029.110 Safari/537.3"
85.203.23.46 - - [24/Mar/2026:15:29:16 +0800] "GET /wp-content/plugins/shortcodes-ultimate/admin.php HTTP/1.1" 404 47 "-" "Mozilla/5.0 (Windows NT 10.0; Win64; x64) AppleWebKit/537.36 (KHTML, like Gecko) Chrome/58.0.3029.110 Safari/537.3"
85.203.23.46 - - [24/Mar/2026:15:29:16 +0800] "GET /wp-admin/install-helper-new.php HTTP/1.1" 404 47 "-" "Mozilla/5.0 (Windows NT 10.0; Win64; x64) AppleWebKit/537.36 (KHTML, like Gecko) Chrome/58.0.3029.110 Safari/537.3"
85.203.23.46 - - [24/Mar/2026:15:29:16 +0800] "GET /wp-admin/user/mariju.php HTTP/1.1" 404 47 "-" "Mozilla/5.0 (Windows NT 10.0; Win64; x64) AppleWebKit/537.36 (KHTML, like Gecko) Chrome/58.0.3029.110 Safari/537.3"
85.203.23.46 - - [24/Mar/2026:15:29:17 +0800] "GET /wp-admin/options-discussion-statement.php HTTP/1.1" 404 47 "-" "Mozilla/5.0 (Windows NT 10.0; Win64; x64) AppleWebKit/537.36 (KHTML, like Gecko) Chrome/58.0.3029.110 Safari/537.3"
85.203.23.46 - - [24/Mar/2026:15:29:17 +0800] "GET /wp-admin/images/xmrlpc.php HTTP/1.1" 404 47 "-" "Mozilla/5.0 (Windows NT 10.0; Win64; x64) AppleWebKit/537.36 (KHTML, like Gecko) Chrome/58.0.3029.110 Safari/537.3"
85.203.23.46 - - [24/Mar/2026:15:29:17 +0800] "GET /wp-includes/author-template-object.php HTTP/1.1" 404 47 "-" "Mozilla/5.0 (Windows NT 10.0; Win64; x64) AppleWebKit/537.36 (KHTML, like Gecko) Chrome/58.0.3029.110 Safari/537.3"
85.203.23.46 - - [24/Mar/2026:15:29:17 +0800] "GET /wp-includes/certificates/doc.php HTTP/1.1" 404 47 "-" "Mozilla/5.0 (Windows NT 10.0; Win64; x64) AppleWebKit/537.36 (KHTML, like Gecko) Chrome/58.0.3029.110 Safari/537.3"
85.203.23.46 - - [24/Mar/2026:15:29:18 +0800] "GET /wp-includes/js/dist/vendor/about.php HTTP/1.1" 404 47 "-" "Mozilla/5.0 (Windows NT 10.0; Win64; x64) AppleWebKit/537.36 (KHTML, like Gecko) Chrome/58.0.3029.110 Safari/537.3"
85.203.23.46 - - [24/Mar/2026:15:29:18 +0800] "GET /wp-includes/Requests/src/Exception/177.php HTTP/1.1" 404 47 "-" "Mozilla/5.0 (Windows NT 10.0; Win64; x64) AppleWebKit/537.36 (KHTML, like Gecko) Chrome/58.0.3029.110 Safari/537.3"
85.203.23.46 - - [24/Mar/2026:15:29:18 +0800] "GET /wp-includes/blocks/site-title-restful.php HTTP/1.1" 404 47 "-" "Mozilla/5.0 (Windows NT 10.0; Win64; x64) AppleWebKit/537.36 (KHTML, like Gecko) Chrome/58.0.3029.110 Safari/537.3"
85.203.23.46 - - [24/Mar/2026:15:29:18 +0800] "GET /wp-content/fonts/poppins/wp-login.php HTTP/1.1" 404 47 "-" "Mozilla/5.0 (Windows NT 10.0; Win64; x64) AppleWebKit/537.36 (KHTML, like Gecko) Chrome/58.0.3029.110 Safari/537.3"
85.203.23.46 - - [24/Mar/2026:15:29:18 +0800] "GET /wp-includes/sodium_compat/namespaced/Core/goods.php HTTP/1.1" 404 47 "-" "Mozilla/5.0 (Windows NT 10.0; Win64; x64) AppleWebKit/537.36 (KHTML, like Gecko) Chrome/58.0.3029.110 Safari/537.3"
85.203.23.46 - - [24/Mar/2026:15:29:19 +0800] "GET /wp-admin/js/widgets/moon.php HTTP/1.1" 404 47 "-" "Mozilla/5.0 (Windows NT 10.0; Win64; x64) AppleWebKit/537.36 (KHTML, like Gecko) Chrome/58.0.3029.110 Safari/537.3"
85.203.23.46 - - [24/Mar/2026:15:29:19 +0800] "GET /wp-content/uploads/wpcode/moon.php HTTP/1.1" 404 47 "-" "Mozilla/5.0 (Windows NT 10.0; Win64; x64) AppleWebKit/537.36 (KHTML, like Gecko) Chrome/58.0.3029.110 Safari/537.3"
85.203.23.46 - - [24/Mar/2026:15:29:19 +0800] "GET /wp-admin/images/admin.php HTTP/1.1" 404 47 "-" "Mozilla/5.0 (Windows NT 10.0; Win64; x64) AppleWebKit/537.36 (KHTML, like Gecko) Chrome/58.0.3029.110 Safari/537.3"
85.203.23.46 - - [24/Mar/2026:15:29:20 +0800] "GET /wp-admin/css/colors/coffee/backup/js/images/wkag/ HTTP/1.1" 404 8948 "-" "Mozilla/5.0 (Windows NT 10.0; Win64; x64) AppleWebKit/537.36 (KHTML, like Gecko) Chrome/58.0.3029.110 Safari/537.3"
85.203.23.46 - - [24/Mar/2026:15:29:21 +0800] "GET /wp-content/themes/ftde.php HTTP/1.1" 404 47 "-" "Mozilla/5.0 (Windows NT 10.0; Win64; x64) AppleWebKit/537.36 (KHTML, like Gecko) Chrome/58.0.3029.110 Safari/537.3"
85.203.23.46 - - [24/Mar/2026:15:29:22 +0800] "GET /wp-content/themes/neve/assets/apps/dashboard/build/ HTTP/1.1" 404 8950 "-" "Mozilla/5.0 (Windows NT 10.0; Win64; x64) AppleWebKit/537.36 (KHTML, like Gecko) Chrome/58.0.3029.110 Safari/537.3"
85.203.23.46 - - [24/Mar/2026:15:29:22 +0800] "GET /wp-content/plugins/admin.php HTTP/1.1" 404 47 "-" "Mozilla/5.0 (Windows NT 10.0; Win64; x64) AppleWebKit/537.36 (KHTML, like Gecko) Chrome/58.0.3029.110 Safari/537.3"
85.203.23.46 - - [24/Mar/2026:15:29:22 +0800] "GET /wp-includes/blocks/comment-reply-link/ HTTP/1.1" 403 548 "-" "Mozilla/5.0 (Windows NT 10.0; Win64; x64) AppleWebKit/537.36 (KHTML, like Gecko) Chrome/58.0.3029.110 Safari/537.3"
85.203.23.46 - - [24/Mar/2026:15:29:22 +0800] "GET /wp-includes/blocks/pattern/ HTTP/1.1" 403 548 "-" "Mozilla/5.0 (Windows NT 10.0; Win64; x64) AppleWebKit/537.36 (KHTML, like Gecko) Chrome/58.0.3029.110 Safari/537.3"
85.203.23.46 - - [24/Mar/2026:15:29:23 +0800] "GET /wp-includes/blocks/comments-pagination-numbers/ HTTP/1.1" 403 548 "-" "Mozilla/5.0 (Windows NT 10.0; Win64; x64) AppleWebKit/537.36 (KHTML, like Gecko) Chrome/58.0.3029.110 Safari/537.3"
85.203.23.46 - - [24/Mar/2026:15:29:23 +0800] "GET /wp-includes/js/dist/script-modules/block-library/navigation/ HTTP/1.1" 403 548 "-" "Mozilla/5.0 (Windows NT 10.0; Win64; x64) AppleWebKit/537.36 (KHTML, like Gecko) Chrome/58.0.3029.110 Safari/537.3"
85.203.23.46 - - [24/Mar/2026:15:29:23 +0800] "GET /wp-includes/js/tinymce/skins/lightgray/fonts/ HTTP/1.1" 403 548 "-" "Mozilla/5.0 (Windows NT 10.0; Win64; x64) AppleWebKit/537.36 (KHTML, like Gecko) Chrome/58.0.3029.110 Safari/537.3"
85.203.23.46 - - [24/Mar/2026:15:29:24 +0800] "GET /install.php HTTP/1.1" 404 47 "-" "Mozilla/5.0 (Windows NT 10.0; Win64; x64) AppleWebKit/537.36 (KHTML, like Gecko) Chrome/58.0.3029.110 Safari/537.3"
85.203.23.46 - - [24/Mar/2026:15:29:24 +0800] "GET /wp-includes/blocks/legacy-widget/ HTTP/1.1" 403 548 "-" "Mozilla/5.0 (Windows NT 10.0; Win64; x64) AppleWebKit/537.36 (KHTML, like Gecko) Chrome/58.0.3029.110 Safari/537.3"
85.203.23.46 - - [24/Mar/2026:15:29:25 +0800] "GET /ALFA_DATA/alfacgiapi/ HTTP/1.1" 404 8950 "-" "Mozilla/5.0 (Windows NT 10.0; Win64; x64) AppleWebKit/537.36 (KHTML, like Gecko) Chrome/58.0.3029.110 Safari/537.3"
85.203.23.46 - - [24/Mar/2026:15:29:25 +0800] "GET /wp-includes/customize/wp-conflg.php?p= HTTP/1.1" 404 47 "-" "Mozilla/5.0 (Windows NT 10.0; Win64; x64) AppleWebKit/537.36 (KHTML, like Gecko) Chrome/58.0.3029.110 Safari/537.3"
85.203.23.46 - - [24/Mar/2026:15:29:26 +0800] "GET /wp-includes/js/dist/ HTTP/1.1" 403 548 "-" "Mozilla/5.0 (Windows NT 10.0; Win64; x64) AppleWebKit/537.36 (KHTML, like Gecko) Chrome/58.0.3029.110 Safari/537.3"
85.203.23.46 - - [24/Mar/2026:15:29:26 +0800] "GET /ws.php HTTP/1.1" 404 47 "-" "Mozilla/5.0 (Windows NT 10.0; Win64; x64) AppleWebKit/537.36 (KHTML, like Gecko) Chrome/58.0.3029.110 Safari/537.3"
85.203.23.46 - - [24/Mar/2026:15:29:26 +0800] "GET /classwithtostring.php HTTP/1.1" 404 47 "-" "Mozilla/5.0 (Windows NT 10.0; Win64; x64) AppleWebKit/537.36 (KHTML, like Gecko) Chrome/58.0.3029.110 Safari/537.3"
85.203.23.46 - - [24/Mar/2026:15:29:26 +0800] "GET /wp-content/plugins/wordpress-seo/inc/WPSEO.php HTTP/1.1" 404 47 "-" "Mozilla/5.0 (Windows NT 10.0; Win64; x64) AppleWebKit/537.36 (KHTML, like Gecko) Chrome/58.0.3029.110 Safari/537.3"
85.203.23.46 - - [24/Mar/2026:15:29:27 +0800] "GET /wp-content/plugins/elementor/core/files/base.php HTTP/1.1" 200 31 "-" "Mozilla/5.0 (Windows NT 10.0; Win64; x64) AppleWebKit/537.36 (KHTML, like Gecko) Chrome/58.0.3029.110 Safari/537.3"
85.203.23.46 - - [24/Mar/2026:15:29:27 +0800] "GET /wp-content/plugins/woocommerce/includes/admin/reports/class-wc-report-orders-stats.php HTTP/1.1" 404 47 "-" "Mozilla/5.0 (Windows NT 10.0; Win64; x64) AppleWebKit/537.36 (KHTML, like Gecko) Chrome/58.0.3029.110 Safari/537.3"
85.203.23.46 - - [24/Mar/2026:15:29:27 +0800] "GET /wp-content/plugins/contact-form-7/admin/js/contact-form-7-admin.js.php HTTP/1.1" 404 47 "-" "Mozilla/5.0 (Windows NT 10.0; Win64; x64) AppleWebKit/537.36 (KHTML, like Gecko) Chrome/58.0.3029.110 Safari/537.3"
85.203.23.46 - - [24/Mar/2026:15:29:27 +0800] "GET /wp-content/plugins/revslider/temp/update_extract/revslider.php HTTP/1.1" 404 47 "-" "Mozilla/5.0 (Windows NT 10.0; Win64; x64) AppleWebKit/537.36 (KHTML, like Gecko) Chrome/58.0.3029.110 Safari/537.3"
85.203.23.46 - - [24/Mar/2026:15:29:28 +0800] "GET /wp-content/plugins/wp-file-manager/lib/php/connector.minimal.php HTTP/1.1" 404 47 "-" "Mozilla/5.0 (Windows NT 10.0; Win64; x64) AppleWebKit/537.36 (KHTML, like Gecko) Chrome/58.0.3029.110 Safari/537.3"
85.203.23.46 - - [24/Mar/2026:15:29:28 +0800] "GET /wp-content/languages/plugins/shell.php HTTP/1.1" 404 47 "-" "Mozilla/5.0 (Windows NT 10.0; Win64; x64) AppleWebKit/537.36 (KHTML, like Gecko) Chrome/58.0.3029.110 Safari/537.3"
85.203.23.46 - - [24/Mar/2026:15:29:28 +0800] "GET /wp-content/upgrade/shell.php HTTP/1.1" 404 47 "-" "Mozilla/5.0 (Windows NT 10.0; Win64; x64) AppleWebKit/537.36 (KHTML, like Gecko) Chrome/58.0.3029.110 Safari/537.3"
85.203.23.46 - - [24/Mar/2026:15:29:28 +0800] "GET /wp-settings.php HTTP/1.1" 500 5 "-" "Mozilla/5.0 (Windows NT 10.0; Win64; x64) AppleWebKit/537.36 (KHTML, like Gecko) Chrome/58.0.3029.110 Safari/537.3"
85.203.23.46 - - [24/Mar/2026:15:29:29 +0800] "GET /wp-blog-header.php HTTP/1.1" 404 31 "-" "Mozilla/5.0 (Windows NT 10.0; Win64; x64) AppleWebKit/537.36 (KHTML, like Gecko) Chrome/58.0.3029.110 Safari/537.3"
85.203.23.46 - - [24/Mar/2026:15:29:29 +0800] "GET /storage/framework/cache/data/shell.php HTTP/1.1" 404 47 "-" "Mozilla/5.0 (Windows NT 10.0; Win64; x64) AppleWebKit/537.36 (KHTML, like Gecko) Chrome/58.0.3029.110 Safari/537.3"
85.203.23.46 - - [24/Mar/2026:15:29:30 +0800] "GET /wp-content/cache/supercache/shell.php HTTP/1.1" 404 47 "-" "Mozilla/5.0 (Windows NT 10.0; Win64; x64) AppleWebKit/537.36 (KHTML, like Gecko) Chrome/58.0.3029.110 Safari/537.3"
85.203.23.46 - - [24/Mar/2026:15:29:30 +0800] "GET /wp-content/advanced-cache.php HTTP/1.1" 200 31 "-" "Mozilla/5.0 (Windows NT 10.0; Win64; x64) AppleWebKit/537.36 (KHTML, like Gecko) Chrome/58.0.3029.110 Safari/537.3"
85.203.23.46 - - [24/Mar/2026:15:29:30 +0800] "GET /wp-includes/blocks/latest-posts.php HTTP/1.1" 500 5 "-" "Mozilla/5.0 (Windows NT 10.0; Win64; x64) AppleWebKit/537.36 (KHTML, like Gecko) Chrome/58.0.3029.110 Safari/537.3"
85.203.23.46 - - [24/Mar/2026:15:29:30 +0800] "GET /wp-includes/blocks/rss.php HTTP/1.1" 500 5 "-" "Mozilla/5.0 (Windows NT 10.0; Win64; x64) AppleWebKit/537.36 (KHTML, like Gecko) Chrome/58.0.3029.110 Safari/537.3"
85.203.23.46 - - [24/Mar/2026:15:29:31 +0800] "GET /wp-includes/blocks/search.php HTTP/1.1" 500 5 "-" "Mozilla/5.0 (Windows NT 10.0; Win64; x64) AppleWebKit/537.36 (KHTML, like Gecko) Chrome/58.0.3029.110 Safari/537.3"
85.203.23.46 - - [24/Mar/2026:15:29:31 +0800] "GET /wp-includes/blocks/post-comments.php HTTP/1.1" 404 47 "-" "Mozilla/5.0 (Windows NT 10.0; Win64; x64) AppleWebKit/537.36 (KHTML, like Gecko) Chrome/58.0.3029.110 Safari/537.3"
85.203.23.46 - - [24/Mar/2026:15:29:31 +0800] "GET /templates/system/core.php HTTP/1.1" 404 47 "-" "Mozilla/5.0 (Windows NT 10.0; Win64; x64) AppleWebKit/537.36 (KHTML, like Gecko) Chrome/58.0.3029.110 Safari/537.3"
85.203.23.46 - - [24/Mar/2026:15:29:31 +0800] "GET /administrator/components/com_ajax/ajax.php HTTP/1.1" 404 47 "-" "Mozilla/5.0 (Windows NT 10.0; Win64; x64) AppleWebKit/537.36 (KHTML, like Gecko) Chrome/58.0.3029.110 Safari/537.3"
85.203.23.46 - - [24/Mar/2026:15:29:32 +0800] "GET /components/com_fields/models/fields.php HTTP/1.1" 404 47 "-" "Mozilla/5.0 (Windows NT 10.0; Win64; x64) AppleWebKit/537.36 (KHTML, like Gecko) Chrome/58.0.3029.110 Safari/537.3"
85.203.23.25 - - [24/Mar/2026:15:29:32 +0800] "GET /modules/mod_login/tmpl/default.php HTTP/1.1" 404 47 "-" "Mozilla/5.0 (Windows NT 10.0; Win64; x64) AppleWebKit/537.36 (KHTML, like Gecko) Chrome/58.0.3029.110 Safari/537.3"
85.203.23.25 - - [24/Mar/2026:15:29:32 +0800] "GET /plugins/system/shell.php HTTP/1.1" 404 47 "-" "Mozilla/5.0 (Windows NT 10.0; Win64; x64) AppleWebKit/537.36 (KHTML, like Gecko) Chrome/58.0.3029.110 Safari/537.3"
85.203.23.25 - - [24/Mar/2026:15:29:33 +0800] "GET /tmp/core.php HTTP/1.1" 404 47 "-" "Mozilla/5.0 (Windows NT 10.0; Win64; x64) AppleWebKit/537.36 (KHTML, like Gecko) Chrome/58.0.3029.110 Safari/537.3"
85.203.23.25 - - [24/Mar/2026:15:29:33 +0800] "GET /cache/core.php HTTP/1.1" 404 47 "-" "Mozilla/5.0 (Windows NT 10.0; Win64; x64) AppleWebKit/537.36 (KHTML, like Gecko) Chrome/58.0.3029.110 Safari/537.3"
85.203.23.25 - - [24/Mar/2026:15:29:33 +0800] "GET /images/core.php HTTP/1.1" 404 47 "-" "Mozilla/5.0 (Windows NT 10.0; Win64; x64) AppleWebKit/537.36 (KHTML, like Gecko) Chrome/58.0.3029.110 Safari/537.3"
85.203.23.25 - - [24/Mar/2026:15:29:33 +0800] "GET /language/overrides/system.php HTTP/1.1" 404 47 "-" "Mozilla/5.0 (Windows NT 10.0; Win64; x64) AppleWebKit/537.36 (KHTML, like Gecko) Chrome/58.0.3029.110 Safari/537.3"
85.203.23.25 - - [24/Mar/2026:15:29:34 +0800] "GET /administrator/cache/core.php HTTP/1.1" 404 47 "-" "Mozilla/5.0 (Windows NT 10.0; Win64; x64) AppleWebKit/537.36 (KHTML, like Gecko) Chrome/58.0.3029.110 Safari/537.3"
85.203.23.25 - - [24/Mar/2026:15:29:34 +0800] "GET /components/com_media/controller.php HTTP/1.1" 404 47 "-" "Mozilla/5.0 (Windows NT 10.0; Win64; x64) AppleWebKit/537.36 (KHTML, like Gecko) Chrome/58.0.3029.110 Safari/537.3"
85.203.23.25 - - [24/Mar/2026:15:29:34 +0800] "GET /templates/[template]/error.php HTTP/1.1" 404 47 "-" "Mozilla/5.0 (Windows NT 10.0; Win64; x64) AppleWebKit/537.36 (KHTML, like Gecko) Chrome/58.0.3029.110 Safari/537.3"
85.203.23.25 - - [24/Mar/2026:15:29:34 +0800] "GET /administrator/modules/mod_login/core.php HTTP/1.1" 404 47 "-" "Mozilla/5.0 (Windows NT 10.0; Win64; x64) AppleWebKit/537.36 (KHTML, like Gecko) Chrome/58.0.3029.110 Safari/537.3"
85.203.23.25 - - [24/Mar/2026:15:29:34 +0800] "GET /plugins/user/profile/core.php HTTP/1.1" 404 47 "-" "Mozilla/5.0 (Windows NT 10.0; Win64; x64) AppleWebKit/537.36 (KHTML, like Gecko) Chrome/58.0.3029.110 Safari/537.3"
85.203.23.25 - - [24/Mar/2026:15:29:35 +0800] "GET /configuration.php HTTP/1.1" 404 47 "-" "Mozilla/5.0 (Windows NT 10.0; Win64; x64) AppleWebKit/537.36 (KHTML, like Gecko) Chrome/58.0.3029.110 Safari/537.3"
85.203.23.25 - - [24/Mar/2026:15:29:35 +0800] "GET /admin/controller/extension/module/shell.php HTTP/1.1" 404 47 "-" "Mozilla/5.0 (Windows NT 10.0; Win64; x64) AppleWebKit/537.36 (KHTML, like Gecko) Chrome/58.0.3029.110 Safari/537.3"
85.203.23.25 - - [24/Mar/2026:15:29:35 +0800] "GET /image/data/core.php HTTP/1.1" 404 47 "-" "Mozilla/5.0 (Windows NT 10.0; Win64; x64) AppleWebKit/537.36 (KHTML, like Gecko) Chrome/58.0.3029.110 Safari/537.3"
85.203.23.25 - - [24/Mar/2026:15:29:35 +0800] "GET /system/storage/cache/core.php HTTP/1.1" 404 47 "-" "Mozilla/5.0 (Windows NT 10.0; Win64; x64) AppleWebKit/537.36 (KHTML, like Gecko) Chrome/58.0.3029.110 Safari/537.3"
85.203.23.25 - - [24/Mar/2026:15:29:36 +0800] "GET /catalog/view/theme/default/template/common/shell.php HTTP/1.1" 404 47 "-" "Mozilla/5.0 (Windows NT 10.0; Win64; x64) AppleWebKit/537.36 (KHTML, like Gecko) Chrome/58.0.3029.110 Safari/537.3"
85.203.23.25 - - [24/Mar/2026:15:29:36 +0800] "GET /admin/view/template/extension/module/shell.php HTTP/1.1" 404 47 "-" "Mozilla/5.0 (Windows NT 10.0; Win64; x64) AppleWebKit/537.36 (KHTML, like Gecko) Chrome/58.0.3029.110 Safari/537.3"
85.203.23.25 - - [24/Mar/2026:15:29:36 +0800] "GET /download/core.php HTTP/1.1" 404 47 "-" "Mozilla/5.0 (Windows NT 10.0; Win64; x64) AppleWebKit/537.36 (KHTML, like Gecko) Chrome/58.0.3029.110 Safari/537.3"
85.203.23.25 - - [24/Mar/2026:15:29:36 +0800] "GET /system/engine/loader.php HTTP/1.1" 404 47 "-" "Mozilla/5.0 (Windows NT 10.0; Win64; x64) AppleWebKit/537.36 (KHTML, like Gecko) Chrome/58.0.3029.110 Safari/537.3"
85.203.23.25 - - [24/Mar/2026:15:29:37 +0800] "GET /admin/controller/common/filemanager/core.php HTTP/1.1" 404 47 "-" "Mozilla/5.0 (Windows NT 10.0; Win64; x64) AppleWebKit/537.36 (KHTML, like Gecko) Chrome/58.0.3029.110 Safari/537.3"
85.203.23.25 - - [24/Mar/2026:15:29:37 +0800] "GET /catalog/controller/journal3/settings.php HTTP/1.1" 404 47 "-" "Mozilla/5.0 (Windows NT 10.0; Win64; x64) AppleWebKit/537.36 (KHTML, like Gecko) Chrome/58.0.3029.110 Safari/537.3"
85.203.23.25 - - [24/Mar/2026:15:29:37 +0800] "GET /storage/app/public/core.php HTTP/1.1" 404 47 "-" "Mozilla/5.0 (Windows NT 10.0; Win64; x64) AppleWebKit/537.36 (KHTML, like Gecko) Chrome/58.0.3029.110 Safari/537.3"
85.203.23.25 - - [24/Mar/2026:15:29:37 +0800] "GET /storage/framework/cache/data/core.php HTTP/1.1" 404 47 "-" "Mozilla/5.0 (Windows NT 10.0; Win64; x64) AppleWebKit/537.36 (KHTML, like Gecko) Chrome/58.0.3029.110 Safari/537.3"
85.203.23.25 - - [24/Mar/2026:15:29:38 +0800] "GET /public/core.php HTTP/1.1" 404 47 "-" "Mozilla/5.0 (Windows NT 10.0; Win64; x64) AppleWebKit/537.36 (KHTML, like Gecko) Chrome/58.0.3029.110 Safari/537.3"
85.203.23.25 - - [24/Mar/2026:15:29:38 +0800] "GET /vendor/composer/installed.php HTTP/1.1" 404 47 "-" "Mozilla/5.0 (Windows NT 10.0; Win64; x64) AppleWebKit/537.36 (KHTML, like Gecko) Chrome/58.0.3029.110 Safari/537.3"
85.203.23.25 - - [24/Mar/2026:15:29:38 +0800] "GET /storage/framework/sessions/core.php HTTP/1.1" 404 47 "-" "Mozilla/5.0 (Windows NT 10.0; Win64; x64) AppleWebKit/537.36 (KHTML, like Gecko) Chrome/58.0.3029.110 Safari/537.3"
85.203.23.25 - - [24/Mar/2026:15:29:38 +0800] "GET /bootstrap/cache/config.php HTTP/1.1" 404 47 "-" "Mozilla/5.0 (Windows NT 10.0; Win64; x64) AppleWebKit/537.36 (KHTML, like Gecko) Chrome/58.0.3029.110 Safari/537.3"
85.203.23.25 - - [24/Mar/2026:15:29:39 +0800] "GET /storage/framework/views/core.php HTTP/1.1" 404 47 "-" "Mozilla/5.0 (Windows NT 10.0; Win64; x64) AppleWebKit/537.36 (KHTML, like Gecko) Chrome/58.0.3029.110 Safari/537.3"
36.133.115.36 - - [24/Mar/2026:15:32:07 +0800] "POST /wp-cron.php?doing_wp_cron=1774337527.3840210437774658203125 HTTP/1.1" 200 31 "-" "WordPress/6.9; http://cqqizhou.com"
110.249.202.105 - - [24/Mar/2026:15:32:07 +0800] "GET /news/2418 HTTP/1.1" 200 23552 "-" "Mozilla/5.0 (Linux; Android 5.0) AppleWebKit/537.36 (KHTML, like Gecko) Mobile Safari/537.36 (compatible; Bytespider; https://zhanzhang.toutiao.com/)"
110.249.202.105 - - [24/Mar/2026:15:32:07 +0800] "GET /wp-content/uploads/2026/02/1770617354-Article_images_W900px-768x479.webp HTTP/1.1" 206 500 "http://cqqizhou.com/news/2418" "Mozilla/5.0 (Linux; Android 5.0) AppleWebKit/537.36 (KHTML, like Gecko) Mobile Safari/537.36 (compatible; Bytespider; https://zhanzhang.toutiao.com/)"
110.249.202.188 - - [24/Mar/2026:15:32:07 +0800] "GET /wp-content/uploads/2026/02/1770617948-Article_images_W900%C3%97500px-768x432.webp HTTP/1.1" 206 500 "http://cqqizhou.com/news/2418" "Mozilla/5.0 (Linux; Android 5.0) AppleWebKit/537.36 (KHTML, like Gecko) Mobile Safari/537.36 (compatible; Bytespider; https://zhanzhang.toutiao.com/)"
110.249.202.20 - - [24/Mar/2026:15:32:07 +0800] "GET /wp-content/uploads/2025/07/1751425283-qizhou.kf_.qq_.com_.webp HTTP/1.1" 206 500 "http://cqqizhou.com/news/2418" "Mozilla/5.0 (Linux; Android 5.0) AppleWebKit/537.36 (KHTML, like Gecko) Mobile Safari/537.36 (compatible; Bytespider; https://zhanzhang.toutiao.com/)"
110.249.202.34 - - [24/Mar/2026:15:32:07 +0800] "GET /wp-content/uploads/revslider/slider-1/1750861156-logistics_Slider_3840%C3%972160_20250625191356-scaled-768x432.webp HTTP/1.1" 206 500 "http://cqqizhou.com/news/2418" "Mozilla/5.0 (Linux; Android 5.0) AppleWebKit/537.36 (KHTML, like Gecko) Mobile Safari/537.36 (compatible; Bytespider; https://zhanzhang.toutiao.com/)"
110.249.202.145 - - [24/Mar/2026:15:32:07 +0800] "GET /wp-content/uploads/2025/07/1753410289-News2000%C3%97400_202571.webp HTTP/1.1" 206 500 "http://cqqizhou.com/news/2418" "Mozilla/5.0 (Linux; Android 5.0) AppleWebKit/537.36 (KHTML, like Gecko) Mobile Safari/537.36 (compatible; Bytespider; https://zhanzhang.toutiao.com/)"
36.133.115.36 - - [24/Mar/2026:15:40:09 +0800] "POST /wp-cron.php?doing_wp_cron=1774338009.4359309673309326171875 HTTP/1.1" 200 31 "-" "WordPress/6.9; http://cqqizhou.com"
4.209.236.21 - - [24/Mar/2026:15:40:09 +0800] "GET /news/2475 HTTP/1.1" 200 26841 "-" "Mozilla/5.0 (Windows NT 10.0; Win64; x64) AppleWebKit/537.36 (KHTML, like Gecko) Chrome/131.0.0.0 Safari/537.36 Edg/131.0.0.0"
36.133.115.36 - - [24/Mar/2026:15:55:40 +0800] "POST /wp-cron.php?doing_wp_cron=1774338940.1922409534454345703125 HTTP/1.1" 200 31 "-" "WordPress/6.9; http://cqqizhou.com"
113.204.67.102 - - [24/Mar/2026:15:55:40 +0800] "GET / HTTP/1.1" 301 5 "https://m.baidu.com/?eqid=8dfa4c7a5e8112f21000000569c24361" "Mozilla/5.0 (iPhone; CPU iPhone OS 14_3 like Mac OS X) AppleWebKit/605.1.15 (KHTML, like Gecko) Mobile/15E148 SP-engine/3.56.0 main/1.0 baiduboxapp/15.52.0.10 (Baidu; P2 14.3) NABar/1.0 themeUA=Theme/default"
113.204.67.102 - - [24/Mar/2026:15:55:41 +0800] "GET /about/ HTTP/1.1" 301 5 "https://m.baidu.com/?eqid=8dfa4c7a5e8112f21000000569c24361" "Mozilla/5.0 (iPhone; CPU iPhone OS 14_3 like Mac OS X) AppleWebKit/605.1.15 (KHTML, like Gecko) Mobile/15E148 SP-engine/3.56.0 main/1.0 baiduboxapp/15.52.0.10 (Baidu; P2 14.3) NABar/1.0 themeUA=Theme/default"
113.204.67.102 - - [24/Mar/2026:15:55:41 +0800] "GET / HTTP/1.1" 200 34810 "https://m.baidu.com/?eqid=8dfa4c7a5e8112f21000000569c24361" "Mozilla/5.0 (iPhone; CPU iPhone OS 14_3 like Mac OS X) AppleWebKit/605.1.15 (KHTML, like Gecko) Mobile/15E148 SP-engine/3.56.0 main/1.0 baiduboxapp/15.52.0.10 (Baidu; P2 14.3) NABar/1.0 themeUA=Theme/default"
113.204.67.102 - - [24/Mar/2026:15:55:42 +0800] "GET /about HTTP/1.1" 200 24159 "https://m.baidu.com/?eqid=8dfa4c7a5e8112f21000000569c24361" "Mozilla/5.0 (iPhone; CPU iPhone OS 14_3 like Mac OS X) AppleWebKit/605.1.15 (KHTML, like Gecko) Mobile/15E148 SP-engine/3.56.0 main/1.0 baiduboxapp/15.52.0.10 (Baidu; P2 14.3) NABar/1.0 themeUA=Theme/default"
36.133.115.36 - - [24/Mar/2026:16:18:53 +0800] "POST /wp-cron.php?doing_wp_cron=1774340333.1771841049194335937500 HTTP/1.1" 200 31 "-" "WordPress/6.9; http://cqqizhou.com"
192.144.148.122 - - [24/Mar/2026:16:18:53 +0800] "GET / HTTP/1.1" 200 34810 "-" "Mozilla/5.0 (iPhone; CPU iPhone OS 13_2_3 like Mac OS X) AppleWebKit/605.1.15 (KHTML, like Gecko) Version/13.0.3 Mobile/15E148 Safari/604.1"
36.133.115.36 - - [24/Mar/2026:16:21:14 +0800] "POST /wp-cron.php?doing_wp_cron=1774340474.6341099739074707031250 HTTP/1.1" 200 31 "-" "WordPress/6.9; http://cqqizhou.com"
49.51.183.84 - - [24/Mar/2026:16:21:14 +0800] "GET / HTTP/1.1" 200 34810 "-" "Mozilla/5.0 (iPhone; CPU iPhone OS 13_2_3 like Mac OS X) AppleWebKit/605.1.15 (KHTML, like Gecko) Version/13.0.3 Mobile/15E148 Safari/604.1"
36.133.115.36 - - [24/Mar/2026:16:34:25 +0800] "POST /wp-cron.php?doing_wp_cron=1774341265.9094529151916503906250 HTTP/1.1" 200 31 "-" "WordPress/6.9; http://cqqizhou.com"
54.39.203.79 - - [24/Mar/2026:16:34:25 +0800] "GET /2475/ HTTP/1.1" 301 5 "-" "Mozilla/5.0 (compatible; AhrefsBot/7.0; +http://ahrefs.com/robot/)"
36.133.115.36 - - [24/Mar/2026:16:41:08 +0800] "POST /wp-cron.php?doing_wp_cron=1774341668.2666559219360351562500 HTTP/1.1" 200 31 "-" "WordPress/6.9; http://cqqizhou.com"
39.156.194.56 - - [24/Mar/2026:16:41:08 +0800] "GET / HTTP/1.1" 301 5 "-" "Mozilla/5.0 (Windows NT 10.0; Win64; x64) AppleWebKit/537.36 (KHTML, like Gecko) Chrome/122.0.0.0 Safari/537.36 Edg/122.0.0.0"
39.156.194.56 - - [24/Mar/2026:16:41:08 +0800] "GET / HTTP/1.1" 200 35249 "-" "Mozilla/5.0 (Windows NT 10.0; Win64; x64) AppleWebKit/537.36 (KHTML, like Gecko) Chrome/122.0.0.0 Safari/537.36 Edg/122.0.0.0"
36.133.115.36 - - [24/Mar/2026:17:02:29 +0800] "POST /wp-cron.php?doing_wp_cron=1774342949.7304270267486572265625 HTTP/1.1" 200 31 "-" "WordPress/6.9; http://cqqizhou.com"
66.249.73.9 - - [24/Mar/2026:17:02:29 +0800] "GET /robots.txt HTTP/1.1" 200 190 "-" "Mozilla/5.0 (compatible; Googlebot/2.1; +http://www.google.com/bot.html)"
66.249.73.8 - - [24/Mar/2026:17:02:30 +0800] "GET /wp-content/uploads/2026/02/1770341655-Article_images_W900px.webp HTTP/1.1" 200 68460 "-" "GoogleOther-Image/1.0"
36.133.115.36 - - [24/Mar/2026:17:09:17 +0800] "POST /wp-cron.php?doing_wp_cron=1774343357.1055550575256347656250 HTTP/1.1" 200 31 "-" "WordPress/6.9; http://cqqizhou.com"
40.124.175.225 - - [24/Mar/2026:17:09:17 +0800] "GET / HTTP/1.1" 301 5 "-" "Mozilla/5.0 zgrab/0.x"
36.133.115.36 - - [24/Mar/2026:17:36:08 +0800] "POST /wp-cron.php?doing_wp_cron=1774344968.8221900463104248046875 HTTP/1.1" 200 31 "-" "WordPress/6.9; http://cqqizhou.com"
176.65.149.235 - - [24/Mar/2026:17:36:09 +0800] "GET / HTTP/1.1" 200 157185 "-" "-"
36.133.115.36 - - [24/Mar/2026:17:39:48 +0800] "POST /wp-cron.php?doing_wp_cron=1774345188.2435579299926757812500 HTTP/1.1" 200 31 "-" "WordPress/6.9; http://cqqizhou.com"
43.163.206.70 - - [24/Mar/2026:17:39:48 +0800] "GET / HTTP/1.1" 301 5 "-" "Mozilla/5.0 (iPhone; CPU iPhone OS 13_2_3 like Mac OS X) AppleWebKit/605.1.15 (KHTML, like Gecko) Version/13.0.3 Mobile/15E148 Safari/604.1"
43.163.206.70 - - [24/Mar/2026:17:39:50 +0800] "GET / HTTP/1.1" 200 34810 "http://www.cqqizhou.com" "Mozilla/5.0 (iPhone; CPU iPhone OS 13_2_3 like Mac OS X) AppleWebKit/605.1.15 (KHTML, like Gecko) Version/13.0.3 Mobile/15E148 Safari/604.1"
36.133.115.36 - - [24/Mar/2026:17:45:35 +0800] "POST /wp-cron.php?doing_wp_cron=1774345535.0469660758972167968750 HTTP/1.1" 200 31 "-" "WordPress/6.9; http://cqqizhou.com"
152.232.49.10 - - [24/Mar/2026:17:45:35 +0800] "GET /contacts/ HTTP/1.1" 301 5 "-" "Mozilla/5.0 (Windows NT 10.0; Win64; x64) AppleWebKit/537.36 (KHTML, like Gecko) Chrome/114.0.0.0 Safari/537.36"
152.232.49.10 - - [24/Mar/2026:17:45:36 +0800] "GET /contacts HTTP/1.1" 200 21638 "http://cqqizhou.com/contacts/" "Mozilla/5.0 (Windows NT 10.0; Win64; x64) AppleWebKit/537.36 (KHTML, like Gecko) Chrome/114.0.0.0 Safari/537.36"
152.232.49.10 - - [24/Mar/2026:17:45:41 +0800] "POST /wp-json/contact-form-7/v1/contact-forms/158/feedback HTTP/1.1" 200 219 "http://cqqizhou.com/contacts" "Mozilla/5.0 (Windows NT 10.0; Win64; x64) AppleWebKit/537.36 (KHTML, like Gecko) Chrome/114.0.0.0 Safari/537.36"
36.133.115.36 - - [24/Mar/2026:17:57:25 +0800] "POST /wp-cron.php?doing_wp_cron=1774346245.3876080513000488281250 HTTP/1.1" 200 31 "-" "WordPress/6.9; http://cqqizhou.com"
139.59.97.55 - - [24/Mar/2026:17:57:25 +0800] "GET / HTTP/1.1" 200 157185 "-" "-"
66.249.73.8 - - [24/Mar/2026:18:02:58 +0800] "GET /wp-content/uploads/2026/02/1770341653-2026252Article_images_W900px.webp HTTP/1.1" 200 97830 "-" "GoogleOther-Image/1.0"
36.133.115.36 - - [24/Mar/2026:18:06:34 +0800] "POST /wp-cron.php?doing_wp_cron=1774346794.1725380420684814453125 HTTP/1.1" 200 31 "-" "WordPress/6.9; http://cqqizhou.com"
43.153.85.46 - - [24/Mar/2026:18:06:34 +0800] "GET / HTTP/1.1" 301 5 "-" "Mozilla/5.0 (iPhone; CPU iPhone OS 13_2_3 like Mac OS X) AppleWebKit/605.1.15 (KHTML, like Gecko) Version/13.0.3 Mobile/15E148 Safari/604.1"
43.153.85.46 - - [24/Mar/2026:18:06:36 +0800] "GET / HTTP/1.1" 200 34810 "http://36.133.115.36" "Mozilla/5.0 (iPhone; CPU iPhone OS 13_2_3 like Mac OS X) AppleWebKit/605.1.15 (KHTML, like Gecko) Version/13.0.3 Mobile/15E148 Safari/604.1"
36.133.115.36 - - [24/Mar/2026:18:22:27 +0800] "POST /wp-cron.php?doing_wp_cron=1774347747.2059500217437744140625 HTTP/1.1" 200 31 "-" "WordPress/6.9; http://cqqizhou.com"
54.39.6.48 - - [24/Mar/2026:18:22:27 +0800] "GET /portfolio/remaining-rolls/ HTTP/1.1" 301 5 "-" "Mozilla/5.0 (compatible; AhrefsBot/7.0; +http://ahrefs.com/robot/)"
36.133.115.36 - - [24/Mar/2026:18:23:47 +0800] "POST /wp-cron.php?doing_wp_cron=1774347827.8475399017333984375000 HTTP/1.1" 200 31 "-" "WordPress/6.9; http://cqqizhou.com"
66.249.73.7 - - [24/Mar/2026:18:23:47 +0800] "GET /news/portfolio/remaining-rolls HTTP/1.1" 200 18772 "-" "Mozilla/5.0 (Linux; Android 6.0.1; Nexus 5X Build/MMB29P) AppleWebKit/537.36 (KHTML, like Gecko) Chrome/145.0.7632.159 Mobile Safari/537.36 (compatible; Googlebot/2.1; +http://www.google.com/bot.html)"
36.133.115.36 - - [24/Mar/2026:18:38:19 +0800] "POST /wp-cron.php?doing_wp_cron=1774348699.0218110084533691406250 HTTP/1.1" 200 31 "-" "WordPress/6.9; http://cqqizhou.com"
176.65.149.234 - - [24/Mar/2026:18:38:19 +0800] "GET / HTTP/1.1" 200 157185 "-" "Mozilla/1.0"
36.133.115.36 - - [24/Mar/2026:19:05:25 +0800] "POST /wp-cron.php?doing_wp_cron=1774350325.8599491119384765625000 HTTP/1.1" 200 31 "-" "WordPress/6.9; http://cqqizhou.com"
54.39.0.57 - - [24/Mar/2026:19:05:25 +0800] "GET /portfolio/hot-dip-galvanized-coil/ HTTP/1.1" 301 5 "-" "Mozilla/5.0 (compatible; AhrefsBot/7.0; +http://ahrefs.com/robot/)"
221.178.143.70 - - [24/Mar/2026:19:36:30 +0800] "GET / HTTP/1.1" 200 35249 "-" "Mozilla/5.0 (Macintosh; Intel Mac OS X 10_11) AppleWebKit/601.1.27 (KHTML, like Gecko) Chrome/47.0.2526.106 Safari/601.1.27"
221.178.143.70 - - [24/Mar/2026:19:38:00 +0800] "GET / HTTP/1.1" 200 35249 "-" "Mozilla/5.0 (X11; U; SunOS i86pc; en-US; rv:1.7.12) Gecko/20051121 Firefox/1.0.7 (Nexenta package 1.0.7)"
36.133.115.36 - - [24/Mar/2026:19:40:40 +0800] "POST /wp-cron.php?doing_wp_cron=1774352440.9105939865112304687500 HTTP/1.1" 200 31 "-" "WordPress/6.9; http://cqqizhou.com"
221.178.143.70 - - [24/Mar/2026:19:40:40 +0800] "GET / HTTP/1.1" 200 34810 "-" "Dalvik/2.1.0 (Linux; U; Android 9.0; ZTE BA520 Build/MRA58K)"
54.39.89.83 - - [24/Mar/2026:19:50:10 +0800] "GET /news/2418 HTTP/1.1" 200 27592 "-" "Mozilla/5.0 (compatible; AhrefsBot/7.0; +http://ahrefs.com/robot/)"
36.133.115.36 - - [24/Mar/2026:20:17:35 +0800] "POST /wp-cron.php?doing_wp_cron=1774354655.5841240882873535156250 HTTP/1.1" 200 31 "-" "WordPress/6.9; http://cqqizhou.com"
45.86.230.123 - - [24/Mar/2026:20:17:35 +0800] "GET / HTTP/1.1" 301 5 "-" "Mozilla/5.0 (X11; Linux x86_64; rv:140.0) Gecko/20100101 Firefox/140.0"
36.133.115.36 - - [24/Mar/2026:20:20:31 +0800] "POST /wp-cron.php?doing_wp_cron=1774354831.9245340824127197265625 HTTP/1.1" 200 31 "-" "WordPress/6.9; http://cqqizhou.com"
154.81.44.86 - - [24/Mar/2026:20:20:31 +0800] "GET /media/ HTTP/1.1" 301 5 "-" "Mozilla/5.0 (Windows NT 10.0; Win64; x64) AppleWebKit/537.36 (KHTML, like Gecko) Chrome/131.0.0.0 Safari/537.36 Edg/131.0.0.0"
36.133.115.36 - - [24/Mar/2026:20:31:18 +0800] "POST /wp-cron.php?doing_wp_cron=1774355478.2443449497222900390625 HTTP/1.1" 200 31 "-" "WordPress/6.9; http://cqqizhou.com"
216.244.66.245 - - [24/Mar/2026:20:31:18 +0800] "GET /robots.txt HTTP/1.1" 200 390 "-" "Mozilla/5.0 (compatible; DotBot/1.2; +https://opensiteexplorer.org/dotbot; help@moz.com)"
220.181.108.144 - - [24/Mar/2026:20:44:22 +0800] "GET / HTTP/1.1" 200 35249 "-" "Mozilla/5.0 (compatible; Baiduspider/2.0; +http://www.baidu.com/search/spider.html)"
116.179.37.55 - - [24/Mar/2026:20:44:22 +0800] "GET / HTTP/1.1" 200 35249 "-" "Mozilla/5.0 (compatible; Baiduspider-render/2.0; +http://www.baidu.com/search/spider.html)"
36.133.115.36 - - [24/Mar/2026:20:47:04 +0800] "POST /wp-cron.php?doing_wp_cron=1774356424.2173259258270263671875 HTTP/1.1" 200 31 "-" "WordPress/6.9; http://cqqizhou.com"
198.244.242.178 - - [24/Mar/2026:20:47:04 +0800] "GET /robots.txt HTTP/1.1" 200 190 "-" "Mozilla/5.0 (compatible; AhrefsBot/7.0; +http://ahrefs.com/robot/)"
54.39.0.196 - - [24/Mar/2026:20:47:06 +0800] "GET /portfolio/duplex-stainless-steel/ HTTP/1.1" 301 5 "-" "Mozilla/5.0 (compatible; AhrefsBot/7.0; +http://ahrefs.com/robot/)"
36.133.115.36 - - [24/Mar/2026:20:55:18 +0800] "POST /wp-cron.php?doing_wp_cron=1774356918.7360110282897949218750 HTTP/1.1" 200 31 "-" "WordPress/6.9; http://cqqizhou.com"
43.155.195.141 - - [24/Mar/2026:20:55:18 +0800] "GET / HTTP/1.1" 200 34810 "-" "Mozilla/5.0 (iPhone; CPU iPhone OS 13_2_3 like Mac OS X) AppleWebKit/605.1.15 (KHTML, like Gecko) Version/13.0.3 Mobile/15E148 Safari/604.1"
36.133.115.36 - - [24/Mar/2026:21:00:37 +0800] "POST /wp-cron.php?doing_wp_cron=1774357237.5865349769592285156250 HTTP/1.1" 200 31 "-" "WordPress/6.9; http://cqqizhou.com"
110.249.201.207 - - [24/Mar/2026:21:00:37 +0800] "GET /robots.txt HTTP/1.1" 200 190 "-" "Mozilla/5.0 (Linux; Android 5.0) AppleWebKit/537.36 (KHTML, like Gecko) Mobile Safari/537.36 (compatible; Bytespider; https://zhanzhang.toutiao.com/)"
36.133.115.36 - - [24/Mar/2026:21:13:19 +0800] "POST /wp-cron.php?doing_wp_cron=1774357999.0005218982696533203125 HTTP/1.1" 200 31 "-" "WordPress/6.9; http://cqqizhou.com"
148.113.128.20 - - [24/Mar/2026:21:13:19 +0800] "GET /portfolio-category/remaining-rolls/ HTTP/1.1" 301 5 "-" "Mozilla/5.0 (compatible; AhrefsBot/7.0; +http://ahrefs.com/robot/)"
220.181.108.92 - - [24/Mar/2026:21:24:12 +0800] "GET / HTTP/1.1" 200 35249 "-" "Mozilla/5.0 (compatible; Baiduspider/2.0; +http://www.baidu.com/search/spider.html)"
116.179.37.179 - - [24/Mar/2026:21:24:12 +0800] "GET / HTTP/1.1" 200 35249 "-" "Mozilla/5.0 (compatible; Baiduspider-render/2.0; +http://www.baidu.com/search/spider.html)"
15.235.96.20 - - [24/Mar/2026:21:43:05 +0800] "GET /news/2418 HTTP/1.1" 200 27592 "-" "Mozilla/5.0 (compatible; AhrefsBot/7.0; +http://ahrefs.com/robot/)"
36.133.115.36 - - [24/Mar/2026:21:43:17 +0800] "POST /wp-cron.php?doing_wp_cron=1774359797.4845969676971435546875 HTTP/1.1" 200 31 "-" "WordPress/6.9; http://cqqizhou.com"
178.62.51.91 - - [24/Mar/2026:21:43:18 +0800] "GET / HTTP/1.1" 200 157185 "-" "-"
36.133.115.36 - - [24/Mar/2026:21:49:41 +0800] "POST /wp-cron.php?doing_wp_cron=1774360181.9144680500030517578125 HTTP/1.1" 200 31 "-" "WordPress/6.9; http://cqqizhou.com"
66.132.186.176 - - [24/Mar/2026:21:49:41 +0800] "GET / HTTP/1.1" 301 5 "-" "Mozilla/5.0 (compatible; CensysInspect/1.1; +https://about.censys.io/)"
36.133.115.36 - - [24/Mar/2026:21:50:54 +0800] "POST /wp-cron.php?doing_wp_cron=1774360254.2695839405059814453125 HTTP/1.1" 200 31 "-" "WordPress/6.9; http://cqqizhou.com"
66.132.186.176 - - [24/Mar/2026:21:50:54 +0800] "GET /security.txt HTTP/1.1" 200 19828 "-" "Mozilla/5.0 (compatible; CensysInspect/1.1; +https://about.censys.io/)"
36.133.115.36 - - [24/Mar/2026:21:51:33 +0800] "POST /wp-cron.php?doing_wp_cron=1774360292.9676699638366699218750 HTTP/1.1" 200 31 "-" "WordPress/6.9; http://cqqizhou.com"
66.132.186.176 - - [24/Mar/2026:21:51:33 +0800] "GET /2bnkat02kjuo HTTP/1.1" 404 8949 "-" "Mozilla/5.0 (compatible; CensysInspect/1.1; +https://about.censys.io/)"
220.181.108.167 - - [24/Mar/2026:22:03:19 +0800] "GET / HTTP/1.1" 200 35249 "-" "Mozilla/5.0 (compatible; Baiduspider/2.0; +http://www.baidu.com/search/spider.html)"
116.179.37.137 - - [24/Mar/2026:22:03:19 +0800] "GET / HTTP/1.1" 200 35249 "-" "Mozilla/5.0 (compatible; Baiduspider-render/2.0; +http://www.baidu.com/search/spider.html)"
36.133.115.36 - - [24/Mar/2026:22:03:26 +0800] "POST /wp-cron.php?doing_wp_cron=1774361006.4817149639129638671875 HTTP/1.1" 200 31 "-" "WordPress/6.9; http://cqqizhou.com"
204.76.203.46 - - [24/Mar/2026:22:03:26 +0800] "GET /85LWV HTTP/1.1" 404 31365 "-" "Mozilla/5.0 (Windows NT 10.0; Win64; x64) AppleWebKit/537.36"
36.133.115.36 - - [24/Mar/2026:22:06:46 +0800] "POST /wp-cron.php?doing_wp_cron=1774361206.1740291118621826171875 HTTP/1.1" 200 31 "-" "WordPress/6.9; http://cqqizhou.com"
91.224.92.125 - - [24/Mar/2026:22:06:46 +0800] "GET /SDK/webLanguage HTTP/1.1" 301 5 "-" "Mozilla/5.0 (Windows NT 10.0; Win64; x64) AppleWebKit/537.36 (KHTML, like Gecko) Chrome/90.0.4430.85 Safari/537.36 Edg/90.0.818.46"
36.133.115.36 - - [24/Mar/2026:22:20:55 +0800] "POST /wp-cron.php?doing_wp_cron=1774362055.1959469318389892578125 HTTP/1.1" 200 31 "-" "WordPress/6.9; http://cqqizhou.com"
173.239.211.59 - - [24/Mar/2026:22:20:55 +0800] "GET /contacts/ HTTP/1.1" 301 5 "-" "Mozilla/5.0 (Windows NT 10.0; Win64; x64) AppleWebKit/537.36 (KHTML, like Gecko) Chrome/114.0.0.0 Safari/537.36"
173.239.211.74 - - [24/Mar/2026:22:20:57 +0800] "GET /contacts HTTP/1.1" 200 21638 "http://cqqizhou.com/contacts/" "Mozilla/5.0 (Windows NT 10.0; Win64; x64) AppleWebKit/537.36 (KHTML, like Gecko) Chrome/114.0.0.0 Safari/537.36"
63.135.161.137 - - [24/Mar/2026:22:21:01 +0800] "POST /wp-json/contact-form-7/v1/contact-forms/158/feedback HTTP/1.1" 200 219 "http://cqqizhou.com/contacts" "Mozilla/5.0 (Windows NT 10.0; Win64; x64) AppleWebKit/537.36 (KHTML, like Gecko) Chrome/114.0.0.0 Safari/537.36"
36.133.115.36 - - [24/Mar/2026:22:38:59 +0800] "POST /wp-cron.php?doing_wp_cron=1774363139.3280088901519775390625 HTTP/1.1" 200 31 "-" "WordPress/6.9; http://cqqizhou.com"
148.113.128.142 - - [24/Mar/2026:22:38:59 +0800] "GET /portfolio-category/dual-phase-steel/ HTTP/1.1" 404 8949 "-" "Mozilla/5.0 (compatible; AhrefsBot/7.0; +http://ahrefs.com/robot/)"
36.133.115.36 - - [24/Mar/2026:22:40:08 +0800] "POST /wp-cron.php?doing_wp_cron=1774363208.9194779396057128906250 HTTP/1.1" 200 31 "-" "WordPress/6.9; http://cqqizhou.com"
43.165.70.220 - - [24/Mar/2026:22:40:08 +0800] "GET / HTTP/1.1" 301 5 "-" "Mozilla/5.0 (iPhone; CPU iPhone OS 13_2_3 like Mac OS X) AppleWebKit/605.1.15 (KHTML, like Gecko) Version/13.0.3 Mobile/15E148 Safari/604.1"
43.165.70.220 - - [24/Mar/2026:22:40:12 +0800] "GET / HTTP/1.1" 200 34809 "http://36.133.115.36" "Mozilla/5.0 (iPhone; CPU iPhone OS 13_2_3 like Mac OS X) AppleWebKit/605.1.15 (KHTML, like Gecko) Version/13.0.3 Mobile/15E148 Safari/604.1"
36.133.115.36 - - [24/Mar/2026:23:07:46 +0800] "POST /wp-cron.php?doing_wp_cron=1774364866.5321960449218750000000 HTTP/1.1" 200 31 "-" "WordPress/6.9; http://cqqizhou.com"
74.7.227.0 - - [24/Mar/2026:23:07:46 +0800] "GET /wp-sitemap.xml HTTP/1.1" 501 253 "-" "Mozilla/5.0 AppleWebKit/537.36 (KHTML, like Gecko; compatible; GPTBot/1.3; +https://openai.com/gptbot)"
51.161.65.209 - - [24/Mar/2026:23:08:00 +0800] "GET /portfolio-category/cold-rolled-coil/ HTTP/1.1" 404 8948 "-" "Mozilla/5.0 (compatible; AhrefsBot/7.0; +http://ahrefs.com/robot/)"
36.133.115.36 - - [24/Mar/2026:23:18:43 +0800] "POST /wp-cron.php?doing_wp_cron=1774365523.1368780136108398437500 HTTP/1.1" 200 31 "-" "WordPress/6.9; http://cqqizhou.com"
64.181.201.187 - - [24/Mar/2026:23:18:43 +0800] "HEAD / HTTP/1.1" 301 0 "-" "Mozilla/5.0 (Windows NT 10.0; Win64; x64) AppleWebKit/537.36 (KHTML, like Gecko) Chrome/131.0.0.0 Safari/537.36"
64.181.201.187 - - [24/Mar/2026:23:18:44 +0800] "HEAD / HTTP/1.1" 499 0 "-" "Mozilla/5.0 (Windows NT 10.0; Win64; x64) AppleWebKit/537.36 (KHTML, like Gecko) Chrome/131.0.0.0 Safari/537.36"
64.181.201.187 - - [24/Mar/2026:23:18:45 +0800] "HEAD / HTTP/1.1" 301 0 "-" "Mozilla/5.0 (Windows NT 10.0; Win64; x64) AppleWebKit/537.36 (KHTML, like Gecko) Chrome/131.0.0.0 Safari/537.36"
36.133.115.36 - - [24/Mar/2026:23:31:34 +0800] "POST /wp-cron.php?doing_wp_cron=1774366294.4998130798339843750000 HTTP/1.1" 200 31 "-" "WordPress/6.9; http://cqqizhou.com"
46.101.218.215 - - [24/Mar/2026:23:31:34 +0800] "GET /.git/config HTTP/1.1" 404 8950 "-" "Mozilla/5.0 (X11; Linux x86_64) AppleWebKit/537.36 (KHTML, like Gecko) Chrome/81.0.4044.129 Safari/537.36"
36.133.115.36 - - [24/Mar/2026:23:38:08 +0800] "POST /wp-cron.php?doing_wp_cron=1774366688.6442389488220214843750 HTTP/1.1" 200 31 "-" "WordPress/6.9; http://cqqizhou.com"
51.161.65.34 - - [24/Mar/2026:23:38:08 +0800] "GET /news/2163 HTTP/1.1" 200 23966 "-" "Mozilla/5.0 (compatible; AhrefsBot/7.0; +http://ahrefs.com/robot/)"
36.133.115.36 - - [24/Mar/2026:23:45:03 +0800] "POST /wp-cron.php?doing_wp_cron=1774367103.4604699611663818359375 HTTP/1.1" 200 31 "-" "WordPress/6.9; http://cqqizhou.com"
45.156.129.133 - - [24/Mar/2026:23:45:03 +0800] "GET / HTTP/1.1" 301 5 "-" "Mozilla/5.0 AppleWebKit/537.36 (KHTML, like Gecko) Chrome/123.0.6312.86 Safari/537.36 BitSightBot/1.0"
36.133.115.36 - - [24/Mar/2026:23:58:38 +0800] "POST /wp-cron.php?doing_wp_cron=1774367918.5673370361328125000000 HTTP/1.1" 200 31 "-" "WordPress/6.9; http://cqqizhou.com"
106.54.62.156 - - [24/Mar/2026:23:58:38 +0800] "GET / HTTP/1.1" 301 5 "-" "Mozilla/5.0 (iPhone; CPU iPhone OS 13_2_3 like Mac OS X) AppleWebKit/605.1.15 (KHTML, like Gecko) Version/13.0.3 Mobile/15E148 Safari/604.1"
106.54.62.156 - - [24/Mar/2026:23:58:43 +0800] "GET / HTTP/1.1" 200 34810 "http://www.cqqizhou.com" "Mozilla/5.0 (iPhone; CPU iPhone OS 13_2_3 like Mac OS X) AppleWebKit/605.1.15 (KHTML, like Gecko) Version/13.0.3 Mobile/15E148 Safari/604.1"
36.133.115.36 - - [24/Mar/2026:23:59:09 +0800] "POST /wp-cron.php?doing_wp_cron=1774367949.3398919105529785156250 HTTP/1.1" 200 31 "-" "WordPress/6.9; http://cqqizhou.com"
216.244.66.245 - - [24/Mar/2026:23:59:09 +0800] "GET /robots.txt HTTP/1.1" 200 390 "-" "Mozilla/5.0 (compatible; DotBot/1.2; +https://opensiteexplorer.org/dotbot; help@moz.com)"