119.84.246.117 - - [19/Mar/2026:17:16:05 +0800] "GET /wp-content/uploads/2026/03/1773722869-1Article_images_W900px.webp HTTP/1.1" 200 28566 "http://cqqizhou.com/" "Mozilla/5.0 (Windows NT 6.1; WOW64; rv:12.0) Gecko/20100101 Firefox/12.0"
119.84.246.117 - - [19/Mar/2026:17:16:05 +0800] "GET /wp-content/uploads/2026/03/1772790791-%E5%B0%81%E9%9D%A2%E5%A4%B4%E5%9B%BEArticle_images_W900%C3%97500px2026.webp HTTP/1.1" 200 52968 "http://cqqizhou.com/" "Mozilla/5.0 (Windows NT 6.1; WOW64; rv:12.0) Gecko/20100101 Firefox/12.0"
119.84.246.117 - - [19/Mar/2026:17:16:05 +0800] "GET /wp-content/uploads/2026/03/1772713922-Article_images_W900px.webp HTTP/1.1" 200 41304 "http://cqqizhou.com/" "Mozilla/5.0 (Windows NT 6.1; WOW64; rv:12.0) Gecko/20100101 Firefox/12.0"
119.84.246.117 - - [19/Mar/2026:17:16:05 +0800] "GET /wp-content/uploads/2025/07/1753454299-Article_images_W900px.webp HTTP/1.1" 200 52418 "http://cqqizhou.com/" "Mozilla/5.0 (Windows NT 6.1; WOW64; rv:12.0) Gecko/20100101 Firefox/12.0"
119.84.246.117 - - [19/Mar/2026:17:16:05 +0800] "GET /wp-content/uploads/2026/02/1772086672-%E5%BC%80%E5%B7%A5%E5%A4%A7%E5%90%89%E5%B0%81%E9%9D%A2%E5%A4%B4%E5%9B%BEArticle_images_W900%C3%97500px.webp HTTP/1.1" 200 99110 "http://cqqizhou.com/" "Mozilla/5.0 (Windows NT 6.1; WOW64; rv:12.0) Gecko/20100101 Firefox/12.0"
36.133.115.36 - - [19/Mar/2026:17:20:59 +0800] "POST /wp-cron.php?doing_wp_cron=1773912059.8129470348358154296875 HTTP/1.1" 200 31 "-" "WordPress/6.9; http://cqqizhou.com"
66.249.73.9 - - [19/Mar/2026:17:20:59 +0800] "GET /news/page/1 HTTP/1.1" 301 5 "-" "Mozilla/5.0 (Linux; Android 6.0.1; Nexus 5X Build/MMB29P) AppleWebKit/537.36 (KHTML, like Gecko) Chrome/145.0.7632.159 Mobile Safari/537.36 (compatible; Googlebot/2.1; +http://www.google.com/bot.html)"
66.249.73.8 - - [19/Mar/2026:17:21:01 +0800] "GET /news HTTP/1.1" 200 19920 "-" "Mozilla/5.0 (Linux; Android 6.0.1; Nexus 5X Build/MMB29P) AppleWebKit/537.36 (KHTML, like Gecko) Chrome/145.0.7632.159 Mobile Safari/537.36 (compatible; Googlebot/2.1; +http://www.google.com/bot.html)"
36.133.115.36 - - [19/Mar/2026:17:33:28 +0800] "POST /wp-cron.php?doing_wp_cron=1773912808.4069290161132812500000 HTTP/1.1" 200 31 "-" "WordPress/6.9; http://cqqizhou.com"
60.191.125.35 - - [19/Mar/2026:17:33:28 +0800] "HEAD http://112.124.42.80:63435/ HTTP/1.1" 200 0 "-" "Mozilla/5.0 (Macintosh; Intel Mac OS X 10_11_6) AppleWebKit/537.36 (KHTML, like Gecko) Chrome/53.0.2785.143 Safari/537.36"
36.133.115.36 - - [19/Mar/2026:17:53:16 +0800] "POST /wp-cron.php?doing_wp_cron=1773913996.9001989364624023437500 HTTP/1.1" 200 31 "-" "WordPress/6.9; http://cqqizhou.com"
110.249.201.53 - - [19/Mar/2026:17:53:16 +0800] "GET /robots.txt HTTP/1.1" 200 190 "-" "Mozilla/5.0 (Linux; Android 5.0) AppleWebKit/537.36 (KHTML, like Gecko) Mobile Safari/537.36 (compatible; Bytespider; https://zhanzhang.toutiao.com/)"
36.133.115.36 - - [19/Mar/2026:18:15:53 +0800] "POST /wp-cron.php?doing_wp_cron=1773915353.2733979225158691406250 HTTP/1.1" 200 31 "-" "WordPress/6.9; http://cqqizhou.com"
216.244.66.245 - - [19/Mar/2026:18:15:53 +0800] "GET /robots.txt HTTP/1.1" 200 390 "-" "Mozilla/5.0 (compatible; DotBot/1.2; +https://opensiteexplorer.org/dotbot; help@moz.com)"
36.133.115.36 - - [19/Mar/2026:18:24:08 +0800] "POST /wp-cron.php?doing_wp_cron=1773915848.9017388820648193359375 HTTP/1.1" 200 31 "-" "WordPress/6.9; http://cqqizhou.com"
216.244.66.245 - - [19/Mar/2026:18:24:08 +0800] "GET /news/2162 HTTP/1.1" 200 78967 "-" "Mozilla/5.0 (compatible; DotBot/1.2; +https://opensiteexplorer.org/dotbot; help@moz.com)"
216.244.66.245 - - [19/Mar/2026:18:24:24 +0800] "GET /news/2373 HTTP/1.1" 200 93650 "-" "Mozilla/5.0 (compatible; DotBot/1.2; +https://opensiteexplorer.org/dotbot; help@moz.com)"
36.133.115.36 - - [19/Mar/2026:18:41:14 +0800] "POST /wp-cron.php?doing_wp_cron=1773916874.7746779918670654296875 HTTP/1.1" 200 31 "-" "WordPress/6.9; http://cqqizhou.com"
220.181.108.145 - - [19/Mar/2026:18:41:15 +0800] "GET /news/2420 HTTP/1.1" 200 19953 "-" "Mozilla/5.0 (compatible; Baiduspider/2.0; +http://www.baidu.com/search/spider.html)"
149.86.227.60 - - [19/Mar/2026:18:41:15 +0800] "GET / HTTP/1.1" 200 157185 "-" "Mozilla/5.0"
36.133.115.36 - - [19/Mar/2026:19:06:33 +0800] "POST /wp-cron.php?doing_wp_cron=1773918393.4502789974212646484375 HTTP/1.1" 200 31 "-" "WordPress/6.9; http://cqqizhou.com"
47.128.31.130 - - [19/Mar/2026:19:06:33 +0800] "GET /robots.txt HTTP/1.1" 200 190 "-" "Mozilla/5.0 (Linux; Android 5.0) AppleWebKit/537.36 (KHTML, like Gecko) Mobile Safari/537.36 (compatible; Bytespider; spider-feedback@bytedance.com)"
103.233.9.167 - - [19/Mar/2026:19:06:55 +0800] "GET /?__kds_flag=post HTTP/1.1" 301 5 "-" "python-requests/2.31.0"
103.233.9.167 - - [19/Mar/2026:19:06:57 +0800] "GET /?__kds_flag=post HTTP/1.1" 200 34809 "-" "python-requests/2.31.0"
36.133.115.36 - - [19/Mar/2026:19:07:51 +0800] "POST /wp-cron.php?doing_wp_cron=1773918471.6272149085998535156250 HTTP/1.1" 200 31 "-" "WordPress/6.9; http://cqqizhou.com"
117.152.16.165 - - [19/Mar/2026:19:07:51 +0800] "GET / HTTP/1.1" 301 5 "-" "Mozilla/5.0 (Windows NT 10.0; Win64; x64) AppleWebKit/537.36"
117.152.16.165 - - [19/Mar/2026:19:07:52 +0800] "GET / HTTP/1.1" 200 158844 "-" "Mozilla/5.0 (Windows NT 10.0; Win64; x64) AppleWebKit/537.36"
36.133.115.36 - - [19/Mar/2026:19:11:46 +0800] "POST /wp-cron.php?doing_wp_cron=1773918706.7122631072998046875000 HTTP/1.1" 200 31 "-" "WordPress/6.9; http://cqqizhou.com"
117.152.16.165 - - [19/Mar/2026:19:11:46 +0800] "GET / HTTP/1.1" 301 5 "-" "Mozilla/5.0 (Windows NT 10.0; Win64; x64) AppleWebKit/537.36"
117.152.16.165 - - [19/Mar/2026:19:11:47 +0800] "GET / HTTP/1.1" 200 158844 "-" "Mozilla/5.0 (Windows NT 10.0; Win64; x64) AppleWebKit/537.36"
36.133.115.36 - - [19/Mar/2026:19:20:09 +0800] "POST /wp-cron.php?doing_wp_cron=1773919209.8319060802459716796875 HTTP/1.1" 200 31 "-" "WordPress/6.9; http://cqqizhou.com"
116.179.32.91 - - [19/Mar/2026:19:20:09 +0800] "GET /wp-json/oembed/1.0/embed?url=http%3A%2F%2Fcqqizhou.com%2Fabout HTTP/1.1" 200 1136 "-" "Mozilla/5.0 (compatible; Baiduspider/2.0; +http://www.baidu.com/search/spider.html)"
36.133.115.36 - - [19/Mar/2026:19:21:10 +0800] "POST /wp-cron.php?doing_wp_cron=1773919270.8158469200134277343750 HTTP/1.1" 200 31 "-" "WordPress/6.9; http://cqqizhou.com"
49.51.243.95 - - [19/Mar/2026:19:21:10 +0800] "GET / HTTP/1.1" 200 34808 "-" "Mozilla/5.0 (iPhone; CPU iPhone OS 13_2_3 like Mac OS X) AppleWebKit/605.1.15 (KHTML, like Gecko) Version/13.0.3 Mobile/15E148 Safari/604.1"
36.133.115.36 - - [19/Mar/2026:19:22:45 +0800] "POST /wp-cron.php?doing_wp_cron=1773919365.2613708972930908203125 HTTP/1.1" 200 31 "-" "WordPress/6.9; http://cqqizhou.com"
103.233.9.167 - - [19/Mar/2026:19:22:45 +0800] "GET /?__kds_flag=post HTTP/1.1" 200 34809 "-" "python-requests/2.31.0"
36.133.115.36 - - [19/Mar/2026:19:25:54 +0800] "POST /wp-cron.php?doing_wp_cron=1773919554.4979770183563232421875 HTTP/1.1" 200 31 "-" "WordPress/6.9; http://cqqizhou.com"
165.22.243.79 - - [19/Mar/2026:19:25:54 +0800] "GET / HTTP/1.1" 200 157185 "-" "-"
36.133.115.36 - - [19/Mar/2026:19:38:21 +0800] "POST /wp-cron.php?doing_wp_cron=1773920301.5231070518493652343750 HTTP/1.1" 200 31 "-" "WordPress/6.9; http://cqqizhou.com"
154.81.43.209 - - [19/Mar/2026:19:38:21 +0800] "GET /Material.html HTTP/1.1" 404 8949 "-" "Mozilla/5.0 (Windows NT 10.0; Win64; x64) AppleWebKit/537.36 (KHTML, like Gecko) Chrome/131.0.0.0 Safari/537.36 Edg/131.0.0.0"
36.133.115.36 - - [19/Mar/2026:19:50:23 +0800] "POST /wp-cron.php?doing_wp_cron=1773921023.2409410476684570312500 HTTP/1.1" 200 31 "-" "WordPress/6.9; http://cqqizhou.com"
43.166.132.142 - - [19/Mar/2026:19:50:23 +0800] "GET / HTTP/1.1" 200 34809 "-" "Mozilla/5.0 (iPhone; CPU iPhone OS 13_2_3 like Mac OS X) AppleWebKit/605.1.15 (KHTML, like Gecko) Version/13.0.3 Mobile/15E148 Safari/604.1"
116.179.32.213 - - [19/Mar/2026:19:59:04 +0800] "GET /wp-content/uploads/2026/03/1772790791-%E5%B0%81%E9%9D%A2%E5%A4%B4%E5%9B%BEArticle_images_W900%C3%97500px2026.webp HTTP/1.1" 200 52968 "-" "Mozilla/5.0 (compatible; Baiduspider/2.0; +http://www.baidu.com/search/spider.html)"
36.133.115.36 - - [19/Mar/2026:20:20:29 +0800] "POST /wp-cron.php?doing_wp_cron=1773922829.3893249034881591796875 HTTP/1.1" 200 31 "-" "WordPress/6.9; http://cqqizhou.com"
156.246.163.246 - - [19/Mar/2026:20:20:29 +0800] "GET /services/ HTTP/1.1" 301 5 "-" "Mozilla/5.0 (Windows NT 10.0; Win64; x64) AppleWebKit/537.36 (KHTML, like Gecko) Chrome/131.0.0.0 Safari/537.36 Edg/131.0.0.0"
154.81.45.250 - - [19/Mar/2026:20:28:42 +0800] "GET /about HTTP/1.1" 200 24505 "-" "Mozilla/5.0 (Windows NT 10.0; Win64; x64) AppleWebKit/537.36 (KHTML, like Gecko) Chrome/131.0.0.0 Safari/537.36 Edg/131.0.0.0"
36.133.115.36 - - [19/Mar/2026:20:38:01 +0800] "POST /wp-cron.php?doing_wp_cron=1773923880.9738700389862060546875 HTTP/1.1" 200 31 "-" "WordPress/6.9; http://cqqizhou.com"
116.179.32.70 - - [19/Mar/2026:20:38:01 +0800] "GET /2214/ HTTP/1.1" 301 5 "-" "Mozilla/5.0 (compatible; Baiduspider/2.0; +http://www.baidu.com/search/spider.html)"
116.179.32.234 - - [19/Mar/2026:20:38:02 +0800] "GET /news/2214 HTTP/1.1" 200 25958 "-" "Mozilla/5.0 (compatible; Baiduspider/2.0; +http://www.baidu.com/search/spider.html)"
36.133.115.36 - - [19/Mar/2026:21:16:55 +0800] "POST /wp-cron.php?doing_wp_cron=1773926215.3612699508666992187500 HTTP/1.1" 200 31 "-" "WordPress/6.9; http://cqqizhou.com"
116.179.32.16 - - [19/Mar/2026:21:16:55 +0800] "GET /portfolio/%E5%86%B7%E8%BD%A7%E6%9D%BF/ HTTP/1.1" 301 5 "-" "Mozilla/5.0 (compatible; Baiduspider/2.0; +http://www.baidu.com/search/spider.html)"
116.179.32.146 - - [19/Mar/2026:21:16:55 +0800] "GET /news/portfolio/%E5%86%B7%E8%BD%A7%E6%9D%BF HTTP/1.1" 200 22188 "-" "Mozilla/5.0 (compatible; Baiduspider/2.0; +http://www.baidu.com/search/spider.html)"
116.179.37.108 - - [19/Mar/2026:21:16:58 +0800] "GET /wp-content/uploads/2025/07/1753456723-%E5%8F%8C%E7%9B%B8%E9%92%A2roduct_Single600-300x300.webp HTTP/1.1" 200 12454 "http://cqqizhou.com/news/portfolio/%E5%86%B7%E8%BD%A7%E6%9D%BF" "Mozilla/5.0 (compatible; Baiduspider-render/2.0; +http://www.baidu.com/search/spider.html)"
36.133.115.36 - - [19/Mar/2026:21:18:18 +0800] "POST /wp-cron.php?doing_wp_cron=1773926298.2082560062408447265625 HTTP/1.1" 200 31 "-" "WordPress/6.9; http://cqqizhou.com"
36.133.108.121 - - [19/Mar/2026:21:18:18 +0800] "HEAD / HTTP/1.1" 301 0 "-" "Mozilla/5.0 (Macintosh; U; Intel Mac OS X 10_6_7; en-us) AppleWebKit/534.16+ (KHTML, like Gecko) Version/5.0.3 Safari/533.19.4"
194.5.82.36 - - [19/Mar/2026:21:35:20 +0800] "GET /inputs.php HTTP/1.1" 404 47 "-" "Mozilla/5.0 (Windows NT 10.0; Win64; x64) AppleWebKit/537.36 (KHTML, like Gecko) Edge/120.0.0.0 Safari/537.36"
194.5.82.166 - - [19/Mar/2026:21:35:21 +0800] "GET /.well-known/core.php HTTP/1.1" 404 47 "-" "Mozilla/5.0 (Windows NT 10.0; Win64; x64) AppleWebKit/537.36 (KHTML, like Gecko) Edge/120.0.0.0 Safari/537.36"
194.5.82.33 - - [19/Mar/2026:21:35:21 +0800] "GET /wp-content/users.php HTTP/1.1" 404 47 "-" "Mozilla/5.0 (Windows NT 10.0; Win64; x64) AppleWebKit/537.36 (KHTML, like Gecko) Edge/120.0.0.0 Safari/537.36"
194.5.82.11 - - [19/Mar/2026:21:35:22 +0800] "GET /wp-content/wp-activate.php HTTP/1.1" 404 47 "-" "Mozilla/5.0 (Windows NT 10.0; Win64; x64) AppleWebKit/537.36 (KHTML, like Gecko) Edge/120.0.0.0 Safari/537.36"
194.5.82.52 - - [19/Mar/2026:21:35:22 +0800] "GET /num.php HTTP/1.1" 404 47 "-" "Mozilla/5.0 (Windows NT 10.0; Win64; x64) AppleWebKit/537.36 (KHTML, like Gecko) Edge/120.0.0.0 Safari/537.36"
194.5.82.49 - - [19/Mar/2026:21:35:23 +0800] "GET /app.php HTTP/1.1" 404 47 "-" "Mozilla/5.0 (Windows NT 10.0; Win64; x64) AppleWebKit/537.36 (KHTML, like Gecko) Edge/120.0.0.0 Safari/537.36"
194.5.82.29 - - [19/Mar/2026:21:35:24 +0800] "GET /wp-includes/php-compat/ HTTP/1.1" 403 146 "-" "Mozilla/5.0 (Windows NT 10.0; Win64; x64) AppleWebKit/537.36 (KHTML, like Gecko) Edge/120.0.0.0 Safari/537.36"
194.5.82.25 - - [19/Mar/2026:21:35:24 +0800] "GET /wp-includes/js/codemirror/config.php HTTP/1.1" 404 47 "-" "Mozilla/5.0 (Windows NT 10.0; Win64; x64) AppleWebKit/537.36 (KHTML, like Gecko) Edge/120.0.0.0 Safari/537.36"
194.5.82.48 - - [19/Mar/2026:21:35:25 +0800] "GET /wp-content/test.php HTTP/1.1" 404 47 "-" "Mozilla/5.0 (Windows NT 10.0; Win64; x64) AppleWebKit/537.36 (KHTML, like Gecko) Edge/120.0.0.0 Safari/537.36"
194.5.82.17 - - [19/Mar/2026:21:35:26 +0800] "GET /wp-includes/header.php HTTP/1.1" 404 47 "-" "Mozilla/5.0 (Windows NT 10.0; Win64; x64) AppleWebKit/537.36 (KHTML, like Gecko) Edge/120.0.0.0 Safari/537.36"
194.5.82.27 - - [19/Mar/2026:21:35:27 +0800] "GET /wp-includes/block-bindings/system_core.php HTTP/1.1" 404 47 "-" "Mozilla/5.0 (Windows NT 10.0; Win64; x64) AppleWebKit/537.36 (KHTML, like Gecko) Edge/120.0.0.0 Safari/537.36"
194.5.82.23 - - [19/Mar/2026:21:35:27 +0800] "GET /system_core.php HTTP/1.1" 404 47 "-" "Mozilla/5.0 (Windows NT 10.0; Win64; x64) AppleWebKit/537.36 (KHTML, like Gecko) Edge/120.0.0.0 Safari/537.36"
194.5.82.25 - - [19/Mar/2026:21:35:28 +0800] "GET /rip.php HTTP/1.1" 404 47 "-" "Mozilla/5.0 (Windows NT 10.0; Win64; x64) AppleWebKit/537.36 (KHTML, like Gecko) Edge/120.0.0.0 Safari/537.36"
194.5.82.5 - - [19/Mar/2026:21:35:28 +0800] "GET /wp-content/uploads/admin.php HTTP/1.1" 404 47 "-" "Mozilla/5.0 (Windows NT 10.0; Win64; x64) AppleWebKit/537.36 (KHTML, like Gecko) Edge/120.0.0.0 Safari/537.36"
194.5.82.13 - - [19/Mar/2026:21:35:29 +0800] "GET /wp-content/plugins/pwnd/pwnd.php HTTP/1.1" 404 47 "-" "Mozilla/5.0 (Windows NT 10.0; Win64; x64) AppleWebKit/537.36 (KHTML, like Gecko) Edge/120.0.0.0 Safari/537.36"
194.5.82.28 - - [19/Mar/2026:21:35:30 +0800] "GET /admin.php HTTP/1.1" 404 47 "-" "Mozilla/5.0 (Windows NT 10.0; Win64; x64) AppleWebKit/537.36 (KHTML, like Gecko) Edge/120.0.0.0 Safari/537.36"
194.5.82.14 - - [19/Mar/2026:21:35:30 +0800] "GET /upload/zczv.php HTTP/1.1" 404 47 "-" "Mozilla/5.0 (Windows NT 10.0; Win64; x64) AppleWebKit/537.36 (KHTML, like Gecko) Edge/120.0.0.0 Safari/537.36"
194.5.82.165 - - [19/Mar/2026:21:35:31 +0800] "GET /wp-content/ HTTP/1.1" 200 31 "-" "Mozilla/5.0 (Windows NT 10.0; Win64; x64) AppleWebKit/537.36 (KHTML, like Gecko) Edge/120.0.0.0 Safari/537.36"
194.5.82.17 - - [19/Mar/2026:21:35:31 +0800] "GET /filemanager.php HTTP/1.1" 404 47 "-" "Mozilla/5.0 (Windows NT 10.0; Win64; x64) AppleWebKit/537.36 (KHTML, like Gecko) Edge/120.0.0.0 Safari/537.36"
36.133.115.36 - - [19/Mar/2026:21:35:33 +0800] "POST /wp-cron.php?doing_wp_cron=1773927332.9841430187225341796875 HTTP/1.1" 200 31 "-" "WordPress/6.9; http://cqqizhou.com"
194.5.82.48 - - [19/Mar/2026:21:35:33 +0800] "GET /admin/ HTTP/1.1" 302 5 "-" "Mozilla/5.0 (Windows NT 10.0; Win64; x64) AppleWebKit/537.36 (KHTML, like Gecko) Edge/120.0.0.0 Safari/537.36"
194.5.82.17 - - [19/Mar/2026:21:35:34 +0800] "GET /wp-admin/ HTTP/1.1" 302 5 "http://cqqizhou.com/admin/" "Mozilla/5.0 (Windows NT 10.0; Win64; x64) AppleWebKit/537.36 (KHTML, like Gecko) Edge/120.0.0.0 Safari/537.36"
194.5.82.165 - - [19/Mar/2026:21:35:37 +0800] "GET /wp-login.php?redirect_to=http%3A%2F%2Fcqqizhou.com%2Fwp-admin%2F&reauth=1 HTTP/1.1" 200 2853 "http://cqqizhou.com/wp-admin/" "Mozilla/5.0 (Windows NT 10.0; Win64; x64) AppleWebKit/537.36 (KHTML, like Gecko) Edge/120.0.0.0 Safari/537.36"
194.5.82.25 - - [19/Mar/2026:21:35:37 +0800] "GET /wp-includes/speculative8.php HTTP/1.1" 404 47 "-" "Mozilla/5.0 (Windows NT 10.0; Win64; x64) AppleWebKit/537.36 (KHTML, like Gecko) Edge/120.0.0.0 Safari/537.36"
194.5.82.5 - - [19/Mar/2026:21:35:38 +0800] "GET /assets/images/selam.php HTTP/1.1" 404 47 "-" "Mozilla/5.0 (Windows NT 10.0; Win64; x64) AppleWebKit/537.36 (KHTML, like Gecko) Edge/120.0.0.0 Safari/537.36"
194.5.82.28 - - [19/Mar/2026:21:35:39 +0800] "GET /item.php HTTP/1.1" 404 47 "-" "Mozilla/5.0 (Windows NT 10.0; Win64; x64) AppleWebKit/537.36 (KHTML, like Gecko) Edge/120.0.0.0 Safari/537.36"
194.5.82.36 - - [19/Mar/2026:21:35:39 +0800] "GET /3PJcpMFsD8B.php HTTP/1.1" 404 47 "-" "Mozilla/5.0 (Windows NT 10.0; Win64; x64) AppleWebKit/537.36 (KHTML, like Gecko) Edge/120.0.0.0 Safari/537.36"
194.5.82.8 - - [19/Mar/2026:21:35:41 +0800] "GET /1.php HTTP/1.1" 404 47 "-" "Mozilla/5.0 (Windows NT 10.0; Win64; x64) AppleWebKit/537.36 (KHTML, like Gecko) Edge/120.0.0.0 Safari/537.36"
194.5.82.33 - - [19/Mar/2026:21:35:41 +0800] "GET /wp-config-sample.php HTTP/1.1" 500 2434 "-" "Mozilla/5.0 (Windows NT 10.0; Win64; x64) AppleWebKit/537.36 (KHTML, like Gecko) Edge/120.0.0.0 Safari/537.36"
194.5.82.6 - - [19/Mar/2026:21:35:42 +0800] "GET /wp-content/plugins/hello-plus/classes/ehp-sarang.php HTTP/1.1" 404 47 "-" "Mozilla/5.0 (Windows NT 10.0; Win64; x64) AppleWebKit/537.36 (KHTML, like Gecko) Edge/120.0.0.0 Safari/537.36"
194.5.82.53 - - [19/Mar/2026:21:35:43 +0800] "GET /fm.php HTTP/1.1" 404 47 "-" "Mozilla/5.0 (Windows NT 10.0; Win64; x64) AppleWebKit/537.36 (KHTML, like Gecko) Edge/120.0.0.0 Safari/537.36"
194.5.82.36 - - [19/Mar/2026:21:35:44 +0800] "GET /wp-content/updraft/plugins-old/updraftplus/vendor/team-updraft/ HTTP/1.1" 404 8950 "-" "Mozilla/5.0 (Windows NT 10.0; Win64; x64) AppleWebKit/537.36 (KHTML, like Gecko) Edge/120.0.0.0 Safari/537.36"
194.5.82.9 - - [19/Mar/2026:21:35:45 +0800] "GET /wp-content/themes/ HTTP/1.1" 200 31 "-" "Mozilla/5.0 (Windows NT 10.0; Win64; x64) AppleWebKit/537.36 (KHTML, like Gecko) Edge/120.0.0.0 Safari/537.36"
194.5.82.44 - - [19/Mar/2026:21:35:45 +0800] "GET /wp-admin/css/ HTTP/1.1" 403 146 "-" "Mozilla/5.0 (Windows NT 10.0; Win64; x64) AppleWebKit/537.36 (KHTML, like Gecko) Edge/120.0.0.0 Safari/537.36"
194.5.82.17 - - [19/Mar/2026:21:35:46 +0800] "GET /wp-content/updates.php HTTP/1.1" 404 47 "-" "Mozilla/5.0 (Windows NT 10.0; Win64; x64) AppleWebKit/537.36 (KHTML, like Gecko) Edge/120.0.0.0 Safari/537.36"
194.5.82.166 - - [19/Mar/2026:21:35:46 +0800] "GET /wp-admin/js/ HTTP/1.1" 403 146 "-" "Mozilla/5.0 (Windows NT 10.0; Win64; x64) AppleWebKit/537.36 (KHTML, like Gecko) Edge/120.0.0.0 Safari/537.36"
194.5.82.23 - - [19/Mar/2026:21:35:47 +0800] "GET /wp-admin/css/colors/modern/ HTTP/1.1" 403 146 "-" "Mozilla/5.0 (Windows NT 10.0; Win64; x64) AppleWebKit/537.36 (KHTML, like Gecko) Edge/120.0.0.0 Safari/537.36"
194.5.82.34 - - [19/Mar/2026:21:35:48 +0800] "GET /class.api.php HTTP/1.1" 404 47 "-" "Mozilla/5.0 (Windows NT 10.0; Win64; x64) AppleWebKit/537.36 (KHTML, like Gecko) Edge/120.0.0.0 Safari/537.36"
194.5.82.4 - - [19/Mar/2026:21:35:49 +0800] "GET /wp-admin/ HTTP/1.1" 302 5 "-" "Mozilla/5.0 (Windows NT 10.0; Win64; x64) AppleWebKit/537.36 (KHTML, like Gecko) Edge/120.0.0.0 Safari/537.36"
194.5.82.18 - - [19/Mar/2026:21:35:50 +0800] "GET /wp-login.php?redirect_to=http%3A%2F%2Fcqqizhou.com%2Fwp-admin%2F&reauth=1 HTTP/1.1" 200 2853 "http://cqqizhou.com/wp-admin/" "Mozilla/5.0 (Windows NT 10.0; Win64; x64) AppleWebKit/537.36 (KHTML, like Gecko) Edge/120.0.0.0 Safari/537.36"
194.5.82.37 - - [19/Mar/2026:21:35:51 +0800] "GET /adminfuns.php HTTP/1.1" 404 47 "-" "Mozilla/5.0 (Windows NT 10.0; Win64; x64) AppleWebKit/537.36 (KHTML, like Gecko) Edge/120.0.0.0 Safari/537.36"
194.5.82.25 - - [19/Mar/2026:21:35:53 +0800] "GET /comments/feed/ HTTP/1.1" 301 5 "-" "Mozilla/5.0 (Windows NT 10.0; Win64; x64) AppleWebKit/537.36 (KHTML, like Gecko) Edge/120.0.0.0 Safari/537.36"
194.5.82.25 - - [19/Mar/2026:21:35:54 +0800] "GET /comments/feed HTTP/1.1" 200 703 "http://cqqizhou.com/comments/feed/" "Mozilla/5.0 (Windows NT 10.0; Win64; x64) AppleWebKit/537.36 (KHTML, like Gecko) Edge/120.0.0.0 Safari/537.36"
194.5.82.27 - - [19/Mar/2026:21:35:55 +0800] "GET /wp-content/admin.php HTTP/1.1" 404 47 "-" "Mozilla/5.0 (Windows NT 10.0; Win64; x64) AppleWebKit/537.36 (KHTML, like Gecko) Edge/120.0.0.0 Safari/537.36"
194.5.82.33 - - [19/Mar/2026:21:35:58 +0800] "GET /wp-admin/network/cache/ HTTP/1.1" 404 8949 "-" "Mozilla/5.0 (Windows NT 10.0; Win64; x64) AppleWebKit/537.36 (KHTML, like Gecko) Edge/120.0.0.0 Safari/537.36"
194.5.82.44 - - [19/Mar/2026:21:35:59 +0800] "GET /mah.php HTTP/1.1" 404 47 "-" "Mozilla/5.0 (Windows NT 10.0; Win64; x64) AppleWebKit/537.36 (KHTML, like Gecko) Edge/120.0.0.0 Safari/537.36"
194.5.82.30 - - [19/Mar/2026:21:35:59 +0800] "GET /wp-admin/shell.php HTTP/1.1" 404 47 "-" "Mozilla/5.0 (Windows NT 10.0; Win64; x64) AppleWebKit/537.36 (KHTML, like Gecko) Edge/120.0.0.0 Safari/537.36"
194.5.82.31 - - [19/Mar/2026:21:36:00 +0800] "GET /goods.php HTTP/1.1" 404 47 "-" "Mozilla/5.0 (Windows NT 10.0; Win64; x64) AppleWebKit/537.36 (KHTML, like Gecko) Edge/120.0.0.0 Safari/537.36"
194.5.82.53 - - [19/Mar/2026:21:36:01 +0800] "GET /wp-content/plugins/revslider/includes/external/page/ HTTP/1.1" 404 8949 "-" "Mozilla/5.0 (Windows NT 10.0; Win64; x64) AppleWebKit/537.36 (KHTML, like Gecko) Edge/120.0.0.0 Safari/537.36"
194.5.82.32 - - [19/Mar/2026:21:36:02 +0800] "GET /bolt.php HTTP/1.1" 404 47 "-" "Mozilla/5.0 (Windows NT 10.0; Win64; x64) AppleWebKit/537.36 (KHTML, like Gecko) Edge/120.0.0.0 Safari/537.36"
194.5.82.16 - - [19/Mar/2026:21:36:04 +0800] "GET /about.php HTTP/1.1" 404 47 "-" "Mozilla/5.0 (Windows NT 10.0; Win64; x64) AppleWebKit/537.36 (KHTML, like Gecko) Edge/120.0.0.0 Safari/537.36"
194.5.82.30 - - [19/Mar/2026:21:36:05 +0800] "GET /wp-includes/blocks/archives/ HTTP/1.1" 403 146 "-" "Mozilla/5.0 (Windows NT 10.0; Win64; x64) AppleWebKit/537.36 (KHTML, like Gecko) Edge/120.0.0.0 Safari/537.36"
194.5.82.26 - - [19/Mar/2026:21:36:07 +0800] "GET /wp-includes/blocks/code/ HTTP/1.1" 403 146 "-" "Mozilla/5.0 (Windows NT 10.0; Win64; x64) AppleWebKit/537.36 (KHTML, like Gecko) Edge/120.0.0.0 Safari/537.36"
194.5.82.17 - - [19/Mar/2026:21:36:07 +0800] "GET /wp-content/uploads/ HTTP/1.1" 403 146 "-" "Mozilla/5.0 (Windows NT 10.0; Win64; x64) AppleWebKit/537.36 (KHTML, like Gecko) Edge/120.0.0.0 Safari/537.36"
194.5.82.46 - - [19/Mar/2026:21:36:08 +0800] "GET /wp-includes/css/dist/block-library/ HTTP/1.1" 403 146 "-" "Mozilla/5.0 (Windows NT 10.0; Win64; x64) AppleWebKit/537.36 (KHTML, like Gecko) Edge/120.0.0.0 Safari/537.36"
194.5.82.9 - - [19/Mar/2026:21:36:10 +0800] "GET /edit.php HTTP/1.1" 404 47 "-" "Mozilla/5.0 (Windows NT 10.0; Win64; x64) AppleWebKit/537.36 (KHTML, like Gecko) Edge/120.0.0.0 Safari/537.36"
194.5.82.8 - - [19/Mar/2026:21:36:10 +0800] "GET /wp-admin/maint/ HTTP/1.1" 403 146 "-" "Mozilla/5.0 (Windows NT 10.0; Win64; x64) AppleWebKit/537.36 (KHTML, like Gecko) Edge/120.0.0.0 Safari/537.36"
194.5.82.15 - - [19/Mar/2026:21:36:11 +0800] "GET /404.php HTTP/1.1" 404 47 "-" "Mozilla/5.0 (Windows NT 10.0; Win64; x64) AppleWebKit/537.36 (KHTML, like Gecko) Edge/120.0.0.0 Safari/537.36"
194.5.82.4 - - [19/Mar/2026:21:36:13 +0800] "GET /wp-content/plugins/advanced-product-fields-for-woocommerce/db.php HTTP/1.1" 404 47 "-" "Mozilla/5.0 (Windows NT 10.0; Win64; x64) AppleWebKit/537.36 (KHTML, like Gecko) Edge/120.0.0.0 Safari/537.36"
194.5.82.4 - - [19/Mar/2026:21:36:18 +0800] "GET /index/function.php HTTP/1.1" 404 47 "-" "Mozilla/5.0 (Windows NT 10.0; Win64; x64) AppleWebKit/537.36 (KHTML, like Gecko) Edge/120.0.0.0 Safari/537.36"
194.5.82.14 - - [19/Mar/2026:21:36:19 +0800] "GET /simple.php HTTP/1.1" 404 47 "-" "Mozilla/5.0 (Windows NT 10.0; Win64; x64) AppleWebKit/537.36 (KHTML, like Gecko) Edge/120.0.0.0 Safari/537.36"
194.5.82.32 - - [19/Mar/2026:21:36:19 +0800] "GET /wp-includes/css/dist/ HTTP/1.1" 403 146 "-" "Mozilla/5.0 (Windows NT 10.0; Win64; x64) AppleWebKit/537.36 (KHTML, like Gecko) Edge/120.0.0.0 Safari/537.36"
194.5.82.37 - - [19/Mar/2026:21:36:20 +0800] "GET /wp-includes/theme-compat/ HTTP/1.1" 403 146 "-" "Mozilla/5.0 (Windows NT 10.0; Win64; x64) AppleWebKit/537.36 (KHTML, like Gecko) Edge/120.0.0.0 Safari/537.36"
36.133.115.36 - - [19/Mar/2026:21:36:21 +0800] "POST /wp-cron.php?doing_wp_cron=1773927381.8825249671936035156250 HTTP/1.1" 200 31 "-" "WordPress/6.9; http://cqqizhou.com"
194.5.82.165 - - [19/Mar/2026:21:36:21 +0800] "GET /wp-admin/includes/images/ HTTP/1.1" 404 8949 "-" "Mozilla/5.0 (Windows NT 10.0; Win64; x64) AppleWebKit/537.36 (KHTML, like Gecko) Edge/120.0.0.0 Safari/537.36"
194.5.82.34 - - [19/Mar/2026:21:36:22 +0800] "GET /wp-content/plugins/so-pinyin-slugs/inc/main_json.php HTTP/1.1" 404 47 "-" "Mozilla/5.0 (Windows NT 10.0; Win64; x64) AppleWebKit/537.36 (KHTML, like Gecko) Edge/120.0.0.0 Safari/537.36"
194.5.82.13 - - [19/Mar/2026:21:36:22 +0800] "GET /x.php HTTP/1.1" 404 47 "-" "Mozilla/5.0 (Windows NT 10.0; Win64; x64) AppleWebKit/537.36 (KHTML, like Gecko) Edge/120.0.0.0 Safari/537.36"
194.5.82.6 - - [19/Mar/2026:21:36:23 +0800] "GET /admin.php?p= HTTP/1.1" 404 47 "-" "Mozilla/5.0 (Windows NT 10.0; Win64; x64) AppleWebKit/537.36 (KHTML, like Gecko) Edge/120.0.0.0 Safari/537.36"
194.5.82.37 - - [19/Mar/2026:21:36:23 +0800] "GET /wp-includes/fonts/ HTTP/1.1" 403 146 "-" "Mozilla/5.0 (Windows NT 10.0; Win64; x64) AppleWebKit/537.36 (KHTML, like Gecko) Edge/120.0.0.0 Safari/537.36"
194.5.82.32 - - [19/Mar/2026:21:36:24 +0800] "GET /wp-includes/js/mediaelement/ HTTP/1.1" 403 146 "-" "Mozilla/5.0 (Windows NT 10.0; Win64; x64) AppleWebKit/537.36 (KHTML, like Gecko) Edge/120.0.0.0 Safari/537.36"
194.5.82.24 - - [19/Mar/2026:21:36:24 +0800] "GET /wp-content/upgrade/ HTTP/1.1" 403 146 "-" "Mozilla/5.0 (Windows NT 10.0; Win64; x64) AppleWebKit/537.36 (KHTML, like Gecko) Edge/120.0.0.0 Safari/537.36"
194.5.82.25 - - [19/Mar/2026:21:36:25 +0800] "GET /wp-includes/widgets/ HTTP/1.1" 403 146 "-" "Mozilla/5.0 (Windows NT 10.0; Win64; x64) AppleWebKit/537.36 (KHTML, like Gecko) Edge/120.0.0.0 Safari/537.36"
194.5.82.52 - - [19/Mar/2026:21:36:26 +0800] "GET /wp-admin/images/ HTTP/1.1" 403 146 "-" "Mozilla/5.0 (Windows NT 10.0; Win64; x64) AppleWebKit/537.36 (KHTML, like Gecko) Edge/120.0.0.0 Safari/537.36"
194.5.82.41 - - [19/Mar/2026:21:36:27 +0800] "GET /wp-includes/assets/ HTTP/1.1" 403 146 "-" "Mozilla/5.0 (Windows NT 10.0; Win64; x64) AppleWebKit/537.36 (KHTML, like Gecko) Edge/120.0.0.0 Safari/537.36"
194.5.82.35 - - [19/Mar/2026:21:36:29 +0800] "GET /wp-admin/includes/ HTTP/1.1" 403 146 "-" "Mozilla/5.0 (Windows NT 10.0; Win64; x64) AppleWebKit/537.36 (KHTML, like Gecko) Edge/120.0.0.0 Safari/537.36"
194.5.82.5 - - [19/Mar/2026:21:36:29 +0800] "GET /wp-includes/css/ HTTP/1.1" 403 146 "-" "Mozilla/5.0 (Windows NT 10.0; Win64; x64) AppleWebKit/537.36 (KHTML, like Gecko) Edge/120.0.0.0 Safari/537.36"
194.5.82.29 - - [19/Mar/2026:21:36:32 +0800] "GET /wp-content/plugins/shell/ HTTP/1.1" 404 8947 "-" "Mozilla/5.0 (Windows NT 10.0; Win64; x64) AppleWebKit/537.36 (KHTML, like Gecko) Edge/120.0.0.0 Safari/537.36"
194.5.82.13 - - [19/Mar/2026:21:36:33 +0800] "GET /private/ HTTP/1.1" 404 8948 "-" "Mozilla/5.0 (Windows NT 10.0; Win64; x64) AppleWebKit/537.36 (KHTML, like Gecko) Edge/120.0.0.0 Safari/537.36"
194.5.82.43 - - [19/Mar/2026:21:36:34 +0800] "GET /wp-content/plugins/filester/assets/css/404.php HTTP/1.1" 404 47 "-" "Mozilla/5.0 (Windows NT 10.0; Win64; x64) AppleWebKit/537.36 (KHTML, like Gecko) Edge/120.0.0.0 Safari/537.36"
194.5.82.33 - - [19/Mar/2026:21:36:34 +0800] "GET /file.php HTTP/1.1" 404 47 "-" "Mozilla/5.0 (Windows NT 10.0; Win64; x64) AppleWebKit/537.36 (KHTML, like Gecko) Edge/120.0.0.0 Safari/537.36"
194.5.82.42 - - [19/Mar/2026:21:36:35 +0800] "GET /wp-content/plugins/hello.php HTTP/1.1" 200 31 "-" "Mozilla/5.0 (Windows NT 10.0; Win64; x64) AppleWebKit/537.36 (KHTML, like Gecko) Edge/120.0.0.0 Safari/537.36"
194.5.82.40 - - [19/Mar/2026:21:36:35 +0800] "GET /wp-includes/Text/about.php HTTP/1.1" 404 47 "-" "Mozilla/5.0 (Windows NT 10.0; Win64; x64) AppleWebKit/537.36 (KHTML, like Gecko) Edge/120.0.0.0 Safari/537.36"
194.5.82.35 - - [19/Mar/2026:21:36:36 +0800] "GET /wp-includes/block-bindings/ HTTP/1.1" 403 146 "-" "Mozilla/5.0 (Windows NT 10.0; Win64; x64) AppleWebKit/537.36 (KHTML, like Gecko) Edge/120.0.0.0 Safari/537.36"
194.5.82.30 - - [19/Mar/2026:21:36:37 +0800] "GET /wp-admin/network/ HTTP/1.1" 302 5 "-" "Mozilla/5.0 (Windows NT 10.0; Win64; x64) AppleWebKit/537.36 (KHTML, like Gecko) Edge/120.0.0.0 Safari/537.36"
194.5.82.46 - - [19/Mar/2026:21:36:39 +0800] "GET /wp-login.php?redirect_to=http%3A%2F%2Fcqqizhou.com%2Fwp-admin%2Fnetwork%2F&reauth=1 HTTP/1.1" 200 2859 "http://cqqizhou.com/wp-admin/network/" "Mozilla/5.0 (Windows NT 10.0; Win64; x64) AppleWebKit/537.36 (KHTML, like Gecko) Edge/120.0.0.0 Safari/537.36"
194.5.82.42 - - [19/Mar/2026:21:36:40 +0800] "GET /wp-includes/sodium_compat/src/Core/ HTTP/1.1" 403 146 "-" "Mozilla/5.0 (Windows NT 10.0; Win64; x64) AppleWebKit/537.36 (KHTML, like Gecko) Edge/120.0.0.0 Safari/537.36"
194.5.82.49 - - [19/Mar/2026:21:36:41 +0800] "GET /222.php HTTP/1.1" 404 47 "-" "Mozilla/5.0 (Windows NT 10.0; Win64; x64) AppleWebKit/537.36 (KHTML, like Gecko) Edge/120.0.0.0 Safari/537.36"
194.5.82.53 - - [19/Mar/2026:21:36:42 +0800] "GET /wp-admin/css/colors/ocean/ HTTP/1.1" 403 146 "-" "Mozilla/5.0 (Windows NT 10.0; Win64; x64) AppleWebKit/537.36 (KHTML, like Gecko) Edge/120.0.0.0 Safari/537.36"
194.5.82.11 - - [19/Mar/2026:21:36:43 +0800] "GET /wp-includes/blocks/comment-content/ HTTP/1.1" 403 146 "-" "Mozilla/5.0 (Windows NT 10.0; Win64; x64) AppleWebKit/537.36 (KHTML, like Gecko) Edge/120.0.0.0 Safari/537.36"
194.5.82.24 - - [19/Mar/2026:21:36:44 +0800] "GET /click.php HTTP/1.1" 404 47 "-" "Mozilla/5.0 (Windows NT 10.0; Win64; x64) AppleWebKit/537.36 (KHTML, like Gecko) Edge/120.0.0.0 Safari/537.36"
194.5.82.14 - - [19/Mar/2026:21:36:44 +0800] "GET /wp-wlx.php HTTP/1.1" 404 47 "-" "Mozilla/5.0 (Windows NT 10.0; Win64; x64) AppleWebKit/537.36 (KHTML, like Gecko) Edge/120.0.0.0 Safari/537.36"
194.5.82.17 - - [19/Mar/2026:21:36:46 +0800] "GET /wp-content/languages/plugins/ HTTP/1.1" 403 146 "-" "Mozilla/5.0 (Windows NT 10.0; Win64; x64) AppleWebKit/537.36 (KHTML, like Gecko) Edge/120.0.0.0 Safari/537.36"
194.5.82.39 - - [19/Mar/2026:21:36:47 +0800] "GET /wp-includes/blocks/nextpage/ HTTP/1.1" 403 146 "-" "Mozilla/5.0 (Windows NT 10.0; Win64; x64) AppleWebKit/537.36 (KHTML, like Gecko) Edge/120.0.0.0 Safari/537.36"
74.7.230.61 - - [19/Mar/2026:21:36:50 +0800] "GET /robots.txt HTTP/1.1" 200 190 "-" "Mozilla/5.0 (Macintosh; Intel Mac OS X 10_15_7) AppleWebKit/537.36 (KHTML, like Gecko) Chrome/131.0.0.0 Safari/537.36; compatible; OAI-SearchBot/1.3; robots.txt; +https://openai.com/searchbot"
194.5.82.17 - - [19/Mar/2026:21:36:50 +0800] "GET /wp-admin/maint/includes/ HTTP/1.1" 404 8946 "-" "Mozilla/5.0 (Windows NT 10.0; Win64; x64) AppleWebKit/537.36 (KHTML, like Gecko) Edge/120.0.0.0 Safari/537.36"
194.5.82.15 - - [19/Mar/2026:21:36:52 +0800] "GET /wp-includes/ HTTP/1.1" 403 146 "-" "Mozilla/5.0 (Windows NT 10.0; Win64; x64) AppleWebKit/537.36 (KHTML, like Gecko) Edge/120.0.0.0 Safari/537.36"
194.5.82.28 - - [19/Mar/2026:21:36:52 +0800] "GET /wp-includes/blocks/details/ HTTP/1.1" 403 146 "-" "Mozilla/5.0 (Windows NT 10.0; Win64; x64) AppleWebKit/537.36 (KHTML, like Gecko) Edge/120.0.0.0 Safari/537.36"
194.5.82.46 - - [19/Mar/2026:21:36:53 +0800] "GET /wp-content/buy.php HTTP/1.1" 404 47 "-" "Mozilla/5.0 (Windows NT 10.0; Win64; x64) AppleWebKit/537.36 (KHTML, like Gecko) Edge/120.0.0.0 Safari/537.36"
194.5.82.30 - - [19/Mar/2026:21:36:53 +0800] "GET /wp-includes/sodium_compat/lib/ HTTP/1.1" 403 146 "-" "Mozilla/5.0 (Windows NT 10.0; Win64; x64) AppleWebKit/537.36 (KHTML, like Gecko) Edge/120.0.0.0 Safari/537.36"
194.5.82.42 - - [19/Mar/2026:21:36:54 +0800] "GET /wp-includes/blocks/image/ HTTP/1.1" 403 146 "-" "Mozilla/5.0 (Windows NT 10.0; Win64; x64) AppleWebKit/537.36 (KHTML, like Gecko) Edge/120.0.0.0 Safari/537.36"
194.5.82.17 - - [19/Mar/2026:21:36:54 +0800] "GET /wp-themes.php HTTP/1.1" 404 47 "-" "Mozilla/5.0 (Windows NT 10.0; Win64; x64) AppleWebKit/537.36 (KHTML, like Gecko) Edge/120.0.0.0 Safari/537.36"
194.5.82.20 - - [19/Mar/2026:21:36:55 +0800] "GET /wp-includes/images/ HTTP/1.1" 403 146 "-" "Mozilla/5.0 (Windows NT 10.0; Win64; x64) AppleWebKit/537.36 (KHTML, like Gecko) Edge/120.0.0.0 Safari/537.36"
194.5.82.44 - - [19/Mar/2026:21:36:57 +0800] "GET /wp-admin/css/colors/light/ HTTP/1.1" 403 146 "-" "Mozilla/5.0 (Windows NT 10.0; Win64; x64) AppleWebKit/537.36 (KHTML, like Gecko) Edge/120.0.0.0 Safari/537.36"
194.5.82.44 - - [19/Mar/2026:21:36:57 +0800] "GET /wp-content/themes/theme-check/main.php HTTP/1.1" 404 47 "-" "Mozilla/5.0 (Windows NT 10.0; Win64; x64) AppleWebKit/537.36 (KHTML, like Gecko) Edge/120.0.0.0 Safari/537.36"
194.5.82.34 - - [19/Mar/2026:21:36:58 +0800] "GET /wp-admin/css/colors/ HTTP/1.1" 403 146 "-" "Mozilla/5.0 (Windows NT 10.0; Win64; x64) AppleWebKit/537.36 (KHTML, like Gecko) Edge/120.0.0.0 Safari/537.36"
194.5.82.5 - - [19/Mar/2026:21:37:00 +0800] "GET /wp-admin.php HTTP/1.1" 404 47 "-" "Mozilla/5.0 (Windows NT 10.0; Win64; x64) AppleWebKit/537.36 (KHTML, like Gecko) Edge/120.0.0.0 Safari/537.36"
194.5.82.23 - - [19/Mar/2026:21:37:03 +0800] "GET /wp-admin/css/colors/blue/ HTTP/1.1" 403 146 "-" "Mozilla/5.0 (Windows NT 10.0; Win64; x64) AppleWebKit/537.36 (KHTML, like Gecko) Edge/120.0.0.0 Safari/537.36"
194.5.82.15 - - [19/Mar/2026:21:37:09 +0800] "GET /wp-includes/blocks/post-comments-form/ HTTP/1.1" 403 146 "-" "Mozilla/5.0 (Windows NT 10.0; Win64; x64) AppleWebKit/537.36 (KHTML, like Gecko) Edge/120.0.0.0 Safari/537.36"
194.5.82.50 - - [19/Mar/2026:21:37:10 +0800] "GET /wp-content/themes/radio.php HTTP/1.1" 404 47 "-" "Mozilla/5.0 (Windows NT 10.0; Win64; x64) AppleWebKit/537.36 (KHTML, like Gecko) Edge/120.0.0.0 Safari/537.36"
194.5.82.6 - - [19/Mar/2026:21:37:10 +0800] "GET /wp-content/plugins/template-singl-portfolio.php HTTP/1.1" 404 47 "-" "Mozilla/5.0 (Windows NT 10.0; Win64; x64) AppleWebKit/537.36 (KHTML, like Gecko) Edge/120.0.0.0 Safari/537.36"
194.5.82.53 - - [19/Mar/2026:21:37:11 +0800] "GET /wp-content/themes/404.php HTTP/1.1" 404 47 "-" "Mozilla/5.0 (Windows NT 10.0; Win64; x64) AppleWebKit/537.36 (KHTML, like Gecko) Edge/120.0.0.0 Safari/537.36"
36.133.115.36 - - [19/Mar/2026:21:37:12 +0800] "POST /wp-cron.php?doing_wp_cron=1773927432.7086799144744873046875 HTTP/1.1" 200 31 "-" "WordPress/6.9; http://cqqizhou.com"
194.5.82.38 - - [19/Mar/2026:21:37:12 +0800] "GET /wp-includes/html-api/widgets/ HTTP/1.1" 404 8949 "-" "Mozilla/5.0 (Windows NT 10.0; Win64; x64) AppleWebKit/537.36 (KHTML, like Gecko) Edge/120.0.0.0 Safari/537.36"
194.5.82.52 - - [19/Mar/2026:21:37:13 +0800] "GET /options.php HTTP/1.1" 404 47 "-" "Mozilla/5.0 (Windows NT 10.0; Win64; x64) AppleWebKit/537.36 (KHTML, like Gecko) Edge/120.0.0.0 Safari/537.36"
194.5.82.4 - - [19/Mar/2026:21:37:13 +0800] "GET /wp.php HTTP/1.1" 404 47 "-" "Mozilla/5.0 (Windows NT 10.0; Win64; x64) AppleWebKit/537.36 (KHTML, like Gecko) Edge/120.0.0.0 Safari/537.36"
194.5.82.13 - - [19/Mar/2026:21:37:15 +0800] "GET /wp-includes/ID3/ HTTP/1.1" 403 146 "-" "Mozilla/5.0 (Windows NT 10.0; Win64; x64) AppleWebKit/537.36 (KHTML, like Gecko) Edge/120.0.0.0 Safari/537.36"
194.5.82.35 - - [19/Mar/2026:21:37:15 +0800] "GET /wp-includes/js/tinymce/themes/about.php HTTP/1.1" 404 47 "-" "Mozilla/5.0 (Windows NT 10.0; Win64; x64) AppleWebKit/537.36 (KHTML, like Gecko) Edge/120.0.0.0 Safari/537.36"
194.5.82.29 - - [19/Mar/2026:21:37:16 +0800] "GET /mah/function.php HTTP/1.1" 404 47 "-" "Mozilla/5.0 (Windows NT 10.0; Win64; x64) AppleWebKit/537.36 (KHTML, like Gecko) Edge/120.0.0.0 Safari/537.36"
194.5.82.8 - - [19/Mar/2026:21:37:16 +0800] "GET /wp-content/themes/admin.php HTTP/1.1" 404 47 "-" "Mozilla/5.0 (Windows NT 10.0; Win64; x64) AppleWebKit/537.36 (KHTML, like Gecko) Edge/120.0.0.0 Safari/537.36"
194.5.82.8 - - [19/Mar/2026:21:37:17 +0800] "GET /wp-includes/blocks/column/ HTTP/1.1" 403 146 "-" "Mozilla/5.0 (Windows NT 10.0; Win64; x64) AppleWebKit/537.36 (KHTML, like Gecko) Edge/120.0.0.0 Safari/537.36"
194.5.82.38 - - [19/Mar/2026:21:37:17 +0800] "GET /ahax.php HTTP/1.1" 404 47 "-" "Mozilla/5.0 (Windows NT 10.0; Win64; x64) AppleWebKit/537.36 (KHTML, like Gecko) Edge/120.0.0.0 Safari/537.36"
194.5.82.42 - - [19/Mar/2026:21:37:18 +0800] "GET /wp-includes/blocks/post-terms/ HTTP/1.1" 403 146 "-" "Mozilla/5.0 (Windows NT 10.0; Win64; x64) AppleWebKit/537.36 (KHTML, like Gecko) Edge/120.0.0.0 Safari/537.36"
194.5.82.39 - - [19/Mar/2026:21:37:19 +0800] "GET /wp-includes/sitemaps/ HTTP/1.1" 403 146 "-" "Mozilla/5.0 (Windows NT 10.0; Win64; x64) AppleWebKit/537.36 (KHTML, like Gecko) Edge/120.0.0.0 Safari/537.36"
194.5.82.11 - - [19/Mar/2026:21:37:19 +0800] "GET /wp-includes/js/imgareaselect/ HTTP/1.1" 403 146 "-" "Mozilla/5.0 (Windows NT 10.0; Win64; x64) AppleWebKit/537.36 (KHTML, like Gecko) Edge/120.0.0.0 Safari/537.36"
194.5.82.30 - - [19/Mar/2026:21:37:20 +0800] "GET /wp-content/about.php HTTP/1.1" 404 47 "-" "Mozilla/5.0 (Windows NT 10.0; Win64; x64) AppleWebKit/537.36 (KHTML, like Gecko) Edge/120.0.0.0 Safari/537.36"
194.5.82.14 - - [19/Mar/2026:21:37:21 +0800] "GET /abcd.php HTTP/1.1" 404 47 "-" "Mozilla/5.0 (Windows NT 10.0; Win64; x64) AppleWebKit/537.36 (KHTML, like Gecko) Edge/120.0.0.0 Safari/537.36"
194.5.82.50 - - [19/Mar/2026:21:37:21 +0800] "GET /ioxi-o.php HTTP/1.1" 404 47 "-" "Mozilla/5.0 (Windows NT 10.0; Win64; x64) AppleWebKit/537.36 (KHTML, like Gecko) Edge/120.0.0.0 Safari/537.36"
194.5.82.38 - - [19/Mar/2026:21:37:22 +0800] "GET /wp-content/themes/twentytwentyfour/patterns/template-singl-portfolio.php HTTP/1.1" 404 47 "-" "Mozilla/5.0 (Windows NT 10.0; Win64; x64) AppleWebKit/537.36 (KHTML, like Gecko) Edge/120.0.0.0 Safari/537.36"
194.5.82.5 - - [19/Mar/2026:21:37:22 +0800] "GET /wp-update.php HTTP/1.1" 404 47 "-" "Mozilla/5.0 (Windows NT 10.0; Win64; x64) AppleWebKit/537.36 (KHTML, like Gecko) Edge/120.0.0.0 Safari/537.36"
194.5.82.47 - - [19/Mar/2026:21:37:23 +0800] "GET /wp-includes/Text/Diff/ HTTP/1.1" 403 146 "-" "Mozilla/5.0 (Windows NT 10.0; Win64; x64) AppleWebKit/537.36 (KHTML, like Gecko) Edge/120.0.0.0 Safari/537.36"
194.5.82.14 - - [19/Mar/2026:21:37:24 +0800] "GET /radio.php HTTP/1.1" 404 47 "-" "Mozilla/5.0 (Windows NT 10.0; Win64; x64) AppleWebKit/537.36 (KHTML, like Gecko) Edge/120.0.0.0 Safari/537.36"
194.5.82.15 - - [19/Mar/2026:21:37:24 +0800] "GET /user.php HTTP/1.1" 404 47 "-" "Mozilla/5.0 (Windows NT 10.0; Win64; x64) AppleWebKit/537.36 (KHTML, like Gecko) Edge/120.0.0.0 Safari/537.36"
194.5.82.41 - - [19/Mar/2026:21:37:26 +0800] "GET /info.php HTTP/1.1" 200 49 "-" "Mozilla/5.0 (Windows NT 10.0; Win64; x64) AppleWebKit/537.36 (KHTML, like Gecko) Edge/120.0.0.0 Safari/537.36"
194.5.82.6 - - [19/Mar/2026:21:37:28 +0800] "GET /wp-content/plugins/ HTTP/1.1" 200 31 "-" "Mozilla/5.0 (Windows NT 10.0; Win64; x64) AppleWebKit/537.36 (KHTML, like Gecko) Edge/120.0.0.0 Safari/537.36"
194.5.82.19 - - [19/Mar/2026:21:37:29 +0800] "GET /bless.php HTTP/1.1" 404 47 "-" "Mozilla/5.0 (Windows NT 10.0; Win64; x64) AppleWebKit/537.36 (KHTML, like Gecko) Edge/120.0.0.0 Safari/537.36"
194.5.82.32 - - [19/Mar/2026:21:37:30 +0800] "GET /wp-links-opml.php HTTP/1.1" 200 178 "-" "Mozilla/5.0 (Windows NT 10.0; Win64; x64) AppleWebKit/537.36 (KHTML, like Gecko) Edge/120.0.0.0 Safari/537.36"
194.5.82.26 - - [19/Mar/2026:21:37:31 +0800] "GET /wp-admin/css/colors/PHPMailer/s HTTP/1.1" 301 5 "-" "Mozilla/5.0 (Windows NT 10.0; Win64; x64) AppleWebKit/537.36 (KHTML, like Gecko) Edge/120.0.0.0 Safari/537.36"
194.5.82.38 - - [19/Mar/2026:21:37:34 +0800] "GET /logistics/service HTTP/1.1" 200 19426 "http://cqqizhou.com/wp-admin/css/colors/PHPMailer/s" "Mozilla/5.0 (Windows NT 10.0; Win64; x64) AppleWebKit/537.36 (KHTML, like Gecko) Edge/120.0.0.0 Safari/537.36"
194.5.82.18 - - [19/Mar/2026:21:37:35 +0800] "GET /as.php HTTP/1.1" 404 47 "-" "Mozilla/5.0 (Windows NT 10.0; Win64; x64) AppleWebKit/537.36 (KHTML, like Gecko) Edge/120.0.0.0 Safari/537.36"
194.5.82.51 - - [19/Mar/2026:21:37:35 +0800] "GET /wp-includes/blocks/pullquote/ HTTP/1.1" 403 146 "-" "Mozilla/5.0 (Windows NT 10.0; Win64; x64) AppleWebKit/537.36 (KHTML, like Gecko) Edge/120.0.0.0 Safari/537.36"
194.5.82.43 - - [19/Mar/2026:21:37:36 +0800] "GET /wp-content/themes/twentytwentyone/template-parts/ HTTP/1.1" 404 8949 "-" "Mozilla/5.0 (Windows NT 10.0; Win64; x64) AppleWebKit/537.36 (KHTML, like Gecko) Edge/120.0.0.0 Safari/537.36"
194.5.82.4 - - [19/Mar/2026:21:37:38 +0800] "GET /wp-includes/PHPMailer/widgets/ HTTP/1.1" 404 8949 "-" "Mozilla/5.0 (Windows NT 10.0; Win64; x64) AppleWebKit/537.36 (KHTML, like Gecko) Edge/120.0.0.0 Safari/537.36"
194.5.82.9 - - [19/Mar/2026:21:37:39 +0800] "GET /wp-includes/blocks/social-links/ HTTP/1.1" 403 146 "-" "Mozilla/5.0 (Windows NT 10.0; Win64; x64) AppleWebKit/537.36 (KHTML, like Gecko) Edge/120.0.0.0 Safari/537.36"
194.5.82.6 - - [19/Mar/2026:21:37:40 +0800] "GET /ab.php HTTP/1.1" 404 47 "-" "Mozilla/5.0 (Windows NT 10.0; Win64; x64) AppleWebKit/537.36 (KHTML, like Gecko) Edge/120.0.0.0 Safari/537.36"
194.5.82.51 - - [19/Mar/2026:21:37:41 +0800] "GET /wp-includes/blocks/navigation-submenu/ HTTP/1.1" 403 146 "-" "Mozilla/5.0 (Windows NT 10.0; Win64; x64) AppleWebKit/537.36 (KHTML, like Gecko) Edge/120.0.0.0 Safari/537.36"
194.5.82.25 - - [19/Mar/2026:21:37:44 +0800] "GET /wp-includes/blocks/paragraph/ HTTP/1.1" 403 146 "-" "Mozilla/5.0 (Windows NT 10.0; Win64; x64) AppleWebKit/537.36 (KHTML, like Gecko) Edge/120.0.0.0 Safari/537.36"
194.5.82.14 - - [19/Mar/2026:21:37:44 +0800] "GET /aa.php HTTP/1.1" 404 47 "-" "Mozilla/5.0 (Windows NT 10.0; Win64; x64) AppleWebKit/537.36 (KHTML, like Gecko) Edge/120.0.0.0 Safari/537.36"
194.5.82.21 - - [19/Mar/2026:21:37:45 +0800] "GET /wp-includes/blocks/video/ HTTP/1.1" 403 146 "-" "Mozilla/5.0 (Windows NT 10.0; Win64; x64) AppleWebKit/537.36 (KHTML, like Gecko) Edge/120.0.0.0 Safari/537.36"
194.5.82.40 - - [19/Mar/2026:21:37:46 +0800] "GET /wp-content/packed.php HTTP/1.1" 404 47 "-" "Mozilla/5.0 (Windows NT 10.0; Win64; x64) AppleWebKit/537.36 (KHTML, like Gecko) Edge/120.0.0.0 Safari/537.36"
194.5.82.4 - - [19/Mar/2026:21:37:47 +0800] "GET /wp-good.php HTTP/1.1" 404 47 "-" "Mozilla/5.0 (Windows NT 10.0; Win64; x64) AppleWebKit/537.36 (KHTML, like Gecko) Edge/120.0.0.0 Safari/537.36"
194.5.82.13 - - [19/Mar/2026:21:37:47 +0800] "GET /wp-includes/IXR/ HTTP/1.1" 403 146 "-" "Mozilla/5.0 (Windows NT 10.0; Win64; x64) AppleWebKit/537.36 (KHTML, like Gecko) Edge/120.0.0.0 Safari/537.36"
194.5.82.36 - - [19/Mar/2026:21:37:49 +0800] "GET /wp-includes/Text/Diff/Engine/ HTTP/1.1" 403 146 "-" "Mozilla/5.0 (Windows NT 10.0; Win64; x64) AppleWebKit/537.36 (KHTML, like Gecko) Edge/120.0.0.0 Safari/537.36"
194.5.82.29 - - [19/Mar/2026:21:37:49 +0800] "GET /wp-content/languages/ HTTP/1.1" 403 146 "-" "Mozilla/5.0 (Windows NT 10.0; Win64; x64) AppleWebKit/537.36 (KHTML, like Gecko) Edge/120.0.0.0 Safari/537.36"
194.5.82.47 - - [19/Mar/2026:21:37:50 +0800] "GET /wp-admin/about.php HTTP/1.1" 302 5 "-" "Mozilla/5.0 (Windows NT 10.0; Win64; x64) AppleWebKit/537.36 (KHTML, like Gecko) Edge/120.0.0.0 Safari/537.36"
194.5.82.44 - - [19/Mar/2026:21:37:52 +0800] "GET /wp-login.php?redirect_to=http%3A%2F%2Fcqqizhou.com%2Fwp-admin%2Fabout.php&reauth=1 HTTP/1.1" 200 2859 "http://cqqizhou.com/wp-admin/about.php" "Mozilla/5.0 (Windows NT 10.0; Win64; x64) AppleWebKit/537.36 (KHTML, like Gecko) Edge/120.0.0.0 Safari/537.36"
194.5.82.30 - - [19/Mar/2026:21:37:53 +0800] "GET /wp-includes/rest-api/ HTTP/1.1" 403 146 "-" "Mozilla/5.0 (Windows NT 10.0; Win64; x64) AppleWebKit/537.36 (KHTML, like Gecko) Edge/120.0.0.0 Safari/537.36"
194.5.82.15 - - [19/Mar/2026:21:37:54 +0800] "GET /wp-includes/blocks/group/ HTTP/1.1" 403 146 "-" "Mozilla/5.0 (Windows NT 10.0; Win64; x64) AppleWebKit/537.36 (KHTML, like Gecko) Edge/120.0.0.0 Safari/537.36"
194.5.82.33 - - [19/Mar/2026:21:37:55 +0800] "GET /wp-includes/assets/k.php HTTP/1.1" 404 47 "-" "Mozilla/5.0 (Windows NT 10.0; Win64; x64) AppleWebKit/537.36 (KHTML, like Gecko) Edge/120.0.0.0 Safari/537.36"
194.5.82.10 - - [19/Mar/2026:21:37:55 +0800] "GET /wp-content/themes/twentytwentyfour/patterns/file.php HTTP/1.1" 404 47 "-" "Mozilla/5.0 (Windows NT 10.0; Win64; x64) AppleWebKit/537.36 (KHTML, like Gecko) Edge/120.0.0.0 Safari/537.36"
194.5.82.51 - - [19/Mar/2026:21:37:57 +0800] "GET /wp-includes/PHPMailer/ HTTP/1.1" 403 146 "-" "Mozilla/5.0 (Windows NT 10.0; Win64; x64) AppleWebKit/537.36 (KHTML, like Gecko) Edge/120.0.0.0 Safari/537.36"
194.5.82.21 - - [19/Mar/2026:21:37:59 +0800] "GET /wp-content/themes/twentytwentyfour/ HTTP/1.1" 404 8949 "-" "Mozilla/5.0 (Windows NT 10.0; Win64; x64) AppleWebKit/537.36 (KHTML, like Gecko) Edge/120.0.0.0 Safari/537.36"
194.5.82.6 - - [19/Mar/2026:21:38:01 +0800] "GET /wp-json/wp/v2/posts?cmd=system HTTP/1.1" 200 22321 "-" "Mozilla/5.0 (Windows NT 10.0; Win64; x64) AppleWebKit/537.36 (KHTML, like Gecko) Edge/120.0.0.0 Safari/537.36"
194.5.82.4 - - [19/Mar/2026:21:38:09 +0800] "GET /wp-includes/js/dist/development/ HTTP/1.1" 403 146 "-" "Mozilla/5.0 (Windows NT 10.0; Win64; x64) AppleWebKit/537.36 (KHTML, like Gecko) Edge/120.0.0.0 Safari/537.36"
194.5.82.17 - - [19/Mar/2026:21:38:10 +0800] "GET /wp-includes/js/dist HTTP/1.1" 301 162 "-" "Mozilla/5.0 (Windows NT 10.0; Win64; x64) AppleWebKit/537.36 (KHTML, like Gecko) Edge/120.0.0.0 Safari/537.36"
194.5.82.17 - - [19/Mar/2026:21:38:10 +0800] "GET /wp-includes/js/dist/ HTTP/1.1" 403 146 "http://cqqizhou.com/wp-includes/js/dist" "Mozilla/5.0 (Windows NT 10.0; Win64; x64) AppleWebKit/537.36 (KHTML, like Gecko) Edge/120.0.0.0 Safari/537.36"
194.5.82.38 - - [19/Mar/2026:21:38:11 +0800] "GET /wp-includes/css/dist/components/ HTTP/1.1" 403 146 "-" "Mozilla/5.0 (Windows NT 10.0; Win64; x64) AppleWebKit/537.36 (KHTML, like Gecko) Edge/120.0.0.0 Safari/537.36"
194.5.82.48 - - [19/Mar/2026:21:38:12 +0800] "GET /a.php HTTP/1.1" 404 47 "-" "Mozilla/5.0 (Windows NT 10.0; Win64; x64) AppleWebKit/537.36 (KHTML, like Gecko) Edge/120.0.0.0 Safari/537.36"
194.5.82.32 - - [19/Mar/2026:21:38:12 +0800] "GET /admin/function.php HTTP/1.1" 404 47 "-" "Mozilla/5.0 (Windows NT 10.0; Win64; x64) AppleWebKit/537.36 (KHTML, like Gecko) Edge/120.0.0.0 Safari/537.36"
36.133.115.36 - - [19/Mar/2026:21:38:13 +0800] "POST /wp-cron.php?doing_wp_cron=1773927493.9244990348815917968750 HTTP/1.1" 200 31 "-" "WordPress/6.9; http://cqqizhou.com"
194.5.82.31 - - [19/Mar/2026:21:38:13 +0800] "GET /wordpress/wp-admin/maint/ HTTP/1.1" 404 8949 "-" "Mozilla/5.0 (Windows NT 10.0; Win64; x64) AppleWebKit/537.36 (KHTML, like Gecko) Edge/120.0.0.0 Safari/537.36"
194.5.82.10 - - [19/Mar/2026:21:38:14 +0800] "GET /2.php HTTP/1.1" 404 47 "-" "Mozilla/5.0 (Windows NT 10.0; Win64; x64) AppleWebKit/537.36 (KHTML, like Gecko) Edge/120.0.0.0 Safari/537.36"
194.5.82.51 - - [19/Mar/2026:21:38:15 +0800] "GET /wp-includes/js/jcrop/Jcrop.php HTTP/1.1" 404 47 "-" "Mozilla/5.0 (Windows NT 10.0; Win64; x64) AppleWebKit/537.36 (KHTML, like Gecko) Edge/120.0.0.0 Safari/537.36"
194.5.82.11 - - [19/Mar/2026:21:38:15 +0800] "GET /worksec.php HTTP/1.1" 404 47 "-" "Mozilla/5.0 (Windows NT 10.0; Win64; x64) AppleWebKit/537.36 (KHTML, like Gecko) Edge/120.0.0.0 Safari/537.36"
194.5.82.34 - - [19/Mar/2026:21:38:16 +0800] "GET /wp-content/edit-wolf.php HTTP/1.1" 404 47 "-" "Mozilla/5.0 (Windows NT 10.0; Win64; x64) AppleWebKit/537.36 (KHTML, like Gecko) Edge/120.0.0.0 Safari/537.36"
194.5.82.36 - - [19/Mar/2026:21:38:18 +0800] "GET /xmlrpc.php HTTP/1.1" 405 53 "-" "Mozilla/5.0 (Windows NT 10.0; Win64; x64) AppleWebKit/537.36 (KHTML, like Gecko) Edge/120.0.0.0 Safari/537.36"
194.5.82.14 - - [19/Mar/2026:21:38:19 +0800] "GET /wp-file.php HTTP/1.1" 404 47 "-" "Mozilla/5.0 (Windows NT 10.0; Win64; x64) AppleWebKit/537.36 (KHTML, like Gecko) Edge/120.0.0.0 Safari/537.36"
194.5.82.18 - - [19/Mar/2026:21:38:19 +0800] "GET /files.php HTTP/1.1" 404 47 "-" "Mozilla/5.0 (Windows NT 10.0; Win64; x64) AppleWebKit/537.36 (KHTML, like Gecko) Edge/120.0.0.0 Safari/537.36"
194.5.82.40 - - [19/Mar/2026:21:38:19 +0800] "GET /wp-admin/css/colors/sunrise/ HTTP/1.1" 403 146 "-" "Mozilla/5.0 (Windows NT 10.0; Win64; x64) AppleWebKit/537.36 (KHTML, like Gecko) Edge/120.0.0.0 Safari/537.36"
194.5.82.30 - - [19/Mar/2026:21:38:20 +0800] "GET /wp-content/themes/wp-blog.php HTTP/1.1" 404 47 "-" "Mozilla/5.0 (Windows NT 10.0; Win64; x64) AppleWebKit/537.36 (KHTML, like Gecko) Edge/120.0.0.0 Safari/537.36"
36.133.115.36 - - [19/Mar/2026:21:38:21 +0800] "POST /wp-cron.php?doing_wp_cron=1773927501.7862389087677001953125 HTTP/1.1" 200 31 "-" "WordPress/6.9; http://cqqizhou.com"
194.5.82.14 - - [19/Mar/2026:21:38:21 +0800] "GET /wp-admin/user/block-patterns/ HTTP/1.1" 404 8949 "-" "Mozilla/5.0 (Windows NT 10.0; Win64; x64) AppleWebKit/537.36 (KHTML, like Gecko) Edge/120.0.0.0 Safari/537.36"
194.5.82.34 - - [19/Mar/2026:21:38:22 +0800] "GET /wp-content/uploads/elementor/ HTTP/1.1" 403 146 "-" "Mozilla/5.0 (Windows NT 10.0; Win64; x64) AppleWebKit/537.36 (KHTML, like Gecko) Edge/120.0.0.0 Safari/537.36"
194.5.82.12 - - [19/Mar/2026:21:38:22 +0800] "GET /system_log.php HTTP/1.1" 404 47 "-" "Mozilla/5.0 (Windows NT 10.0; Win64; x64) AppleWebKit/537.36 (KHTML, like Gecko) Edge/120.0.0.0 Safari/537.36"
194.5.82.10 - - [19/Mar/2026:21:38:24 +0800] "GET /wp-includes/bk/ HTTP/1.1" 404 8950 "-" "Mozilla/5.0 (Windows NT 10.0; Win64; x64) AppleWebKit/537.36 (KHTML, like Gecko) Edge/120.0.0.0 Safari/537.36"
194.5.82.48 - - [19/Mar/2026:21:38:26 +0800] "GET /wp-content/themes/twentytwentytwo/assets/fonts/ HTTP/1.1" 404 8949 "-" "Mozilla/5.0 (Windows NT 10.0; Win64; x64) AppleWebKit/537.36 (KHTML, like Gecko) Edge/120.0.0.0 Safari/537.36"
194.5.82.10 - - [19/Mar/2026:21:38:27 +0800] "GET /wp-includes/css/dist/customize-widgets/ HTTP/1.1" 403 146 "-" "Mozilla/5.0 (Windows NT 10.0; Win64; x64) AppleWebKit/537.36 (KHTML, like Gecko) Edge/120.0.0.0 Safari/537.36"
194.5.82.19 - - [19/Mar/2026:21:38:27 +0800] "GET /wp-includes/Text/ HTTP/1.1" 403 146 "-" "Mozilla/5.0 (Windows NT 10.0; Win64; x64) AppleWebKit/537.36 (KHTML, like Gecko) Edge/120.0.0.0 Safari/537.36"
194.5.82.20 - - [19/Mar/2026:21:38:28 +0800] "GET /wp-includes/blocks/audio/ HTTP/1.1" 403 146 "-" "Mozilla/5.0 (Windows NT 10.0; Win64; x64) AppleWebKit/537.36 (KHTML, like Gecko) Edge/120.0.0.0 Safari/537.36"
