209.38.224.165 - - [19/Mar/2026:00:35:01 +0800] "GET /public_html/.env HTTP/1.1" 301 5 "-" "Go-http-client/1.1"
209.38.224.165 - - [19/Mar/2026:00:35:02 +0800] "GET /public_html/.env HTTP/1.1" 404 8949 "http://36.133.115.36:80/public_html/.env" "Go-http-client/1.1"
209.38.224.165 - - [19/Mar/2026:00:35:06 +0800] "GET /qa/.env HTTP/1.1" 301 5 "-" "Go-http-client/1.1"
209.38.224.165 - - [19/Mar/2026:00:35:07 +0800] "GET /qa/.env HTTP/1.1" 404 8949 "http://36.133.115.36:80/qa/.env" "Go-http-client/1.1"
36.133.115.36 - - [19/Mar/2026:00:35:13 +0800] "POST /wp-cron.php?doing_wp_cron=1773851713.5916559696197509765625 HTTP/1.1" 200 31 "-" "WordPress/6.9; http://cqqizhou.com"
209.38.224.165 - - [19/Mar/2026:00:35:13 +0800] "GET /sendgrid.env HTTP/1.1" 301 5 "-" "Go-http-client/1.1"
209.38.224.165 - - [19/Mar/2026:00:35:17 +0800] "GET /sendgrid.env HTTP/1.1" 404 8949 "http://36.133.115.36:80/sendgrid.env" "Go-http-client/1.1"
209.38.224.165 - - [19/Mar/2026:00:35:20 +0800] "GET /server/.env HTTP/1.1" 301 5 "-" "Go-http-client/1.1"
209.38.224.165 - - [19/Mar/2026:00:35:22 +0800] "GET /server/.env HTTP/1.1" 404 8949 "http://36.133.115.36:80/server/.env" "Go-http-client/1.1"
209.38.224.165 - - [19/Mar/2026:00:35:25 +0800] "GET /server/api/.env HTTP/1.1" 301 5 "-" "Go-http-client/1.1"
209.38.224.165 - - [19/Mar/2026:00:35:26 +0800] "GET /server/api/.env HTTP/1.1" 404 8949 "http://36.133.115.36:80/server/api/.env" "Go-http-client/1.1"
209.38.224.165 - - [19/Mar/2026:00:35:31 +0800] "GET /server/backend/.env HTTP/1.1" 301 5 "-" "Go-http-client/1.1"
209.38.224.165 - - [19/Mar/2026:00:35:35 +0800] "GET /server/backend/.env HTTP/1.1" 404 8949 "http://36.133.115.36:80/server/backend/.env" "Go-http-client/1.1"
209.38.224.165 - - [19/Mar/2026:00:35:49 +0800] "GET /service/.env HTTP/1.1" 301 5 "-" "Go-http-client/1.1"
209.38.224.165 - - [19/Mar/2026:00:35:50 +0800] "GET /service/.env HTTP/1.1" 404 8947 "http://36.133.115.36:80/service/.env" "Go-http-client/1.1"
209.38.224.165 - - [19/Mar/2026:00:35:53 +0800] "GET /services/.env HTTP/1.1" 301 5 "-" "Go-http-client/1.1"
209.38.224.165 - - [19/Mar/2026:00:36:01 +0800] "GET /services/.env HTTP/1.1" 499 0 "http://36.133.115.36:80/services/.env" "Go-http-client/1.1"
209.38.224.165 - - [19/Mar/2026:00:36:03 +0800] "GET /services/environments.ini HTTP/1.1" 301 5 "-" "Go-http-client/1.1"
36.133.115.36 - - [19/Mar/2026:00:36:09 +0800] "POST /wp-cron.php?doing_wp_cron=1773851769.6720728874206542968750 HTTP/1.1" 200 31 "-" "WordPress/6.9; http://cqqizhou.com"
209.38.224.165 - - [19/Mar/2026:00:36:09 +0800] "GET /services/environments.ini HTTP/1.1" 404 8949 "http://36.133.115.36:80/services/environments.ini" "Go-http-client/1.1"
209.38.224.165 - - [19/Mar/2026:00:36:12 +0800] "GET /shared/.env HTTP/1.1" 301 5 "-" "Go-http-client/1.1"
209.38.224.165 - - [19/Mar/2026:00:36:13 +0800] "GET /shared/.env HTTP/1.1" 404 8947 "http://36.133.115.36:80/shared/.env" "Go-http-client/1.1"
209.38.224.165 - - [19/Mar/2026:00:36:16 +0800] "GET /shop/.env HTTP/1.1" 301 5 "-" "Go-http-client/1.1"
209.38.224.165 - - [19/Mar/2026:00:36:18 +0800] "GET /shop/.env HTTP/1.1" 404 8947 "http://36.133.115.36:80/shop/.env" "Go-http-client/1.1"
209.38.224.165 - - [19/Mar/2026:00:36:23 +0800] "GET /src/.env HTTP/1.1" 301 5 "-" "Go-http-client/1.1"
209.38.224.165 - - [19/Mar/2026:00:36:25 +0800] "GET /src/.env HTTP/1.1" 404 8949 "http://36.133.115.36:80/src/.env" "Go-http-client/1.1"
209.38.224.165 - - [19/Mar/2026:00:36:28 +0800] "GET /src/config/environment.json HTTP/1.1" 301 5 "-" "Go-http-client/1.1"
209.38.224.165 - - [19/Mar/2026:00:36:30 +0800] "GET /src/config/environment.json HTTP/1.1" 404 8947 "http://36.133.115.36:80/src/config/environment.json" "Go-http-client/1.1"
209.38.224.165 - - [19/Mar/2026:00:36:40 +0800] "GET /stage/.env HTTP/1.1" 301 5 "-" "Go-http-client/1.1"
209.38.224.165 - - [19/Mar/2026:00:36:43 +0800] "GET /stage/.env HTTP/1.1" 404 8949 "http://36.133.115.36:80/stage/.env" "Go-http-client/1.1"
209.38.224.165 - - [19/Mar/2026:00:36:46 +0800] "GET /staging/.env HTTP/1.1" 301 5 "-" "Go-http-client/1.1"
209.38.224.165 - - [19/Mar/2026:00:36:48 +0800] "GET /staging/.env HTTP/1.1" 404 8949 "http://36.133.115.36:80/staging/.env" "Go-http-client/1.1"
209.38.224.165 - - [19/Mar/2026:00:36:52 +0800] "GET /stg/.env HTTP/1.1" 301 5 "-" "Go-http-client/1.1"
209.38.224.165 - - [19/Mar/2026:00:36:54 +0800] "GET /stg/.env HTTP/1.1" 404 8950 "http://36.133.115.36:80/stg/.env" "Go-http-client/1.1"
209.38.224.165 - - [19/Mar/2026:00:36:57 +0800] "GET /stripe/.env HTTP/1.1" 301 5 "-" "Go-http-client/1.1"
209.38.224.165 - - [19/Mar/2026:00:37:00 +0800] "GET /stripe/.env HTTP/1.1" 404 8947 "http://36.133.115.36:80/stripe/.env" "Go-http-client/1.1"
209.38.224.165 - - [19/Mar/2026:00:37:07 +0800] "GET /stripe.env HTTP/1.1" 301 5 "-" "Go-http-client/1.1"
36.133.115.36 - - [19/Mar/2026:00:37:14 +0800] "POST /wp-cron.php?doing_wp_cron=1773851834.3488600254058837890625 HTTP/1.1" 200 31 "-" "WordPress/6.9; http://cqqizhou.com"
209.38.224.165 - - [19/Mar/2026:00:37:14 +0800] "GET /test/.env HTTP/1.1" 301 5 "-" "Go-http-client/1.1"
209.38.224.165 - - [19/Mar/2026:00:37:16 +0800] "GET /test/.env HTTP/1.1" 404 8949 "http://36.133.115.36:80/test/.env" "Go-http-client/1.1"
209.38.224.165 - - [19/Mar/2026:00:37:19 +0800] "GET /user/.env HTTP/1.1" 301 5 "-" "Go-http-client/1.1"
209.38.224.165 - - [19/Mar/2026:00:37:25 +0800] "GET /user/.env HTTP/1.1" 404 8949 "http://36.133.115.36:80/user/.env" "Go-http-client/1.1"
209.38.224.165 - - [19/Mar/2026:00:37:31 +0800] "GET /v1/.env HTTP/1.1" 301 5 "-" "Go-http-client/1.1"
209.38.224.165 - - [19/Mar/2026:00:37:35 +0800] "GET /v1/.env HTTP/1.1" 404 8949 "http://36.133.115.36:80/v1/.env" "Go-http-client/1.1"
209.38.224.165 - - [19/Mar/2026:00:37:35 +0800] "GET /stripe.env HTTP/1.1" 499 0 "http://36.133.115.36:80/stripe.env" "Go-http-client/1.1"
209.38.224.165 - - [19/Mar/2026:00:37:38 +0800] "GET /v2/.env HTTP/1.1" 301 5 "-" "Go-http-client/1.1"
209.38.224.165 - - [19/Mar/2026:00:37:39 +0800] "GET /v2/.env HTTP/1.1" 404 8949 "http://36.133.115.36:80/v2/.env" "Go-http-client/1.1"
209.38.224.165 - - [19/Mar/2026:00:37:43 +0800] "GET /v3/.env HTTP/1.1" 301 5 "-" "Go-http-client/1.1"
209.38.224.165 - - [19/Mar/2026:00:37:47 +0800] "GET /v3/.env HTTP/1.1" 404 8949 "http://36.133.115.36:80/v3/.env" "Go-http-client/1.1"
209.38.224.165 - - [19/Mar/2026:00:37:50 +0800] "GET /web/.env HTTP/1.1" 301 5 "-" "Go-http-client/1.1"
209.38.224.165 - - [19/Mar/2026:00:37:52 +0800] "GET /web/.env HTTP/1.1" 404 8949 "http://36.133.115.36:80/web/.env" "Go-http-client/1.1"
209.38.224.165 - - [19/Mar/2026:00:37:57 +0800] "GET /website/.env HTTP/1.1" 301 5 "-" "Go-http-client/1.1"
209.38.224.165 - - [19/Mar/2026:00:38:05 +0800] "GET /website/.env HTTP/1.1" 499 0 "http://36.133.115.36:80/website/.env" "Go-http-client/1.1"
36.133.115.36 - - [19/Mar/2026:01:11:31 +0800] "POST /wp-cron.php?doing_wp_cron=1773853891.5567550659179687500000 HTTP/1.1" 200 31 "-" "WordPress/6.9; http://cqqizhou.com"
18.97.26.74 - - [19/Mar/2026:01:11:31 +0800] "GET / HTTP/1.1" 301 5 "-" "Mozilla/5.0 (Windows NT 6.2;en-US) AppleWebKit/537.32.36 (KHTML, live Gecko) Chrome/50.0.3082.110 Safari/537.32"
18.97.26.74 - - [19/Mar/2026:01:11:32 +0800] "GET / HTTP/1.1" 200 35246 "-" "Mozilla/5.0 (Windows NT 6.2;en-US) AppleWebKit/537.32.36 (KHTML, live Gecko) Chrome/50.0.3082.110 Safari/537.32"
18.97.26.74 - - [19/Mar/2026:01:11:37 +0800] "GET /feed/ HTTP/1.1" 301 5 "-" "Mozilla/5.0 (Macintosh; Intel Mac OS X 10_15_7) AppleWebKit/537.36 (KHTML, like Gecko) Chrome/124.0.0.0 Safari/537.36"
36.133.115.36 - - [19/Mar/2026:01:13:53 +0800] "POST /wp-cron.php?doing_wp_cron=1773854033.1877479553222656250000 HTTP/1.1" 200 31 "-" "WordPress/6.9; http://cqqizhou.com"
68.183.238.42 - - [19/Mar/2026:01:14:06 +0800] "GET / HTTP/1.1" 200 157185 "-" "-"
36.133.115.36 - - [19/Mar/2026:01:16:15 +0800] "POST /wp-cron.php?doing_wp_cron=1773854175.6321680545806884765625 HTTP/1.1" 200 31 "-" "WordPress/6.9; http://cqqizhou.com"
43.173.1.69 - - [19/Mar/2026:01:16:15 +0800] "GET / HTTP/1.1" 301 5 "-" "Mozilla/5.0 (iPhone; CPU iPhone OS 13_2_3 like Mac OS X) AppleWebKit/605.1.15 (KHTML, like Gecko) Version/13.0.3 Mobile/15E148 Safari/604.1"
43.173.1.69 - - [19/Mar/2026:01:16:17 +0800] "GET / HTTP/1.1" 200 34806 "http://36.133.115.36" "Mozilla/5.0 (iPhone; CPU iPhone OS 13_2_3 like Mac OS X) AppleWebKit/605.1.15 (KHTML, like Gecko) Version/13.0.3 Mobile/15E148 Safari/604.1"
36.133.115.36 - - [19/Mar/2026:01:17:26 +0800] "POST /wp-cron.php?doing_wp_cron=1773854246.7812790870666503906250 HTTP/1.1" 200 31 "-" "WordPress/6.9; http://cqqizhou.com"
35.189.227.206 - - [19/Mar/2026:01:17:26 +0800] "GET / HTTP/1.1" 301 5 "-" "python-requests/2.32.5"
36.133.115.36 - - [19/Mar/2026:01:21:02 +0800] "POST /wp-cron.php?doing_wp_cron=1773854462.9440050125122070312500 HTTP/1.1" 200 31 "-" "WordPress/6.9; http://cqqizhou.com"
87.121.84.56 - - [19/Mar/2026:01:21:02 +0800] "GET /dispatch.asp HTTP/1.1" 301 5 "-" "Mozilla/5.0 (Windows NT 10.0; Win64; x64) AppleWebKit/537.36 (KHTML, like Gecko) Chrome/90.0.4430.85 Safari/537.36 Edg/90.0.818.46"
36.133.115.36 - - [19/Mar/2026:01:21:54 +0800] "POST /wp-cron.php?doing_wp_cron=1773854514.6300721168518066406250 HTTP/1.1" 200 31 "-" "WordPress/6.9; http://cqqizhou.com"
115.159.33.43 - - [19/Mar/2026:01:21:54 +0800] "GET / HTTP/1.1" 301 5 "-" "Mozilla/5.0 (Windows NT 10.0; Win64; x64) AppleWebKit/537.36 (KHTML, like Gecko) Chrome/79.0.3945.117 Safari/537.36"
36.133.115.36 - - [19/Mar/2026:01:23:02 +0800] "POST /wp-cron.php?doing_wp_cron=1773854582.6870260238647460937500 HTTP/1.1" 200 31 "-" "WordPress/6.9; http://cqqizhou.com"
51.195.183.49 - - [19/Mar/2026:01:23:02 +0800] "GET /robots.txt HTTP/1.1" 200 190 "-" "Mozilla/5.0 (compatible; AhrefsBot/7.0; +http://ahrefs.com/robot/)"
198.244.240.164 - - [19/Mar/2026:01:23:09 +0800] "GET /news/portfolio/pickled-coil HTTP/1.1" 200 22267 "-" "Mozilla/5.0 (compatible; AhrefsBot/7.0; +http://ahrefs.com/robot/)"
36.133.115.36 - - [19/Mar/2026:01:23:55 +0800] "POST /wp-cron.php?doing_wp_cron=1773854635.8061690330505371093750 HTTP/1.1" 200 31 "-" "WordPress/6.9; http://cqqizhou.com"
66.249.73.9 - - [19/Mar/2026:01:23:55 +0800] "GET /2420/ HTTP/1.1" 301 5 "-" "Mozilla/5.0 (Linux; Android 6.0.1; Nexus 5X Build/MMB29P) AppleWebKit/537.36 (KHTML, like Gecko) Chrome/145.0.7632.159 Mobile Safari/537.36 (compatible; Googlebot/2.1; +http://www.google.com/bot.html)"
66.249.73.9 - - [19/Mar/2026:01:23:57 +0800] "GET /news/2420 HTTP/1.1" 200 19656 "-" "Mozilla/5.0 (Linux; Android 6.0.1; Nexus 5X Build/MMB29P) AppleWebKit/537.36 (KHTML, like Gecko) Chrome/145.0.7632.159 Mobile Safari/537.36 (compatible; Googlebot/2.1; +http://www.google.com/bot.html)"
36.133.115.36 - - [19/Mar/2026:01:39:42 +0800] "POST /wp-cron.php?doing_wp_cron=1773855582.2950100898742675781250 HTTP/1.1" 200 31 "-" "WordPress/6.9; http://cqqizhou.com"
103.230.15.149 - - [19/Mar/2026:01:39:42 +0800] "GET /tools/upload_ajax.ashx HTTP/1.1" 301 5 "-" "Mozilla/5.0 (Windows NT 10.0; WOW64; rv:48.0) Gecko/20100101 Firefox/48.0"
36.133.115.36 - - [19/Mar/2026:01:46:51 +0800] "POST /wp-cron.php?doing_wp_cron=1773856011.5132451057434082031250 HTTP/1.1" 200 31 "-" "WordPress/6.9; http://cqqizhou.com"
182.42.110.255 - - [19/Mar/2026:01:46:51 +0800] "GET / HTTP/1.1" 200 34807 "-" "Mozilla/5.0 (iPhone; CPU iPhone OS 13_2_3 like Mac OS X) AppleWebKit/605.1.15 (KHTML, like Gecko) Version/13.0.3 Mobile/15E148 Safari/604.1"
36.133.115.36 - - [19/Mar/2026:01:49:56 +0800] "POST /wp-cron.php?doing_wp_cron=1773856196.1358559131622314453125 HTTP/1.1" 200 31 "-" "WordPress/6.9; http://cqqizhou.com"
66.249.73.9 - - [19/Mar/2026:01:49:56 +0800] "GET /news/2527 HTTP/1.1" 200 21058 "-" "Mozilla/5.0 (Linux; Android 6.0.1; Nexus 5X Build/MMB29P) AppleWebKit/537.36 (KHTML, like Gecko) Chrome/145.0.7632.159 Mobile Safari/537.36 (compatible; GoogleOther)"
36.133.115.36 - - [19/Mar/2026:01:57:32 +0800] "POST /wp-cron.php?doing_wp_cron=1773856652.5242741107940673828125 HTTP/1.1" 200 31 "-" "WordPress/6.9; http://cqqizhou.com"
165.245.182.247 - - [19/Mar/2026:01:57:32 +0800] "GET / HTTP/1.1" 200 157185 "-" "-"
36.133.115.36 - - [19/Mar/2026:02:16:11 +0800] "POST /wp-cron.php?doing_wp_cron=1773857771.7638120651245117187500 HTTP/1.1" 200 31 "-" "WordPress/6.9; http://cqqizhou.com"
43.153.107.22 - - [19/Mar/2026:02:16:11 +0800] "GET / HTTP/1.1" 200 34808 "-" "Mozilla/5.0 (iPhone; CPU iPhone OS 13_2_3 like Mac OS X) AppleWebKit/605.1.15 (KHTML, like Gecko) Version/13.0.3 Mobile/15E148 Safari/604.1"
36.133.115.36 - - [19/Mar/2026:02:22:19 +0800] "POST /wp-cron.php?doing_wp_cron=1773858139.9611120223999023437500 HTTP/1.1" 200 31 "-" "WordPress/6.9; http://cqqizhou.com"
149.86.227.60 - - [19/Mar/2026:02:22:21 +0800] "GET / HTTP/1.1" 200 157185 "-" "Mozilla/5.0"
36.133.115.36 - - [19/Mar/2026:02:36:37 +0800] "POST /wp-cron.php?doing_wp_cron=1773858997.7801599502563476562500 HTTP/1.1" 200 31 "-" "WordPress/6.9; http://cqqizhou.com"
216.244.66.245 - - [19/Mar/2026:02:36:37 +0800] "GET /robots.txt HTTP/1.1" 200 390 "-" "Mozilla/5.0 (compatible; DotBot/1.2; +https://opensiteexplorer.org/dotbot; help@moz.com)"
36.133.115.36 - - [19/Mar/2026:02:38:56 +0800] "POST /wp-cron.php?doing_wp_cron=1773859135.9873909950256347656250 HTTP/1.1" 200 31 "-" "WordPress/6.9; http://cqqizhou.com"
66.249.73.8 - - [19/Mar/2026:02:38:56 +0800] "GET /media/2 HTTP/1.1" 200 26093 "-" "Mozilla/5.0 (Linux; Android 6.0.1; Nexus 5X Build/MMB29P) AppleWebKit/537.36 (KHTML, like Gecko) Chrome/145.0.7632.159 Mobile Safari/537.36 (compatible; Googlebot/2.1; +http://www.google.com/bot.html)"
36.133.115.36 - - [19/Mar/2026:02:43:11 +0800] "POST /wp-cron.php?doing_wp_cron=1773859391.0271599292755126953125 HTTP/1.1" 200 31 "-" "WordPress/6.9; http://cqqizhou.com"
216.244.66.245 - - [19/Mar/2026:02:43:11 +0800] "GET /news/2486 HTTP/1.1" 200 85262 "-" "Mozilla/5.0 (compatible; DotBot/1.2; +https://opensiteexplorer.org/dotbot; help@moz.com)"
36.133.115.36 - - [19/Mar/2026:03:06:20 +0800] "POST /wp-cron.php?doing_wp_cron=1773860780.7710731029510498046875 HTTP/1.1" 200 31 "-" "WordPress/6.9; http://cqqizhou.com"
136.109.153.196 - - [19/Mar/2026:03:06:20 +0800] "HEAD /wp/ HTTP/1.1" 404 0 "-" "Mozilla/5.0 (Linux; Android 14; Xiaomi 14 Pro) AppleWebKit/537.36 (KHTML, like Gecko) Chrome/126.0.6478.33 Mobile Safari/537.36"
136.109.153.196 - - [19/Mar/2026:03:06:21 +0800] "HEAD /new/ HTTP/1.1" 301 0 "-" "Mozilla/5.0 (Linux; Android 12; TECNO CK6n) AppleWebKit/537.36 (KHTML, like Gecko) Chrome/125.0.6422.50 Mobile Safari/537.36"
136.109.153.196 - - [19/Mar/2026:03:06:23 +0800] "HEAD /news HTTP/1.1" 200 0 "http://cqqizhou.com/new/" "Mozilla/5.0 (Linux; Android 12; TECNO CK6n) AppleWebKit/537.36 (KHTML, like Gecko) Chrome/125.0.6422.50 Mobile Safari/537.36"
136.109.153.196 - - [19/Mar/2026:03:06:24 +0800] "HEAD / HTTP/1.1" 200 0 "-" "Mozilla/5.0 (iPhone; CPU iPhone OS 17_5 like Mac OS X) AppleWebKit/605.1.15 (KHTML, like Gecko) Version/17.5 Mobile/15E148 Safari/604.1"
136.109.153.196 - - [19/Mar/2026:03:06:25 +0800] "HEAD /backup/ HTTP/1.1" 404 0 "-" "Mozilla/5.0 (Linux; Android 13; Infinix X688B) AppleWebKit/537.36 (KHTML, like Gecko) Chrome/124.0.6367.48 Mobile Safari/537.36"
136.109.153.196 - - [19/Mar/2026:03:06:26 +0800] "HEAD /old/ HTTP/1.1" 404 0 "-" "Mozilla/5.0 (Linux; Android 14; Xiaomi 14 Pro) AppleWebKit/537.36 (KHTML, like Gecko) Chrome/126.0.6478.33 Mobile Safari/537.36"
136.109.153.196 - - [19/Mar/2026:03:06:27 +0800] "HEAD /wordpress/ HTTP/1.1" 404 0 "-" "Mozilla/5.0 (iPad; CPU OS 17_4 like Mac OS X) AppleWebKit/605.1.15 (KHTML, like Gecko) Version/17.4 Mobile/15E148 Safari/604.1"
136.109.153.196 - - [19/Mar/2026:03:06:29 +0800] "HEAD /blog/ HTTP/1.1" 404 0 "-" "Mozilla/5.0 (Linux; Android 13; Infinix X688B) AppleWebKit/537.36 (KHTML, like Gecko) Chrome/124.0.6367.48 Mobile Safari/537.36"
198.244.168.84 - - [19/Mar/2026:03:10:28 +0800] "GET /news HTTP/1.1" 200 25844 "-" "Mozilla/5.0 (compatible; AhrefsBot/7.0; +http://ahrefs.com/robot/)"
181.215.21.203 - - [19/Mar/2026:03:29:53 +0800] "GET /wp-content/uploads/2026/02/1770617977-Article_images_W900px.webp HTTP/1.1" 200 43904 "-" "Mozilla/5.0 (compatible; crawler)"
36.133.115.36 - - [19/Mar/2026:03:34:21 +0800] "POST /wp-cron.php?doing_wp_cron=1773862461.0475258827209472656250 HTTP/1.1" 200 31 "-" "WordPress/6.9; http://cqqizhou.com"
188.166.241.2 - - [19/Mar/2026:03:34:21 +0800] "GET / HTTP/1.1" 200 157185 "-" "-"
192.71.126.53 - - [19/Mar/2026:03:37:41 +0800] "GET / HTTP/1.1" 200 35246 "-" "Mozilla/5.0 (Windows NT 10.0; Win64; x64; rv:123.0) Gecko/20100101 Firefox/123"
192.71.126.27 - - [19/Mar/2026:03:37:42 +0800] "GET /news/portfolio-category/hot-dip-galvanized-coil HTTP/1.1" 200 21262 "-" "Mozilla/5.0 (Windows NT 10.0; Win64; x64; rv:123.0) Gecko/20100101 Firefox/123"
192.71.142.176 - - [19/Mar/2026:03:37:43 +0800] "GET /news/portfolio/%e5%86%b7%e8%bd%a7%e6%9d%bf HTTP/1.1" 200 22188 "-" "Mozilla/5.0 (Windows NT 10.0; Win64; x64; rv:123.0) Gecko/20100101 Firefox/123"
192.71.126.27 - - [19/Mar/2026:03:37:44 +0800] "GET /news/portfolio-category/dual-phase-steel HTTP/1.1" 200 18114 "-" "Mozilla/5.0 (Windows NT 10.0; Win64; x64; rv:123.0) Gecko/20100101 Firefox/123"
4.209.236.18 - - [19/Mar/2026:03:37:49 +0800] "GET / HTTP/1.1" 200 35246 "-" "Mozilla/5.0 (Windows NT 10.0; Win64; x64) AppleWebKit/537.36 (KHTML, like Gecko) Chrome/131.0.0.0 Safari/537.36 Edg/131.0.0.0"
36.133.115.36 - - [19/Mar/2026:03:52:47 +0800] "POST /wp-cron.php?doing_wp_cron=1773863567.3753859996795654296875 HTTP/1.1" 200 31 "-" "WordPress/6.9; http://cqqizhou.com"
114.119.140.122 - - [19/Mar/2026:03:52:47 +0800] "GET /robots.txt HTTP/1.1" 200 190 "-" "Mozilla/5.0 (compatible;PetalBot;+https://webmaster.petalsearch.com/site/petalbot)"
36.133.115.36 - - [19/Mar/2026:04:19:56 +0800] "POST /wp-cron.php?doing_wp_cron=1773865196.2939219474792480468750 HTTP/1.1" 200 31 "-" "WordPress/6.9; http://cqqizhou.com"
66.249.73.7 - - [19/Mar/2026:04:19:56 +0800] "GET /news/2514 HTTP/1.1" 200 19685 "-" "Mozilla/5.0 (Linux; Android 6.0.1; Nexus 5X Build/MMB29P) AppleWebKit/537.36 (KHTML, like Gecko) Chrome/145.0.7632.159 Mobile Safari/537.36 (compatible; GoogleOther)"
180.153.236.11 - - [19/Mar/2026:04:25:16 +0800] "GET / HTTP/1.1" 200 35246 "http://cqqizhou.com" "User-Agent:Mozilla/5.0 (Windows NT 10.0; Win64; x64) AppleWebKit/537.36 (KHTML, like Gecko) Chrome/140.0.0.0 Safari/537.36 Edg/140.0.0.0; 360Spider"
158.173.156.162 - - [19/Mar/2026:04:34:51 +0800] "GET / HTTP/1.0" 200 158822 "http://cqqizhou.com/" "Mozilla/5.0 (Windows NT 10.0; Win64; x64) AppleWebKit/537.36 (KHTML, like Gecko) Chrome/130.0.0.0 Safari/537.36"
36.133.115.36 - - [19/Mar/2026:04:34:53 +0800] "POST /wp-cron.php?doing_wp_cron=1773866093.0359570980072021484375 HTTP/1.1" 200 31 "-" "WordPress/6.9; http://cqqizhou.com"
158.173.156.162 - - [19/Mar/2026:04:34:53 +0800] "GET /contacts/ HTTP/1.0" 301 0 "http://cqqizhou.com/contacts/" "Mozilla/5.0 (Windows NT 10.0; Win64; x64) AppleWebKit/537.36 (KHTML, like Gecko) Chrome/130.0.0.0 Safari/537.36"
158.173.156.162 - - [19/Mar/2026:04:34:54 +0800] "GET /contacts HTTP/1.0" 200 79092 "http://cqqizhou.com/contacts" "Mozilla/5.0 (Windows NT 10.0; Win64; x64) AppleWebKit/537.36 (KHTML, like Gecko) Chrome/130.0.0.0 Safari/537.36"
158.173.156.162 - - [19/Mar/2026:04:34:57 +0800] "POST /contacts HTTP/1.0" 200 70034 "http://cqqizhou.com/contacts" "Mozilla/5.0 (Windows NT 10.0; Win64; x64) AppleWebKit/537.36 (KHTML, like Gecko) Chrome/130.0.0.0 Safari/537.36"
36.133.115.36 - - [19/Mar/2026:04:51:34 +0800] "POST /wp-cron.php?doing_wp_cron=1773867094.2493269443511962890625 HTTP/1.1" 200 31 "-" "WordPress/6.9; http://cqqizhou.com"
43.166.136.24 - - [19/Mar/2026:04:51:34 +0800] "GET / HTTP/1.1" 200 34808 "-" "Mozilla/5.0 (iPhone; CPU iPhone OS 13_2_3 like Mac OS X) AppleWebKit/605.1.15 (KHTML, like Gecko) Version/13.0.3 Mobile/15E148 Safari/604.1"
36.133.115.36 - - [19/Mar/2026:04:57:37 +0800] "POST /wp-cron.php?doing_wp_cron=1773867457.0826768875122070312500 HTTP/1.1" 200 31 "-" "WordPress/6.9; http://cqqizhou.com"
66.132.153.115 - - [19/Mar/2026:04:57:37 +0800] "GET /security.txt HTTP/1.1" 200 19866 "-" "Mozilla/5.0 (compatible; CensysInspect/1.1; +https://about.censys.io/)"
66.132.153.115 - - [19/Mar/2026:04:57:50 +0800] "GET /k5dz27ova1w2ezvrj6 HTTP/1.1" 404 8947 "-" "Mozilla/5.0 (compatible; CensysInspect/1.1; +https://about.censys.io/)"
36.133.115.36 - - [19/Mar/2026:05:07:23 +0800] "POST /wp-cron.php?doing_wp_cron=1773868043.1397669315338134765625 HTTP/1.1" 200 31 "-" "WordPress/6.9; http://cqqizhou.com"
216.244.66.245 - - [19/Mar/2026:05:07:23 +0800] "GET /robots.txt HTTP/1.1" 200 390 "-" "Mozilla/5.0 (compatible; DotBot/1.2; +https://opensiteexplorer.org/dotbot; help@moz.com)"
51.195.244.236 - - [19/Mar/2026:05:07:58 +0800] "GET /news/2418 HTTP/1.1" 200 27603 "-" "Mozilla/5.0 (compatible; AhrefsBot/7.0; +http://ahrefs.com/robot/)"
216.244.66.245 - - [19/Mar/2026:05:13:27 +0800] "GET /club HTTP/1.1" 200 48259 "-" "Mozilla/5.0 (compatible; DotBot/1.2; +https://opensiteexplorer.org/dotbot; help@moz.com)"
142.93.47.243 - - [19/Mar/2026:05:15:02 +0800] "GET / HTTP/1.1" 200 35246 "-" "Mozilla/5.0 (X11; Linux x86_64; rv:142.0) Gecko/20100101 Firefox/142.0"
36.133.115.36 - - [19/Mar/2026:05:18:42 +0800] "POST /wp-cron.php?doing_wp_cron=1773868722.5384399890899658203125 HTTP/1.1" 200 31 "-" "WordPress/6.9; http://cqqizhou.com"
59.50.91.137 - - [19/Mar/2026:05:18:42 +0800] "GET / HTTP/1.1" 301 5 "-" "Mozilla/5.0 (Windows NT 10.0; Win64; x64) AppleWebKit/537.36 (KHTML, like Gecko) Chrome/122.0.0.0 Safari/537.36 Edg/122.0.0.0"
59.50.91.137 - - [19/Mar/2026:05:18:47 +0800] "GET / HTTP/1.1" 200 35246 "http://www.cqqizhou.com" "Mozilla/5.0 (Windows NT 10.0; Win64; x64) AppleWebKit/537.36 (KHTML, like Gecko) Chrome/122.0.0.0 Safari/537.36 Edg/122.0.0.0"
183.217.228.175 - - [19/Mar/2026:05:27:12 +0800] "GET / HTTP/1.1" 200 158844 "-" "Mozilla/5.0 (Macintosh; Intel Mac OS X 10_15_7) AppleWebKit/537.36 (KHTML, like Gecko) Chrome/120.0.0.0 Safari/537.36 Edg/120.0.0.0"
36.133.115.36 - - [19/Mar/2026:05:27:53 +0800] "POST /wp-cron.php?doing_wp_cron=1773869272.9860610961914062500000 HTTP/1.1" 200 31 "-" "WordPress/6.9; http://cqqizhou.com"
58.255.236.217 - - [19/Mar/2026:05:27:53 +0800] "GET /robots.txt HTTP/1.1" 200 190 "-" "Mozilla/5.0 (Macintosh; Intel Mac OS X 10_15_7) AppleWebKit/537.36 (KHTML, like Gecko) Chrome/120.0.0.0 Safari/537.36 Edg/120.0.0.0"
125.43.97.209 - - [19/Mar/2026:05:27:55 +0800] "GET /sitemap.xml HTTP/1.1" 200 535 "-" "Mozilla/5.0 (Macintosh; Intel Mac OS X 10_15_7) AppleWebKit/537.36 (KHTML, like Gecko) Chrome/120.0.0.0 Safari/537.36 Edg/120.0.0.0"
42.236.208.204 - - [19/Mar/2026:05:27:57 +0800] "GET /config.json HTTP/1.1" 404 8949 "-" "Mozilla/5.0 (Macintosh; Intel Mac OS X 10_7_0) AppleWebKit/535.11 (KHTML, like Gecko) Chrome/17.0.963.56 Safari/535.11"
36.133.115.36 - - [19/Mar/2026:05:28:21 +0800] "POST /wp-cron.php?doing_wp_cron=1773869301.1333909034729003906250 HTTP/1.1" 200 31 "-" "WordPress/6.9; http://cqqizhou.com"
120.239.155.26 - - [19/Mar/2026:05:28:21 +0800] "GET /wp-content/plugins/*\x22,\x22/readme.txt HTTP/1.1" 404 8949 "-" "Mozilla/5.0 (Windows NT 4.0) AppleWebKit/531.2 (KHTML, like Gecko) Chrome/30.0.849.0 Safari/531.2"
120.219.250.70 - - [19/Mar/2026:05:28:21 +0800] "GET /wp-content/plugins/elementor/readme.txt HTTP/1.1" 200 10514 "-" "Mozilla/5.0 (Windows NT 4.0) AppleWebKit/531.2 (KHTML, like Gecko) Chrome/30.0.849.0 Safari/531.2"
111.2.210.178 - - [19/Mar/2026:05:28:23 +0800] "GET /wp-content/plugins/elementor-pro/readme.txt HTTP/1.1" 200 337 "-" "Mozilla/5.0 (Windows NT 4.0) AppleWebKit/531.2 (KHTML, like Gecko) Chrome/30.0.849.0 Safari/531.2"
183.199.180.207 - - [19/Mar/2026:05:28:24 +0800] "GET /wp-content/plugins/revslider/readme.txt HTTP/1.1" 404 8950 "-" "Mozilla/5.0 (Windows NT 4.0) AppleWebKit/531.2 (KHTML, like Gecko) Chrome/30.0.849.0 Safari/531.2"
120.229.113.209 - - [19/Mar/2026:05:28:25 +0800] "GET /wp-content/themes/qizhou/readme.txt HTTP/1.1" 200 1348 "-" "Mozilla/5.0 (Windows NT 4.0) AppleWebKit/531.2 (KHTML, like Gecko) Chrome/30.0.849.0 Safari/531.2"
36.133.115.36 - - [19/Mar/2026:05:37:01 +0800] "POST /wp-cron.php?doing_wp_cron=1773869821.2234559059143066406250 HTTP/1.1" 200 31 "-" "WordPress/6.9; http://cqqizhou.com"
20.81.178.203 - - [19/Mar/2026:05:37:01 +0800] "GET / HTTP/1.1" 301 5 "-" "Go-http-client/1.1"
20.81.178.203 - - [19/Mar/2026:05:37:02 +0800] "GET / HTTP/1.1" 200 35246 "http://36.133.115.36" "Go-http-client/1.1"
36.133.115.36 - - [19/Mar/2026:05:39:38 +0800] "POST /wp-cron.php?doing_wp_cron=1773869978.5255599021911621093750 HTTP/1.1" 200 31 "-" "WordPress/6.9; http://cqqizhou.com"
43.166.238.12 - - [19/Mar/2026:05:39:38 +0800] "GET / HTTP/1.1" 301 5 "-" "Mozilla/5.0 (iPhone; CPU iPhone OS 13_2_3 like Mac OS X) AppleWebKit/605.1.15 (KHTML, like Gecko) Version/13.0.3 Mobile/15E148 Safari/604.1"
43.166.238.12 - - [19/Mar/2026:05:39:41 +0800] "GET / HTTP/1.1" 200 34808 "http://www.cqqizhou.com" "Mozilla/5.0 (iPhone; CPU iPhone OS 13_2_3 like Mac OS X) AppleWebKit/605.1.15 (KHTML, like Gecko) Version/13.0.3 Mobile/15E148 Safari/604.1"
36.133.115.36 - - [19/Mar/2026:05:50:19 +0800] "POST /wp-cron.php?doing_wp_cron=1773870619.3480949401855468750000 HTTP/1.1" 200 31 "-" "WordPress/6.9; http://cqqizhou.com"
218.203.7.207 - - [19/Mar/2026:05:50:19 +0800] "GET http://cqqizhou.com/portfolio-category/cold-rolled-coil/ HTTP/1.1" 404 8949 "-" "Mozilla/5.0 (Macintosh; Intel Mac OS X 10_15_7) AppleWebKit/537.36 (KHTML, like Gecko) Chrome/120.0.0.0 Safari/537.36"
36.133.115.36 - - [19/Mar/2026:05:55:02 +0800] "POST /wp-cron.php?doing_wp_cron=1773870902.7542209625244140625000 HTTP/1.1" 200 31 "-" "WordPress/6.9; http://cqqizhou.com"
216.244.66.245 - - [19/Mar/2026:05:55:02 +0800] "GET /robots.txt HTTP/1.1" 200 390 "-" "Mozilla/5.0 (compatible; DotBot/1.2; +https://opensiteexplorer.org/dotbot; help@moz.com)"
216.244.66.245 - - [19/Mar/2026:06:01:14 +0800] "GET /news/2388 HTTP/1.1" 200 86699 "-" "Mozilla/5.0 (compatible; DotBot/1.2; +https://opensiteexplorer.org/dotbot; help@moz.com)"
36.133.115.36 - - [19/Mar/2026:06:04:28 +0800] "POST /wp-cron.php?doing_wp_cron=1773871468.0644059181213378906250 HTTP/1.1" 200 31 "-" "WordPress/6.9; http://cqqizhou.com"
149.86.227.60 - - [19/Mar/2026:06:04:29 +0800] "GET / HTTP/1.1" 200 157185 "-" "Mozilla/5.0"
36.133.115.36 - - [19/Mar/2026:06:06:01 +0800] "POST /wp-cron.php?doing_wp_cron=1773871561.5397469997406005859375 HTTP/1.1" 200 31 "-" "WordPress/6.9; http://cqqizhou.com"
183.202.114.175 - - [19/Mar/2026:06:06:01 +0800] "GET /contacts/ HTTP/1.1" 301 5 "-" "Mozilla/5.0 (Windows NT 10.0; Win64; x64) AppleWebKit/537.36 (KHTML, like Gecko) Chrome/136.0.0.0 Safari/537.36"
183.202.114.175 - - [19/Mar/2026:06:06:01 +0800] "GET http://cqqizhou.com/contacts HTTP/1.1" 200 21775 "-" "Mozilla/5.0 (Windows NT 10.0; Win64; x64) AppleWebKit/537.36 (KHTML, like Gecko) Chrome/136.0.0.0 Safari/537.36"
36.133.115.36 - - [19/Mar/2026:06:06:35 +0800] "POST /wp-cron.php?doing_wp_cron=1773871595.3802180290222167968750 HTTP/1.1" 200 31 "-" "WordPress/6.9; http://cqqizhou.com"
110.229.7.48 - - [19/Mar/2026:06:06:35 +0800] "GET /contacts/ HTTP/1.1" 301 5 "-" "Mozilla/5.0 (Windows NT 10.0; Win64; x64) AppleWebKit/537.36 (KHTML, like Gecko) Chrome/136.0.0.0 Safari/537.36"
183.255.14.17 - - [19/Mar/2026:06:07:01 +0800] "GET /contacts/ HTTP/1.1" 301 5 "http://cqqizhou.com/contacts/" "Mozilla/5.0 (Windows NT 10.0; Win64; x64) AppleWebKit/537.36 (KHTML, like Gecko) Chrome/136.0.0.0 Safari/537.36"
183.255.14.17 - - [19/Mar/2026:06:07:02 +0800] "GET http://cqqizhou.com/contacts HTTP/1.1" 200 21775 "http://cqqizhou.com/contacts/" "Mozilla/5.0 (Windows NT 10.0; Win64; x64) AppleWebKit/537.36 (KHTML, like Gecko) Chrome/136.0.0.0 Safari/537.36"
36.133.115.36 - - [19/Mar/2026:06:07:16 +0800] "POST /wp-cron.php?doing_wp_cron=1773871636.8744440078735351562500 HTTP/1.1" 200 31 "-" "WordPress/6.9; http://cqqizhou.com"
114.243.198.47 - - [19/Mar/2026:06:07:16 +0800] "GET /contacts/ HTTP/1.1" 301 5 "http://cqqizhou.com/contacts/" "Mozilla/5.0 (Windows NT 10.0; Win64; x64) AppleWebKit/537.36 (KHTML, like Gecko) Chrome/136.0.0.0 Safari/537.36"
36.133.115.36 - - [19/Mar/2026:06:14:42 +0800] "POST /wp-cron.php?doing_wp_cron=1773872082.1487329006195068359375 HTTP/1.1" 200 31 "-" "WordPress/6.9; http://cqqizhou.com"
114.119.130.240 - - [19/Mar/2026:06:14:42 +0800] "GET /wp-sitemap.xml HTTP/1.1" 501 253 "-" "Mozilla/5.0 (Linux; Android 7.0;) AppleWebKit/537.36 (KHTML, like Gecko) Mobile Safari/537.36 (compatible; PetalBot;+https://webmaster.petalsearch.com/site/petalbot)"
36.133.115.36 - - [19/Mar/2026:06:20:15 +0800] "POST /wp-cron.php?doing_wp_cron=1773872415.0233418941497802734375 HTTP/1.1" 200 31 "-" "WordPress/6.9; http://cqqizhou.com"
114.119.152.149 - - [19/Mar/2026:06:20:15 +0800] "GET /wp-sitemap.xml HTTP/1.1" 501 253 "-" "Mozilla/5.0 (Linux; Android 7.0;) AppleWebKit/537.36 (KHTML, like Gecko) Mobile Safari/537.36 (compatible; PetalBot;+https://webmaster.petalsearch.com/site/petalbot)"
36.133.115.36 - - [19/Mar/2026:06:25:33 +0800] "POST /wp-cron.php?doing_wp_cron=1773872733.4077100753784179687500 HTTP/1.1" 200 31 "-" "WordPress/6.9; http://cqqizhou.com"
114.119.151.72 - - [19/Mar/2026:06:25:33 +0800] "GET /wp-sitemap.xml HTTP/1.1" 501 253 "-" "Mozilla/5.0 (Linux; Android 7.0;) AppleWebKit/537.36 (KHTML, like Gecko) Mobile Safari/537.36 (compatible; PetalBot;+https://webmaster.petalsearch.com/site/petalbot)"
152.136.52.152 - - [19/Mar/2026:06:36:09 +0800] "GET /services HTTP/1.1" 200 26231 "-" "Python/3.10 aiohttp/3.10.5"
36.133.115.36 - - [19/Mar/2026:06:47:55 +0800] "POST /wp-cron.php?doing_wp_cron=1773874075.3233160972595214843750 HTTP/1.1" 200 31 "-" "WordPress/6.9; http://cqqizhou.com"
176.65.149.234 - - [19/Mar/2026:06:47:55 +0800] "GET / HTTP/1.1" 200 157185 "-" "Mozilla/1.0"
36.133.115.36 - - [19/Mar/2026:06:49:24 +0800] "POST /wp-cron.php?doing_wp_cron=1773874164.2669069766998291015625 HTTP/1.1" 200 31 "-" "WordPress/6.9; http://cqqizhou.com"
170.106.160.90 - - [19/Mar/2026:06:49:24 +0800] "GET / HTTP/1.1" 301 5 "-" "Mozilla/5.0 (iPhone; CPU iPhone OS 13_2_3 like Mac OS X) AppleWebKit/605.1.15 (KHTML, like Gecko) Version/13.0.3 Mobile/15E148 Safari/604.1"
170.106.160.90 - - [19/Mar/2026:06:49:26 +0800] "GET / HTTP/1.1" 200 34807 "http://36.133.115.36" "Mozilla/5.0 (iPhone; CPU iPhone OS 13_2_3 like Mac OS X) AppleWebKit/605.1.15 (KHTML, like Gecko) Version/13.0.3 Mobile/15E148 Safari/604.1"
204.76.203.18 - - [19/Mar/2026:06:49:28 +0800] "GET /bins/ HTTP/1.1" 301 5 "-" "-"
204.76.203.18 - - [19/Mar/2026:06:49:32 +0800] "GET /bins/ HTTP/1.1" 301 5 "-" "-"
204.76.203.18 - - [19/Mar/2026:06:49:35 +0800] "GET /bins/ HTTP/1.1" 301 5 "-" "-"
161.18.82.19 - - [19/Mar/2026:06:56:23 +0800] "GET /wp-content/uploads/2025/12/1766388807-Article_images_202507245.webp HTTP/1.1" 200 63930 "-" "Mozilla/5.0 (Macintosh; Intel Mac OS X 10_15_7) AppleWebKit/537.36 (KHTML, like Gecko) Chrome/133.0.0.0 Safari/537.36"
198.244.242.214 - - [19/Mar/2026:06:57:39 +0800] "GET / HTTP/1.1" 200 35246 "-" "Mozilla/5.0 (compatible; AhrefsBot/7.0; +http://ahrefs.com/robot/)"
36.133.115.36 - - [19/Mar/2026:07:02:25 +0800] "POST /wp-cron.php?doing_wp_cron=1773874945.1424140930175781250000 HTTP/1.1" 200 31 "-" "WordPress/6.9; http://cqqizhou.com"
66.249.73.7 - - [19/Mar/2026:07:02:25 +0800] "GET /robots.txt HTTP/1.1" 200 190 "-" "Mozilla/5.0 (compatible; Googlebot/2.1; +http://www.google.com/bot.html)"
36.133.115.36 - - [19/Mar/2026:07:07:06 +0800] "POST /wp-cron.php?doing_wp_cron=1773875226.6656498908996582031250 HTTP/1.1" 200 31 "-" "WordPress/6.9; http://cqqizhou.com"
18.134.193.235 - - [19/Mar/2026:07:07:06 +0800] "GET / HTTP/1.1" 301 5 "-" "Go-http-client/1.1"
18.134.193.235 - - [19/Mar/2026:07:07:07 +0800] "GET / HTTP/1.1" 200 35246 "http://36.133.115.36" "Go-http-client/1.1"
36.133.115.36 - - [19/Mar/2026:07:11:53 +0800] "POST /wp-cron.php?doing_wp_cron=1773875513.2139310836791992187500 HTTP/1.1" 200 31 "-" "WordPress/6.9; http://cqqizhou.com"
27.21.28.16 - - [19/Mar/2026:07:11:53 +0800] "GET / HTTP/1.1" 301 5 "-" "Mozilla/5.0 (Windows NT 7.3; Win64; x64) AppleWebKit/537.36 (KHTML, like Gecko) Chrome/79.0.3960.88 Safari/537.36"
27.21.28.16 - - [19/Mar/2026:07:11:53 +0800] "GET / HTTP/1.1" 200 35246 "-" "Mozilla/5.0 (Windows NT 7.3; Win64; x64) AppleWebKit/537.36 (KHTML, like Gecko) Chrome/79.0.3960.88 Safari/537.36"
27.21.28.16 - - [19/Mar/2026:07:11:54 +0800] "GET /contacts/ HTTP/1.1" 301 5 "-" "Mozilla/5.0 (Windows NT 8.3; Win64; x64) AppleWebKit/537.36 (KHTML, like Gecko) Chrome/76.0.2815.88 Safari/537.36"
27.21.28.16 - - [19/Mar/2026:07:11:54 +0800] "GET /contacts HTTP/1.1" 200 21775 "-" "Mozilla/5.0 (Windows NT 8.3; Win64; x64) AppleWebKit/537.36 (KHTML, like Gecko) Chrome/76.0.2815.88 Safari/537.36"
27.21.28.16 - - [19/Mar/2026:07:11:54 +0800] "GET /contacts HTTP/1.1" 200 21775 "-" "Mozilla/5.0 (Windows NT 9.5; Win64; x64) AppleWebKit/537.36 (KHTML, like Gecko) Chrome/76.0.3383.88 Safari/537.36"
220.181.108.144 - - [19/Mar/2026:07:17:01 +0800] "GET /company-news/page/2 HTTP/1.1" 200 24936 "-" "Mozilla/5.0 (compatible; Baiduspider/2.0; +http://www.baidu.com/search/spider.html)"
36.133.115.36 - - [19/Mar/2026:07:33:52 +0800] "POST /wp-cron.php?doing_wp_cron=1773876832.1601610183715820312500 HTTP/1.1" 200 31 "-" "WordPress/6.9; http://cqqizhou.com"
216.244.66.245 - - [19/Mar/2026:07:33:52 +0800] "GET /robots.txt HTTP/1.1" 200 390 "-" "Mozilla/5.0 (compatible; DotBot/1.2; +https://opensiteexplorer.org/dotbot; help@moz.com)"
36.133.115.36 - - [19/Mar/2026:07:41:42 +0800] "POST /wp-cron.php?doing_wp_cron=1773877302.6172978878021240234375 HTTP/1.1" 200 31 "-" "WordPress/6.9; http://cqqizhou.com"
216.244.66.245 - - [19/Mar/2026:07:41:42 +0800] "GET /2163/ HTTP/1.1" 301 5 "-" "Mozilla/5.0 (compatible; DotBot/1.2; +https://opensiteexplorer.org/dotbot; help@moz.com)"
36.133.115.36 - - [19/Mar/2026:07:48:29 +0800] "POST /wp-cron.php?doing_wp_cron=1773877709.5181460380554199218750 HTTP/1.1" 200 31 "-" "WordPress/6.9; http://cqqizhou.com"
5.61.209.96 - - [19/Mar/2026:07:48:29 +0800] "GET /SDK/webLanguage HTTP/1.1" 301 5 "-" "Mozilla/5.0 (Windows NT 10.0; Win64; x64) AppleWebKit/537.36 (KHTML, like Gecko) Chrome/90.0.4430.85 Safari/537.36 Edg/90.0.818.46"
36.133.115.36 - - [19/Mar/2026:07:54:55 +0800] "POST /wp-cron.php?doing_wp_cron=1773878095.8347899913787841796875 HTTP/1.1" 200 31 "-" "WordPress/6.9; http://cqqizhou.com"
125.94.144.102 - - [19/Mar/2026:07:54:55 +0800] "GET / HTTP/1.1" 301 5 "-" "Mozilla/5.0 (iPhone; CPU iPhone OS 13_2_3 like Mac OS X) AppleWebKit/605.1.15 (KHTML, like Gecko) Version/13.0.3 Mobile/15E148 Safari/604.1"
36.133.115.36 - - [19/Mar/2026:07:59:16 +0800] "POST /wp-cron.php?doing_wp_cron=1773878356.1120998859405517578125 HTTP/1.1" 200 31 "-" "WordPress/6.9; http://cqqizhou.com"
218.60.35.242 - - [19/Mar/2026:07:59:16 +0800] "GET /services/ HTTP/1.1" 301 5 "-" "Mozilla/5.0 (Windows NT 10.0; Win64; x64) AppleWebKit/537.36 (KHTML, like Gecko) Chrome/142.0.0.0 Safari/537.36"
218.60.35.242 - - [19/Mar/2026:07:59:16 +0800] "GET /services HTTP/1.1" 200 26231 "-" "Mozilla/5.0 (Windows NT 10.0; Win64; x64) AppleWebKit/537.36 (KHTML, like Gecko) Chrome/142.0.0.0 Safari/537.36"
183.221.55.226 - - [19/Mar/2026:07:59:16 +0800] "GET /2160/ HTTP/1.1" 301 5 "-" "Mozilla/5.0 (Windows NT 10.0; Win64; x64) AppleWebKit/537.36 (KHTML, like Gecko) Chrome/142.0.0.0 Safari/537.36"
39.164.147.10 - - [19/Mar/2026:07:59:16 +0800] "GET /about/ HTTP/1.1" 301 5 "-" "Mozilla/5.0 (Windows NT 10.0; Win64; x64) AppleWebKit/537.36 (KHTML, like Gecko) Chrome/142.0.0.0 Safari/537.36"
39.164.147.10 - - [19/Mar/2026:07:59:17 +0800] "GET /about HTTP/1.1" 200 24505 "-" "Mozilla/5.0 (Windows NT 10.0; Win64; x64) AppleWebKit/537.36 (KHTML, like Gecko) Chrome/142.0.0.0 Safari/537.36"
183.221.55.226 - - [19/Mar/2026:07:59:17 +0800] "GET /news/2160 HTTP/1.1" 200 29614 "-" "Mozilla/5.0 (Windows NT 10.0; Win64; x64) AppleWebKit/537.36 (KHTML, like Gecko) Chrome/142.0.0.0 Safari/537.36"
111.170.10.174 - - [19/Mar/2026:07:59:18 +0800] "GET /news/2418 HTTP/1.1" 200 27603 "-" "Mozilla/5.0 (Windows NT 10.0; Win64; x64) AppleWebKit/537.36 (KHTML, like Gecko) Chrome/142.0.0.0 Safari/537.36"
111.170.10.174 - - [19/Mar/2026:07:59:22 +0800] "POST /wp-admin/admin-ajax.php HTTP/1.1" 499 0 "http://cqqizhou.com/news/2418" "Mozilla/5.0 (Windows NT 10.0; Win64; x64) AppleWebKit/537.36 (KHTML, like Gecko) Chrome/142.0.0.0 Safari/537.36"
183.221.55.59 - - [19/Mar/2026:07:59:24 +0800] "POST /wp-admin/admin-ajax.php HTTP/1.1" 499 0 "http://cqqizhou.com/news/2160" "Mozilla/5.0 (Windows NT 10.0; Win64; x64) AppleWebKit/537.36 (KHTML, like Gecko) Chrome/142.0.0.0 Safari/537.36"
77.90.185.5 - - [19/Mar/2026:08:27:04 +0800] "GET / HTTP/1.0" 200 158822 "http://cqqizhou.com/" "Mozilla/5.0 (Windows NT 10.0; Win64; x64) AppleWebKit/537.36 (KHTML, like Gecko) Chrome/130.0.0.0 Safari/537.36 CCleaner/130.0.0.0"
36.133.115.36 - - [19/Mar/2026:08:27:06 +0800] "POST /wp-cron.php?doing_wp_cron=1773880026.3581199645996093750000 HTTP/1.1" 200 31 "-" "WordPress/6.9; http://cqqizhou.com"
77.90.185.5 - - [19/Mar/2026:08:27:06 +0800] "GET /contacts/ HTTP/1.0" 301 0 "http://cqqizhou.com/contacts/" "Mozilla/5.0 (Windows NT 10.0; Win64; x64) AppleWebKit/537.36 (KHTML, like Gecko) Chrome/130.0.0.0 Safari/537.36 CCleaner/130.0.0.0"
77.90.185.5 - - [19/Mar/2026:08:27:07 +0800] "GET /contacts HTTP/1.0" 200 79092 "http://cqqizhou.com/contacts" "Mozilla/5.0 (Windows NT 10.0; Win64; x64) AppleWebKit/537.36 (KHTML, like Gecko) Chrome/130.0.0.0 Safari/537.36 CCleaner/130.0.0.0"
36.133.115.36 - - [19/Mar/2026:08:27:09 +0800] "POST /wp-cron.php?doing_wp_cron=1773880029.9304659366607666015625 HTTP/1.1" 200 31 "-" "WordPress/6.9; http://cqqizhou.com"
77.90.185.5 - - [19/Mar/2026:08:27:11 +0800] "POST /contacts HTTP/1.0" 200 69686 "http://cqqizhou.com/contacts" "Mozilla/5.0 (Windows NT 10.0; Win64; x64) AppleWebKit/537.36 (KHTML, like Gecko) Chrome/130.0.0.0 Safari/537.36 CCleaner/130.0.0.0"
36.133.115.36 - - [19/Mar/2026:08:42:38 +0800] "POST /wp-cron.php?doing_wp_cron=1773880958.3966479301452636718750 HTTP/1.1" 200 31 "-" "WordPress/6.9; http://cqqizhou.com"
36.133.108.121 - - [19/Mar/2026:08:42:38 +0800] "HEAD /ylw32hopefl HTTP/1.1" 404 0 "-" "Mozilla/5.0 (Windows NT 6.1; rv:27.3) Gecko/20130101 Firefox/27.3"
36.133.115.36 - - [19/Mar/2026:09:01:33 +0800] "POST /wp-cron.php?doing_wp_cron=1773882093.7984280586242675781250 HTTP/1.1" 200 31 "-" "WordPress/6.9; http://cqqizhou.com"
13.89.125.252 - - [19/Mar/2026:09:01:33 +0800] "GET / HTTP/1.1" 301 5 "-" "Mozilla/5.0 zgrab/0.x"
36.133.115.36 - - [19/Mar/2026:09:05:35 +0800] "POST /wp-cron.php?doing_wp_cron=1773882335.6456809043884277343750 HTTP/1.1" 200 31 "-" "WordPress/6.9; http://cqqizhou.com"
110.249.201.53 - - [19/Mar/2026:09:05:35 +0800] "GET /robots.txt HTTP/1.1" 200 190 "-" "Mozilla/5.0 (Linux; Android 5.0) AppleWebKit/537.36 (KHTML, like Gecko) Mobile Safari/537.36 (compatible; Bytespider; https://zhanzhang.toutiao.com/)"
51.195.183.192 - - [19/Mar/2026:09:08:22 +0800] "GET /about HTTP/1.1" 200 24505 "-" "Mozilla/5.0 (compatible; AhrefsBot/7.0; +http://ahrefs.com/robot/)"
36.133.115.36 - - [19/Mar/2026:09:09:56 +0800] "POST /wp-cron.php?doing_wp_cron=1773882596.8920609951019287109375 HTTP/1.1" 200 31 "-" "WordPress/6.9; http://cqqizhou.com"
216.244.66.245 - - [19/Mar/2026:09:09:56 +0800] "GET /robots.txt HTTP/1.1" 200 390 "-" "Mozilla/5.0 (compatible; DotBot/1.2; +https://opensiteexplorer.org/dotbot; help@moz.com)"
36.133.115.36 - - [19/Mar/2026:09:16:21 +0800] "POST /wp-cron.php?doing_wp_cron=1773882981.6302909851074218750000 HTTP/1.1" 200 31 "-" "WordPress/6.9; http://cqqizhou.com"
216.244.66.245 - - [19/Mar/2026:09:16:22 +0800] "GET /media/5 HTTP/1.1" 200 120088 "-" "Mozilla/5.0 (compatible; DotBot/1.2; +https://opensiteexplorer.org/dotbot; help@moz.com)"
216.244.66.245 - - [19/Mar/2026:09:16:40 +0800] "GET /2164/ HTTP/1.1" 301 5 "-" "Mozilla/5.0 (compatible; DotBot/1.2; +https://opensiteexplorer.org/dotbot; help@moz.com)"
36.133.115.36 - - [19/Mar/2026:09:25:39 +0800] "POST /wp-cron.php?doing_wp_cron=1773883539.3103270530700683593750 HTTP/1.1" 200 31 "-" "WordPress/6.9; http://cqqizhou.com"
34.11.47.27 - - [19/Mar/2026:09:25:39 +0800] "HEAD /backup/ HTTP/1.1" 404 0 "-" "Mozilla/5.0 (Linux; Android 14; RMX3842) AppleWebKit/537.36 (KHTML, like Gecko) Chrome/126.0.6478.44 Mobile Safari/537.36"
34.11.47.27 - - [19/Mar/2026:09:25:40 +0800] "HEAD /blog/ HTTP/1.1" 404 0 "-" "Mozilla/5.0 (Linux; Android 11; RMX2195) AppleWebKit/537.36 (KHTML, like Gecko) Chrome/120.0.6099.210 Mobile Safari/537.36 OPR/75.2.3995.72468"
34.11.47.27 - - [19/Mar/2026:09:25:41 +0800] "HEAD /old/ HTTP/1.1" 404 0 "-" "Mozilla/5.0 (iPhone; CPU iPhone OS 17_5 like Mac OS X) AppleWebKit/605.1.15 (KHTML, like Gecko) Version/17.5 Mobile/15E148 Safari/604.1"
34.11.47.27 - - [19/Mar/2026:09:25:42 +0800] "HEAD / HTTP/1.1" 200 0 "-" "Mozilla/5.0 (Linux; Android 12; Redmi Note 11) AppleWebKit/537.36 (KHTML, like Gecko) Chrome/123.0.6312.112 Mobile Safari/537.36"
34.11.47.27 - - [19/Mar/2026:09:25:43 +0800] "HEAD /wp/ HTTP/1.1" 404 0 "-" "Mozilla/5.0 (iPhone; CPU iPhone OS 17_5 like Mac OS X) AppleWebKit/605.1.15 (KHTML, like Gecko) Version/17.5 Mobile/15E148 Safari/604.1"
34.11.47.27 - - [19/Mar/2026:09:25:44 +0800] "HEAD /new/ HTTP/1.1" 301 0 "-" "Mozilla/5.0 (Linux; Android 12; TECNO CK6n) AppleWebKit/537.36 (KHTML, like Gecko) Chrome/125.0.6422.50 Mobile Safari/537.36"
34.11.47.27 - - [19/Mar/2026:09:25:45 +0800] "HEAD /news HTTP/1.1" 200 0 "http://cqqizhou.com/new/" "Mozilla/5.0 (Linux; Android 12; TECNO CK6n) AppleWebKit/537.36 (KHTML, like Gecko) Chrome/125.0.6422.50 Mobile Safari/537.36"
34.11.47.27 - - [19/Mar/2026:09:25:46 +0800] "HEAD /wordpress/ HTTP/1.1" 404 0 "-" "Mozilla/5.0 (Macintosh; Intel Mac OS X 15_0) AppleWebKit/537.36 (KHTML, like Gecko) Chrome/125.0.6422.141 Safari/537.36"
216.26.254.193 - - [19/Mar/2026:09:25:54 +0800] "GET /wp-content/uploads/2025/07/1753456723-%E5%8F%8C%E7%9B%B8%E9%92%A2roduct_Single600.webp HTTP/1.1" 200 22790 "-" "Mozilla/5.0 (X11; Linux x86_64) AppleWebKit/537.36 (KHTML, like Gecko) Chrome/142.0.0.0 Safari/537.36"
149.86.227.60 - - [19/Mar/2026:09:25:55 +0800] "GET / HTTP/1.1" 200 157185 "-" "Mozilla/5.0"
61.155.157.28 - - [19/Mar/2026:09:38:17 +0800] "GET / HTTP/1.1" 200 35246 "-" "Mozilla/5.0 (Windows NT 10.0; Win64; x64) AppleWebKit/537.36 (KHTML, like Gecko) Chrome/100.0.4896.127 Safari/537.36"
61.155.157.28 - - [19/Mar/2026:09:39:34 +0800] "GET /wp-content/uploads/2025/07/1751425283-qizhou.kf_.qq_.com_.webp HTTP/1.1" 200 16864 "http://cqqizhou.com/" "Mozilla/5.0 (Windows NT 10.0; Win64; x64) AppleWebKit/537.36 (KHTML, like Gecko) Chrome/100.0.4896.127 Safari/537.36"
61.155.157.28 - - [19/Mar/2026:09:39:34 +0800] "GET /wp-content/uploads/2025/07/1750174127-Marketing1920x800_3.webp HTTP/1.1" 200 52790 "http://cqqizhou.com/wp-content/uploads/elementor/css/post-1666.css?ver=1773725585" "Mozilla/5.0 (Windows NT 10.0; Win64; x64) AppleWebKit/537.36 (KHTML, like Gecko) Chrome/100.0.4896.127 Safari/537.36"
36.133.115.36 - - [19/Mar/2026:09:39:51 +0800] "POST /wp-cron.php?doing_wp_cron=1773884391.5703489780426025390625 HTTP/1.1" 200 31 "-" "WordPress/6.9; http://cqqizhou.com"
85.208.96.195 - - [19/Mar/2026:09:39:51 +0800] "GET /robots.txt HTTP/1.1" 200 190 "-" "Mozilla/5.0 (compatible; SemrushBot/7~bl; +http://www.semrush.com/bot.html)"
36.133.115.36 - - [19/Mar/2026:09:46:16 +0800] "POST /wp-cron.php?doing_wp_cron=1773884776.1348719596862792968750 HTTP/1.1" 200 31 "-" "WordPress/6.9; http://cqqizhou.com"
204.76.203.18 - - [19/Mar/2026:09:46:16 +0800] "GET /bin/ HTTP/1.1" 301 5 "-" "-"
36.133.115.36 - - [19/Mar/2026:09:48:05 +0800] "POST /wp-cron.php?doing_wp_cron=1773884885.1341059207916259765625 HTTP/1.1" 200 31 "-" "WordPress/6.9; http://cqqizhou.com"
139.59.116.9 - - [19/Mar/2026:09:48:05 +0800] "GET / HTTP/1.1" 200 157185 "-" "-"
87.121.84.97 - - [19/Mar/2026:10:00:55 +0800] "GET /admin/server/php/index.php?file=tf2rghf.jpg HTTP/1.1" 404 27 "-" "ALittle Client"
36.133.115.36 - - [19/Mar/2026:10:13:38 +0800] "POST /wp-cron.php?doing_wp_cron=1773886418.5107340812683105468750 HTTP/1.1" 200 31 "-" "WordPress/6.9; http://cqqizhou.com"
54.39.136.130 - - [19/Mar/2026:10:13:38 +0800] "GET /robots.txt HTTP/1.1" 200 190 "-" "Mozilla/5.0 (compatible; AhrefsBot/7.0; +http://ahrefs.com/robot/)"
54.39.136.105 - - [19/Mar/2026:10:13:41 +0800] "GET /news/2163 HTTP/1.1" 200 24003 "-" "Mozilla/5.0 (compatible; AhrefsBot/7.0; +http://ahrefs.com/robot/)"
66.249.73.7 - - [19/Mar/2026:10:16:12 +0800] "GET / HTTP/1.1" 200 35246 "-" "Mozilla/5.0 (compatible; Googlebot/2.1; +http://www.google.com/bot.html)"
36.133.115.36 - - [19/Mar/2026:10:18:18 +0800] "POST /wp-cron.php?doing_wp_cron=1773886698.4245688915252685546875 HTTP/1.1" 200 31 "-" "WordPress/6.9; http://cqqizhou.com"
161.129.64.90 - - [19/Mar/2026:10:18:18 +0800] "GET / HTTP/1.1" 301 5 "-" "Go-http-client/1.1"
36.133.115.36 - - [19/Mar/2026:11:06:15 +0800] "POST /wp-cron.php?doing_wp_cron=1773889575.6985061168670654296875 HTTP/1.1" 200 31 "-" "WordPress/6.9; http://cqqizhou.com"
159.89.88.188 - - [19/Mar/2026:11:06:16 +0800] "GET / HTTP/1.1" 200 157185 "-" "-"
110.88.244.198 - - [19/Mar/2026:11:07:01 +0800] "GET / HTTP/1.1" 200 35246 "-" "Mozilla/5.0 (Macintosh; Intel Mac OS X 10_15_7) AppleWebKit/537.36 (KHTML, like Gecko) Chrome/106.0.0.0 Safari/537.36"
36.133.115.36 - - [19/Mar/2026:11:08:14 +0800] "POST /wp-cron.php?doing_wp_cron=1773889694.6819880008697509765625 HTTP/1.1" 200 31 "-" "WordPress/6.9; http://cqqizhou.com"
106.92.89.227 - - [19/Mar/2026:11:08:14 +0800] "GET / HTTP/1.1" 301 5 "https://www.baidu.com/link?url=fyzzAihthC1ANMkiyn2IlADpHJ7EGzfOsRb1R7EaT7gm_GDr_sLfKtwJ1giV84UE&wd=&eqid=8d64544400c0c1be0000000669bb686c" "Mozilla/5.0 (Windows NT 10.0; Win64; x64) AppleWebKit/537.36 (KHTML, like Gecko) Chrome/107.0.0.0 Safari/537.36"
106.92.89.227 - - [19/Mar/2026:11:08:14 +0800] "GET / HTTP/1.1" 200 35246 "https://www.baidu.com/link?url=fyzzAihthC1ANMkiyn2IlADpHJ7EGzfOsRb1R7EaT7gm_GDr_sLfKtwJ1giV84UE&wd=&eqid=8d64544400c0c1be0000000669bb686c" "Mozilla/5.0 (Windows NT 10.0; Win64; x64) AppleWebKit/537.36 (KHTML, like Gecko) Chrome/107.0.0.0 Safari/537.36"
106.92.89.227 - - [19/Mar/2026:11:08:14 +0800] "GET /wp-content/uploads/2025/07/1751425283-qizhou.kf_.qq_.com_.webp HTTP/1.1" 200 16864 "http://cqqizhou.com/" "Mozilla/5.0 (Windows NT 10.0; Win64; x64) AppleWebKit/537.36 (KHTML, like Gecko) Chrome/107.0.0.0 Safari/537.36"
106.92.89.227 - - [19/Mar/2026:11:08:16 +0800] "GET /wp-content/uploads/2025/12/1765268955-qizhou_Slider1_3840%C3%972160_20251210-scaled.webp HTTP/1.1" 200 152162 "http://cqqizhou.com/" "Mozilla/5.0 (Windows NT 10.0; Win64; x64) AppleWebKit/537.36 (KHTML, like Gecko) Chrome/107.0.0.0 Safari/537.36"
106.92.89.227 - - [19/Mar/2026:11:08:16 +0800] "GET /wp-content/uploads/revslider/slider-1/1750861156-logistics_Slider_3840%C3%972160_20250625191356-scaled-50x100.webp HTTP/1.1" 200 1416 "http://cqqizhou.com/" "Mozilla/5.0 (Windows NT 10.0; Win64; x64) AppleWebKit/537.36 (KHTML, like Gecko) Chrome/107.0.0.0 Safari/537.36"
106.92.89.227 - - [19/Mar/2026:11:08:16 +0800] "GET /wp-content/uploads/2026/01/1768276119-qizhoujiagong_Slider_3840%C3%972160_20260113-scaled-50x100.webp HTTP/1.1" 200 976 "http://cqqizhou.com/" "Mozilla/5.0 (Windows NT 10.0; Win64; x64) AppleWebKit/537.36 (KHTML, like Gecko) Chrome/107.0.0.0 Safari/537.36"
106.92.89.227 - - [19/Mar/2026:11:08:16 +0800] "GET /wp-content/uploads/2025/07/1753456723-%E5%8F%8C%E7%9B%B8%E9%92%A2roduct_Single600.webp HTTP/1.1" 200 22790 "http://cqqizhou.com/" "Mozilla/5.0 (Windows NT 10.0; Win64; x64) AppleWebKit/537.36 (KHTML, like Gecko) Chrome/107.0.0.0 Safari/537.36"
106.92.89.227 - - [19/Mar/2026:11:08:16 +0800] "GET /wp-content/uploads/2025/07/1753453096-%E5%8F%8C%E7%9B%B8%E9%92%A2product_Single600%C3%97284.webp HTTP/1.1" 200 14562 "http://cqqizhou.com/" "Mozilla/5.0 (Windows NT 10.0; Win64; x64) AppleWebKit/537.36 (KHTML, like Gecko) Chrome/107.0.0.0 Safari/537.36"
106.92.89.227 - - [19/Mar/2026:11:08:16 +0800] "GET /wp-content/uploads/2025/07/1753456770-%E7%83%AD%E9%95%80%E9%94%8C%E5%8D%B7product_Single600.webp HTTP/1.1" 200 27502 "http://cqqizhou.com/" "Mozilla/5.0 (Windows NT 10.0; Win64; x64) AppleWebKit/537.36 (KHTML, like Gecko) Chrome/107.0.0.0 Safari/537.36"
106.92.89.227 - - [19/Mar/2026:11:08:16 +0800] "GET /wp-content/uploads/2025/07/1753453127-%E4%BD%99%E5%8D%B7product_Single600%C3%97284.webp HTTP/1.1" 200 18744 "http://cqqizhou.com/" "Mozilla/5.0 (Windows NT 10.0; Win64; x64) AppleWebKit/537.36 (KHTML, like Gecko) Chrome/107.0.0.0 Safari/537.36"
106.92.89.227 - - [19/Mar/2026:11:08:17 +0800] "GET /wp-json/sliderrevolution/sliders/1?srengine=7&slideid=4 HTTP/1.1" 200 2580 "http://cqqizhou.com/" "Mozilla/5.0 (Windows NT 10.0; Win64; x64) AppleWebKit/537.36 (KHTML, like Gecko) Chrome/107.0.0.0 Safari/537.36"
106.92.89.227 - - [19/Mar/2026:11:08:17 +0800] "GET /wp-content/uploads/2026/01/1768276119-qizhoujiagong_Slider_3840%C3%972160_20260113-scaled.webp HTTP/1.1" 200 131696 "http://cqqizhou.com/" "Mozilla/5.0 (Windows NT 10.0; Win64; x64) AppleWebKit/537.36 (KHTML, like Gecko) Chrome/107.0.0.0 Safari/537.36"
106.92.89.227 - - [19/Mar/2026:11:08:17 +0800] "GET /wp-json/sliderrevolution/sliders/1?srengine=7&slideid=2 HTTP/1.1" 200 2000 "http://cqqizhou.com/" "Mozilla/5.0 (Windows NT 10.0; Win64; x64) AppleWebKit/537.36 (KHTML, like Gecko) Chrome/107.0.0.0 Safari/537.36"
106.92.89.227 - - [19/Mar/2026:11:08:17 +0800] "GET /wp-content/uploads/revslider/slider-1/1750861156-logistics_Slider_3840%C3%972160_20250625191356-scaled.webp HTTP/1.1" 200 197360 "http://cqqizhou.com/" "Mozilla/5.0 (Windows NT 10.0; Win64; x64) AppleWebKit/537.36 (KHTML, like Gecko) Chrome/107.0.0.0 Safari/537.36"
