HEX
Server: nginx/1.16.1
System: Linux ecs-04358622 4.19.90-2107.6.0.0100.oe1.bclinux.x86_64 #1 SMP Wed Dec 1 19:59:44 CST 2021 x86_64
User: nginx (994)
PHP: 8.0.0
Disabled: NONE
Upload Files
File: //home/logs/cqqizhou_access_2026-03-03.log
36.133.115.36 - - [03/Mar/2026:00:00:25 +0800] "POST /wp-cron.php?doing_wp_cron=1772467225.0588591098785400390625 HTTP/1.1" 200 31 "-" "WordPress/6.9; http://cqqizhou.com"
198.244.240.80 - - [03/Mar/2026:00:00:25 +0800] "GET /news/2502 HTTP/1.1" 200 24631 "-" "Mozilla/5.0 (compatible; AhrefsBot/7.0; +http://ahrefs.com/robot/)"
51.120.79.194 - - [03/Mar/2026:00:00:40 +0800] "GET /wp-content/plugins/hellopress/wp_filemanager.php HTTP/1.1" 404 27 "-" "-"
51.120.79.194 - - [03/Mar/2026:00:00:41 +0800] "GET /gfile.php HTTP/1.1" 404 27 "-" "-"
51.120.79.194 - - [03/Mar/2026:00:00:41 +0800] "GET /file61.php HTTP/1.1" 404 27 "-" "-"
51.120.79.194 - - [03/Mar/2026:00:00:41 +0800] "GET /eee.php HTTP/1.1" 404 27 "-" "-"
51.120.79.194 - - [03/Mar/2026:00:00:41 +0800] "GET /swallowable.php HTTP/1.1" 404 27 "-" "-"
51.120.79.194 - - [03/Mar/2026:00:00:42 +0800] "GET //dox.php HTTP/1.1" 404 27 "-" "-"
51.120.79.194 - - [03/Mar/2026:00:00:42 +0800] "GET //qwas.php HTTP/1.1" 404 27 "-" "-"
51.120.79.194 - - [03/Mar/2026:00:00:43 +0800] "GET /claw.php HTTP/1.1" 404 27 "-" "-"
51.120.79.194 - - [03/Mar/2026:00:00:43 +0800] "GET /cfgy.php HTTP/1.1" 404 27 "-" "-"
51.120.79.194 - - [03/Mar/2026:00:00:43 +0800] "GET /jbuft.php HTTP/1.1" 404 27 "-" "-"
51.120.79.194 - - [03/Mar/2026:00:00:43 +0800] "GET /fvvff.php HTTP/1.1" 404 27 "-" "-"
51.120.79.194 - - [03/Mar/2026:00:00:44 +0800] "GET /vaza.php HTTP/1.1" 404 27 "-" "-"
51.120.79.194 - - [03/Mar/2026:00:00:44 +0800] "GET /a2.php HTTP/1.1" 404 27 "-" "-"
51.120.79.194 - - [03/Mar/2026:00:00:44 +0800] "GET /sty.php HTTP/1.1" 404 27 "-" "-"
51.120.79.194 - - [03/Mar/2026:00:00:45 +0800] "GET /xxxx.php HTTP/1.1" 404 27 "-" "-"
51.120.79.194 - - [03/Mar/2026:00:00:45 +0800] "GET //h.php HTTP/1.1" 404 27 "-" "-"
51.120.79.194 - - [03/Mar/2026:00:00:45 +0800] "GET /g.php HTTP/1.1" 404 27 "-" "-"
51.120.79.194 - - [03/Mar/2026:00:00:45 +0800] "GET /pp.php HTTP/1.1" 404 27 "-" "-"
51.120.79.194 - - [03/Mar/2026:00:00:46 +0800] "GET //sys.php HTTP/1.1" 404 27 "-" "-"
51.120.79.194 - - [03/Mar/2026:00:00:46 +0800] "GET /txets.php HTTP/1.1" 404 27 "-" "-"
51.120.79.194 - - [03/Mar/2026:00:00:46 +0800] "GET /tt.php HTTP/1.1" 404 27 "-" "-"
51.120.79.194 - - [03/Mar/2026:00:00:46 +0800] "GET /wp9.php HTTP/1.1" 404 27 "-" "-"
51.120.79.194 - - [03/Mar/2026:00:00:47 +0800] "GET /path.php HTTP/1.1" 404 27 "-" "-"
51.120.79.194 - - [03/Mar/2026:00:00:47 +0800] "GET /wdf.php HTTP/1.1" 404 27 "-" "-"
51.120.79.194 - - [03/Mar/2026:00:00:47 +0800] "GET //2.php HTTP/1.1" 404 27 "-" "-"
51.120.79.194 - - [03/Mar/2026:00:00:47 +0800] "GET /wp-tem.php HTTP/1.1" 404 27 "-" "-"
51.120.79.194 - - [03/Mar/2026:00:00:48 +0800] "GET /av6m.php HTTP/1.1" 404 27 "-" "-"
51.120.79.194 - - [03/Mar/2026:00:00:48 +0800] "GET /autogooey.php HTTP/1.1" 404 27 "-" "-"
51.120.79.194 - - [03/Mar/2026:00:00:48 +0800] "GET /btx25.php HTTP/1.1" 404 27 "-" "-"
51.120.79.194 - - [03/Mar/2026:00:00:49 +0800] "GET /mga.php HTTP/1.1" 404 27 "-" "-"
51.120.79.194 - - [03/Mar/2026:00:00:49 +0800] "GET /maxro.php HTTP/1.1" 404 27 "-" "-"
51.120.79.194 - - [03/Mar/2026:00:00:49 +0800] "GET /agg.php HTTP/1.1" 404 27 "-" "-"
51.120.79.194 - - [03/Mar/2026:00:00:49 +0800] "GET /pass4.php HTTP/1.1" 404 27 "-" "-"
51.120.79.194 - - [03/Mar/2026:00:00:50 +0800] "GET /wsvvs.php HTTP/1.1" 404 27 "-" "-"
51.120.79.194 - - [03/Mar/2026:00:00:50 +0800] "GET /G-In.php HTTP/1.1" 404 27 "-" "-"
51.120.79.194 - - [03/Mar/2026:00:00:50 +0800] "GET //edit.php HTTP/1.1" 404 27 "-" "-"
51.120.79.194 - - [03/Mar/2026:00:00:50 +0800] "GET /ioxi-o.php HTTP/1.1" 404 27 "-" "-"
51.120.79.194 - - [03/Mar/2026:00:00:51 +0800] "GET /wp-content/admin.php HTTP/1.1" 404 27 "-" "-"
51.120.79.194 - - [03/Mar/2026:00:00:51 +0800] "GET /66.php HTTP/1.1" 404 27 "-" "-"
51.120.79.194 - - [03/Mar/2026:00:00:51 +0800] "GET //wp-includes/js/tinymce/themes/inlite/ HTTP/1.1" 403 146 "-" "-"
51.120.79.194 - - [03/Mar/2026:00:00:51 +0800] "GET /gifclass.php HTTP/1.1" 404 27 "-" "-"
51.120.79.194 - - [03/Mar/2026:00:00:52 +0800] "GET /wp-includes/assets/index.php HTTP/1.1" 404 27 "-" "-"
51.120.79.194 - - [03/Mar/2026:00:00:52 +0800] "GET //wp-admin/images/wp-conflg.php?p= HTTP/1.1" 404 27 "-" "-"
51.120.79.194 - - [03/Mar/2026:00:00:52 +0800] "GET /wp-content/plugins/index.php?p= HTTP/1.1" 200 5 "-" "-"
51.120.79.194 - - [03/Mar/2026:00:00:53 +0800] "GET //assets/css/index.php HTTP/1.1" 404 27 "-" "-"
51.120.79.194 - - [03/Mar/2026:00:00:53 +0800] "GET /sc.php HTTP/1.1" 404 27 "-" "-"
51.120.79.194 - - [03/Mar/2026:00:00:54 +0800] "GET /xmlrpc.php HTTP/1.1" 405 53 "-" "-"
51.120.79.194 - - [03/Mar/2026:00:00:54 +0800] "GET /ol.php HTTP/1.1" 404 27 "-" "-"
51.120.79.194 - - [03/Mar/2026:00:00:54 +0800] "GET //f6.php HTTP/1.1" 404 27 "-" "-"
51.120.79.194 - - [03/Mar/2026:00:00:55 +0800] "GET //inputs.php HTTP/1.1" 404 27 "-" "-"
51.120.79.194 - - [03/Mar/2026:00:00:55 +0800] "GET /style.php HTTP/1.1" 404 27 "-" "-"
51.120.79.194 - - [03/Mar/2026:00:00:55 +0800] "GET /bgymj.php HTTP/1.1" 404 27 "-" "-"
51.120.79.194 - - [03/Mar/2026:00:00:56 +0800] "GET //aa.php HTTP/1.1" 404 27 "-" "-"
51.120.79.194 - - [03/Mar/2026:00:00:56 +0800] "GET //1.php HTTP/1.1" 404 27 "-" "-"
51.120.79.194 - - [03/Mar/2026:00:00:56 +0800] "GET //sc.php HTTP/1.1" 404 27 "-" "-"
51.120.79.194 - - [03/Mar/2026:00:00:56 +0800] "GET //av.php HTTP/1.1" 404 27 "-" "-"
51.120.79.194 - - [03/Mar/2026:00:00:57 +0800] "GET /file.php? HTTP/1.1" 404 27 "-" "-"
51.120.79.194 - - [03/Mar/2026:00:00:57 +0800] "GET /666.php HTTP/1.1" 404 27 "-" "-"
51.120.79.194 - - [03/Mar/2026:00:00:57 +0800] "GET /file59.php HTTP/1.1" 404 27 "-" "-"
51.120.79.194 - - [03/Mar/2026:00:00:57 +0800] "GET /bless.php HTTP/1.1" 404 27 "-" "-"
51.120.79.194 - - [03/Mar/2026:00:00:58 +0800] "GET /wp9.php HTTP/1.1" 404 27 "-" "-"
51.120.79.194 - - [03/Mar/2026:00:00:58 +0800] "GET /wp-act.php HTTP/1.1" 404 27 "-" "-"
51.120.79.194 - - [03/Mar/2026:00:00:58 +0800] "GET /class-t.api.php HTTP/1.1" 404 27 "-" "-"
51.120.79.194 - - [03/Mar/2026:00:00:59 +0800] "GET /xqq.php HTTP/1.1" 404 27 "-" "-"
51.120.79.194 - - [03/Mar/2026:00:00:59 +0800] "GET /wp-admin/css/bolt.php HTTP/1.1" 404 27 "-" "-"
51.120.79.194 - - [03/Mar/2026:00:00:59 +0800] "GET /a.php?p= HTTP/1.1" 404 27 "-" "-"
51.120.79.194 - - [03/Mar/2026:00:00:59 +0800] "GET /06.php HTTP/1.1" 404 27 "-" "-"
51.120.79.194 - - [03/Mar/2026:00:01:00 +0800] "GET /plss3.php HTTP/1.1" 404 27 "-" "-"
51.120.79.194 - - [03/Mar/2026:00:01:00 +0800] "GET /aaa.php?p= HTTP/1.1" 404 27 "-" "-"
51.120.79.194 - - [03/Mar/2026:00:01:00 +0800] "GET /classwithtostring.php?p= HTTP/1.1" 404 27 "-" "-"
51.120.79.194 - - [03/Mar/2026:00:01:00 +0800] "GET /wp-content/themes/index.php HTTP/1.1" 200 5 "-" "-"
51.120.79.194 - - [03/Mar/2026:00:01:01 +0800] "GET /tinyfilemanager.php?p= HTTP/1.1" 404 27 "-" "-"
51.120.79.194 - - [03/Mar/2026:00:01:01 +0800] "GET //x.php HTTP/1.1" 404 27 "-" "-"
51.120.79.194 - - [03/Mar/2026:00:01:01 +0800] "GET /ms.php HTTP/1.1" 404 27 "-" "-"
51.120.79.194 - - [03/Mar/2026:00:01:02 +0800] "GET //wp-content/plugins/erinyani/ HTTP/1.1" 301 5 "-" "-"
51.120.79.194 - - [03/Mar/2026:00:01:03 +0800] "GET /wp-content/plugins/erinyani/ HTTP/1.1" 404 31365 "-" "-"
51.120.79.194 - - [03/Mar/2026:00:01:04 +0800] "GET /wdf.php HTTP/1.1" 404 27 "-" "-"
51.120.79.194 - - [03/Mar/2026:00:01:04 +0800] "GET /wp-update.php HTTP/1.1" 404 27 "-" "-"
51.120.79.194 - - [03/Mar/2026:00:01:05 +0800] "GET /sbhu.php HTTP/1.1" 404 27 "-" "-"
51.120.79.194 - - [03/Mar/2026:00:01:06 +0800] "GET /x/ HTTP/1.1" 404 31365 "-" "-"
51.120.79.194 - - [03/Mar/2026:00:01:06 +0800] "GET /wp-blog.php HTTP/1.1" 404 27 "-" "-"
51.120.79.194 - - [03/Mar/2026:00:01:06 +0800] "GET /test1.php HTTP/1.1" 404 27 "-" "-"
51.120.79.194 - - [03/Mar/2026:00:01:07 +0800] "GET //wp-includes/js/jquery/ HTTP/1.1" 403 146 "-" "-"
51.120.79.194 - - [03/Mar/2026:00:01:07 +0800] "GET /166.php HTTP/1.1" 404 27 "-" "-"
51.120.79.194 - - [03/Mar/2026:00:01:07 +0800] "GET /fleen.php?p= HTTP/1.1" 404 27 "-" "-"
51.120.79.194 - - [03/Mar/2026:00:01:08 +0800] "GET //wp-content/admin.php HTTP/1.1" 404 27 "-" "-"
51.120.79.194 - - [03/Mar/2026:00:01:08 +0800] "GET /ms-edit.php HTTP/1.1" 404 27 "-" "-"
51.120.79.194 - - [03/Mar/2026:00:01:08 +0800] "GET //adminfuns.php HTTP/1.1" 404 27 "-" "-"
51.120.79.194 - - [03/Mar/2026:00:01:09 +0800] "GET /goods.php HTTP/1.1" 404 27 "-" "-"
51.120.79.194 - - [03/Mar/2026:00:01:11 +0800] "GET /ms-edit.php HTTP/1.1" 404 27 "-" "-"
51.120.79.194 - - [03/Mar/2026:00:01:11 +0800] "GET /222.php HTTP/1.1" 404 27 "-" "-"
51.120.79.194 - - [03/Mar/2026:00:01:12 +0800] "GET /plugins.php?p= HTTP/1.1" 404 27 "-" "-"
51.120.79.194 - - [03/Mar/2026:00:01:12 +0800] "GET //cgi-bin/index.php HTTP/1.1" 404 27 "-" "-"
51.120.79.194 - - [03/Mar/2026:00:01:12 +0800] "GET //wp-includes/js/dist/ HTTP/1.1" 403 146 "-" "-"
51.120.79.194 - - [03/Mar/2026:00:01:12 +0800] "GET /ff1.php HTTP/1.1" 404 27 "-" "-"
51.120.79.194 - - [03/Mar/2026:00:01:13 +0800] "GET /fff.php HTTP/1.1" 404 27 "-" "-"
51.120.79.194 - - [03/Mar/2026:00:01:13 +0800] "GET /wp-content/ HTTP/1.1" 200 5 "-" "-"
51.120.79.194 - - [03/Mar/2026:00:01:13 +0800] "GET /goat.php HTTP/1.1" 404 27 "-" "-"
51.120.79.194 - - [03/Mar/2026:00:01:14 +0800] "GET /155.php HTTP/1.1" 404 27 "-" "-"
51.120.79.194 - - [03/Mar/2026:00:01:14 +0800] "GET /we.php HTTP/1.1" 404 27 "-" "-"
51.120.79.194 - - [03/Mar/2026:00:01:15 +0800] "GET /alpha.php HTTP/1.1" 404 27 "-" "-"
51.120.79.194 - - [03/Mar/2026:00:01:15 +0800] "GET /makeasmtp.php?p= HTTP/1.1" 404 27 "-" "-"
51.120.79.194 - - [03/Mar/2026:00:01:15 +0800] "GET /wp-michan.php HTTP/1.1" 404 27 "-" "-"
51.120.79.194 - - [03/Mar/2026:00:01:15 +0800] "GET //wp-content/cong.php HTTP/1.1" 404 27 "-" "-"
51.120.79.194 - - [03/Mar/2026:00:01:16 +0800] "GET /wp-the.php HTTP/1.1" 404 27 "-" "-"
51.120.79.194 - - [03/Mar/2026:00:01:16 +0800] "GET //wp-includes/css/dist/ HTTP/1.1" 403 146 "-" "-"
51.120.79.194 - - [03/Mar/2026:00:01:16 +0800] "GET /BDKR28WP.php HTTP/1.1" 404 27 "-" "-"
51.120.79.194 - - [03/Mar/2026:00:01:17 +0800] "GET //wp-includes/l10n/ HTTP/1.1" 403 146 "-" "-"
51.120.79.194 - - [03/Mar/2026:00:01:17 +0800] "GET /wp.php HTTP/1.1" 404 27 "-" "-"
51.120.79.194 - - [03/Mar/2026:00:01:17 +0800] "GET //assets/css/index.php?p= HTTP/1.1" 404 27 "-" "-"
51.120.79.194 - - [03/Mar/2026:00:01:17 +0800] "GET /w4.php HTTP/1.1" 404 27 "-" "-"
51.120.79.194 - - [03/Mar/2026:00:01:18 +0800] "GET //wp-admin/js/widgets/index.php HTTP/1.1" 404 27 "-" "-"
51.120.79.194 - - [03/Mar/2026:00:01:18 +0800] "GET /ok.php HTTP/1.1" 404 27 "-" "-"
51.120.79.194 - - [03/Mar/2026:00:01:19 +0800] "GET //about.php HTTP/1.1" 404 27 "-" "-"
51.120.79.194 - - [03/Mar/2026:00:01:19 +0800] "GET /tymn.php?p= HTTP/1.1" 404 27 "-" "-"
51.120.79.194 - - [03/Mar/2026:00:01:19 +0800] "GET //bak.php HTTP/1.1" 404 27 "-" "-"
51.120.79.194 - - [03/Mar/2026:00:01:19 +0800] "GET /wp-admin/js/fi.php HTTP/1.1" 404 27 "-" "-"
51.120.79.194 - - [03/Mar/2026:00:01:20 +0800] "GET /fe5.php HTTP/1.1" 404 27 "-" "-"
51.120.79.194 - - [03/Mar/2026:00:01:20 +0800] "GET /kj.php HTTP/1.1" 404 27 "-" "-"
51.120.79.194 - - [03/Mar/2026:00:01:20 +0800] "GET //wp-content/uploads/2021/02/index.php HTTP/1.1" 404 27 "-" "-"
51.120.79.194 - - [03/Mar/2026:00:01:20 +0800] "GET /av.php HTTP/1.1" 404 27 "-" "-"
51.120.79.194 - - [03/Mar/2026:00:01:21 +0800] "GET /abcd.php HTTP/1.1" 404 27 "-" "-"
51.120.79.194 - - [03/Mar/2026:00:01:21 +0800] "GET /init.php HTTP/1.1" 404 27 "-" "-"
51.120.79.194 - - [03/Mar/2026:00:01:21 +0800] "GET /fi.php HTTP/1.1" 404 27 "-" "-"
51.120.79.194 - - [03/Mar/2026:00:01:21 +0800] "GET //a1.php HTTP/1.1" 404 27 "-" "-"
51.120.79.194 - - [03/Mar/2026:00:01:22 +0800] "GET /update/f35.php HTTP/1.1" 404 27 "-" "-"
51.120.79.194 - - [03/Mar/2026:00:01:22 +0800] "GET /wp-includes/Text/Diff/Engine/about.php HTTP/1.1" 404 27 "-" "-"
51.120.79.194 - - [03/Mar/2026:00:01:22 +0800] "GET /f35.php HTTP/1.1" 404 27 "-" "-"
51.120.79.194 - - [03/Mar/2026:00:01:22 +0800] "GET /hi.php HTTP/1.1" 404 27 "-" "-"
51.120.79.194 - - [03/Mar/2026:00:01:23 +0800] "GET //lala.php HTTP/1.1" 404 27 "-" "-"
51.120.79.194 - - [03/Mar/2026:00:01:23 +0800] "GET /lb.php HTTP/1.1" 404 27 "-" "-"
51.120.79.194 - - [03/Mar/2026:00:01:23 +0800] "GET //wp-includes/css/index.php?p= HTTP/1.1" 404 27 "-" "-"
51.120.79.194 - - [03/Mar/2026:00:01:24 +0800] "GET /0.php HTTP/1.1" 404 27 "-" "-"
51.120.79.194 - - [03/Mar/2026:00:01:24 +0800] "GET /core.php HTTP/1.1" 404 27 "-" "-"
51.120.79.194 - - [03/Mar/2026:00:01:25 +0800] "GET /autogooey.php HTTP/1.1" 404 27 "-" "-"
51.120.79.194 - - [03/Mar/2026:00:01:25 +0800] "GET /wp-includes/SimplePie/ HTTP/1.1" 403 146 "-" "-"
51.120.79.194 - - [03/Mar/2026:00:01:25 +0800] "GET /prv8.php HTTP/1.1" 404 27 "-" "-"
51.120.79.194 - - [03/Mar/2026:00:01:25 +0800] "GET /k.php HTTP/1.1" 404 27 "-" "-"
51.120.79.194 - - [03/Mar/2026:00:01:26 +0800] "GET /dev.php HTTP/1.1" 404 27 "-" "-"
51.120.79.194 - - [03/Mar/2026:00:01:26 +0800] "GET /x123x.php HTTP/1.1" 404 27 "-" "-"
51.120.79.194 - - [03/Mar/2026:00:01:26 +0800] "GET /bal.php HTTP/1.1" 404 27 "-" "-"
51.120.79.194 - - [03/Mar/2026:00:01:26 +0800] "GET /in.php HTTP/1.1" 404 27 "-" "-"
51.120.79.194 - - [03/Mar/2026:00:01:27 +0800] "GET /gssdd.php HTTP/1.1" 404 27 "-" "-"
51.120.79.194 - - [03/Mar/2026:00:01:27 +0800] "GET /motu.php HTTP/1.1" 404 27 "-" "-"
51.120.79.194 - - [03/Mar/2026:00:01:27 +0800] "GET /bs1.php HTTP/1.1" 404 27 "-" "-"
51.120.79.194 - - [03/Mar/2026:00:01:28 +0800] "GET /bengi.php HTTP/1.1" 404 27 "-" "-"
51.120.79.194 - - [03/Mar/2026:00:01:28 +0800] "GET //log.php HTTP/1.1" 404 27 "-" "-"
51.120.79.194 - - [03/Mar/2026:00:01:28 +0800] "GET /miansha.php HTTP/1.1" 404 27 "-" "-"
51.120.79.194 - - [03/Mar/2026:00:01:28 +0800] "GET //erty.php HTTP/1.1" 404 27 "-" "-"
51.120.79.194 - - [03/Mar/2026:00:01:29 +0800] "GET /wp-content/plugins/pwnd/as.php HTTP/1.1" 404 27 "-" "-"
51.120.79.194 - - [03/Mar/2026:00:01:29 +0800] "GET /X57.php HTTP/1.1" 404 27 "-" "-"
51.120.79.194 - - [03/Mar/2026:00:01:29 +0800] "GET /axx.php HTTP/1.1" 404 27 "-" "-"
51.120.79.194 - - [03/Mar/2026:00:01:29 +0800] "GET /alfashell.php HTTP/1.1" 404 27 "-" "-"
51.120.79.194 - - [03/Mar/2026:00:01:30 +0800] "GET /myfile.php HTTP/1.1" 404 27 "-" "-"
51.120.79.194 - - [03/Mar/2026:00:01:30 +0800] "GET /re.php HTTP/1.1" 404 27 "-" "-"
51.120.79.194 - - [03/Mar/2026:00:01:30 +0800] "GET /styll.php HTTP/1.1" 404 27 "-" "-"
51.120.79.194 - - [03/Mar/2026:00:01:31 +0800] "GET /flower.php HTTP/1.1" 404 27 "-" "-"
51.120.79.194 - - [03/Mar/2026:00:01:31 +0800] "GET /flower2.php HTTP/1.1" 404 27 "-" "-"
51.120.79.194 - - [03/Mar/2026:00:01:31 +0800] "GET /4h.php HTTP/1.1" 404 27 "-" "-"
51.120.79.194 - - [03/Mar/2026:00:01:31 +0800] "GET /gettest.php HTTP/1.1" 404 27 "-" "-"
51.120.79.194 - - [03/Mar/2026:00:01:32 +0800] "GET /acp.php HTTP/1.1" 404 27 "-" "-"
51.120.79.194 - - [03/Mar/2026:00:01:32 +0800] "GET /database.php HTTP/1.1" 404 27 "-" "-"
36.133.115.36 - - [03/Mar/2026:00:03:52 +0800] "POST /wp-cron.php?doing_wp_cron=1772467432.6152830123901367187500 HTTP/1.1" 200 31 "-" "WordPress/6.9; http://cqqizhou.com"
185.208.206.98 - - [03/Mar/2026:00:03:52 +0800] "GET /robots.txt HTTP/1.1" 200 390 "-" "Mozilla/5.0 (compatible; MJ12bot/v1.4.8; http://mj12bot.com/)"
185.208.206.98 - - [03/Mar/2026:00:03:56 +0800] "GET /portfolio-tag/%E9%9E%8D%E9%92%A2%E8%92%82%E6%A3%AE/ HTTP/1.1" 404 8949 "-" "Mozilla/5.0 (compatible; MJ12bot/v1.4.8; http://mj12bot.com/)"
185.208.206.98 - - [03/Mar/2026:00:03:59 +0800] "GET /portfolio/%E5%86%B7%E8%BD%A7%E5%8D%B7/ HTTP/1.1" 301 5 "-" "Mozilla/5.0 (compatible; MJ12bot/v1.4.8; http://mj12bot.com/)"
185.208.206.98 - - [03/Mar/2026:00:04:02 +0800] "GET /news/portfolio/%E5%86%B7%E8%BD%A7%E5%8D%B7 HTTP/1.1" 200 22144 "-" "Mozilla/5.0 (compatible; MJ12bot/v1.4.8; http://mj12bot.com/)"
185.208.206.98 - - [03/Mar/2026:00:04:05 +0800] "GET /portfolio/%E5%86%B7%E8%BD%A7%E6%9D%BF/ HTTP/1.1" 301 5 "-" "Mozilla/5.0 (compatible; MJ12bot/v1.4.8; http://mj12bot.com/)"
36.133.115.36 - - [03/Mar/2026:00:04:09 +0800] "POST /wp-cron.php?doing_wp_cron=1772467449.7595241069793701171875 HTTP/1.1" 200 31 "-" "WordPress/6.9; http://cqqizhou.com"
185.208.206.98 - - [03/Mar/2026:00:04:09 +0800] "GET /news/portfolio/%E5%86%B7%E8%BD%A7%E6%9D%BF HTTP/1.1" 200 22140 "-" "Mozilla/5.0 (compatible; MJ12bot/v1.4.8; http://mj12bot.com/)"
185.208.206.98 - - [03/Mar/2026:00:04:15 +0800] "GET /tag/%E5%8D%9A%E8%81%94%E8%BE%BE/ HTTP/1.1" 404 8950 "-" "Mozilla/5.0 (compatible; MJ12bot/v1.4.8; http://mj12bot.com/)"
185.208.206.98 - - [03/Mar/2026:00:04:20 +0800] "GET /tag/%E7%89%A9%E6%B5%81/ HTTP/1.1" 404 8948 "-" "Mozilla/5.0 (compatible; MJ12bot/v1.4.8; http://mj12bot.com/)"
36.133.115.36 - - [03/Mar/2026:00:10:29 +0800] "POST /wp-cron.php?doing_wp_cron=1772467829.7369370460510253906250 HTTP/1.1" 200 31 "-" "WordPress/6.9; http://cqqizhou.com"
110.249.202.88 - - [03/Mar/2026:00:10:29 +0800] "GET /robots.txt HTTP/1.1" 200 190 "-" "Mozilla/5.0 (Linux; Android 5.0) AppleWebKit/537.36 (KHTML, like Gecko) Mobile Safari/537.36 (compatible; Bytespider; https://zhanzhang.toutiao.com/)"
36.133.115.36 - - [03/Mar/2026:00:25:49 +0800] "POST /wp-cron.php?doing_wp_cron=1772468749.4454069137573242187500 HTTP/1.1" 200 31 "-" "WordPress/6.9; http://cqqizhou.com"
185.191.171.11 - - [03/Mar/2026:00:25:49 +0800] "GET /robots.txt HTTP/1.1" 200 190 "-" "Mozilla/5.0 (compatible; SemrushBot/7~bl; +http://www.semrush.com/bot.html)"
85.208.96.202 - - [03/Mar/2026:00:25:51 +0800] "GET /news/2475 HTTP/1.1" 200 26767 "-" "Mozilla/5.0 (compatible; SemrushBot/7~bl; +http://www.semrush.com/bot.html)"
36.133.115.36 - - [03/Mar/2026:00:38:43 +0800] "POST /wp-cron.php?doing_wp_cron=1772469523.8615369796752929687500 HTTP/1.1" 200 31 "-" "WordPress/6.9; http://cqqizhou.com"
113.74.34.62 - - [03/Mar/2026:00:38:43 +0800] "GET http://cqqizhou.com/2164/ HTTP/1.1" 301 5 "-" "Mozilla/5.0 (Macintosh; Intel Mac OS X 10_15_7) AppleWebKit/537.36 (KHTML, like Gecko) Chrome/136.0.0.0 Safari/537.36"
113.74.34.62 - - [03/Mar/2026:00:38:44 +0800] "GET http://cqqizhou.com/news/2164 HTTP/1.1" 200 23675 "-" "Mozilla/5.0 (Macintosh; Intel Mac OS X 10_15_7) AppleWebKit/537.36 (KHTML, like Gecko) Chrome/136.0.0.0 Safari/537.36"
36.133.115.36 - - [03/Mar/2026:00:39:50 +0800] "POST /wp-cron.php?doing_wp_cron=1772469590.0367650985717773437500 HTTP/1.1" 200 31 "-" "WordPress/6.9; http://cqqizhou.com"
51.195.183.91 - - [03/Mar/2026:00:39:50 +0800] "GET /news/portfolio/remaining-rolls HTTP/1.1" 200 22214 "-" "Mozilla/5.0 (compatible; AhrefsBot/7.0; +http://ahrefs.com/robot/)"
36.133.115.36 - - [03/Mar/2026:00:42:42 +0800] "POST /wp-cron.php?doing_wp_cron=1772469762.3432559967041015625000 HTTP/1.1" 200 31 "-" "WordPress/6.9; http://cqqizhou.com"
221.229.106.25 - - [03/Mar/2026:00:42:42 +0800] "GET / HTTP/1.1" 301 5 "-" "Mozilla/5.0 (iPhone; CPU iPhone OS 13_2_3 like Mac OS X) AppleWebKit/605.1.15 (KHTML, like Gecko) Version/13.0.3 Mobile/15E148 Safari/604.1"
221.229.106.25 - - [03/Mar/2026:00:42:52 +0800] "GET / HTTP/1.1" 200 34767 "http://www.cqqizhou.com" "Mozilla/5.0 (iPhone; CPU iPhone OS 13_2_3 like Mac OS X) AppleWebKit/605.1.15 (KHTML, like Gecko) Version/13.0.3 Mobile/15E148 Safari/604.1"
36.133.115.36 - - [03/Mar/2026:01:11:17 +0800] "POST /wp-cron.php?doing_wp_cron=1772471477.4709079265594482421875 HTTP/1.1" 200 31 "-" "WordPress/6.9; http://cqqizhou.com"
216.180.246.153 - - [03/Mar/2026:01:11:17 +0800] "GET / HTTP/1.0" 301 0 "-" "Mozilla/5.0 (compatible; GenomeCrawlerd/1.0; +https://www.nokia.com/genomecrawler)"
36.133.115.36 - - [03/Mar/2026:01:13:31 +0800] "POST /wp-cron.php?doing_wp_cron=1772471611.1678030490875244140625 HTTP/1.1" 200 31 "-" "WordPress/6.9; http://cqqizhou.com"
216.180.246.153 - - [03/Mar/2026:01:13:31 +0800] "GET / HTTP/1.0" 301 0 "-" "Mozilla/5.0 (compatible; GenomeCrawlerd/1.0; +https://www.nokia.com/genomecrawler)"
36.133.115.36 - - [03/Mar/2026:01:14:16 +0800] "POST /wp-cron.php?doing_wp_cron=1772471656.3722140789031982421875 HTTP/1.1" 200 31 "-" "WordPress/6.9; http://cqqizhou.com"
216.180.246.153 - - [03/Mar/2026:01:14:16 +0800] "GET / HTTP/1.1" 301 5 "-" "Mozilla/5.0 (compatible; GenomeCrawlerd/1.0; +https://www.nokia.com/genomecrawler)"
36.133.115.36 - - [03/Mar/2026:01:18:04 +0800] "POST /wp-cron.php?doing_wp_cron=1772471884.4815759658813476562500 HTTP/1.1" 200 31 "-" "WordPress/6.9; http://cqqizhou.com"
51.195.215.66 - - [03/Mar/2026:01:18:04 +0800] "GET /news/portfolio/hot-dip-galvanized-coil HTTP/1.1" 200 22366 "-" "Mozilla/5.0 (compatible; AhrefsBot/7.0; +http://ahrefs.com/robot/)"
36.133.115.36 - - [03/Mar/2026:01:23:19 +0800] "POST /wp-cron.php?doing_wp_cron=1772472199.4850950241088867187500 HTTP/1.1" 200 31 "-" "WordPress/6.9; http://cqqizhou.com"
150.109.119.38 - - [03/Mar/2026:01:23:19 +0800] "GET / HTTP/1.1" 301 5 "-" "Mozilla/5.0 (iPhone; CPU iPhone OS 13_2_3 like Mac OS X) AppleWebKit/605.1.15 (KHTML, like Gecko) Version/13.0.3 Mobile/15E148 Safari/604.1"
150.109.119.38 - - [03/Mar/2026:01:23:24 +0800] "GET / HTTP/1.1" 200 34769 "http://36.133.115.36" "Mozilla/5.0 (iPhone; CPU iPhone OS 13_2_3 like Mac OS X) AppleWebKit/605.1.15 (KHTML, like Gecko) Version/13.0.3 Mobile/15E148 Safari/604.1"
36.133.115.36 - - [03/Mar/2026:01:28:45 +0800] "POST /wp-cron.php?doing_wp_cron=1772472525.3690600395202636718750 HTTP/1.1" 200 31 "-" "WordPress/6.9; http://cqqizhou.com"
115.159.33.43 - - [03/Mar/2026:01:28:45 +0800] "GET / HTTP/1.1" 301 5 "-" "Mozilla/5.0 (Windows NT 10.0; Win64; x64) AppleWebKit/537.36 (KHTML, like Gecko) Chrome/79.0.3945.117 Safari/537.36"
36.133.115.36 - - [03/Mar/2026:01:30:09 +0800] "POST /wp-cron.php?doing_wp_cron=1772472609.2317800521850585937500 HTTP/1.1" 200 31 "-" "WordPress/6.9; http://cqqizhou.com"
117.129.91.231 - - [03/Mar/2026:01:30:09 +0800] "GET /2153/ HTTP/1.1" 301 5 "-" "Mozilla/5.0 (Macintosh; Intel Mac OS X 10_15_7) AppleWebKit/537.36 (KHTML, like Gecko) Chrome/124.0.0.0 Safari/537.36"
117.129.91.231 - - [03/Mar/2026:01:30:10 +0800] "GET /news/2153 HTTP/1.1" 200 24439 "-" "Mozilla/5.0 (Macintosh; Intel Mac OS X 10_15_7) AppleWebKit/537.36 (KHTML, like Gecko) Chrome/124.0.0.0 Safari/537.36"
36.133.115.36 - - [03/Mar/2026:01:36:53 +0800] "POST /wp-cron.php?doing_wp_cron=1772473013.2446339130401611328125 HTTP/1.1" 200 31 "-" "WordPress/6.9; http://cqqizhou.com"
170.106.65.93 - - [03/Mar/2026:01:36:53 +0800] "GET / HTTP/1.1" 200 34770 "-" "Mozilla/5.0 (iPhone; CPU iPhone OS 13_2_3 like Mac OS X) AppleWebKit/605.1.15 (KHTML, like Gecko) Version/13.0.3 Mobile/15E148 Safari/604.1"
36.133.115.36 - - [03/Mar/2026:01:37:40 +0800] "POST /wp-cron.php?doing_wp_cron=1772473060.9483399391174316406250 HTTP/1.1" 200 31 "-" "WordPress/6.9; http://cqqizhou.com"
43.153.15.51 - - [03/Mar/2026:01:37:40 +0800] "GET /wp-content/uploads/2026/01/1768276119-qizhoujiagong_Slider_3840 HTTP/1.1" 404 8948 "-" "Mozilla/5.0 (iPhone; CPU iPhone OS 13_2_3 like Mac OS X) AppleWebKit/605.1.15 (KHTML, like Gecko) Version/13.0.3 Mobile/15E148 Safari/604.1"
36.133.115.36 - - [03/Mar/2026:01:39:17 +0800] "POST /wp-cron.php?doing_wp_cron=1772473157.1688289642333984375000 HTTP/1.1" 200 31 "-" "WordPress/6.9; http://cqqizhou.com"
40.77.167.203 - - [03/Mar/2026:01:39:17 +0800] "GET /robots.txt HTTP/1.1" 200 190 "-" "Mozilla/5.0 AppleWebKit/537.36 (KHTML, like Gecko; compatible; bingbot/2.0; +http://www.bing.com/bingbot.htm) Chrome/116.0.1938.76 Safari/537.36"
40.77.167.22 - - [03/Mar/2026:01:39:25 +0800] "GET /news/2418 HTTP/1.1" 200 27409 "-" "Mozilla/5.0 AppleWebKit/537.36 (KHTML, like Gecko; compatible; bingbot/2.0; +http://www.bing.com/bingbot.htm) Chrome/116.0.1938.76 Safari/537.36"
36.133.115.36 - - [03/Mar/2026:01:47:04 +0800] "POST /wp-cron.php?doing_wp_cron=1772473624.8803849220275878906250 HTTP/1.1" 200 31 "-" "WordPress/6.9; http://cqqizhou.com"
18.213.252.175 - - [03/Mar/2026:01:47:04 +0800] "GET / HTTP/1.1" 301 5 "-" "Go-http-client/1.1"
18.213.252.175 - - [03/Mar/2026:01:47:05 +0800] "GET / HTTP/1.1" 200 35209 "http://36.133.115.36" "Go-http-client/1.1"
198.244.183.178 - - [03/Mar/2026:01:50:57 +0800] "GET /news/2502 HTTP/1.1" 200 24649 "-" "Mozilla/5.0 (compatible; AhrefsBot/7.0; +http://ahrefs.com/robot/)"
180.153.236.7 - - [03/Mar/2026:01:59:23 +0800] "GET / HTTP/1.1" 200 35209 "http://cqqizhou.com" "Mozilla/5.0 (Windows NT 10.0; Win64; x64) AppleWebKit/537.36 (KHTML, like Gecko) Chrome/140.0.0.0 Safari/537.36 Edg/140.0.0.0; 360Spider"
180.153.236.236 - - [03/Mar/2026:01:59:23 +0800] "GET / HTTP/1.1" 200 35209 "http://cqqizhou.com" "Mozilla/5.0 (Windows NT 10.0; Win64; x64) AppleWebKit/537.36 (KHTML, like Gecko) Chrome/140.0.0.0 Safari/537.36 Edg/140.0.0.0; 360Spider"
36.133.115.36 - - [03/Mar/2026:02:07:52 +0800] "POST /wp-cron.php?doing_wp_cron=1772474872.4461660385131835937500 HTTP/1.1" 200 31 "-" "WordPress/6.9; http://cqqizhou.com"
27.115.124.101 - - [03/Mar/2026:02:07:52 +0800] "GET / HTTP/1.1" 301 5 "-" "Mozilla/5.0 (Linux; Android 11; V2055A) AppleWebKit/537.36 (KHTML, like Gecko) Chrome/91.0.4472.101 Mobile Safari/537.36"
27.115.124.101 - - [03/Mar/2026:02:07:53 +0800] "GET / HTTP/1.1" 200 34769 "-" "Mozilla/5.0 (Linux; Android 11; V2055A) AppleWebKit/537.36 (KHTML, like Gecko) Chrome/91.0.4472.101 Mobile Safari/537.36"
27.115.124.70 - - [03/Mar/2026:02:07:55 +0800] "GET /wp-content/uploads/2025/07/1751425283-qizhou.kf_.qq_.com_.webp HTTP/1.1" 200 16864 "http://cqqizhou.com/" "Mozilla/5.0 (Linux; Android 11; V2055A) AppleWebKit/537.36 (KHTML, like Gecko) Chrome/91.0.4472.101 Mobile Safari/537.36"
27.115.124.70 - - [03/Mar/2026:02:07:55 +0800] "GET /wp-content/uploads/2025/07/1753456723-%E5%8F%8C%E7%9B%B8%E9%92%A2roduct_Single600.webp HTTP/1.1" 200 22790 "http://cqqizhou.com/" "Mozilla/5.0 (Linux; Android 11; V2055A) AppleWebKit/537.36 (KHTML, like Gecko) Chrome/91.0.4472.101 Mobile Safari/537.36"
27.115.124.70 - - [03/Mar/2026:02:07:55 +0800] "GET /wp-content/uploads/2025/07/1753453096-%E5%8F%8C%E7%9B%B8%E9%92%A2product_Single600%C3%97284.webp HTTP/1.1" 200 14562 "http://cqqizhou.com/" "Mozilla/5.0 (Linux; Android 11; V2055A) AppleWebKit/537.36 (KHTML, like Gecko) Chrome/91.0.4472.101 Mobile Safari/537.36"
27.115.124.70 - - [03/Mar/2026:02:07:55 +0800] "GET /wp-content/uploads/2025/07/1753456770-%E7%83%AD%E9%95%80%E9%94%8C%E5%8D%B7product_Single600.webp HTTP/1.1" 200 27502 "http://cqqizhou.com/" "Mozilla/5.0 (Linux; Android 11; V2055A) AppleWebKit/537.36 (KHTML, like Gecko) Chrome/91.0.4472.101 Mobile Safari/537.36"
27.115.124.70 - - [03/Mar/2026:02:07:55 +0800] "GET /wp-content/uploads/2025/07/1753453127-%E4%BD%99%E5%8D%B7product_Single600%C3%97284.webp HTTP/1.1" 200 18744 "http://cqqizhou.com/" "Mozilla/5.0 (Linux; Android 11; V2055A) AppleWebKit/537.36 (KHTML, like Gecko) Chrome/91.0.4472.101 Mobile Safari/537.36"
27.115.124.70 - - [03/Mar/2026:02:07:55 +0800] "GET /wp-content/uploads/2026/02/1772086672-%E5%BC%80%E5%B7%A5%E5%A4%A7%E5%90%89%E5%B0%81%E9%9D%A2%E5%A4%B4%E5%9B%BEArticle_images_W900%C3%97500px-768x427.webp HTTP/1.1" 200 93810 "http://cqqizhou.com/" "Mozilla/5.0 (Linux; Android 11; V2055A) AppleWebKit/537.36 (KHTML, like Gecko) Chrome/91.0.4472.101 Mobile Safari/537.36"
27.115.124.70 - - [03/Mar/2026:02:07:55 +0800] "GET /wp-content/uploads/2025/07/1753454299-Article_images_W900px-768x432.webp HTTP/1.1" 200 53850 "http://cqqizhou.com/" "Mozilla/5.0 (Linux; Android 11; V2055A) AppleWebKit/537.36 (KHTML, like Gecko) Chrome/91.0.4472.101 Mobile Safari/537.36"
27.115.124.70 - - [03/Mar/2026:02:07:55 +0800] "GET /wp-content/uploads/2026/02/1770617354-Article_images_W900px-768x479.webp HTTP/1.1" 200 14746 "http://cqqizhou.com/" "Mozilla/5.0 (Linux; Android 11; V2055A) AppleWebKit/537.36 (KHTML, like Gecko) Chrome/91.0.4472.101 Mobile Safari/537.36"
27.115.124.70 - - [03/Mar/2026:02:07:55 +0800] "GET /wp-content/uploads/2026/02/1770341652-2026251Article_images_W900%C3%97500px-768x427.webp HTTP/1.1" 200 42638 "http://cqqizhou.com/" "Mozilla/5.0 (Linux; Android 11; V2055A) AppleWebKit/537.36 (KHTML, like Gecko) Chrome/91.0.4472.101 Mobile Safari/537.36"
27.115.124.70 - - [03/Mar/2026:02:07:55 +0800] "GET /wp-content/uploads/2026/02/1770617948-Article_images_W900%C3%97500px-768x432.webp HTTP/1.1" 200 41870 "http://cqqizhou.com/" "Mozilla/5.0 (Linux; Android 11; V2055A) AppleWebKit/537.36 (KHTML, like Gecko) Chrome/91.0.4472.101 Mobile Safari/537.36"
36.133.115.36 - - [03/Mar/2026:02:10:32 +0800] "POST /wp-cron.php?doing_wp_cron=1772475032.5776178836822509765625 HTTP/1.1" 200 31 "-" "WordPress/6.9; http://cqqizhou.com"
180.76.30.40 - - [03/Mar/2026:02:10:32 +0800] "GET /wp-json/oembed/1.0/embed?url=http://cqqizhou.com/services/processing HTTP/1.1" 200 1153 "http://m.baidu.com/s?wd=newspaperklw" "pc"
39.173.141.70 - - [03/Mar/2026:02:10:49 +0800] "GET /news/2153 HTTP/1.1" 200 24458 "-" "Mozilla/5.0 (Macintosh; Intel Mac OS X 10_15_7) AppleWebKit/537.36 (KHTML, like Gecko) Chrome/133.0.0.0 Safari/537.36"
198.244.183.2 - - [03/Mar/2026:02:13:41 +0800] "GET /news/portfolio-category/pickled-coil HTTP/1.1" 200 21141 "-" "Mozilla/5.0 (compatible; AhrefsBot/7.0; +http://ahrefs.com/robot/)"
36.133.115.36 - - [03/Mar/2026:02:23:00 +0800] "POST /wp-cron.php?doing_wp_cron=1772475780.2313280105590820312500 HTTP/1.1" 200 31 "-" "WordPress/6.9; http://cqqizhou.com"
223.106.48.149 - - [03/Mar/2026:02:23:00 +0800] "GET /2214/ HTTP/1.1" 301 5 "-" "Mozilla/5.0 (Windows 7 Enterprise; x64) AppleWebKit/537.36 (KHTML, like Gecko) Chrome/122.0.6099.71 Safari/537.36"
223.106.48.149 - - [03/Mar/2026:02:23:01 +0800] "GET /news/2214 HTTP/1.1" 200 25934 "-" "Mozilla/5.0 (Windows 7 Enterprise; x64) AppleWebKit/537.36 (KHTML, like Gecko) Chrome/122.0.6099.71 Safari/537.36"
116.208.206.162 - - [03/Mar/2026:02:23:04 +0800] "GET /2214/ HTTP/1.1" 499 0 "-" "Mozilla/5.0 (Windows 7 Enterprise; x64) AppleWebKit/537.36 (KHTML, like Gecko) Chrome/122.0.6099.71 Safari/537.36"
36.133.115.36 - - [03/Mar/2026:02:30:15 +0800] "POST /wp-cron.php?doing_wp_cron=1772476215.6411139965057373046875 HTTP/1.1" 200 31 "-" "WordPress/6.9; http://cqqizhou.com"
117.171.169.23 - - [03/Mar/2026:02:30:15 +0800] "GET /contacts/ HTTP/1.1" 301 5 "-" "Mozilla/5.0 (Windows NT 10.0; Win64; x64) AppleWebKit/537.36 (KHTML, like Gecko) Chrome/136.0.0.0 Safari/537.36"
112.250.160.44 - - [03/Mar/2026:02:30:15 +0800] "GET /contacts/ HTTP/1.1" 301 5 "-" "Mozilla/5.0 (Windows NT 10.0; Win64; x64) AppleWebKit/537.36 (KHTML, like Gecko) Chrome/136.0.0.0 Safari/537.36"
117.171.169.23 - - [03/Mar/2026:02:30:16 +0800] "GET http://cqqizhou.com/contacts HTTP/1.1" 200 21756 "-" "Mozilla/5.0 (Windows NT 10.0; Win64; x64) AppleWebKit/537.36 (KHTML, like Gecko) Chrome/136.0.0.0 Safari/537.36"
112.250.160.44 - - [03/Mar/2026:02:30:16 +0800] "GET http://cqqizhou.com/contacts HTTP/1.1" 200 21756 "-" "Mozilla/5.0 (Windows NT 10.0; Win64; x64) AppleWebKit/537.36 (KHTML, like Gecko) Chrome/136.0.0.0 Safari/537.36"
54.38.147.178 - - [03/Mar/2026:02:35:04 +0800] "GET /services/processing HTTP/1.1" 200 23044 "-" "Mozilla/5.0 (compatible; AhrefsBot/7.0; +http://ahrefs.com/robot/)"
110.249.202.235 - - [03/Mar/2026:02:35:42 +0800] "GET /wp-content/uploads/2025/11/1762864381-QZ_Photo-7.webp HTTP/1.1" 200 129922 "-" "Mozilla/5.0 (Linux; Android 5.0) AppleWebKit/537.36 (KHTML, like Gecko) Mobile Safari/537.36 (compatible; Bytespider; https://zhanzhang.toutiao.com/)"
36.133.115.36 - - [03/Mar/2026:02:37:40 +0800] "POST /wp-cron.php?doing_wp_cron=1772476660.2748000621795654296875 HTTP/1.1" 200 31 "-" "WordPress/6.9; http://cqqizhou.com"
46.105.39.49 - - [03/Mar/2026:02:37:40 +0800] "GET /robots.txt HTTP/1.1" 200 190 "-" "Mozilla/5.0 (compatible; MJ12bot/v2.0.5; http://mj12bot.com/)"
46.105.39.49 - - [03/Mar/2026:02:37:40 +0800] "GET / HTTP/1.1" 200 35209 "-" "Mozilla/5.0 (compatible; MJ12bot/v2.0.5; http://mj12bot.com/)"
36.133.115.36 - - [03/Mar/2026:02:39:25 +0800] "POST /wp-cron.php?doing_wp_cron=1772476765.4368979930877685546875 HTTP/1.1" 200 31 "-" "WordPress/6.9; http://cqqizhou.com"
42.238.52.243 - - [03/Mar/2026:02:39:25 +0800] "GET /2339/ HTTP/1.1" 301 5 "-" "Mozilla/5.0 (Macintosh; Intel Mac OS X 10_15_7) AppleWebKit/537.36 (KHTML, like Gecko) Chrome/124.0.0.0 Safari/537.36"
42.238.52.243 - - [03/Mar/2026:02:39:26 +0800] "GET /news/2339 HTTP/1.1" 200 24626 "-" "Mozilla/5.0 (Macintosh; Intel Mac OS X 10_15_7) AppleWebKit/537.36 (KHTML, like Gecko) Chrome/124.0.0.0 Safari/537.36"
36.133.115.36 - - [03/Mar/2026:02:42:04 +0800] "POST /wp-cron.php?doing_wp_cron=1772476924.3846330642700195312500 HTTP/1.1" 200 31 "-" "WordPress/6.9; http://cqqizhou.com"
176.65.149.233 - - [03/Mar/2026:02:42:04 +0800] "GET / HTTP/1.1" 200 157103 "-" "Mozilla/1.0"
159.65.145.201 - - [03/Mar/2026:02:42:44 +0800] "GET / HTTP/1.1" 200 35209 "-" "Mozilla/5.0 (X11; Linux x86_64; rv:142.0) Gecko/20100101 Firefox/142.0"
36.133.115.36 - - [03/Mar/2026:02:56:44 +0800] "POST /wp-cron.php?doing_wp_cron=1772477804.4628100395202636718750 HTTP/1.1" 200 31 "-" "WordPress/6.9; http://cqqizhou.com"
51.195.244.240 - - [03/Mar/2026:02:56:44 +0800] "GET /news/tag/%E7%89%A9%E6%B5%81 HTTP/1.1" 200 21183 "-" "Mozilla/5.0 (compatible; AhrefsBot/7.0; +http://ahrefs.com/robot/)"
36.133.115.36 - - [03/Mar/2026:03:01:18 +0800] "POST /wp-cron.php?doing_wp_cron=1772478078.8997631072998046875000 HTTP/1.1" 200 31 "-" "WordPress/6.9; http://cqqizhou.com"
45.153.34.187 - - [03/Mar/2026:03:01:19 +0800] "GET / HTTP/1.1" 200 157103 "-" "Mozilla/5.0"
36.133.115.36 - - [03/Mar/2026:03:17:18 +0800] "POST /wp-cron.php?doing_wp_cron=1772479038.8755269050598144531250 HTTP/1.1" 200 31 "-" "WordPress/6.9; http://cqqizhou.com"
51.195.215.176 - - [03/Mar/2026:03:17:18 +0800] "GET /news/tag/%E5%8D%9A%E8%81%94%E8%BE%BE HTTP/1.1" 200 21201 "-" "Mozilla/5.0 (compatible; AhrefsBot/7.0; +http://ahrefs.com/robot/)"
36.133.115.36 - - [03/Mar/2026:03:20:07 +0800] "POST /wp-cron.php?doing_wp_cron=1772479207.9527130126953125000000 HTTP/1.1" 200 31 "-" "WordPress/6.9; http://cqqizhou.com"
111.225.149.199 - - [03/Mar/2026:03:20:07 +0800] "GET /robots.txt HTTP/1.1" 200 190 "-" "Mozilla/5.0 (Linux; Android 5.0) AppleWebKit/537.36 (KHTML, like Gecko) Mobile Safari/537.36 (compatible; Bytespider; https://zhanzhang.toutiao.com/)"
36.133.115.36 - - [03/Mar/2026:03:23:09 +0800] "POST /wp-cron.php?doing_wp_cron=1772479389.7724471092224121093750 HTTP/1.1" 200 31 "-" "WordPress/6.9; http://cqqizhou.com"
121.41.167.34 - - [03/Mar/2026:03:23:09 +0800] "GET / HTTP/1.0" 301 0 "-" "-"
121.41.167.34 - - [03/Mar/2026:03:23:20 +0800] "GET / HTTP/1.0" 301 0 "-" "-"
121.41.167.34 - - [03/Mar/2026:03:23:20 +0800] "GET /nmaplowercheck1772479391 HTTP/1.1" 404 31365 "-" "Mozilla/5.0 (compatible; Nmap Scripting Engine; https://nmap.org/book/nse.html)"
121.41.167.34 - - [03/Mar/2026:03:23:20 +0800] "POST /sdk HTTP/1.1" 404 31365 "-" "Mozilla/5.0 (compatible; Nmap Scripting Engine; https://nmap.org/book/nse.html)"
121.41.167.34 - - [03/Mar/2026:03:23:21 +0800] "GET /HNAP1 HTTP/1.1" 404 31365 "-" "Mozilla/5.0 (compatible; Nmap Scripting Engine; https://nmap.org/book/nse.html)"
121.41.167.34 - - [03/Mar/2026:03:23:21 +0800] "GET /evox/about HTTP/1.1" 404 31365 "-" "Mozilla/5.0 (compatible; Nmap Scripting Engine; https://nmap.org/book/nse.html)"
120.228.45.221 - - [03/Mar/2026:03:23:28 +0800] "GET /2165/ HTTP/1.1" 301 5 "-" "Mozilla/5.0 (X11; Linux x86_64) AppleWebKit/537.36 (KHTML, like Gecko) Chrome/103.0.5060.53 Safari/537.36"
120.228.45.221 - - [03/Mar/2026:03:23:29 +0800] "GET http://cqqizhou.com/news/2165 HTTP/1.1" 200 27005 "-" "Mozilla/5.0 (X11; Linux x86_64) AppleWebKit/537.36 (KHTML, like Gecko) Chrome/103.0.5060.53 Safari/537.36"
121.41.167.34 - - [03/Mar/2026:03:23:40 +0800] "GET / HTTP/1.0" 301 0 "-" "-"
121.41.167.34 - - [03/Mar/2026:03:23:41 +0800] "GET / HTTP/1.1" 301 5 "-" "-"
36.133.115.36 - - [03/Mar/2026:03:28:09 +0800] "POST /wp-cron.php?doing_wp_cron=1772479689.4003899097442626953125 HTTP/1.1" 200 31 "-" "WordPress/6.9; http://cqqizhou.com"
130.211.53.197 - - [03/Mar/2026:03:28:09 +0800] "GET / HTTP/1.1" 301 5 "-" "python-requests/2.32.5"
36.133.115.36 - - [03/Mar/2026:03:30:09 +0800] "POST /wp-cron.php?doing_wp_cron=1772479809.0288579463958740234375 HTTP/1.1" 200 31 "-" "WordPress/6.9; http://cqqizhou.com"
34.148.55.67 - - [03/Mar/2026:03:30:09 +0800] "HEAD / HTTP/1.1" 200 0 "-" "Mozilla/5.0 (Linux; Android 13; Pixel 7a) AppleWebKit/537.36 (KHTML, like Gecko) Chrome/124.0.6367.82 Mobile Safari/537.36"
34.148.55.67 - - [03/Mar/2026:03:30:09 +0800] "HEAD /wordpress/ HTTP/1.1" 404 0 "-" "Mozilla/5.0 (iPhone; CPU iPhone OS 17_5 like Mac OS X) AppleWebKit/605.1.15 (KHTML, like Gecko) Version/17.5 Mobile/15E148 Safari/604.1"
34.148.55.67 - - [03/Mar/2026:03:30:10 +0800] "HEAD /blog/ HTTP/1.1" 404 0 "-" "Mozilla/5.0 (X11; Fedora; Linux x86_64; rv:125.0) Gecko/20100101 Firefox/125.0"
34.148.55.67 - - [03/Mar/2026:03:30:11 +0800] "HEAD /new/ HTTP/1.1" 301 0 "-" "Mozilla/5.0 (Macintosh; Intel Mac OS X 13_5) AppleWebKit/605.1.15 (KHTML, like Gecko) Version/16.5 Safari/605.1.15"
34.148.55.67 - - [03/Mar/2026:03:30:12 +0800] "HEAD /news HTTP/1.1" 200 0 "http://cqqizhou.com/new/" "Mozilla/5.0 (Macintosh; Intel Mac OS X 13_5) AppleWebKit/605.1.15 (KHTML, like Gecko) Version/16.5 Safari/605.1.15"
34.148.55.67 - - [03/Mar/2026:03:30:13 +0800] "HEAD /wp/ HTTP/1.1" 404 0 "-" "Mozilla/5.0 (Linux; Android 10; vivo 1904) AppleWebKit/537.36 (KHTML, like Gecko) Chrome/117.0.5938.60 Mobile Safari/537.36"
34.148.55.67 - - [03/Mar/2026:03:30:14 +0800] "HEAD /old/ HTTP/1.1" 404 0 "-" "Mozilla/5.0 (Linux; Android 11; RMX2195) AppleWebKit/537.36 (KHTML, like Gecko) Chrome/120.0.6099.210 Mobile Safari/537.36 OPR/75.2.3995.72468"
34.148.55.67 - - [03/Mar/2026:03:30:15 +0800] "HEAD /backup/ HTTP/1.1" 404 0 "-" "Mozilla/5.0 (Linux; Android 11; RMX2195) AppleWebKit/537.36 (KHTML, like Gecko) Chrome/120.0.6099.210 Mobile Safari/537.36 OPR/75.2.3995.72468"
36.133.115.36 - - [03/Mar/2026:03:36:38 +0800] "POST /wp-cron.php?doing_wp_cron=1772480198.6903951168060302734375 HTTP/1.1" 200 31 "-" "WordPress/6.9; http://cqqizhou.com"
51.195.215.153 - - [03/Mar/2026:03:36:38 +0800] "GET /2440/ HTTP/1.1" 301 5 "-" "Mozilla/5.0 (compatible; AhrefsBot/7.0; +http://ahrefs.com/robot/)"
36.133.115.36 - - [03/Mar/2026:03:55:31 +0800] "POST /wp-cron.php?doing_wp_cron=1772481331.6518890857696533203125 HTTP/1.1" 200 31 "-" "WordPress/6.9; http://cqqizhou.com"
172.203.245.49 - - [03/Mar/2026:03:55:31 +0800] "GET / HTTP/1.1" 301 5 "-" "Mozilla/5.0 zgrab/0.x"
51.195.215.59 - - [03/Mar/2026:04:02:00 +0800] "GET /news/portfolio/remaining-rolls HTTP/1.1" 200 22233 "-" "Mozilla/5.0 (compatible; AhrefsBot/7.0; +http://ahrefs.com/robot/)"
36.133.115.36 - - [03/Mar/2026:04:03:59 +0800] "POST /wp-cron.php?doing_wp_cron=1772481839.1659750938415527343750 HTTP/1.1" 200 31 "-" "WordPress/6.9; http://cqqizhou.com"
20.163.6.253 - - [03/Mar/2026:04:03:59 +0800] "GET /druid/index.html HTTP/1.1" 404 8949 "-" "Mozilla/5.0 zgrab/0.x"
36.133.115.36 - - [03/Mar/2026:04:24:54 +0800] "POST /wp-cron.php?doing_wp_cron=1772483094.4945979118347167968750 HTTP/1.1" 200 31 "-" "WordPress/6.9; http://cqqizhou.com"
142.248.80.187 - - [03/Mar/2026:04:24:54 +0800] "GET / HTTP/1.0" 301 0 "-" "Shodan-Pull/1.0"
51.89.129.68 - - [03/Mar/2026:04:28:41 +0800] "GET /news/portfolio/hot-dip-galvanized-coil HTTP/1.1" 200 22388 "-" "Mozilla/5.0 (compatible; AhrefsBot/7.0; +http://ahrefs.com/robot/)"
36.133.115.36 - - [03/Mar/2026:04:29:38 +0800] "POST /wp-cron.php?doing_wp_cron=1772483378.7159900665283203125000 HTTP/1.1" 200 31 "-" "WordPress/6.9; http://cqqizhou.com"
159.203.72.111 - - [03/Mar/2026:04:29:38 +0800] "GET /anomaly HTTP/1.1" 301 5 "-" "Mozilla/5.0 (CentOS; Linux i686; rv:122.0) Gecko/20100101 Firefox/122.0"
36.133.115.36 - - [03/Mar/2026:04:35:53 +0800] "POST /wp-cron.php?doing_wp_cron=1772483753.0969820022583007812500 HTTP/1.1" 200 31 "-" "WordPress/6.9; http://cqqizhou.com"
172.105.234.247 - - [03/Mar/2026:04:35:53 +0800] "GET / HTTP/1.1" 200 157103 "-" "Mozilla/5.0 AppleWebKit/537.36 (KHTML, like Gecko) Mobile Safari/537.36 (compatible; Bytespider; https://zhanzhang.toutiao.com/)"
36.133.115.36 - - [03/Mar/2026:04:39:05 +0800] "POST /wp-cron.php?doing_wp_cron=1772483945.5360779762268066406250 HTTP/1.1" 200 31 "-" "WordPress/6.9; http://cqqizhou.com"
150.109.230.210 - - [03/Mar/2026:04:39:05 +0800] "GET / HTTP/1.1" 200 34769 "-" "Mozilla/5.0 (iPhone; CPU iPhone OS 13_2_3 like Mac OS X) AppleWebKit/605.1.15 (KHTML, like Gecko) Version/13.0.3 Mobile/15E148 Safari/604.1"
36.133.115.36 - - [03/Mar/2026:04:42:55 +0800] "POST /wp-cron.php?doing_wp_cron=1772484175.0082299709320068359375 HTTP/1.1" 200 31 "-" "WordPress/6.9; http://cqqizhou.com"
43.130.102.7 - - [03/Mar/2026:04:42:55 +0800] "GET / HTTP/1.1" 301 5 "-" "Mozilla/5.0 (iPhone; CPU iPhone OS 13_2_3 like Mac OS X) AppleWebKit/605.1.15 (KHTML, like Gecko) Version/13.0.3 Mobile/15E148 Safari/604.1"
43.130.102.7 - - [03/Mar/2026:04:42:57 +0800] "GET / HTTP/1.1" 200 34768 "http://www.cqqizhou.com" "Mozilla/5.0 (iPhone; CPU iPhone OS 13_2_3 like Mac OS X) AppleWebKit/605.1.15 (KHTML, like Gecko) Version/13.0.3 Mobile/15E148 Safari/604.1"
36.133.115.36 - - [03/Mar/2026:04:55:58 +0800] "POST /wp-cron.php?doing_wp_cron=1772484958.5305008888244628906250 HTTP/1.1" 200 31 "-" "WordPress/6.9; http://cqqizhou.com"
8.216.38.6 - - [03/Mar/2026:04:55:58 +0800] "GET /.git/config HTTP/1.1" 404 31365 "-" "Mozilla/5.0 (compatible; Scanner/1.0)"
51.89.129.175 - - [03/Mar/2026:04:56:01 +0800] "GET /2464/ HTTP/1.1" 301 5 "-" "Mozilla/5.0 (compatible; AhrefsBot/7.0; +http://ahrefs.com/robot/)"
36.133.115.36 - - [03/Mar/2026:05:08:43 +0800] "POST /wp-cron.php?doing_wp_cron=1772485723.0951581001281738281250 HTTP/1.1" 200 31 "-" "WordPress/6.9; http://cqqizhou.com"
40.77.167.150 - - [03/Mar/2026:05:08:43 +0800] "GET /bug/ HTTP/1.1" 301 5 "-" "Mozilla/5.0 AppleWebKit/537.36 (KHTML, like Gecko; compatible; bingbot/2.0; +http://www.bing.com/bingbot.htm) Chrome/116.0.1938.76 Safari/537.36"
36.133.115.36 - - [03/Mar/2026:05:22:13 +0800] "POST /wp-cron.php?doing_wp_cron=1772486533.9063420295715332031250 HTTP/1.1" 200 31 "-" "WordPress/6.9; http://cqqizhou.com"
51.195.215.212 - - [03/Mar/2026:05:22:13 +0800] "GET /2475/ HTTP/1.1" 301 5 "-" "Mozilla/5.0 (compatible; AhrefsBot/7.0; +http://ahrefs.com/robot/)"
35.203.210.159 - - [03/Mar/2026:05:22:16 +0800] "GET / HTTP/1.1" 200 34770 "-" "Hello from Palo Alto Networks, find out more about our scans in https://docs-cortex.paloaltonetworks.com/r/1/Cortex-Xpanse/Scanning-activity"
36.133.115.36 - - [03/Mar/2026:05:24:25 +0800] "POST /wp-cron.php?doing_wp_cron=1772486665.9514489173889160156250 HTTP/1.1" 200 31 "-" "WordPress/6.9; http://cqqizhou.com"
183.225.201.25 - - [03/Mar/2026:05:24:25 +0800] "GET /news/2162 HTTP/1.1" 200 25250 "-" "Mozilla/5.0 (Windows NT 10.0; Win64; x64) AppleWebKit/537.36 (KHTML, like Gecko) Chrome/139.0.0.0 Safari/537.36"
183.225.201.25 - - [03/Mar/2026:05:24:27 +0800] "POST /wp-admin/admin-ajax.php HTTP/1.1" 200 574 "http://cqqizhou.com/news/2162" "Mozilla/5.0 (Windows NT 10.0; Win64; x64) AppleWebKit/537.36 (KHTML, like Gecko) Chrome/139.0.0.0 Safari/537.36"
77.90.185.5 - - [03/Mar/2026:05:26:51 +0800] "GET / HTTP/1.0" 200 158740 "http://cqqizhou.com/" "Mozilla/5.0 (Windows NT 10.0; Win64; x64) AppleWebKit/537.36 (KHTML, like Gecko) Chrome/130.0.0.0 Safari/537.36"
36.133.115.36 - - [03/Mar/2026:05:26:53 +0800] "POST /wp-cron.php?doing_wp_cron=1772486813.1786079406738281250000 HTTP/1.1" 200 31 "-" "WordPress/6.9; http://cqqizhou.com"
77.90.185.5 - - [03/Mar/2026:05:26:53 +0800] "GET /contacts/ HTTP/1.0" 301 0 "http://cqqizhou.com/contacts/" "Mozilla/5.0 (Windows NT 10.0; Win64; x64) AppleWebKit/537.36 (KHTML, like Gecko) Chrome/130.0.0.0 Safari/537.36"
77.90.185.5 - - [03/Mar/2026:05:26:53 +0800] "GET /contacts HTTP/1.0" 200 78913 "http://cqqizhou.com/contacts" "Mozilla/5.0 (Windows NT 10.0; Win64; x64) AppleWebKit/537.36 (KHTML, like Gecko) Chrome/130.0.0.0 Safari/537.36"
77.90.185.5 - - [03/Mar/2026:05:26:56 +0800] "POST /contacts HTTP/1.0" 200 71578 "http://cqqizhou.com/contacts" "Mozilla/5.0 (Windows NT 10.0; Win64; x64) AppleWebKit/537.36 (KHTML, like Gecko) Chrome/130.0.0.0 Safari/537.36"
51.195.183.97 - - [03/Mar/2026:05:52:23 +0800] "GET / HTTP/1.1" 200 35209 "-" "Mozilla/5.0 (compatible; AhrefsBot/7.0; +http://ahrefs.com/robot/)"
36.133.115.36 - - [03/Mar/2026:05:52:40 +0800] "POST /wp-cron.php?doing_wp_cron=1772488360.9160070419311523437500 HTTP/1.1" 200 31 "-" "WordPress/6.9; http://cqqizhou.com"
204.76.203.18 - - [03/Mar/2026:05:52:41 +0800] "GET / HTTP/1.1" 200 157103 "-" "-"
204.76.203.18 - - [03/Mar/2026:05:52:43 +0800] "GET / HTTP/1.1" 200 157103 "-" "-"
204.76.203.18 - - [03/Mar/2026:05:52:45 +0800] "GET / HTTP/1.1" 200 157103 "-" "-"
204.76.203.18 - - [03/Mar/2026:05:52:47 +0800] "GET / HTTP/1.1" 200 157103 "-" "-"
204.76.203.18 - - [03/Mar/2026:05:52:50 +0800] "GET / HTTP/1.1" 200 157103 "-" "-"
36.133.115.36 - - [03/Mar/2026:06:02:50 +0800] "POST /wp-cron.php?doing_wp_cron=1772488970.0996429920196533203125 HTTP/1.1" 200 31 "-" "WordPress/6.9; http://cqqizhou.com"
204.76.203.18 - - [03/Mar/2026:06:02:50 +0800] "GET /bins/ HTTP/1.1" 301 5 "-" "-"
36.133.115.36 - - [03/Mar/2026:06:25:35 +0800] "POST /wp-cron.php?doing_wp_cron=1772490335.8376250267028808593750 HTTP/1.1" 200 31 "-" "WordPress/6.9; http://cqqizhou.com"
198.244.226.17 - - [03/Mar/2026:06:25:35 +0800] "GET /company-news/ HTTP/1.1" 301 5 "-" "Mozilla/5.0 (compatible; AhrefsBot/7.0; +http://ahrefs.com/robot/)"
36.133.115.36 - - [03/Mar/2026:06:32:31 +0800] "POST /wp-cron.php?doing_wp_cron=1772490751.5170109272003173828125 HTTP/1.1" 200 31 "-" "WordPress/6.9; http://cqqizhou.com"
43.159.144.16 - - [03/Mar/2026:06:32:31 +0800] "GET / HTTP/1.1" 301 5 "-" "Mozilla/5.0 (iPhone; CPU iPhone OS 13_2_3 like Mac OS X) AppleWebKit/605.1.15 (KHTML, like Gecko) Version/13.0.3 Mobile/15E148 Safari/604.1"
43.159.144.16 - - [03/Mar/2026:06:32:33 +0800] "GET / HTTP/1.1" 200 34769 "http://36.133.115.36" "Mozilla/5.0 (iPhone; CPU iPhone OS 13_2_3 like Mac OS X) AppleWebKit/605.1.15 (KHTML, like Gecko) Version/13.0.3 Mobile/15E148 Safari/604.1"
43.228.157.67 - - [03/Mar/2026:06:39:47 +0800] "GET /.git/config HTTP/1.1" 499 0 "-" "Go-http-client/1.1"
36.133.115.36 - - [03/Mar/2026:06:46:05 +0800] "POST /wp-cron.php?doing_wp_cron=1772491565.5934629440307617187500 HTTP/1.1" 200 31 "-" "WordPress/6.9; http://cqqizhou.com"
167.94.138.169 - - [03/Mar/2026:06:46:05 +0800] "GET /sitemap.xml HTTP/1.1" 200 535 "-" "Mozilla/5.0 (compatible; CensysInspect/1.1; +https://about.censys.io/)"
36.133.115.36 - - [03/Mar/2026:06:46:27 +0800] "POST /wp-cron.php?doing_wp_cron=1772491586.9942810535430908203125 HTTP/1.1" 200 31 "-" "WordPress/6.9; http://cqqizhou.com"
167.94.138.169 - - [03/Mar/2026:06:46:27 +0800] "GET /vm_7sugycrl HTTP/1.1" 404 8949 "-" "Mozilla/5.0 (compatible; CensysInspect/1.1; +https://about.censys.io/)"
36.133.115.36 - - [03/Mar/2026:06:51:43 +0800] "POST /wp-cron.php?doing_wp_cron=1772491903.7764990329742431640625 HTTP/1.1" 200 31 "-" "WordPress/6.9; http://cqqizhou.com"
66.132.153.115 - - [03/Mar/2026:06:51:43 +0800] "GET / HTTP/1.1" 301 5 "-" "Mozilla/5.0 (compatible; CensysInspect/1.1; +https://about.censys.io/)"
66.132.153.115 - - [03/Mar/2026:06:51:53 +0800] "GET /wiki HTTP/1.1" 404 8949 "-" "Mozilla/5.0 (compatible; CensysInspect/1.1; +https://about.censys.io/)"
36.133.115.36 - - [03/Mar/2026:06:52:27 +0800] "POST /wp-cron.php?doing_wp_cron=1772491947.4837679862976074218750 HTTP/1.1" 200 31 "-" "WordPress/6.9; http://cqqizhou.com"
66.249.73.232 - - [03/Mar/2026:06:52:27 +0800] "GET /portfolio/%E5%86%B7%E8%BD%A7%E6%9D%BF/ HTTP/1.1" 301 5 "-" "Mozilla/5.0 (Linux; Android 6.0.1; Nexus 5X Build/MMB29P) AppleWebKit/537.36 (KHTML, like Gecko) Chrome/144.0.7559.132 Mobile Safari/537.36 (compatible; Googlebot/2.1; +http://www.google.com/bot.html)"
66.249.73.231 - - [03/Mar/2026:06:52:28 +0800] "GET /news/portfolio/%E5%86%B7%E8%BD%A7%E6%9D%BF HTTP/1.1" 200 18794 "-" "Mozilla/5.0 (Linux; Android 6.0.1; Nexus 5X Build/MMB29P) AppleWebKit/537.36 (KHTML, like Gecko) Chrome/144.0.7559.132 Mobile Safari/537.36 (compatible; Googlebot/2.1; +http://www.google.com/bot.html)"
36.133.115.36 - - [03/Mar/2026:06:55:43 +0800] "POST /wp-cron.php?doing_wp_cron=1772492143.0376369953155517578125 HTTP/1.1" 200 31 "-" "WordPress/6.9; http://cqqizhou.com"
198.244.240.96 - - [03/Mar/2026:06:55:43 +0800] "GET /2163/ HTTP/1.1" 301 5 "-" "Mozilla/5.0 (compatible; AhrefsBot/7.0; +http://ahrefs.com/robot/)"
66.132.153.125 - - [03/Mar/2026:06:55:56 +0800] "GET /robots.txt HTTP/1.1" 200 190 "-" "Mozilla/5.0 (compatible; CensysInspect/1.1; +https://about.censys.io/)"
66.132.153.125 - - [03/Mar/2026:06:56:01 +0800] "GET /3t2922f01g6hs0 HTTP/1.1" 404 8949 "-" "Mozilla/5.0 (compatible; CensysInspect/1.1; +https://about.censys.io/)"
36.133.115.36 - - [03/Mar/2026:07:08:44 +0800] "POST /wp-cron.php?doing_wp_cron=1772492924.1488630771636962890625 HTTP/1.1" 200 31 "-" "WordPress/6.9; http://cqqizhou.com"
36.133.108.121 - - [03/Mar/2026:07:08:44 +0800] "HEAD / HTTP/1.1" 301 0 "-" "Mozilla/5.0 (Windows NT 6.1; rv:27.3) Gecko/20130101 Firefox/27.3"
36.133.108.119 - - [03/Mar/2026:07:08:45 +0800] "GET / HTTP/1.1" 301 5 "-" "Scrapy/2.8.0 (+https://scrapy.org)"
17.241.219.27 - - [03/Mar/2026:07:09:07 +0800] "GET /robots.txt HTTP/1.1" 301 5 "-" "Mozilla/5.0 (Macintosh; Intel Mac OS X 10_15_7) AppleWebKit/605.1.15 (KHTML, like Gecko) Version/17.4 Safari/605.1.15 (Applebot/0.1; +http://www.apple.com/go/applebot)"
36.133.115.36 - - [03/Mar/2026:07:09:08 +0800] "POST /wp-cron.php?doing_wp_cron=1772492948.6828110218048095703125 HTTP/1.1" 200 31 "-" "WordPress/6.9; http://cqqizhou.com"
