File: //home/logs/cqqizhou_access_2026-02-04.log
36.133.115.36 - - [04/Feb/2026:00:05:00 +0800] "POST /wp-cron.php?doing_wp_cron=1770134700.1382470130920410156250 HTTP/1.1" 200 31 "-" "WordPress/6.9; http://cqqizhou.com"
182.132.24.42 - - [04/Feb/2026:00:05:00 +0800] "GET /Ly9jcXFpemhvdS5jb20vd3AtY29udGVudC91cGxvYWRzLzIwMjYvMDEvMTc2ODI4MDI3MC1hbnF1YW5fU2xpZGVyXzM4NDDDlzIxNjBfMjAyNjAxMTQtc2NhbGVkLndlYnA= HTTP/1.1" 404 8948 "-" "Mozilla/5.0 (Windows NT 6.2; WOW64) AppleWebKit/537.36 (KHTML, like Gecko) Chrome/79.0.3945.36"
36.133.115.36 - - [04/Feb/2026:00:10:14 +0800] "POST /wp-cron.php?doing_wp_cron=1770135014.1886320114135742187500 HTTP/1.1" 200 31 "-" "WordPress/6.9; http://cqqizhou.com"
66.226.73.181 - - [04/Feb/2026:00:10:14 +0800] "POST /xmlrpc.php HTTP/1.1" 200 217 "-" "Mozilla/5.0 (Windows NT 10.0; Win64; x64) AppleWebKit/537.36 (KHTML, like Gecko) Chrome/138.0.0.0 Safari/537.36"
36.133.115.36 - - [04/Feb/2026:00:23:43 +0800] "POST /wp-cron.php?doing_wp_cron=1770135823.3031160831451416015625 HTTP/1.1" 200 31 "-" "WordPress/6.9; http://cqqizhou.com"
36.148.220.99 - - [04/Feb/2026:00:23:43 +0800] "GET /Ly9jcXFpemhvdS5jb20vd3AtY29udGVudC91cGxvYWRzLzIwMjYvMDEvMTc2ODI3NjExOS1xaXpob3VqaWFnb25nX1NsaWRlcl8zODQww5cyMTYwXzIwMjYwMTEzLXNjYWxlZC53ZWJw HTTP/1.1" 404 8950 "-" "Mozilla/5.0 (Windows NT 10.0; Win64; x64) AppleWebKit/537.36 (KHTML, like Gecko) Chrome/77.0.3865.10"
47.114.89.255 - - [04/Feb/2026:00:24:15 +0800] "GET /admin/upload.php HTTP/1.1" 404 47 "-" "Mozilla/5.0 (Windows NT 10.0; Win64; x64)"
47.114.89.255 - - [04/Feb/2026:00:24:15 +0800] "GET /manage/upload.php HTTP/1.1" 404 47 "-" "Mozilla/5.0 (Windows NT 10.0; Win64; x64)"
36.133.115.36 - - [04/Feb/2026:00:36:53 +0800] "POST /wp-cron.php?doing_wp_cron=1770136613.9377930164337158203125 HTTP/1.1" 200 31 "-" "WordPress/6.9; http://cqqizhou.com"
204.76.203.219 - - [04/Feb/2026:00:36:53 +0800] "GET / HTTP/1.1" 200 34754 "-" "Mozilla/5.0 (Windows NT 10.0; Win64; x64) AppleWebKit/537.36 (KHTML, like Gecko) Chrome/90.0.4430.85 Safari/537.36 Edg/90.0.818.46"
47.95.198.251 - - [04/Feb/2026:00:38:00 +0800] "GET /assets/webuploader/server/preview.php HTTP/1.1" 404 47 "-" "Mozilla/5.0 (Windows NT 10.0; Win64; x64)"
47.95.198.251 - - [04/Feb/2026:00:38:00 +0800] "GET /assets/webuploader/server/fileupload.php HTTP/1.1" 404 47 "-" "Mozilla/5.0 (Windows NT 10.0; Win64; x64)"
20.89.56.154 - - [04/Feb/2026:00:38:07 +0800] "GET /wp-content/plugins/hellopress/wp_filemanager.php HTTP/1.1" 404 27 "-" "-"
20.89.56.154 - - [04/Feb/2026:00:38:07 +0800] "GET /bk.php HTTP/1.1" 404 27 "-" "-"
36.133.115.36 - - [04/Feb/2026:00:42:21 +0800] "POST /wp-cron.php?doing_wp_cron=1770136941.7673060894012451171875 HTTP/1.1" 200 31 "-" "WordPress/6.9; http://cqqizhou.com"
34.76.134.123 - - [04/Feb/2026:00:42:21 +0800] "GET / HTTP/1.1" 301 5 "-" "python-requests/2.32.5"
36.133.115.36 - - [04/Feb/2026:00:43:41 +0800] "POST /wp-cron.php?doing_wp_cron=1770137021.5308449268341064453125 HTTP/1.1" 200 31 "-" "WordPress/6.9; http://cqqizhou.com"
20.169.81.111 - - [04/Feb/2026:00:43:41 +0800] "GET /hudson HTTP/1.1" 404 8950 "-" "Mozilla/5.0 zgrab/0.x"
36.133.115.36 - - [04/Feb/2026:00:45:28 +0800] "POST /wp-cron.php?doing_wp_cron=1770137128.6058719158172607421875 HTTP/1.1" 200 31 "-" "WordPress/6.9; http://cqqizhou.com"
198.235.24.31 - - [04/Feb/2026:00:45:28 +0800] "GET / HTTP/1.1" 200 34753 "-" "Hello from Palo Alto Networks, find out more about our scans in https://docs-cortex.paloaltonetworks.com/r/1/Cortex-Xpanse/Scanning-activity"
36.133.108.121 - - [04/Feb/2026:00:45:35 +0800] "HEAD /hgs-static/.env HTTP/1.1" 404 0 "-" "Mozilla/5.0 (Windows; U; Windows NT 5.1; en-US) AppleWebKit/533.20.25 (KHTML, like Gecko) Version/5.0.3 Safari/533.19.4"
36.133.115.36 - - [04/Feb/2026:00:53:37 +0800] "POST /wp-cron.php?doing_wp_cron=1770137617.5329489707946777343750 HTTP/1.1" 200 31 "-" "WordPress/6.9; http://cqqizhou.com"
51.75.236.139 - - [04/Feb/2026:00:53:37 +0800] "GET /news/page/3/ HTTP/1.1" 200 21648 "-" "Mozilla/5.0 (compatible; AhrefsBot/7.0; +http://ahrefs.com/robot/)"
180.153.236.98 - - [04/Feb/2026:01:03:31 +0800] "GET / HTTP/1.1" 200 35185 "http://cqqizhou.com" "Mozilla/5.0 (Windows NT 10.0; Win64; x64) AppleWebKit/537.36 (KHTML, like Gecko) Chrome/140.0.0.0 Safari/537.36 Edg/140.0.0.0; 360Spider"
36.133.115.36 - - [04/Feb/2026:01:15:27 +0800] "POST /wp-cron.php?doing_wp_cron=1770138927.1143960952758789062500 HTTP/1.1" 200 31 "-" "WordPress/6.9; http://cqqizhou.com"
204.76.203.69 - - [04/Feb/2026:01:15:27 +0800] "GET / HTTP/1.1" 200 157284 "-" "-"
36.133.115.36 - - [04/Feb/2026:01:17:28 +0800] "POST /wp-cron.php?doing_wp_cron=1770139048.1677820682525634765625 HTTP/1.1" 200 31 "-" "WordPress/6.9; http://cqqizhou.com"
36.133.108.119 - - [04/Feb/2026:01:17:28 +0800] "HEAD /examples/react-dashboard/backend/.env HTTP/1.1" 404 0 "-" "Mozilla/5.0 (Windows; U; Windows NT 6.1; en-US) AppleWebKit/533.20.25 (KHTML, like Gecko) Version/5.0.4 Safari/533.20.27"
36.133.115.36 - - [04/Feb/2026:01:23:35 +0800] "POST /wp-cron.php?doing_wp_cron=1770139415.3645920753479003906250 HTTP/1.1" 200 31 "-" "WordPress/6.9; http://cqqizhou.com"
43.130.150.80 - - [04/Feb/2026:01:23:35 +0800] "GET / HTTP/1.1" 200 34752 "-" "Mozilla/5.0 (iPhone; CPU iPhone OS 13_2_3 like Mac OS X) AppleWebKit/605.1.15 (KHTML, like Gecko) Version/13.0.3 Mobile/15E148 Safari/604.1"
36.133.115.36 - - [04/Feb/2026:01:36:13 +0800] "POST /wp-cron.php?doing_wp_cron=1770140172.9645531177520751953125 HTTP/1.1" 200 31 "-" "WordPress/6.9; http://cqqizhou.com"
204.76.203.219 - - [04/Feb/2026:01:36:13 +0800] "GET / HTTP/1.1" 200 34753 "-" "Mozilla/5.0 (Windows NT 10.0; Win64; x64) AppleWebKit/537.36 (KHTML, like Gecko) Chrome/90.0.4430.85 Safari/537.36 Edg/90.0.818.46"
36.133.115.36 - - [04/Feb/2026:01:44:52 +0800] "POST /wp-cron.php?doing_wp_cron=1770140692.3526630401611328125000 HTTP/1.1" 200 31 "-" "WordPress/6.9; http://cqqizhou.com"
193.142.147.209 - - [04/Feb/2026:01:44:52 +0800] "POST / HTTP/1.1" 200 34753 "-" "Mozilla/5.0 (Windows NT 10.0; Win64; x64) AppleWebKit/537.36"
36.133.115.36 - - [04/Feb/2026:01:45:57 +0800] "POST /wp-cron.php?doing_wp_cron=1770140757.6267719268798828125000 HTTP/1.1" 200 31 "-" "WordPress/6.9; http://cqqizhou.com"
54.36.60.45 - - [04/Feb/2026:01:45:57 +0800] "GET /robots.txt HTTP/1.1" 200 390 "-" "Mozilla/5.0 (compatible; MJ12bot/v1.4.8; http://mj12bot.com/)"
54.36.60.45 - - [04/Feb/2026:01:45:59 +0800] "GET /tag/%E5%8D%9A%E8%81%94%E8%BE%BE/ HTTP/1.1" 200 20948 "-" "Mozilla/5.0 (compatible; MJ12bot/v1.4.8; http://mj12bot.com/)"
54.36.60.45 - - [04/Feb/2026:01:46:01 +0800] "GET /tag/%E7%89%A9%E6%B5%81/ HTTP/1.1" 200 20931 "-" "Mozilla/5.0 (compatible; MJ12bot/v1.4.8; http://mj12bot.com/)"
36.133.115.36 - - [04/Feb/2026:01:58:09 +0800] "POST /wp-cron.php?doing_wp_cron=1770141489.5638780593872070312500 HTTP/1.1" 200 31 "-" "WordPress/6.9; http://cqqizhou.com"
5.61.209.92 - - [04/Feb/2026:01:58:09 +0800] "GET /SDK/webLanguage HTTP/1.1" 301 5 "-" "Mozilla/5.0 (Windows NT 10.0; Win64; x64) AppleWebKit/537.36 (KHTML, like Gecko) Chrome/90.0.4430.85 Safari/537.36 Edg/90.0.818.46"
52.167.144.179 - - [04/Feb/2026:02:05:17 +0800] "GET /news/page/3/ HTTP/1.1" 200 21667 "-" "Mozilla/5.0 AppleWebKit/537.36 (KHTML, like Gecko; compatible; bingbot/2.0; +http://www.bing.com/bingbot.htm) Chrome/116.0.1938.76 Safari/537.36"
36.133.115.36 - - [04/Feb/2026:02:12:08 +0800] "POST /wp-cron.php?doing_wp_cron=1770142328.4102799892425537109375 HTTP/1.1" 200 31 "-" "WordPress/6.9; http://cqqizhou.com"
45.148.10.124 - - [04/Feb/2026:02:12:08 +0800] "GET /.env HTTP/1.1" 404 8950 "-" "Mozilla/5.0 (Windows NT 6.2) AppleWebKit/536.6 (KHTML, like Gecko) Chrome/20.0.1090.0 Safari/536.6"
36.133.115.36 - - [04/Feb/2026:02:32:37 +0800] "POST /wp-cron.php?doing_wp_cron=1770143557.5374960899353027343750 HTTP/1.1" 200 31 "-" "WordPress/6.9; http://cqqizhou.com"
204.76.203.219 - - [04/Feb/2026:02:32:37 +0800] "GET / HTTP/1.1" 200 34753 "-" "Mozilla/5.0 (Windows NT 10.0; Win64; x64) AppleWebKit/537.36 (KHTML, like Gecko) Chrome/90.0.4430.85 Safari/537.36 Edg/90.0.818.46"
40.77.167.38 - - [04/Feb/2026:02:32:50 +0800] "GET /logistics/ HTTP/1.1" 200 30857 "-" "Mozilla/5.0 AppleWebKit/537.36 (KHTML, like Gecko; compatible; bingbot/2.0; +http://www.bing.com/bingbot.htm) Chrome/116.0.1938.76 Safari/537.36"
123.57.13.121 - - [04/Feb/2026:02:37:46 +0800] "GET / HTTP/1.1" 200 35185 "-" "Mozilla/5.0 (Windows NT 10.0; Win64; x64) AppleWebKit/537.36 (KHTML, like Gecko) Chrome/104.0.0.0 Safari/537.36"
36.133.115.36 - - [04/Feb/2026:02:37:51 +0800] "POST /wp-cron.php?doing_wp_cron=1770143871.5145139694213867187500 HTTP/1.1" 200 31 "-" "WordPress/6.9; http://cqqizhou.com"
103.217.190.26 - - [04/Feb/2026:02:37:51 +0800] "GET /login HTTP/1.1" 301 5 "-" "Mozilla/5.0 (Windows NT 10.0; WOW64; rv:48.0) Gecko/20100101 Firefox/48.0"
103.217.190.26 - - [04/Feb/2026:02:37:53 +0800] "GET /login HTTP/1.1" 302 5 "-" "Mozilla/5.0 (Windows NT 10.0; WOW64; rv:48.0) Gecko/20100101 Firefox/48.0"
103.217.190.26 - - [04/Feb/2026:02:37:53 +0800] "GET /wp-login.php HTTP/1.1" 200 2853 "-" "Mozilla/5.0 (Windows NT 10.0; WOW64; rv:48.0) Gecko/20100101 Firefox/48.0"
36.133.115.36 - - [04/Feb/2026:02:53:36 +0800] "POST /wp-cron.php?doing_wp_cron=1770144816.7509670257568359375000 HTTP/1.1" 200 31 "-" "WordPress/6.9; http://cqqizhou.com"
167.172.16.172 - - [04/Feb/2026:02:53:36 +0800] "GET / HTTP/1.1" 301 5 "-" "Mozilla/5.0 (Windows NT 10.0; Win64; x64) AppleWebKit/537.36 (KHTML, like Gecko) Chrome/108.0.0.0 Safari/537.36"
167.172.16.172 - - [04/Feb/2026:02:53:37 +0800] "GET / HTTP/1.1" 200 35185 "http://36.133.115.36/" "Mozilla/5.0 (Windows NT 10.0; Win64; x64) AppleWebKit/537.36 (KHTML, like Gecko) Chrome/108.0.0.0 Safari/537.36"
167.172.16.172 - - [04/Feb/2026:02:53:40 +0800] "GET /form.html HTTP/1.1" 404 8948 "-" "curl/8.1.2"
167.172.16.172 - - [04/Feb/2026:02:53:40 +0800] "GET /upl.php HTTP/1.1" 404 47 "-" "Mozilla/5.0"
167.172.16.172 - - [04/Feb/2026:02:53:42 +0800] "GET /t4 HTTP/1.1" 404 8950 "-" "Mozilla/5.0"
167.172.16.172 - - [04/Feb/2026:02:53:43 +0800] "GET /geoip/ HTTP/1.1" 404 8950 "-" "Mozilla/5.0 (Windows NT 10.0; Win64; x64) AppleWebKit/537.36 (KHTML, like Gecko) Chrome/108.0.0.0 Safari/537.36"
167.172.16.172 - - [04/Feb/2026:02:53:44 +0800] "GET /1.php HTTP/1.1" 404 47 "-" "Mozilla/5.0 (Windows NT 10.0; Win64; x64) AppleWebKit/537.36 (KHTML, like Gecko) Chrome/108.0.0.0 Safari/537.36"
167.172.16.172 - - [04/Feb/2026:02:53:45 +0800] "GET /systembc/password.php HTTP/1.1" 404 47 "-" "Mozilla/5.0 (Windows NT 10.0; Win64; x64) AppleWebKit/537.36 (KHTML, like Gecko) Chrome/108.0.0.0 Safari/537.36"
167.172.16.172 - - [04/Feb/2026:02:53:45 +0800] "GET /password.php HTTP/1.1" 404 47 "-" "Mozilla/5.0 (Windows NT 10.0; Win64; x64) AppleWebKit/537.36 (KHTML, like Gecko) Chrome/108.0.0.0 Safari/537.36"
40.77.167.57 - - [04/Feb/2026:02:56:26 +0800] "GET /news/ HTTP/1.1" 200 25788 "-" "Mozilla/5.0 AppleWebKit/537.36 (KHTML, like Gecko; compatible; bingbot/2.0; +http://www.bing.com/bingbot.htm) Chrome/116.0.1938.76 Safari/537.36"
36.133.115.36 - - [04/Feb/2026:02:57:17 +0800] "POST /wp-cron.php?doing_wp_cron=1770145036.9944350719451904296875 HTTP/1.1" 200 31 "-" "WordPress/6.9; http://cqqizhou.com"
40.77.167.57 - - [04/Feb/2026:02:57:17 +0800] "GET /?s=2025 HTTP/1.1" 200 19887 "-" "Mozilla/5.0 AppleWebKit/537.36 (KHTML, like Gecko; compatible; bingbot/2.0; +http://www.bing.com/bingbot.htm) Chrome/116.0.1938.76 Safari/537.36"
36.133.115.36 - - [04/Feb/2026:02:59:04 +0800] "POST /wp-cron.php?doing_wp_cron=1770145144.1178250312805175781250 HTTP/1.1" 200 31 "-" "WordPress/6.9; http://cqqizhou.com"
34.136.31.108 - - [04/Feb/2026:02:59:04 +0800] "HEAD /new/ HTTP/1.1" 301 0 "-" "Mozilla/5.0 (Linux; Android 11; RMX2195) AppleWebKit/537.36 (KHTML, like Gecko) Chrome/120.0.6099.210 Mobile Safari/537.36 OPR/75.2.3995.72468"
34.136.31.108 - - [04/Feb/2026:02:59:05 +0800] "HEAD /news/ HTTP/1.1" 200 0 "http://cqqizhou.com/new/" "Mozilla/5.0 (Linux; Android 11; RMX2195) AppleWebKit/537.36 (KHTML, like Gecko) Chrome/120.0.6099.210 Mobile Safari/537.36 OPR/75.2.3995.72468"
34.136.31.108 - - [04/Feb/2026:02:59:05 +0800] "HEAD / HTTP/1.1" 200 0 "-" "Mozilla/5.0 (Windows NT 10.0; Win64; x64) AppleWebKit/537.36 (KHTML, like Gecko) Chrome/126.0.6478.70 Safari/537.36 Vivaldi/6.7.3200.25"
34.136.31.108 - - [04/Feb/2026:02:59:06 +0800] "HEAD /wordpress/ HTTP/1.1" 404 0 "-" "Mozilla/5.0 (Linux; Android 14; SM-A146P) AppleWebKit/537.36 (KHTML, like Gecko) SamsungBrowser/25.0 Chrome/123.0.6312.120 Mobile Safari/537.36"
34.136.31.108 - - [04/Feb/2026:02:59:07 +0800] "HEAD /old/ HTTP/1.1" 404 0 "-" "Mozilla/5.0 (Windows NT 10.0; Win64; x64) AppleWebKit/537.36 (KHTML, like Gecko) Chrome/126.0.6478.70 Safari/537.36 Vivaldi/6.7.3200.25"
34.136.31.108 - - [04/Feb/2026:02:59:07 +0800] "HEAD /blog/ HTTP/1.1" 404 0 "-" "Mozilla/5.0 (Linux; Android 14; Xiaomi 14 Pro) AppleWebKit/537.36 (KHTML, like Gecko) Chrome/126.0.6478.33 Mobile Safari/537.36"
36.133.115.36 - - [04/Feb/2026:02:59:08 +0800] "POST /wp-cron.php?doing_wp_cron=1770145148.7404670715332031250000 HTTP/1.1" 200 31 "-" "WordPress/6.9; http://cqqizhou.com"
34.136.31.108 - - [04/Feb/2026:02:59:08 +0800] "HEAD /wp/ HTTP/1.1" 404 0 "-" "Mozilla/5.0 (Windows NT 11.0; Win64; x64) AppleWebKit/537.36 (KHTML, like Gecko) Chrome/128.0.6540.18 Safari/537.36"
34.136.31.108 - - [04/Feb/2026:02:59:09 +0800] "HEAD /backup/ HTTP/1.1" 404 0 "-" "Mozilla/5.0 (X11; Linux x86_64; rv:127.0) Gecko/20100101 Firefox/127.0"
148.222.186.61 - - [04/Feb/2026:03:04:23 +0800] "GET / HTTP/1.0" 200 158921 "http://cqqizhou.com/" "Mozilla/5.0 (Windows NT 10.0; Win64; x64) AppleWebKit/537.36 (KHTML, like Gecko) Chrome/131.0.0.0 Safari/537.36 Avast/131.0.0.0"
36.133.115.36 - - [04/Feb/2026:03:05:42 +0800] "POST /wp-cron.php?doing_wp_cron=1770145542.8336350917816162109375 HTTP/1.1" 200 31 "-" "WordPress/6.9; http://cqqizhou.com"
43.130.100.35 - - [04/Feb/2026:03:05:42 +0800] "GET / HTTP/1.1" 301 5 "-" "Mozilla/5.0 (iPhone; CPU iPhone OS 13_2_3 like Mac OS X) AppleWebKit/605.1.15 (KHTML, like Gecko) Version/13.0.3 Mobile/15E148 Safari/604.1"
43.130.100.35 - - [04/Feb/2026:03:05:44 +0800] "GET / HTTP/1.1" 200 34753 "http://www.cqqizhou.com" "Mozilla/5.0 (iPhone; CPU iPhone OS 13_2_3 like Mac OS X) AppleWebKit/605.1.15 (KHTML, like Gecko) Version/13.0.3 Mobile/15E148 Safari/604.1"
36.133.115.36 - - [04/Feb/2026:03:07:09 +0800] "POST /wp-cron.php?doing_wp_cron=1770145629.7953820228576660156250 HTTP/1.1" 200 31 "-" "WordPress/6.9; http://cqqizhou.com"
45.135.193.11 - - [04/Feb/2026:03:07:11 +0800] "GET / HTTP/1.1" 200 109837 "-" "Go-http-client/1.1"
36.133.115.36 - - [04/Feb/2026:03:08:49 +0800] "POST /wp-cron.php?doing_wp_cron=1770145729.4969749450683593750000 HTTP/1.1" 200 31 "-" "WordPress/6.9; http://cqqizhou.com"
193.142.147.209 - - [04/Feb/2026:03:08:49 +0800] "POST / HTTP/1.1" 200 34753 "-" "Mozilla/5.0 (Windows NT 10.0; Win64; x64) AppleWebKit/537.36"
36.133.115.36 - - [04/Feb/2026:03:15:22 +0800] "POST /wp-cron.php?doing_wp_cron=1770146122.7581861019134521484375 HTTP/1.1" 200 31 "-" "WordPress/6.9; http://cqqizhou.com"
36.133.108.121 - - [04/Feb/2026:03:15:22 +0800] "HEAD /static-collected/.env HTTP/1.1" 404 0 "-" "Mozilla/5.0 (Windows NT 6.1; WOW64; Trident/7.0; AS; rv:11.0) like Gecko"
36.133.115.36 - - [04/Feb/2026:03:16:29 +0800] "POST /wp-cron.php?doing_wp_cron=1770146189.3766860961914062500000 HTTP/1.1" 200 31 "-" "WordPress/6.9; http://cqqizhou.com"
45.77.168.83 - - [04/Feb/2026:03:16:29 +0800] "POST /xmlrpc.php HTTP/1.1" 200 217 "-" "Mozilla/5.0 (Windows NT 10.0; Win64; x64) AppleWebKit/537.43 (KHTML, like Gecko) Chrome/135.0.0.0 Safari/537.36 OPR/120.0.0.0"
36.133.115.36 - - [04/Feb/2026:03:23:01 +0800] "POST /wp-cron.php?doing_wp_cron=1770146581.7529768943786621093750 HTTP/1.1" 200 31 "-" "WordPress/6.9; http://cqqizhou.com"
204.76.203.219 - - [04/Feb/2026:03:23:01 +0800] "GET / HTTP/1.1" 200 34753 "-" "Mozilla/5.0 (Windows NT 10.0; Win64; x64) AppleWebKit/537.36 (KHTML, like Gecko) Chrome/90.0.4430.85 Safari/537.36 Edg/90.0.818.46"
36.133.115.36 - - [04/Feb/2026:03:26:42 +0800] "POST /wp-cron.php?doing_wp_cron=1770146802.4861381053924560546875 HTTP/1.1" 200 31 "-" "WordPress/6.9; http://cqqizhou.com"
5.61.209.92 - - [04/Feb/2026:03:26:42 +0800] "GET /SDK/webLanguage HTTP/1.1" 301 5 "-" "Mozilla/5.0 (Windows NT 10.0; Win64; x64) AppleWebKit/537.36 (KHTML, like Gecko) Chrome/90.0.4430.85 Safari/537.36 Edg/90.0.818.46"
36.133.115.36 - - [04/Feb/2026:03:38:34 +0800] "POST /wp-cron.php?doing_wp_cron=1770147514.5784740447998046875000 HTTP/1.1" 200 31 "-" "WordPress/6.9; http://cqqizhou.com"
47.93.219.142 - - [04/Feb/2026:03:38:34 +0800] "GET / HTTP/1.1" 301 5 "-" "Go-http-client/1.1"
47.93.219.142 - - [04/Feb/2026:03:38:34 +0800] "GET / HTTP/1.1" 200 35185 "http://36.133.115.36" "Go-http-client/1.1"
123.57.13.121 - - [04/Feb/2026:03:38:36 +0800] "GET / HTTP/1.1" 200 35185 "-" "Mozilla/5.0 (Windows NT 10.0; Win64; x64) AppleWebKit/537.36 (KHTML, like Gecko) Chrome/104.0.0.0 Safari/537.36"
36.133.115.36 - - [04/Feb/2026:03:39:50 +0800] "POST /wp-cron.php?doing_wp_cron=1770147590.8633680343627929687500 HTTP/1.1" 200 31 "-" "WordPress/6.9; http://cqqizhou.com"
148.222.186.61 - - [04/Feb/2026:03:39:50 +0800] "GET /portfolio/%E5%86%B7%E8%BD%A7%E6%9D%BF/ HTTP/1.1" 404 8949 "http://cqqizhou.com/" "Mozilla/5.0 (Windows NT 10.0; Win64; x64) AppleWebKit/537.36 (KHTML, like Gecko) Chrome/114.0.0.0 Safari/537.36 Edg/114.0.1264.71"
148.222.186.61 - - [04/Feb/2026:03:39:51 +0800] "GET / HTTP/1.1" 200 35185 "-" "Mozilla/5.0 (Windows NT 10.0; Win64; x64) AppleWebKit/537.36 (KHTML, like Gecko) Chrome/114.0.0.0 Safari/537.36 Edg/114.0.1264.71"
148.222.186.61 - - [04/Feb/2026:03:39:53 +0800] "GET /wp-admin/admin-ajax.php HTTP/1.1" 400 11 "http://cqqizhou.com" "Mozilla/5.0 (Windows NT 6.3; Win64; x64) AppleWebKit/537.36 (KHTML, like Gecko) Chrome/103.0.0.0 Safari/537.36"
148.222.186.61 - - [04/Feb/2026:03:39:54 +0800] "GET /wp-admin/admin-ajax.php?action=register HTTP/1.1" 400 11 "http://cqqizhou.com/wp-admin/admin-ajax.php" "Mozilla/5.0 (Windows NT 6.3; Win64; x64) AppleWebKit/537.36 (KHTML, like Gecko) Chrome/103.0.0.0 Safari/537.36"
36.133.115.36 - - [04/Feb/2026:03:40:32 +0800] "POST /wp-cron.php?doing_wp_cron=1770147632.0226829051971435546875 HTTP/1.1" 200 31 "-" "WordPress/6.9; http://cqqizhou.com"
146.19.24.133 - - [04/Feb/2026:03:40:32 +0800] "GET / HTTP/1.1" 200 109842 "-" "python-requests/2.31.0"
36.133.115.36 - - [04/Feb/2026:03:44:48 +0800] "POST /wp-cron.php?doing_wp_cron=1770147888.3221108913421630859375 HTTP/1.1" 200 31 "-" "WordPress/6.9; http://cqqizhou.com"
43.166.136.202 - - [04/Feb/2026:03:44:48 +0800] "GET / HTTP/1.1" 301 5 "-" "Mozilla/5.0 (iPhone; CPU iPhone OS 13_2_3 like Mac OS X) AppleWebKit/605.1.15 (KHTML, like Gecko) Version/13.0.3 Mobile/15E148 Safari/604.1"
43.166.136.202 - - [04/Feb/2026:03:44:50 +0800] "GET / HTTP/1.1" 200 34753 "http://36.133.115.36" "Mozilla/5.0 (iPhone; CPU iPhone OS 13_2_3 like Mac OS X) AppleWebKit/605.1.15 (KHTML, like Gecko) Version/13.0.3 Mobile/15E148 Safari/604.1"
36.133.115.36 - - [04/Feb/2026:03:47:10 +0800] "POST /wp-cron.php?doing_wp_cron=1770148030.5598790645599365234375 HTTP/1.1" 200 31 "-" "WordPress/6.9; http://cqqizhou.com"
54.36.60.45 - - [04/Feb/2026:03:47:10 +0800] "GET /robots.txt HTTP/1.1" 200 390 "-" "Mozilla/5.0 (compatible; MJ12bot/v1.4.8; http://mj12bot.com/)"
54.36.60.45 - - [04/Feb/2026:03:47:12 +0800] "GET /tag/%E5%8D%9A%E8%81%94%E8%BE%BE/ HTTP/1.1" 200 20948 "-" "Mozilla/5.0 (compatible; MJ12bot/v1.4.8; http://mj12bot.com/)"
54.36.60.45 - - [04/Feb/2026:03:47:14 +0800] "GET /tag/%E7%89%A9%E6%B5%81/ HTTP/1.1" 200 20931 "-" "Mozilla/5.0 (compatible; MJ12bot/v1.4.8; http://mj12bot.com/)"
36.133.115.36 - - [04/Feb/2026:04:09:57 +0800] "POST /wp-cron.php?doing_wp_cron=1770149397.0872030258178710937500 HTTP/1.1" 200 31 "-" "WordPress/6.9; http://cqqizhou.com"
113.120.154.236 - - [04/Feb/2026:04:09:57 +0800] "GET / HTTP/1.1" 301 5 "-" "Go-http-client/1.1"
123.168.163.15 - - [04/Feb/2026:04:09:57 +0800] "GET / HTTP/1.1" 200 35185 "http://xa4.shaanxi.cn.antiddos.cspt.fullcone.cn" "Go-http-client/1.1"
36.133.115.36 - - [04/Feb/2026:04:16:18 +0800] "POST /wp-cron.php?doing_wp_cron=1770149778.3925039768218994140625 HTTP/1.1" 200 31 "-" "WordPress/6.9; http://cqqizhou.com"
204.76.203.219 - - [04/Feb/2026:04:16:18 +0800] "GET / HTTP/1.1" 200 34753 "-" "Mozilla/5.0 (Windows NT 10.0; Win64; x64) AppleWebKit/537.36 (KHTML, like Gecko) Chrome/90.0.4430.85 Safari/537.36 Edg/90.0.818.46"
79.124.40.174 - - [04/Feb/2026:04:16:34 +0800] "GET /?XDEBUG_SESSION_START=phpstorm HTTP/1.1" 200 34753 "-" "Mozilla/5.0 (Windows NT 10.0; Win64; x64) AppleWebKit/537.36 (KHTML, like Gecko) Chrome/78.0.3904.108 Safari/537.36"
36.133.115.36 - - [04/Feb/2026:04:35:09 +0800] "POST /wp-cron.php?doing_wp_cron=1770150909.2631099224090576171875 HTTP/1.1" 200 31 "-" "WordPress/6.9; http://cqqizhou.com"
36.133.108.119 - - [04/Feb/2026:04:35:09 +0800] "HEAD /Final_Project/StartingFile/.env HTTP/1.1" 404 0 "-" "Mozilla/5.0 (Macintosh; Intel Mac OS X 10_8_3) AppleWebKit/537.36 (KHTML, like Gecko) Chrome/27.0.1453.93 Safari/537.36"
36.133.115.36 - - [04/Feb/2026:04:39:52 +0800] "POST /wp-cron.php?doing_wp_cron=1770151192.2585110664367675781250 HTTP/1.1" 200 31 "-" "WordPress/6.9; http://cqqizhou.com"
195.201.199.99 - - [04/Feb/2026:04:39:52 +0800] "GET /robots.txt HTTP/1.1" 200 390 "-" "Mozilla/5.0 (compatible; MJ12bot/v1.4.8; http://mj12bot.com/)"
195.201.199.99 - - [04/Feb/2026:04:39:54 +0800] "GET /portfolio-tag/%E9%9E%8D%E9%92%A2%E8%92%82%E6%A3%AE/ HTTP/1.1" 404 8951 "-" "Mozilla/5.0 (compatible; MJ12bot/v1.4.8; http://mj12bot.com/)"
195.201.199.99 - - [04/Feb/2026:04:39:57 +0800] "GET /portfolio/%E5%86%B7%E8%BD%A7%E5%8D%B7/ HTTP/1.1" 404 8950 "-" "Mozilla/5.0 (compatible; MJ12bot/v1.4.8; http://mj12bot.com/)"
195.201.199.99 - - [04/Feb/2026:04:40:00 +0800] "GET /portfolio/%E5%86%B7%E8%BD%A7%E6%9D%BF/ HTTP/1.1" 404 8948 "-" "Mozilla/5.0 (compatible; MJ12bot/v1.4.8; http://mj12bot.com/)"
36.133.115.36 - - [04/Feb/2026:04:46:23 +0800] "POST /wp-cron.php?doing_wp_cron=1770151583.5899391174316406250000 HTTP/1.1" 200 31 "-" "WordPress/6.9; http://cqqizhou.com"
193.142.147.209 - - [04/Feb/2026:04:46:24 +0800] "POST / HTTP/1.1" 200 34753 "-" "Mozilla/5.0 (Windows NT 10.0; Win64; x64) AppleWebKit/537.36"
36.133.115.36 - - [04/Feb/2026:04:50:47 +0800] "POST /wp-cron.php?doing_wp_cron=1770151847.5261580944061279296875 HTTP/1.1" 200 31 "-" "WordPress/6.9; http://cqqizhou.com"
45.142.154.44 - - [04/Feb/2026:04:50:47 +0800] "GET /version HTTP/1.1" 301 5 "-" "-"
45.142.154.44 - - [04/Feb/2026:04:50:48 +0800] "GET / HTTP/1.1" 200 157284 "-" "-"
45.142.154.44 - - [04/Feb/2026:04:50:49 +0800] "GET / HTTP/1.1" 200 157284 "-" "-"
45.142.154.44 - - [04/Feb/2026:04:50:50 +0800] "GET /v1 HTTP/1.1" 301 5 "-" "-"
45.142.154.44 - - [04/Feb/2026:04:50:51 +0800] "GET / HTTP/1.1" 200 157284 "-" "-"
45.142.154.44 - - [04/Feb/2026:04:50:54 +0800] "GET / HTTP/1.1" 200 157284 "-" "Mozilla/5.0 (Windows NT 6.1) AppleWebKit/537.36 (KHTML, like Gecko) Chrome/49.0.2623.112 Safari/537.36"
36.133.115.36 - - [04/Feb/2026:04:51:10 +0800] "POST /wp-cron.php?doing_wp_cron=1770151870.4262809753417968750000 HTTP/1.1" 200 31 "-" "WordPress/6.9; http://cqqizhou.com"
101.108.51.244 - - [04/Feb/2026:04:51:10 +0800] "GET / HTTP/1.1" 301 5 "-" "Mozilla/5.0 (Windows NT 10.0; Win64; x64) AppleWebKit/537.36 (KHTML, like Gecko) Chrome/120.0.0.0 Safari/537.36"
101.108.51.244 - - [04/Feb/2026:04:51:11 +0800] "POST / HTTP/1.1" 200 34753 "-" "Mozilla/5.0 (Windows NT 10.0; Win64; x64; rv:121.0) Gecko/20100101 Firefox/121.0"
220.181.108.92 - - [04/Feb/2026:04:54:32 +0800] "GET /news/page/2/ HTTP/1.1" 200 25501 "-" "Mozilla/5.0 (compatible; Baiduspider/2.0; +http://www.baidu.com/search/spider.html)"
116.179.37.49 - - [04/Feb/2026:04:54:35 +0800] "GET /wp-content/uploads/2025/07/1753453986-Article_images_W900px.webp HTTP/1.1" 200 57364 "http://cqqizhou.com/news/page/2/" "Mozilla/5.0 (compatible; Baiduspider-render/2.0; +http://www.baidu.com/search/spider.html)"
36.133.115.36 - - [04/Feb/2026:04:59:47 +0800] "POST /wp-cron.php?doing_wp_cron=1770152387.4188270568847656250000 HTTP/1.1" 200 31 "-" "WordPress/6.9; http://cqqizhou.com"
91.231.89.140 - - [04/Feb/2026:04:59:47 +0800] "GET / HTTP/1.1" 301 5 "-" "Mozilla/5.0 (X11; Ubuntu; Linux x86_64; rv:134.0) Gecko/20100101 Firefox/134.0"
36.133.115.36 - - [04/Feb/2026:05:08:07 +0800] "POST /wp-cron.php?doing_wp_cron=1770152887.4408020973205566406250 HTTP/1.1" 200 31 "-" "WordPress/6.9; http://cqqizhou.com"
198.235.24.2 - - [04/Feb/2026:05:08:07 +0800] "GET /wp-login.php HTTP/1.1" 200 9053 "-" "Hello from Palo Alto Networks, find out more about our scans in https://docs-cortex.paloaltonetworks.com/r/1/Cortex-Xpanse/Scanning-activity"
36.133.115.36 - - [04/Feb/2026:05:09:53 +0800] "POST /wp-cron.php?doing_wp_cron=1770152993.0580179691314697265625 HTTP/1.1" 200 31 "-" "WordPress/6.9; http://cqqizhou.com"
204.76.203.219 - - [04/Feb/2026:05:09:53 +0800] "GET / HTTP/1.1" 200 34753 "-" "Mozilla/5.0 (Windows NT 10.0; Win64; x64) AppleWebKit/537.36 (KHTML, like Gecko) Chrome/90.0.4430.85 Safari/537.36 Edg/90.0.818.46"
36.133.115.36 - - [04/Feb/2026:05:23:06 +0800] "POST /wp-cron.php?doing_wp_cron=1770153786.6423819065093994140625 HTTP/1.1" 200 31 "-" "WordPress/6.9; http://cqqizhou.com"
204.76.203.69 - - [04/Feb/2026:05:23:06 +0800] "GET / HTTP/1.1" 301 5 "-" "Mozilla/5.0 (Windows NT 10.0; Win64; x64) AppleWebKit/537.36 (KHTML, like Gecko) Chrome/90.0.4430.85 Safari/537.36 Edg/90.0.818.46"
36.133.115.36 - - [04/Feb/2026:05:31:11 +0800] "POST /wp-cron.php?doing_wp_cron=1770154271.9472820758819580078125 HTTP/1.1" 200 31 "-" "WordPress/6.9; http://cqqizhou.com"
79.124.40.174 - - [04/Feb/2026:05:31:11 +0800] "GET /actuator/gateway/routes HTTP/1.1" 301 5 "-" "Mozilla/5.0 (Windows NT 10.0; Win64; x64) AppleWebKit/537.36 (KHTML, like Gecko) Chrome/78.0.3904.108 Safari/537.36"
40.77.167.67 - - [04/Feb/2026:05:32:17 +0800] "GET /2163/ HTTP/1.1" 200 23704 "-" "Mozilla/5.0 AppleWebKit/537.36 (KHTML, like Gecko; compatible; bingbot/2.0; +http://www.bing.com/bingbot.htm) Chrome/116.0.1938.76 Safari/537.36"
36.133.115.36 - - [04/Feb/2026:05:37:57 +0800] "POST /wp-cron.php?doing_wp_cron=1770154677.2874670028686523437500 HTTP/1.1" 200 31 "-" "WordPress/6.9; http://cqqizhou.com"
36.133.108.121 - - [04/Feb/2026:05:37:57 +0800] "HEAD /mailman/.env HTTP/1.1" 404 0 "-" "Mozilla/5.0 (Windows; U; Windows NT 5.1; ru-RU) AppleWebKit/533.19.4 (KHTML, like Gecko) Version/5.0.3 Safari/533.19.4"
36.133.115.36 - - [04/Feb/2026:05:50:40 +0800] "POST /wp-cron.php?doing_wp_cron=1770155440.9061479568481445312500 HTTP/1.1" 200 31 "-" "WordPress/6.9; http://cqqizhou.com"
93.174.93.12 - - [04/Feb/2026:05:50:40 +0800] "GET / HTTP/1.0" 301 0 "-" "Mozilla/5.0 (X11; U; Linux; i686; en-US; rv:1.6) Gecko Galeon/1.3.14"
36.133.115.36 - - [04/Feb/2026:05:56:10 +0800] "POST /wp-cron.php?doing_wp_cron=1770155770.7581279277801513671875 HTTP/1.1" 200 31 "-" "WordPress/6.9; http://cqqizhou.com"
40.124.174.209 - - [04/Feb/2026:05:56:10 +0800] "GET /actuator/health HTTP/1.1" 404 8948 "-" "Mozilla/5.0 zgrab/0.x"
36.133.115.36 - - [04/Feb/2026:06:09:20 +0800] "POST /wp-cron.php?doing_wp_cron=1770156559.9838941097259521484375 HTTP/1.1" 200 31 "-" "WordPress/6.9; http://cqqizhou.com"
204.76.203.219 - - [04/Feb/2026:06:09:20 +0800] "GET / HTTP/1.1" 200 34753 "-" "Mozilla/5.0 (Windows NT 10.0; Win64; x64) AppleWebKit/537.36 (KHTML, like Gecko) Chrome/90.0.4430.85 Safari/537.36 Edg/90.0.818.46"
36.133.115.36 - - [04/Feb/2026:06:11:01 +0800] "POST /wp-cron.php?doing_wp_cron=1770156661.3005130290985107421875 HTTP/1.1" 200 31 "-" "WordPress/6.9; http://cqqizhou.com"
36.133.108.119 - - [04/Feb/2026:06:11:01 +0800] "HEAD /cms/.env HTTP/1.1" 404 0 "-" "Mozilla/5.0 (Macintosh; U; Intel Mac OS X 10_5_8; zh-cn) AppleWebKit/533.18.1 (KHTML, like Gecko) Version/5.0.2 Safari/533.18.5"
36.133.115.36 - - [04/Feb/2026:06:13:41 +0800] "POST /wp-cron.php?doing_wp_cron=1770156821.9099240303039550781250 HTTP/1.1" 200 31 "-" "WordPress/6.9; http://cqqizhou.com"
92.63.197.197 - - [04/Feb/2026:06:13:41 +0800] "GET / HTTP/1.1" 301 5 "-" "Mozilla/5.0 (Windows NT 6.3; Win64; x64; Trident/7.0; rv:11.0) like Gecko"
36.133.115.36 - - [04/Feb/2026:06:15:25 +0800] "POST /wp-cron.php?doing_wp_cron=1770156925.0372540950775146484375 HTTP/1.1" 200 31 "-" "WordPress/6.9; http://cqqizhou.com"
193.142.147.209 - - [04/Feb/2026:06:15:25 +0800] "POST / HTTP/1.1" 200 34753 "-" "Mozilla/5.0 (Windows NT 10.0; Win64; x64) AppleWebKit/537.36"
36.133.115.36 - - [04/Feb/2026:06:20:01 +0800] "POST /wp-cron.php?doing_wp_cron=1770157201.7883338928222656250000 HTTP/1.1" 200 31 "-" "WordPress/6.9; http://cqqizhou.com"
43.254.2.210 - - [04/Feb/2026:06:20:01 +0800] "POST /xmlrpc.php HTTP/1.1" 200 217 "-" "Mozilla/5.0 (Windows NT 10.0; Win64; x64; rv:143.0) Gecko/20100101 Firefox/143.0"
36.133.115.36 - - [04/Feb/2026:06:21:56 +0800] "POST /wp-cron.php?doing_wp_cron=1770157316.2840659618377685546875 HTTP/1.1" 200 31 "-" "WordPress/6.9; http://cqqizhou.com"
87.121.84.51 - - [04/Feb/2026:06:21:56 +0800] "GET / HTTP/1.0" 301 0 "-" "Mozilla/5.0 (X11; Linux x86_64; rv:140.0) Gecko/20100101 Firefox/140.0"
36.133.115.36 - - [04/Feb/2026:06:23:36 +0800] "POST /wp-cron.php?doing_wp_cron=1770157416.0345170497894287109375 HTTP/1.1" 200 31 "-" "WordPress/6.9; http://cqqizhou.com"
95.217.109.26 - - [04/Feb/2026:06:23:36 +0800] "GET /robots.txt HTTP/1.1" 200 390 "-" "Mozilla/5.0 (compatible; MJ12bot/v1.4.8; http://mj12bot.com/)"
95.217.109.26 - - [04/Feb/2026:06:23:38 +0800] "GET /portfolio/%E5%86%B7%E8%BD%A7%E5%8D%B7/ HTTP/1.1" 404 8950 "-" "Mozilla/5.0 (compatible; MJ12bot/v1.4.8; http://mj12bot.com/)"
36.133.115.36 - - [04/Feb/2026:06:24:17 +0800] "POST /wp-cron.php?doing_wp_cron=1770157457.4943680763244628906250 HTTP/1.1" 200 31 "-" "WordPress/6.9; http://cqqizhou.com"
182.44.12.37 - - [04/Feb/2026:06:24:17 +0800] "GET / HTTP/1.1" 200 34753 "-" "Mozilla/5.0 (iPhone; CPU iPhone OS 13_2_3 like Mac OS X) AppleWebKit/605.1.15 (KHTML, like Gecko) Version/13.0.3 Mobile/15E148 Safari/604.1"
36.133.115.36 - - [04/Feb/2026:06:26:36 +0800] "POST /wp-cron.php?doing_wp_cron=1770157596.4600520133972167968750 HTTP/1.1" 200 31 "-" "WordPress/6.9; http://cqqizhou.com"
89.42.231.200 - - [04/Feb/2026:06:26:36 +0800] "GET /SDK/webLanguage HTTP/1.1" 301 5 "-" "Mozilla/5.0 (Windows NT 10.0; Win64; x64) AppleWebKit/537.36 (KHTML, like Gecko) Chrome/90.0.4430.85 Safari/537.36 Edg/90.0.818.46"
34.123.170.104 - - [04/Feb/2026:06:29:04 +0800] "GET / HTTP/1.1" 200 35185 "-" "Mozilla/5.0 (X11; Linux x86_64) AppleWebKit/537.36 (KHTML, like Gecko) HeadlessChrome/125.0.6422.60 Safari/537.36"
34.72.176.129 - - [04/Feb/2026:06:29:07 +0800] "GET /wp-content/uploads/2025/07/1751425283-qizhou.kf_.qq_.com_.webp HTTP/1.1" 200 16864 "http://cqqizhou.com/" "Mozilla/5.0 (X11; Linux x86_64) AppleWebKit/537.36 (KHTML, like Gecko) HeadlessChrome/125.0.6422.60 Safari/537.36"
34.72.176.129 - - [04/Feb/2026:06:29:13 +0800] "GET /wp-content/uploads/2025/07/1753454089-Article_images_W900px.webp HTTP/1.1" 200 27552 "http://cqqizhou.com/" "Mozilla/5.0 (X11; Linux x86_64) AppleWebKit/537.36 (KHTML, like Gecko) HeadlessChrome/125.0.6422.60 Safari/537.36"
34.123.170.104 - - [04/Feb/2026:06:29:13 +0800] "GET /wp-content/uploads/2026/01/1769511379-Article_images_W900%C3%97500px202601271.webp HTTP/1.1" 200 67912 "http://cqqizhou.com/" "Mozilla/5.0 (X11; Linux x86_64) AppleWebKit/537.36 (KHTML, like Gecko) HeadlessChrome/125.0.6422.60 Safari/537.36"
34.72.176.129 - - [04/Feb/2026:06:29:13 +0800] "GET /wp-content/uploads/2026/01/1768527483-Article_images_W900%C3%97500px202601161.webp HTTP/1.1" 200 33780 "http://cqqizhou.com/" "Mozilla/5.0 (X11; Linux x86_64) AppleWebKit/537.36 (KHTML, like Gecko) HeadlessChrome/125.0.6422.60 Safari/537.36"
34.72.176.129 - - [04/Feb/2026:06:29:13 +0800] "GET /wp-content/uploads/2026/01/1767691466-Article_images_W900%C3%97500px202601061.webp HTTP/1.1" 200 56014 "http://cqqizhou.com/" "Mozilla/5.0 (X11; Linux x86_64) AppleWebKit/537.36 (KHTML, like Gecko) HeadlessChrome/125.0.6422.60 Safari/537.36"
34.72.176.129 - - [04/Feb/2026:06:29:13 +0800] "GET /wp-content/uploads/revslider/slider-1/1750861156-logistics_Slider_3840%C3%972160_20250625191356-scaled-1024x576.webp HTTP/1.1" 200 48500 "http://cqqizhou.com/" "Mozilla/5.0 (X11; Linux x86_64) AppleWebKit/537.36 (KHTML, like Gecko) HeadlessChrome/125.0.6422.60 Safari/537.36"
34.72.176.129 - - [04/Feb/2026:06:29:14 +0800] "GET /wp-content/uploads/2025/07/1753453096-%E5%8F%8C%E7%9B%B8%E9%92%A2product_Single600%C3%97284.webp HTTP/1.1" 200 14562 "http://cqqizhou.com/" "Mozilla/5.0 (X11; Linux x86_64) AppleWebKit/537.36 (KHTML, like Gecko) HeadlessChrome/125.0.6422.60 Safari/537.36"
34.122.147.229 - - [04/Feb/2026:06:29:14 +0800] "GET /wp-content/uploads/2025/07/1753456723-%E5%8F%8C%E7%9B%B8%E9%92%A2roduct_Single600.webp HTTP/1.1" 200 22790 "http://cqqizhou.com/" "Mozilla/5.0 (X11; Linux x86_64) AppleWebKit/537.36 (KHTML, like Gecko) HeadlessChrome/125.0.6422.60 Safari/537.36"
34.123.170.104 - - [04/Feb/2026:06:29:14 +0800] "GET /wp-content/uploads/2025/07/1753456770-%E7%83%AD%E9%95%80%E9%94%8C%E5%8D%B7product_Single600.webp HTTP/1.1" 200 27502 "http://cqqizhou.com/" "Mozilla/5.0 (X11; Linux x86_64) AppleWebKit/537.36 (KHTML, like Gecko) HeadlessChrome/125.0.6422.60 Safari/537.36"
34.122.147.229 - - [04/Feb/2026:06:29:14 +0800] "GET /wp-content/uploads/2025/07/1753453127-%E4%BD%99%E5%8D%B7product_Single600%C3%97284.webp HTTP/1.1" 200 18744 "http://cqqizhou.com/" "Mozilla/5.0 (X11; Linux x86_64) AppleWebKit/537.36 (KHTML, like Gecko) HeadlessChrome/125.0.6422.60 Safari/537.36"
34.72.176.129 - - [04/Feb/2026:06:29:15 +0800] "GET /wp-content/uploads/2025/12/1765268955-qizhou_Slider1_3840%C3%972160_20251210-scaled.webp HTTP/1.1" 200 152162 "http://cqqizhou.com/" "Mozilla/5.0 (X11; Linux x86_64) AppleWebKit/537.36 (KHTML, like Gecko) HeadlessChrome/125.0.6422.60 Safari/537.36"
34.72.176.129 - - [04/Feb/2026:06:29:15 +0800] "GET /wp-content/uploads/revslider/slider-1/1750861156-logistics_Slider_3840%C3%972160_20250625191356-scaled-50x100.webp HTTP/1.1" 200 1416 "http://cqqizhou.com/" "Mozilla/5.0 (X11; Linux x86_64) AppleWebKit/537.36 (KHTML, like Gecko) HeadlessChrome/125.0.6422.60 Safari/537.36"
34.122.147.229 - - [04/Feb/2026:06:29:15 +0800] "GET /wp-content/uploads/2026/01/1768276119-qizhoujiagong_Slider_3840%C3%972160_20260113-scaled-50x100.webp HTTP/1.1" 200 976 "http://cqqizhou.com/" "Mozilla/5.0 (X11; Linux x86_64) AppleWebKit/537.36 (KHTML, like Gecko) HeadlessChrome/125.0.6422.60 Safari/537.36"
34.122.147.229 - - [04/Feb/2026:06:29:16 +0800] "GET /wp-content/uploads/revslider/slider-1/1750861156-logistics_Slider_3840%C3%972160_20250625191356-scaled-50x100.webp HTTP/1.1" 200 1416 "http://cqqizhou.com/" "Mozilla/5.0 (X11; Linux x86_64) AppleWebKit/537.36 (KHTML, like Gecko) HeadlessChrome/125.0.6422.60 Safari/537.36"
34.72.176.129 - - [04/Feb/2026:06:29:16 +0800] "GET /wp-content/uploads/2026/01/1768276119-qizhoujiagong_Slider_3840%C3%972160_20260113-scaled-50x100.webp HTTP/1.1" 200 976 "http://cqqizhou.com/" "Mozilla/5.0 (X11; Linux x86_64) AppleWebKit/537.36 (KHTML, like Gecko) HeadlessChrome/125.0.6422.60 Safari/537.36"
34.72.176.129 - - [04/Feb/2026:06:29:16 +0800] "GET /wp-json/sliderrevolution/sliders/1?srengine=7&slideid=4 HTTP/1.1" 200 2580 "http://cqqizhou.com/" "Mozilla/5.0 (X11; Linux x86_64) AppleWebKit/537.36 (KHTML, like Gecko) HeadlessChrome/125.0.6422.60 Safari/537.36"
36.133.115.36 - - [04/Feb/2026:06:29:16 +0800] "POST /wp-cron.php?doing_wp_cron=1770157756.4872529506683349609375 HTTP/1.1" 200 31 "-" "WordPress/6.9; http://cqqizhou.com"
34.72.176.129 - - [04/Feb/2026:06:29:16 +0800] "GET /wp-json/sliderrevolution/sliders/1?srengine=7&slideid=2 HTTP/1.1" 200 2000 "http://cqqizhou.com/" "Mozilla/5.0 (X11; Linux x86_64) AppleWebKit/537.36 (KHTML, like Gecko) HeadlessChrome/125.0.6422.60 Safari/537.36"
34.72.176.129 - - [04/Feb/2026:06:29:17 +0800] "GET /wp-content/uploads/2026/01/1768276119-qizhoujiagong_Slider_3840%C3%972160_20260113-scaled.webp HTTP/1.1" 200 131696 "http://cqqizhou.com/" "Mozilla/5.0 (X11; Linux x86_64) AppleWebKit/537.36 (KHTML, like Gecko) HeadlessChrome/125.0.6422.60 Safari/537.36"
34.72.176.129 - - [04/Feb/2026:06:29:17 +0800] "GET /wp-content/uploads/revslider/slider-1/1750861156-logistics_Slider_3840%C3%972160_20250625191356-scaled.webp HTTP/1.1" 200 197360 "http://cqqizhou.com/" "Mozilla/5.0 (X11; Linux x86_64) AppleWebKit/537.36 (KHTML, like Gecko) HeadlessChrome/125.0.6422.60 Safari/537.36"
34.72.176.129 - - [04/Feb/2026:06:29:24 +0800] "GET /wp-content/uploads/2025/12/1765268955-qizhou_Slider1_3840%C3%972160_20251210-scaled-50x100.webp HTTP/1.1" 200 1812 "http://cqqizhou.com/" "Mozilla/5.0 (X11; Linux x86_64) AppleWebKit/537.36 (KHTML, like Gecko) HeadlessChrome/125.0.6422.60 Safari/537.36"
34.72.176.129 - - [04/Feb/2026:06:29:25 +0800] "GET /wp-content/uploads/2025/12/1765268955-qizhou_Slider1_3840%C3%972160_20251210-scaled-50x100.webp HTTP/1.1" 200 1812 "http://cqqizhou.com/" "Mozilla/5.0 (X11; Linux x86_64) AppleWebKit/537.36 (KHTML, like Gecko) HeadlessChrome/125.0.6422.60 Safari/537.36"
34.72.176.129 - - [04/Feb/2026:06:29:26 +0800] "GET /wp-content/uploads/2026/01/1769511379-Article_images_W900%C3%97500px202601271.webp HTTP/1.1" 200 67912 "http://cqqizhou.com/" "Mozilla/5.0 (X11; Linux x86_64) AppleWebKit/537.36 (KHTML, like Gecko) HeadlessChrome/125.0.6422.60 Safari/537.36"
34.72.176.129 - - [04/Feb/2026:06:29:26 +0800] "GET /wp-content/uploads/2026/01/1768527483-Article_images_W900%C3%97500px202601161.webp HTTP/1.1" 200 33780 "http://cqqizhou.com/" "Mozilla/5.0 (X11; Linux x86_64) AppleWebKit/537.36 (KHTML, like Gecko) HeadlessChrome/125.0.6422.60 Safari/537.36"
34.72.176.129 - - [04/Feb/2026:06:29:26 +0800] "GET /wp-content/uploads/2025/07/1753454089-Article_images_W900px.webp HTTP/1.1" 200 27552 "http://cqqizhou.com/" "Mozilla/5.0 (X11; Linux x86_64) AppleWebKit/537.36 (KHTML, like Gecko) HeadlessChrome/125.0.6422.60 Safari/537.36"
34.122.147.229 - - [04/Feb/2026:06:29:26 +0800] "GET /wp-content/uploads/revslider/slider-1/1750861156-logistics_Slider_3840%C3%972160_20250625191356-scaled-1024x576.webp HTTP/1.1" 200 48500 "http://cqqizhou.com/" "Mozilla/5.0 (X11; Linux x86_64) AppleWebKit/537.36 (KHTML, like Gecko) HeadlessChrome/125.0.6422.60 Safari/537.36"
34.122.147.229 - - [04/Feb/2026:06:29:26 +0800] "GET /wp-content/uploads/2026/01/1767691466-Article_images_W900%C3%97500px202601061.webp HTTP/1.1" 200 56014 "http://cqqizhou.com/" "Mozilla/5.0 (X11; Linux x86_64) AppleWebKit/537.36 (KHTML, like Gecko) HeadlessChrome/125.0.6422.60 Safari/537.36"
34.123.170.104 - - [04/Feb/2026:06:29:26 +0800] "GET /wp-content/uploads/2025/07/1753454089-Article_images_W900px.webp HTTP/1.1" 200 27552 "http://cqqizhou.com/" "Mozilla/5.0 (X11; Linux x86_64) AppleWebKit/537.36 (KHTML, like Gecko) HeadlessChrome/125.0.6422.60 Safari/537.36"
34.72.176.129 - - [04/Feb/2026:06:29:27 +0800] "GET /wp-content/uploads/2026/01/1769511379-Article_images_W900%C3%97500px202601271.webp HTTP/1.1" 200 67912 "http://cqqizhou.com/" "Mozilla/5.0 (X11; Linux x86_64) AppleWebKit/537.36 (KHTML, like Gecko) HeadlessChrome/125.0.6422.60 Safari/537.36"
34.72.176.129 - - [04/Feb/2026:06:29:27 +0800] "GET /wp-content/uploads/2026/01/1768527483-Article_images_W900%C3%97500px202601161.webp HTTP/1.1" 200 33780 "http://cqqizhou.com/" "Mozilla/5.0 (X11; Linux x86_64) AppleWebKit/537.36 (KHTML, like Gecko) HeadlessChrome/125.0.6422.60 Safari/537.36"
34.122.147.229 - - [04/Feb/2026:06:29:27 +0800] "GET /wp-content/uploads/2026/01/1767691466-Article_images_W900%C3%97500px202601061.webp HTTP/1.1" 200 56014 "http://cqqizhou.com/" "Mozilla/5.0 (X11; Linux x86_64) AppleWebKit/537.36 (KHTML, like Gecko) HeadlessChrome/125.0.6422.60 Safari/537.36"
34.72.176.129 - - [04/Feb/2026:06:29:27 +0800] "GET /wp-content/uploads/revslider/slider-1/1750861156-logistics_Slider_3840%C3%972160_20250625191356-scaled-1024x576.webp HTTP/1.1" 200 48500 "http://cqqizhou.com/" "Mozilla/5.0 (X11; Linux x86_64) AppleWebKit/537.36 (KHTML, like Gecko) HeadlessChrome/125.0.6422.60 Safari/537.36"
34.122.147.229 - - [04/Feb/2026:06:29:33 +0800] "GET /wp-content/uploads/2026/01/1768276119-qizhoujiagong_Slider_3840%C3%972160_20260113-scaled-50x100.webp HTTP/1.1" 200 976 "http://cqqizhou.com/" "Mozilla/5.0 (X11; Linux x86_64) AppleWebKit/537.36 (KHTML, like Gecko) HeadlessChrome/125.0.6422.60 Safari/537.36"
34.122.147.229 - - [04/Feb/2026:06:29:42 +0800] "GET /wp-content/uploads/revslider/slider-1/1750861156-logistics_Slider_3840%C3%972160_20250625191356-scaled-50x100.webp HTTP/1.1" 200 1416 "http://cqqizhou.com/" "Mozilla/5.0 (X11; Linux x86_64) AppleWebKit/537.36 (KHTML, like Gecko) HeadlessChrome/125.0.6422.60 Safari/537.36"
34.72.176.129 - - [04/Feb/2026:06:29:46 +0800] "GET /wp-content/uploads/2026/01/1769511379-Article_images_W900%C3%97500px202601271.webp HTTP/1.1" 200 67912 "http://cqqizhou.com/" "Mozilla/5.0 (X11; Linux x86_64) AppleWebKit/537.36 (KHTML, like Gecko) HeadlessChrome/125.0.6422.60 Safari/537.36"
34.122.147.229 - - [04/Feb/2026:06:29:46 +0800] "GET /wp-content/uploads/2025/07/1753454089-Article_images_W900px.webp HTTP/1.1" 200 27552 "http://cqqizhou.com/" "Mozilla/5.0 (X11; Linux x86_64) AppleWebKit/537.36 (KHTML, like Gecko) HeadlessChrome/125.0.6422.60 Safari/537.36"
34.72.176.129 - - [04/Feb/2026:06:29:46 +0800] "GET /wp-content/uploads/2026/01/1767691466-Article_images_W900%C3%97500px202601061.webp HTTP/1.1" 200 56014 "http://cqqizhou.com/" "Mozilla/5.0 (X11; Linux x86_64) AppleWebKit/537.36 (KHTML, like Gecko) HeadlessChrome/125.0.6422.60 Safari/537.36"
34.122.147.229 - - [04/Feb/2026:06:29:46 +0800] "GET /wp-content/uploads/2026/01/1768527483-Article_images_W900%C3%97500px202601161.webp HTTP/1.1" 200 33780 "http://cqqizhou.com/" "Mozilla/5.0 (X11; Linux x86_64) AppleWebKit/537.36 (KHTML, like Gecko) HeadlessChrome/125.0.6422.60 Safari/537.36"
34.72.176.129 - - [04/Feb/2026:06:29:46 +0800] "GET /wp-content/uploads/revslider/slider-1/1750861156-logistics_Slider_3840%C3%972160_20250625191356-scaled-1024x576.webp HTTP/1.1" 200 48500 "http://cqqizhou.com/" "Mozilla/5.0 (X11; Linux x86_64) AppleWebKit/537.36 (KHTML, like Gecko) HeadlessChrome/125.0.6422.60 Safari/537.36"
34.123.170.104 - - [04/Feb/2026:06:29:46 +0800] "GET /wp-content/uploads/2025/07/1753454089-Article_images_W900px.webp HTTP/1.1" 200 27552 "http://cqqizhou.com/" "Mozilla/5.0 (X11; Linux x86_64) AppleWebKit/537.36 (KHTML, like Gecko) HeadlessChrome/125.0.6422.60 Safari/537.36"
34.122.147.229 - - [04/Feb/2026:06:29:46 +0800] "GET /wp-content/uploads/2026/01/1768527483-Article_images_W900%C3%97500px202601161.webp HTTP/1.1" 200 33780 "http://cqqizhou.com/" "Mozilla/5.0 (X11; Linux x86_64) AppleWebKit/537.36 (KHTML, like Gecko) HeadlessChrome/125.0.6422.60 Safari/537.36"
34.72.176.129 - - [04/Feb/2026:06:29:46 +0800] "GET /wp-content/uploads/2026/01/1767691466-Article_images_W900%C3%97500px202601061.webp HTTP/1.1" 200 56014 "http://cqqizhou.com/" "Mozilla/5.0 (X11; Linux x86_64) AppleWebKit/537.36 (KHTML, like Gecko) HeadlessChrome/125.0.6422.60 Safari/537.36"
34.122.147.229 - - [04/Feb/2026:06:29:46 +0800] "GET /wp-content/uploads/revslider/slider-1/1750861156-logistics_Slider_3840%C3%972160_20250625191356-scaled-1024x576.webp HTTP/1.1" 200 48500 "http://cqqizhou.com/" "Mozilla/5.0 (X11; Linux x86_64) AppleWebKit/537.36 (KHTML, like Gecko) HeadlessChrome/125.0.6422.60 Safari/537.36"
34.122.147.229 - - [04/Feb/2026:06:29:48 +0800] "GET /wp-content/uploads/2026/01/1769511379-Article_images_W900%C3%97500px202601271.webp HTTP/1.1" 200 67912 "http://cqqizhou.com/" "Mozilla/5.0 (X11; Linux x86_64) AppleWebKit/537.36 (KHTML, like Gecko) HeadlessChrome/125.0.6422.60 Safari/537.36"
34.72.176.129 - - [04/Feb/2026:06:29:48 +0800] "GET /wp-content/uploads/revslider/slider-1/1750861156-logistics_Slider_3840%C3%972160_20250625191356-scaled-1024x576.webp HTTP/1.1" 200 48500 "http://cqqizhou.com/" "Mozilla/5.0 (X11; Linux x86_64) AppleWebKit/537.36 (KHTML, like Gecko) HeadlessChrome/125.0.6422.60 Safari/537.36"
34.72.176.129 - - [04/Feb/2026:06:29:48 +0800] "GET /wp-content/uploads/2025/07/1753454089-Article_images_W900px.webp HTTP/1.1" 200 27552 "http://cqqizhou.com/" "Mozilla/5.0 (X11; Linux x86_64) AppleWebKit/537.36 (KHTML, like Gecko) HeadlessChrome/125.0.6422.60 Safari/537.36"
34.122.147.229 - - [04/Feb/2026:06:29:48 +0800] "GET /wp-content/uploads/2026/01/1768527483-Article_images_W900%C3%97500px202601161.webp HTTP/1.1" 200 33780 "http://cqqizhou.com/" "Mozilla/5.0 (X11; Linux x86_64) AppleWebKit/537.36 (KHTML, like Gecko) HeadlessChrome/125.0.6422.60 Safari/537.36"
34.123.170.104 - - [04/Feb/2026:06:29:48 +0800] "GET /wp-content/uploads/2026/01/1767691466-Article_images_W900%C3%97500px202601061.webp HTTP/1.1" 200 56014 "http://cqqizhou.com/" "Mozilla/5.0 (X11; Linux x86_64) AppleWebKit/537.36 (KHTML, like Gecko) HeadlessChrome/125.0.6422.60 Safari/537.36"
36.133.115.36 - - [04/Feb/2026:06:34:29 +0800] "POST /wp-cron.php?doing_wp_cron=1770158069.2951710224151611328125 HTTP/1.1" 200 31 "-" "WordPress/6.9; http://cqqizhou.com"
43.133.69.37 - - [04/Feb/2026:06:34:29 +0800] "GET / HTTP/1.1" 200 34753 "-" "Mozilla/5.0 (iPhone; CPU iPhone OS 13_2_3 like Mac OS X) AppleWebKit/605.1.15 (KHTML, like Gecko) Version/13.0.3 Mobile/15E148 Safari/604.1"
42.83.147.54 - - [04/Feb/2026:06:46:42 +0800] "GET / HTTP/1.1" 200 35185 "-" "Mozilla/5.0 (Windows NT 6.1; Win64; x64) AppleWebKit/537.36 (KHTML, like Gecko)Chrome/74.0.3729.169 Safari/537.36"
36.133.115.36 - - [04/Feb/2026:06:56:45 +0800] "POST /wp-cron.php?doing_wp_cron=1770159405.3670110702514648437500 HTTP/1.1" 200 31 "-" "WordPress/6.9; http://cqqizhou.com"
36.133.108.119 - - [04/Feb/2026:06:56:45 +0800] "HEAD /errors/.env HTTP/1.1" 404 0 "-" "Mozilla/5.0 (compatible; MSIE 8.0; Windows NT 5.1; Trident/4.0; SLCC1; .NET CLR 3.0.4506.2152; .NET CLR 3.5.30729; .NET CLR 1.1.4322)"
36.133.115.36 - - [04/Feb/2026:07:03:30 +0800] "POST /wp-cron.php?doing_wp_cron=1770159810.8786320686340332031250 HTTP/1.1" 200 31 "-" "WordPress/6.9; http://cqqizhou.com"
204.76.203.219 - - [04/Feb/2026:07:03:30 +0800] "GET / HTTP/1.1" 200 34753 "-" "Mozilla/5.0 (Windows NT 10.0; Win64; x64) AppleWebKit/537.36 (KHTML, like Gecko) Chrome/90.0.4430.85 Safari/537.36 Edg/90.0.818.46"
36.133.115.36 - - [04/Feb/2026:07:09:15 +0800] "POST /wp-cron.php?doing_wp_cron=1770160155.6413240432739257812500 HTTP/1.1" 200 31 "-" "WordPress/6.9; http://cqqizhou.com"
36.133.108.121 - - [04/Feb/2026:07:09:15 +0800] "HEAD /fedex/.env HTTP/1.1" 404 0 "-" "Mozilla/5.0 (Macintosh; U; Intel Mac OS X 10_6_6; es-es) AppleWebKit/533.20.25 (KHTML, like Gecko) Version/5.0.4 Safari/533.20.27"
36.133.115.36 - - [04/Feb/2026:07:17:48 +0800] "POST /wp-cron.php?doing_wp_cron=1770160668.3129749298095703125000 HTTP/1.1" 200 31 "-" "WordPress/6.9; http://cqqizhou.com"
193.142.147.209 - - [04/Feb/2026:07:17:48 +0800] "POST / HTTP/1.1" 200 34753 "-" "Mozilla/5.0 (Windows NT 10.0; Win64; x64) AppleWebKit/537.36"
36.133.115.36 - - [04/Feb/2026:07:22:22 +0800] "POST /wp-cron.php?doing_wp_cron=1770160941.9962790012359619140625 HTTP/1.1" 200 31 "-" "WordPress/6.9; http://cqqizhou.com"
43.135.145.73 - - [04/Feb/2026:07:22:22 +0800] "GET / HTTP/1.1" 200 34753 "-" "Mozilla/5.0 (iPhone; CPU iPhone OS 13_2_3 like Mac OS X) AppleWebKit/605.1.15 (KHTML, like Gecko) Version/13.0.3 Mobile/15E148 Safari/604.1"
36.133.115.36 - - [04/Feb/2026:07:46:53 +0800] "POST /wp-cron.php?doing_wp_cron=1770162413.1370310783386230468750 HTTP/1.1" 200 31 "-" "WordPress/6.9; http://cqqizhou.com"
146.19.24.133 - - [04/Feb/2026:07:46:53 +0800] "GET / HTTP/1.1" 200 109842 "-" "-"
36.133.115.36 - - [04/Feb/2026:07:56:17 +0800] "POST /wp-cron.php?doing_wp_cron=1770162977.6031930446624755859375 HTTP/1.1" 200 31 "-" "WordPress/6.9; http://cqqizhou.com"
204.76.203.219 - - [04/Feb/2026:07:56:17 +0800] "GET / HTTP/1.1" 200 34753 "-" "Mozilla/5.0 (Windows NT 10.0; Win64; x64) AppleWebKit/537.36 (KHTML, like Gecko) Chrome/90.0.4430.85 Safari/537.36 Edg/90.0.818.46"
36.133.115.36 - - [04/Feb/2026:08:09:51 +0800] "POST /wp-cron.php?doing_wp_cron=1770163791.0484869480133056640625 HTTP/1.1" 200 31 "-" "WordPress/6.9; http://cqqizhou.com"
66.249.79.228 - - [04/Feb/2026:08:09:51 +0800] "GET /robots.txt HTTP/1.1" 301 5 "-" "Mozilla/5.0 (compatible; Googlebot/2.1; +http://www.google.com/bot.html)"
66.249.74.7 - - [04/Feb/2026:08:09:52 +0800] "GET /robots.txt HTTP/1.1" 200 190 "-" "Mozilla/5.0 (compatible; Googlebot/2.1; +http://www.google.com/bot.html)"
66.249.79.228 - - [04/Feb/2026:08:09:53 +0800] "GET / HTTP/1.1" 301 5 "-" "Mozilla/5.0 (Linux; Android 6.0.1; Nexus 5X Build/MMB29P) AppleWebKit/537.36 (KHTML, like Gecko) Chrome/144.0.7559.109 Mobile Safari/537.36 (compatible; Googlebot/2.1; +http://www.google.com/bot.html)"
40.77.167.30 - - [04/Feb/2026:08:12:12 +0800] "GET /wp-content/uploads/logistics/Conatiner-5.webp HTTP/1.1" 200 63396 "-" "Mozilla/5.0 AppleWebKit/537.36 (KHTML, like Gecko; compatible; bingbot/2.0; +http://www.bing.com/bingbot.htm) Chrome/116.0.1938.76 Safari/537.36"
36.133.115.36 - - [04/Feb/2026:08:31:35 +0800] "POST /wp-cron.php?doing_wp_cron=1770165095.4060609340667724609375 HTTP/1.1" 200 31 "-" "WordPress/6.9; http://cqqizhou.com"
36.133.108.119 - - [04/Feb/2026:08:31:35 +0800] "HEAD / HTTP/1.1" 301 0 "-" "Mozilla/5.0 (iPad; CPU OS 6_0 like Mac OS X) AppleWebKit/536.26 (KHTML, like Gecko) Version/6.0 Mobile/10A5355d Safari/8536.25"
36.133.115.36 - - [04/Feb/2026:08:34:31 +0800] "POST /wp-cron.php?doing_wp_cron=1770165271.2282299995422363281250 HTTP/1.1" 200 31 "-" "WordPress/6.9; http://cqqizhou.com"
193.142.147.209 - - [04/Feb/2026:08:34:31 +0800] "POST / HTTP/1.1" 200 34754 "-" "Mozilla/5.0 (Windows NT 10.0; Win64; x64) AppleWebKit/537.36"
