36.133.115.36 - - [04/Feb/2026:08:43:05 +0800] "POST /wp-cron.php?doing_wp_cron=1770165785.5433149337768554687500 HTTP/1.1" 200 31 "-" "WordPress/6.9; http://cqqizhou.com"
85.208.96.211 - - [04/Feb/2026:08:43:05 +0800] "GET /robots.txt HTTP/1.1" 200 190 "-" "Mozilla/5.0 (compatible; SemrushBot/7~bl; +http://www.semrush.com/bot.html)"
185.191.171.11 - - [04/Feb/2026:08:43:06 +0800] "GET /2153/ HTTP/1.1" 200 24207 "-" "Mozilla/5.0 (compatible; SemrushBot/7~bl; +http://www.semrush.com/bot.html)"
106.8.137.244 - - [04/Feb/2026:08:49:17 +0800] "GET /wp-content/uploads/2025/11/1762864370-QZ_Photo-1.webp HTTP/1.1" 200 162970 "http://cqqizhou.com/media/" "YisouSpider"
36.133.115.36 - - [04/Feb/2026:08:55:40 +0800] "POST /wp-cron.php?doing_wp_cron=1770166540.2624690532684326171875 HTTP/1.1" 200 31 "-" "WordPress/6.9; http://cqqizhou.com"
204.76.203.219 - - [04/Feb/2026:08:55:40 +0800] "GET / HTTP/1.1" 200 34754 "-" "Mozilla/5.0 (Windows NT 10.0; Win64; x64) AppleWebKit/537.36 (KHTML, like Gecko) Chrome/90.0.4430.85 Safari/537.36 Edg/90.0.818.46"
220.181.108.110 - - [04/Feb/2026:09:07:25 +0800] "GET /2165/ HTTP/1.1" 200 26873 "-" "Mozilla/5.0 (compatible; Baiduspider/2.0; +http://www.baidu.com/search/spider.html)"
140.179.142.255 - - [04/Feb/2026:09:13:41 +0800] "GET / HTTP/1.1" 200 35185 "-" "Mozilla/5.0 (X11; Linux x86_64) AppleWebKit/537.36 (KHTML, like Gecko) HeadlessChrome/138.0.7204.55 Safari/537.36"
52.81.252.68 - - [04/Feb/2026:09:13:41 +0800] "GET /wp-content/uploads/2025/07/1751425283-qizhou.kf_.qq_.com_.webp HTTP/1.1" 200 16864 "http://cqqizhou.com/" "Mozilla/5.0 (X11; Linux x86_64) AppleWebKit/537.36 (KHTML, like Gecko) HeadlessChrome/138.0.7204.55 Safari/537.36"
43.196.8.15 - - [04/Feb/2026:09:13:42 +0800] "GET /wp-content/uploads/2025/07/1753454089-Article_images_W900px.webp HTTP/1.1" 200 27552 "http://cqqizhou.com/" "Mozilla/5.0 (X11; Linux x86_64) AppleWebKit/537.36 (KHTML, like Gecko) HeadlessChrome/138.0.7204.55 Safari/537.36"
140.179.53.3 - - [04/Feb/2026:09:13:42 +0800] "GET /wp-content/uploads/revslider/slider-1/1750861156-logistics_Slider_3840%C3%972160_20250625191356-scaled-1024x576.webp HTTP/1.1" 200 48500 "http://cqqizhou.com/" "Mozilla/5.0 (X11; Linux x86_64) AppleWebKit/537.36 (KHTML, like Gecko) HeadlessChrome/138.0.7204.55 Safari/537.36"
54.222.197.138 - - [04/Feb/2026:09:13:42 +0800] "GET /wp-content/uploads/2026/01/1769511379-Article_images_W900%C3%97500px202601271.webp HTTP/1.1" 200 67912 "http://cqqizhou.com/" "Mozilla/5.0 (X11; Linux x86_64) AppleWebKit/537.36 (KHTML, like Gecko) HeadlessChrome/138.0.7204.55 Safari/537.36"
52.81.252.68 - - [04/Feb/2026:09:13:43 +0800] "GET /wp-content/uploads/2026/01/1768527483-Article_images_W900%C3%97500px202601161.webp HTTP/1.1" 200 33780 "http://cqqizhou.com/" "Mozilla/5.0 (X11; Linux x86_64) AppleWebKit/537.36 (KHTML, like Gecko) HeadlessChrome/138.0.7204.55 Safari/537.36"
140.179.142.255 - - [04/Feb/2026:09:13:43 +0800] "GET /wp-content/uploads/2026/01/1767691466-Article_images_W900%C3%97500px202601061.webp HTTP/1.1" 200 56014 "http://cqqizhou.com/" "Mozilla/5.0 (X11; Linux x86_64) AppleWebKit/537.36 (KHTML, like Gecko) HeadlessChrome/138.0.7204.55 Safari/537.36"
52.81.252.68 - - [04/Feb/2026:09:13:43 +0800] "GET /wp-content/uploads/2025/12/1765268955-qizhou_Slider1_3840%C3%972160_20251210-scaled.webp HTTP/1.1" 200 152162 "http://cqqizhou.com/" "Mozilla/5.0 (X11; Linux x86_64) AppleWebKit/537.36 (KHTML, like Gecko) HeadlessChrome/138.0.7204.55 Safari/537.36"
52.81.252.68 - - [04/Feb/2026:09:13:43 +0800] "GET /wp-content/uploads/2025/07/1753453096-%E5%8F%8C%E7%9B%B8%E9%92%A2product_Single600%C3%97284.webp HTTP/1.1" 200 14562 "http://cqqizhou.com/" "Mozilla/5.0 (X11; Linux x86_64) AppleWebKit/537.36 (KHTML, like Gecko) HeadlessChrome/138.0.7204.55 Safari/537.36"
140.179.142.255 - - [04/Feb/2026:09:13:43 +0800] "GET /wp-content/uploads/2025/07/1753456770-%E7%83%AD%E9%95%80%E9%94%8C%E5%8D%B7product_Single600.webp HTTP/1.1" 200 27502 "http://cqqizhou.com/" "Mozilla/5.0 (X11; Linux x86_64) AppleWebKit/537.36 (KHTML, like Gecko) HeadlessChrome/138.0.7204.55 Safari/537.36"
140.179.53.3 - - [04/Feb/2026:09:13:43 +0800] "GET /wp-content/uploads/2025/07/1753453127-%E4%BD%99%E5%8D%B7product_Single600%C3%97284.webp HTTP/1.1" 200 18744 "http://cqqizhou.com/" "Mozilla/5.0 (X11; Linux x86_64) AppleWebKit/537.36 (KHTML, like Gecko) HeadlessChrome/138.0.7204.55 Safari/537.36"
54.222.197.138 - - [04/Feb/2026:09:13:43 +0800] "GET /wp-content/uploads/2025/07/1753456723-%E5%8F%8C%E7%9B%B8%E9%92%A2roduct_Single600.webp HTTP/1.1" 200 22790 "http://cqqizhou.com/" "Mozilla/5.0 (X11; Linux x86_64) AppleWebKit/537.36 (KHTML, like Gecko) HeadlessChrome/138.0.7204.55 Safari/537.36"
43.196.8.15 - - [04/Feb/2026:09:13:43 +0800] "GET /wp-content/uploads/2026/01/1768276119-qizhoujiagong_Slider_3840%C3%972160_20260113-scaled-50x100.webp HTTP/1.1" 200 976 "http://cqqizhou.com/" "Mozilla/5.0 (X11; Linux x86_64) AppleWebKit/537.36 (KHTML, like Gecko) HeadlessChrome/138.0.7204.55 Safari/537.36"
71.131.212.174 - - [04/Feb/2026:09:13:43 +0800] "GET /wp-content/uploads/revslider/slider-1/1750861156-logistics_Slider_3840%C3%972160_20250625191356-scaled-50x100.webp HTTP/1.1" 200 1416 "http://cqqizhou.com/" "Mozilla/5.0 (X11; Linux x86_64) AppleWebKit/537.36 (KHTML, like Gecko) HeadlessChrome/138.0.7204.55 Safari/537.36"
36.133.115.36 - - [04/Feb/2026:09:13:44 +0800] "POST /wp-cron.php?doing_wp_cron=1770167624.1509430408477783203125 HTTP/1.1" 200 31 "-" "WordPress/6.9; http://cqqizhou.com"
36.133.115.36 - - [04/Feb/2026:09:13:44 +0800] "POST /wp-cron.php?doing_wp_cron=1770167624.1512219905853271484375 HTTP/1.1" 200 31 "-" "WordPress/6.9; http://cqqizhou.com"
43.196.8.15 - - [04/Feb/2026:09:13:44 +0800] "GET /wp-json/sliderrevolution/sliders/1?srengine=7&slideid=4 HTTP/1.1" 200 2580 "http://cqqizhou.com/" "Mozilla/5.0 (X11; Linux x86_64) AppleWebKit/537.36 (KHTML, like Gecko) HeadlessChrome/138.0.7204.55 Safari/537.36"
71.131.212.174 - - [04/Feb/2026:09:13:44 +0800] "GET /wp-json/sliderrevolution/sliders/1?srengine=7&slideid=2 HTTP/1.1" 200 2000 "http://cqqizhou.com/" "Mozilla/5.0 (X11; Linux x86_64) AppleWebKit/537.36 (KHTML, like Gecko) HeadlessChrome/138.0.7204.55 Safari/537.36"
36.133.115.36 - - [04/Feb/2026:09:15:53 +0800] "POST /wp-cron.php?doing_wp_cron=1770167752.9732689857482910156250 HTTP/1.1" 200 31 "-" "WordPress/6.9; http://cqqizhou.com"
146.19.24.133 - - [04/Feb/2026:09:15:53 +0800] "GET / HTTP/1.1" 200 109837 "-" "Mozilla/5.0 (X11; Linux x86_64; rv:144.0) Gecko/20100101 Firefox/144.0"
36.133.115.36 - - [04/Feb/2026:09:16:24 +0800] "POST /wp-cron.php?doing_wp_cron=1770167784.2772829532623291015625 HTTP/1.1" 200 31 "-" "WordPress/6.9; http://cqqizhou.com"
204.76.203.69 - - [04/Feb/2026:09:16:25 +0800] "GET / HTTP/1.1" 200 157284 "-" "-"
36.133.115.36 - - [04/Feb/2026:09:17:54 +0800] "POST /wp-cron.php?doing_wp_cron=1770167874.1835839748382568359375 HTTP/1.1" 200 31 "-" "WordPress/6.9; http://cqqizhou.com"
185.16.39.146 - - [04/Feb/2026:09:17:54 +0800] "GET / HTTP/1.1" 200 157284 "-" "Wget"
36.133.115.36 - - [04/Feb/2026:09:19:21 +0800] "POST /wp-cron.php?doing_wp_cron=1770167961.0177099704742431640625 HTTP/1.1" 200 31 "-" "WordPress/6.9; http://cqqizhou.com"
51.161.193.77 - - [04/Feb/2026:09:19:21 +0800] "POST /xmlrpc.php HTTP/1.1" 200 217 "-" "Mozilla/5.0 (Windows NT 10.0; Win64; x64) AppleWebKit/537.43 (KHTML, like Gecko) Chrome/138.0.0.0 Safari/537.36 OPR/122.0.0.0"
36.133.115.36 - - [04/Feb/2026:09:36:17 +0800] "POST /wp-cron.php?doing_wp_cron=1770168977.1732959747314453125000 HTTP/1.1" 200 31 "-" "WordPress/6.9; http://cqqizhou.com"
193.142.147.209 - - [04/Feb/2026:09:36:17 +0800] "POST / HTTP/1.1" 200 34754 "-" "Mozilla/5.0 (Windows NT 10.0; Win64; x64) AppleWebKit/537.36"
183.212.68.201 - - [04/Feb/2026:09:41:25 +0800] "GET /contacts/ HTTP/1.1" 200 21561 "-" "Mozilla/5.0 (Windows NT 10.0; Win64; x64) AppleWebKit/537.36 (KHTML, like Gecko) Chrome/136.0.0.0 Safari/537.36"
36.133.115.36 - - [04/Feb/2026:09:41:30 +0800] "POST /wp-cron.php?doing_wp_cron=1770169290.1197090148925781250000 HTTP/1.1" 200 31 "-" "WordPress/6.9; http://cqqizhou.com"
49.51.141.76 - - [04/Feb/2026:09:41:30 +0800] "GET / HTTP/1.1" 301 5 "-" "Mozilla/5.0 (iPhone; CPU iPhone OS 13_2_3 like Mac OS X) AppleWebKit/605.1.15 (KHTML, like Gecko) Version/13.0.3 Mobile/15E148 Safari/604.1"
49.51.141.76 - - [04/Feb/2026:09:41:32 +0800] "GET / HTTP/1.1" 200 34754 "http://36.133.115.36" "Mozilla/5.0 (iPhone; CPU iPhone OS 13_2_3 like Mac OS X) AppleWebKit/605.1.15 (KHTML, like Gecko) Version/13.0.3 Mobile/15E148 Safari/604.1"
36.133.115.36 - - [04/Feb/2026:09:47:38 +0800] "POST /wp-cron.php?doing_wp_cron=1770169658.0821120738983154296875 HTTP/1.1" 200 31 "-" "WordPress/6.9; http://cqqizhou.com"
87.121.84.51 - - [04/Feb/2026:09:47:38 +0800] "GET / HTTP/1.0" 301 0 "-" "Mozilla/5.0 (X11; Linux x86_64; rv:140.0) Gecko/20100101 Firefox/140.0"
36.133.115.36 - - [04/Feb/2026:09:49:18 +0800] "POST /wp-cron.php?doing_wp_cron=1770169758.1415960788726806640625 HTTP/1.1" 200 31 "-" "WordPress/6.9; http://cqqizhou.com"
43.165.190.5 - - [04/Feb/2026:09:49:18 +0800] "GET / HTTP/1.1" 301 5 "-" "Mozilla/5.0 (iPhone; CPU iPhone OS 13_2_3 like Mac OS X) AppleWebKit/605.1.15 (KHTML, like Gecko) Version/13.0.3 Mobile/15E148 Safari/604.1"
43.165.190.5 - - [04/Feb/2026:09:49:20 +0800] "GET / HTTP/1.1" 200 34754 "http://www.cqqizhou.com" "Mozilla/5.0 (iPhone; CPU iPhone OS 13_2_3 like Mac OS X) AppleWebKit/605.1.15 (KHTML, like Gecko) Version/13.0.3 Mobile/15E148 Safari/604.1"
204.76.203.219 - - [04/Feb/2026:09:49:35 +0800] "GET / HTTP/1.1" 200 34754 "-" "Mozilla/5.0 (Windows NT 10.0; Win64; x64) AppleWebKit/537.36 (KHTML, like Gecko) Chrome/90.0.4430.85 Safari/537.36 Edg/90.0.818.46"
36.133.115.36 - - [04/Feb/2026:10:09:37 +0800] "POST /wp-cron.php?doing_wp_cron=1770170977.2511379718780517578125 HTTP/1.1" 200 31 "-" "WordPress/6.9; http://cqqizhou.com"
89.42.231.200 - - [04/Feb/2026:10:09:37 +0800] "GET /SDK/webLanguage HTTP/1.1" 301 5 "-" "Mozilla/5.0 (Windows NT 10.0; Win64; x64) AppleWebKit/537.36 (KHTML, like Gecko) Chrome/90.0.4430.85 Safari/537.36 Edg/90.0.818.46"
36.133.115.36 - - [04/Feb/2026:10:20:14 +0800] "POST /wp-cron.php?doing_wp_cron=1770171614.1054139137268066406250 HTTP/1.1" 200 31 "-" "WordPress/6.9; http://cqqizhou.com"
110.249.201.94 - - [04/Feb/2026:10:20:14 +0800] "GET /robots.txt HTTP/1.1" 200 190 "-" "Mozilla/5.0 (Linux; Android 5.0) AppleWebKit/537.36 (KHTML, like Gecko) Mobile Safari/537.36 (compatible; Bytespider; https://zhanzhang.toutiao.com/)"
36.133.115.36 - - [04/Feb/2026:10:26:03 +0800] "POST /wp-cron.php?doing_wp_cron=1770171963.5227971076965332031250 HTTP/1.1" 200 31 "-" "WordPress/6.9; http://cqqizhou.com"
36.133.108.119 - - [04/Feb/2026:10:26:03 +0800] "HEAD /app_dir/.env HTTP/1.1" 404 0 "-" "Mozilla/5.0 (X11; Linux x86_64) AppleWebKit/537.36 (KHTML, like Gecko) Chrome/41.0.2227.0 Safari/537.36"
36.133.115.36 - - [04/Feb/2026:10:28:05 +0800] "POST /wp-cron.php?doing_wp_cron=1770172085.4000139236450195312500 HTTP/1.1" 200 31 "-" "WordPress/6.9; http://cqqizhou.com"
36.133.108.119 - - [04/Feb/2026:10:28:05 +0800] "HEAD / HTTP/1.1" 301 0 "-" "Mozilla/5.0 (compatible; MSIE 8.0; Windows NT 5.1; Trident/4.0; .NET CLR 1.1.4322; .NET CLR 2.0.50727)"
36.133.115.36 - - [04/Feb/2026:10:33:57 +0800] "POST /wp-cron.php?doing_wp_cron=1770172437.2539830207824707031250 HTTP/1.1" 200 31 "-" "WordPress/6.9; http://cqqizhou.com"
45.148.10.247 - - [04/Feb/2026:10:33:57 +0800] "GET /.git/config HTTP/1.1" 404 31367 "-" "Mozilla/5.0 (Windows NT 10.0; rv:91.0) Gecko/20100101 Firefox/91.0"
47.95.198.251 - - [04/Feb/2026:10:37:43 +0800] "GET /Public/admin/lib/webuploader/0.1.5/server/preview.php HTTP/1.1" 404 47 "-" "Mozilla/5.0 (Windows NT 10.0; Win64; x64)"
47.95.198.251 - - [04/Feb/2026:10:37:43 +0800] "GET /Public/admin/lib/webuploader/0.1.5/server/fileupload.php HTTP/1.1" 404 47 "-" "Mozilla/5.0 (Windows NT 10.0; Win64; x64)"
36.133.115.36 - - [04/Feb/2026:10:43:57 +0800] "POST /wp-cron.php?doing_wp_cron=1770173037.8039419651031494140625 HTTP/1.1" 200 31 "-" "WordPress/6.9; http://cqqizhou.com"
204.76.203.219 - - [04/Feb/2026:10:43:57 +0800] "GET / HTTP/1.1" 200 34754 "-" "Mozilla/5.0 (Windows NT 10.0; Win64; x64) AppleWebKit/537.36 (KHTML, like Gecko) Chrome/90.0.4430.85 Safari/537.36 Edg/90.0.818.46"
36.133.115.36 - - [04/Feb/2026:10:58:13 +0800] "POST /wp-cron.php?doing_wp_cron=1770173893.0271561145782470703125 HTTP/1.1" 200 31 "-" "WordPress/6.9; http://cqqizhou.com"
185.16.39.146 - - [04/Feb/2026:10:58:13 +0800] "GET / HTTP/1.1" 200 157284 "-" "Wget"
36.133.115.36 - - [04/Feb/2026:11:11:17 +0800] "POST /wp-cron.php?doing_wp_cron=1770174677.1510779857635498046875 HTTP/1.1" 200 31 "-" "WordPress/6.9; http://cqqizhou.com"
66.249.74.7 - - [04/Feb/2026:11:11:17 +0800] "GET /robots.txt HTTP/1.1" 200 190 "-" "Mozilla/5.0 (compatible; Googlebot/2.1; +http://www.google.com/bot.html)"
222.245.132.8 - - [04/Feb/2026:11:12:30 +0800] "GET /contacts/ HTTP/1.1" 200 21561 "-" "Mozilla/5.0 (Windows NT 10.0; Win64; x64) AppleWebKit/537.36 (KHTML, like Gecko) Chrome/136.0.0.0 Safari/537.36"
36.133.115.36 - - [04/Feb/2026:11:17:02 +0800] "POST /wp-cron.php?doing_wp_cron=1770175022.9356839656829833984375 HTTP/1.1" 200 31 "-" "WordPress/6.9; http://cqqizhou.com"
66.240.223.240 - - [04/Feb/2026:11:17:02 +0800] "GET / HTTP/1.1" 301 5 "-" "Mozilla/5.0 zgrab/0.x"
36.133.115.36 - - [04/Feb/2026:11:19:34 +0800] "POST /wp-cron.php?doing_wp_cron=1770175174.4383649826049804687500 HTTP/1.1" 200 31 "-" "WordPress/6.9; http://cqqizhou.com"
204.76.203.18 - - [04/Feb/2026:11:19:34 +0800] "GET / HTTP/1.1" 200 157284 "-" "-"
204.76.203.18 - - [04/Feb/2026:11:19:36 +0800] "GET / HTTP/1.1" 200 157284 "-" "-"
204.76.203.18 - - [04/Feb/2026:11:19:38 +0800] "GET / HTTP/1.1" 200 157284 "-" "-"
204.76.203.18 - - [04/Feb/2026:11:19:40 +0800] "GET / HTTP/1.1" 200 157284 "-" "-"
47.114.89.255 - - [04/Feb/2026:11:21:54 +0800] "GET /Public/plugins/webupload/server/preview.php HTTP/1.1" 404 47 "-" "Mozilla/5.0 (Windows NT 10.0; Win64; x64)"
47.114.89.255 - - [04/Feb/2026:11:21:54 +0800] "GET /Public/plugins/webupload/server/fileupload.php HTTP/1.1" 404 47 "-" "Mozilla/5.0 (Windows NT 10.0; Win64; x64)"
36.133.115.36 - - [04/Feb/2026:11:32:29 +0800] "POST /wp-cron.php?doing_wp_cron=1770175949.1715130805969238281250 HTTP/1.1" 200 31 "-" "WordPress/6.9; http://cqqizhou.com"
193.142.147.209 - - [04/Feb/2026:11:32:29 +0800] "POST / HTTP/1.1" 200 34754 "-" "Mozilla/5.0 (Windows NT 10.0; Win64; x64) AppleWebKit/537.36"
36.133.115.36 - - [04/Feb/2026:11:42:26 +0800] "POST /wp-cron.php?doing_wp_cron=1770176546.8493649959564208984375 HTTP/1.1" 200 31 "-" "WordPress/6.9; http://cqqizhou.com"
204.76.203.219 - - [04/Feb/2026:11:42:26 +0800] "GET / HTTP/1.1" 200 34752 "-" "Mozilla/5.0 (Windows NT 10.0; Win64; x64) AppleWebKit/537.36 (KHTML, like Gecko) Chrome/90.0.4430.85 Safari/537.36 Edg/90.0.818.46"
36.133.115.36 - - [04/Feb/2026:11:46:15 +0800] "POST /wp-cron.php?doing_wp_cron=1770176775.0506110191345214843750 HTTP/1.1" 200 31 "-" "WordPress/6.9; http://cqqizhou.com"
64.62.197.32 - - [04/Feb/2026:11:46:15 +0800] "GET / HTTP/1.1" 301 5 "-" "Mozilla/5.0 (Macintosh; Intel Mac OS X 10_15_7) AppleWebKit/605.1.15 (KHTML, like Gecko) Version/26.0 Safari/605.1.15"
64.62.197.32 - - [04/Feb/2026:11:47:00 +0800] "GET /webui/ HTTP/1.1" 404 8948 "-" "Mozilla/5.0 (Macintosh; Intel Mac OS X 10_15_7) AppleWebKit/605.1.15 (KHTML, like Gecko)"
104.37.174.183 - - [04/Feb/2026:11:47:06 +0800] "POST /xmlrpc.php HTTP/1.1" 200 217 "-" "Mozilla/5.0 (Windows NT 10.0; Win64; x64) AppleWebKit/537.36 (KHTML, like Gecko) Chrome/138.0.0.0 Safari/537.36"
36.133.115.36 - - [04/Feb/2026:11:48:28 +0800] "POST /wp-cron.php?doing_wp_cron=1770176908.1411879062652587890625 HTTP/1.1" 200 31 "-" "WordPress/6.9; http://cqqizhou.com"
36.133.108.119 - - [04/Feb/2026:11:48:28 +0800] "HEAD /docker/app/.env HTTP/1.1" 404 0 "-" "Mozilla/5.0 (Windows NT 6.2; WOW64) AppleWebKit/537.14 (KHTML, like Gecko) Chrome/24.0.1292.0 Safari/537.14"
120.77.183.184 - - [04/Feb/2026:12:29:02 +0800] "GET /sysLogin/css/yp/server/preview.php HTTP/1.1" 404 47 "-" "Mozilla/5.0 (Windows NT 10.0; Win64; x64)"
120.77.183.184 - - [04/Feb/2026:12:29:02 +0800] "GET /sysLogin/css/yp/server/fileupload.php HTTP/1.1" 404 47 "-" "Mozilla/5.0 (Windows NT 10.0; Win64; x64)"
36.133.115.36 - - [04/Feb/2026:12:32:43 +0800] "POST /wp-cron.php?doing_wp_cron=1770179563.0055899620056152343750 HTTP/1.1" 200 31 "-" "WordPress/6.9; http://cqqizhou.com"
204.76.203.219 - - [04/Feb/2026:12:32:43 +0800] "GET / HTTP/1.1" 200 34754 "-" "Mozilla/5.0 (Windows NT 10.0; Win64; x64) AppleWebKit/537.36 (KHTML, like Gecko) Chrome/90.0.4430.85 Safari/537.36 Edg/90.0.818.46"
36.133.115.36 - - [04/Feb/2026:12:47:46 +0800] "POST /wp-cron.php?doing_wp_cron=1770180466.3456029891967773437500 HTTP/1.1" 200 31 "-" "WordPress/6.9; http://cqqizhou.com"
206.168.34.57 - - [04/Feb/2026:12:47:46 +0800] "GET /robots.txt HTTP/1.1" 200 190 "-" "Mozilla/5.0 (compatible; CensysInspect/1.1; +https://about.censys.io/)"
206.168.34.57 - - [04/Feb/2026:12:48:02 +0800] "GET /cetvuatgki HTTP/1.1" 404 8949 "-" "Mozilla/5.0 (compatible; CensysInspect/1.1; +https://about.censys.io/)"
36.133.115.36 - - [04/Feb/2026:12:50:13 +0800] "POST /wp-cron.php?doing_wp_cron=1770180613.8655550479888916015625 HTTP/1.1" 200 31 "-" "WordPress/6.9; http://cqqizhou.com"
193.142.147.209 - - [04/Feb/2026:12:50:14 +0800] "POST / HTTP/1.1" 200 34755 "-" "Mozilla/5.0 (Windows NT 10.0; Win64; x64) AppleWebKit/537.36"
36.133.115.36 - - [04/Feb/2026:12:52:54 +0800] "POST /wp-cron.php?doing_wp_cron=1770180774.1995620727539062500000 HTTP/1.1" 200 31 "-" "WordPress/6.9; http://cqqizhou.com"
192.109.200.205 - - [04/Feb/2026:12:52:54 +0800] "GET / HTTP/1.1" 200 34755 "-" "Mozilla/5.0"
36.133.115.36 - - [04/Feb/2026:12:53:12 +0800] "POST /wp-cron.php?doing_wp_cron=1770180792.0119240283966064453125 HTTP/1.1" 200 31 "-" "WordPress/6.9; http://cqqizhou.com"
192.109.200.205 - - [04/Feb/2026:12:53:14 +0800] "POST / HTTP/1.1" 200 34754 "-" "Mozilla/5.0"
43.130.15.147 - - [04/Feb/2026:12:53:32 +0800] "GET / HTTP/1.1" 200 34753 "-" "Mozilla/5.0 (iPhone; CPU iPhone OS 13_2_3 like Mac OS X) AppleWebKit/605.1.15 (KHTML, like Gecko) Version/13.0.3 Mobile/15E148 Safari/604.1"
47.95.198.251 - - [04/Feb/2026:12:59:09 +0800] "GET /sysLogin/css/yp/preview.php HTTP/1.1" 404 47 "-" "Mozilla/5.0 (Windows NT 10.0; Win64; x64)"
47.95.198.251 - - [04/Feb/2026:12:59:09 +0800] "GET /sysLogin/css/yp/fileupload.php HTTP/1.1" 404 47 "-" "Mozilla/5.0 (Windows NT 10.0; Win64; x64)"
36.133.115.36 - - [04/Feb/2026:13:00:15 +0800] "POST /wp-cron.php?doing_wp_cron=1770181215.4432609081268310546875 HTTP/1.1" 200 31 "-" "WordPress/6.9; http://cqqizhou.com"
66.249.74.7 - - [04/Feb/2026:13:00:15 +0800] "GET / HTTP/1.1" 200 34754 "-" "Mozilla/5.0 (Linux; Android 6.0.1; Nexus 5X Build/MMB29P) AppleWebKit/537.36 (KHTML, like Gecko) Chrome/144.0.7559.109 Mobile Safari/537.36 (compatible; Googlebot/2.1; +http://www.google.com/bot.html)"
36.133.115.36 - - [04/Feb/2026:13:01:31 +0800] "POST /wp-cron.php?doing_wp_cron=1770181291.3315238952636718750000 HTTP/1.1" 200 31 "-" "WordPress/6.9; http://cqqizhou.com"
36.41.75.167 - - [04/Feb/2026:13:01:31 +0800] "GET / HTTP/1.1" 301 5 "-" "Mozilla/5.0 (iPhone; CPU iPhone OS 13_2_3 like Mac OS X) AppleWebKit/605.1.15 (KHTML, like Gecko) Version/13.0.3 Mobile/15E148 Safari/604.1"
36.41.75.167 - - [04/Feb/2026:13:01:33 +0800] "GET / HTTP/1.1" 200 34754 "http://www.cqqizhou.com" "Mozilla/5.0 (iPhone; CPU iPhone OS 13_2_3 like Mac OS X) AppleWebKit/605.1.15 (KHTML, like Gecko) Version/13.0.3 Mobile/15E148 Safari/604.1"
43.128.149.102 - - [04/Feb/2026:13:02:06 +0800] "GET / HTTP/1.1" 200 34754 "-" "Mozilla/5.0 (iPhone; CPU iPhone OS 13_2_3 like Mac OS X) AppleWebKit/605.1.15 (KHTML, like Gecko) Version/13.0.3 Mobile/15E148 Safari/604.1"
36.133.115.36 - - [04/Feb/2026:13:11:38 +0800] "POST /wp-cron.php?doing_wp_cron=1770181898.0055310726165771484375 HTTP/1.1" 200 31 "-" "WordPress/6.9; http://cqqizhou.com"
85.208.96.212 - - [04/Feb/2026:13:11:38 +0800] "GET /robots.txt HTTP/1.1" 200 190 "-" "Mozilla/5.0 (compatible; SemrushBot/7~bl; +http://www.semrush.com/bot.html)"
85.208.96.194 - - [04/Feb/2026:13:11:39 +0800] "GET /2440/ HTTP/1.1" 200 21759 "-" "Mozilla/5.0 (compatible; SemrushBot/7~bl; +http://www.semrush.com/bot.html)"
36.133.115.36 - - [04/Feb/2026:13:32:19 +0800] "POST /wp-cron.php?doing_wp_cron=1770183139.1797869205474853515625 HTTP/1.1" 200 31 "-" "WordPress/6.9; http://cqqizhou.com"
204.76.203.219 - - [04/Feb/2026:13:32:19 +0800] "GET / HTTP/1.1" 200 34754 "-" "Mozilla/5.0 (Windows NT 10.0; Win64; x64) AppleWebKit/537.36 (KHTML, like Gecko) Chrome/90.0.4430.85 Safari/537.36 Edg/90.0.818.46"
27.157.84.33 - - [04/Feb/2026:13:33:15 +0800] "GET / HTTP/1.1" 200 35185 "http://cqqizhou.com/" "Mozilla/5.0 (Windows NT 6.1; WOW64) AppleWebKit/537.36 (KHTML, like Gecko) Chrome/50.0.2661.102 Safari/537.36"
36.133.115.36 - - [04/Feb/2026:13:33:30 +0800] "POST /wp-cron.php?doing_wp_cron=1770183210.6765499114990234375000 HTTP/1.1" 200 31 "-" "WordPress/6.9; http://cqqizhou.com"
15.235.96.128 - - [04/Feb/2026:13:33:30 +0800] "GET /robots.txt HTTP/1.1" 200 190 "-" "Mozilla/5.0 (compatible; AhrefsBot/7.0; +http://ahrefs.com/robot/)"
5.39.1.227 - - [04/Feb/2026:13:33:34 +0800] "GET / HTTP/1.1" 200 35185 "-" "Mozilla/5.0 (compatible; AhrefsBot/7.0; +http://ahrefs.com/robot/)"
195.178.110.246 - - [04/Feb/2026:13:33:39 +0800] "GET /.env HTTP/1.1" 404 8950 "-" "Mozilla/5.0 (Linux; Android 8.0.0; SM-A530F) AppleWebKit/537.36 (KHTML, like Gecko) Chrome/76.0.3809.111 Mobile Safari/537.36"
36.133.115.36 - - [04/Feb/2026:13:34:28 +0800] "POST /wp-cron.php?doing_wp_cron=1770183268.8906641006469726562500 HTTP/1.1" 200 31 "-" "WordPress/6.9; http://cqqizhou.com"
36.133.108.119 - - [04/Feb/2026:13:34:28 +0800] "HEAD /static-html/.env HTTP/1.1" 404 0 "-" "Mozilla/5.0 (iPad; CPU OS 6_0 like Mac OS X) AppleWebKit/536.26 (KHTML, like Gecko) Version/6.0 Mobile/10A5355d Safari/8536.25"
93.158.91.243 - - [04/Feb/2026:13:35:08 +0800] "GET / HTTP/1.1" 200 35185 "-" "Mozilla/5.0 (Windows NT 10.0; Win64; x64) AppleWebKit/537.36 (KHTML, like Gecko) Chrome/122.0.0.0 Safari/537.36 Agency/93.8.2357.5"
36.133.115.36 - - [04/Feb/2026:13:35:10 +0800] "POST /wp-cron.php?doing_wp_cron=1770183310.4215760231018066406250 HTTP/1.1" 200 31 "-" "WordPress/6.9; http://cqqizhou.com"
93.158.92.13 - - [04/Feb/2026:13:35:10 +0800] "GET /portfolio-category/hot-dip-galvanized-coil/ HTTP/1.1" 301 5 "-" "Mozilla/5.0 (Windows NT 10.0; Win64; x64) AppleWebKit/537.36 (KHTML, like Gecko) Chrome/122.0.0.0 Safari/537.36 Agency/93.8.2357.5"
93.158.91.251 - - [04/Feb/2026:13:35:11 +0800] "GET /portfolio/hot-dip-galvanized-coil/ HTTP/1.1" 404 8950 "http://cqqizhou.com/portfolio-category/hot-dip-galvanized-coil/" "Mozilla/5.0 (Windows NT 10.0; Win64; x64) AppleWebKit/537.36 (KHTML, like Gecko) Chrome/122.0.0.0 Safari/537.36 Agency/93.8.2357.5"
93.158.92.13 - - [04/Feb/2026:13:35:12 +0800] "GET /portfolio/%e5%86%b7%e8%bd%a7%e6%9d%bf/ HTTP/1.1" 404 8950 "-" "Mozilla/5.0 (Windows NT 10.0; Win64; x64) AppleWebKit/537.36 (KHTML, like Gecko) Chrome/122.0.0.0 Safari/537.36 Agency/93.8.2357.5"
93.158.91.235 - - [04/Feb/2026:13:35:14 +0800] "GET /portfolio-category/cold-rolled-coil/ HTTP/1.1" 404 8951 "-" "Mozilla/5.0 (Windows NT 10.0; Win64; x64) AppleWebKit/537.36 (KHTML, like Gecko) Chrome/122.0.0.0 Safari/537.36 Agency/93.8.2357.5"
36.133.115.36 - - [04/Feb/2026:13:43:36 +0800] "POST /wp-cron.php?doing_wp_cron=1770183816.4025819301605224609375 HTTP/1.1" 200 31 "-" "WordPress/6.9; http://cqqizhou.com"
204.76.203.18 - - [04/Feb/2026:13:43:36 +0800] "GET /bins/ HTTP/1.1" 301 5 "-" "-"
204.76.203.18 - - [04/Feb/2026:13:43:40 +0800] "GET /bins/ HTTP/1.1" 301 5 "-" "-"
93.158.91.242 - - [04/Feb/2026:13:43:51 +0800] "GET / HTTP/1.1" 200 35185 "-" "Mozilla/5.0 (Windows NT 10.0; Win64; x64) AppleWebKit/537.36 (KHTML, like Gecko) Chrome/122.0.0.0 Safari/537.3"
93.158.91.249 - - [04/Feb/2026:13:43:53 +0800] "GET /portfolio-category/hot-dip-galvanized-coil/ HTTP/1.1" 301 5 "-" "Mozilla/5.0 (Windows NT 10.0; Win64; x64) AppleWebKit/537.36 (KHTML, like Gecko) Chrome/122.0.0.0 Safari/537.3"
93.158.91.245 - - [04/Feb/2026:13:43:55 +0800] "GET /portfolio/hot-dip-galvanized-coil/ HTTP/1.1" 404 8950 "http://cqqizhou.com/portfolio-category/hot-dip-galvanized-coil/" "Mozilla/5.0 (Windows NT 10.0; Win64; x64) AppleWebKit/537.36 (KHTML, like Gecko) Chrome/122.0.0.0 Safari/537.3"
93.158.91.253 - - [04/Feb/2026:13:43:56 +0800] "GET /portfolio/%e5%86%b7%e8%bd%a7%e6%9d%bf/ HTTP/1.1" 404 8950 "-" "Mozilla/5.0 (Windows NT 10.0; Win64; x64) AppleWebKit/537.36 (KHTML, like Gecko) Chrome/122.0.0.0 Safari/537.3"
93.158.91.247 - - [04/Feb/2026:13:43:57 +0800] "GET /portfolio-category/cold-rolled-coil/ HTTP/1.1" 404 8950 "-" "Mozilla/5.0 (Windows NT 10.0; Win64; x64) AppleWebKit/537.36 (KHTML, like Gecko) Chrome/122.0.0.0 Safari/537.3"
36.133.115.36 - - [04/Feb/2026:13:44:51 +0800] "POST /wp-cron.php?doing_wp_cron=1770183891.0427238941192626953125 HTTP/1.1" 200 31 "-" "WordPress/6.9; http://cqqizhou.com"
77.83.39.207 - - [04/Feb/2026:13:44:51 +0800] "GET /.env HTTP/1.1" 404 8950 "-" "Mozilla/5.0 (Macintosh; Intel Mac OS X 10.7; rv:20.0) Gecko/20100101 Firefox/20.0"
3.18.186.238 - - [04/Feb/2026:14:02:34 +0800] "GET / HTTP/1.1" 200 35185 "-" "air.ai/scanning Mozilla/5.0 (Macintosh; Intel Mac OS X 10_15_7) Chrome/126.0.0.0 Safari/537.36"
36.133.115.36 - - [04/Feb/2026:14:02:55 +0800] "POST /wp-cron.php?doing_wp_cron=1770184975.7480061054229736328125 HTTP/1.1" 200 31 "-" "WordPress/6.9; http://cqqizhou.com"
193.142.147.209 - - [04/Feb/2026:14:02:56 +0800] "POST / HTTP/1.1" 200 34754 "-" "Mozilla/5.0 (Windows NT 10.0; Win64; x64) AppleWebKit/537.36"
36.133.115.36 - - [04/Feb/2026:14:04:17 +0800] "POST /wp-cron.php?doing_wp_cron=1770185057.4820981025695800781250 HTTP/1.1" 200 31 "-" "WordPress/6.9; http://cqqizhou.com"
66.249.74.7 - - [04/Feb/2026:14:04:17 +0800] "GET /portfolio-category/cold-rolled-coil/ HTTP/1.1" 404 8950 "-" "Mozilla/5.0 (Linux; Android 6.0.1; Nexus 5X Build/MMB29P) AppleWebKit/537.36 (KHTML, like Gecko) Chrome/144.0.7559.109 Mobile Safari/537.36 (compatible; Googlebot/2.1; +http://www.google.com/bot.html)"
36.133.115.36 - - [04/Feb/2026:14:12:38 +0800] "POST /wp-cron.php?doing_wp_cron=1770185558.3819499015808105468750 HTTP/1.1" 200 31 "-" "WordPress/6.9; http://cqqizhou.com"
52.249.221.45 - - [04/Feb/2026:14:12:38 +0800] "GET /manager/text/list HTTP/1.1" 404 8950 "-" "Mozilla/5.0 zgrab/0.x"
36.133.115.36 - - [04/Feb/2026:14:19:28 +0800] "POST /wp-cron.php?doing_wp_cron=1770185968.6706280708312988281250 HTTP/1.1" 200 31 "-" "WordPress/6.9; http://cqqizhou.com"
204.76.203.69 - - [04/Feb/2026:14:19:28 +0800] "GET / HTTP/1.1" 301 5 "-" "Mozilla/5.0 (Windows NT 10.0; Win64; x64) AppleWebKit/537.36 (KHTML, like Gecko) Chrome/90.0.4430.85 Safari/537.36 Edg/90.0.818.46"
36.133.115.36 - - [04/Feb/2026:14:23:26 +0800] "POST /wp-cron.php?doing_wp_cron=1770186206.1345100402832031250000 HTTP/1.1" 200 31 "-" "WordPress/6.9; http://cqqizhou.com"
204.76.203.219 - - [04/Feb/2026:14:23:26 +0800] "GET / HTTP/1.1" 200 34754 "-" "Mozilla/5.0 (Windows NT 10.0; Win64; x64) AppleWebKit/537.36 (KHTML, like Gecko) Chrome/90.0.4430.85 Safari/537.36 Edg/90.0.818.46"
36.133.115.36 - - [04/Feb/2026:14:27:56 +0800] "POST /wp-cron.php?doing_wp_cron=1770186476.6531810760498046875000 HTTP/1.1" 200 31 "-" "WordPress/6.9; http://cqqizhou.com"
155.133.142.66 - - [04/Feb/2026:14:27:56 +0800] "POST /xmlrpc.php HTTP/1.1" 200 217 "-" "Mozilla/5.0 (Windows NT 10.0; Win64; x64) AppleWebKit/537.43 (KHTML, like Gecko) Chrome/139.0.0.0 Safari/537.36 OPR/123.0.0.0"
58.34.37.170 - - [04/Feb/2026:14:34:18 +0800] "GET /contacts/ HTTP/1.1" 200 21561 "http://cqqizhou.com/about/" "Mozilla/5.0 (Windows NT 10.0; Win64; x64) AppleWebKit/537.36 (KHTML, like Gecko) Chrome/143.0.0.0 Safari/537.36 Edg/143.0.0.0"
58.34.37.170 - - [04/Feb/2026:14:34:18 +0800] "GET /wp-content/uploads/2025/07/1751425283-qizhou.kf_.qq_.com_.webp HTTP/1.1" 200 16864 "http://cqqizhou.com/contacts/" "Mozilla/5.0 (Windows NT 10.0; Win64; x64) AppleWebKit/537.36 (KHTML, like Gecko) Chrome/143.0.0.0 Safari/537.36 Edg/143.0.0.0"
58.34.37.170 - - [04/Feb/2026:14:34:18 +0800] "GET /wp-content/uploads/2025/07/1750005875-qizhou_map2025616.webp HTTP/1.1" 200 348798 "http://cqqizhou.com/contacts/" "Mozilla/5.0 (Windows NT 10.0; Win64; x64) AppleWebKit/537.36 (KHTML, like Gecko) Chrome/143.0.0.0 Safari/537.36 Edg/143.0.0.0"
58.34.37.170 - - [04/Feb/2026:14:34:18 +0800] "GET /wp-content/uploads/2025/11/1762826323-Contacts2000x400_20251111.webp HTTP/1.1" 200 15144 "http://cqqizhou.com/contacts/" "Mozilla/5.0 (Windows NT 10.0; Win64; x64) AppleWebKit/537.36 (KHTML, like Gecko) Chrome/143.0.0.0 Safari/537.36 Edg/143.0.0.0"
36.133.115.36 - - [04/Feb/2026:14:34:19 +0800] "POST /wp-cron.php?doing_wp_cron=1770186859.9063730239868164062500 HTTP/1.1" 200 31 "-" "WordPress/6.9; http://cqqizhou.com"
58.34.37.170 - - [04/Feb/2026:14:34:19 +0800] "GET /wp-json/contact-form-7/v1/contact-forms/158/feedback/schema HTTP/1.1" 200 358 "http://cqqizhou.com/contacts/" "Mozilla/5.0 (Windows NT 10.0; Win64; x64) AppleWebKit/537.36 (KHTML, like Gecko) Chrome/143.0.0.0 Safari/537.36 Edg/143.0.0.0"
58.34.37.170 - - [04/Feb/2026:14:34:19 +0800] "GET /wp-json/contact-form-7/v1/contact-forms/158/refill HTTP/1.1" 200 33 "http://cqqizhou.com/contacts/" "Mozilla/5.0 (Windows NT 10.0; Win64; x64) AppleWebKit/537.36 (KHTML, like Gecko) Chrome/143.0.0.0 Safari/537.36 Edg/143.0.0.0"
40.77.167.78 - - [04/Feb/2026:14:47:13 +0800] "GET /wp-content/uploads/2025/07/1750945637-honor300%C3%97206_5.webp HTTP/1.1" 200 77368 "-" "Mozilla/5.0 AppleWebKit/537.36 (KHTML, like Gecko; compatible; bingbot/2.0; +http://www.bing.com/bingbot.htm) Chrome/116.0.1938.76 Safari/537.36"
40.77.167.78 - - [04/Feb/2026:14:47:14 +0800] "GET /wp-content/uploads/2025/07/1750945637-honor300%C3%97206_5.webp HTTP/1.1" 200 77368 "-" "Mozilla/5.0 AppleWebKit/537.36 (KHTML, like Gecko; compatible; bingbot/2.0; +http://www.bing.com/bingbot.htm) Chrome/116.0.1938.76 Safari/537.36"
36.133.115.36 - - [04/Feb/2026:14:50:37 +0800] "POST /wp-cron.php?doing_wp_cron=1770187837.1652760505676269531250 HTTP/1.1" 200 31 "-" "WordPress/6.9; http://cqqizhou.com"
36.133.108.125 - - [04/Feb/2026:14:50:37 +0800] "HEAD /test/fixtures/app_types/node/.env HTTP/1.1" 404 0 "-" "Mozilla/5.0 (compatible; MSIE 9.0; Windows NT 6.1; Trident/5.0; yie8)"
36.133.115.36 - - [04/Feb/2026:14:52:39 +0800] "POST /wp-cron.php?doing_wp_cron=1770187959.6739180088043212890625 HTTP/1.1" 200 31 "-" "WordPress/6.9; http://cqqizhou.com"
172.236.228.197 - - [04/Feb/2026:14:52:39 +0800] "GET / HTTP/1.1" 301 5 "-" "Mozilla/5.0 (Macintosh; Intel Mac OS X 13_1) AppleWebKit/537.36 (KHTML, like Gecko) Chrome/108.0.0.0 Safari/537.36"
36.133.115.36 - - [04/Feb/2026:14:58:23 +0800] "POST /wp-cron.php?doing_wp_cron=1770188303.7342839241027832031250 HTTP/1.1" 200 31 "-" "WordPress/6.9; http://cqqizhou.com"
125.93.98.134 - - [04/Feb/2026:14:58:23 +0800] "GET /2339/ HTTP/1.1" 200 20477 "-" "Mozilla/5.0 (iPhone; CPU iPhone OS 18_1 like Mac OS X) AppleWebKit/605.1.15 (KHTML, like Gecko) Mobile/15E148 MicroMessenger/8.0.67(0x18004330) NetType/WIFI Language/zh_CN"
125.93.98.134 - - [04/Feb/2026:14:58:24 +0800] "GET /wp-content/uploads/2025/12/1765891413-20251209103501.webp HTTP/1.1" 200 24878 "http://cqqizhou.com/2339/" "Mozilla/5.0 (iPhone; CPU iPhone OS 18_1 like Mac OS X) AppleWebKit/605.1.15 (KHTML, like Gecko) Mobile/15E148 MicroMessenger/8.0.67(0x18004330) NetType/WIFI Language/zh_CN"
125.93.98.134 - - [04/Feb/2026:14:58:24 +0800] "GET /wp-content/uploads/2025/07/1753410289-News2000%C3%97400_202571.webp HTTP/1.1" 200 17830 "http://cqqizhou.com/2339/" "Mozilla/5.0 (iPhone; CPU iPhone OS 18_1 like Mac OS X) AppleWebKit/605.1.15 (KHTML, like Gecko) Mobile/15E148 MicroMessenger/8.0.67(0x18004330) NetType/WIFI Language/zh_CN"
125.93.98.134 - - [04/Feb/2026:14:58:24 +0800] "GET /wp-content/uploads/2025/12/1765248735-20251209104226_108_60.webp HTTP/1.1" 200 55962 "http://cqqizhou.com/2339/" "Mozilla/5.0 (iPhone; CPU iPhone OS 18_1 like Mac OS X) AppleWebKit/605.1.15 (KHTML, like Gecko) Mobile/15E148 MicroMessenger/8.0.67(0x18004330) NetType/WIFI Language/zh_CN"
125.93.98.134 - - [04/Feb/2026:14:58:24 +0800] "GET /wp-content/uploads/2025/12/1765248770-20251209104226_107_60.webp HTTP/1.1" 200 66916 "http://cqqizhou.com/2339/" "Mozilla/5.0 (iPhone; CPU iPhone OS 18_1 like Mac OS X) AppleWebKit/605.1.15 (KHTML, like Gecko) Mobile/15E148 MicroMessenger/8.0.67(0x18004330) NetType/WIFI Language/zh_CN"
125.93.98.134 - - [04/Feb/2026:14:58:24 +0800] "GET /wp-content/uploads/2026/01/1769511379-Article_images_W900%C3%97500px202601271.webp HTTP/1.1" 200 67912 "http://cqqizhou.com/2339/" "Mozilla/5.0 (iPhone; CPU iPhone OS 18_1 like Mac OS X) AppleWebKit/605.1.15 (KHTML, like Gecko) Mobile/15E148 MicroMessenger/8.0.67(0x18004330) NetType/WIFI Language/zh_CN"
125.93.98.134 - - [04/Feb/2026:14:58:24 +0800] "GET /wp-content/uploads/2026/01/1768527483-Article_images_W900%C3%97500px202601161.webp HTTP/1.1" 200 33780 "http://cqqizhou.com/2339/" "Mozilla/5.0 (iPhone; CPU iPhone OS 18_1 like Mac OS X) AppleWebKit/605.1.15 (KHTML, like Gecko) Mobile/15E148 MicroMessenger/8.0.67(0x18004330) NetType/WIFI Language/zh_CN"
125.93.98.134 - - [04/Feb/2026:14:58:24 +0800] "GET /wp-content/uploads/2025/07/1751425283-qizhou.kf_.qq_.com_.webp HTTP/1.1" 200 16864 "http://cqqizhou.com/2339/" "Mozilla/5.0 (iPhone; CPU iPhone OS 18_1 like Mac OS X) AppleWebKit/605.1.15 (KHTML, like Gecko) Mobile/15E148 MicroMessenger/8.0.67(0x18004330) NetType/WIFI Language/zh_CN"
125.93.98.134 - - [04/Feb/2026:14:58:27 +0800] "GET /wp-content/uploads/2025/12/1765249046-20251209104228_110_60.webp HTTP/1.1" 200 64834 "http://cqqizhou.com/2339/" "Mozilla/5.0 (iPhone; CPU iPhone OS 18_1 like Mac OS X) AppleWebKit/605.1.15 (KHTML, like Gecko) Mobile/15E148 MicroMessenger/8.0.67(0x18004330) NetType/WIFI Language/zh_CN"
36.133.115.36 - - [04/Feb/2026:14:59:12 +0800] "POST /wp-cron.php?doing_wp_cron=1770188352.5900468826293945312500 HTTP/1.1" 200 31 "-" "WordPress/6.9; http://cqqizhou.com"
204.76.203.69 - - [04/Feb/2026:14:59:13 +0800] "GET / HTTP/1.1" 200 157284 "-" "-"
164.52.24.178 - - [04/Feb/2026:14:59:48 +0800] "GET / HTTP/1.1" 301 5 "-" "Mozilla/5.0 (Windows NT 10.0; Win64; x64) AppleWebKit/537.36 (KHTML, like Gecko) Chrome/143.0.0.0 Safari/537.36"
164.52.24.178 - - [04/Feb/2026:14:59:58 +0800] "GET / HTTP/1.1" 200 158943 "-" "Mozilla/5.0 (Windows NT 10.0; Win64; x64) AppleWebKit/537.36 (KHTML, like Gecko) Chrome/143.0.0.0 Safari/537.36"
36.133.115.36 - - [04/Feb/2026:15:02:11 +0800] "POST /wp-cron.php?doing_wp_cron=1770188531.6649229526519775390625 HTTP/1.1" 200 31 "-" "WordPress/6.9; http://cqqizhou.com"
36.133.108.121 - - [04/Feb/2026:15:02:11 +0800] "HEAD /examples/sdl-first/.env HTTP/1.1" 404 0 "-" "Mozilla/5.0 (Macintosh; U; Intel Mac OS X 10_6_6; es-es) AppleWebKit/533.20.25 (KHTML, like Gecko) Version/5.0.4 Safari/533.20.27"
36.133.115.36 - - [04/Feb/2026:15:04:19 +0800] "POST /wp-cron.php?doing_wp_cron=1770188659.3408150672912597656250 HTTP/1.1" 200 31 "-" "WordPress/6.9; http://cqqizhou.com"
36.133.108.121 - - [04/Feb/2026:15:04:19 +0800] "HEAD /main_user/.env HTTP/1.1" 404 0 "-" "Mozilla/5.0 (Macintosh; U; Intel Mac OS X 10_6_6; es-es) AppleWebKit/533.20.25 (KHTML, like Gecko) Version/5.0.4 Safari/533.20.27"
148.153.56.62 - - [04/Feb/2026:15:04:52 +0800] "GET /8VwW HTTP/1.1" 301 5 "-" "Mozilla/5.0 (Macintosh; Intel Mac OS X 10.9; rv:32.0) Gecko/20100101 Firefox/32.0"
148.153.56.62 - - [04/Feb/2026:15:04:53 +0800] "GET /8VwW HTTP/1.1" 404 8950 "http://36.133.115.36:80/8VwW" "Mozilla/5.0 (Macintosh; Intel Mac OS X 10.9; rv:32.0) Gecko/20100101 Firefox/32.0"
148.153.56.62 - - [04/Feb/2026:15:04:57 +0800] "GET /DLeh HTTP/1.1" 301 5 "-" "Mozilla/5.0 (Macintosh; Intel Mac OS X 10.9; rv:32.0) Gecko/20100101 Firefox/32.0"
148.153.56.62 - - [04/Feb/2026:15:04:59 +0800] "GET /DLeh HTTP/1.1" 404 8950 "http://36.133.115.36:80/DLeh" "Mozilla/5.0 (Macintosh; Intel Mac OS X 10.9; rv:32.0) Gecko/20100101 Firefox/32.0"
148.153.56.62 - - [04/Feb/2026:15:05:01 +0800] "GET /aab8 HTTP/1.1" 301 5 "-" "Mozilla/5.0 (Macintosh; Intel Mac OS X 10.9; rv:32.0) Gecko/20100101 Firefox/32.0"
148.153.56.62 - - [04/Feb/2026:15:05:04 +0800] "GET /aab8 HTTP/1.1" 404 8951 "http://36.133.115.36:80/aab8" "Mozilla/5.0 (Macintosh; Intel Mac OS X 10.9; rv:32.0) Gecko/20100101 Firefox/32.0"
36.133.115.36 - - [04/Feb/2026:15:05:10 +0800] "POST /wp-cron.php?doing_wp_cron=1770188710.6294538974761962890625 HTTP/1.1" 200 31 "-" "WordPress/6.9; http://cqqizhou.com"
148.153.56.62 - - [04/Feb/2026:15:05:10 +0800] "GET /aab9 HTTP/1.1" 301 5 "-" "Mozilla/5.0 (Macintosh; Intel Mac OS X 10.9; rv:32.0) Gecko/20100101 Firefox/32.0"
148.153.56.62 - - [04/Feb/2026:15:05:12 +0800] "GET /aab9 HTTP/1.1" 404 8950 "http://36.133.115.36:80/aab9" "Mozilla/5.0 (Macintosh; Intel Mac OS X 10.9; rv:32.0) Gecko/20100101 Firefox/32.0"
38.46.221.123 - - [04/Feb/2026:15:05:50 +0800] "GET http://check.9tb.org/ HTTP/1.1" 301 5 "-" "Go-http-client/1.1"
38.46.221.123 - - [04/Feb/2026:15:05:53 +0800] "GET http://cqqizhou.com/ HTTP/1.1" 200 35185 "http://check.9tb.org" "Go-http-client/1.1"
36.133.115.36 - - [04/Feb/2026:15:08:10 +0800] "POST /wp-cron.php?doing_wp_cron=1770188890.9224829673767089843750 HTTP/1.1" 200 31 "-" "WordPress/6.9; http://cqqizhou.com"
36.133.108.125 - - [04/Feb/2026:15:08:10 +0800] "HEAD /.env.save HTTP/1.1" 404 0 "-" "Mozilla/5.0 (Windows; U; Windows NT 6.1; ja-JP) AppleWebKit/533.20.25 (KHTML, like Gecko) Version/5.0.3 Safari/533.19.4"
36.133.115.36 - - [04/Feb/2026:15:12:54 +0800] "POST /wp-cron.php?doing_wp_cron=1770189174.1382400989532470703125 HTTP/1.1" 200 31 "-" "WordPress/6.9; http://cqqizhou.com"
43.131.36.84 - - [04/Feb/2026:15:12:54 +0800] "GET / HTTP/1.1" 301 5 "-" "Mozilla/5.0 (iPhone; CPU iPhone OS 13_2_3 like Mac OS X) AppleWebKit/605.1.15 (KHTML, like Gecko) Version/13.0.3 Mobile/15E148 Safari/604.1"
43.131.36.84 - - [04/Feb/2026:15:12:56 +0800] "GET / HTTP/1.1" 200 34754 "http://36.133.115.36" "Mozilla/5.0 (iPhone; CPU iPhone OS 13_2_3 like Mac OS X) AppleWebKit/605.1.15 (KHTML, like Gecko) Version/13.0.3 Mobile/15E148 Safari/604.1"
36.133.115.36 - - [04/Feb/2026:15:15:16 +0800] "POST /wp-cron.php?doing_wp_cron=1770189316.8844199180603027343750 HTTP/1.1" 200 31 "-" "WordPress/6.9; http://cqqizhou.com"
176.65.148.66 - - [04/Feb/2026:15:15:16 +0800] "HEAD / HTTP/1.1" 200 0 "-" "Mozilla/5.0 (compatible; Let's Encrypt validation server; +https://www.letsencrypt.org )"
176.65.148.66 - - [04/Feb/2026:15:15:19 +0800] "GET / HTTP/1.1" 200 157284 "-" "Mozilla/5.0 (compatible; Let's Encrypt validation server; +https://www.letsencrypt.org )"
176.65.148.66 - - [04/Feb/2026:15:15:20 +0800] "HEAD /_next HTTP/1.1" 301 0 "-" "Mozilla/5.0 (compatible; Let's Encrypt validation server; +https://www.letsencrypt.org )"
176.65.148.66 - - [04/Feb/2026:15:15:23 +0800] "POST / HTTP/1.1" 200 34754 "-" "Mozilla/5.0 (compatible; Let's Encrypt validation server; +https://www.letsencrypt.org )"
176.65.148.66 - - [04/Feb/2026:15:15:26 +0800] "POST /_next HTTP/1.1" 404 8950 "-" "Mozilla/5.0 (compatible; Let's Encrypt validation server; +https://www.letsencrypt.org )"
36.133.115.36 - - [04/Feb/2026:15:20:03 +0800] "POST /wp-cron.php?doing_wp_cron=1770189603.1209828853607177734375 HTTP/1.1" 200 31 "-" "WordPress/6.9; http://cqqizhou.com"
39.144.154.215 - - [04/Feb/2026:15:20:03 +0800] "GET / HTTP/1.1" 301 5 "https://m.baidu.com/?eqid=9473a4af51668618100000056982f30d" "Mozilla/5.0 (iPhone; CPU iPhone OS 14_8_1 like Mac OS X) AppleWebKit/605.1.15 (KHTML, like Gecko) Mobile/15E148 SP-engine/3.55.0 main/1.0 baiduboxapp/15.46.0.10 (Baidu; P2 14.8.1) NABar/1.0 themeUA=Theme/default"
39.144.154.215 - - [04/Feb/2026:15:20:04 +0800] "GET / HTTP/1.1" 200 34754 "https://m.baidu.com/?eqid=9473a4af51668618100000056982f30d" "Mozilla/5.0 (iPhone; CPU iPhone OS 14_8_1 like Mac OS X) AppleWebKit/605.1.15 (KHTML, like Gecko) Mobile/15E148 SP-engine/3.55.0 main/1.0 baiduboxapp/15.46.0.10 (Baidu; P2 14.8.1) NABar/1.0 themeUA=Theme/default"
36.133.115.36 - - [04/Feb/2026:15:24:10 +0800] "POST /wp-cron.php?doing_wp_cron=1770189850.8035531044006347656250 HTTP/1.1" 200 31 "-" "WordPress/6.9; http://cqqizhou.com"
36.150.60.24 - - [04/Feb/2026:15:24:10 +0800] "GET / HTTP/1.1" 301 5 "-" "Mozilla/5.0 (Linux; Android 5.1; OPPO A59s Build/LMY47I; wv) AppleWebKit/537.36 (KHTML, like Gecko) Version/4.0 Chrome/48.0.2564.116 Mobile Safari/537.36 T7/10.9 baiduboxapp/10.9.5.10 (Baidu; P1 5.1)"
36.133.115.36 - - [04/Feb/2026:15:26:16 +0800] "POST /wp-cron.php?doing_wp_cron=1770189976.1957530975341796875000 HTTP/1.1" 200 31 "-" "WordPress/6.9; http://cqqizhou.com"
40.76.116.132 - - [04/Feb/2026:15:26:16 +0800] "GET / HTTP/1.1" 301 5 "-" "Mozilla/5.0 zgrab/0.x"
176.65.139.12 - - [04/Feb/2026:15:26:27 +0800] "GET / HTTP/1.1" 200 34754 "-" "Mozilla/5.0 (Windows NT 10.0; Win64; x64) AppleWebKit/537.36 (KHTML, like Gecko) Chrome/90.0.4430.85 Safari/537.36 Edg/90.0.818.46"
36.133.115.36 - - [04/Feb/2026:15:27:28 +0800] "POST /wp-cron.php?doing_wp_cron=1770190048.2694139480590820312500 HTTP/1.1" 200 31 "-" "WordPress/6.9; http://cqqizhou.com"
36.150.60.24 - - [04/Feb/2026:15:27:28 +0800] "GET / HTTP/1.1" 301 5 "-" "Dalvik/2.1.0 (Linux; U; Android 9.0; ZTE BA520 Build/MRA58K)"
36.150.60.24 - - [04/Feb/2026:15:27:28 +0800] "GET / HTTP/1.1" 200 34754 "-" "Dalvik/2.1.0 (Linux; U; Android 9.0; ZTE BA520 Build/MRA58K)"
104.28.214.117 - - [04/Feb/2026:15:29:04 +0800] "GET /style.php HTTP/1.1" 404 47 "-" "Go-http-client/1.1"
104.28.214.117 - - [04/Feb/2026:15:29:06 +0800] "GET /wp-content/style.php HTTP/1.1" 404 47 "-" "Go-http-client/1.1"
104.28.214.117 - - [04/Feb/2026:15:29:06 +0800] "GET /wp-content/themes/style.php HTTP/1.1" 404 47 "-" "Go-http-client/1.1"
104.28.214.117 - - [04/Feb/2026:15:29:06 +0800] "GET /wp-admin/style.php HTTP/1.1" 404 47 "-" "Go-http-client/1.1"
104.28.214.117 - - [04/Feb/2026:15:29:07 +0800] "GET /wp-includes/style.php HTTP/1.1" 404 47 "-" "Go-http-client/1.1"
104.28.214.117 - - [04/Feb/2026:15:29:07 +0800] "GET /chosen.php?p= HTTP/1.1" 404 47 "-" "Go-http-client/1.1"
104.28.214.117 - - [04/Feb/2026:15:29:07 +0800] "GET /file.php HTTP/1.1" 404 47 "-" "Go-http-client/1.1"
104.28.214.117 - - [04/Feb/2026:15:29:08 +0800] "GET /flower.php HTTP/1.1" 404 47 "-" "Go-http-client/1.1"
104.28.214.117 - - [04/Feb/2026:15:29:08 +0800] "GET /gifclass.php HTTP/1.1" 404 47 "-" "Go-http-client/1.1"
104.28.214.117 - - [04/Feb/2026:15:29:09 +0800] "GET /bless.php HTTP/1.1" 404 47 "-" "Go-http-client/1.1"
104.28.214.117 - - [04/Feb/2026:15:29:10 +0800] "GET /class-t.api.php HTTP/1.1" 404 47 "-" "Go-http-client/1.1"
104.28.214.117 - - [04/Feb/2026:15:29:10 +0800] "GET /blurbs.php HTTP/1.1" 404 47 "-" "Go-http-client/1.1"
104.28.214.117 - - [04/Feb/2026:15:29:10 +0800] "GET /akcc.php HTTP/1.1" 404 47 "-" "Go-http-client/1.1"
104.28.214.117 - - [04/Feb/2026:15:29:11 +0800] "GET /abcd.php HTTP/1.1" 404 47 "-" "Go-http-client/1.1"
104.28.214.117 - - [04/Feb/2026:15:29:11 +0800] "GET /shelp.php HTTP/1.1" 404 47 "-" "Go-http-client/1.1"
104.28.214.117 - - [04/Feb/2026:15:29:12 +0800] "GET /cord.php HTTP/1.1" 404 47 "-" "Go-http-client/1.1"
104.28.214.117 - - [04/Feb/2026:15:29:12 +0800] "GET /dex.php HTTP/1.1" 404 47 "-" "Go-http-client/1.1"
36.133.115.36 - - [04/Feb/2026:15:29:15 +0800] "POST /wp-cron.php?doing_wp_cron=1770190155.1662859916687011718750 HTTP/1.1" 200 31 "-" "WordPress/6.9; http://cqqizhou.com"
104.28.214.117 - - [04/Feb/2026:15:29:15 +0800] "GET /wp-admin/admin-ajax.php HTTP/1.1" 400 11 "-" "Go-http-client/1.1"
104.28.214.117 - - [04/Feb/2026:15:29:15 +0800] "GET /file2.php HTTP/1.1" 404 47 "-" "Go-http-client/1.1"
104.28.214.117 - - [04/Feb/2026:15:29:15 +0800] "GET //zwso.php HTTP/1.1" 404 47 "-" "Go-http-client/1.1"
104.28.214.117 - - [04/Feb/2026:15:29:16 +0800] "GET /wp-admin/zwso.php HTTP/1.1" 404 47 "-" "Go-http-client/1.1"
104.28.214.117 - - [04/Feb/2026:15:29:16 +0800] "GET /wp-content/plugins/hellopress/wp_mna.php HTTP/1.1" 404 47 "-" "Go-http-client/1.1"
104.28.214.117 - - [04/Feb/2026:15:29:16 +0800] "GET /bolt.php HTTP/1.1" 404 47 "-" "Go-http-client/1.1"
104.28.214.117 - - [04/Feb/2026:15:29:17 +0800] "GET /shlo.php HTTP/1.1" 404 47 "-" "Go-http-client/1.1"
104.28.214.117 - - [04/Feb/2026:15:29:17 +0800] "GET /133.php HTTP/1.1" 404 47 "-" "Go-http-client/1.1"
104.28.214.117 - - [04/Feb/2026:15:29:17 +0800] "GET /ahax.php HTTP/1.1" 404 47 "-" "Go-http-client/1.1"
104.28.214.117 - - [04/Feb/2026:15:29:18 +0800] "GET /php8.php HTTP/1.1" 404 47 "-" "Go-http-client/1.1"
104.28.214.117 - - [04/Feb/2026:15:29:18 +0800] "GET /lufix1.php HTTP/1.1" 404 47 "-" "Go-http-client/1.1"
104.28.214.117 - - [04/Feb/2026:15:29:19 +0800] "GET /witmm.php HTTP/1.1" 404 47 "-" "Go-http-client/1.1"
104.28.214.117 - - [04/Feb/2026:15:29:19 +0800] "GET /wp-admin/css/index.php HTTP/1.1" 404 47 "-" "Go-http-client/1.1"
104.28.214.117 - - [04/Feb/2026:15:29:19 +0800] "GET /wp-content/plugins/index.php HTTP/1.1" 200 31 "-" "Go-http-client/1.1"
104.28.214.117 - - [04/Feb/2026:15:29:20 +0800] "GET /wp-content/index.php HTTP/1.1" 200 31 "-" "Go-http-client/1.1"
104.28.214.117 - - [04/Feb/2026:15:29:20 +0800] "GET /ioxi-o.php HTTP/1.1" 404 47 "-" "Go-http-client/1.1"
104.28.214.117 - - [04/Feb/2026:15:29:20 +0800] "GET /222.php HTTP/1.1" 404 47 "-" "Go-http-client/1.1"
104.28.214.117 - - [04/Feb/2026:15:29:20 +0800] "GET /files.php HTTP/1.1" 404 47 "-" "Go-http-client/1.1"
104.28.214.117 - - [04/Feb/2026:15:29:21 +0800] "GET /wp-editor.php HTTP/1.1" 404 47 "-" "Go-http-client/1.1"
104.28.214.117 - - [04/Feb/2026:15:29:21 +0800] "GET /txets.php HTTP/1.1" 404 47 "-" "Go-http-client/1.1"
104.28.214.117 - - [04/Feb/2026:15:29:21 +0800] "GET /wp-content/txets.php HTTP/1.1" 404 47 "-" "Go-http-client/1.1"
104.28.214.117 - - [04/Feb/2026:15:29:22 +0800] "GET /wp-admin/txets.php HTTP/1.1" 404 47 "-" "Go-http-client/1.1"
104.28.214.117 - - [04/Feb/2026:15:29:22 +0800] "GET /postnews.php HTTP/1.1" 404 47 "-" "Go-http-client/1.1"
104.28.214.117 - - [04/Feb/2026:15:29:22 +0800] "GET /wp-content/postnews.php HTTP/1.1" 404 47 "-" "Go-http-client/1.1"
104.28.214.117 - - [04/Feb/2026:15:29:23 +0800] "GET /wp-admin/postnews.php HTTP/1.1" 404 47 "-" "Go-http-client/1.1"
36.133.115.36 - - [04/Feb/2026:15:30:15 +0800] "POST /wp-cron.php?doing_wp_cron=1770190215.3219799995422363281250 HTTP/1.1" 200 31 "-" "WordPress/6.9; http://cqqizhou.com"
66.249.74.7 - - [04/Feb/2026:15:30:15 +0800] "GET /media/5/ HTTP/1.1" 200 25874 "-" "Mozilla/5.0 (Linux; Android 6.0.1; Nexus 5X Build/MMB29P) AppleWebKit/537.36 (KHTML, like Gecko) Chrome/144.0.7559.109 Mobile Safari/537.36 (compatible; Googlebot/2.1; +http://www.google.com/bot.html)"
36.133.115.36 - - [04/Feb/2026:15:31:19 +0800] "POST /wp-cron.php?doing_wp_cron=1770190279.3914070129394531250000 HTTP/1.1" 200 31 "-" "WordPress/6.9; http://cqqizhou.com"
193.142.147.209 - - [04/Feb/2026:15:31:19 +0800] "POST / HTTP/1.1" 200 34754 "-" "Mozilla/5.0 (Windows NT 10.0; Win64; x64) AppleWebKit/537.36"
36.150.60.24 - - [04/Feb/2026:15:31:44 +0800] "GET /index.php/user/login HTTP/1.1" 301 5 "-" "Mozilla/5.0 (Linux; Android 5.1; OPPO A59s Build/LMY47I; wv) AppleWebKit/537.36 (KHTML, like Gecko) Version/4.0 Chrome/48.0.2564.116 Mobile Safari/537.36 T7/10.9 baiduboxapp/10.9.5.10 (Baidu; P1 5.1)"
36.150.60.24 - - [04/Feb/2026:15:31:44 +0800] "GET /jw HTTP/1.1" 301 5 "-" "Mozilla/5.0 (Linux; Android 5.1; OPPO A59s Build/LMY47I; wv) AppleWebKit/537.36 (KHTML, like Gecko) Version/4.0 Chrome/48.0.2564.116 Mobile Safari/537.36 T7/10.9 baiduboxapp/10.9.5.10 (Baidu; P1 5.1)"
36.150.60.24 - - [04/Feb/2026:15:31:44 +0800] "GET /index/index/info?type=ultimate&date=1633382774669 HTTP/1.1" 301 5 "-" "Mozilla/5.0 (Linux; Android 5.1; OPPO A59s Build/LMY47I; wv) AppleWebKit/537.36 (KHTML, like Gecko) Version/4.0 Chrome/48.0.2564.116 Mobile Safari/537.36 T7/10.9 baiduboxapp/10.9.5.10 (Baidu; P1 5.1)"
36.133.115.36 - - [04/Feb/2026:15:32:09 +0800] "POST /wp-cron.php?doing_wp_cron=1770190329.4594950675964355468750 HTTP/1.1" 200 31 "-" "WordPress/6.9; http://cqqizhou.com"
121.40.46.166 - - [04/Feb/2026:15:32:09 +0800] "GET / HTTP/1.0" 301 0 "-" "-"
121.40.46.166 - - [04/Feb/2026:15:32:20 +0800] "GET / HTTP/1.0" 301 0 "-" "-"
121.40.46.166 - - [04/Feb/2026:15:32:20 +0800] "GET /nmaplowercheck1770190332 HTTP/1.1" 404 31367 "-" "Mozilla/5.0 (compatible; Nmap Scripting Engine; https://nmap.org/book/nse.html)"
121.40.46.166 - - [04/Feb/2026:15:32:20 +0800] "POST /sdk HTTP/1.1" 404 31367 "-" "Mozilla/5.0 (compatible; Nmap Scripting Engine; https://nmap.org/book/nse.html)"
121.40.46.166 - - [04/Feb/2026:15:32:21 +0800] "GET /HNAP1 HTTP/1.1" 404 31367 "-" "Mozilla/5.0 (compatible; Nmap Scripting Engine; https://nmap.org/book/nse.html)"
121.40.46.166 - - [04/Feb/2026:15:32:21 +0800] "GET /evox/about HTTP/1.1" 404 31367 "-" "Mozilla/5.0 (compatible; Nmap Scripting Engine; https://nmap.org/book/nse.html)"
121.40.46.166 - - [04/Feb/2026:15:32:40 +0800] "GET / HTTP/1.0" 301 0 "-" "-"
121.40.46.166 - - [04/Feb/2026:15:32:41 +0800] "GET / HTTP/1.1" 301 5 "-" "-"
36.133.115.36 - - [04/Feb/2026:15:55:08 +0800] "POST /wp-cron.php?doing_wp_cron=1770191708.8790509700775146484375 HTTP/1.1" 200 31 "-" "WordPress/6.9; http://cqqizhou.com"
36.133.108.121 - - [04/Feb/2026:15:55:08 +0800] "HEAD /example/.env HTTP/1.1" 404 0 "-" "Mozilla/5.0 (Macintosh; Intel Mac OS X 10_7_3) AppleWebKit/534.55.3 (KHTML, like Gecko) Version/5.1.3 Safari/534.53.10"
36.133.115.36 - - [04/Feb/2026:15:58:33 +0800] "POST /wp-cron.php?doing_wp_cron=1770191913.0158789157867431640625 HTTP/1.1" 200 31 "-" "WordPress/6.9; http://cqqizhou.com"
