183.230.35.69 - - [10/Dec/2025:14:46:45 +0800] "GET /wp-content/uploads/2025/09/1756868614-20250903104654_74_5-150x150.webp HTTP/1.1" 200 5712 "http://cqqizhou.com/2339/" "Mozilla/5.0 (Linux; Android 12; LIO-AL00 Build/HUAWEILIO-AL00; wv) AppleWebKit/537.36 (KHTML, like Gecko) Version/4.0 Chrome/142.0.7444.172 Mobile Safari/537.36 XWEB/1420045 MMWEBSDK/20251006 MMWEBID/9462 MicroMessenger/8.0.66.2980(0x28004234) WeChat/arm64 Weixin NetType/WIFI Language/zh_CN ABI/arm64"
183.230.35.69 - - [10/Dec/2025:14:46:45 +0800] "GET /wp-content/uploads/2025/09/1756868614-20250903104654_74_5.webp HTTP/1.1" 200 47858 "http://cqqizhou.com/2339/" "Mozilla/5.0 (Linux; Android 12; LIO-AL00 Build/HUAWEILIO-AL00; wv) AppleWebKit/537.36 (KHTML, like Gecko) Version/4.0 Chrome/142.0.7444.172 Mobile Safari/537.36 XWEB/1420045 MMWEBSDK/20251006 MMWEBID/9462 MicroMessenger/8.0.66.2980(0x28004234) WeChat/arm64 Weixin NetType/WIFI Language/zh_CN ABI/arm64"
183.230.35.69 - - [10/Dec/2025:14:46:45 +0800] "GET /wp-content/uploads/2025/07/1753410289-News2000%C3%97400_202571.webp HTTP/1.1" 200 17830 "http://cqqizhou.com/2339/" "Mozilla/5.0 (Linux; Android 12; LIO-AL00 Build/HUAWEILIO-AL00; wv) AppleWebKit/537.36 (KHTML, like Gecko) Version/4.0 Chrome/142.0.7444.172 Mobile Safari/537.36 XWEB/1420045 MMWEBSDK/20251006 MMWEBID/9462 MicroMessenger/8.0.66.2980(0x28004234) WeChat/arm64 Weixin NetType/WIFI Language/zh_CN ABI/arm64"
183.230.35.69 - - [10/Dec/2025:14:46:45 +0800] "GET /wp-content/uploads/2025/08/1755826456-DSC01841.webp HTTP/1.1" 200 87046 "http://cqqizhou.com/2339/" "Mozilla/5.0 (Linux; Android 12; LIO-AL00 Build/HUAWEILIO-AL00; wv) AppleWebKit/537.36 (KHTML, like Gecko) Version/4.0 Chrome/142.0.7444.172 Mobile Safari/537.36 XWEB/1420045 MMWEBSDK/20251006 MMWEBID/9462 MicroMessenger/8.0.66.2980(0x28004234) WeChat/arm64 Weixin NetType/WIFI Language/zh_CN ABI/arm64"
183.230.35.69 - - [10/Dec/2025:14:46:45 +0800] "GET /wp-content/uploads/2025/07/1751425283-qizhou.kf_.qq_.com_.webp HTTP/1.1" 200 16864 "http://cqqizhou.com/2339/" "Mozilla/5.0 (Linux; Android 12; LIO-AL00 Build/HUAWEILIO-AL00; wv) AppleWebKit/537.36 (KHTML, like Gecko) Version/4.0 Chrome/142.0.7444.172 Mobile Safari/537.36 XWEB/1420045 MMWEBSDK/20251006 MMWEBID/9462 MicroMessenger/8.0.66.2980(0x28004234) WeChat/arm64 Weixin NetType/WIFI Language/zh_CN ABI/arm64"
183.230.35.69 - - [10/Dec/2025:14:46:45 +0800] "GET /wp-content/uploads/2025/12/1765249046-20251209104228_110_60.webp HTTP/1.1" 200 64834 "http://cqqizhou.com/2339/" "Mozilla/5.0 (Linux; Android 12; LIO-AL00 Build/HUAWEILIO-AL00; wv) AppleWebKit/537.36 (KHTML, like Gecko) Version/4.0 Chrome/142.0.7444.172 Mobile Safari/537.36 XWEB/1420045 MMWEBSDK/20251006 MMWEBID/9462 MicroMessenger/8.0.66.2980(0x28004234) WeChat/arm64 Weixin NetType/WIFI Language/zh_CN ABI/arm64"
36.133.115.36 - - [10/Dec/2025:14:47:33 +0800] "POST /wp-cron.php?doing_wp_cron=1765349253.2853019237518310546875 HTTP/1.1" 200 31 "-" "WordPress/6.8.3; http://cqqizhou.com"
183.230.35.69 - - [10/Dec/2025:14:47:33 +0800] "GET /2339/ HTTP/1.1" 200 20634 "-" "Mozilla/5.0 (Linux; Android 12; LIO-AL00 Build/HUAWEILIO-AL00; wv) AppleWebKit/537.36 (KHTML, like Gecko) Version/4.0 Chrome/142.0.7444.172 Mobile Safari/537.36 XWEB/1420045 MMWEBSDK/20251006 MMWEBID/9462 MicroMessenger/8.0.66.2980(0x28004234) WeChat/arm64 Weixin NetType/WIFI Language/zh_CN ABI/arm64"
36.133.115.36 - - [10/Dec/2025:14:55:48 +0800] "POST /wp-cron.php?doing_wp_cron=1765349748.5314030647277832031250 HTTP/1.1" 200 31 "-" "WordPress/6.8.3; http://cqqizhou.com"
39.144.225.93 - - [10/Dec/2025:14:55:48 +0800] "GET /2339/ HTTP/1.1" 200 20634 "-" "Mozilla/5.0 (Linux; Android 12; CET-AL00 Build/HUAWEICET-AL00; wv) AppleWebKit/537.36 (KHTML, like Gecko) Version/4.0 Chrome/142.0.7444.172 Mobile Safari/537.36 XWEB/1420045 MMWEBSDK/20251006 MMWEBID/4744 MicroMessenger/8.0.66.2980(0x28004234) WeChat/arm64 Weixin NetType/4G Language/zh_CN ABI/arm64"
39.144.225.93 - - [10/Dec/2025:14:55:48 +0800] "GET /wp-content/uploads/2025/12/1765253089-20251209103501_96_61.webp HTTP/1.1" 200 37758 "http://cqqizhou.com/2339/" "Mozilla/5.0 (Linux; Android 12; CET-AL00 Build/HUAWEICET-AL00; wv) AppleWebKit/537.36 (KHTML, like Gecko) Version/4.0 Chrome/142.0.7444.172 Mobile Safari/537.36 XWEB/1420045 MMWEBSDK/20251006 MMWEBID/4744 MicroMessenger/8.0.66.2980(0x28004234) WeChat/arm64 Weixin NetType/4G Language/zh_CN ABI/arm64"
39.144.225.93 - - [10/Dec/2025:14:55:48 +0800] "GET /wp-content/uploads/2025/12/1765248735-20251209104226_108_60.webp HTTP/1.1" 200 55962 "http://cqqizhou.com/2339/" "Mozilla/5.0 (Linux; Android 12; CET-AL00 Build/HUAWEICET-AL00; wv) AppleWebKit/537.36 (KHTML, like Gecko) Version/4.0 Chrome/142.0.7444.172 Mobile Safari/537.36 XWEB/1420045 MMWEBSDK/20251006 MMWEBID/4744 MicroMessenger/8.0.66.2980(0x28004234) WeChat/arm64 Weixin NetType/4G Language/zh_CN ABI/arm64"
39.144.225.93 - - [10/Dec/2025:14:55:48 +0800] "GET /wp-content/uploads/2025/12/1765248770-20251209104226_107_60.webp HTTP/1.1" 200 66916 "http://cqqizhou.com/2339/" "Mozilla/5.0 (Linux; Android 12; CET-AL00 Build/HUAWEICET-AL00; wv) AppleWebKit/537.36 (KHTML, like Gecko) Version/4.0 Chrome/142.0.7444.172 Mobile Safari/537.36 XWEB/1420045 MMWEBSDK/20251006 MMWEBID/4744 MicroMessenger/8.0.66.2980(0x28004234) WeChat/arm64 Weixin NetType/4G Language/zh_CN ABI/arm64"
39.144.225.93 - - [10/Dec/2025:14:55:49 +0800] "GET /wp-content/uploads/2025/09/1756868614-20250903104654_74_5-150x150.webp HTTP/1.1" 200 5712 "http://cqqizhou.com/2339/" "Mozilla/5.0 (Linux; Android 12; CET-AL00 Build/HUAWEICET-AL00; wv) AppleWebKit/537.36 (KHTML, like Gecko) Version/4.0 Chrome/142.0.7444.172 Mobile Safari/537.36 XWEB/1420045 MMWEBSDK/20251006 MMWEBID/4744 MicroMessenger/8.0.66.2980(0x28004234) WeChat/arm64 Weixin NetType/4G Language/zh_CN ABI/arm64"
39.144.225.93 - - [10/Dec/2025:14:55:49 +0800] "GET /wp-content/uploads/2025/09/1756868614-20250903104654_74_5.webp HTTP/1.1" 200 47858 "http://cqqizhou.com/2339/" "Mozilla/5.0 (Linux; Android 12; CET-AL00 Build/HUAWEICET-AL00; wv) AppleWebKit/537.36 (KHTML, like Gecko) Version/4.0 Chrome/142.0.7444.172 Mobile Safari/537.36 XWEB/1420045 MMWEBSDK/20251006 MMWEBID/4744 MicroMessenger/8.0.66.2980(0x28004234) WeChat/arm64 Weixin NetType/4G Language/zh_CN ABI/arm64"
39.144.225.93 - - [10/Dec/2025:14:55:49 +0800] "GET /wp-content/uploads/2025/07/1753410289-News2000%C3%97400_202571.webp HTTP/1.1" 200 17830 "http://cqqizhou.com/2339/" "Mozilla/5.0 (Linux; Android 12; CET-AL00 Build/HUAWEICET-AL00; wv) AppleWebKit/537.36 (KHTML, like Gecko) Version/4.0 Chrome/142.0.7444.172 Mobile Safari/537.36 XWEB/1420045 MMWEBSDK/20251006 MMWEBID/4744 MicroMessenger/8.0.66.2980(0x28004234) WeChat/arm64 Weixin NetType/4G Language/zh_CN ABI/arm64"
39.144.225.93 - - [10/Dec/2025:14:55:49 +0800] "GET /wp-content/uploads/2025/07/1751425283-qizhou.kf_.qq_.com_.webp HTTP/1.1" 200 16864 "http://cqqizhou.com/2339/" "Mozilla/5.0 (Linux; Android 12; CET-AL00 Build/HUAWEICET-AL00; wv) AppleWebKit/537.36 (KHTML, like Gecko) Version/4.0 Chrome/142.0.7444.172 Mobile Safari/537.36 XWEB/1420045 MMWEBSDK/20251006 MMWEBID/4744 MicroMessenger/8.0.66.2980(0x28004234) WeChat/arm64 Weixin NetType/4G Language/zh_CN ABI/arm64"
39.144.225.93 - - [10/Dec/2025:14:55:49 +0800] "GET /wp-content/uploads/2025/08/1755826456-DSC01841.webp HTTP/1.1" 200 87046 "http://cqqizhou.com/2339/" "Mozilla/5.0 (Linux; Android 12; CET-AL00 Build/HUAWEICET-AL00; wv) AppleWebKit/537.36 (KHTML, like Gecko) Version/4.0 Chrome/142.0.7444.172 Mobile Safari/537.36 XWEB/1420045 MMWEBSDK/20251006 MMWEBID/4744 MicroMessenger/8.0.66.2980(0x28004234) WeChat/arm64 Weixin NetType/4G Language/zh_CN ABI/arm64"
39.144.225.93 - - [10/Dec/2025:14:55:49 +0800] "GET /wp-content/uploads/2025/12/1765249046-20251209104228_110_60.webp HTTP/1.1" 200 64834 "http://cqqizhou.com/2339/" "Mozilla/5.0 (Linux; Android 12; CET-AL00 Build/HUAWEICET-AL00; wv) AppleWebKit/537.36 (KHTML, like Gecko) Version/4.0 Chrome/142.0.7444.172 Mobile Safari/537.36 XWEB/1420045 MMWEBSDK/20251006 MMWEBID/4744 MicroMessenger/8.0.66.2980(0x28004234) WeChat/arm64 Weixin NetType/4G Language/zh_CN ABI/arm64"
49.51.36.179 - - [10/Dec/2025:14:55:51 +0800] "GET /media/ HTTP/1.1" 200 23998 "-" "Mozilla/5.0 (iPhone; CPU iPhone OS 13_2_3 like Mac OS X) AppleWebKit/605.1.15 (KHTML, like Gecko) Version/13.0.3 Mobile/15E148 Safari/604.1"
36.133.115.36 - - [10/Dec/2025:14:57:20 +0800] "POST /wp-cron.php?doing_wp_cron=1765349840.7879929542541503906250 HTTP/1.1" 200 31 "-" "WordPress/6.8.3; http://cqqizhou.com"
123.147.251.58 - - [10/Dec/2025:14:57:21 +0800] "GET /2339/ HTTP/1.1" 200 20634 "-" "Mozilla/5.0 (Linux; Android 16; PPG-AN00 Build/HONORPPG-AN00; wv) AppleWebKit/537.36 (KHTML, like Gecko) Version/4.0 Chrome/142.0.7444.172 Mobile Safari/537.36 XWEB/1420045 MMWEBSDK/20251006 MMWEBID/8772 MicroMessenger/8.0.66.2980(0x28004234) WeChat/arm64 Weixin NetType/4G Language/zh_CN ABI/arm64"
123.147.251.58 - - [10/Dec/2025:14:57:21 +0800] "GET /wp-content/uploads/2025/12/1765253089-20251209103501_96_61.webp HTTP/1.1" 200 37758 "http://cqqizhou.com/2339/" "Mozilla/5.0 (Linux; Android 16; PPG-AN00 Build/HONORPPG-AN00; wv) AppleWebKit/537.36 (KHTML, like Gecko) Version/4.0 Chrome/142.0.7444.172 Mobile Safari/537.36 XWEB/1420045 MMWEBSDK/20251006 MMWEBID/8772 MicroMessenger/8.0.66.2980(0x28004234) WeChat/arm64 Weixin NetType/4G Language/zh_CN ABI/arm64"
123.147.251.58 - - [10/Dec/2025:14:57:21 +0800] "GET /wp-content/uploads/2025/12/1765248770-20251209104226_107_60.webp HTTP/1.1" 200 66916 "http://cqqizhou.com/2339/" "Mozilla/5.0 (Linux; Android 16; PPG-AN00 Build/HONORPPG-AN00; wv) AppleWebKit/537.36 (KHTML, like Gecko) Version/4.0 Chrome/142.0.7444.172 Mobile Safari/537.36 XWEB/1420045 MMWEBSDK/20251006 MMWEBID/8772 MicroMessenger/8.0.66.2980(0x28004234) WeChat/arm64 Weixin NetType/4G Language/zh_CN ABI/arm64"
123.147.251.58 - - [10/Dec/2025:14:57:21 +0800] "GET /wp-content/uploads/2025/09/1756868614-20250903104654_74_5-150x150.webp HTTP/1.1" 200 5712 "http://cqqizhou.com/2339/" "Mozilla/5.0 (Linux; Android 16; PPG-AN00 Build/HONORPPG-AN00; wv) AppleWebKit/537.36 (KHTML, like Gecko) Version/4.0 Chrome/142.0.7444.172 Mobile Safari/537.36 XWEB/1420045 MMWEBSDK/20251006 MMWEBID/8772 MicroMessenger/8.0.66.2980(0x28004234) WeChat/arm64 Weixin NetType/4G Language/zh_CN ABI/arm64"
123.147.251.58 - - [10/Dec/2025:14:57:21 +0800] "GET /wp-content/uploads/2025/09/1756868614-20250903104654_74_5.webp HTTP/1.1" 200 47858 "http://cqqizhou.com/2339/" "Mozilla/5.0 (Linux; Android 16; PPG-AN00 Build/HONORPPG-AN00; wv) AppleWebKit/537.36 (KHTML, like Gecko) Version/4.0 Chrome/142.0.7444.172 Mobile Safari/537.36 XWEB/1420045 MMWEBSDK/20251006 MMWEBID/8772 MicroMessenger/8.0.66.2980(0x28004234) WeChat/arm64 Weixin NetType/4G Language/zh_CN ABI/arm64"
123.147.251.58 - - [10/Dec/2025:14:57:21 +0800] "GET /wp-content/uploads/2025/12/1765248735-20251209104226_108_60.webp HTTP/1.1" 200 55962 "http://cqqizhou.com/2339/" "Mozilla/5.0 (Linux; Android 16; PPG-AN00 Build/HONORPPG-AN00; wv) AppleWebKit/537.36 (KHTML, like Gecko) Version/4.0 Chrome/142.0.7444.172 Mobile Safari/537.36 XWEB/1420045 MMWEBSDK/20251006 MMWEBID/8772 MicroMessenger/8.0.66.2980(0x28004234) WeChat/arm64 Weixin NetType/4G Language/zh_CN ABI/arm64"
123.147.251.58 - - [10/Dec/2025:14:57:21 +0800] "GET /wp-content/uploads/2025/07/1753410289-News2000%C3%97400_202571.webp HTTP/1.1" 200 17830 "http://cqqizhou.com/2339/" "Mozilla/5.0 (Linux; Android 16; PPG-AN00 Build/HONORPPG-AN00; wv) AppleWebKit/537.36 (KHTML, like Gecko) Version/4.0 Chrome/142.0.7444.172 Mobile Safari/537.36 XWEB/1420045 MMWEBSDK/20251006 MMWEBID/8772 MicroMessenger/8.0.66.2980(0x28004234) WeChat/arm64 Weixin NetType/4G Language/zh_CN ABI/arm64"
123.147.251.58 - - [10/Dec/2025:14:57:21 +0800] "GET /wp-content/uploads/2025/07/1751425283-qizhou.kf_.qq_.com_.webp HTTP/1.1" 200 16864 "http://cqqizhou.com/2339/" "Mozilla/5.0 (Linux; Android 16; PPG-AN00 Build/HONORPPG-AN00; wv) AppleWebKit/537.36 (KHTML, like Gecko) Version/4.0 Chrome/142.0.7444.172 Mobile Safari/537.36 XWEB/1420045 MMWEBSDK/20251006 MMWEBID/8772 MicroMessenger/8.0.66.2980(0x28004234) WeChat/arm64 Weixin NetType/4G Language/zh_CN ABI/arm64"
123.147.251.58 - - [10/Dec/2025:14:57:21 +0800] "GET /wp-content/uploads/2025/12/1765249046-20251209104228_110_60.webp HTTP/1.1" 200 64834 "http://cqqizhou.com/2339/" "Mozilla/5.0 (Linux; Android 16; PPG-AN00 Build/HONORPPG-AN00; wv) AppleWebKit/537.36 (KHTML, like Gecko) Version/4.0 Chrome/142.0.7444.172 Mobile Safari/537.36 XWEB/1420045 MMWEBSDK/20251006 MMWEBID/8772 MicroMessenger/8.0.66.2980(0x28004234) WeChat/arm64 Weixin NetType/4G Language/zh_CN ABI/arm64"
123.147.251.58 - - [10/Dec/2025:14:57:21 +0800] "GET /wp-content/uploads/2025/08/1755826456-DSC01841.webp HTTP/1.1" 200 87046 "http://cqqizhou.com/2339/" "Mozilla/5.0 (Linux; Android 16; PPG-AN00 Build/HONORPPG-AN00; wv) AppleWebKit/537.36 (KHTML, like Gecko) Version/4.0 Chrome/142.0.7444.172 Mobile Safari/537.36 XWEB/1420045 MMWEBSDK/20251006 MMWEBID/8772 MicroMessenger/8.0.66.2980(0x28004234) WeChat/arm64 Weixin NetType/4G Language/zh_CN ABI/arm64"
36.133.115.36 - - [10/Dec/2025:14:57:51 +0800] "POST /wp-cron.php?doing_wp_cron=1765349871.6658859252929687500000 HTTP/1.1" 200 31 "-" "WordPress/6.8.3; http://cqqizhou.com"
123.147.251.58 - - [10/Dec/2025:14:57:51 +0800] "GET /2231/ HTTP/1.1" 200 19674 "http://cqqizhou.com/2339/" "Mozilla/5.0 (Linux; Android 16; PPG-AN00 Build/HONORPPG-AN00; wv) AppleWebKit/537.36 (KHTML, like Gecko) Version/4.0 Chrome/142.0.7444.172 Mobile Safari/537.36 XWEB/1420045 MMWEBSDK/20251006 MMWEBID/8772 MicroMessenger/8.0.66.2980(0x28004234) WeChat/arm64 Weixin NetType/4G Language/zh_CN ABI/arm64"
123.147.251.58 - - [10/Dec/2025:14:57:52 +0800] "GET /wp-content/uploads/2025/08/1755826456-DSC01841-150x150.webp HTTP/1.1" 200 9850 "http://cqqizhou.com/2231/" "Mozilla/5.0 (Linux; Android 16; PPG-AN00 Build/HONORPPG-AN00; wv) AppleWebKit/537.36 (KHTML, like Gecko) Version/4.0 Chrome/142.0.7444.172 Mobile Safari/537.36 XWEB/1420045 MMWEBSDK/20251006 MMWEBID/8772 MicroMessenger/8.0.66.2980(0x28004234) WeChat/arm64 Weixin NetType/4G Language/zh_CN ABI/arm64"
123.147.251.58 - - [10/Dec/2025:14:57:52 +0800] "GET /wp-content/uploads/2025/09/1756868585-20250903104658_78_5.webp HTTP/1.1" 200 39636 "http://cqqizhou.com/2231/" "Mozilla/5.0 (Linux; Android 16; PPG-AN00 Build/HONORPPG-AN00; wv) AppleWebKit/537.36 (KHTML, like Gecko) Version/4.0 Chrome/142.0.7444.172 Mobile Safari/537.36 XWEB/1420045 MMWEBSDK/20251006 MMWEBID/8772 MicroMessenger/8.0.66.2980(0x28004234) WeChat/arm64 Weixin NetType/4G Language/zh_CN ABI/arm64"
123.147.251.58 - - [10/Dec/2025:14:57:52 +0800] "GET /wp-content/uploads/2025/12/1765253089-20251209103501_96_61-150x150.webp HTTP/1.1" 200 5198 "http://cqqizhou.com/2231/" "Mozilla/5.0 (Linux; Android 16; PPG-AN00 Build/HONORPPG-AN00; wv) AppleWebKit/537.36 (KHTML, like Gecko) Version/4.0 Chrome/142.0.7444.172 Mobile Safari/537.36 XWEB/1420045 MMWEBSDK/20251006 MMWEBID/8772 MicroMessenger/8.0.66.2980(0x28004234) WeChat/arm64 Weixin NetType/4G Language/zh_CN ABI/arm64"
36.133.115.36 - - [10/Dec/2025:14:59:49 +0800] "POST /wp-cron.php?doing_wp_cron=1765349989.7712740898132324218750 HTTP/1.1" 200 31 "-" "WordPress/6.8.3; http://cqqizhou.com"
106.83.32.243 - - [10/Dec/2025:14:59:50 +0800] "GET /2339/ HTTP/1.1" 200 20634 "-" "Mozilla/5.0 (Linux; Android 14; FNE-AN00 Build/HONORFNE-AN00; wv) AppleWebKit/537.36 (KHTML, like Gecko) Version/4.0 Chrome/142.0.7444.172 Mobile Safari/537.36 XWEB/1420045 MMWEBSDK/20251006 MMWEBID/6875 MicroMessenger/8.0.66.2980(0x28004236) WeChat/arm64 Weixin NetType/5G Language/zh_CN ABI/arm64"
106.83.32.243 - - [10/Dec/2025:14:59:50 +0800] "GET /wp-content/uploads/2025/12/1765253089-20251209103501_96_61.webp HTTP/1.1" 200 37758 "http://cqqizhou.com/2339/" "Mozilla/5.0 (Linux; Android 14; FNE-AN00 Build/HONORFNE-AN00; wv) AppleWebKit/537.36 (KHTML, like Gecko) Version/4.0 Chrome/142.0.7444.172 Mobile Safari/537.36 XWEB/1420045 MMWEBSDK/20251006 MMWEBID/6875 MicroMessenger/8.0.66.2980(0x28004236) WeChat/arm64 Weixin NetType/5G Language/zh_CN ABI/arm64"
106.83.32.243 - - [10/Dec/2025:14:59:50 +0800] "GET /wp-content/uploads/2025/12/1765248735-20251209104226_108_60.webp HTTP/1.1" 200 55962 "http://cqqizhou.com/2339/" "Mozilla/5.0 (Linux; Android 14; FNE-AN00 Build/HONORFNE-AN00; wv) AppleWebKit/537.36 (KHTML, like Gecko) Version/4.0 Chrome/142.0.7444.172 Mobile Safari/537.36 XWEB/1420045 MMWEBSDK/20251006 MMWEBID/6875 MicroMessenger/8.0.66.2980(0x28004236) WeChat/arm64 Weixin NetType/5G Language/zh_CN ABI/arm64"
106.83.32.243 - - [10/Dec/2025:14:59:50 +0800] "GET /wp-content/uploads/2025/12/1765248770-20251209104226_107_60.webp HTTP/1.1" 200 66916 "http://cqqizhou.com/2339/" "Mozilla/5.0 (Linux; Android 14; FNE-AN00 Build/HONORFNE-AN00; wv) AppleWebKit/537.36 (KHTML, like Gecko) Version/4.0 Chrome/142.0.7444.172 Mobile Safari/537.36 XWEB/1420045 MMWEBSDK/20251006 MMWEBID/6875 MicroMessenger/8.0.66.2980(0x28004236) WeChat/arm64 Weixin NetType/5G Language/zh_CN ABI/arm64"
106.83.32.243 - - [10/Dec/2025:14:59:50 +0800] "GET /wp-content/uploads/2025/09/1756868614-20250903104654_74_5-150x150.webp HTTP/1.1" 200 5712 "http://cqqizhou.com/2339/" "Mozilla/5.0 (Linux; Android 14; FNE-AN00 Build/HONORFNE-AN00; wv) AppleWebKit/537.36 (KHTML, like Gecko) Version/4.0 Chrome/142.0.7444.172 Mobile Safari/537.36 XWEB/1420045 MMWEBSDK/20251006 MMWEBID/6875 MicroMessenger/8.0.66.2980(0x28004236) WeChat/arm64 Weixin NetType/5G Language/zh_CN ABI/arm64"
106.83.32.243 - - [10/Dec/2025:14:59:50 +0800] "GET /wp-content/uploads/2025/09/1756868614-20250903104654_74_5.webp HTTP/1.1" 200 47858 "http://cqqizhou.com/2339/" "Mozilla/5.0 (Linux; Android 14; FNE-AN00 Build/HONORFNE-AN00; wv) AppleWebKit/537.36 (KHTML, like Gecko) Version/4.0 Chrome/142.0.7444.172 Mobile Safari/537.36 XWEB/1420045 MMWEBSDK/20251006 MMWEBID/6875 MicroMessenger/8.0.66.2980(0x28004236) WeChat/arm64 Weixin NetType/5G Language/zh_CN ABI/arm64"
106.83.32.243 - - [10/Dec/2025:14:59:50 +0800] "GET /wp-content/uploads/2025/07/1753410289-News2000%C3%97400_202571.webp HTTP/1.1" 200 17830 "http://cqqizhou.com/2339/" "Mozilla/5.0 (Linux; Android 14; FNE-AN00 Build/HONORFNE-AN00; wv) AppleWebKit/537.36 (KHTML, like Gecko) Version/4.0 Chrome/142.0.7444.172 Mobile Safari/537.36 XWEB/1420045 MMWEBSDK/20251006 MMWEBID/6875 MicroMessenger/8.0.66.2980(0x28004236) WeChat/arm64 Weixin NetType/5G Language/zh_CN ABI/arm64"
106.83.32.243 - - [10/Dec/2025:14:59:50 +0800] "GET /wp-content/uploads/2025/08/1755826456-DSC01841.webp HTTP/1.1" 200 87046 "http://cqqizhou.com/2339/" "Mozilla/5.0 (Linux; Android 14; FNE-AN00 Build/HONORFNE-AN00; wv) AppleWebKit/537.36 (KHTML, like Gecko) Version/4.0 Chrome/142.0.7444.172 Mobile Safari/537.36 XWEB/1420045 MMWEBSDK/20251006 MMWEBID/6875 MicroMessenger/8.0.66.2980(0x28004236) WeChat/arm64 Weixin NetType/5G Language/zh_CN ABI/arm64"
106.83.32.243 - - [10/Dec/2025:14:59:50 +0800] "GET /wp-content/uploads/2025/07/1751425283-qizhou.kf_.qq_.com_.webp HTTP/1.1" 200 16864 "http://cqqizhou.com/2339/" "Mozilla/5.0 (Linux; Android 14; FNE-AN00 Build/HONORFNE-AN00; wv) AppleWebKit/537.36 (KHTML, like Gecko) Version/4.0 Chrome/142.0.7444.172 Mobile Safari/537.36 XWEB/1420045 MMWEBSDK/20251006 MMWEBID/6875 MicroMessenger/8.0.66.2980(0x28004236) WeChat/arm64 Weixin NetType/5G Language/zh_CN ABI/arm64"
106.83.32.243 - - [10/Dec/2025:14:59:50 +0800] "GET /wp-content/uploads/2025/12/1765249046-20251209104228_110_60.webp HTTP/1.1" 200 64834 "http://cqqizhou.com/2339/" "Mozilla/5.0 (Linux; Android 14; FNE-AN00 Build/HONORFNE-AN00; wv) AppleWebKit/537.36 (KHTML, like Gecko) Version/4.0 Chrome/142.0.7444.172 Mobile Safari/537.36 XWEB/1420045 MMWEBSDK/20251006 MMWEBID/6875 MicroMessenger/8.0.66.2980(0x28004236) WeChat/arm64 Weixin NetType/5G Language/zh_CN ABI/arm64"
36.133.115.36 - - [10/Dec/2025:15:00:59 +0800] "POST /wp-cron.php?doing_wp_cron=1765350059.6211719512939453125000 HTTP/1.1" 200 31 "-" "WordPress/6.8.3; http://cqqizhou.com"
39.144.224.26 - - [10/Dec/2025:15:00:59 +0800] "GET /2339/ HTTP/1.1" 200 20634 "-" "Mozilla/5.0 (Linux; Android 15; PKM110 Build/UKQ1.231108.001; wv) AppleWebKit/537.36 (KHTML, like Gecko) Version/4.0 Chrome/142.0.7444.172 Mobile Safari/537.36 XWEB/1420045 MMWEBSDK/20250904 MMWEBID/354 MicroMessenger/8.0.65.2960(0x28004156) WeChat/arm64 Weixin NetType/5G Language/zh_CN ABI/arm64"
39.144.224.26 - - [10/Dec/2025:15:01:00 +0800] "GET /wp-content/uploads/2025/12/1765253089-20251209103501_96_61.webp HTTP/1.1" 200 37758 "http://cqqizhou.com/2339/" "Mozilla/5.0 (Linux; Android 15; PKM110 Build/UKQ1.231108.001; wv) AppleWebKit/537.36 (KHTML, like Gecko) Version/4.0 Chrome/142.0.7444.172 Mobile Safari/537.36 XWEB/1420045 MMWEBSDK/20250904 MMWEBID/354 MicroMessenger/8.0.65.2960(0x28004156) WeChat/arm64 Weixin NetType/5G Language/zh_CN ABI/arm64"
39.144.224.26 - - [10/Dec/2025:15:01:00 +0800] "GET /wp-content/uploads/2025/12/1765248735-20251209104226_108_60.webp HTTP/1.1" 200 55962 "http://cqqizhou.com/2339/" "Mozilla/5.0 (Linux; Android 15; PKM110 Build/UKQ1.231108.001; wv) AppleWebKit/537.36 (KHTML, like Gecko) Version/4.0 Chrome/142.0.7444.172 Mobile Safari/537.36 XWEB/1420045 MMWEBSDK/20250904 MMWEBID/354 MicroMessenger/8.0.65.2960(0x28004156) WeChat/arm64 Weixin NetType/5G Language/zh_CN ABI/arm64"
39.144.224.26 - - [10/Dec/2025:15:01:00 +0800] "GET /wp-content/uploads/2025/12/1765248770-20251209104226_107_60.webp HTTP/1.1" 200 66916 "http://cqqizhou.com/2339/" "Mozilla/5.0 (Linux; Android 15; PKM110 Build/UKQ1.231108.001; wv) AppleWebKit/537.36 (KHTML, like Gecko) Version/4.0 Chrome/142.0.7444.172 Mobile Safari/537.36 XWEB/1420045 MMWEBSDK/20250904 MMWEBID/354 MicroMessenger/8.0.65.2960(0x28004156) WeChat/arm64 Weixin NetType/5G Language/zh_CN ABI/arm64"
39.144.224.26 - - [10/Dec/2025:15:01:00 +0800] "GET /wp-content/uploads/2025/09/1756868614-20250903104654_74_5-150x150.webp HTTP/1.1" 200 5712 "http://cqqizhou.com/2339/" "Mozilla/5.0 (Linux; Android 15; PKM110 Build/UKQ1.231108.001; wv) AppleWebKit/537.36 (KHTML, like Gecko) Version/4.0 Chrome/142.0.7444.172 Mobile Safari/537.36 XWEB/1420045 MMWEBSDK/20250904 MMWEBID/354 MicroMessenger/8.0.65.2960(0x28004156) WeChat/arm64 Weixin NetType/5G Language/zh_CN ABI/arm64"
39.144.224.26 - - [10/Dec/2025:15:01:00 +0800] "GET /wp-content/uploads/2025/09/1756868614-20250903104654_74_5.webp HTTP/1.1" 200 47858 "http://cqqizhou.com/2339/" "Mozilla/5.0 (Linux; Android 15; PKM110 Build/UKQ1.231108.001; wv) AppleWebKit/537.36 (KHTML, like Gecko) Version/4.0 Chrome/142.0.7444.172 Mobile Safari/537.36 XWEB/1420045 MMWEBSDK/20250904 MMWEBID/354 MicroMessenger/8.0.65.2960(0x28004156) WeChat/arm64 Weixin NetType/5G Language/zh_CN ABI/arm64"
39.144.224.26 - - [10/Dec/2025:15:01:00 +0800] "GET /wp-content/uploads/2025/07/1753410289-News2000%C3%97400_202571.webp HTTP/1.1" 200 17830 "http://cqqizhou.com/2339/" "Mozilla/5.0 (Linux; Android 15; PKM110 Build/UKQ1.231108.001; wv) AppleWebKit/537.36 (KHTML, like Gecko) Version/4.0 Chrome/142.0.7444.172 Mobile Safari/537.36 XWEB/1420045 MMWEBSDK/20250904 MMWEBID/354 MicroMessenger/8.0.65.2960(0x28004156) WeChat/arm64 Weixin NetType/5G Language/zh_CN ABI/arm64"
39.144.224.26 - - [10/Dec/2025:15:01:00 +0800] "GET /wp-content/uploads/2025/08/1755826456-DSC01841.webp HTTP/1.1" 200 87046 "http://cqqizhou.com/2339/" "Mozilla/5.0 (Linux; Android 15; PKM110 Build/UKQ1.231108.001; wv) AppleWebKit/537.36 (KHTML, like Gecko) Version/4.0 Chrome/142.0.7444.172 Mobile Safari/537.36 XWEB/1420045 MMWEBSDK/20250904 MMWEBID/354 MicroMessenger/8.0.65.2960(0x28004156) WeChat/arm64 Weixin NetType/5G Language/zh_CN ABI/arm64"
39.144.224.26 - - [10/Dec/2025:15:01:00 +0800] "GET /wp-content/uploads/2025/07/1751425283-qizhou.kf_.qq_.com_.webp HTTP/1.1" 200 16864 "http://cqqizhou.com/2339/" "Mozilla/5.0 (Linux; Android 15; PKM110 Build/UKQ1.231108.001; wv) AppleWebKit/537.36 (KHTML, like Gecko) Version/4.0 Chrome/142.0.7444.172 Mobile Safari/537.36 XWEB/1420045 MMWEBSDK/20250904 MMWEBID/354 MicroMessenger/8.0.65.2960(0x28004156) WeChat/arm64 Weixin NetType/5G Language/zh_CN ABI/arm64"
39.144.224.26 - - [10/Dec/2025:15:01:00 +0800] "GET /wp-content/uploads/2025/12/1765249046-20251209104228_110_60.webp HTTP/1.1" 200 64834 "http://cqqizhou.com/2339/" "Mozilla/5.0 (Linux; Android 15; PKM110 Build/UKQ1.231108.001; wv) AppleWebKit/537.36 (KHTML, like Gecko) Version/4.0 Chrome/142.0.7444.172 Mobile Safari/537.36 XWEB/1420045 MMWEBSDK/20250904 MMWEBID/354 MicroMessenger/8.0.65.2960(0x28004156) WeChat/arm64 Weixin NetType/5G Language/zh_CN ABI/arm64"
36.133.115.36 - - [10/Dec/2025:15:02:31 +0800] "POST /wp-cron.php?doing_wp_cron=1765350151.6513550281524658203125 HTTP/1.1" 200 31 "-" "WordPress/6.8.3; http://cqqizhou.com"
106.83.32.243 - - [10/Dec/2025:15:02:31 +0800] "GET /2231/ HTTP/1.1" 200 19674 "http://cqqizhou.com/2339/" "Mozilla/5.0 (Linux; Android 14; FNE-AN00 Build/HONORFNE-AN00; wv) AppleWebKit/537.36 (KHTML, like Gecko) Version/4.0 Chrome/142.0.7444.172 Mobile Safari/537.36 XWEB/1420045 MMWEBSDK/20251006 MMWEBID/6875 MicroMessenger/8.0.66.2980(0x28004236) WeChat/arm64 Weixin NetType/5G Language/zh_CN ABI/arm64"
106.83.32.243 - - [10/Dec/2025:15:02:31 +0800] "GET /wp-content/uploads/2025/09/1756868585-20250903104658_78_5.webp HTTP/1.1" 200 39636 "http://cqqizhou.com/2231/" "Mozilla/5.0 (Linux; Android 14; FNE-AN00 Build/HONORFNE-AN00; wv) AppleWebKit/537.36 (KHTML, like Gecko) Version/4.0 Chrome/142.0.7444.172 Mobile Safari/537.36 XWEB/1420045 MMWEBSDK/20251006 MMWEBID/6875 MicroMessenger/8.0.66.2980(0x28004236) WeChat/arm64 Weixin NetType/5G Language/zh_CN ABI/arm64"
106.83.32.243 - - [10/Dec/2025:15:02:32 +0800] "GET /wp-content/uploads/2025/08/1755826456-DSC01841-150x150.webp HTTP/1.1" 200 9850 "http://cqqizhou.com/2231/" "Mozilla/5.0 (Linux; Android 14; FNE-AN00 Build/HONORFNE-AN00; wv) AppleWebKit/537.36 (KHTML, like Gecko) Version/4.0 Chrome/142.0.7444.172 Mobile Safari/537.36 XWEB/1420045 MMWEBSDK/20251006 MMWEBID/6875 MicroMessenger/8.0.66.2980(0x28004236) WeChat/arm64 Weixin NetType/5G Language/zh_CN ABI/arm64"
106.83.32.243 - - [10/Dec/2025:15:02:32 +0800] "GET /wp-content/uploads/2025/12/1765253089-20251209103501_96_61-150x150.webp HTTP/1.1" 200 5198 "http://cqqizhou.com/2231/" "Mozilla/5.0 (Linux; Android 14; FNE-AN00 Build/HONORFNE-AN00; wv) AppleWebKit/537.36 (KHTML, like Gecko) Version/4.0 Chrome/142.0.7444.172 Mobile Safari/537.36 XWEB/1420045 MMWEBSDK/20251006 MMWEBID/6875 MicroMessenger/8.0.66.2980(0x28004236) WeChat/arm64 Weixin NetType/5G Language/zh_CN ABI/arm64"
36.133.115.36 - - [10/Dec/2025:15:03:15 +0800] "POST /wp-cron.php?doing_wp_cron=1765350195.8690750598907470703125 HTTP/1.1" 200 31 "-" "WordPress/6.8.3; http://cqqizhou.com"
36.133.108.119 - - [10/Dec/2025:15:03:15 +0800] "HEAD /nmaplowercheck1765222696 HTTP/1.1" 404 0 "-" "Mozilla/5.0 (Windows NT 6.1) AppleWebKit/537.36 (KHTML, like Gecko) Chrome/27.0.1453.90 Safari/537.36"
36.133.108.121 - - [10/Dec/2025:15:03:25 +0800] "HEAD /sdk HTTP/1.1" 404 0 "-" "Opera/9.80 (Windows NT 6.1; U; es-ES) Presto/2.9.181 Version/12.00"
36.133.115.36 - - [10/Dec/2025:15:04:59 +0800] "POST /wp-cron.php?doing_wp_cron=1765350299.8733119964599609375000 HTTP/1.1" 200 31 "-" "WordPress/6.8.3; http://cqqizhou.com"
43.153.47.201 - - [10/Dec/2025:15:05:00 +0800] "GET /portfolio/%e5%86%b7%e8%bd%a7%e6%9d%bf/ HTTP/1.1" 200 18742 "-" "Mozilla/5.0 (iPhone; CPU iPhone OS 13_2_3 like Mac OS X) AppleWebKit/605.1.15 (KHTML, like Gecko) Version/13.0.3 Mobile/15E148 Safari/604.1"
39.144.224.5 - - [10/Dec/2025:15:05:15 +0800] "GET /2339/ HTTP/1.1" 200 20634 "-" "Mozilla/5.0 (Linux; Android 11; AMOI0301 Build/RP1A.200720.011; wv) AppleWebKit/537.36 (KHTML, like Gecko) Version/4.0 Chrome/142.0.7444.172 Mobile Safari/537.36 XWEB/1420045 MMWEBSDK/20250804 MMWEBID/8465 MicroMessenger/8.0.63.2920(0x28003F32) WeChat/arm64 Weixin NetType/4G Language/zh_CN ABI/arm64"
39.144.224.5 - - [10/Dec/2025:15:05:16 +0800] "GET /wp-content/uploads/2025/12/1765253089-20251209103501_96_61-768x576.webp HTTP/1.1" 200 37612 "http://cqqizhou.com/2339/" "Mozilla/5.0 (Linux; Android 11; AMOI0301 Build/RP1A.200720.011; wv) AppleWebKit/537.36 (KHTML, like Gecko) Version/4.0 Chrome/142.0.7444.172 Mobile Safari/537.36 XWEB/1420045 MMWEBSDK/20250804 MMWEBID/8465 MicroMessenger/8.0.63.2920(0x28003F32) WeChat/arm64 Weixin NetType/4G Language/zh_CN ABI/arm64"
39.144.224.5 - - [10/Dec/2025:15:05:16 +0800] "GET /wp-content/uploads/2025/12/1765248735-20251209104226_108_60-768x576.webp HTTP/1.1" 200 53052 "http://cqqizhou.com/2339/" "Mozilla/5.0 (Linux; Android 11; AMOI0301 Build/RP1A.200720.011; wv) AppleWebKit/537.36 (KHTML, like Gecko) Version/4.0 Chrome/142.0.7444.172 Mobile Safari/537.36 XWEB/1420045 MMWEBSDK/20250804 MMWEBID/8465 MicroMessenger/8.0.63.2920(0x28003F32) WeChat/arm64 Weixin NetType/4G Language/zh_CN ABI/arm64"
39.144.224.5 - - [10/Dec/2025:15:05:16 +0800] "GET /wp-content/uploads/2025/12/1765248770-20251209104226_107_60-768x576.webp HTTP/1.1" 200 67802 "http://cqqizhou.com/2339/" "Mozilla/5.0 (Linux; Android 11; AMOI0301 Build/RP1A.200720.011; wv) AppleWebKit/537.36 (KHTML, like Gecko) Version/4.0 Chrome/142.0.7444.172 Mobile Safari/537.36 XWEB/1420045 MMWEBSDK/20250804 MMWEBID/8465 MicroMessenger/8.0.63.2920(0x28003F32) WeChat/arm64 Weixin NetType/4G Language/zh_CN ABI/arm64"
39.144.224.5 - - [10/Dec/2025:15:05:16 +0800] "GET /wp-content/uploads/2025/09/1756868614-20250903104654_74_5-150x150.webp HTTP/1.1" 200 5712 "http://cqqizhou.com/2339/" "Mozilla/5.0 (Linux; Android 11; AMOI0301 Build/RP1A.200720.011; wv) AppleWebKit/537.36 (KHTML, like Gecko) Version/4.0 Chrome/142.0.7444.172 Mobile Safari/537.36 XWEB/1420045 MMWEBSDK/20250804 MMWEBID/8465 MicroMessenger/8.0.63.2920(0x28003F32) WeChat/arm64 Weixin NetType/4G Language/zh_CN ABI/arm64"
39.144.224.5 - - [10/Dec/2025:15:05:16 +0800] "GET /wp-content/uploads/2025/09/1756868614-20250903104654_74_5-768x346.webp HTTP/1.1" 200 43274 "http://cqqizhou.com/2339/" "Mozilla/5.0 (Linux; Android 11; AMOI0301 Build/RP1A.200720.011; wv) AppleWebKit/537.36 (KHTML, like Gecko) Version/4.0 Chrome/142.0.7444.172 Mobile Safari/537.36 XWEB/1420045 MMWEBSDK/20250804 MMWEBID/8465 MicroMessenger/8.0.63.2920(0x28003F32) WeChat/arm64 Weixin NetType/4G Language/zh_CN ABI/arm64"
39.144.224.5 - - [10/Dec/2025:15:05:17 +0800] "GET /wp-content/uploads/2025/08/1755826456-DSC01841-768x432.webp HTTP/1.1" 200 82118 "http://cqqizhou.com/2339/" "Mozilla/5.0 (Linux; Android 11; AMOI0301 Build/RP1A.200720.011; wv) AppleWebKit/537.36 (KHTML, like Gecko) Version/4.0 Chrome/142.0.7444.172 Mobile Safari/537.36 XWEB/1420045 MMWEBSDK/20250804 MMWEBID/8465 MicroMessenger/8.0.63.2920(0x28003F32) WeChat/arm64 Weixin NetType/4G Language/zh_CN ABI/arm64"
39.144.224.5 - - [10/Dec/2025:15:05:17 +0800] "GET /wp-content/uploads/2025/07/1751425283-qizhou.kf_.qq_.com_.webp HTTP/1.1" 200 16864 "http://cqqizhou.com/2339/" "Mozilla/5.0 (Linux; Android 11; AMOI0301 Build/RP1A.200720.011; wv) AppleWebKit/537.36 (KHTML, like Gecko) Version/4.0 Chrome/142.0.7444.172 Mobile Safari/537.36 XWEB/1420045 MMWEBSDK/20250804 MMWEBID/8465 MicroMessenger/8.0.63.2920(0x28003F32) WeChat/arm64 Weixin NetType/4G Language/zh_CN ABI/arm64"
39.144.224.5 - - [10/Dec/2025:15:05:17 +0800] "GET /wp-content/uploads/2025/07/1753410289-News2000%C3%97400_202571.webp HTTP/1.1" 200 17830 "http://cqqizhou.com/2339/" "Mozilla/5.0 (Linux; Android 11; AMOI0301 Build/RP1A.200720.011; wv) AppleWebKit/537.36 (KHTML, like Gecko) Version/4.0 Chrome/142.0.7444.172 Mobile Safari/537.36 XWEB/1420045 MMWEBSDK/20250804 MMWEBID/8465 MicroMessenger/8.0.63.2920(0x28003F32) WeChat/arm64 Weixin NetType/4G Language/zh_CN ABI/arm64"
39.144.224.5 - - [10/Dec/2025:15:05:17 +0800] "GET /wp-content/uploads/2025/12/1765249046-20251209104228_110_60-768x576.webp HTTP/1.1" 200 62052 "http://cqqizhou.com/2339/" "Mozilla/5.0 (Linux; Android 11; AMOI0301 Build/RP1A.200720.011; wv) AppleWebKit/537.36 (KHTML, like Gecko) Version/4.0 Chrome/142.0.7444.172 Mobile Safari/537.36 XWEB/1420045 MMWEBSDK/20250804 MMWEBID/8465 MicroMessenger/8.0.63.2920(0x28003F32) WeChat/arm64 Weixin NetType/4G Language/zh_CN ABI/arm64"
36.133.115.36 - - [10/Dec/2025:15:07:57 +0800] "POST /wp-cron.php?doing_wp_cron=1765350477.0615129470825195312500 HTTP/1.1" 200 31 "-" "WordPress/6.8.3; http://cqqizhou.com"
106.80.193.4 - - [10/Dec/2025:15:07:57 +0800] "GET /2339/ HTTP/1.1" 200 20634 "-" "Mozilla/5.0 (Linux; Android 16; 24117RK2CC Build/BP2A.250605.031.A3; wv) AppleWebKit/537.36 (KHTML, like Gecko) Version/4.0 Chrome/142.0.7444.172 Mobile Safari/537.36 XWEB/1420045 MMWEBSDK/20251006 MMWEBID/1437 MicroMessenger/8.0.66.2980(0x28004234) WeChat/arm64 Weixin NetType/WIFI Language/zh_CN ABI/arm64"
106.80.193.4 - - [10/Dec/2025:15:07:57 +0800] "GET /wp-content/uploads/2025/12/1765253089-20251209103501_96_61.webp HTTP/1.1" 200 37758 "http://cqqizhou.com/2339/" "Mozilla/5.0 (Linux; Android 16; 24117RK2CC Build/BP2A.250605.031.A3; wv) AppleWebKit/537.36 (KHTML, like Gecko) Version/4.0 Chrome/142.0.7444.172 Mobile Safari/537.36 XWEB/1420045 MMWEBSDK/20251006 MMWEBID/1437 MicroMessenger/8.0.66.2980(0x28004234) WeChat/arm64 Weixin NetType/WIFI Language/zh_CN ABI/arm64"
106.80.193.4 - - [10/Dec/2025:15:07:57 +0800] "GET /wp-content/uploads/2025/12/1765248735-20251209104226_108_60.webp HTTP/1.1" 200 55962 "http://cqqizhou.com/2339/" "Mozilla/5.0 (Linux; Android 16; 24117RK2CC Build/BP2A.250605.031.A3; wv) AppleWebKit/537.36 (KHTML, like Gecko) Version/4.0 Chrome/142.0.7444.172 Mobile Safari/537.36 XWEB/1420045 MMWEBSDK/20251006 MMWEBID/1437 MicroMessenger/8.0.66.2980(0x28004234) WeChat/arm64 Weixin NetType/WIFI Language/zh_CN ABI/arm64"
106.80.193.4 - - [10/Dec/2025:15:07:57 +0800] "GET /wp-content/uploads/2025/12/1765248770-20251209104226_107_60.webp HTTP/1.1" 200 66916 "http://cqqizhou.com/2339/" "Mozilla/5.0 (Linux; Android 16; 24117RK2CC Build/BP2A.250605.031.A3; wv) AppleWebKit/537.36 (KHTML, like Gecko) Version/4.0 Chrome/142.0.7444.172 Mobile Safari/537.36 XWEB/1420045 MMWEBSDK/20251006 MMWEBID/1437 MicroMessenger/8.0.66.2980(0x28004234) WeChat/arm64 Weixin NetType/WIFI Language/zh_CN ABI/arm64"
106.80.193.4 - - [10/Dec/2025:15:07:57 +0800] "GET /wp-content/uploads/2025/09/1756868614-20250903104654_74_5-150x150.webp HTTP/1.1" 200 5712 "http://cqqizhou.com/2339/" "Mozilla/5.0 (Linux; Android 16; 24117RK2CC Build/BP2A.250605.031.A3; wv) AppleWebKit/537.36 (KHTML, like Gecko) Version/4.0 Chrome/142.0.7444.172 Mobile Safari/537.36 XWEB/1420045 MMWEBSDK/20251006 MMWEBID/1437 MicroMessenger/8.0.66.2980(0x28004234) WeChat/arm64 Weixin NetType/WIFI Language/zh_CN ABI/arm64"
106.80.193.4 - - [10/Dec/2025:15:07:57 +0800] "GET /wp-content/uploads/2025/09/1756868614-20250903104654_74_5.webp HTTP/1.1" 200 47858 "http://cqqizhou.com/2339/" "Mozilla/5.0 (Linux; Android 16; 24117RK2CC Build/BP2A.250605.031.A3; wv) AppleWebKit/537.36 (KHTML, like Gecko) Version/4.0 Chrome/142.0.7444.172 Mobile Safari/537.36 XWEB/1420045 MMWEBSDK/20251006 MMWEBID/1437 MicroMessenger/8.0.66.2980(0x28004234) WeChat/arm64 Weixin NetType/WIFI Language/zh_CN ABI/arm64"
106.80.193.4 - - [10/Dec/2025:15:07:57 +0800] "GET /wp-content/uploads/2025/07/1753410289-News2000%C3%97400_202571.webp HTTP/1.1" 200 17830 "http://cqqizhou.com/2339/" "Mozilla/5.0 (Linux; Android 16; 24117RK2CC Build/BP2A.250605.031.A3; wv) AppleWebKit/537.36 (KHTML, like Gecko) Version/4.0 Chrome/142.0.7444.172 Mobile Safari/537.36 XWEB/1420045 MMWEBSDK/20251006 MMWEBID/1437 MicroMessenger/8.0.66.2980(0x28004234) WeChat/arm64 Weixin NetType/WIFI Language/zh_CN ABI/arm64"
106.80.193.4 - - [10/Dec/2025:15:07:57 +0800] "GET /wp-content/uploads/2025/07/1751425283-qizhou.kf_.qq_.com_.webp HTTP/1.1" 200 16864 "http://cqqizhou.com/2339/" "Mozilla/5.0 (Linux; Android 16; 24117RK2CC Build/BP2A.250605.031.A3; wv) AppleWebKit/537.36 (KHTML, like Gecko) Version/4.0 Chrome/142.0.7444.172 Mobile Safari/537.36 XWEB/1420045 MMWEBSDK/20251006 MMWEBID/1437 MicroMessenger/8.0.66.2980(0x28004234) WeChat/arm64 Weixin NetType/WIFI Language/zh_CN ABI/arm64"
106.80.193.4 - - [10/Dec/2025:15:07:57 +0800] "GET /wp-content/uploads/2025/12/1765249046-20251209104228_110_60.webp HTTP/1.1" 200 64834 "http://cqqizhou.com/2339/" "Mozilla/5.0 (Linux; Android 16; 24117RK2CC Build/BP2A.250605.031.A3; wv) AppleWebKit/537.36 (KHTML, like Gecko) Version/4.0 Chrome/142.0.7444.172 Mobile Safari/537.36 XWEB/1420045 MMWEBSDK/20251006 MMWEBID/1437 MicroMessenger/8.0.66.2980(0x28004234) WeChat/arm64 Weixin NetType/WIFI Language/zh_CN ABI/arm64"
106.80.193.4 - - [10/Dec/2025:15:07:57 +0800] "GET /wp-content/uploads/2025/08/1755826456-DSC01841.webp HTTP/1.1" 200 87046 "http://cqqizhou.com/2339/" "Mozilla/5.0 (Linux; Android 16; 24117RK2CC Build/BP2A.250605.031.A3; wv) AppleWebKit/537.36 (KHTML, like Gecko) Version/4.0 Chrome/142.0.7444.172 Mobile Safari/537.36 XWEB/1420045 MMWEBSDK/20251006 MMWEBID/1437 MicroMessenger/8.0.66.2980(0x28004234) WeChat/arm64 Weixin NetType/WIFI Language/zh_CN ABI/arm64"
36.133.115.36 - - [10/Dec/2025:15:15:18 +0800] "POST /wp-cron.php?doing_wp_cron=1765350918.3440148830413818359375 HTTP/1.1" 200 31 "-" "WordPress/6.8.3; http://cqqizhou.com"
1.81.213.51 - - [10/Dec/2025:15:15:18 +0800] "GET /2339/ HTTP/1.1" 200 20634 "-" "Mozilla/5.0 (iPhone; CPU iPhone OS 17_3 like Mac OS X) AppleWebKit/605.1.15 (KHTML, like Gecko) Mobile/15E148 MicroMessenger/8.0.66(0x18004229) NetType/WIFI Language/zh_CN"
1.81.213.51 - - [10/Dec/2025:15:15:18 +0800] "GET /wp-content/uploads/2025/12/1765253089-20251209103501_96_61.webp HTTP/1.1" 200 37758 "http://cqqizhou.com/2339/" "Mozilla/5.0 (iPhone; CPU iPhone OS 17_3 like Mac OS X) AppleWebKit/605.1.15 (KHTML, like Gecko) Mobile/15E148 MicroMessenger/8.0.66(0x18004229) NetType/WIFI Language/zh_CN"
1.81.213.51 - - [10/Dec/2025:15:15:18 +0800] "GET /wp-content/uploads/2025/07/1753410289-News2000%C3%97400_202571.webp HTTP/1.1" 200 17830 "http://cqqizhou.com/2339/" "Mozilla/5.0 (iPhone; CPU iPhone OS 17_3 like Mac OS X) AppleWebKit/605.1.15 (KHTML, like Gecko) Mobile/15E148 MicroMessenger/8.0.66(0x18004229) NetType/WIFI Language/zh_CN"
1.81.213.51 - - [10/Dec/2025:15:15:18 +0800] "GET /wp-content/uploads/2025/12/1765248735-20251209104226_108_60.webp HTTP/1.1" 200 55962 "http://cqqizhou.com/2339/" "Mozilla/5.0 (iPhone; CPU iPhone OS 17_3 like Mac OS X) AppleWebKit/605.1.15 (KHTML, like Gecko) Mobile/15E148 MicroMessenger/8.0.66(0x18004229) NetType/WIFI Language/zh_CN"
1.81.213.51 - - [10/Dec/2025:15:15:18 +0800] "GET /wp-content/uploads/2025/09/1756868614-20250903104654_74_5-150x150.webp HTTP/1.1" 200 5712 "http://cqqizhou.com/2339/" "Mozilla/5.0 (iPhone; CPU iPhone OS 17_3 like Mac OS X) AppleWebKit/605.1.15 (KHTML, like Gecko) Mobile/15E148 MicroMessenger/8.0.66(0x18004229) NetType/WIFI Language/zh_CN"
1.81.213.51 - - [10/Dec/2025:15:15:18 +0800] "GET /wp-content/uploads/2025/08/1755826456-DSC01841.webp HTTP/1.1" 200 87046 "http://cqqizhou.com/2339/" "Mozilla/5.0 (iPhone; CPU iPhone OS 17_3 like Mac OS X) AppleWebKit/605.1.15 (KHTML, like Gecko) Mobile/15E148 MicroMessenger/8.0.66(0x18004229) NetType/WIFI Language/zh_CN"
1.81.213.51 - - [10/Dec/2025:15:15:18 +0800] "GET /wp-content/uploads/2025/09/1756868614-20250903104654_74_5.webp HTTP/1.1" 200 47858 "http://cqqizhou.com/2339/" "Mozilla/5.0 (iPhone; CPU iPhone OS 17_3 like Mac OS X) AppleWebKit/605.1.15 (KHTML, like Gecko) Mobile/15E148 MicroMessenger/8.0.66(0x18004229) NetType/WIFI Language/zh_CN"
1.81.213.51 - - [10/Dec/2025:15:15:18 +0800] "GET /wp-content/uploads/2025/12/1765248770-20251209104226_107_60.webp HTTP/1.1" 200 66916 "http://cqqizhou.com/2339/" "Mozilla/5.0 (iPhone; CPU iPhone OS 17_3 like Mac OS X) AppleWebKit/605.1.15 (KHTML, like Gecko) Mobile/15E148 MicroMessenger/8.0.66(0x18004229) NetType/WIFI Language/zh_CN"
1.81.213.51 - - [10/Dec/2025:15:15:19 +0800] "GET /wp-content/uploads/2025/07/1751425283-qizhou.kf_.qq_.com_.webp HTTP/1.1" 200 16864 "http://cqqizhou.com/2339/" "Mozilla/5.0 (iPhone; CPU iPhone OS 17_3 like Mac OS X) AppleWebKit/605.1.15 (KHTML, like Gecko) Mobile/15E148 MicroMessenger/8.0.66(0x18004229) NetType/WIFI Language/zh_CN"
1.81.213.51 - - [10/Dec/2025:15:15:51 +0800] "GET /wp-content/uploads/2025/12/1765249046-20251209104228_110_60.webp HTTP/1.1" 200 64834 "http://cqqizhou.com/2339/" "Mozilla/5.0 (iPhone; CPU iPhone OS 17_3 like Mac OS X) AppleWebKit/605.1.15 (KHTML, like Gecko) Mobile/15E148 MicroMessenger/8.0.66(0x18004229) NetType/WIFI Language/zh_CN"
36.133.115.36 - - [10/Dec/2025:15:16:02 +0800] "POST /wp-cron.php?doing_wp_cron=1765350962.3367900848388671875000 HTTP/1.1" 200 31 "-" "WordPress/6.8.3; http://cqqizhou.com"
43.167.232.38 - - [10/Dec/2025:15:16:02 +0800] "GET /portfolio/hot-dip-galvanized-coil/ HTTP/1.1" 200 18828 "-" "Mozilla/5.0 (iPhone; CPU iPhone OS 13_2_3 like Mac OS X) AppleWebKit/605.1.15 (KHTML, like Gecko) Version/13.0.3 Mobile/15E148 Safari/604.1"
141.98.11.170 - - [10/Dec/2025:15:16:33 +0800] "GET / HTTP/1.1" 200 33672 "-" "Mozilla/5.0 (Windows NT 10.0; Win64; x64) AppleWebKit/537.36 (KHTML, like Gecko) Chrome/90.0.4430.85 Safari/537.36 Edg/90.0.818.46"
36.133.115.36 - - [10/Dec/2025:15:20:31 +0800] "POST /wp-cron.php?doing_wp_cron=1765351231.1318650245666503906250 HTTP/1.1" 200 31 "-" "WordPress/6.8.3; http://cqqizhou.com"
36.133.108.121 - - [10/Dec/2025:15:20:31 +0800] "HEAD / HTTP/1.1" 301 0 "-" "Mozilla/5.0 (Windows; U; Windows NT 6.1; de-DE) AppleWebKit/533.20.25 (KHTML, like Gecko) Version/5.0.3 Safari/533.19.4"
36.133.115.36 - - [10/Dec/2025:15:20:46 +0800] "POST /wp-cron.php?doing_wp_cron=1765351246.0323100090026855468750 HTTP/1.1" 200 31 "-" "WordPress/6.8.3; http://cqqizhou.com"
193.142.147.209 - - [10/Dec/2025:15:20:46 +0800] "GET /cgi-bin/luci/;stok=/locale HTTP/1.1" 301 5 "-" "-"
193.142.147.209 - - [10/Dec/2025:15:20:47 +0800] "GET /cgi-bin/luci/;stok=/locale HTTP/1.1" 404 31364 "http://36.133.115.36:80/cgi-bin/luci/;stok=/locale" "-"
106.84.155.167 - - [10/Dec/2025:15:21:21 +0800] "GET /2339/ HTTP/1.1" 200 20634 "-" "Mozilla/5.0 (iPhone; CPU iPhone OS 18_5 like Mac OS X) AppleWebKit/605.1.15 (KHTML, like Gecko) Mobile/15E148 MicroMessenger/8.0.65(0x18004132) NetType/4G Language/zh_CN"
106.84.155.167 - - [10/Dec/2025:15:21:22 +0800] "GET /wp-content/uploads/2025/12/1765253089-20251209103501_96_61.webp HTTP/1.1" 200 37758 "http://cqqizhou.com/2339/" "Mozilla/5.0 (iPhone; CPU iPhone OS 18_5 like Mac OS X) AppleWebKit/605.1.15 (KHTML, like Gecko) Mobile/15E148 MicroMessenger/8.0.65(0x18004132) NetType/4G Language/zh_CN"
106.84.155.167 - - [10/Dec/2025:15:21:22 +0800] "GET /wp-content/uploads/2025/07/1753410289-News2000%C3%97400_202571.webp HTTP/1.1" 200 17830 "http://cqqizhou.com/2339/" "Mozilla/5.0 (iPhone; CPU iPhone OS 18_5 like Mac OS X) AppleWebKit/605.1.15 (KHTML, like Gecko) Mobile/15E148 MicroMessenger/8.0.65(0x18004132) NetType/4G Language/zh_CN"
106.84.155.167 - - [10/Dec/2025:15:21:22 +0800] "GET /wp-content/uploads/2025/12/1765248770-20251209104226_107_60.webp HTTP/1.1" 200 66916 "http://cqqizhou.com/2339/" "Mozilla/5.0 (iPhone; CPU iPhone OS 18_5 like Mac OS X) AppleWebKit/605.1.15 (KHTML, like Gecko) Mobile/15E148 MicroMessenger/8.0.65(0x18004132) NetType/4G Language/zh_CN"
106.84.155.167 - - [10/Dec/2025:15:21:22 +0800] "GET /wp-content/uploads/2025/12/1765248735-20251209104226_108_60.webp HTTP/1.1" 200 55962 "http://cqqizhou.com/2339/" "Mozilla/5.0 (iPhone; CPU iPhone OS 18_5 like Mac OS X) AppleWebKit/605.1.15 (KHTML, like Gecko) Mobile/15E148 MicroMessenger/8.0.65(0x18004132) NetType/4G Language/zh_CN"
106.84.155.167 - - [10/Dec/2025:15:21:22 +0800] "GET /wp-content/uploads/2025/09/1756868614-20250903104654_74_5-150x150.webp HTTP/1.1" 200 5712 "http://cqqizhou.com/2339/" "Mozilla/5.0 (iPhone; CPU iPhone OS 18_5 like Mac OS X) AppleWebKit/605.1.15 (KHTML, like Gecko) Mobile/15E148 MicroMessenger/8.0.65(0x18004132) NetType/4G Language/zh_CN"
106.84.155.167 - - [10/Dec/2025:15:21:22 +0800] "GET /wp-content/uploads/2025/09/1756868614-20250903104654_74_5.webp HTTP/1.1" 200 47858 "http://cqqizhou.com/2339/" "Mozilla/5.0 (iPhone; CPU iPhone OS 18_5 like Mac OS X) AppleWebKit/605.1.15 (KHTML, like Gecko) Mobile/15E148 MicroMessenger/8.0.65(0x18004132) NetType/4G Language/zh_CN"
106.84.155.167 - - [10/Dec/2025:15:21:22 +0800] "GET /wp-content/uploads/2025/08/1755826456-DSC01841.webp HTTP/1.1" 200 87046 "http://cqqizhou.com/2339/" "Mozilla/5.0 (iPhone; CPU iPhone OS 18_5 like Mac OS X) AppleWebKit/605.1.15 (KHTML, like Gecko) Mobile/15E148 MicroMessenger/8.0.65(0x18004132) NetType/4G Language/zh_CN"
106.84.155.167 - - [10/Dec/2025:15:21:22 +0800] "GET /wp-content/uploads/2025/07/1751425283-qizhou.kf_.qq_.com_.webp HTTP/1.1" 200 16864 "http://cqqizhou.com/2339/" "Mozilla/5.0 (iPhone; CPU iPhone OS 18_5 like Mac OS X) AppleWebKit/605.1.15 (KHTML, like Gecko) Mobile/15E148 MicroMessenger/8.0.65(0x18004132) NetType/4G Language/zh_CN"
106.84.155.167 - - [10/Dec/2025:15:21:41 +0800] "GET /wp-content/uploads/2025/12/1765249046-20251209104228_110_60.webp HTTP/1.1" 200 64834 "http://cqqizhou.com/2339/" "Mozilla/5.0 (iPhone; CPU iPhone OS 18_5 like Mac OS X) AppleWebKit/605.1.15 (KHTML, like Gecko) Mobile/15E148 MicroMessenger/8.0.65(0x18004132) NetType/4G Language/zh_CN"
36.133.115.36 - - [10/Dec/2025:15:23:36 +0800] "POST /wp-cron.php?doing_wp_cron=1765351416.0674068927764892578125 HTTP/1.1" 200 31 "-" "WordPress/6.8.3; http://cqqizhou.com"
14.108.232.115 - - [10/Dec/2025:15:23:36 +0800] "GET /2339/ HTTP/1.1" 200 20634 "-" "Mozilla/5.0 (Linux; Android 15; MAG-AN00 Build/HONORMAG-AN00; wv) AppleWebKit/537.36 (KHTML, like Gecko) Version/4.0 Chrome/142.0.7444.172 Mobile Safari/537.36 XWEB/1420045 MMWEBSDK/20251006 MMWEBID/171 MicroMessenger/8.0.66.2980(0x28004234) WeChat/arm64 Weixin NetType/WIFI Language/zh_CN ABI/arm64"
14.108.232.115 - - [10/Dec/2025:15:23:36 +0800] "GET /wp-content/uploads/2025/12/1765253089-20251209103501_96_61.webp HTTP/1.1" 200 37758 "http://cqqizhou.com/2339/" "Mozilla/5.0 (Linux; Android 15; MAG-AN00 Build/HONORMAG-AN00; wv) AppleWebKit/537.36 (KHTML, like Gecko) Version/4.0 Chrome/142.0.7444.172 Mobile Safari/537.36 XWEB/1420045 MMWEBSDK/20251006 MMWEBID/171 MicroMessenger/8.0.66.2980(0x28004234) WeChat/arm64 Weixin NetType/WIFI Language/zh_CN ABI/arm64"
14.108.232.115 - - [10/Dec/2025:15:23:36 +0800] "GET /wp-content/uploads/2025/12/1765248770-20251209104226_107_60.webp HTTP/1.1" 200 66916 "http://cqqizhou.com/2339/" "Mozilla/5.0 (Linux; Android 15; MAG-AN00 Build/HONORMAG-AN00; wv) AppleWebKit/537.36 (KHTML, like Gecko) Version/4.0 Chrome/142.0.7444.172 Mobile Safari/537.36 XWEB/1420045 MMWEBSDK/20251006 MMWEBID/171 MicroMessenger/8.0.66.2980(0x28004234) WeChat/arm64 Weixin NetType/WIFI Language/zh_CN ABI/arm64"
14.108.232.115 - - [10/Dec/2025:15:23:36 +0800] "GET /wp-content/uploads/2025/12/1765248735-20251209104226_108_60.webp HTTP/1.1" 200 55962 "http://cqqizhou.com/2339/" "Mozilla/5.0 (Linux; Android 15; MAG-AN00 Build/HONORMAG-AN00; wv) AppleWebKit/537.36 (KHTML, like Gecko) Version/4.0 Chrome/142.0.7444.172 Mobile Safari/537.36 XWEB/1420045 MMWEBSDK/20251006 MMWEBID/171 MicroMessenger/8.0.66.2980(0x28004234) WeChat/arm64 Weixin NetType/WIFI Language/zh_CN ABI/arm64"
14.108.232.115 - - [10/Dec/2025:15:23:36 +0800] "GET /wp-content/uploads/2025/09/1756868614-20250903104654_74_5.webp HTTP/1.1" 200 47858 "http://cqqizhou.com/2339/" "Mozilla/5.0 (Linux; Android 15; MAG-AN00 Build/HONORMAG-AN00; wv) AppleWebKit/537.36 (KHTML, like Gecko) Version/4.0 Chrome/142.0.7444.172 Mobile Safari/537.36 XWEB/1420045 MMWEBSDK/20251006 MMWEBID/171 MicroMessenger/8.0.66.2980(0x28004234) WeChat/arm64 Weixin NetType/WIFI Language/zh_CN ABI/arm64"
14.108.232.115 - - [10/Dec/2025:15:23:36 +0800] "GET /wp-content/uploads/2025/09/1756868614-20250903104654_74_5-150x150.webp HTTP/1.1" 200 5712 "http://cqqizhou.com/2339/" "Mozilla/5.0 (Linux; Android 15; MAG-AN00 Build/HONORMAG-AN00; wv) AppleWebKit/537.36 (KHTML, like Gecko) Version/4.0 Chrome/142.0.7444.172 Mobile Safari/537.36 XWEB/1420045 MMWEBSDK/20251006 MMWEBID/171 MicroMessenger/8.0.66.2980(0x28004234) WeChat/arm64 Weixin NetType/WIFI Language/zh_CN ABI/arm64"
14.108.232.115 - - [10/Dec/2025:15:23:36 +0800] "GET /wp-content/uploads/2025/07/1753410289-News2000%C3%97400_202571.webp HTTP/1.1" 200 17830 "http://cqqizhou.com/2339/" "Mozilla/5.0 (Linux; Android 15; MAG-AN00 Build/HONORMAG-AN00; wv) AppleWebKit/537.36 (KHTML, like Gecko) Version/4.0 Chrome/142.0.7444.172 Mobile Safari/537.36 XWEB/1420045 MMWEBSDK/20251006 MMWEBID/171 MicroMessenger/8.0.66.2980(0x28004234) WeChat/arm64 Weixin NetType/WIFI Language/zh_CN ABI/arm64"
14.108.232.115 - - [10/Dec/2025:15:23:36 +0800] "GET /wp-content/uploads/2025/07/1751425283-qizhou.kf_.qq_.com_.webp HTTP/1.1" 200 16864 "http://cqqizhou.com/2339/" "Mozilla/5.0 (Linux; Android 15; MAG-AN00 Build/HONORMAG-AN00; wv) AppleWebKit/537.36 (KHTML, like Gecko) Version/4.0 Chrome/142.0.7444.172 Mobile Safari/537.36 XWEB/1420045 MMWEBSDK/20251006 MMWEBID/171 MicroMessenger/8.0.66.2980(0x28004234) WeChat/arm64 Weixin NetType/WIFI Language/zh_CN ABI/arm64"
14.108.232.115 - - [10/Dec/2025:15:23:36 +0800] "GET /wp-content/uploads/2025/08/1755826456-DSC01841.webp HTTP/1.1" 200 87046 "http://cqqizhou.com/2339/" "Mozilla/5.0 (Linux; Android 15; MAG-AN00 Build/HONORMAG-AN00; wv) AppleWebKit/537.36 (KHTML, like Gecko) Version/4.0 Chrome/142.0.7444.172 Mobile Safari/537.36 XWEB/1420045 MMWEBSDK/20251006 MMWEBID/171 MicroMessenger/8.0.66.2980(0x28004234) WeChat/arm64 Weixin NetType/WIFI Language/zh_CN ABI/arm64"
14.108.232.115 - - [10/Dec/2025:15:23:36 +0800] "GET /wp-content/uploads/2025/12/1765249046-20251209104228_110_60.webp HTTP/1.1" 200 64834 "http://cqqizhou.com/2339/" "Mozilla/5.0 (Linux; Android 15; MAG-AN00 Build/HONORMAG-AN00; wv) AppleWebKit/537.36 (KHTML, like Gecko) Version/4.0 Chrome/142.0.7444.172 Mobile Safari/537.36 XWEB/1420045 MMWEBSDK/20251006 MMWEBID/171 MicroMessenger/8.0.66.2980(0x28004234) WeChat/arm64 Weixin NetType/WIFI Language/zh_CN ABI/arm64"
