14.108.232.115 - - [10/Dec/2025:12:03:40 +0800] "GET /wp-content/uploads/2025/09/1756868614-20250903104654_74_5-150x150.webp HTTP/1.1" 200 5712 "http://cqqizhou.com/2339/" "Mozilla/5.0 (iPhone; CPU iPhone OS 17_6_1 like Mac OS X) AppleWebKit/605.1.15 (KHTML, like Gecko) Mobile/15E148 MicroMessenger/8.0.66(0x18004229) NetType/WIFI Language/zh_CN"
14.108.232.115 - - [10/Dec/2025:12:03:40 +0800] "GET /wp-content/uploads/2025/09/1756868614-20250903104654_74_5.webp HTTP/1.1" 200 47858 "http://cqqizhou.com/2339/" "Mozilla/5.0 (iPhone; CPU iPhone OS 17_6_1 like Mac OS X) AppleWebKit/605.1.15 (KHTML, like Gecko) Mobile/15E148 MicroMessenger/8.0.66(0x18004229) NetType/WIFI Language/zh_CN"
14.108.232.115 - - [10/Dec/2025:12:03:40 +0800] "GET /wp-content/uploads/2025/07/1751425283-qizhou.kf_.qq_.com_.webp HTTP/1.1" 200 16864 "http://cqqizhou.com/2339/" "Mozilla/5.0 (iPhone; CPU iPhone OS 17_6_1 like Mac OS X) AppleWebKit/605.1.15 (KHTML, like Gecko) Mobile/15E148 MicroMessenger/8.0.66(0x18004229) NetType/WIFI Language/zh_CN"
14.108.232.115 - - [10/Dec/2025:12:04:03 +0800] "GET /wp-content/uploads/2025/12/1765249046-20251209104228_110_60.webp HTTP/1.1" 200 64834 "http://cqqizhou.com/2339/" "Mozilla/5.0 (iPhone; CPU iPhone OS 17_6_1 like Mac OS X) AppleWebKit/605.1.15 (KHTML, like Gecko) Mobile/15E148 MicroMessenger/8.0.66(0x18004229) NetType/WIFI Language/zh_CN"
36.133.115.36 - - [10/Dec/2025:12:04:32 +0800] "POST /wp-cron.php?doing_wp_cron=1765339472.7803339958190917968750 HTTP/1.1" 200 31 "-" "WordPress/6.8.3; http://cqqizhou.com"
14.108.232.115 - - [10/Dec/2025:12:04:33 +0800] "GET /2215/ HTTP/1.1" 200 20141 "http://cqqizhou.com/2339/" "Mozilla/5.0 (iPhone; CPU iPhone OS 17_6_1 like Mac OS X) AppleWebKit/605.1.15 (KHTML, like Gecko) Mobile/15E148 MicroMessenger/8.0.66(0x18004229) NetType/WIFI Language/zh_CN"
14.108.232.115 - - [10/Dec/2025:12:04:34 +0800] "GET /wp-content/uploads/2025/08/1755826390-DSC01765-150x150.webp HTTP/1.1" 200 6586 "http://cqqizhou.com/2215/" "Mozilla/5.0 (iPhone; CPU iPhone OS 17_6_1 like Mac OS X) AppleWebKit/605.1.15 (KHTML, like Gecko) Mobile/15E148 MicroMessenger/8.0.66(0x18004229) NetType/WIFI Language/zh_CN"
36.133.115.36 - - [10/Dec/2025:12:04:49 +0800] "POST /wp-cron.php?doing_wp_cron=1765339489.3923039436340332031250 HTTP/1.1" 200 31 "-" "WordPress/6.8.3; http://cqqizhou.com"
183.227.141.254 - - [10/Dec/2025:12:04:49 +0800] "GET /2339/ HTTP/1.1" 200 20633 "-" "Mozilla/5.0 (Linux; Android 15; PHP110 Build/AP3A.240617.008; wv) AppleWebKit/537.36 (KHTML, like Gecko) Version/4.0 Chrome/138.0.7204.180 Mobile Safari/537.36 XWEB/1380275 MMWEBSDK/20250202 MMWEBID/3045 wxwork/5.0.2 MicroMessenger/7.0.1 NetType/WIFI Language/zh Lang/zh ColorScheme/Dark wwmver/3.26.502.634"
183.227.141.254 - - [10/Dec/2025:12:04:49 +0800] "GET /wp-content/uploads/2025/12/1765253089-20251209103501_96_61.webp HTTP/1.1" 200 37758 "http://cqqizhou.com/2339/" "Mozilla/5.0 (Linux; Android 15; PHP110 Build/AP3A.240617.008; wv) AppleWebKit/537.36 (KHTML, like Gecko) Version/4.0 Chrome/138.0.7204.180 Mobile Safari/537.36 XWEB/1380275 MMWEBSDK/20250202 MMWEBID/3045 wxwork/5.0.2 MicroMessenger/7.0.1 NetType/WIFI Language/zh Lang/zh ColorScheme/Dark wwmver/3.26.502.634"
183.227.141.254 - - [10/Dec/2025:12:04:49 +0800] "GET /wp-content/uploads/2025/12/1765248735-20251209104226_108_60.webp HTTP/1.1" 200 55962 "http://cqqizhou.com/2339/" "Mozilla/5.0 (Linux; Android 15; PHP110 Build/AP3A.240617.008; wv) AppleWebKit/537.36 (KHTML, like Gecko) Version/4.0 Chrome/138.0.7204.180 Mobile Safari/537.36 XWEB/1380275 MMWEBSDK/20250202 MMWEBID/3045 wxwork/5.0.2 MicroMessenger/7.0.1 NetType/WIFI Language/zh Lang/zh ColorScheme/Dark wwmver/3.26.502.634"
183.227.141.254 - - [10/Dec/2025:12:04:49 +0800] "GET /wp-content/uploads/2025/12/1765248770-20251209104226_107_60.webp HTTP/1.1" 200 66916 "http://cqqizhou.com/2339/" "Mozilla/5.0 (Linux; Android 15; PHP110 Build/AP3A.240617.008; wv) AppleWebKit/537.36 (KHTML, like Gecko) Version/4.0 Chrome/138.0.7204.180 Mobile Safari/537.36 XWEB/1380275 MMWEBSDK/20250202 MMWEBID/3045 wxwork/5.0.2 MicroMessenger/7.0.1 NetType/WIFI Language/zh Lang/zh ColorScheme/Dark wwmver/3.26.502.634"
183.227.141.254 - - [10/Dec/2025:12:04:49 +0800] "GET /wp-content/uploads/2025/09/1756868614-20250903104654_74_5-150x150.webp HTTP/1.1" 200 5712 "http://cqqizhou.com/2339/" "Mozilla/5.0 (Linux; Android 15; PHP110 Build/AP3A.240617.008; wv) AppleWebKit/537.36 (KHTML, like Gecko) Version/4.0 Chrome/138.0.7204.180 Mobile Safari/537.36 XWEB/1380275 MMWEBSDK/20250202 MMWEBID/3045 wxwork/5.0.2 MicroMessenger/7.0.1 NetType/WIFI Language/zh Lang/zh ColorScheme/Dark wwmver/3.26.502.634"
183.227.141.254 - - [10/Dec/2025:12:04:49 +0800] "GET /wp-content/uploads/2025/09/1756868614-20250903104654_74_5.webp HTTP/1.1" 200 47858 "http://cqqizhou.com/2339/" "Mozilla/5.0 (Linux; Android 15; PHP110 Build/AP3A.240617.008; wv) AppleWebKit/537.36 (KHTML, like Gecko) Version/4.0 Chrome/138.0.7204.180 Mobile Safari/537.36 XWEB/1380275 MMWEBSDK/20250202 MMWEBID/3045 wxwork/5.0.2 MicroMessenger/7.0.1 NetType/WIFI Language/zh Lang/zh ColorScheme/Dark wwmver/3.26.502.634"
183.227.141.254 - - [10/Dec/2025:12:04:49 +0800] "GET /wp-content/uploads/2025/07/1753410289-News2000%C3%97400_202571.webp HTTP/1.1" 200 17830 "http://cqqizhou.com/2339/" "Mozilla/5.0 (Linux; Android 15; PHP110 Build/AP3A.240617.008; wv) AppleWebKit/537.36 (KHTML, like Gecko) Version/4.0 Chrome/138.0.7204.180 Mobile Safari/537.36 XWEB/1380275 MMWEBSDK/20250202 MMWEBID/3045 wxwork/5.0.2 MicroMessenger/7.0.1 NetType/WIFI Language/zh Lang/zh ColorScheme/Dark wwmver/3.26.502.634"
183.227.141.254 - - [10/Dec/2025:12:04:49 +0800] "GET /wp-content/uploads/2025/08/1755826456-DSC01841.webp HTTP/1.1" 200 87046 "http://cqqizhou.com/2339/" "Mozilla/5.0 (Linux; Android 15; PHP110 Build/AP3A.240617.008; wv) AppleWebKit/537.36 (KHTML, like Gecko) Version/4.0 Chrome/138.0.7204.180 Mobile Safari/537.36 XWEB/1380275 MMWEBSDK/20250202 MMWEBID/3045 wxwork/5.0.2 MicroMessenger/7.0.1 NetType/WIFI Language/zh Lang/zh ColorScheme/Dark wwmver/3.26.502.634"
183.227.141.254 - - [10/Dec/2025:12:04:49 +0800] "GET /wp-content/uploads/2025/07/1751425283-qizhou.kf_.qq_.com_.webp HTTP/1.1" 200 16864 "http://cqqizhou.com/2339/" "Mozilla/5.0 (Linux; Android 15; PHP110 Build/AP3A.240617.008; wv) AppleWebKit/537.36 (KHTML, like Gecko) Version/4.0 Chrome/138.0.7204.180 Mobile Safari/537.36 XWEB/1380275 MMWEBSDK/20250202 MMWEBID/3045 wxwork/5.0.2 MicroMessenger/7.0.1 NetType/WIFI Language/zh Lang/zh ColorScheme/Dark wwmver/3.26.502.634"
183.227.141.254 - - [10/Dec/2025:12:04:50 +0800] "GET /wp-content/uploads/2025/12/1765249046-20251209104228_110_60.webp HTTP/1.1" 200 64834 "http://cqqizhou.com/2339/" "Mozilla/5.0 (Linux; Android 15; PHP110 Build/AP3A.240617.008; wv) AppleWebKit/537.36 (KHTML, like Gecko) Version/4.0 Chrome/138.0.7204.180 Mobile Safari/537.36 XWEB/1380275 MMWEBSDK/20250202 MMWEBID/3045 wxwork/5.0.2 MicroMessenger/7.0.1 NetType/WIFI Language/zh Lang/zh ColorScheme/Dark wwmver/3.26.502.634"
170.106.181.163 - - [10/Dec/2025:12:05:40 +0800] "GET / HTTP/1.1" 200 33673 "-" "Mozilla/5.0 (iPhone; CPU iPhone OS 13_2_3 like Mac OS X) AppleWebKit/605.1.15 (KHTML, like Gecko) Version/13.0.3 Mobile/15E148 Safari/604.1"
36.150.60.24 - - [10/Dec/2025:12:06:49 +0800] "GET / HTTP/1.1" 200 34102 "-" "Mozilla/5.0 (Windows; U; Windows NT 6.0; en-US) AppleWebKit/530.5 (KHTML, like Gecko) Chrome/2.0.173.1 Safari/530.5"
36.133.115.36 - - [10/Dec/2025:12:06:53 +0800] "POST /wp-cron.php?doing_wp_cron=1765339613.0065588951110839843750 HTTP/1.1" 200 31 "-" "WordPress/6.8.3; http://cqqizhou.com"
183.227.141.254 - - [10/Dec/2025:12:06:53 +0800] "GET /2339/ HTTP/1.1" 200 20633 "-" "Mozilla/5.0 (Linux; Android 15; PHP110 Build/AP3A.240617.008; wv) AppleWebKit/537.36 (KHTML, like Gecko) Version/4.0 Chrome/142.0.7444.172 Mobile Safari/537.36 XWEB/1420045 MMWEBSDK/20250904 MMWEBID/5540 MicroMessenger/8.0.65.2960(0x28004156) WeChat/arm64 Weixin NetType/WIFI Language/zh_CN ABI/arm64"
183.227.141.254 - - [10/Dec/2025:12:06:53 +0800] "GET /wp-content/uploads/2025/12/1765253089-20251209103501_96_61.webp HTTP/1.1" 200 37758 "http://cqqizhou.com/2339/" "Mozilla/5.0 (Linux; Android 15; PHP110 Build/AP3A.240617.008; wv) AppleWebKit/537.36 (KHTML, like Gecko) Version/4.0 Chrome/142.0.7444.172 Mobile Safari/537.36 XWEB/1420045 MMWEBSDK/20250904 MMWEBID/5540 MicroMessenger/8.0.65.2960(0x28004156) WeChat/arm64 Weixin NetType/WIFI Language/zh_CN ABI/arm64"
183.227.141.254 - - [10/Dec/2025:12:06:53 +0800] "GET /wp-content/uploads/2025/12/1765248735-20251209104226_108_60.webp HTTP/1.1" 200 55962 "http://cqqizhou.com/2339/" "Mozilla/5.0 (Linux; Android 15; PHP110 Build/AP3A.240617.008; wv) AppleWebKit/537.36 (KHTML, like Gecko) Version/4.0 Chrome/142.0.7444.172 Mobile Safari/537.36 XWEB/1420045 MMWEBSDK/20250904 MMWEBID/5540 MicroMessenger/8.0.65.2960(0x28004156) WeChat/arm64 Weixin NetType/WIFI Language/zh_CN ABI/arm64"
183.227.141.254 - - [10/Dec/2025:12:06:53 +0800] "GET /wp-content/uploads/2025/12/1765248770-20251209104226_107_60.webp HTTP/1.1" 200 66916 "http://cqqizhou.com/2339/" "Mozilla/5.0 (Linux; Android 15; PHP110 Build/AP3A.240617.008; wv) AppleWebKit/537.36 (KHTML, like Gecko) Version/4.0 Chrome/142.0.7444.172 Mobile Safari/537.36 XWEB/1420045 MMWEBSDK/20250904 MMWEBID/5540 MicroMessenger/8.0.65.2960(0x28004156) WeChat/arm64 Weixin NetType/WIFI Language/zh_CN ABI/arm64"
183.227.141.254 - - [10/Dec/2025:12:06:53 +0800] "GET /wp-content/uploads/2025/09/1756868614-20250903104654_74_5-150x150.webp HTTP/1.1" 200 5712 "http://cqqizhou.com/2339/" "Mozilla/5.0 (Linux; Android 15; PHP110 Build/AP3A.240617.008; wv) AppleWebKit/537.36 (KHTML, like Gecko) Version/4.0 Chrome/142.0.7444.172 Mobile Safari/537.36 XWEB/1420045 MMWEBSDK/20250904 MMWEBID/5540 MicroMessenger/8.0.65.2960(0x28004156) WeChat/arm64 Weixin NetType/WIFI Language/zh_CN ABI/arm64"
183.227.141.254 - - [10/Dec/2025:12:06:53 +0800] "GET /wp-content/uploads/2025/09/1756868614-20250903104654_74_5.webp HTTP/1.1" 200 47858 "http://cqqizhou.com/2339/" "Mozilla/5.0 (Linux; Android 15; PHP110 Build/AP3A.240617.008; wv) AppleWebKit/537.36 (KHTML, like Gecko) Version/4.0 Chrome/142.0.7444.172 Mobile Safari/537.36 XWEB/1420045 MMWEBSDK/20250904 MMWEBID/5540 MicroMessenger/8.0.65.2960(0x28004156) WeChat/arm64 Weixin NetType/WIFI Language/zh_CN ABI/arm64"
183.227.141.254 - - [10/Dec/2025:12:06:53 +0800] "GET /wp-content/uploads/2025/07/1753410289-News2000%C3%97400_202571.webp HTTP/1.1" 200 17830 "http://cqqizhou.com/2339/" "Mozilla/5.0 (Linux; Android 15; PHP110 Build/AP3A.240617.008; wv) AppleWebKit/537.36 (KHTML, like Gecko) Version/4.0 Chrome/142.0.7444.172 Mobile Safari/537.36 XWEB/1420045 MMWEBSDK/20250904 MMWEBID/5540 MicroMessenger/8.0.65.2960(0x28004156) WeChat/arm64 Weixin NetType/WIFI Language/zh_CN ABI/arm64"
183.227.141.254 - - [10/Dec/2025:12:06:53 +0800] "GET /wp-content/uploads/2025/08/1755826456-DSC01841.webp HTTP/1.1" 200 87046 "http://cqqizhou.com/2339/" "Mozilla/5.0 (Linux; Android 15; PHP110 Build/AP3A.240617.008; wv) AppleWebKit/537.36 (KHTML, like Gecko) Version/4.0 Chrome/142.0.7444.172 Mobile Safari/537.36 XWEB/1420045 MMWEBSDK/20250904 MMWEBID/5540 MicroMessenger/8.0.65.2960(0x28004156) WeChat/arm64 Weixin NetType/WIFI Language/zh_CN ABI/arm64"
183.227.141.254 - - [10/Dec/2025:12:06:53 +0800] "GET /wp-content/uploads/2025/07/1751425283-qizhou.kf_.qq_.com_.webp HTTP/1.1" 200 16864 "http://cqqizhou.com/2339/" "Mozilla/5.0 (Linux; Android 15; PHP110 Build/AP3A.240617.008; wv) AppleWebKit/537.36 (KHTML, like Gecko) Version/4.0 Chrome/142.0.7444.172 Mobile Safari/537.36 XWEB/1420045 MMWEBSDK/20250904 MMWEBID/5540 MicroMessenger/8.0.65.2960(0x28004156) WeChat/arm64 Weixin NetType/WIFI Language/zh_CN ABI/arm64"
183.227.141.254 - - [10/Dec/2025:12:06:53 +0800] "GET /wp-content/uploads/2025/12/1765249046-20251209104228_110_60.webp HTTP/1.1" 200 64834 "http://cqqizhou.com/2339/" "Mozilla/5.0 (Linux; Android 15; PHP110 Build/AP3A.240617.008; wv) AppleWebKit/537.36 (KHTML, like Gecko) Version/4.0 Chrome/142.0.7444.172 Mobile Safari/537.36 XWEB/1420045 MMWEBSDK/20250904 MMWEBID/5540 MicroMessenger/8.0.65.2960(0x28004156) WeChat/arm64 Weixin NetType/WIFI Language/zh_CN ABI/arm64"
36.133.115.36 - - [10/Dec/2025:12:10:46 +0800] "POST /wp-cron.php?doing_wp_cron=1765339846.2597908973693847656250 HTTP/1.1" 200 31 "-" "WordPress/6.8.3; http://cqqizhou.com"
123.147.249.223 - - [10/Dec/2025:12:10:46 +0800] "GET /2339/ HTTP/1.1" 200 20633 "-" "Mozilla/5.0 (Linux; Android 15; PJR110 Build/TP1A.220905.001; wv) AppleWebKit/537.36 (KHTML, like Gecko) Version/4.0 Chrome/138.0.7204.180 Mobile Safari/537.36 XWEB/1380275 MMWEBSDK/20250202 MMWEBID/8600 wxwork/5.0.2 MicroMessenger/7.0.1 NetType/4G Language/zh Lang/zh ColorScheme/Light wwmver/3.26.502.634"
123.147.249.223 - - [10/Dec/2025:12:10:46 +0800] "GET /wp-content/uploads/2025/12/1765253089-20251209103501_96_61.webp HTTP/1.1" 304 0 "http://cqqizhou.com/2339/" "Mozilla/5.0 (Linux; Android 15; PJR110 Build/TP1A.220905.001; wv) AppleWebKit/537.36 (KHTML, like Gecko) Version/4.0 Chrome/138.0.7204.180 Mobile Safari/537.36 XWEB/1380275 MMWEBSDK/20250202 MMWEBID/8600 wxwork/5.0.2 MicroMessenger/7.0.1 NetType/4G Language/zh Lang/zh ColorScheme/Light wwmver/3.26.502.634"
123.147.249.223 - - [10/Dec/2025:12:10:46 +0800] "GET /wp-content/uploads/2025/12/1765248735-20251209104226_108_60.webp HTTP/1.1" 304 0 "http://cqqizhou.com/2339/" "Mozilla/5.0 (Linux; Android 15; PJR110 Build/TP1A.220905.001; wv) AppleWebKit/537.36 (KHTML, like Gecko) Version/4.0 Chrome/138.0.7204.180 Mobile Safari/537.36 XWEB/1380275 MMWEBSDK/20250202 MMWEBID/8600 wxwork/5.0.2 MicroMessenger/7.0.1 NetType/4G Language/zh Lang/zh ColorScheme/Light wwmver/3.26.502.634"
123.147.249.223 - - [10/Dec/2025:12:10:46 +0800] "GET /wp-content/uploads/2025/12/1765248770-20251209104226_107_60.webp HTTP/1.1" 304 0 "http://cqqizhou.com/2339/" "Mozilla/5.0 (Linux; Android 15; PJR110 Build/TP1A.220905.001; wv) AppleWebKit/537.36 (KHTML, like Gecko) Version/4.0 Chrome/138.0.7204.180 Mobile Safari/537.36 XWEB/1380275 MMWEBSDK/20250202 MMWEBID/8600 wxwork/5.0.2 MicroMessenger/7.0.1 NetType/4G Language/zh Lang/zh ColorScheme/Light wwmver/3.26.502.634"
123.147.249.223 - - [10/Dec/2025:12:10:46 +0800] "GET /wp-content/uploads/2025/12/1765249046-20251209104228_110_60.webp HTTP/1.1" 304 0 "http://cqqizhou.com/2339/" "Mozilla/5.0 (Linux; Android 15; PJR110 Build/TP1A.220905.001; wv) AppleWebKit/537.36 (KHTML, like Gecko) Version/4.0 Chrome/138.0.7204.180 Mobile Safari/537.36 XWEB/1380275 MMWEBSDK/20250202 MMWEBID/8600 wxwork/5.0.2 MicroMessenger/7.0.1 NetType/4G Language/zh Lang/zh ColorScheme/Light wwmver/3.26.502.634"
204.76.203.212 - - [10/Dec/2025:12:10:58 +0800] "GET / HTTP/1.1" 200 33673 "-" "Mozilla/5.0 (Windows NT 10.0; Win64; x64) AppleWebKit/537.36 (KHTML, like Gecko) Chrome/90.0.4430.85 Safari/537.36 Edg/90.0.818.46"
36.133.115.36 - - [10/Dec/2025:12:12:26 +0800] "POST /wp-cron.php?doing_wp_cron=1765339946.4519510269165039062500 HTTP/1.1" 200 31 "-" "WordPress/6.8.3; http://cqqizhou.com"
49.51.203.164 - - [10/Dec/2025:12:12:26 +0800] "GET / HTTP/1.1" 200 33672 "-" "Mozilla/5.0 (iPhone; CPU iPhone OS 13_2_3 like Mac OS X) AppleWebKit/605.1.15 (KHTML, like Gecko) Version/13.0.3 Mobile/15E148 Safari/604.1"
180.163.30.27 - - [10/Dec/2025:12:12:51 +0800] "GET /2339/ HTTP/1.1" 200 21005 "-" "Mozilla/5.0 (Windows NT 10.0; Win64; x64) AppleWebKit/537.36 (KHTML, like Gecko) Chrome/135.0.0.0 Safari/537.36"
36.133.115.36 - - [10/Dec/2025:12:12:52 +0800] "POST /wp-cron.php?doing_wp_cron=1765339972.1346559524536132812500 HTTP/1.1" 200 31 "-" "WordPress/6.8.3; http://cqqizhou.com"
39.144.224.54 - - [10/Dec/2025:12:12:52 +0800] "GET /2339/ HTTP/1.1" 200 20633 "-" "Mozilla/5.0 (iPhone; CPU iPhone OS 18_6 like Mac OS X) AppleWebKit/605.1.15 (KHTML, like Gecko)  Mobile/15E148 wxwork/5.0.2 MicroMessenger/7.0.1 Language/zh ColorScheme/Light wwmver/3.26.502.378"
39.144.224.54 - - [10/Dec/2025:12:12:52 +0800] "GET /wp-content/uploads/2025/12/1765253089-20251209103501_96_61.webp HTTP/1.1" 200 37758 "http://cqqizhou.com/2339/" "Mozilla/5.0 (iPhone; CPU iPhone OS 18_6 like Mac OS X) AppleWebKit/605.1.15 (KHTML, like Gecko)  Mobile/15E148 wxwork/5.0.2 MicroMessenger/7.0.1 Language/zh ColorScheme/Light wwmver/3.26.502.378"
39.144.224.54 - - [10/Dec/2025:12:12:53 +0800] "GET /wp-content/uploads/2025/09/1756868614-20250903104654_74_5-150x150.webp HTTP/1.1" 304 0 "http://cqqizhou.com/2339/" "Mozilla/5.0 (iPhone; CPU iPhone OS 18_6 like Mac OS X) AppleWebKit/605.1.15 (KHTML, like Gecko)  Mobile/15E148 wxwork/5.0.2 MicroMessenger/7.0.1 Language/zh ColorScheme/Light wwmver/3.26.502.378"
39.144.224.54 - - [10/Dec/2025:12:12:53 +0800] "GET /wp-content/uploads/2025/09/1756868614-20250903104654_74_5.webp HTTP/1.1" 304 0 "http://cqqizhou.com/2339/" "Mozilla/5.0 (iPhone; CPU iPhone OS 18_6 like Mac OS X) AppleWebKit/605.1.15 (KHTML, like Gecko)  Mobile/15E148 wxwork/5.0.2 MicroMessenger/7.0.1 Language/zh ColorScheme/Light wwmver/3.26.502.378"
39.144.224.54 - - [10/Dec/2025:12:12:53 +0800] "GET /wp-content/uploads/2025/07/1751425283-qizhou.kf_.qq_.com_.webp HTTP/1.1" 304 0 "http://cqqizhou.com/2339/" "Mozilla/5.0 (iPhone; CPU iPhone OS 18_6 like Mac OS X) AppleWebKit/605.1.15 (KHTML, like Gecko)  Mobile/15E148 wxwork/5.0.2 MicroMessenger/7.0.1 Language/zh ColorScheme/Light wwmver/3.26.502.378"
39.144.224.54 - - [10/Dec/2025:12:12:53 +0800] "GET /wp-content/uploads/2025/08/1755826456-DSC01841.webp HTTP/1.1" 304 0 "http://cqqizhou.com/2339/" "Mozilla/5.0 (iPhone; CPU iPhone OS 18_6 like Mac OS X) AppleWebKit/605.1.15 (KHTML, like Gecko)  Mobile/15E148 wxwork/5.0.2 MicroMessenger/7.0.1 Language/zh ColorScheme/Light wwmver/3.26.502.378"
39.144.224.54 - - [10/Dec/2025:12:12:53 +0800] "GET /wp-content/uploads/2025/07/1753410289-News2000%C3%97400_202571.webp HTTP/1.1" 304 0 "http://cqqizhou.com/2339/" "Mozilla/5.0 (iPhone; CPU iPhone OS 18_6 like Mac OS X) AppleWebKit/605.1.15 (KHTML, like Gecko)  Mobile/15E148 wxwork/5.0.2 MicroMessenger/7.0.1 Language/zh ColorScheme/Light wwmver/3.26.502.378"
39.144.224.54 - - [10/Dec/2025:12:12:53 +0800] "GET /wp-content/uploads/2025/12/1765248735-20251209104226_108_60.webp HTTP/1.1" 200 55962 "http://cqqizhou.com/2339/" "Mozilla/5.0 (iPhone; CPU iPhone OS 18_6 like Mac OS X) AppleWebKit/605.1.15 (KHTML, like Gecko)  Mobile/15E148 wxwork/5.0.2 MicroMessenger/7.0.1 Language/zh ColorScheme/Light wwmver/3.26.502.378"
39.144.224.54 - - [10/Dec/2025:12:12:53 +0800] "GET /wp-content/uploads/2025/12/1765248770-20251209104226_107_60.webp HTTP/1.1" 200 66916 "http://cqqizhou.com/2339/" "Mozilla/5.0 (iPhone; CPU iPhone OS 18_6 like Mac OS X) AppleWebKit/605.1.15 (KHTML, like Gecko)  Mobile/15E148 wxwork/5.0.2 MicroMessenger/7.0.1 Language/zh ColorScheme/Light wwmver/3.26.502.378"
39.144.224.54 - - [10/Dec/2025:12:13:08 +0800] "GET /wp-content/uploads/2025/12/1765249046-20251209104228_110_60.webp HTTP/1.1" 200 64834 "http://cqqizhou.com/2339/" "Mozilla/5.0 (iPhone; CPU iPhone OS 18_6 like Mac OS X) AppleWebKit/605.1.15 (KHTML, like Gecko)  Mobile/15E148 wxwork/5.0.2 MicroMessenger/7.0.1 Language/zh ColorScheme/Light wwmver/3.26.502.378"
36.133.115.36 - - [10/Dec/2025:12:14:40 +0800] "POST /wp-cron.php?doing_wp_cron=1765340080.4502639770507812500000 HTTP/1.1" 200 31 "-" "WordPress/6.8.3; http://cqqizhou.com"
106.85.31.107 - - [10/Dec/2025:12:14:40 +0800] "GET /2339/ HTTP/1.1" 200 20633 "-" "Mozilla/5.0 (Linux; Android 12; BMH-AN10 Build/HUAWEIBMH-AN10; wv) AppleWebKit/537.36 (KHTML, like Gecko) Version/4.0 Chrome/138.0.7204.180 Mobile Safari/537.36 XWEB/1380215 MMWEBSDK/20250202 MMWEBID/1020 wxwork/5.0.2 MicroMessenger/7.0.1 NetType/4G Language/zh Lang/zh ColorScheme/Light wwmver/3.26.502.634"
106.85.31.107 - - [10/Dec/2025:12:14:41 +0800] "GET /wp-content/uploads/2025/12/1765253089-20251209103501_96_61-768x576.webp HTTP/1.1" 200 37612 "http://cqqizhou.com/2339/" "Mozilla/5.0 (Linux; Android 12; BMH-AN10 Build/HUAWEIBMH-AN10; wv) AppleWebKit/537.36 (KHTML, like Gecko) Version/4.0 Chrome/138.0.7204.180 Mobile Safari/537.36 XWEB/1380215 MMWEBSDK/20250202 MMWEBID/1020 wxwork/5.0.2 MicroMessenger/7.0.1 NetType/4G Language/zh Lang/zh ColorScheme/Light wwmver/3.26.502.634"
106.85.31.107 - - [10/Dec/2025:12:14:41 +0800] "GET /wp-content/uploads/2025/12/1765248735-20251209104226_108_60-768x576.webp HTTP/1.1" 200 53052 "http://cqqizhou.com/2339/" "Mozilla/5.0 (Linux; Android 12; BMH-AN10 Build/HUAWEIBMH-AN10; wv) AppleWebKit/537.36 (KHTML, like Gecko) Version/4.0 Chrome/138.0.7204.180 Mobile Safari/537.36 XWEB/1380215 MMWEBSDK/20250202 MMWEBID/1020 wxwork/5.0.2 MicroMessenger/7.0.1 NetType/4G Language/zh Lang/zh ColorScheme/Light wwmver/3.26.502.634"
106.85.31.107 - - [10/Dec/2025:12:14:41 +0800] "GET /wp-content/uploads/2025/09/1756868614-20250903104654_74_5-150x150.webp HTTP/1.1" 200 5712 "http://cqqizhou.com/2339/" "Mozilla/5.0 (Linux; Android 12; BMH-AN10 Build/HUAWEIBMH-AN10; wv) AppleWebKit/537.36 (KHTML, like Gecko) Version/4.0 Chrome/138.0.7204.180 Mobile Safari/537.36 XWEB/1380215 MMWEBSDK/20250202 MMWEBID/1020 wxwork/5.0.2 MicroMessenger/7.0.1 NetType/4G Language/zh Lang/zh ColorScheme/Light wwmver/3.26.502.634"
106.85.31.107 - - [10/Dec/2025:12:14:41 +0800] "GET /wp-content/uploads/2025/09/1756868614-20250903104654_74_5-768x346.webp HTTP/1.1" 200 43274 "http://cqqizhou.com/2339/" "Mozilla/5.0 (Linux; Android 12; BMH-AN10 Build/HUAWEIBMH-AN10; wv) AppleWebKit/537.36 (KHTML, like Gecko) Version/4.0 Chrome/138.0.7204.180 Mobile Safari/537.36 XWEB/1380215 MMWEBSDK/20250202 MMWEBID/1020 wxwork/5.0.2 MicroMessenger/7.0.1 NetType/4G Language/zh Lang/zh ColorScheme/Light wwmver/3.26.502.634"
106.85.31.107 - - [10/Dec/2025:12:14:41 +0800] "GET /wp-content/uploads/2025/12/1765248770-20251209104226_107_60-768x576.webp HTTP/1.1" 200 67802 "http://cqqizhou.com/2339/" "Mozilla/5.0 (Linux; Android 12; BMH-AN10 Build/HUAWEIBMH-AN10; wv) AppleWebKit/537.36 (KHTML, like Gecko) Version/4.0 Chrome/138.0.7204.180 Mobile Safari/537.36 XWEB/1380215 MMWEBSDK/20250202 MMWEBID/1020 wxwork/5.0.2 MicroMessenger/7.0.1 NetType/4G Language/zh Lang/zh ColorScheme/Light wwmver/3.26.502.634"
106.85.31.107 - - [10/Dec/2025:12:14:41 +0800] "GET /wp-content/uploads/2025/07/1753410289-News2000%C3%97400_202571.webp HTTP/1.1" 200 17830 "http://cqqizhou.com/2339/" "Mozilla/5.0 (Linux; Android 12; BMH-AN10 Build/HUAWEIBMH-AN10; wv) AppleWebKit/537.36 (KHTML, like Gecko) Version/4.0 Chrome/138.0.7204.180 Mobile Safari/537.36 XWEB/1380215 MMWEBSDK/20250202 MMWEBID/1020 wxwork/5.0.2 MicroMessenger/7.0.1 NetType/4G Language/zh Lang/zh ColorScheme/Light wwmver/3.26.502.634"
106.85.31.107 - - [10/Dec/2025:12:14:41 +0800] "GET /wp-content/uploads/2025/08/1755826456-DSC01841-768x432.webp HTTP/1.1" 200 82118 "http://cqqizhou.com/2339/" "Mozilla/5.0 (Linux; Android 12; BMH-AN10 Build/HUAWEIBMH-AN10; wv) AppleWebKit/537.36 (KHTML, like Gecko) Version/4.0 Chrome/138.0.7204.180 Mobile Safari/537.36 XWEB/1380215 MMWEBSDK/20250202 MMWEBID/1020 wxwork/5.0.2 MicroMessenger/7.0.1 NetType/4G Language/zh Lang/zh ColorScheme/Light wwmver/3.26.502.634"
106.85.31.107 - - [10/Dec/2025:12:14:41 +0800] "GET /wp-content/uploads/2025/12/1765249046-20251209104228_110_60-768x576.webp HTTP/1.1" 200 62052 "http://cqqizhou.com/2339/" "Mozilla/5.0 (Linux; Android 12; BMH-AN10 Build/HUAWEIBMH-AN10; wv) AppleWebKit/537.36 (KHTML, like Gecko) Version/4.0 Chrome/138.0.7204.180 Mobile Safari/537.36 XWEB/1380215 MMWEBSDK/20250202 MMWEBID/1020 wxwork/5.0.2 MicroMessenger/7.0.1 NetType/4G Language/zh Lang/zh ColorScheme/Light wwmver/3.26.502.634"
106.85.31.107 - - [10/Dec/2025:12:14:41 +0800] "GET /wp-content/uploads/2025/07/1751425283-qizhou.kf_.qq_.com_.webp HTTP/1.1" 200 16864 "http://cqqizhou.com/2339/" "Mozilla/5.0 (Linux; Android 12; BMH-AN10 Build/HUAWEIBMH-AN10; wv) AppleWebKit/537.36 (KHTML, like Gecko) Version/4.0 Chrome/138.0.7204.180 Mobile Safari/537.36 XWEB/1380215 MMWEBSDK/20250202 MMWEBID/1020 wxwork/5.0.2 MicroMessenger/7.0.1 NetType/4G Language/zh Lang/zh ColorScheme/Light wwmver/3.26.502.634"
36.133.115.36 - - [10/Dec/2025:12:15:42 +0800] "POST /wp-cron.php?doing_wp_cron=1765340141.9684140682220458984375 HTTP/1.1" 200 31 "-" "WordPress/6.8.3; http://cqqizhou.com"
106.80.167.137 - - [10/Dec/2025:12:15:42 +0800] "GET /2339/ HTTP/1.1" 200 20633 "-" "Mozilla/5.0 (Linux; Android 12; TFY-AN00 Build/HONORTFY-AN00; wv) AppleWebKit/537.36 (KHTML, like Gecko) Version/4.0 Chrome/138.0.7204.180 Mobile Safari/537.36 XWEB/1380275 MMWEBSDK/20250202 MMWEBID/3927 wxwork/5.0.2 MicroMessenger/7.0.1 NetType/4G Language/zh Lang/zh ColorScheme/Light wwmver/3.26.502.634"
106.80.167.137 - - [10/Dec/2025:12:15:42 +0800] "GET /wp-content/uploads/2025/12/1765253089-20251209103501_96_61.webp HTTP/1.1" 304 0 "http://cqqizhou.com/2339/" "Mozilla/5.0 (Linux; Android 12; TFY-AN00 Build/HONORTFY-AN00; wv) AppleWebKit/537.36 (KHTML, like Gecko) Version/4.0 Chrome/138.0.7204.180 Mobile Safari/537.36 XWEB/1380275 MMWEBSDK/20250202 MMWEBID/3927 wxwork/5.0.2 MicroMessenger/7.0.1 NetType/4G Language/zh Lang/zh ColorScheme/Light wwmver/3.26.502.634"
106.80.167.137 - - [10/Dec/2025:12:15:42 +0800] "GET /wp-content/uploads/2025/12/1765248735-20251209104226_108_60.webp HTTP/1.1" 304 0 "http://cqqizhou.com/2339/" "Mozilla/5.0 (Linux; Android 12; TFY-AN00 Build/HONORTFY-AN00; wv) AppleWebKit/537.36 (KHTML, like Gecko) Version/4.0 Chrome/138.0.7204.180 Mobile Safari/537.36 XWEB/1380275 MMWEBSDK/20250202 MMWEBID/3927 wxwork/5.0.2 MicroMessenger/7.0.1 NetType/4G Language/zh Lang/zh ColorScheme/Light wwmver/3.26.502.634"
106.80.167.137 - - [10/Dec/2025:12:15:42 +0800] "GET /wp-content/uploads/2025/12/1765248770-20251209104226_107_60.webp HTTP/1.1" 304 0 "http://cqqizhou.com/2339/" "Mozilla/5.0 (Linux; Android 12; TFY-AN00 Build/HONORTFY-AN00; wv) AppleWebKit/537.36 (KHTML, like Gecko) Version/4.0 Chrome/138.0.7204.180 Mobile Safari/537.36 XWEB/1380275 MMWEBSDK/20250202 MMWEBID/3927 wxwork/5.0.2 MicroMessenger/7.0.1 NetType/4G Language/zh Lang/zh ColorScheme/Light wwmver/3.26.502.634"
106.80.167.137 - - [10/Dec/2025:12:15:42 +0800] "GET /wp-content/uploads/2025/12/1765249046-20251209104228_110_60.webp HTTP/1.1" 304 0 "http://cqqizhou.com/2339/" "Mozilla/5.0 (Linux; Android 12; TFY-AN00 Build/HONORTFY-AN00; wv) AppleWebKit/537.36 (KHTML, like Gecko) Version/4.0 Chrome/138.0.7204.180 Mobile Safari/537.36 XWEB/1380275 MMWEBSDK/20250202 MMWEBID/3927 wxwork/5.0.2 MicroMessenger/7.0.1 NetType/4G Language/zh Lang/zh ColorScheme/Light wwmver/3.26.502.634"
36.133.115.36 - - [10/Dec/2025:12:16:45 +0800] "POST /wp-cron.php?doing_wp_cron=1765340205.6057529449462890625000 HTTP/1.1" 200 31 "-" "WordPress/6.8.3; http://cqqizhou.com"
43.153.86.78 - - [10/Dec/2025:12:16:45 +0800] "GET /feed/ HTTP/1.1" 200 71819 "-" "Mozilla/5.0 (iPhone; CPU iPhone OS 13_2_3 like Mac OS X) AppleWebKit/605.1.15 (KHTML, like Gecko) Version/13.0.3 Mobile/15E148 Safari/604.1"
36.133.115.36 - - [10/Dec/2025:12:18:06 +0800] "POST /wp-cron.php?doing_wp_cron=1765340286.9184820652008056640625 HTTP/1.1" 200 31 "-" "WordPress/6.8.3; http://cqqizhou.com"
14.108.232.115 - - [10/Dec/2025:12:18:07 +0800] "GET /2339/ HTTP/1.1" 200 20634 "-" "Mozilla/5.0 (Linux; Android 15; MAG-AN00 Build/HONORMAG-AN00; wv) AppleWebKit/537.36 (KHTML, like Gecko) Version/4.0 Chrome/138.0.7204.180 Mobile Safari/537.36 XWEB/1380275 MMWEBSDK/20250202 MMWEBID/4803 wxwork/5.0.2 MicroMessenger/7.0.1 NetType/WIFI Language/zh Lang/zh ColorScheme/Light wwmver/3.26.502.634"
14.108.232.115 - - [10/Dec/2025:12:18:07 +0800] "GET /wp-content/uploads/2025/12/1765253089-20251209103501_96_61.webp HTTP/1.1" 200 37758 "http://cqqizhou.com/2339/" "Mozilla/5.0 (Linux; Android 15; MAG-AN00 Build/HONORMAG-AN00; wv) AppleWebKit/537.36 (KHTML, like Gecko) Version/4.0 Chrome/138.0.7204.180 Mobile Safari/537.36 XWEB/1380275 MMWEBSDK/20250202 MMWEBID/4803 wxwork/5.0.2 MicroMessenger/7.0.1 NetType/WIFI Language/zh Lang/zh ColorScheme/Light wwmver/3.26.502.634"
14.108.232.115 - - [10/Dec/2025:12:18:07 +0800] "GET /wp-content/uploads/2025/12/1765248735-20251209104226_108_60.webp HTTP/1.1" 200 55962 "http://cqqizhou.com/2339/" "Mozilla/5.0 (Linux; Android 15; MAG-AN00 Build/HONORMAG-AN00; wv) AppleWebKit/537.36 (KHTML, like Gecko) Version/4.0 Chrome/138.0.7204.180 Mobile Safari/537.36 XWEB/1380275 MMWEBSDK/20250202 MMWEBID/4803 wxwork/5.0.2 MicroMessenger/7.0.1 NetType/WIFI Language/zh Lang/zh ColorScheme/Light wwmver/3.26.502.634"
14.108.232.115 - - [10/Dec/2025:12:18:07 +0800] "GET /wp-content/uploads/2025/12/1765248770-20251209104226_107_60.webp HTTP/1.1" 200 66916 "http://cqqizhou.com/2339/" "Mozilla/5.0 (Linux; Android 15; MAG-AN00 Build/HONORMAG-AN00; wv) AppleWebKit/537.36 (KHTML, like Gecko) Version/4.0 Chrome/138.0.7204.180 Mobile Safari/537.36 XWEB/1380275 MMWEBSDK/20250202 MMWEBID/4803 wxwork/5.0.2 MicroMessenger/7.0.1 NetType/WIFI Language/zh Lang/zh ColorScheme/Light wwmver/3.26.502.634"
14.108.232.115 - - [10/Dec/2025:12:18:07 +0800] "GET /wp-content/uploads/2025/09/1756868614-20250903104654_74_5-150x150.webp HTTP/1.1" 200 5712 "http://cqqizhou.com/2339/" "Mozilla/5.0 (Linux; Android 15; MAG-AN00 Build/HONORMAG-AN00; wv) AppleWebKit/537.36 (KHTML, like Gecko) Version/4.0 Chrome/138.0.7204.180 Mobile Safari/537.36 XWEB/1380275 MMWEBSDK/20250202 MMWEBID/4803 wxwork/5.0.2 MicroMessenger/7.0.1 NetType/WIFI Language/zh Lang/zh ColorScheme/Light wwmver/3.26.502.634"
14.108.232.115 - - [10/Dec/2025:12:18:07 +0800] "GET /wp-content/uploads/2025/09/1756868614-20250903104654_74_5.webp HTTP/1.1" 200 47858 "http://cqqizhou.com/2339/" "Mozilla/5.0 (Linux; Android 15; MAG-AN00 Build/HONORMAG-AN00; wv) AppleWebKit/537.36 (KHTML, like Gecko) Version/4.0 Chrome/138.0.7204.180 Mobile Safari/537.36 XWEB/1380275 MMWEBSDK/20250202 MMWEBID/4803 wxwork/5.0.2 MicroMessenger/7.0.1 NetType/WIFI Language/zh Lang/zh ColorScheme/Light wwmver/3.26.502.634"
14.108.232.115 - - [10/Dec/2025:12:18:07 +0800] "GET /wp-content/uploads/2025/07/1753410289-News2000%C3%97400_202571.webp HTTP/1.1" 200 17830 "http://cqqizhou.com/2339/" "Mozilla/5.0 (Linux; Android 15; MAG-AN00 Build/HONORMAG-AN00; wv) AppleWebKit/537.36 (KHTML, like Gecko) Version/4.0 Chrome/138.0.7204.180 Mobile Safari/537.36 XWEB/1380275 MMWEBSDK/20250202 MMWEBID/4803 wxwork/5.0.2 MicroMessenger/7.0.1 NetType/WIFI Language/zh Lang/zh ColorScheme/Light wwmver/3.26.502.634"
14.108.232.115 - - [10/Dec/2025:12:18:07 +0800] "GET /wp-content/uploads/2025/08/1755826456-DSC01841.webp HTTP/1.1" 200 87046 "http://cqqizhou.com/2339/" "Mozilla/5.0 (Linux; Android 15; MAG-AN00 Build/HONORMAG-AN00; wv) AppleWebKit/537.36 (KHTML, like Gecko) Version/4.0 Chrome/138.0.7204.180 Mobile Safari/537.36 XWEB/1380275 MMWEBSDK/20250202 MMWEBID/4803 wxwork/5.0.2 MicroMessenger/7.0.1 NetType/WIFI Language/zh Lang/zh ColorScheme/Light wwmver/3.26.502.634"
14.108.232.115 - - [10/Dec/2025:12:18:07 +0800] "GET /wp-content/uploads/2025/07/1751425283-qizhou.kf_.qq_.com_.webp HTTP/1.1" 200 16864 "http://cqqizhou.com/2339/" "Mozilla/5.0 (Linux; Android 15; MAG-AN00 Build/HONORMAG-AN00; wv) AppleWebKit/537.36 (KHTML, like Gecko) Version/4.0 Chrome/138.0.7204.180 Mobile Safari/537.36 XWEB/1380275 MMWEBSDK/20250202 MMWEBID/4803 wxwork/5.0.2 MicroMessenger/7.0.1 NetType/WIFI Language/zh Lang/zh ColorScheme/Light wwmver/3.26.502.634"
14.108.232.115 - - [10/Dec/2025:12:18:07 +0800] "GET /wp-content/uploads/2025/12/1765249046-20251209104228_110_60.webp HTTP/1.1" 200 64834 "http://cqqizhou.com/2339/" "Mozilla/5.0 (Linux; Android 15; MAG-AN00 Build/HONORMAG-AN00; wv) AppleWebKit/537.36 (KHTML, like Gecko) Version/4.0 Chrome/138.0.7204.180 Mobile Safari/537.36 XWEB/1380275 MMWEBSDK/20250202 MMWEBID/4803 wxwork/5.0.2 MicroMessenger/7.0.1 NetType/WIFI Language/zh Lang/zh ColorScheme/Light wwmver/3.26.502.634"
36.133.115.36 - - [10/Dec/2025:12:19:13 +0800] "POST /wp-cron.php?doing_wp_cron=1765340353.8827219009399414062500 HTTP/1.1" 200 31 "-" "WordPress/6.8.3; http://cqqizhou.com"
14.108.232.115 - - [10/Dec/2025:12:19:14 +0800] "GET /2339/ HTTP/1.1" 200 20633 "-" "Mozilla/5.0 (Linux; Android 15; MAG-AN00 Build/HONORMAG-AN00; wv) AppleWebKit/537.36 (KHTML, like Gecko) Version/4.0 Chrome/138.0.7204.180 Mobile Safari/537.36 XWEB/1380275 MMWEBSDK/20250202 MMWEBID/4803 wxwork/5.0.2 MicroMessenger/7.0.1 NetType/WIFI Language/zh Lang/zh ColorScheme/Light wwmver/3.26.502.634"
14.108.232.115 - - [10/Dec/2025:12:19:36 +0800] "GET /2215/ HTTP/1.1" 200 20141 "http://cqqizhou.com/2339/" "Mozilla/5.0 (Linux; Android 15; MAG-AN00 Build/HONORMAG-AN00; wv) AppleWebKit/537.36 (KHTML, like Gecko) Version/4.0 Chrome/138.0.7204.180 Mobile Safari/537.36 XWEB/1380275 MMWEBSDK/20250202 MMWEBID/4803 wxwork/5.0.2 MicroMessenger/7.0.1 NetType/WIFI Language/zh Lang/zh ColorScheme/Light wwmver/3.26.502.634"
14.108.232.115 - - [10/Dec/2025:12:19:36 +0800] "GET /wp-content/uploads/2025/08/1755826390-DSC01765-150x150.webp HTTP/1.1" 200 6586 "http://cqqizhou.com/2215/" "Mozilla/5.0 (Linux; Android 15; MAG-AN00 Build/HONORMAG-AN00; wv) AppleWebKit/537.36 (KHTML, like Gecko) Version/4.0 Chrome/138.0.7204.180 Mobile Safari/537.36 XWEB/1380275 MMWEBSDK/20250202 MMWEBID/4803 wxwork/5.0.2 MicroMessenger/7.0.1 NetType/WIFI Language/zh Lang/zh ColorScheme/Light wwmver/3.26.502.634"
36.133.115.36 - - [10/Dec/2025:12:20:50 +0800] "POST /wp-cron.php?doing_wp_cron=1765340450.5642390251159667968750 HTTP/1.1" 200 31 "-" "WordPress/6.8.3; http://cqqizhou.com"
43.157.22.57 - - [10/Dec/2025:12:20:50 +0800] "GET /contacts/ HTTP/1.1" 200 18711 "-" "Mozilla/5.0 (iPhone; CPU iPhone OS 13_2_3 like Mac OS X) AppleWebKit/605.1.15 (KHTML, like Gecko) Version/13.0.3 Mobile/15E148 Safari/604.1"
39.144.224.109 - - [10/Dec/2025:12:21:21 +0800] "GET /2339/ HTTP/1.1" 200 20633 "-" "Mozilla/5.0 (Linux; Android 14; V2133A Build/UP1A.231005.007; wv) AppleWebKit/537.36 (KHTML, like Gecko) Version/4.0 Chrome/138.0.7204.180 Mobile Safari/537.36 XWEB/1380275 MMWEBSDK/20250202 MMWEBID/1390 wxwork/5.0.2 MicroMessenger/7.0.1 NetType/4G Language/zh Lang/zh ColorScheme/Light wwmver/3.26.502.634"
39.144.224.109 - - [10/Dec/2025:12:21:21 +0800] "GET /wp-content/uploads/2025/12/1765253089-20251209103501_96_61.webp HTTP/1.1" 200 37758 "http://cqqizhou.com/2339/" "Mozilla/5.0 (Linux; Android 14; V2133A Build/UP1A.231005.007; wv) AppleWebKit/537.36 (KHTML, like Gecko) Version/4.0 Chrome/138.0.7204.180 Mobile Safari/537.36 XWEB/1380275 MMWEBSDK/20250202 MMWEBID/1390 wxwork/5.0.2 MicroMessenger/7.0.1 NetType/4G Language/zh Lang/zh ColorScheme/Light wwmver/3.26.502.634"
39.144.224.109 - - [10/Dec/2025:12:21:21 +0800] "GET /wp-content/uploads/2025/12/1765248770-20251209104226_107_60.webp HTTP/1.1" 200 66916 "http://cqqizhou.com/2339/" "Mozilla/5.0 (Linux; Android 14; V2133A Build/UP1A.231005.007; wv) AppleWebKit/537.36 (KHTML, like Gecko) Version/4.0 Chrome/138.0.7204.180 Mobile Safari/537.36 XWEB/1380275 MMWEBSDK/20250202 MMWEBID/1390 wxwork/5.0.2 MicroMessenger/7.0.1 NetType/4G Language/zh Lang/zh ColorScheme/Light wwmver/3.26.502.634"
39.144.224.109 - - [10/Dec/2025:12:21:21 +0800] "GET /wp-content/uploads/2025/12/1765248735-20251209104226_108_60.webp HTTP/1.1" 200 55962 "http://cqqizhou.com/2339/" "Mozilla/5.0 (Linux; Android 14; V2133A Build/UP1A.231005.007; wv) AppleWebKit/537.36 (KHTML, like Gecko) Version/4.0 Chrome/138.0.7204.180 Mobile Safari/537.36 XWEB/1380275 MMWEBSDK/20250202 MMWEBID/1390 wxwork/5.0.2 MicroMessenger/7.0.1 NetType/4G Language/zh Lang/zh ColorScheme/Light wwmver/3.26.502.634"
39.144.224.109 - - [10/Dec/2025:12:21:21 +0800] "GET /wp-content/uploads/2025/09/1756868614-20250903104654_74_5-150x150.webp HTTP/1.1" 200 5712 "http://cqqizhou.com/2339/" "Mozilla/5.0 (Linux; Android 14; V2133A Build/UP1A.231005.007; wv) AppleWebKit/537.36 (KHTML, like Gecko) Version/4.0 Chrome/138.0.7204.180 Mobile Safari/537.36 XWEB/1380275 MMWEBSDK/20250202 MMWEBID/1390 wxwork/5.0.2 MicroMessenger/7.0.1 NetType/4G Language/zh Lang/zh ColorScheme/Light wwmver/3.26.502.634"
39.144.224.109 - - [10/Dec/2025:12:21:21 +0800] "GET /wp-content/uploads/2025/09/1756868614-20250903104654_74_5.webp HTTP/1.1" 304 0 "http://cqqizhou.com/2339/" "Mozilla/5.0 (Linux; Android 14; V2133A Build/UP1A.231005.007; wv) AppleWebKit/537.36 (KHTML, like Gecko) Version/4.0 Chrome/138.0.7204.180 Mobile Safari/537.36 XWEB/1380275 MMWEBSDK/20250202 MMWEBID/1390 wxwork/5.0.2 MicroMessenger/7.0.1 NetType/4G Language/zh Lang/zh ColorScheme/Light wwmver/3.26.502.634"
39.144.224.109 - - [10/Dec/2025:12:21:21 +0800] "GET /wp-content/uploads/2025/07/1753410289-News2000%C3%97400_202571.webp HTTP/1.1" 304 0 "http://cqqizhou.com/2339/" "Mozilla/5.0 (Linux; Android 14; V2133A Build/UP1A.231005.007; wv) AppleWebKit/537.36 (KHTML, like Gecko) Version/4.0 Chrome/138.0.7204.180 Mobile Safari/537.36 XWEB/1380275 MMWEBSDK/20250202 MMWEBID/1390 wxwork/5.0.2 MicroMessenger/7.0.1 NetType/4G Language/zh Lang/zh ColorScheme/Light wwmver/3.26.502.634"
39.144.224.109 - - [10/Dec/2025:12:21:22 +0800] "GET /wp-content/uploads/2025/12/1765249046-20251209104228_110_60.webp HTTP/1.1" 200 64834 "http://cqqizhou.com/2339/" "Mozilla/5.0 (Linux; Android 14; V2133A Build/UP1A.231005.007; wv) AppleWebKit/537.36 (KHTML, like Gecko) Version/4.0 Chrome/138.0.7204.180 Mobile Safari/537.36 XWEB/1380275 MMWEBSDK/20250202 MMWEBID/1390 wxwork/5.0.2 MicroMessenger/7.0.1 NetType/4G Language/zh Lang/zh ColorScheme/Light wwmver/3.26.502.634"
39.144.224.109 - - [10/Dec/2025:12:21:22 +0800] "GET /wp-content/uploads/2025/08/1755826456-DSC01841.webp HTTP/1.1" 304 0 "http://cqqizhou.com/2339/" "Mozilla/5.0 (Linux; Android 14; V2133A Build/UP1A.231005.007; wv) AppleWebKit/537.36 (KHTML, like Gecko) Version/4.0 Chrome/138.0.7204.180 Mobile Safari/537.36 XWEB/1380275 MMWEBSDK/20250202 MMWEBID/1390 wxwork/5.0.2 MicroMessenger/7.0.1 NetType/4G Language/zh Lang/zh ColorScheme/Light wwmver/3.26.502.634"
39.144.224.109 - - [10/Dec/2025:12:21:22 +0800] "GET /wp-content/uploads/2025/07/1751425283-qizhou.kf_.qq_.com_.webp HTTP/1.1" 304 0 "http://cqqizhou.com/2339/" "Mozilla/5.0 (Linux; Android 14; V2133A Build/UP1A.231005.007; wv) AppleWebKit/537.36 (KHTML, like Gecko) Version/4.0 Chrome/138.0.7204.180 Mobile Safari/537.36 XWEB/1380275 MMWEBSDK/20250202 MMWEBID/1390 wxwork/5.0.2 MicroMessenger/7.0.1 NetType/4G Language/zh Lang/zh ColorScheme/Light wwmver/3.26.502.634"
183.207.45.122 - - [10/Dec/2025:12:22:22 +0800] "GET / HTTP/1.1" 200 153978 "-" "Mozilla/5.0 (Windows NT 10.0; Win64; x64) AppleWebKit/537.36 (KHTML, like Gecko) Chrome/59.0.3071.104 Safari/537.36"
36.133.115.36 - - [10/Dec/2025:12:23:05 +0800] "POST /wp-cron.php?doing_wp_cron=1765340584.9805769920349121093750 HTTP/1.1" 200 31 "-" "WordPress/6.8.3; http://cqqizhou.com"
39.144.224.109 - - [10/Dec/2025:12:23:05 +0800] "GET /2231/ HTTP/1.1" 200 19674 "http://cqqizhou.com/2339/" "Mozilla/5.0 (Linux; Android 14; V2133A Build/UP1A.231005.007; wv) AppleWebKit/537.36 (KHTML, like Gecko) Version/4.0 Chrome/138.0.7204.180 Mobile Safari/537.36 XWEB/1380275 MMWEBSDK/20250202 MMWEBID/1390 wxwork/5.0.2 MicroMessenger/7.0.1 NetType/4G Language/zh Lang/zh ColorScheme/Light wwmver/3.26.502.634"
39.144.224.109 - - [10/Dec/2025:12:23:05 +0800] "GET /wp-content/uploads/2025/09/1756868585-20250903104658_78_5.webp HTTP/1.1" 304 0 "http://cqqizhou.com/2231/" "Mozilla/5.0 (Linux; Android 14; V2133A Build/UP1A.231005.007; wv) AppleWebKit/537.36 (KHTML, like Gecko) Version/4.0 Chrome/138.0.7204.180 Mobile Safari/537.36 XWEB/1380275 MMWEBSDK/20250202 MMWEBID/1390 wxwork/5.0.2 MicroMessenger/7.0.1 NetType/4G Language/zh Lang/zh ColorScheme/Light wwmver/3.26.502.634"
39.144.224.109 - - [10/Dec/2025:12:23:05 +0800] "GET /wp-content/uploads/2025/08/1755826456-DSC01841-150x150.webp HTTP/1.1" 304 0 "http://cqqizhou.com/2231/" "Mozilla/5.0 (Linux; Android 14; V2133A Build/UP1A.231005.007; wv) AppleWebKit/537.36 (KHTML, like Gecko) Version/4.0 Chrome/138.0.7204.180 Mobile Safari/537.36 XWEB/1380275 MMWEBSDK/20250202 MMWEBID/1390 wxwork/5.0.2 MicroMessenger/7.0.1 NetType/4G Language/zh Lang/zh ColorScheme/Light wwmver/3.26.502.634"
39.144.224.109 - - [10/Dec/2025:12:23:05 +0800] "GET /wp-content/uploads/2025/12/1765253089-20251209103501_96_61-150x150.webp HTTP/1.1" 200 5198 "http://cqqizhou.com/2231/" "Mozilla/5.0 (Linux; Android 14; V2133A Build/UP1A.231005.007; wv) AppleWebKit/537.36 (KHTML, like Gecko) Version/4.0 Chrome/138.0.7204.180 Mobile Safari/537.36 XWEB/1380275 MMWEBSDK/20250202 MMWEBID/1390 wxwork/5.0.2 MicroMessenger/7.0.1 NetType/4G Language/zh Lang/zh ColorScheme/Light wwmver/3.26.502.634"
36.133.115.36 - - [10/Dec/2025:12:29:57 +0800] "POST /wp-cron.php?doing_wp_cron=1765340997.2567639350891113281250 HTTP/1.1" 200 31 "-" "WordPress/6.8.3; http://cqqizhou.com"
43.167.245.18 - - [10/Dec/2025:12:29:57 +0800] "GET /bug HTTP/1.1" 301 5 "-" "Mozilla/5.0 (iPhone; CPU iPhone OS 13_2_3 like Mac OS X) AppleWebKit/605.1.15 (KHTML, like Gecko) Version/13.0.3 Mobile/15E148 Safari/604.1"
43.167.245.18 - - [10/Dec/2025:12:29:59 +0800] "GET /bug/ HTTP/1.1" 200 11633 "http://36.133.115.36/bug" "Mozilla/5.0 (iPhone; CPU iPhone OS 13_2_3 like Mac OS X) AppleWebKit/605.1.15 (KHTML, like Gecko) Version/13.0.3 Mobile/15E148 Safari/604.1"
36.133.115.36 - - [10/Dec/2025:12:33:29 +0800] "POST /wp-cron.php?doing_wp_cron=1765341209.4784049987792968750000 HTTP/1.1" 200 31 "-" "WordPress/6.8.3; http://cqqizhou.com"
51.77.216.81 - - [10/Dec/2025:12:33:29 +0800] "GET /robots.txt HTTP/1.1" 200 390 "-" "Mozilla/5.0 (compatible; MJ12bot/v1.4.8; http://mj12bot.com/)"
51.77.216.81 - - [10/Dec/2025:12:33:31 +0800] "GET /2339/ HTTP/1.1" 200 21005 "-" "Mozilla/5.0 (compatible; MJ12bot/v1.4.8; http://mj12bot.com/)"
36.133.115.36 - - [10/Dec/2025:12:36:15 +0800] "POST /wp-cron.php?doing_wp_cron=1765341375.0193340778350830078125 HTTP/1.1" 200 31 "-" "WordPress/6.8.3; http://cqqizhou.com"
106.88.213.70 - - [10/Dec/2025:12:36:15 +0800] "GET /2339/ HTTP/1.1" 200 20633 "-" "Mozilla/5.0 (Linux; Android 15; BRC-AN00 Build/HONORBRC-AN00; wv) AppleWebKit/537.36 (KHTML, like Gecko) Version/4.0 Chrome/138.0.7204.180 Mobile Safari/537.36 XWEB/1380275 MMWEBSDK/20250202 MMWEBID/8872 wxwork/5.0.0 MicroMessenger/7.0.1 NetType/4G Language/zh Lang/zh ColorScheme/Dark wwmver/3.26.500.650"
106.88.213.70 - - [10/Dec/2025:12:36:15 +0800] "GET /wp-content/uploads/2025/12/1765253089-20251209103501_96_61.webp HTTP/1.1" 200 37758 "http://cqqizhou.com/2339/" "Mozilla/5.0 (Linux; Android 15; BRC-AN00 Build/HONORBRC-AN00; wv) AppleWebKit/537.36 (KHTML, like Gecko) Version/4.0 Chrome/138.0.7204.180 Mobile Safari/537.36 XWEB/1380275 MMWEBSDK/20250202 MMWEBID/8872 wxwork/5.0.0 MicroMessenger/7.0.1 NetType/4G Language/zh Lang/zh ColorScheme/Dark wwmver/3.26.500.650"
106.88.213.70 - - [10/Dec/2025:12:36:15 +0800] "GET /wp-content/uploads/2025/12/1765248770-20251209104226_107_60.webp HTTP/1.1" 200 66916 "http://cqqizhou.com/2339/" "Mozilla/5.0 (Linux; Android 15; BRC-AN00 Build/HONORBRC-AN00; wv) AppleWebKit/537.36 (KHTML, like Gecko) Version/4.0 Chrome/138.0.7204.180 Mobile Safari/537.36 XWEB/1380275 MMWEBSDK/20250202 MMWEBID/8872 wxwork/5.0.0 MicroMessenger/7.0.1 NetType/4G Language/zh Lang/zh ColorScheme/Dark wwmver/3.26.500.650"
106.88.213.70 - - [10/Dec/2025:12:36:15 +0800] "GET /wp-content/uploads/2025/12/1765248735-20251209104226_108_60.webp HTTP/1.1" 200 55962 "http://cqqizhou.com/2339/" "Mozilla/5.0 (Linux; Android 15; BRC-AN00 Build/HONORBRC-AN00; wv) AppleWebKit/537.36 (KHTML, like Gecko) Version/4.0 Chrome/138.0.7204.180 Mobile Safari/537.36 XWEB/1380275 MMWEBSDK/20250202 MMWEBID/8872 wxwork/5.0.0 MicroMessenger/7.0.1 NetType/4G Language/zh Lang/zh ColorScheme/Dark wwmver/3.26.500.650"
106.88.213.70 - - [10/Dec/2025:12:36:15 +0800] "GET /wp-content/uploads/2025/09/1756868614-20250903104654_74_5-150x150.webp HTTP/1.1" 200 5712 "http://cqqizhou.com/2339/" "Mozilla/5.0 (Linux; Android 15; BRC-AN00 Build/HONORBRC-AN00; wv) AppleWebKit/537.36 (KHTML, like Gecko) Version/4.0 Chrome/138.0.7204.180 Mobile Safari/537.36 XWEB/1380275 MMWEBSDK/20250202 MMWEBID/8872 wxwork/5.0.0 MicroMessenger/7.0.1 NetType/4G Language/zh Lang/zh ColorScheme/Dark wwmver/3.26.500.650"
106.88.213.70 - - [10/Dec/2025:12:36:15 +0800] "GET /wp-content/uploads/2025/09/1756868614-20250903104654_74_5.webp HTTP/1.1" 200 47858 "http://cqqizhou.com/2339/" "Mozilla/5.0 (Linux; Android 15; BRC-AN00 Build/HONORBRC-AN00; wv) AppleWebKit/537.36 (KHTML, like Gecko) Version/4.0 Chrome/138.0.7204.180 Mobile Safari/537.36 XWEB/1380275 MMWEBSDK/20250202 MMWEBID/8872 wxwork/5.0.0 MicroMessenger/7.0.1 NetType/4G Language/zh Lang/zh ColorScheme/Dark wwmver/3.26.500.650"
106.88.213.70 - - [10/Dec/2025:12:36:15 +0800] "GET /wp-content/uploads/2025/07/1753410289-News2000%C3%97400_202571.webp HTTP/1.1" 200 17830 "http://cqqizhou.com/2339/" "Mozilla/5.0 (Linux; Android 15; BRC-AN00 Build/HONORBRC-AN00; wv) AppleWebKit/537.36 (KHTML, like Gecko) Version/4.0 Chrome/138.0.7204.180 Mobile Safari/537.36 XWEB/1380275 MMWEBSDK/20250202 MMWEBID/8872 wxwork/5.0.0 MicroMessenger/7.0.1 NetType/4G Language/zh Lang/zh ColorScheme/Dark wwmver/3.26.500.650"
106.88.213.70 - - [10/Dec/2025:12:36:15 +0800] "GET /wp-content/uploads/2025/08/1755826456-DSC01841.webp HTTP/1.1" 200 87046 "http://cqqizhou.com/2339/" "Mozilla/5.0 (Linux; Android 15; BRC-AN00 Build/HONORBRC-AN00; wv) AppleWebKit/537.36 (KHTML, like Gecko) Version/4.0 Chrome/138.0.7204.180 Mobile Safari/537.36 XWEB/1380275 MMWEBSDK/20250202 MMWEBID/8872 wxwork/5.0.0 MicroMessenger/7.0.1 NetType/4G Language/zh Lang/zh ColorScheme/Dark wwmver/3.26.500.650"
106.88.213.70 - - [10/Dec/2025:12:36:15 +0800] "GET /wp-content/uploads/2025/07/1751425283-qizhou.kf_.qq_.com_.webp HTTP/1.1" 200 16864 "http://cqqizhou.com/2339/" "Mozilla/5.0 (Linux; Android 15; BRC-AN00 Build/HONORBRC-AN00; wv) AppleWebKit/537.36 (KHTML, like Gecko) Version/4.0 Chrome/138.0.7204.180 Mobile Safari/537.36 XWEB/1380275 MMWEBSDK/20250202 MMWEBID/8872 wxwork/5.0.0 MicroMessenger/7.0.1 NetType/4G Language/zh Lang/zh ColorScheme/Dark wwmver/3.26.500.650"
106.88.213.70 - - [10/Dec/2025:12:36:15 +0800] "GET /wp-content/uploads/2025/12/1765249046-20251209104228_110_60.webp HTTP/1.1" 200 64834 "http://cqqizhou.com/2339/" "Mozilla/5.0 (Linux; Android 15; BRC-AN00 Build/HONORBRC-AN00; wv) AppleWebKit/537.36 (KHTML, like Gecko) Version/4.0 Chrome/138.0.7204.180 Mobile Safari/537.36 XWEB/1380275 MMWEBSDK/20250202 MMWEBID/8872 wxwork/5.0.0 MicroMessenger/7.0.1 NetType/4G Language/zh Lang/zh ColorScheme/Dark wwmver/3.26.500.650"
36.133.115.36 - - [10/Dec/2025:12:38:35 +0800] "POST /wp-cron.php?doing_wp_cron=1765341515.8053479194641113281250 HTTP/1.1" 200 31 "-" "WordPress/6.8.3; http://cqqizhou.com"
43.157.43.147 - - [10/Dec/2025:12:38:36 +0800] "GET /portfolio/remaining-rolls/ HTTP/1.1" 200 18701 "-" "Mozilla/5.0 (iPhone; CPU iPhone OS 13_2_3 like Mac OS X) AppleWebKit/605.1.15 (KHTML, like Gecko) Version/13.0.3 Mobile/15E148 Safari/604.1"
36.133.115.36 - - [10/Dec/2025:12:42:52 +0800] "POST /wp-cron.php?doing_wp_cron=1765341772.8506360054016113281250 HTTP/1.1" 200 31 "-" "WordPress/6.8.3; http://cqqizhou.com"
43.135.172.89 - - [10/Dec/2025:12:42:52 +0800] "GET /process/processing HTTP/1.1" 404 8981 "-" "Mozilla/5.0 (iPhone; CPU iPhone OS 13_2_3 like Mac OS X) AppleWebKit/605.1.15 (KHTML, like Gecko) Version/13.0.3 Mobile/15E148 Safari/604.1"
43.159.152.184 - - [10/Dec/2025:12:45:56 +0800] "GET /wp-content/uploads/2025/12/1764853157-ISO3-214x300.webp HTTP/1.1" 200 13896 "-" "Mozilla/5.0 (iPhone; CPU iPhone OS 13_2_3 like Mac OS X) AppleWebKit/605.1.15 (KHTML, like Gecko) Version/13.0.3 Mobile/15E148 Safari/604.1"
36.133.115.36 - - [10/Dec/2025:12:54:40 +0800] "POST /wp-cron.php?doing_wp_cron=1765342480.1868169307708740234375 HTTP/1.1" 200 31 "-" "WordPress/6.8.3; http://cqqizhou.com"
217.182.195.176 - - [10/Dec/2025:12:54:40 +0800] "GET /robots.txt HTTP/1.1" 200 390 "-" "Mozilla/5.0 (compatible; MJ12bot/v1.4.8; http://mj12bot.com/)"
217.182.195.176 - - [10/Dec/2025:12:54:42 +0800] "GET /portfolio/%E5%86%B7%E8%BD%A7%E5%8D%B7/ HTTP/1.1" 200 22077 "-" "Mozilla/5.0 (compatible; MJ12bot/v1.4.8; http://mj12bot.com/)"
36.133.115.36 - - [10/Dec/2025:12:55:02 +0800] "POST /wp-cron.php?doing_wp_cron=1765342502.6765220165252685546875 HTTP/1.1" 200 31 "-" "WordPress/6.8.3; http://cqqizhou.com"
170.106.73.216 - - [10/Dec/2025:12:55:02 +0800] "GET /about/ HTTP/1.1" 200 24048 "-" "Mozilla/5.0 (iPhone; CPU iPhone OS 13_2_3 like Mac OS X) AppleWebKit/605.1.15 (KHTML, like Gecko) Version/13.0.3 Mobile/15E148 Safari/604.1"
36.133.115.36 - - [10/Dec/2025:12:59:03 +0800] "POST /wp-cron.php?doing_wp_cron=1765342743.8099870681762695312500 HTTP/1.1" 200 31 "-" "WordPress/6.8.3; http://cqqizhou.com"
204.76.203.212 - - [10/Dec/2025:12:59:04 +0800] "GET / HTTP/1.1" 200 33673 "-" "Mozilla/5.0 (Windows NT 10.0; Win64; x64) AppleWebKit/537.36 (KHTML, like Gecko) Chrome/90.0.4430.85 Safari/537.36 Edg/90.0.818.46"
36.133.115.36 - - [10/Dec/2025:13:01:54 +0800] "POST /wp-cron.php?doing_wp_cron=1765342914.9154260158538818359375 HTTP/1.1" 200 31 "-" "WordPress/6.8.3; http://cqqizhou.com"
39.144.224.42 - - [10/Dec/2025:13:01:55 +0800] "GET /2339/ HTTP/1.1" 200 20633 "-" "Mozilla/5.0 (Linux; Android 13; 21091116UC Build/TP1A.220624.014; wv) AppleWebKit/537.36 (KHTML, like Gecko) Version/4.0 Chrome/138.0.7204.180 Mobile Safari/537.36 XWEB/1380275 MMWEBSDK/20250202 MMWEBID/1682 wxwork/5.0.0 MicroMessenger/7.0.1 NetType/4G Language/zh Lang/zh ColorScheme/Light wwmver/3.26.500.650"
39.144.224.42 - - [10/Dec/2025:13:01:55 +0800] "GET /wp-content/uploads/2025/12/1765253089-20251209103501_96_61.webp HTTP/1.1" 200 37758 "http://cqqizhou.com/2339/" "Mozilla/5.0 (Linux; Android 13; 21091116UC Build/TP1A.220624.014; wv) AppleWebKit/537.36 (KHTML, like Gecko) Version/4.0 Chrome/138.0.7204.180 Mobile Safari/537.36 XWEB/1380275 MMWEBSDK/20250202 MMWEBID/1682 wxwork/5.0.0 MicroMessenger/7.0.1 NetType/4G Language/zh Lang/zh ColorScheme/Light wwmver/3.26.500.650"
