4.194.86.241 - - [10/Dec/2025:05:00:20 +0800] "GET /ccou.php HTTP/1.1" 404 27 "-" "-"
4.194.86.241 - - [10/Dec/2025:05:00:20 +0800] "GET /ton.php HTTP/1.1" 404 27 "-" "-"
4.194.86.241 - - [10/Dec/2025:05:00:20 +0800] "GET /403.php HTTP/1.1" 404 27 "-" "-"
4.194.86.241 - - [10/Dec/2025:05:00:20 +0800] "GET /file9.php HTTP/1.1" 404 27 "-" "-"
4.194.86.241 - - [10/Dec/2025:05:00:20 +0800] "GET /ac.php HTTP/1.1" 404 27 "-" "-"
4.194.86.241 - - [10/Dec/2025:05:00:20 +0800] "GET /new4.php HTTP/1.1" 404 27 "-" "-"
4.194.86.241 - - [10/Dec/2025:05:00:20 +0800] "GET /pop.php HTTP/1.1" 404 27 "-" "-"
4.194.86.241 - - [10/Dec/2025:05:00:20 +0800] "GET /az.php HTTP/1.1" 404 27 "-" "-"
4.194.86.241 - - [10/Dec/2025:05:00:20 +0800] "GET /xaz.php HTTP/1.1" 404 27 "-" "-"
4.194.86.241 - - [10/Dec/2025:05:00:20 +0800] "GET /up4.php HTTP/1.1" 404 27 "-" "-"
4.194.86.241 - - [10/Dec/2025:05:00:20 +0800] "GET /1aa.php HTTP/1.1" 404 27 "-" "-"
4.194.86.241 - - [10/Dec/2025:05:00:20 +0800] "GET /elp.php HTTP/1.1" 404 27 "-" "-"
4.194.86.241 - - [10/Dec/2025:05:00:20 +0800] "GET /wtz.php HTTP/1.1" 404 27 "-" "-"
4.194.86.241 - - [10/Dec/2025:05:00:21 +0800] "GET /galex.php HTTP/1.1" 404 27 "-" "-"
4.194.86.241 - - [10/Dec/2025:05:00:21 +0800] "GET /xb.php HTTP/1.1" 404 27 "-" "-"
4.194.86.241 - - [10/Dec/2025:05:00:21 +0800] "GET /ova.php HTTP/1.1" 404 27 "-" "-"
4.194.86.241 - - [10/Dec/2025:05:00:21 +0800] "GET /vx.php HTTP/1.1" 404 27 "-" "-"
4.194.86.241 - - [10/Dec/2025:05:00:21 +0800] "GET /rh.php HTTP/1.1" 404 27 "-" "-"
36.133.115.36 - - [10/Dec/2025:05:02:20 +0800] "POST /wp-cron.php?doing_wp_cron=1765314140.1546840667724609375000 HTTP/1.1" 200 31 "-" "WordPress/6.8.3; http://cqqizhou.com"
103.78.195.182 - - [10/Dec/2025:05:02:20 +0800] "POST /xmlrpc.php HTTP/1.1" 200 217 "http://cqqizhou.com" "Mozilla/5.0 (Macintosh; Intel Mac OS X 14.5) AppleWebKit/618.3.5 (KHTML, like Gecko) Version/17.4 Safari/618.3.5"
36.133.115.36 - - [10/Dec/2025:05:07:03 +0800] "POST /wp-cron.php?doing_wp_cron=1765314423.0350530147552490234375 HTTP/1.1" 200 31 "-" "WordPress/6.8.3; http://cqqizhou.com"
104.248.45.30 - - [10/Dec/2025:05:07:03 +0800] "POST /xmlrpc.php HTTP/1.1" 200 217 "http://cqqizhou.com" "Mozilla/5.0 (Windows NT 10.0; Win64; x64; rv:128.0) Gecko/20100101 Firefox/128.0"
121.237.36.31 - - [10/Dec/2025:05:10:12 +0800] "GET / HTTP/1.1" 200 34102 "-" "Mozilla/5.0 (Windows; U; Windows NT 5.1; en-US) AppleWebKit/534.21 (KHTML, like Gecko) Chrome/11.0.678.0 Safari/534.21"
36.133.115.36 - - [10/Dec/2025:05:11:05 +0800] "POST /wp-cron.php?doing_wp_cron=1765314665.9563329219818115234375 HTTP/1.1" 200 31 "-" "WordPress/6.8.3; http://cqqizhou.com"
195.184.76.247 - - [10/Dec/2025:05:11:06 +0800] "GET / HTTP/1.1" 301 5 "-" "Mozilla/5.0 (X11; Ubuntu; Linux x86_64; rv:134.0) Gecko/20100101 Firefox/134.0"
121.237.36.29 - - [10/Dec/2025:05:11:29 +0800] "GET / HTTP/1.1" 200 34102 "-" "Mozilla/5.0 (Windows; U; Windows NT 5.1; en-US) AppleWebKit/530.8 (KHTML, like Gecko) Chrome/2.0.177.1 Safari/530.8"
36.133.115.36 - - [10/Dec/2025:05:11:51 +0800] "POST /wp-cron.php?doing_wp_cron=1765314711.6765649318695068359375 HTTP/1.1" 200 31 "-" "WordPress/6.8.3; http://cqqizhou.com"
81.88.53.97 - - [10/Dec/2025:05:11:51 +0800] "POST /xmlrpc.php HTTP/1.1" 200 217 "http://cqqizhou.com" "Mozilla/5.0 (Macintosh; Intel Mac OS X 10_15_7; rv:125.0.1) Gecko/20100101 Firefox/125.0.1"
36.133.115.36 - - [10/Dec/2025:05:15:14 +0800] "POST /wp-cron.php?doing_wp_cron=1765314914.6700239181518554687500 HTTP/1.1" 200 31 "-" "WordPress/6.8.3; http://cqqizhou.com"
121.237.36.31 - - [10/Dec/2025:05:15:14 +0800] "GET / HTTP/1.1" 200 33672 "-" "Dalvik/2.1.0 (Linux; U; Android 9.0; ZTE BA520 Build/MRA58K)"
216.244.66.245 - - [10/Dec/2025:05:15:43 +0800] "GET /robots.txt HTTP/1.1" 200 390 "-" "Mozilla/5.0 (compatible; DotBot/1.2; +https://opensiteexplorer.org/dotbot; help@moz.com)"
36.133.115.36 - - [10/Dec/2025:05:16:41 +0800] "POST /wp-cron.php?doing_wp_cron=1765315001.4594960212707519531250 HTTP/1.1" 200 31 "-" "WordPress/6.8.3; http://cqqizhou.com"
107.191.117.77 - - [10/Dec/2025:05:16:41 +0800] "POST /xmlrpc.php HTTP/1.1" 200 217 "http://cqqizhou.com" "Mozilla/5.0 (Windows NT 10.0; Win64; x64; rv:127.0) Gecko/20100101 Firefox/127.0"
36.133.115.36 - - [10/Dec/2025:05:21:33 +0800] "POST /wp-cron.php?doing_wp_cron=1765315293.7543210983276367187500 HTTP/1.1" 200 31 "-" "WordPress/6.8.3; http://cqqizhou.com"
5.160.146.1 - - [10/Dec/2025:05:21:33 +0800] "POST /xmlrpc.php HTTP/1.1" 200 217 "http://cqqizhou.com" "Mozilla/5.0 (Windows NT 10.0; Win64; x64; rv:129.0) Gecko/20100101 Firefox/129.0"
91.231.89.102 - - [10/Dec/2025:05:22:20 +0800] "GET / HTTP/1.1" 200 153978 "-" "Mozilla/5.0 (X11; Ubuntu; Linux x86_64; rv:134.0) Gecko/20100101 Firefox/134.0"
36.133.115.36 - - [10/Dec/2025:05:24:41 +0800] "POST /wp-cron.php?doing_wp_cron=1765315480.9767429828643798828125 HTTP/1.1" 200 31 "-" "WordPress/6.8.3; http://cqqizhou.com"
216.244.66.245 - - [10/Dec/2025:05:24:42 +0800] "GET /about/ HTTP/1.1" 200 119247 "-" "Mozilla/5.0 (compatible; DotBot/1.2; +https://opensiteexplorer.org/dotbot; help@moz.com)"
36.133.115.36 - - [10/Dec/2025:05:24:50 +0800] "POST /wp-cron.php?doing_wp_cron=1765315490.3465280532836914062500 HTTP/1.1" 200 31 "-" "WordPress/6.8.3; http://cqqizhou.com"
216.244.66.245 - - [10/Dec/2025:05:24:50 +0800] "GET /policy/ HTTP/1.1" 200 90073 "-" "Mozilla/5.0 (compatible; DotBot/1.2; +https://opensiteexplorer.org/dotbot; help@moz.com)"
36.133.115.36 - - [10/Dec/2025:05:31:21 +0800] "POST /wp-cron.php?doing_wp_cron=1765315881.3979771137237548828125 HTTP/1.1" 200 31 "-" "WordPress/6.8.3; http://cqqizhou.com"
45.159.24.217 - - [10/Dec/2025:05:31:21 +0800] "POST /xmlrpc.php HTTP/1.1" 200 217 "http://cqqizhou.com" "Mozilla/5.0 (Windows NT 11.0; Win64; x64) AppleWebKit/537.36 (KHTML, like Gecko) Chrome/126.0.0.0 Safari/537.36"
36.133.115.36 - - [10/Dec/2025:05:36:15 +0800] "POST /wp-cron.php?doing_wp_cron=1765316175.6370310783386230468750 HTTP/1.1" 200 31 "-" "WordPress/6.8.3; http://cqqizhou.com"
142.44.138.99 - - [10/Dec/2025:05:36:15 +0800] "POST /xmlrpc.php HTTP/1.1" 200 217 "http://cqqizhou.com" "Mozilla/5.0 (Macintosh; Intel Mac OS X 10_15_7) AppleWebKit/537.36 (KHTML, like Gecko) Chrome/115.0.5790.102 Safari/537.36"
36.133.115.36 - - [10/Dec/2025:05:41:11 +0800] "POST /wp-cron.php?doing_wp_cron=1765316471.2268140316009521484375 HTTP/1.1" 200 31 "-" "WordPress/6.8.3; http://cqqizhou.com"
208.109.203.174 - - [10/Dec/2025:05:41:11 +0800] "POST /xmlrpc.php HTTP/1.1" 200 217 "http://cqqizhou.com" "Mozilla/5.0 (Windows NT 10.0; Win64; x64) AppleWebKit/537.36 (KHTML, like Gecko) Chrome/115.0.5790.102 Safari/537.36"
36.133.115.36 - - [10/Dec/2025:05:43:28 +0800] "POST /wp-cron.php?doing_wp_cron=1765316608.9008669853210449218750 HTTP/1.1" 200 31 "-" "WordPress/6.8.3; http://cqqizhou.com"
204.76.203.212 - - [10/Dec/2025:05:43:29 +0800] "GET / HTTP/1.1" 200 33672 "-" "Mozilla/5.0 (Windows NT 10.0; Win64; x64) AppleWebKit/537.36 (KHTML, like Gecko) Chrome/90.0.4430.85 Safari/537.36 Edg/90.0.818.46"
36.133.115.36 - - [10/Dec/2025:05:46:02 +0800] "POST /wp-cron.php?doing_wp_cron=1765316762.1106839179992675781250 HTTP/1.1" 200 31 "-" "WordPress/6.8.3; http://cqqizhou.com"
45.156.185.91 - - [10/Dec/2025:05:46:02 +0800] "POST /xmlrpc.php HTTP/1.1" 200 217 "http://cqqizhou.com" "Mozilla/5.0 (Windows NT 10.0; Win64; x64) AppleWebKit/537.36 (KHTML, like Gecko) Chrome/112.0.5615.138 Safari/537.36 Edg/112.0.1722.68"
36.133.115.36 - - [10/Dec/2025:05:49:25 +0800] "POST /wp-cron.php?doing_wp_cron=1765316965.6651430130004882812500 HTTP/1.1" 200 31 "-" "WordPress/6.8.3; http://cqqizhou.com"
182.43.206.14 - - [10/Dec/2025:05:49:25 +0800] "GET / HTTP/1.1" 301 5 "-" "Mozilla/5.0 (Windows NT 10.0; Win64; x64) AppleWebKit/537.36 (KHTML, like Gecko) Chrome/133.0.0.0 Safari/537.36"
36.133.115.36 - - [10/Dec/2025:05:50:40 +0800] "POST /wp-cron.php?doing_wp_cron=1765317040.8984799385070800781250 HTTP/1.1" 200 31 "-" "WordPress/6.8.3; http://cqqizhou.com"
160.187.38.101 - - [10/Dec/2025:05:50:40 +0800] "POST /xmlrpc.php HTTP/1.1" 200 217 "http://cqqizhou.com" "Mozilla/5.0 (Macintosh; Intel Mac OS X 10_15_7) AppleWebKit/537.36 (KHTML, like Gecko) Chrome/113.0.5672.93 Safari/537.36"
36.133.115.36 - - [10/Dec/2025:05:55:28 +0800] "POST /wp-cron.php?doing_wp_cron=1765317328.5120570659637451171875 HTTP/1.1" 200 31 "-" "WordPress/6.8.3; http://cqqizhou.com"
34.87.147.222 - - [10/Dec/2025:05:55:28 +0800] "POST /xmlrpc.php HTTP/1.1" 200 217 "http://cqqizhou.com" "Mozilla/5.0 (Macintosh; Intel Mac OS X 10.15; rv:126.0) Gecko/20100101 Firefox/126.0"
36.133.115.36 - - [10/Dec/2025:06:00:13 +0800] "POST /wp-cron.php?doing_wp_cron=1765317613.3299760818481445312500 HTTP/1.1" 200 31 "-" "WordPress/6.8.3; http://cqqizhou.com"
146.190.54.211 - - [10/Dec/2025:06:00:13 +0800] "POST /xmlrpc.php HTTP/1.1" 200 217 "http://cqqizhou.com" "Mozilla/5.0 (Macintosh; Intel Mac OS X 13.3; rv:126.0) Gecko/20100101 Firefox/126.0"
36.133.115.36 - - [10/Dec/2025:06:05:01 +0800] "POST /wp-cron.php?doing_wp_cron=1765317901.2146530151367187500000 HTTP/1.1" 200 31 "-" "WordPress/6.8.3; http://cqqizhou.com"
107.191.117.77 - - [10/Dec/2025:06:05:01 +0800] "POST /xmlrpc.php HTTP/1.1" 200 217 "http://cqqizhou.com" "Mozilla/5.0 (Macintosh; Intel Mac OS X 10_15_7) AppleWebKit/537.36 (KHTML, like Gecko) Chrome/115.0.5790.102 Safari/537.36"
36.133.115.36 - - [10/Dec/2025:06:13:25 +0800] "POST /wp-cron.php?doing_wp_cron=1765318405.3171720504760742187500 HTTP/1.1" 200 31 "-" "WordPress/6.8.3; http://cqqizhou.com"
43.133.69.37 - - [10/Dec/2025:06:13:25 +0800] "GET / HTTP/1.1" 301 5 "-" "Mozilla/5.0 (iPhone; CPU iPhone OS 13_2_3 like Mac OS X) AppleWebKit/605.1.15 (KHTML, like Gecko) Version/13.0.3 Mobile/15E148 Safari/604.1"
43.133.69.37 - - [10/Dec/2025:06:13:26 +0800] "GET / HTTP/1.1" 200 33673 "http://www.cqqizhou.com" "Mozilla/5.0 (iPhone; CPU iPhone OS 13_2_3 like Mac OS X) AppleWebKit/605.1.15 (KHTML, like Gecko) Version/13.0.3 Mobile/15E148 Safari/604.1"
36.133.115.36 - - [10/Dec/2025:06:14:30 +0800] "POST /wp-cron.php?doing_wp_cron=1765318470.4651100635528564453125 HTTP/1.1" 200 31 "-" "WordPress/6.8.3; http://cqqizhou.com"
72.167.46.195 - - [10/Dec/2025:06:14:30 +0800] "POST /xmlrpc.php HTTP/1.1" 200 217 "http://cqqizhou.com" "Mozilla/5.0 (Macintosh; Intel Mac OS X 10_15_7; rv:126.0) Gecko/20100101 Firefox/126.0"
36.133.115.36 - - [10/Dec/2025:06:18:27 +0800] "POST /wp-cron.php?doing_wp_cron=1765318707.4797620773315429687500 HTTP/1.1" 200 31 "-" "WordPress/6.8.3; http://cqqizhou.com"
193.142.147.209 - - [10/Dec/2025:06:18:27 +0800] "GET /cgi-bin/luci/;stok=/locale HTTP/1.1" 301 5 "-" "-"
193.142.147.209 - - [10/Dec/2025:06:18:28 +0800] "GET /cgi-bin/luci/;stok=/locale HTTP/1.1" 404 31364 "http://36.133.115.36:80/cgi-bin/luci/;stok=/locale" "-"
36.133.115.36 - - [10/Dec/2025:06:19:15 +0800] "POST /wp-cron.php?doing_wp_cron=1765318755.8826711177825927734375 HTTP/1.1" 200 31 "-" "WordPress/6.8.3; http://cqqizhou.com"
159.223.46.114 - - [10/Dec/2025:06:19:15 +0800] "POST /xmlrpc.php HTTP/1.1" 200 217 "http://cqqizhou.com" "Mozilla/5.0 (Windows NT 11.0; Win64; x64) AppleWebKit/537.36 (KHTML, like Gecko) Chrome/126.0.0.0 Safari/537.36"
36.133.115.36 - - [10/Dec/2025:06:24:00 +0800] "POST /wp-cron.php?doing_wp_cron=1765319040.3880000114440917968750 HTTP/1.1" 200 31 "-" "WordPress/6.8.3; http://cqqizhou.com"
139.59.77.16 - - [10/Dec/2025:06:24:00 +0800] "POST /xmlrpc.php HTTP/1.1" 200 217 "http://cqqizhou.com" "Mozilla/5.0 (Macintosh; Intel Mac OS X 10_15_7) AppleWebKit/537.36 (KHTML, like Gecko) Chrome/115.0.5790.102 Safari/537.36"
36.133.115.36 - - [10/Dec/2025:06:25:03 +0800] "POST /wp-cron.php?doing_wp_cron=1765319103.1350989341735839843750 HTTP/1.1" 200 31 "-" "WordPress/6.8.3; http://cqqizhou.com"
92.222.104.211 - - [10/Dec/2025:06:25:03 +0800] "GET /portfolio-category/pickled-coil/ HTTP/1.1" 200 21001 "-" "Mozilla/5.0 (compatible; AhrefsBot/7.0; +http://ahrefs.com/robot/)"
36.133.115.36 - - [10/Dec/2025:06:27:20 +0800] "POST /wp-cron.php?doing_wp_cron=1765319240.2991130352020263671875 HTTP/1.1" 200 31 "-" "WordPress/6.8.3; http://cqqizhou.com"
204.76.203.20 - - [10/Dec/2025:06:27:20 +0800] "GET /index.asp HTTP/1.1" 301 5 "-" "Hello World/1.0"
36.133.115.36 - - [10/Dec/2025:06:33:29 +0800] "POST /wp-cron.php?doing_wp_cron=1765319609.6224238872528076171875 HTTP/1.1" 200 31 "-" "WordPress/6.8.3; http://cqqizhou.com"
204.76.203.212 - - [10/Dec/2025:06:33:29 +0800] "GET / HTTP/1.1" 200 33672 "-" "Mozilla/5.0 (Windows NT 10.0; Win64; x64) AppleWebKit/537.36 (KHTML, like Gecko) Chrome/90.0.4430.85 Safari/537.36 Edg/90.0.818.46"
36.133.115.36 - - [10/Dec/2025:06:42:59 +0800] "POST /wp-cron.php?doing_wp_cron=1765320179.4329628944396972656250 HTTP/1.1" 200 31 "-" "WordPress/6.8.3; http://cqqizhou.com"
107.191.117.77 - - [10/Dec/2025:06:42:59 +0800] "POST /xmlrpc.php HTTP/1.1" 200 217 "http://cqqizhou.com" "Mozilla/5.0 (Windows NT 10.0; Win64; x64) AppleWebKit/537.36 (KHTML, like Gecko) Chrome/115.0.5790.102 Safari/537.36"
36.133.115.36 - - [10/Dec/2025:06:47:48 +0800] "POST /wp-cron.php?doing_wp_cron=1765320468.2903640270233154296875 HTTP/1.1" 200 31 "-" "WordPress/6.8.3; http://cqqizhou.com"
3.94.27.7 - - [10/Dec/2025:06:47:48 +0800] "POST /xmlrpc.php HTTP/1.1" 200 217 "http://cqqizhou.com" "Mozilla/5.0 (Windows NT 10.0; Win64; x64; rv:126.0) Gecko/20100101 Firefox/126.0"
183.162.122.82 - - [10/Dec/2025:06:48:39 +0800] "GET /Ly9jcXFpemhvdS5jb20vd3AtY29udGVudC91cGxvYWRzLzIwMjUvMTIvMTc2NTI2NTM5OC1xaXpob3VfU2xpZGVyXzM4NDDDlzIxNjBfMjAyNTEyMDktc2NhbGVkLndlYnA= HTTP/1.1" 404 8980 "-" "Mozilla/5.0 (Windows NT 10.0) AppleWebKit/537.36 (KHTML, like Gecko) Chrome/76.0.3809.126"
36.133.115.36 - - [10/Dec/2025:06:51:10 +0800] "POST /wp-cron.php?doing_wp_cron=1765320670.2407510280609130859375 HTTP/1.1" 200 31 "-" "WordPress/6.8.3; http://cqqizhou.com"
222.184.220.49 - - [10/Dec/2025:06:51:10 +0800] "GET /2163/ HTTP/1.1" 200 24144 "-" "Mozilla/5.0 (Windows NT 6.1; Win64; x64) AppleWebKit/537.36 (KHTML, like Gecko) Chrome/78.0.3904.70"
36.133.115.36 - - [10/Dec/2025:06:51:53 +0800] "POST /wp-cron.php?doing_wp_cron=1765320713.7539360523223876953125 HTTP/1.1" 200 31 "-" "WordPress/6.8.3; http://cqqizhou.com"
216.244.66.245 - - [10/Dec/2025:06:51:53 +0800] "GET /robots.txt HTTP/1.1" 200 390 "-" "Mozilla/5.0 (compatible; DotBot/1.2; +https://opensiteexplorer.org/dotbot; help@moz.com)"
89.46.107.190 - - [10/Dec/2025:06:52:37 +0800] "POST /xmlrpc.php HTTP/1.1" 200 217 "http://cqqizhou.com" "Mozilla/5.0 (Windows NT 10.0; Win64; x64; rv:128.0) Gecko/20100101 Firefox/128.0"
36.133.115.36 - - [10/Dec/2025:06:53:00 +0800] "POST /wp-cron.php?doing_wp_cron=1765320780.4242401123046875000000 HTTP/1.1" 200 31 "-" "WordPress/6.8.3; http://cqqizhou.com"
91.196.152.216 - - [10/Dec/2025:06:53:00 +0800] "GET / HTTP/1.1" 301 5 "-" "Mozilla/5.0 (X11; Ubuntu; Linux x86_64; rv:134.0) Gecko/20100101 Firefox/134.0"
36.133.115.36 - - [10/Dec/2025:06:57:23 +0800] "POST /wp-cron.php?doing_wp_cron=1765321043.8968400955200195312500 HTTP/1.1" 200 31 "-" "WordPress/6.8.3; http://cqqizhou.com"
173.201.189.89 - - [10/Dec/2025:06:57:23 +0800] "POST /xmlrpc.php HTTP/1.1" 200 217 "http://cqqizhou.com" "Mozilla/5.0 (Windows NT 10.0; Win64; x64) AppleWebKit/537.36 (KHTML, like Gecko) Chrome/115.0.5790.102 Safari/537.36"
36.133.115.36 - - [10/Dec/2025:07:02:00 +0800] "POST /wp-cron.php?doing_wp_cron=1765321320.0248410701751708984375 HTTP/1.1" 200 31 "-" "WordPress/6.8.3; http://cqqizhou.com"
216.244.66.245 - - [10/Dec/2025:07:02:00 +0800] "GET /portfolio-category/remaining-rolls/ HTTP/1.1" 200 74416 "-" "Mozilla/5.0 (compatible; DotBot/1.2; +https://opensiteexplorer.org/dotbot; help@moz.com)"
216.244.66.245 - - [10/Dec/2025:07:02:06 +0800] "GET /portfolio/hot-dip-galvanized-coil/ HTTP/1.1" 200 79462 "-" "Mozilla/5.0 (compatible; DotBot/1.2; +https://opensiteexplorer.org/dotbot; help@moz.com)"
124.156.225.181 - - [10/Dec/2025:07:02:08 +0800] "GET / HTTP/1.1" 301 5 "-" "Mozilla/5.0 (iPhone; CPU iPhone OS 13_2_3 like Mac OS X) AppleWebKit/605.1.15 (KHTML, like Gecko) Version/13.0.3 Mobile/15E148 Safari/604.1"
124.156.225.181 - - [10/Dec/2025:07:02:09 +0800] "GET / HTTP/1.1" 200 33672 "http://36.133.115.36" "Mozilla/5.0 (iPhone; CPU iPhone OS 13_2_3 like Mac OS X) AppleWebKit/605.1.15 (KHTML, like Gecko) Version/13.0.3 Mobile/15E148 Safari/604.1"
91.231.89.96 - - [10/Dec/2025:07:04:00 +0800] "GET / HTTP/1.1" 200 153978 "-" "Mozilla/5.0 (X11; Ubuntu; Linux x86_64; rv:134.0) Gecko/20100101 Firefox/134.0"
36.133.115.36 - - [10/Dec/2025:07:05:34 +0800] "POST /wp-cron.php?doing_wp_cron=1765321534.0730059146881103515625 HTTP/1.1" 200 31 "-" "WordPress/6.8.3; http://cqqizhou.com"
111.55.149.5 - - [10/Dec/2025:07:05:34 +0800] "GET /2339/ HTTP/1.1" 200 20633 "-" "Mozilla/5.0 (Linux; Android 13; V2219A Build/TP1A.220624.014; wv) AppleWebKit/537.36 (KHTML, like Gecko) Version/4.0 Chrome/142.0.7444.172 Mobile Safari/537.36 XWEB/1420045 MMWEBSDK/20250904 MMWEBID/6002 MicroMessenger/8.0.65.2960(0x28004156) WeChat/arm64 Weixin NetType/5G Language/zh_CN ABI/arm64"
111.55.149.5 - - [10/Dec/2025:07:05:34 +0800] "GET /wp-content/uploads/2025/12/1765253089-20251209103501_96_61.webp HTTP/1.1" 304 0 "http://cqqizhou.com/2339/" "Mozilla/5.0 (Linux; Android 13; V2219A Build/TP1A.220624.014; wv) AppleWebKit/537.36 (KHTML, like Gecko) Version/4.0 Chrome/142.0.7444.172 Mobile Safari/537.36 XWEB/1420045 MMWEBSDK/20250904 MMWEBID/6002 MicroMessenger/8.0.65.2960(0x28004156) WeChat/arm64 Weixin NetType/5G Language/zh_CN ABI/arm64"
111.55.149.5 - - [10/Dec/2025:07:05:34 +0800] "GET /wp-content/uploads/2025/12/1765248735-20251209104226_108_60.webp HTTP/1.1" 304 0 "http://cqqizhou.com/2339/" "Mozilla/5.0 (Linux; Android 13; V2219A Build/TP1A.220624.014; wv) AppleWebKit/537.36 (KHTML, like Gecko) Version/4.0 Chrome/142.0.7444.172 Mobile Safari/537.36 XWEB/1420045 MMWEBSDK/20250904 MMWEBID/6002 MicroMessenger/8.0.65.2960(0x28004156) WeChat/arm64 Weixin NetType/5G Language/zh_CN ABI/arm64"
111.55.149.5 - - [10/Dec/2025:07:05:34 +0800] "GET /wp-content/uploads/2025/12/1765248770-20251209104226_107_60.webp HTTP/1.1" 304 0 "http://cqqizhou.com/2339/" "Mozilla/5.0 (Linux; Android 13; V2219A Build/TP1A.220624.014; wv) AppleWebKit/537.36 (KHTML, like Gecko) Version/4.0 Chrome/142.0.7444.172 Mobile Safari/537.36 XWEB/1420045 MMWEBSDK/20250904 MMWEBID/6002 MicroMessenger/8.0.65.2960(0x28004156) WeChat/arm64 Weixin NetType/5G Language/zh_CN ABI/arm64"
111.55.149.5 - - [10/Dec/2025:07:05:34 +0800] "GET /wp-content/uploads/2025/12/1765249046-20251209104228_110_60.webp HTTP/1.1" 304 0 "http://cqqizhou.com/2339/" "Mozilla/5.0 (Linux; Android 13; V2219A Build/TP1A.220624.014; wv) AppleWebKit/537.36 (KHTML, like Gecko) Version/4.0 Chrome/142.0.7444.172 Mobile Safari/537.36 XWEB/1420045 MMWEBSDK/20250904 MMWEBID/6002 MicroMessenger/8.0.65.2960(0x28004156) WeChat/arm64 Weixin NetType/5G Language/zh_CN ABI/arm64"
36.133.115.36 - - [10/Dec/2025:07:07:47 +0800] "POST /wp-cron.php?doing_wp_cron=1765321667.9232499599456787109375 HTTP/1.1" 200 31 "-" "WordPress/6.8.3; http://cqqizhou.com"
111.55.149.5 - - [10/Dec/2025:07:07:48 +0800] "GET /2231/ HTTP/1.1" 200 19673 "http://cqqizhou.com/2339/" "Mozilla/5.0 (Linux; Android 13; V2219A Build/TP1A.220624.014; wv) AppleWebKit/537.36 (KHTML, like Gecko) Version/4.0 Chrome/142.0.7444.172 Mobile Safari/537.36 XWEB/1420045 MMWEBSDK/20250904 MMWEBID/6002 MicroMessenger/8.0.65.2960(0x28004156) WeChat/arm64 Weixin NetType/5G Language/zh_CN ABI/arm64"
111.55.149.5 - - [10/Dec/2025:07:07:48 +0800] "GET /wp-content/uploads/2025/09/1756868585-20250903104658_78_5.webp HTTP/1.1" 200 39636 "http://cqqizhou.com/2231/" "Mozilla/5.0 (Linux; Android 13; V2219A Build/TP1A.220624.014; wv) AppleWebKit/537.36 (KHTML, like Gecko) Version/4.0 Chrome/142.0.7444.172 Mobile Safari/537.36 XWEB/1420045 MMWEBSDK/20250904 MMWEBID/6002 MicroMessenger/8.0.65.2960(0x28004156) WeChat/arm64 Weixin NetType/5G Language/zh_CN ABI/arm64"
111.55.149.5 - - [10/Dec/2025:07:07:48 +0800] "GET /wp-content/uploads/2025/08/1755826456-DSC01841-150x150.webp HTTP/1.1" 200 9850 "http://cqqizhou.com/2231/" "Mozilla/5.0 (Linux; Android 13; V2219A Build/TP1A.220624.014; wv) AppleWebKit/537.36 (KHTML, like Gecko) Version/4.0 Chrome/142.0.7444.172 Mobile Safari/537.36 XWEB/1420045 MMWEBSDK/20250904 MMWEBID/6002 MicroMessenger/8.0.65.2960(0x28004156) WeChat/arm64 Weixin NetType/5G Language/zh_CN ABI/arm64"
111.55.149.5 - - [10/Dec/2025:07:07:48 +0800] "GET /wp-content/uploads/2025/12/1765253089-20251209103501_96_61-150x150.webp HTTP/1.1" 200 5198 "http://cqqizhou.com/2231/" "Mozilla/5.0 (Linux; Android 13; V2219A Build/TP1A.220624.014; wv) AppleWebKit/537.36 (KHTML, like Gecko) Version/4.0 Chrome/142.0.7444.172 Mobile Safari/537.36 XWEB/1420045 MMWEBSDK/20250904 MMWEBID/6002 MicroMessenger/8.0.65.2960(0x28004156) WeChat/arm64 Weixin NetType/5G Language/zh_CN ABI/arm64"
111.55.149.5 - - [10/Dec/2025:07:08:30 +0800] "GET /2215/ HTTP/1.1" 200 20140 "http://cqqizhou.com/2231/" "Mozilla/5.0 (Linux; Android 13; V2219A Build/TP1A.220624.014; wv) AppleWebKit/537.36 (KHTML, like Gecko) Version/4.0 Chrome/142.0.7444.172 Mobile Safari/537.36 XWEB/1420045 MMWEBSDK/20250904 MMWEBID/6002 MicroMessenger/8.0.65.2960(0x28004156) WeChat/arm64 Weixin NetType/5G Language/zh_CN ABI/arm64"
111.55.149.5 - - [10/Dec/2025:07:08:30 +0800] "GET /wp-content/uploads/2025/08/1755826390-DSC01765-150x150.webp HTTP/1.1" 200 6586 "http://cqqizhou.com/2215/" "Mozilla/5.0 (Linux; Android 13; V2219A Build/TP1A.220624.014; wv) AppleWebKit/537.36 (KHTML, like Gecko) Version/4.0 Chrome/142.0.7444.172 Mobile Safari/537.36 XWEB/1420045 MMWEBSDK/20250904 MMWEBID/6002 MicroMessenger/8.0.65.2960(0x28004156) WeChat/arm64 Weixin NetType/5G Language/zh_CN ABI/arm64"
36.133.115.36 - - [10/Dec/2025:07:12:04 +0800] "POST /wp-cron.php?doing_wp_cron=1765321924.9017078876495361328125 HTTP/1.1" 200 31 "-" "WordPress/6.8.3; http://cqqizhou.com"
152.53.103.246 - - [10/Dec/2025:07:12:04 +0800] "POST /xmlrpc.php HTTP/1.1" 200 217 "http://cqqizhou.com" "Mozilla/5.0 (Macintosh; Intel Mac OS X 10_15_7) AppleWebKit/537.36 (KHTML, like Gecko) Chrome/112.0.5615.138 Safari/537.36"
36.133.115.36 - - [10/Dec/2025:07:17:06 +0800] "POST /wp-cron.php?doing_wp_cron=1765322226.3244650363922119140625 HTTP/1.1" 200 31 "-" "WordPress/6.8.3; http://cqqizhou.com"
139.99.171.55 - - [10/Dec/2025:07:17:06 +0800] "POST /xmlrpc.php HTTP/1.1" 200 217 "http://cqqizhou.com" "Mozilla/5.0 (Macintosh; Intel Mac OS X 10_15_7; rv:128.0) Gecko/20100101 Firefox/128.0"
36.133.115.36 - - [10/Dec/2025:07:21:34 +0800] "POST /wp-cron.php?doing_wp_cron=1765322494.9398159980773925781250 HTTP/1.1" 200 31 "-" "WordPress/6.8.3; http://cqqizhou.com"
204.76.203.212 - - [10/Dec/2025:07:21:35 +0800] "GET / HTTP/1.1" 200 33672 "-" "Mozilla/5.0 (Windows NT 10.0; Win64; x64) AppleWebKit/537.36 (KHTML, like Gecko) Chrome/90.0.4430.85 Safari/537.36 Edg/90.0.818.46"
36.133.115.36 - - [10/Dec/2025:07:21:54 +0800] "POST /wp-cron.php?doing_wp_cron=1765322514.8625559806823730468750 HTTP/1.1" 200 31 "-" "WordPress/6.8.3; http://cqqizhou.com"
8.137.149.112 - - [10/Dec/2025:07:21:54 +0800] "POST /xmlrpc.php HTTP/1.1" 200 217 "http://cqqizhou.com" "Mozilla/5.0 (Macintosh; Intel Mac OS X 10_15_7; rv:125.0.1) Gecko/20100101 Firefox/125.0.1"
36.133.115.36 - - [10/Dec/2025:07:26:47 +0800] "POST /wp-cron.php?doing_wp_cron=1765322807.2113530635833740234375 HTTP/1.1" 200 31 "-" "WordPress/6.8.3; http://cqqizhou.com"
145.239.93.122 - - [10/Dec/2025:07:26:47 +0800] "POST /xmlrpc.php HTTP/1.1" 200 217 "http://cqqizhou.com" "Mozilla/5.0 (Macintosh; Intel Mac OS X 10.15; rv:126.0) Gecko/20100101 Firefox/126.0"
36.133.115.36 - - [10/Dec/2025:07:30:07 +0800] "POST /wp-cron.php?doing_wp_cron=1765323007.5614140033721923828125 HTTP/1.1" 200 31 "-" "WordPress/6.8.3; http://cqqizhou.com"
193.34.213.150 - - [10/Dec/2025:07:30:08 +0800] "POST / HTTP/1.1" 200 33673 "-" "Mozilla/5.0 (Windows NT 10.0; Win64; x64; rv:136.0) Gecko/20100101 Firefox/136."
36.133.115.36 - - [10/Dec/2025:07:31:44 +0800] "POST /wp-cron.php?doing_wp_cron=1765323104.4102818965911865234375 HTTP/1.1" 200 31 "-" "WordPress/6.8.3; http://cqqizhou.com"
68.78.37.77 - - [10/Dec/2025:07:31:44 +0800] "POST /xmlrpc.php HTTP/1.1" 200 217 "http://cqqizhou.com" "Mozilla/5.0 (Windows NT 10.0; Win64; x64) AppleWebKit/537.36 (KHTML, like Gecko) Chrome/113.0.5672.93 Safari/537.36"
36.133.115.36 - - [10/Dec/2025:07:35:05 +0800] "POST /wp-cron.php?doing_wp_cron=1765323304.9694929122924804687500 HTTP/1.1" 200 31 "-" "WordPress/6.8.3; http://cqqizhou.com"
45.156.87.46 - - [10/Dec/2025:07:35:05 +0800] "GET / HTTP/1.1" 200 152290 "-" "-"
36.133.115.36 - - [10/Dec/2025:07:41:32 +0800] "POST /wp-cron.php?doing_wp_cron=1765323692.2276239395141601562500 HTTP/1.1" 200 31 "-" "WordPress/6.8.3; http://cqqizhou.com"
45.156.185.91 - - [10/Dec/2025:07:41:32 +0800] "POST /xmlrpc.php HTTP/1.1" 200 217 "http://cqqizhou.com" "Mozilla/5.0 (Macintosh; Intel Mac OS X 13_3) AppleWebKit/537.36 (KHTML, like Gecko) Chrome/126.0.0.0 Safari/537.36"
36.133.115.36 - - [10/Dec/2025:07:46:32 +0800] "POST /wp-cron.php?doing_wp_cron=1765323992.5821568965911865234375 HTTP/1.1" 200 31 "-" "WordPress/6.8.3; http://cqqizhou.com"
202.174.110.119 - - [10/Dec/2025:07:46:32 +0800] "POST /xmlrpc.php HTTP/1.1" 200 217 "http://cqqizhou.com" "Mozilla/5.0 (Windows NT 10.0; Win64; x64) AppleWebKit/537.36 (KHTML, like Gecko) Chrome/112.0.5615.138 Safari/537.36 Edg/112.0.1722.68"
36.133.115.36 - - [10/Dec/2025:07:51:28 +0800] "POST /wp-cron.php?doing_wp_cron=1765324288.0225889682769775390625 HTTP/1.1" 200 31 "-" "WordPress/6.8.3; http://cqqizhou.com"
172.188.216.109 - - [10/Dec/2025:07:51:28 +0800] "POST /xmlrpc.php HTTP/1.1" 200 217 "http://cqqizhou.com" "Mozilla/5.0 (Macintosh; Intel Mac OS X 10.15; rv:126.0) Gecko/20100101 Firefox/126.0"
36.133.115.36 - - [10/Dec/2025:07:56:23 +0800] "POST /wp-cron.php?doing_wp_cron=1765324583.5995929241180419921875 HTTP/1.1" 200 31 "-" "WordPress/6.8.3; http://cqqizhou.com"
178.239.147.108 - - [10/Dec/2025:07:56:23 +0800] "POST /xmlrpc.php HTTP/1.1" 200 217 "http://cqqizhou.com" "Mozilla/5.0 (Macintosh; Intel Mac OS X 10_15_7) AppleWebKit/537.36 (KHTML, like Gecko) Chrome/113.0.5672.93 Safari/537.36"
36.133.115.36 - - [10/Dec/2025:07:59:33 +0800] "POST /wp-cron.php?doing_wp_cron=1765324773.8845589160919189453125 HTTP/1.1" 200 31 "-" "WordPress/6.8.3; http://cqqizhou.com"
176.65.132.157 - - [10/Dec/2025:07:59:33 +0800] "GET /.git/config HTTP/1.1" 404 8980 "-" "Mozilla/5.0 (X11; Linux x86_64) AppleWebKit/537.36 (KHTML, like Gecko) Chrome/73.0.3683.103 Safari/537.36 OPR/60.0.3255.70"
36.133.115.36 - - [10/Dec/2025:08:02:29 +0800] "POST /wp-cron.php?doing_wp_cron=1765324949.6072490215301513671875 HTTP/1.1" 200 31 "-" "WordPress/6.8.3; http://cqqizhou.com"
184.105.139.67 - - [10/Dec/2025:08:02:29 +0800] "GET / HTTP/1.1" 301 5 "-" "Mozilla/5.0 (Windows NT 10.0; Win64; x64; rv:142.0) Gecko/20100101 Firefox/142.0"
36.133.115.36 - - [10/Dec/2025:08:04:16 +0800] "POST /wp-cron.php?doing_wp_cron=1765325056.5698320865631103515625 HTTP/1.1" 200 31 "-" "WordPress/6.8.3; http://cqqizhou.com"
184.105.139.67 - - [10/Dec/2025:08:04:16 +0800] "GET /webui/ HTTP/1.1" 404 8982 "-" "Mozilla/5.0 (Windows NT 6.1; rv:102.0) Gecko/20100101 Goanna/6.6 Firefox/102.0 PaleMoon/33.0.0"
36.133.115.36 - - [10/Dec/2025:08:06:28 +0800] "POST /wp-cron.php?doing_wp_cron=1765325188.5260438919067382812500 HTTP/1.1" 200 31 "-" "WordPress/6.8.3; http://cqqizhou.com"
103.75.185.111 - - [10/Dec/2025:08:06:28 +0800] "POST /xmlrpc.php HTTP/1.1" 200 217 "http://cqqizhou.com" "Mozilla/5.0 (Windows NT 10.0; Win64; x64) AppleWebKit/537.36 (KHTML, like Gecko) Chrome/126.0.0.0 Safari/537.36 Edg/126.0.0.0"
36.133.115.36 - - [10/Dec/2025:08:10:36 +0800] "POST /wp-cron.php?doing_wp_cron=1765325436.6506319046020507812500 HTTP/1.1" 200 31 "-" "WordPress/6.8.3; http://cqqizhou.com"
204.76.203.212 - - [10/Dec/2025:08:10:36 +0800] "GET / HTTP/1.1" 200 33672 "-" "Mozilla/5.0 (Windows NT 10.0; Win64; x64) AppleWebKit/537.36 (KHTML, like Gecko) Chrome/90.0.4430.85 Safari/537.36 Edg/90.0.818.46"
36.133.115.36 - - [10/Dec/2025:08:11:29 +0800] "POST /wp-cron.php?doing_wp_cron=1765325489.4619131088256835937500 HTTP/1.1" 200 31 "-" "WordPress/6.8.3; http://cqqizhou.com"
103.185.185.188 - - [10/Dec/2025:08:11:29 +0800] "POST /xmlrpc.php HTTP/1.1" 200 217 "http://cqqizhou.com" "Mozilla/5.0 (Windows NT 10.0; Win64; x64; rv:127.0) Gecko/20100101 Firefox/127.0"
36.133.115.36 - - [10/Dec/2025:08:11:50 +0800] "POST /wp-cron.php?doing_wp_cron=1765325510.8635749816894531250000 HTTP/1.1" 200 31 "-" "WordPress/6.8.3; http://cqqizhou.com"
184.105.139.67 - - [10/Dec/2025:08:11:50 +0800] "GET /geoserver/web/ HTTP/1.1" 404 8980 "-" "Mozilla/5.0 (Windows NT 10.0; Win64; x64; rv:142.0) Gecko/20100101 Firefox/142.0"
36.133.115.36 - - [10/Dec/2025:08:16:37 +0800] "POST /wp-cron.php?doing_wp_cron=1765325797.8403439521789550781250 HTTP/1.1" 200 31 "-" "WordPress/6.8.3; http://cqqizhou.com"
101.68.43.236 - - [10/Dec/2025:08:16:37 +0800] "POST /xmlrpc.php HTTP/1.1" 200 217 "http://cqqizhou.com" "Mozilla/5.0 (Windows NT 10.0; Win64; x64) AppleWebKit/537.36 (KHTML, like Gecko) Chrome/116.0.5845.96 Safari/537.36 Edg/116.0.1938.62"
36.133.115.36 - - [10/Dec/2025:08:21:34 +0800] "POST /wp-cron.php?doing_wp_cron=1765326094.3003630638122558593750 HTTP/1.1" 200 31 "-" "WordPress/6.8.3; http://cqqizhou.com"
103.161.170.99 - - [10/Dec/2025:08:21:34 +0800] "POST /xmlrpc.php HTTP/1.1" 200 217 "http://cqqizhou.com" "Mozilla/5.0 (Macintosh; Intel Mac OS X 13.3; rv:126.0) Gecko/20100101 Firefox/126.0"
40.77.167.132 - - [10/Dec/2025:08:26:53 +0800] "GET / HTTP/1.1" 200 34102 "-" "Mozilla/5.0 AppleWebKit/537.36 (KHTML, like Gecko; compatible; bingbot/2.0; +http://www.bing.com/bingbot.htm) Chrome/116.0.1938.76 Safari/537.36"
36.133.115.36 - - [10/Dec/2025:08:29:11 +0800] "POST /wp-cron.php?doing_wp_cron=1765326551.8200919628143310546875 HTTP/1.1" 200 31 "-" "WordPress/6.8.3; http://cqqizhou.com"
52.167.144.137 - - [10/Dec/2025:08:29:12 +0800] "GET /news/ HTTP/1.1" 200 19817 "-" "Mozilla/5.0 AppleWebKit/537.36 (KHTML, like Gecko; compatible; bingbot/2.0; +http://www.bing.com/bingbot.htm) Chrome/116.0.1938.76 Safari/537.36"
183.253.22.48 - - [10/Dec/2025:08:29:19 +0800] "GET / HTTP/1.1" 301 5 "-" "Mozilla/5.0 (Windows NT 6.1) AppleWebKit/537.36 (KHTML, like Gecko) Chrome/80.0.3987.106"
106.41.63.76 - - [10/Dec/2025:08:29:28 +0800] "GET / HTTP/1.1" 301 5 "-" "Mozilla/5.0 (Windows NT 6.1) AppleWebKit/537.36 (KHTML, like Gecko) Chrome/80.0.3987.106"
121.61.194.237 - - [10/Dec/2025:08:29:30 +0800] "GET / HTTP/1.1" 301 5 "-" "Mozilla/5.0 (Windows NT 6.1) AppleWebKit/537.36 (KHTML, like Gecko) Chrome/80.0.3987.106"
116.115.7.235 - - [10/Dec/2025:08:29:31 +0800] "GET / HTTP/1.1" 301 5 "-" "Mozilla/5.0 (Windows NT 6.1) AppleWebKit/537.36 (KHTML, like Gecko) Chrome/80.0.3987.106"
116.115.7.235 - - [10/Dec/2025:08:29:32 +0800] "GET / HTTP/1.1" 200 34102 "-" "Mozilla/5.0 (Windows NT 6.2; WOW64) AppleWebKit/537.36 (KHTML, like Gecko) Chrome/71.0.3578.137"
117.150.101.32 - - [10/Dec/2025:08:29:40 +0800] "GET / HTTP/1.1" 301 5 "-" "Mozilla/5.0 (Windows NT 6.1) AppleWebKit/537.36 (KHTML, like Gecko) Chrome/80.0.3987.106"
117.150.101.32 - - [10/Dec/2025:08:29:41 +0800] "GET / HTTP/1.1" 301 5 "-" "Mozilla/5.0 (Windows NT 6.1) AppleWebKit/537.36 (KHTML, like Gecko) Chrome/80.0.3987.106"
36.133.115.36 - - [10/Dec/2025:08:29:54 +0800] "POST /wp-cron.php?doing_wp_cron=1765326594.8609519004821777343750 HTTP/1.1" 200 31 "-" "WordPress/6.8.3; http://cqqizhou.com"
117.179.127.213 - - [10/Dec/2025:08:29:54 +0800] "GET / HTTP/1.1" 301 5 "-" "Mozilla/5.0 (Windows NT 6.1) AppleWebKit/537.36 (KHTML, like Gecko) Chrome/80.0.3987.106"
60.172.71.54 - - [10/Dec/2025:08:30:00 +0800] "GET / HTTP/1.1" 301 5 "-" "Mozilla/5.0 (Windows NT 6.1) AppleWebKit/537.36 (KHTML, like Gecko) Chrome/80.0.3987.106"
117.176.234.71 - - [10/Dec/2025:08:30:02 +0800] "GET / HTTP/1.1" 301 5 "-" "Mozilla/5.0 (Windows NT 6.1) AppleWebKit/537.36 (KHTML, like Gecko) Chrome/80.0.3987.106"
36.133.115.36 - - [10/Dec/2025:08:32:23 +0800] "POST /wp-cron.php?doing_wp_cron=1765326743.8481431007385253906250 HTTP/1.1" 200 31 "-" "WordPress/6.8.3; http://cqqizhou.com"
185.242.226.102 - - [10/Dec/2025:08:32:23 +0800] "GET / HTTP/1.1" 301 5 "-" "Mozilla/5.0 (Windows NT 10.0; Win64; x64) AppleWebKit/537.36 (KHTML, like Gecko) Chrome/88.0.4324.190 Safari/537.36"
185.242.226.102 - - [10/Dec/2025:08:32:24 +0800] "GET / HTTP/1.1" 200 34102 "http://36.133.115.36:80/" "Mozilla/5.0 (Windows NT 10.0; Win64; x64) AppleWebKit/537.36 (KHTML, like Gecko) Chrome/88.0.4324.190 Safari/537.36"
36.133.115.36 - - [10/Dec/2025:08:39:29 +0800] "POST /wp-cron.php?doing_wp_cron=1765327169.5062899589538574218750 HTTP/1.1" 200 31 "-" "WordPress/6.8.3; http://cqqizhou.com"
216.244.66.245 - - [10/Dec/2025:08:39:29 +0800] "GET /robots.txt HTTP/1.1" 200 390 "-" "Mozilla/5.0 (compatible; DotBot/1.2; +https://opensiteexplorer.org/dotbot; help@moz.com)"
36.133.115.36 - - [10/Dec/2025:08:41:42 +0800] "POST /wp-cron.php?doing_wp_cron=1765327302.5314359664916992187500 HTTP/1.1" 200 31 "-" "WordPress/6.8.3; http://cqqizhou.com"
190.6.176.90 - - [10/Dec/2025:08:41:42 +0800] "POST /xmlrpc.php HTTP/1.1" 200 217 "http://cqqizhou.com" "Mozilla/5.0 (Windows NT 11.0; Win64; x64; rv:126.0) Gecko/20100101 Firefox/126.0"
216.244.66.245 - - [10/Dec/2025:08:46:57 +0800] "GET /services/ HTTP/1.1" 200 113743 "-" "Mozilla/5.0 (compatible; DotBot/1.2; +https://opensiteexplorer.org/dotbot; help@moz.com)"
36.133.115.36 - - [10/Dec/2025:08:47:46 +0800] "POST /wp-cron.php?doing_wp_cron=1765327666.1713719367980957031250 HTTP/1.1" 200 31 "-" "WordPress/6.8.3; http://cqqizhou.com"
193.142.147.209 - - [10/Dec/2025:08:47:46 +0800] "GET /cgi-bin/luci/;stok=/locale HTTP/1.1" 301 5 "-" "-"
193.142.147.209 - - [10/Dec/2025:08:47:47 +0800] "GET /cgi-bin/luci/;stok=/locale HTTP/1.1" 404 31364 "http://36.133.115.36:80/cgi-bin/luci/;stok=/locale" "-"
36.133.115.36 - - [10/Dec/2025:08:52:46 +0800] "POST /wp-cron.php?doing_wp_cron=1765327966.1291050910949707031250 HTTP/1.1" 200 31 "-" "WordPress/6.8.3; http://cqqizhou.com"
36.133.108.121 - - [10/Dec/2025:08:52:46 +0800] "HEAD / HTTP/1.1" 301 0 "-" "Mozilla/5.0 (compatible; MSIE 9.0; Windows NT 6.1; Trident/5.0; FunWebProducts)"
14.108.232.115 - - [10/Dec/2025:08:52:53 +0800] "GET /process/processing HTTP/1.1" 301 5 "http://cqqizhou.com/services/" "Mozilla/5.0 (Windows NT 10.0; Win64; x64) AppleWebKit/537.36 (KHTML, like Gecko) Chrome/132.0.0.0 Safari/537.36"
14.108.232.115 - - [10/Dec/2025:08:52:53 +0800] "GET /services/processing/ HTTP/1.1" 200 22981 "http://cqqizhou.com/services/" "Mozilla/5.0 (Windows NT 10.0; Win64; x64) AppleWebKit/537.36 (KHTML, like Gecko) Chrome/132.0.0.0 Safari/537.36"
14.108.232.115 - - [10/Dec/2025:08:52:53 +0800] "GET /wp-content/uploads/2025/07/1751826322-Services_images_W900px.webp HTTP/1.1" 200 87128 "http://cqqizhou.com/services/processing/" "Mozilla/5.0 (Windows NT 10.0; Win64; x64) AppleWebKit/537.36 (KHTML, like Gecko) Chrome/132.0.0.0 Safari/537.36"
14.108.232.115 - - [10/Dec/2025:08:52:55 +0800] "POST /wp-admin/admin-ajax.php HTTP/1.1" 200 100 "http://cqqizhou.com/services/processing/" "Mozilla/5.0 (Windows NT 10.0; Win64; x64) AppleWebKit/537.36 (KHTML, like Gecko) Chrome/132.0.0.0 Safari/537.36"
14.108.232.115 - - [10/Dec/2025:08:52:56 +0800] "POST /wp-admin/admin-ajax.php HTTP/1.1" 200 537 "http://cqqizhou.com/services/processing/" "Mozilla/5.0 (Windows NT 10.0; Win64; x64) AppleWebKit/537.36 (KHTML, like Gecko) Chrome/132.0.0.0 Safari/537.36"
14.108.232.115 - - [10/Dec/2025:08:54:51 +0800] "GET /club/ HTTP/1.1" 200 12099 "http://cqqizhou.com/services/processing/" "Mozilla/5.0 (Windows NT 10.0; Win64; x64) AppleWebKit/537.36 (KHTML, like Gecko) Chrome/132.0.0.0 Safari/537.36"
36.133.115.36 - - [10/Dec/2025:08:56:01 +0800] "POST /wp-cron.php?doing_wp_cron=1765328161.3109369277954101562500 HTTP/1.1" 200 31 "-" "WordPress/6.8.3; http://cqqizhou.com"
125.80.162.164 - - [10/Dec/2025:08:56:01 +0800] "GET /2339/ HTTP/1.1" 200 20635 "-" "Mozilla/5.0 (Linux; Android 15; ALI-AN00 Build/HONORALI-AN00; wv) AppleWebKit/537.36 (KHTML, like Gecko) Version/4.0 Chrome/142.0.7444.172 Mobile Safari/537.36 XWEB/1420045 MMWEBSDK/20251006 MMWEBID/6405 MicroMessenger/8.0.66.2980(0x28004234) WeChat/arm64 Weixin NetType/WIFI Language/zh_CN ABI/arm64"
125.80.162.164 - - [10/Dec/2025:08:56:01 +0800] "GET /wp-content/uploads/2025/12/1765253089-20251209103501_96_61.webp HTTP/1.1" 200 37758 "http://cqqizhou.com/2339/" "Mozilla/5.0 (Linux; Android 15; ALI-AN00 Build/HONORALI-AN00; wv) AppleWebKit/537.36 (KHTML, like Gecko) Version/4.0 Chrome/142.0.7444.172 Mobile Safari/537.36 XWEB/1420045 MMWEBSDK/20251006 MMWEBID/6405 MicroMessenger/8.0.66.2980(0x28004234) WeChat/arm64 Weixin NetType/WIFI Language/zh_CN ABI/arm64"
125.80.162.164 - - [10/Dec/2025:08:56:02 +0800] "GET /wp-content/uploads/2025/12/1765248735-20251209104226_108_60.webp HTTP/1.1" 200 55962 "http://cqqizhou.com/2339/" "Mozilla/5.0 (Linux; Android 15; ALI-AN00 Build/HONORALI-AN00; wv) AppleWebKit/537.36 (KHTML, like Gecko) Version/4.0 Chrome/142.0.7444.172 Mobile Safari/537.36 XWEB/1420045 MMWEBSDK/20251006 MMWEBID/6405 MicroMessenger/8.0.66.2980(0x28004234) WeChat/arm64 Weixin NetType/WIFI Language/zh_CN ABI/arm64"
125.80.162.164 - - [10/Dec/2025:08:56:02 +0800] "GET /wp-content/uploads/2025/12/1765248770-20251209104226_107_60.webp HTTP/1.1" 200 66916 "http://cqqizhou.com/2339/" "Mozilla/5.0 (Linux; Android 15; ALI-AN00 Build/HONORALI-AN00; wv) AppleWebKit/537.36 (KHTML, like Gecko) Version/4.0 Chrome/142.0.7444.172 Mobile Safari/537.36 XWEB/1420045 MMWEBSDK/20251006 MMWEBID/6405 MicroMessenger/8.0.66.2980(0x28004234) WeChat/arm64 Weixin NetType/WIFI Language/zh_CN ABI/arm64"
125.80.162.164 - - [10/Dec/2025:08:56:02 +0800] "GET /wp-content/uploads/2025/09/1756868614-20250903104654_74_5-150x150.webp HTTP/1.1" 200 5712 "http://cqqizhou.com/2339/" "Mozilla/5.0 (Linux; Android 15; ALI-AN00 Build/HONORALI-AN00; wv) AppleWebKit/537.36 (KHTML, like Gecko) Version/4.0 Chrome/142.0.7444.172 Mobile Safari/537.36 XWEB/1420045 MMWEBSDK/20251006 MMWEBID/6405 MicroMessenger/8.0.66.2980(0x28004234) WeChat/arm64 Weixin NetType/WIFI Language/zh_CN ABI/arm64"
125.80.162.164 - - [10/Dec/2025:08:56:02 +0800] "GET /wp-content/uploads/2025/09/1756868614-20250903104654_74_5.webp HTTP/1.1" 200 47858 "http://cqqizhou.com/2339/" "Mozilla/5.0 (Linux; Android 15; ALI-AN00 Build/HONORALI-AN00; wv) AppleWebKit/537.36 (KHTML, like Gecko) Version/4.0 Chrome/142.0.7444.172 Mobile Safari/537.36 XWEB/1420045 MMWEBSDK/20251006 MMWEBID/6405 MicroMessenger/8.0.66.2980(0x28004234) WeChat/arm64 Weixin NetType/WIFI Language/zh_CN ABI/arm64"
125.80.162.164 - - [10/Dec/2025:08:56:03 +0800] "GET /wp-content/uploads/2025/07/1753410289-News2000%C3%97400_202571.webp HTTP/1.1" 200 17830 "http://cqqizhou.com/2339/" "Mozilla/5.0 (Linux; Android 15; ALI-AN00 Build/HONORALI-AN00; wv) AppleWebKit/537.36 (KHTML, like Gecko) Version/4.0 Chrome/142.0.7444.172 Mobile Safari/537.36 XWEB/1420045 MMWEBSDK/20251006 MMWEBID/6405 MicroMessenger/8.0.66.2980(0x28004234) WeChat/arm64 Weixin NetType/WIFI Language/zh_CN ABI/arm64"
106.88.209.235 - - [10/Dec/2025:08:56:04 +0800] "GET /wp-content/uploads/2025/07/1753410289-News2000%C3%97400_202571.webp HTTP/1.1" 200 17830 "http://cqqizhou.com/2339/" "Mozilla/5.0 (Linux; Android 15; ALI-AN00 Build/HONORALI-AN00; wv) AppleWebKit/537.36 (KHTML, like Gecko) Version/4.0 Chrome/142.0.7444.172 Mobile Safari/537.36 XWEB/1420045 MMWEBSDK/20251006 MMWEBID/6405 MicroMessenger/8.0.66.2980(0x28004234) WeChat/arm64 Weixin NetType/WIFI Language/zh_CN ABI/arm64"
106.88.209.235 - - [10/Dec/2025:08:56:04 +0800] "GET /wp-content/uploads/2025/07/1751425283-qizhou.kf_.qq_.com_.webp HTTP/1.1" 200 16864 "http://cqqizhou.com/2339/" "Mozilla/5.0 (Linux; Android 15; ALI-AN00 Build/HONORALI-AN00; wv) AppleWebKit/537.36 (KHTML, like Gecko) Version/4.0 Chrome/142.0.7444.172 Mobile Safari/537.36 XWEB/1420045 MMWEBSDK/20251006 MMWEBID/6405 MicroMessenger/8.0.66.2980(0x28004234) WeChat/arm64 Weixin NetType/WIFI Language/zh_CN ABI/arm64"
106.88.209.235 - - [10/Dec/2025:08:56:04 +0800] "GET /wp-content/uploads/2025/12/1765249046-20251209104228_110_60.webp HTTP/1.1" 200 64834 "http://cqqizhou.com/2339/" "Mozilla/5.0 (Linux; Android 15; ALI-AN00 Build/HONORALI-AN00; wv) AppleWebKit/537.36 (KHTML, like Gecko) Version/4.0 Chrome/142.0.7444.172 Mobile Safari/537.36 XWEB/1420045 MMWEBSDK/20251006 MMWEBID/6405 MicroMessenger/8.0.66.2980(0x28004234) WeChat/arm64 Weixin NetType/WIFI Language/zh_CN ABI/arm64"
106.88.209.235 - - [10/Dec/2025:08:56:04 +0800] "GET /wp-content/uploads/2025/08/1755826456-DSC01841.webp HTTP/1.1" 200 87046 "http://cqqizhou.com/2339/" "Mozilla/5.0 (Linux; Android 15; ALI-AN00 Build/HONORALI-AN00; wv) AppleWebKit/537.36 (KHTML, like Gecko) Version/4.0 Chrome/142.0.7444.172 Mobile Safari/537.36 XWEB/1420045 MMWEBSDK/20251006 MMWEBID/6405 MicroMessenger/8.0.66.2980(0x28004234) WeChat/arm64 Weixin NetType/WIFI Language/zh_CN ABI/arm64"
36.133.115.36 - - [10/Dec/2025:08:56:59 +0800] "POST /wp-cron.php?doing_wp_cron=1765328219.1406309604644775390625 HTTP/1.1" 200 31 "-" "WordPress/6.8.3; http://cqqizhou.com"
92.205.167.152 - - [10/Dec/2025:08:56:59 +0800] "POST /xmlrpc.php HTTP/1.1" 200 217 "http://cqqizhou.com" "Mozilla/5.0 (Windows NT 10.0; Win64; x64) AppleWebKit/537.36 (KHTML, like Gecko) Chrome/116.0.5845.96 Safari/537.36 Edg/116.0.1938.62"
36.133.115.36 - - [10/Dec/2025:08:58:05 +0800] "POST /wp-cron.php?doing_wp_cron=1765328285.6432900428771972656250 HTTP/1.1" 200 31 "-" "WordPress/6.8.3; http://cqqizhou.com"
183.230.200.42 - - [10/Dec/2025:08:58:05 +0800] "GET /2339/ HTTP/1.1" 200 20634 "-" "Mozilla/5.0 (Linux; Android 12; CET-AL60 Build/HUAWEICET-AL60; wv) AppleWebKit/537.36 (KHTML, like Gecko) Version/4.0 Chrome/142.0.7444.172 Mobile Safari/537.36 XWEB/1420045 MMWEBSDK/20251006 MMWEBID/6107 MicroMessenger/8.0.66.2980(0x28004234) WeChat/arm64 Weixin NetType/WIFI Language/zh_CN ABI/arm64"
183.230.200.42 - - [10/Dec/2025:08:58:06 +0800] "GET /wp-content/uploads/2025/12/1765253089-20251209103501_96_61.webp HTTP/1.1" 200 37758 "http://cqqizhou.com/2339/" "Mozilla/5.0 (Linux; Android 12; CET-AL60 Build/HUAWEICET-AL60; wv) AppleWebKit/537.36 (KHTML, like Gecko) Version/4.0 Chrome/142.0.7444.172 Mobile Safari/537.36 XWEB/1420045 MMWEBSDK/20251006 MMWEBID/6107 MicroMessenger/8.0.66.2980(0x28004234) WeChat/arm64 Weixin NetType/WIFI Language/zh_CN ABI/arm64"
183.230.200.42 - - [10/Dec/2025:08:58:06 +0800] "GET /wp-content/uploads/2025/12/1765248735-20251209104226_108_60.webp HTTP/1.1" 200 55962 "http://cqqizhou.com/2339/" "Mozilla/5.0 (Linux; Android 12; CET-AL60 Build/HUAWEICET-AL60; wv) AppleWebKit/537.36 (KHTML, like Gecko) Version/4.0 Chrome/142.0.7444.172 Mobile Safari/537.36 XWEB/1420045 MMWEBSDK/20251006 MMWEBID/6107 MicroMessenger/8.0.66.2980(0x28004234) WeChat/arm64 Weixin NetType/WIFI Language/zh_CN ABI/arm64"
183.230.200.42 - - [10/Dec/2025:08:58:06 +0800] "GET /wp-content/uploads/2025/12/1765248770-20251209104226_107_60.webp HTTP/1.1" 200 66916 "http://cqqizhou.com/2339/" "Mozilla/5.0 (Linux; Android 12; CET-AL60 Build/HUAWEICET-AL60; wv) AppleWebKit/537.36 (KHTML, like Gecko) Version/4.0 Chrome/142.0.7444.172 Mobile Safari/537.36 XWEB/1420045 MMWEBSDK/20251006 MMWEBID/6107 MicroMessenger/8.0.66.2980(0x28004234) WeChat/arm64 Weixin NetType/WIFI Language/zh_CN ABI/arm64"
183.230.200.42 - - [10/Dec/2025:08:58:06 +0800] "GET /wp-content/uploads/2025/09/1756868614-20250903104654_74_5.webp HTTP/1.1" 200 47858 "http://cqqizhou.com/2339/" "Mozilla/5.0 (Linux; Android 12; CET-AL60 Build/HUAWEICET-AL60; wv) AppleWebKit/537.36 (KHTML, like Gecko) Version/4.0 Chrome/142.0.7444.172 Mobile Safari/537.36 XWEB/1420045 MMWEBSDK/20251006 MMWEBID/6107 MicroMessenger/8.0.66.2980(0x28004234) WeChat/arm64 Weixin NetType/WIFI Language/zh_CN ABI/arm64"
183.230.200.42 - - [10/Dec/2025:08:58:06 +0800] "GET /wp-content/uploads/2025/09/1756868614-20250903104654_74_5-150x150.webp HTTP/1.1" 200 5712 "http://cqqizhou.com/2339/" "Mozilla/5.0 (Linux; Android 12; CET-AL60 Build/HUAWEICET-AL60; wv) AppleWebKit/537.36 (KHTML, like Gecko) Version/4.0 Chrome/142.0.7444.172 Mobile Safari/537.36 XWEB/1420045 MMWEBSDK/20251006 MMWEBID/6107 MicroMessenger/8.0.66.2980(0x28004234) WeChat/arm64 Weixin NetType/WIFI Language/zh_CN ABI/arm64"
183.230.200.42 - - [10/Dec/2025:08:58:06 +0800] "GET /wp-content/uploads/2025/07/1753410289-News2000%C3%97400_202571.webp HTTP/1.1" 200 17830 "http://cqqizhou.com/2339/" "Mozilla/5.0 (Linux; Android 12; CET-AL60 Build/HUAWEICET-AL60; wv) AppleWebKit/537.36 (KHTML, like Gecko) Version/4.0 Chrome/142.0.7444.172 Mobile Safari/537.36 XWEB/1420045 MMWEBSDK/20251006 MMWEBID/6107 MicroMessenger/8.0.66.2980(0x28004234) WeChat/arm64 Weixin NetType/WIFI Language/zh_CN ABI/arm64"
183.230.200.42 - - [10/Dec/2025:08:58:06 +0800] "GET /wp-content/uploads/2025/08/1755826456-DSC01841.webp HTTP/1.1" 200 87046 "http://cqqizhou.com/2339/" "Mozilla/5.0 (Linux; Android 12; CET-AL60 Build/HUAWEICET-AL60; wv) AppleWebKit/537.36 (KHTML, like Gecko) Version/4.0 Chrome/142.0.7444.172 Mobile Safari/537.36 XWEB/1420045 MMWEBSDK/20251006 MMWEBID/6107 MicroMessenger/8.0.66.2980(0x28004234) WeChat/arm64 Weixin NetType/WIFI Language/zh_CN ABI/arm64"
183.230.200.42 - - [10/Dec/2025:08:58:06 +0800] "GET /wp-content/uploads/2025/07/1751425283-qizhou.kf_.qq_.com_.webp HTTP/1.1" 200 16864 "http://cqqizhou.com/2339/" "Mozilla/5.0 (Linux; Android 12; CET-AL60 Build/HUAWEICET-AL60; wv) AppleWebKit/537.36 (KHTML, like Gecko) Version/4.0 Chrome/142.0.7444.172 Mobile Safari/537.36 XWEB/1420045 MMWEBSDK/20251006 MMWEBID/6107 MicroMessenger/8.0.66.2980(0x28004234) WeChat/arm64 Weixin NetType/WIFI Language/zh_CN ABI/arm64"
183.230.200.42 - - [10/Dec/2025:08:58:06 +0800] "GET /wp-content/uploads/2025/12/1765249046-20251209104228_110_60.webp HTTP/1.1" 200 64834 "http://cqqizhou.com/2339/" "Mozilla/5.0 (Linux; Android 12; CET-AL60 Build/HUAWEICET-AL60; wv) AppleWebKit/537.36 (KHTML, like Gecko) Version/4.0 Chrome/142.0.7444.172 Mobile Safari/537.36 XWEB/1420045 MMWEBSDK/20251006 MMWEBID/6107 MicroMessenger/8.0.66.2980(0x28004234) WeChat/arm64 Weixin NetType/WIFI Language/zh_CN ABI/arm64"
36.133.115.36 - - [10/Dec/2025:08:59:39 +0800] "POST /wp-cron.php?doing_wp_cron=1765328379.7884480953216552734375 HTTP/1.1" 200 31 "-" "WordPress/6.8.3; http://cqqizhou.com"
204.76.203.212 - - [10/Dec/2025:08:59:40 +0800] "GET / HTTP/1.1" 200 33673 "-" "Mozilla/5.0 (Windows NT 10.0; Win64; x64) AppleWebKit/537.36 (KHTML, like Gecko) Chrome/90.0.4430.85 Safari/537.36 Edg/90.0.818.46"
36.133.115.36 - - [10/Dec/2025:08:59:52 +0800] "POST /wp-cron.php?doing_wp_cron=1765328392.7803010940551757812500 HTTP/1.1" 200 31 "-" "WordPress/6.8.3; http://cqqizhou.com"
183.230.200.42 - - [10/Dec/2025:08:59:53 +0800] "GET /2215/ HTTP/1.1" 200 20141 "http://cqqizhou.com/2339/" "Mozilla/5.0 (Linux; Android 12; CET-AL60 Build/HUAWEICET-AL60; wv) AppleWebKit/537.36 (KHTML, like Gecko) Version/4.0 Chrome/142.0.7444.172 Mobile Safari/537.36 XWEB/1420045 MMWEBSDK/20251006 MMWEBID/6107 MicroMessenger/8.0.66.2980(0x28004234) WeChat/arm64 Weixin NetType/WIFI Language/zh_CN ABI/arm64"
183.230.200.42 - - [10/Dec/2025:08:59:53 +0800] "GET /2215/ HTTP/1.1" 200 20141 "http://cqqizhou.com/2339/" "Mozilla/5.0 (Linux; Android 12; CET-AL60 Build/HUAWEICET-AL60; wv) AppleWebKit/537.36 (KHTML, like Gecko) Version/4.0 Chrome/142.0.7444.172 Mobile Safari/537.36 XWEB/1420045 MMWEBSDK/20251006 MMWEBID/6107 MicroMessenger/8.0.66.2980(0x28004234) WeChat/arm64 Weixin NetType/WIFI Language/zh_CN ABI/arm64"
183.230.200.42 - - [10/Dec/2025:08:59:54 +0800] "GET /2215/ HTTP/1.1" 200 20141 "http://cqqizhou.com/2339/" "Mozilla/5.0 (Linux; Android 12; CET-AL60 Build/HUAWEICET-AL60; wv) AppleWebKit/537.36 (KHTML, like Gecko) Version/4.0 Chrome/142.0.7444.172 Mobile Safari/537.36 XWEB/1420045 MMWEBSDK/20251006 MMWEBID/6107 MicroMessenger/8.0.66.2980(0x28004234) WeChat/arm64 Weixin NetType/WIFI Language/zh_CN ABI/arm64"
183.230.200.42 - - [10/Dec/2025:08:59:54 +0800] "GET /wp-content/uploads/2025/08/1755826390-DSC01765-150x150.webp HTTP/1.1" 200 6586 "http://cqqizhou.com/2215/" "Mozilla/5.0 (Linux; Android 12; CET-AL60 Build/HUAWEICET-AL60; wv) AppleWebKit/537.36 (KHTML, like Gecko) Version/4.0 Chrome/142.0.7444.172 Mobile Safari/537.36 XWEB/1420045 MMWEBSDK/20251006 MMWEBID/6107 MicroMessenger/8.0.66.2980(0x28004234) WeChat/arm64 Weixin NetType/WIFI Language/zh_CN ABI/arm64"
106.80.193.146 - - [10/Dec/2025:09:00:44 +0800] "GET /2339/ HTTP/1.1" 200 20633 "-" "Mozilla/5.0 (Linux; Android 12; PECT30 Build/SP1A.210812.016; wv) AppleWebKit/537.36 (KHTML, like Gecko) Version/4.0 Chrome/142.0.7444.172 Mobile Safari/537.36 XWEB/1420045 MMWEBSDK/20241103 MMWEBID/4492 MicroMessenger/8.0.55.2780(0x2800373D) WeChat/arm64 Weixin NetType/WIFI Language/zh_CN ABI/arm64"
106.80.193.146 - - [10/Dec/2025:09:00:44 +0800] "GET /wp-content/uploads/2025/12/1765253089-20251209103501_96_61.webp HTTP/1.1" 200 37758 "http://cqqizhou.com/2339/" "Mozilla/5.0 (Linux; Android 12; PECT30 Build/SP1A.210812.016; wv) AppleWebKit/537.36 (KHTML, like Gecko) Version/4.0 Chrome/142.0.7444.172 Mobile Safari/537.36 XWEB/1420045 MMWEBSDK/20241103 MMWEBID/4492 MicroMessenger/8.0.55.2780(0x2800373D) WeChat/arm64 Weixin NetType/WIFI Language/zh_CN ABI/arm64"
106.80.193.146 - - [10/Dec/2025:09:00:44 +0800] "GET /wp-content/uploads/2025/12/1765248735-20251209104226_108_60.webp HTTP/1.1" 200 55962 "http://cqqizhou.com/2339/" "Mozilla/5.0 (Linux; Android 12; PECT30 Build/SP1A.210812.016; wv) AppleWebKit/537.36 (KHTML, like Gecko) Version/4.0 Chrome/142.0.7444.172 Mobile Safari/537.36 XWEB/1420045 MMWEBSDK/20241103 MMWEBID/4492 MicroMessenger/8.0.55.2780(0x2800373D) WeChat/arm64 Weixin NetType/WIFI Language/zh_CN ABI/arm64"
