39.144.224.118 - - [10/Dec/2025:15:53:46 +0800] "GET /wp-content/uploads/2025/12/1765248770-20251209104226_107_60.webp HTTP/1.1" 200 66916 "http://cqqizhou.com/2339/" "Mozilla/5.0 (Linux; Android 12; RMX3041 Build/SP1A.210812.016; wv) AppleWebKit/537.36 (KHTML, like Gecko) Version/4.0 Chrome/138.0.7204.180 Mobile Safari/537.36 XWEB/1380215 MMWEBSDK/20250202 MMWEBID/6940 wxwork/5.0.2 MicroMessenger/7.0.1 NetType/4G Language/zh Lang/zh ColorScheme/Light wwmver/3.26.502.634"
39.144.224.118 - - [10/Dec/2025:15:53:46 +0800] "GET /wp-content/uploads/2025/12/1765248735-20251209104226_108_60.webp HTTP/1.1" 200 55962 "http://cqqizhou.com/2339/" "Mozilla/5.0 (Linux; Android 12; RMX3041 Build/SP1A.210812.016; wv) AppleWebKit/537.36 (KHTML, like Gecko) Version/4.0 Chrome/138.0.7204.180 Mobile Safari/537.36 XWEB/1380215 MMWEBSDK/20250202 MMWEBID/6940 wxwork/5.0.2 MicroMessenger/7.0.1 NetType/4G Language/zh Lang/zh ColorScheme/Light wwmver/3.26.502.634"
39.144.224.118 - - [10/Dec/2025:15:53:46 +0800] "GET /wp-content/uploads/2025/09/1756868614-20250903104654_74_5-150x150.webp HTTP/1.1" 200 5712 "http://cqqizhou.com/2339/" "Mozilla/5.0 (Linux; Android 12; RMX3041 Build/SP1A.210812.016; wv) AppleWebKit/537.36 (KHTML, like Gecko) Version/4.0 Chrome/138.0.7204.180 Mobile Safari/537.36 XWEB/1380215 MMWEBSDK/20250202 MMWEBID/6940 wxwork/5.0.2 MicroMessenger/7.0.1 NetType/4G Language/zh Lang/zh ColorScheme/Light wwmver/3.26.502.634"
39.144.224.118 - - [10/Dec/2025:15:53:46 +0800] "GET /wp-content/uploads/2025/09/1756868614-20250903104654_74_5.webp HTTP/1.1" 200 47858 "http://cqqizhou.com/2339/" "Mozilla/5.0 (Linux; Android 12; RMX3041 Build/SP1A.210812.016; wv) AppleWebKit/537.36 (KHTML, like Gecko) Version/4.0 Chrome/138.0.7204.180 Mobile Safari/537.36 XWEB/1380215 MMWEBSDK/20250202 MMWEBID/6940 wxwork/5.0.2 MicroMessenger/7.0.1 NetType/4G Language/zh Lang/zh ColorScheme/Light wwmver/3.26.502.634"
39.144.224.118 - - [10/Dec/2025:15:53:46 +0800] "GET /wp-content/uploads/2025/07/1753410289-News2000%C3%97400_202571.webp HTTP/1.1" 200 17830 "http://cqqizhou.com/2339/" "Mozilla/5.0 (Linux; Android 12; RMX3041 Build/SP1A.210812.016; wv) AppleWebKit/537.36 (KHTML, like Gecko) Version/4.0 Chrome/138.0.7204.180 Mobile Safari/537.36 XWEB/1380215 MMWEBSDK/20250202 MMWEBID/6940 wxwork/5.0.2 MicroMessenger/7.0.1 NetType/4G Language/zh Lang/zh ColorScheme/Light wwmver/3.26.502.634"
39.144.224.118 - - [10/Dec/2025:15:53:47 +0800] "GET /wp-content/uploads/2025/12/1765249046-20251209104228_110_60.webp HTTP/1.1" 200 64834 "http://cqqizhou.com/2339/" "Mozilla/5.0 (Linux; Android 12; RMX3041 Build/SP1A.210812.016; wv) AppleWebKit/537.36 (KHTML, like Gecko) Version/4.0 Chrome/138.0.7204.180 Mobile Safari/537.36 XWEB/1380215 MMWEBSDK/20250202 MMWEBID/6940 wxwork/5.0.2 MicroMessenger/7.0.1 NetType/4G Language/zh Lang/zh ColorScheme/Light wwmver/3.26.502.634"
39.144.224.118 - - [10/Dec/2025:15:53:47 +0800] "GET /wp-content/uploads/2025/08/1755826456-DSC01841.webp HTTP/1.1" 200 87046 "http://cqqizhou.com/2339/" "Mozilla/5.0 (Linux; Android 12; RMX3041 Build/SP1A.210812.016; wv) AppleWebKit/537.36 (KHTML, like Gecko) Version/4.0 Chrome/138.0.7204.180 Mobile Safari/537.36 XWEB/1380215 MMWEBSDK/20250202 MMWEBID/6940 wxwork/5.0.2 MicroMessenger/7.0.1 NetType/4G Language/zh Lang/zh ColorScheme/Light wwmver/3.26.502.634"
39.144.224.118 - - [10/Dec/2025:15:53:47 +0800] "GET /wp-content/uploads/2025/07/1751425283-qizhou.kf_.qq_.com_.webp HTTP/1.1" 200 16864 "http://cqqizhou.com/2339/" "Mozilla/5.0 (Linux; Android 12; RMX3041 Build/SP1A.210812.016; wv) AppleWebKit/537.36 (KHTML, like Gecko) Version/4.0 Chrome/138.0.7204.180 Mobile Safari/537.36 XWEB/1380215 MMWEBSDK/20250202 MMWEBID/6940 wxwork/5.0.2 MicroMessenger/7.0.1 NetType/4G Language/zh Lang/zh ColorScheme/Light wwmver/3.26.502.634"
36.133.108.121 - - [10/Dec/2025:15:53:50 +0800] "HEAD /HNAP1 HTTP/1.1" 404 0 "-" "Mozilla/5.0 (Windows; U; Windows NT 5.1; en-US) AppleWebKit/533.20.25 (KHTML, like Gecko) Version/5.0.3 Safari/533.19.4"
36.133.115.36 - - [10/Dec/2025:15:56:29 +0800] "POST /wp-cron.php?doing_wp_cron=1765353389.5327498912811279296875 HTTP/1.1" 200 31 "-" "WordPress/6.8.3; http://cqqizhou.com"
43.153.12.58 - - [10/Dec/2025:15:56:29 +0800] "GET /wp-admin/admin-ajax.php HTTP/1.1" 400 11 "-" "Mozilla/5.0 (iPhone; CPU iPhone OS 13_2_3 like Mac OS X) AppleWebKit/605.1.15 (KHTML, like Gecko) Version/13.0.3 Mobile/15E148 Safari/604.1"
39.144.224.118 - - [10/Dec/2025:15:56:39 +0800] "GET /2339/ HTTP/1.1" 200 20633 "-" "Mozilla/5.0 (Linux; Android 12; RMX3041 Build/SP1A.210812.016; wv) AppleWebKit/537.36 (KHTML, like Gecko) Version/4.0 Chrome/138.0.7204.180 Mobile Safari/537.36 XWEB/1380215 MMWEBSDK/20250202 MMWEBID/6940 wxwork/5.0.2 MicroMessenger/7.0.1 NetType/4G Language/zh Lang/zh ColorScheme/Light wwmver/3.26.502.634"
36.133.115.36 - - [10/Dec/2025:15:59:26 +0800] "POST /wp-cron.php?doing_wp_cron=1765353565.9982059001922607421875 HTTP/1.1" 200 31 "-" "WordPress/6.8.3; http://cqqizhou.com"
123.147.251.215 - - [10/Dec/2025:15:59:26 +0800] "GET /2339/ HTTP/1.1" 200 20633 "-" "Mozilla/5.0 (iPhone; CPU iPhone OS 18_6 like Mac OS X) AppleWebKit/605.1.15 (KHTML, like Gecko) Mobile/15E148 MicroMessenger/8.0.62(0x18003e3a) NetType/4G Language/zh_CN"
123.147.251.215 - - [10/Dec/2025:15:59:26 +0800] "GET /wp-content/uploads/2025/12/1765253089-20251209103501_96_61.webp HTTP/1.1" 200 37758 "http://cqqizhou.com/2339/" "Mozilla/5.0 (iPhone; CPU iPhone OS 18_6 like Mac OS X) AppleWebKit/605.1.15 (KHTML, like Gecko) Mobile/15E148 MicroMessenger/8.0.62(0x18003e3a) NetType/4G Language/zh_CN"
123.147.251.215 - - [10/Dec/2025:15:59:26 +0800] "GET /wp-content/uploads/2025/07/1753410289-News2000%C3%97400_202571.webp HTTP/1.1" 200 17830 "http://cqqizhou.com/2339/" "Mozilla/5.0 (iPhone; CPU iPhone OS 18_6 like Mac OS X) AppleWebKit/605.1.15 (KHTML, like Gecko) Mobile/15E148 MicroMessenger/8.0.62(0x18003e3a) NetType/4G Language/zh_CN"
123.147.251.215 - - [10/Dec/2025:15:59:26 +0800] "GET /wp-content/uploads/2025/12/1765248735-20251209104226_108_60.webp HTTP/1.1" 200 55962 "http://cqqizhou.com/2339/" "Mozilla/5.0 (iPhone; CPU iPhone OS 18_6 like Mac OS X) AppleWebKit/605.1.15 (KHTML, like Gecko) Mobile/15E148 MicroMessenger/8.0.62(0x18003e3a) NetType/4G Language/zh_CN"
123.147.251.215 - - [10/Dec/2025:15:59:26 +0800] "GET /wp-content/uploads/2025/12/1765248770-20251209104226_107_60.webp HTTP/1.1" 200 66916 "http://cqqizhou.com/2339/" "Mozilla/5.0 (iPhone; CPU iPhone OS 18_6 like Mac OS X) AppleWebKit/605.1.15 (KHTML, like Gecko) Mobile/15E148 MicroMessenger/8.0.62(0x18003e3a) NetType/4G Language/zh_CN"
123.147.251.215 - - [10/Dec/2025:15:59:26 +0800] "GET /wp-content/uploads/2025/09/1756868614-20250903104654_74_5-150x150.webp HTTP/1.1" 200 5712 "http://cqqizhou.com/2339/" "Mozilla/5.0 (iPhone; CPU iPhone OS 18_6 like Mac OS X) AppleWebKit/605.1.15 (KHTML, like Gecko) Mobile/15E148 MicroMessenger/8.0.62(0x18003e3a) NetType/4G Language/zh_CN"
123.147.251.215 - - [10/Dec/2025:15:59:26 +0800] "GET /wp-content/uploads/2025/09/1756868614-20250903104654_74_5.webp HTTP/1.1" 200 47858 "http://cqqizhou.com/2339/" "Mozilla/5.0 (iPhone; CPU iPhone OS 18_6 like Mac OS X) AppleWebKit/605.1.15 (KHTML, like Gecko) Mobile/15E148 MicroMessenger/8.0.62(0x18003e3a) NetType/4G Language/zh_CN"
123.147.251.215 - - [10/Dec/2025:15:59:26 +0800] "GET /wp-content/uploads/2025/08/1755826456-DSC01841.webp HTTP/1.1" 200 87046 "http://cqqizhou.com/2339/" "Mozilla/5.0 (iPhone; CPU iPhone OS 18_6 like Mac OS X) AppleWebKit/605.1.15 (KHTML, like Gecko) Mobile/15E148 MicroMessenger/8.0.62(0x18003e3a) NetType/4G Language/zh_CN"
123.147.251.215 - - [10/Dec/2025:15:59:26 +0800] "GET /wp-content/uploads/2025/07/1751425283-qizhou.kf_.qq_.com_.webp HTTP/1.1" 200 16864 "http://cqqizhou.com/2339/" "Mozilla/5.0 (iPhone; CPU iPhone OS 18_6 like Mac OS X) AppleWebKit/605.1.15 (KHTML, like Gecko) Mobile/15E148 MicroMessenger/8.0.62(0x18003e3a) NetType/4G Language/zh_CN"
123.147.251.215 - - [10/Dec/2025:15:59:49 +0800] "GET /wp-content/uploads/2025/12/1765249046-20251209104228_110_60.webp HTTP/1.1" 200 64834 "http://cqqizhou.com/2339/" "Mozilla/5.0 (iPhone; CPU iPhone OS 18_6 like Mac OS X) AppleWebKit/605.1.15 (KHTML, like Gecko) Mobile/15E148 MicroMessenger/8.0.62(0x18003e3a) NetType/4G Language/zh_CN"
36.133.115.36 - - [10/Dec/2025:15:59:57 +0800] "POST /wp-cron.php?doing_wp_cron=1765353597.6267099380493164062500 HTTP/1.1" 200 31 "-" "WordPress/6.8.3; http://cqqizhou.com"
123.147.251.215 - - [10/Dec/2025:15:59:57 +0800] "GET /2231/ HTTP/1.1" 200 19674 "http://cqqizhou.com/2339/" "Mozilla/5.0 (iPhone; CPU iPhone OS 18_6 like Mac OS X) AppleWebKit/605.1.15 (KHTML, like Gecko) Mobile/15E148 MicroMessenger/8.0.62(0x18003e3a) NetType/4G Language/zh_CN"
123.147.251.215 - - [10/Dec/2025:15:59:57 +0800] "GET /wp-content/uploads/2025/09/1756868585-20250903104658_78_5.webp HTTP/1.1" 200 39636 "http://cqqizhou.com/2231/" "Mozilla/5.0 (iPhone; CPU iPhone OS 18_6 like Mac OS X) AppleWebKit/605.1.15 (KHTML, like Gecko) Mobile/15E148 MicroMessenger/8.0.62(0x18003e3a) NetType/4G Language/zh_CN"
123.147.251.215 - - [10/Dec/2025:15:59:57 +0800] "GET /wp-content/uploads/2025/08/1755826456-DSC01841-150x150.webp HTTP/1.1" 200 9850 "http://cqqizhou.com/2231/" "Mozilla/5.0 (iPhone; CPU iPhone OS 18_6 like Mac OS X) AppleWebKit/605.1.15 (KHTML, like Gecko) Mobile/15E148 MicroMessenger/8.0.62(0x18003e3a) NetType/4G Language/zh_CN"
123.147.251.215 - - [10/Dec/2025:15:59:57 +0800] "GET /wp-content/uploads/2025/12/1765253089-20251209103501_96_61-150x150.webp HTTP/1.1" 200 5198 "http://cqqizhou.com/2231/" "Mozilla/5.0 (iPhone; CPU iPhone OS 18_6 like Mac OS X) AppleWebKit/605.1.15 (KHTML, like Gecko) Mobile/15E148 MicroMessenger/8.0.62(0x18003e3a) NetType/4G Language/zh_CN"
123.147.251.215 - - [10/Dec/2025:16:00:10 +0800] "GET /2339/ HTTP/1.1" 200 20633 "-" "Mozilla/5.0 (iPhone; CPU iPhone OS 18_6 like Mac OS X) AppleWebKit/605.1.15 (KHTML, like Gecko) Mobile/15E148 MicroMessenger/8.0.62(0x18003e3a) NetType/4G Language/zh_CN"
85.90.208.132 - - [10/Dec/2025:16:03:55 +0800] "GET / HTTP/1.0" 200 153956 "http://cqqizhou.com/" "Mozilla/5.0 (Windows NT 10.0; Win64; x64) AppleWebKit/537.36 (KHTML, like Gecko) Chrome/130.0.0.0 Safari/537.36"
36.133.115.36 - - [10/Dec/2025:16:09:32 +0800] "POST /wp-cron.php?doing_wp_cron=1765354172.3844699859619140625000 HTTP/1.1" 200 31 "-" "WordPress/6.8.3; http://cqqizhou.com"
43.166.255.102 - - [10/Dec/2025:16:09:32 +0800] "GET /bug HTTP/1.1" 301 5 "-" "Mozilla/5.0 (iPhone; CPU iPhone OS 13_2_3 like Mac OS X) AppleWebKit/605.1.15 (KHTML, like Gecko) Version/13.0.3 Mobile/15E148 Safari/604.1"
43.166.255.102 - - [10/Dec/2025:16:09:38 +0800] "GET /bug/ HTTP/1.1" 200 11637 "http://cqqizhou.com/bug" "Mozilla/5.0 (iPhone; CPU iPhone OS 13_2_3 like Mac OS X) AppleWebKit/605.1.15 (KHTML, like Gecko) Version/13.0.3 Mobile/15E148 Safari/604.1"
36.133.115.36 - - [10/Dec/2025:16:12:55 +0800] "POST /wp-cron.php?doing_wp_cron=1765354375.6648969650268554687500 HTTP/1.1" 200 31 "-" "WordPress/6.8.3; http://cqqizhou.com"
204.76.203.212 - - [10/Dec/2025:16:12:55 +0800] "GET / HTTP/1.1" 200 33673 "-" "Mozilla/5.0 (Windows NT 10.0; Win64; x64) AppleWebKit/537.36 (KHTML, like Gecko) Chrome/90.0.4430.85 Safari/537.36 Edg/90.0.818.46"
36.133.115.36 - - [10/Dec/2025:16:17:12 +0800] "POST /wp-cron.php?doing_wp_cron=1765354632.5335919857025146484375 HTTP/1.1" 200 31 "-" "WordPress/6.8.3; http://cqqizhou.com"
49.51.183.220 - - [10/Dec/2025:16:17:12 +0800] "GET /portfolio/duplex-stainless-steel/ HTTP/1.1" 200 18680 "-" "Mozilla/5.0 (iPhone; CPU iPhone OS 13_2_3 like Mac OS X) AppleWebKit/605.1.15 (KHTML, like Gecko) Version/13.0.3 Mobile/15E148 Safari/604.1"
36.133.115.36 - - [10/Dec/2025:16:17:57 +0800] "POST /wp-cron.php?doing_wp_cron=1765354677.7541639804840087890625 HTTP/1.1" 200 31 "-" "WordPress/6.8.3; http://cqqizhou.com"
183.226.47.185 - - [10/Dec/2025:16:17:57 +0800] "GET /2339/ HTTP/1.1" 200 20634 "-" "Mozilla/5.0 (Linux; Android 15; 23013RK75C Build/AQ3A.240912.001; wv) AppleWebKit/537.36 (KHTML, like Gecko) Version/4.0 Chrome/142.0.7444.172 Mobile Safari/537.36 XWEB/1420045 MMWEBSDK/20251006 MMWEBID/3331 MicroMessenger/8.0.66.2980(0x28004234) WeChat/arm64 Weixin NetType/WIFI Language/zh_CN ABI/arm64"
183.226.47.185 - - [10/Dec/2025:16:17:58 +0800] "GET /wp-content/uploads/2025/12/1765253089-20251209103501_96_61.webp HTTP/1.1" 304 0 "http://cqqizhou.com/2339/" "Mozilla/5.0 (Linux; Android 15; 23013RK75C Build/AQ3A.240912.001; wv) AppleWebKit/537.36 (KHTML, like Gecko) Version/4.0 Chrome/142.0.7444.172 Mobile Safari/537.36 XWEB/1420045 MMWEBSDK/20251006 MMWEBID/3331 MicroMessenger/8.0.66.2980(0x28004234) WeChat/arm64 Weixin NetType/WIFI Language/zh_CN ABI/arm64"
183.226.47.185 - - [10/Dec/2025:16:17:58 +0800] "GET /wp-content/uploads/2025/12/1765248735-20251209104226_108_60.webp HTTP/1.1" 304 0 "http://cqqizhou.com/2339/" "Mozilla/5.0 (Linux; Android 15; 23013RK75C Build/AQ3A.240912.001; wv) AppleWebKit/537.36 (KHTML, like Gecko) Version/4.0 Chrome/142.0.7444.172 Mobile Safari/537.36 XWEB/1420045 MMWEBSDK/20251006 MMWEBID/3331 MicroMessenger/8.0.66.2980(0x28004234) WeChat/arm64 Weixin NetType/WIFI Language/zh_CN ABI/arm64"
183.226.47.185 - - [10/Dec/2025:16:17:58 +0800] "GET /wp-content/uploads/2025/12/1765248770-20251209104226_107_60.webp HTTP/1.1" 304 0 "http://cqqizhou.com/2339/" "Mozilla/5.0 (Linux; Android 15; 23013RK75C Build/AQ3A.240912.001; wv) AppleWebKit/537.36 (KHTML, like Gecko) Version/4.0 Chrome/142.0.7444.172 Mobile Safari/537.36 XWEB/1420045 MMWEBSDK/20251006 MMWEBID/3331 MicroMessenger/8.0.66.2980(0x28004234) WeChat/arm64 Weixin NetType/WIFI Language/zh_CN ABI/arm64"
183.226.47.185 - - [10/Dec/2025:16:17:58 +0800] "GET /wp-content/uploads/2025/12/1765249046-20251209104228_110_60.webp HTTP/1.1" 304 0 "http://cqqizhou.com/2339/" "Mozilla/5.0 (Linux; Android 15; 23013RK75C Build/AQ3A.240912.001; wv) AppleWebKit/537.36 (KHTML, like Gecko) Version/4.0 Chrome/142.0.7444.172 Mobile Safari/537.36 XWEB/1420045 MMWEBSDK/20251006 MMWEBID/3331 MicroMessenger/8.0.66.2980(0x28004234) WeChat/arm64 Weixin NetType/WIFI Language/zh_CN ABI/arm64"
36.133.115.36 - - [10/Dec/2025:16:19:46 +0800] "POST /wp-cron.php?doing_wp_cron=1765354786.0531880855560302734375 HTTP/1.1" 200 31 "-" "WordPress/6.8.3; http://cqqizhou.com"
183.226.188.79 - - [10/Dec/2025:16:19:46 +0800] "GET /2339/ HTTP/1.1" 200 20634 "-" "Mozilla/5.0 (Linux; Android 13; PEGM10 Build/TP1A.220905.001; wv) AppleWebKit/537.36 (KHTML, like Gecko) Version/4.0 Chrome/142.0.7444.172 Mobile Safari/537.36 XWEB/1420045 MMWEBSDK/20251006 MMWEBID/3210 MicroMessenger/8.0.66.2980(0x28004234) WeChat/arm64 Weixin NetType/WIFI Language/zh_CN ABI/arm64"
183.226.188.79 - - [10/Dec/2025:16:19:46 +0800] "GET /wp-content/uploads/2025/12/1765253089-20251209103501_96_61.webp HTTP/1.1" 200 37758 "http://cqqizhou.com/2339/" "Mozilla/5.0 (Linux; Android 13; PEGM10 Build/TP1A.220905.001; wv) AppleWebKit/537.36 (KHTML, like Gecko) Version/4.0 Chrome/142.0.7444.172 Mobile Safari/537.36 XWEB/1420045 MMWEBSDK/20251006 MMWEBID/3210 MicroMessenger/8.0.66.2980(0x28004234) WeChat/arm64 Weixin NetType/WIFI Language/zh_CN ABI/arm64"
183.226.188.79 - - [10/Dec/2025:16:19:46 +0800] "GET /wp-content/uploads/2025/12/1765248735-20251209104226_108_60.webp HTTP/1.1" 200 55962 "http://cqqizhou.com/2339/" "Mozilla/5.0 (Linux; Android 13; PEGM10 Build/TP1A.220905.001; wv) AppleWebKit/537.36 (KHTML, like Gecko) Version/4.0 Chrome/142.0.7444.172 Mobile Safari/537.36 XWEB/1420045 MMWEBSDK/20251006 MMWEBID/3210 MicroMessenger/8.0.66.2980(0x28004234) WeChat/arm64 Weixin NetType/WIFI Language/zh_CN ABI/arm64"
183.226.188.79 - - [10/Dec/2025:16:19:46 +0800] "GET /wp-content/uploads/2025/12/1765248770-20251209104226_107_60.webp HTTP/1.1" 200 66916 "http://cqqizhou.com/2339/" "Mozilla/5.0 (Linux; Android 13; PEGM10 Build/TP1A.220905.001; wv) AppleWebKit/537.36 (KHTML, like Gecko) Version/4.0 Chrome/142.0.7444.172 Mobile Safari/537.36 XWEB/1420045 MMWEBSDK/20251006 MMWEBID/3210 MicroMessenger/8.0.66.2980(0x28004234) WeChat/arm64 Weixin NetType/WIFI Language/zh_CN ABI/arm64"
183.226.188.79 - - [10/Dec/2025:16:19:46 +0800] "GET /wp-content/uploads/2025/09/1756868614-20250903104654_74_5-150x150.webp HTTP/1.1" 200 5712 "http://cqqizhou.com/2339/" "Mozilla/5.0 (Linux; Android 13; PEGM10 Build/TP1A.220905.001; wv) AppleWebKit/537.36 (KHTML, like Gecko) Version/4.0 Chrome/142.0.7444.172 Mobile Safari/537.36 XWEB/1420045 MMWEBSDK/20251006 MMWEBID/3210 MicroMessenger/8.0.66.2980(0x28004234) WeChat/arm64 Weixin NetType/WIFI Language/zh_CN ABI/arm64"
183.226.188.79 - - [10/Dec/2025:16:19:46 +0800] "GET /wp-content/uploads/2025/09/1756868614-20250903104654_74_5.webp HTTP/1.1" 200 47858 "http://cqqizhou.com/2339/" "Mozilla/5.0 (Linux; Android 13; PEGM10 Build/TP1A.220905.001; wv) AppleWebKit/537.36 (KHTML, like Gecko) Version/4.0 Chrome/142.0.7444.172 Mobile Safari/537.36 XWEB/1420045 MMWEBSDK/20251006 MMWEBID/3210 MicroMessenger/8.0.66.2980(0x28004234) WeChat/arm64 Weixin NetType/WIFI Language/zh_CN ABI/arm64"
183.226.188.79 - - [10/Dec/2025:16:19:46 +0800] "GET /wp-content/uploads/2025/07/1753410289-News2000%C3%97400_202571.webp HTTP/1.1" 200 17830 "http://cqqizhou.com/2339/" "Mozilla/5.0 (Linux; Android 13; PEGM10 Build/TP1A.220905.001; wv) AppleWebKit/537.36 (KHTML, like Gecko) Version/4.0 Chrome/142.0.7444.172 Mobile Safari/537.36 XWEB/1420045 MMWEBSDK/20251006 MMWEBID/3210 MicroMessenger/8.0.66.2980(0x28004234) WeChat/arm64 Weixin NetType/WIFI Language/zh_CN ABI/arm64"
183.226.188.79 - - [10/Dec/2025:16:19:46 +0800] "GET /wp-content/uploads/2025/08/1755826456-DSC01841.webp HTTP/1.1" 200 87046 "http://cqqizhou.com/2339/" "Mozilla/5.0 (Linux; Android 13; PEGM10 Build/TP1A.220905.001; wv) AppleWebKit/537.36 (KHTML, like Gecko) Version/4.0 Chrome/142.0.7444.172 Mobile Safari/537.36 XWEB/1420045 MMWEBSDK/20251006 MMWEBID/3210 MicroMessenger/8.0.66.2980(0x28004234) WeChat/arm64 Weixin NetType/WIFI Language/zh_CN ABI/arm64"
183.226.188.79 - - [10/Dec/2025:16:19:46 +0800] "GET /wp-content/uploads/2025/12/1765249046-20251209104228_110_60.webp HTTP/1.1" 200 64834 "http://cqqizhou.com/2339/" "Mozilla/5.0 (Linux; Android 13; PEGM10 Build/TP1A.220905.001; wv) AppleWebKit/537.36 (KHTML, like Gecko) Version/4.0 Chrome/142.0.7444.172 Mobile Safari/537.36 XWEB/1420045 MMWEBSDK/20251006 MMWEBID/3210 MicroMessenger/8.0.66.2980(0x28004234) WeChat/arm64 Weixin NetType/WIFI Language/zh_CN ABI/arm64"
183.226.188.79 - - [10/Dec/2025:16:19:46 +0800] "GET /wp-content/uploads/2025/07/1751425283-qizhou.kf_.qq_.com_.webp HTTP/1.1" 200 16864 "http://cqqizhou.com/2339/" "Mozilla/5.0 (Linux; Android 13; PEGM10 Build/TP1A.220905.001; wv) AppleWebKit/537.36 (KHTML, like Gecko) Version/4.0 Chrome/142.0.7444.172 Mobile Safari/537.36 XWEB/1420045 MMWEBSDK/20251006 MMWEBID/3210 MicroMessenger/8.0.66.2980(0x28004234) WeChat/arm64 Weixin NetType/WIFI Language/zh_CN ABI/arm64"
36.133.115.36 - - [10/Dec/2025:16:27:48 +0800] "POST /wp-cron.php?doing_wp_cron=1765355268.7427470684051513671875 HTTP/1.1" 200 31 "-" "WordPress/6.8.3; http://cqqizhou.com"
182.42.111.156 - - [10/Dec/2025:16:27:48 +0800] "GET / HTTP/1.1" 301 5 "-" "Mozilla/5.0 (iPhone; CPU iPhone OS 13_2_3 like Mac OS X) AppleWebKit/605.1.15 (KHTML, like Gecko) Version/13.0.3 Mobile/15E148 Safari/604.1"
182.42.111.156 - - [10/Dec/2025:16:27:54 +0800] "GET / HTTP/1.1" 200 33671 "http://www.cqqizhou.com" "Mozilla/5.0 (iPhone; CPU iPhone OS 13_2_3 like Mac OS X) AppleWebKit/605.1.15 (KHTML, like Gecko) Version/13.0.3 Mobile/15E148 Safari/604.1"
36.133.115.36 - - [10/Dec/2025:16:39:10 +0800] "POST /wp-cron.php?doing_wp_cron=1765355950.4330708980560302734375 HTTP/1.1" 200 31 "-" "WordPress/6.8.3; http://cqqizhou.com"
111.225.149.172 - - [10/Dec/2025:16:39:10 +0800] "GET /robots.txt HTTP/1.1" 200 190 "-" "Mozilla/5.0 (Linux; Android 5.0) AppleWebKit/537.36 (KHTML, like Gecko) Mobile Safari/537.36 (compatible; Bytespider; https://zhanzhang.toutiao.com/)"
43.164.196.57 - - [10/Dec/2025:16:39:29 +0800] "GET /wp-json/oembed/1.0/embed?url=http%3A%2F%2Fcqqizhou.com%2Fbug%2F HTTP/1.1" 200 1105 "-" "Mozilla/5.0 (iPhone; CPU iPhone OS 13_2_3 like Mac OS X) AppleWebKit/605.1.15 (KHTML, like Gecko) Version/13.0.3 Mobile/15E148 Safari/604.1"
36.133.115.36 - - [10/Dec/2025:16:43:15 +0800] "POST /wp-cron.php?doing_wp_cron=1765356195.2869229316711425781250 HTTP/1.1" 200 31 "-" "WordPress/6.8.3; http://cqqizhou.com"
171.95.58.158 - - [10/Dec/2025:16:43:15 +0800] "GET /2339/ HTTP/1.1" 200 20634 "-" "Mozilla/5.0 (iPhone; CPU iPhone OS 18_4_1 like Mac OS X) AppleWebKit/605.1.15 (KHTML, like Gecko) Mobile/15E148 MicroMessenger/8.0.66(0x1800422a) NetType/WIFI Language/zh_CN"
171.95.58.158 - - [10/Dec/2025:16:43:15 +0800] "GET /wp-content/uploads/2025/12/1765253089-20251209103501_96_61.webp HTTP/1.1" 200 37758 "http://cqqizhou.com/2339/" "Mozilla/5.0 (iPhone; CPU iPhone OS 18_4_1 like Mac OS X) AppleWebKit/605.1.15 (KHTML, like Gecko) Mobile/15E148 MicroMessenger/8.0.66(0x1800422a) NetType/WIFI Language/zh_CN"
171.95.58.158 - - [10/Dec/2025:16:43:15 +0800] "GET /wp-content/uploads/2025/07/1753410289-News2000%C3%97400_202571.webp HTTP/1.1" 200 17830 "http://cqqizhou.com/2339/" "Mozilla/5.0 (iPhone; CPU iPhone OS 18_4_1 like Mac OS X) AppleWebKit/605.1.15 (KHTML, like Gecko) Mobile/15E148 MicroMessenger/8.0.66(0x1800422a) NetType/WIFI Language/zh_CN"
171.95.58.158 - - [10/Dec/2025:16:43:15 +0800] "GET /wp-content/uploads/2025/12/1765248735-20251209104226_108_60.webp HTTP/1.1" 200 55962 "http://cqqizhou.com/2339/" "Mozilla/5.0 (iPhone; CPU iPhone OS 18_4_1 like Mac OS X) AppleWebKit/605.1.15 (KHTML, like Gecko) Mobile/15E148 MicroMessenger/8.0.66(0x1800422a) NetType/WIFI Language/zh_CN"
171.95.58.158 - - [10/Dec/2025:16:43:15 +0800] "GET /wp-content/uploads/2025/12/1765248770-20251209104226_107_60.webp HTTP/1.1" 200 66916 "http://cqqizhou.com/2339/" "Mozilla/5.0 (iPhone; CPU iPhone OS 18_4_1 like Mac OS X) AppleWebKit/605.1.15 (KHTML, like Gecko) Mobile/15E148 MicroMessenger/8.0.66(0x1800422a) NetType/WIFI Language/zh_CN"
171.95.58.158 - - [10/Dec/2025:16:43:15 +0800] "GET /wp-content/uploads/2025/09/1756868614-20250903104654_74_5-150x150.webp HTTP/1.1" 200 5712 "http://cqqizhou.com/2339/" "Mozilla/5.0 (iPhone; CPU iPhone OS 18_4_1 like Mac OS X) AppleWebKit/605.1.15 (KHTML, like Gecko) Mobile/15E148 MicroMessenger/8.0.66(0x1800422a) NetType/WIFI Language/zh_CN"
171.95.58.158 - - [10/Dec/2025:16:43:15 +0800] "GET /wp-content/uploads/2025/09/1756868614-20250903104654_74_5.webp HTTP/1.1" 200 47858 "http://cqqizhou.com/2339/" "Mozilla/5.0 (iPhone; CPU iPhone OS 18_4_1 like Mac OS X) AppleWebKit/605.1.15 (KHTML, like Gecko) Mobile/15E148 MicroMessenger/8.0.66(0x1800422a) NetType/WIFI Language/zh_CN"
171.95.58.158 - - [10/Dec/2025:16:43:15 +0800] "GET /wp-content/uploads/2025/08/1755826456-DSC01841.webp HTTP/1.1" 200 87046 "http://cqqizhou.com/2339/" "Mozilla/5.0 (iPhone; CPU iPhone OS 18_4_1 like Mac OS X) AppleWebKit/605.1.15 (KHTML, like Gecko) Mobile/15E148 MicroMessenger/8.0.66(0x1800422a) NetType/WIFI Language/zh_CN"
171.95.58.158 - - [10/Dec/2025:16:43:15 +0800] "GET /wp-content/uploads/2025/07/1751425283-qizhou.kf_.qq_.com_.webp HTTP/1.1" 200 16864 "http://cqqizhou.com/2339/" "Mozilla/5.0 (iPhone; CPU iPhone OS 18_4_1 like Mac OS X) AppleWebKit/605.1.15 (KHTML, like Gecko) Mobile/15E148 MicroMessenger/8.0.66(0x1800422a) NetType/WIFI Language/zh_CN"
171.95.58.158 - - [10/Dec/2025:16:43:34 +0800] "GET /wp-content/uploads/2025/12/1765249046-20251209104228_110_60.webp HTTP/1.1" 200 64834 "http://cqqizhou.com/2339/" "Mozilla/5.0 (iPhone; CPU iPhone OS 18_4_1 like Mac OS X) AppleWebKit/605.1.15 (KHTML, like Gecko) Mobile/15E148 MicroMessenger/8.0.66(0x1800422a) NetType/WIFI Language/zh_CN"
36.133.115.36 - - [10/Dec/2025:16:43:50 +0800] "POST /wp-cron.php?doing_wp_cron=1765356230.1812961101531982421875 HTTP/1.1" 200 31 "-" "WordPress/6.8.3; http://cqqizhou.com"
171.95.58.158 - - [10/Dec/2025:16:43:50 +0800] "GET /2215/ HTTP/1.1" 200 20141 "http://cqqizhou.com/2339/" "Mozilla/5.0 (iPhone; CPU iPhone OS 18_4_1 like Mac OS X) AppleWebKit/605.1.15 (KHTML, like Gecko) Mobile/15E148 MicroMessenger/8.0.66(0x1800422a) NetType/WIFI Language/zh_CN"
171.95.58.158 - - [10/Dec/2025:16:43:50 +0800] "GET /wp-content/uploads/2025/08/1755826390-DSC01765-150x150.webp HTTP/1.1" 200 6586 "http://cqqizhou.com/2215/" "Mozilla/5.0 (iPhone; CPU iPhone OS 18_4_1 like Mac OS X) AppleWebKit/605.1.15 (KHTML, like Gecko) Mobile/15E148 MicroMessenger/8.0.66(0x1800422a) NetType/WIFI Language/zh_CN"
36.133.115.36 - - [10/Dec/2025:16:44:48 +0800] "POST /wp-cron.php?doing_wp_cron=1765356288.8419399261474609375000 HTTP/1.1" 200 31 "-" "WordPress/6.8.3; http://cqqizhou.com"
43.167.245.18 - - [10/Dec/2025:16:44:48 +0800] "GET /wp-json/ HTTP/1.1" 200 19416 "-" "Mozilla/5.0 (iPhone; CPU iPhone OS 13_2_3 like Mac OS X) AppleWebKit/605.1.15 (KHTML, like Gecko) Version/13.0.3 Mobile/15E148 Safari/604.1"
36.133.115.36 - - [10/Dec/2025:16:45:46 +0800] "POST /wp-cron.php?doing_wp_cron=1765356346.4420349597930908203125 HTTP/1.1" 200 31 "-" "WordPress/6.8.3; http://cqqizhou.com"
106.80.206.71 - - [10/Dec/2025:16:45:46 +0800] "GET /2339/ HTTP/1.1" 200 20633 "-" "Mozilla/5.0 (Linux; Android 14; V2313A Build/UP1A.231005.007; wv) AppleWebKit/537.36 (KHTML, like Gecko) Version/4.0 Chrome/138.0.7204.180 Mobile Safari/537.36 XWEB/1380327 MMWEBSDK/20251006 MMWEBID/8640 MicroMessenger/8.0.66.2980(0x28004234) WeChat/arm64 Weixin NetType/WIFI Language/zh_CN ABI/arm64"
106.80.206.71 - - [10/Dec/2025:16:45:47 +0800] "GET /wp-content/uploads/2025/12/1765253089-20251209103501_96_61.webp HTTP/1.1" 200 37758 "http://cqqizhou.com/2339/" "Mozilla/5.0 (Linux; Android 14; V2313A Build/UP1A.231005.007; wv) AppleWebKit/537.36 (KHTML, like Gecko) Version/4.0 Chrome/138.0.7204.180 Mobile Safari/537.36 XWEB/1380327 MMWEBSDK/20251006 MMWEBID/8640 MicroMessenger/8.0.66.2980(0x28004234) WeChat/arm64 Weixin NetType/WIFI Language/zh_CN ABI/arm64"
106.80.206.71 - - [10/Dec/2025:16:45:47 +0800] "GET /wp-content/uploads/2025/12/1765248735-20251209104226_108_60.webp HTTP/1.1" 200 55962 "http://cqqizhou.com/2339/" "Mozilla/5.0 (Linux; Android 14; V2313A Build/UP1A.231005.007; wv) AppleWebKit/537.36 (KHTML, like Gecko) Version/4.0 Chrome/138.0.7204.180 Mobile Safari/537.36 XWEB/1380327 MMWEBSDK/20251006 MMWEBID/8640 MicroMessenger/8.0.66.2980(0x28004234) WeChat/arm64 Weixin NetType/WIFI Language/zh_CN ABI/arm64"
106.80.206.71 - - [10/Dec/2025:16:45:47 +0800] "GET /wp-content/uploads/2025/12/1765248770-20251209104226_107_60.webp HTTP/1.1" 200 66916 "http://cqqizhou.com/2339/" "Mozilla/5.0 (Linux; Android 14; V2313A Build/UP1A.231005.007; wv) AppleWebKit/537.36 (KHTML, like Gecko) Version/4.0 Chrome/138.0.7204.180 Mobile Safari/537.36 XWEB/1380327 MMWEBSDK/20251006 MMWEBID/8640 MicroMessenger/8.0.66.2980(0x28004234) WeChat/arm64 Weixin NetType/WIFI Language/zh_CN ABI/arm64"
106.80.206.71 - - [10/Dec/2025:16:45:47 +0800] "GET /wp-content/uploads/2025/09/1756868614-20250903104654_74_5.webp HTTP/1.1" 200 47858 "http://cqqizhou.com/2339/" "Mozilla/5.0 (Linux; Android 14; V2313A Build/UP1A.231005.007; wv) AppleWebKit/537.36 (KHTML, like Gecko) Version/4.0 Chrome/138.0.7204.180 Mobile Safari/537.36 XWEB/1380327 MMWEBSDK/20251006 MMWEBID/8640 MicroMessenger/8.0.66.2980(0x28004234) WeChat/arm64 Weixin NetType/WIFI Language/zh_CN ABI/arm64"
106.80.206.71 - - [10/Dec/2025:16:45:47 +0800] "GET /wp-content/uploads/2025/09/1756868614-20250903104654_74_5-150x150.webp HTTP/1.1" 200 5712 "http://cqqizhou.com/2339/" "Mozilla/5.0 (Linux; Android 14; V2313A Build/UP1A.231005.007; wv) AppleWebKit/537.36 (KHTML, like Gecko) Version/4.0 Chrome/138.0.7204.180 Mobile Safari/537.36 XWEB/1380327 MMWEBSDK/20251006 MMWEBID/8640 MicroMessenger/8.0.66.2980(0x28004234) WeChat/arm64 Weixin NetType/WIFI Language/zh_CN ABI/arm64"
106.80.206.71 - - [10/Dec/2025:16:45:47 +0800] "GET /wp-content/uploads/2025/07/1753410289-News2000%C3%97400_202571.webp HTTP/1.1" 200 17830 "http://cqqizhou.com/2339/" "Mozilla/5.0 (Linux; Android 14; V2313A Build/UP1A.231005.007; wv) AppleWebKit/537.36 (KHTML, like Gecko) Version/4.0 Chrome/138.0.7204.180 Mobile Safari/537.36 XWEB/1380327 MMWEBSDK/20251006 MMWEBID/8640 MicroMessenger/8.0.66.2980(0x28004234) WeChat/arm64 Weixin NetType/WIFI Language/zh_CN ABI/arm64"
106.80.206.71 - - [10/Dec/2025:16:45:47 +0800] "GET /wp-content/uploads/2025/07/1751425283-qizhou.kf_.qq_.com_.webp HTTP/1.1" 200 16864 "http://cqqizhou.com/2339/" "Mozilla/5.0 (Linux; Android 14; V2313A Build/UP1A.231005.007; wv) AppleWebKit/537.36 (KHTML, like Gecko) Version/4.0 Chrome/138.0.7204.180 Mobile Safari/537.36 XWEB/1380327 MMWEBSDK/20251006 MMWEBID/8640 MicroMessenger/8.0.66.2980(0x28004234) WeChat/arm64 Weixin NetType/WIFI Language/zh_CN ABI/arm64"
106.80.206.71 - - [10/Dec/2025:16:45:47 +0800] "GET /wp-content/uploads/2025/12/1765249046-20251209104228_110_60.webp HTTP/1.1" 200 64834 "http://cqqizhou.com/2339/" "Mozilla/5.0 (Linux; Android 14; V2313A Build/UP1A.231005.007; wv) AppleWebKit/537.36 (KHTML, like Gecko) Version/4.0 Chrome/138.0.7204.180 Mobile Safari/537.36 XWEB/1380327 MMWEBSDK/20251006 MMWEBID/8640 MicroMessenger/8.0.66.2980(0x28004234) WeChat/arm64 Weixin NetType/WIFI Language/zh_CN ABI/arm64"
106.80.206.71 - - [10/Dec/2025:16:45:47 +0800] "GET /wp-content/uploads/2025/08/1755826456-DSC01841.webp HTTP/1.1" 200 87046 "http://cqqizhou.com/2339/" "Mozilla/5.0 (Linux; Android 14; V2313A Build/UP1A.231005.007; wv) AppleWebKit/537.36 (KHTML, like Gecko) Version/4.0 Chrome/138.0.7204.180 Mobile Safari/537.36 XWEB/1380327 MMWEBSDK/20251006 MMWEBID/8640 MicroMessenger/8.0.66.2980(0x28004234) WeChat/arm64 Weixin NetType/WIFI Language/zh_CN ABI/arm64"
36.133.115.36 - - [10/Dec/2025:16:47:34 +0800] "POST /wp-cron.php?doing_wp_cron=1765356454.6781671047210693359375 HTTP/1.1" 200 31 "-" "WordPress/6.8.3; http://cqqizhou.com"
106.84.144.215 - - [10/Dec/2025:16:47:34 +0800] "GET /2339/ HTTP/1.1" 200 20634 "-" "Mozilla/5.0 (Linux; Android 13; Mi 10 Pro Build/TKQ1.221114.001; wv) AppleWebKit/537.36 (KHTML, like Gecko) Version/4.0 Chrome/142.0.7444.172 Mobile Safari/537.36 XWEB/1420045 MMWEBSDK/20250904 MMWEBID/3338 MicroMessenger/8.0.64.2940(0x28004050) WeChat/arm64 Weixin NetType/5G Language/zh_CN ABI/arm64"
106.84.144.215 - - [10/Dec/2025:16:47:35 +0800] "GET /wp-content/uploads/2025/12/1765253089-20251209103501_96_61.webp HTTP/1.1" 200 37758 "http://cqqizhou.com/2339/" "Mozilla/5.0 (Linux; Android 13; Mi 10 Pro Build/TKQ1.221114.001; wv) AppleWebKit/537.36 (KHTML, like Gecko) Version/4.0 Chrome/142.0.7444.172 Mobile Safari/537.36 XWEB/1420045 MMWEBSDK/20250904 MMWEBID/3338 MicroMessenger/8.0.64.2940(0x28004050) WeChat/arm64 Weixin NetType/5G Language/zh_CN ABI/arm64"
106.84.144.215 - - [10/Dec/2025:16:47:35 +0800] "GET /wp-content/uploads/2025/12/1765248770-20251209104226_107_60.webp HTTP/1.1" 200 66916 "http://cqqizhou.com/2339/" "Mozilla/5.0 (Linux; Android 13; Mi 10 Pro Build/TKQ1.221114.001; wv) AppleWebKit/537.36 (KHTML, like Gecko) Version/4.0 Chrome/142.0.7444.172 Mobile Safari/537.36 XWEB/1420045 MMWEBSDK/20250904 MMWEBID/3338 MicroMessenger/8.0.64.2940(0x28004050) WeChat/arm64 Weixin NetType/5G Language/zh_CN ABI/arm64"
106.84.144.215 - - [10/Dec/2025:16:47:35 +0800] "GET /wp-content/uploads/2025/12/1765248735-20251209104226_108_60.webp HTTP/1.1" 200 55962 "http://cqqizhou.com/2339/" "Mozilla/5.0 (Linux; Android 13; Mi 10 Pro Build/TKQ1.221114.001; wv) AppleWebKit/537.36 (KHTML, like Gecko) Version/4.0 Chrome/142.0.7444.172 Mobile Safari/537.36 XWEB/1420045 MMWEBSDK/20250904 MMWEBID/3338 MicroMessenger/8.0.64.2940(0x28004050) WeChat/arm64 Weixin NetType/5G Language/zh_CN ABI/arm64"
106.84.144.215 - - [10/Dec/2025:16:47:35 +0800] "GET /wp-content/uploads/2025/09/1756868614-20250903104654_74_5-150x150.webp HTTP/1.1" 200 5712 "http://cqqizhou.com/2339/" "Mozilla/5.0 (Linux; Android 13; Mi 10 Pro Build/TKQ1.221114.001; wv) AppleWebKit/537.36 (KHTML, like Gecko) Version/4.0 Chrome/142.0.7444.172 Mobile Safari/537.36 XWEB/1420045 MMWEBSDK/20250904 MMWEBID/3338 MicroMessenger/8.0.64.2940(0x28004050) WeChat/arm64 Weixin NetType/5G Language/zh_CN ABI/arm64"
106.84.144.215 - - [10/Dec/2025:16:47:35 +0800] "GET /wp-content/uploads/2025/09/1756868614-20250903104654_74_5.webp HTTP/1.1" 200 47858 "http://cqqizhou.com/2339/" "Mozilla/5.0 (Linux; Android 13; Mi 10 Pro Build/TKQ1.221114.001; wv) AppleWebKit/537.36 (KHTML, like Gecko) Version/4.0 Chrome/142.0.7444.172 Mobile Safari/537.36 XWEB/1420045 MMWEBSDK/20250904 MMWEBID/3338 MicroMessenger/8.0.64.2940(0x28004050) WeChat/arm64 Weixin NetType/5G Language/zh_CN ABI/arm64"
106.84.144.215 - - [10/Dec/2025:16:47:35 +0800] "GET /wp-content/uploads/2025/07/1753410289-News2000%C3%97400_202571.webp HTTP/1.1" 200 17830 "http://cqqizhou.com/2339/" "Mozilla/5.0 (Linux; Android 13; Mi 10 Pro Build/TKQ1.221114.001; wv) AppleWebKit/537.36 (KHTML, like Gecko) Version/4.0 Chrome/142.0.7444.172 Mobile Safari/537.36 XWEB/1420045 MMWEBSDK/20250904 MMWEBID/3338 MicroMessenger/8.0.64.2940(0x28004050) WeChat/arm64 Weixin NetType/5G Language/zh_CN ABI/arm64"
106.84.144.215 - - [10/Dec/2025:16:47:35 +0800] "GET /wp-content/uploads/2025/08/1755826456-DSC01841.webp HTTP/1.1" 200 87046 "http://cqqizhou.com/2339/" "Mozilla/5.0 (Linux; Android 13; Mi 10 Pro Build/TKQ1.221114.001; wv) AppleWebKit/537.36 (KHTML, like Gecko) Version/4.0 Chrome/142.0.7444.172 Mobile Safari/537.36 XWEB/1420045 MMWEBSDK/20250904 MMWEBID/3338 MicroMessenger/8.0.64.2940(0x28004050) WeChat/arm64 Weixin NetType/5G Language/zh_CN ABI/arm64"
106.84.144.215 - - [10/Dec/2025:16:47:35 +0800] "GET /wp-content/uploads/2025/07/1751425283-qizhou.kf_.qq_.com_.webp HTTP/1.1" 200 16864 "http://cqqizhou.com/2339/" "Mozilla/5.0 (Linux; Android 13; Mi 10 Pro Build/TKQ1.221114.001; wv) AppleWebKit/537.36 (KHTML, like Gecko) Version/4.0 Chrome/142.0.7444.172 Mobile Safari/537.36 XWEB/1420045 MMWEBSDK/20250904 MMWEBID/3338 MicroMessenger/8.0.64.2940(0x28004050) WeChat/arm64 Weixin NetType/5G Language/zh_CN ABI/arm64"
106.84.144.215 - - [10/Dec/2025:16:47:35 +0800] "GET /wp-content/uploads/2025/12/1765249046-20251209104228_110_60.webp HTTP/1.1" 200 64834 "http://cqqizhou.com/2339/" "Mozilla/5.0 (Linux; Android 13; Mi 10 Pro Build/TKQ1.221114.001; wv) AppleWebKit/537.36 (KHTML, like Gecko) Version/4.0 Chrome/142.0.7444.172 Mobile Safari/537.36 XWEB/1420045 MMWEBSDK/20250904 MMWEBID/3338 MicroMessenger/8.0.64.2940(0x28004050) WeChat/arm64 Weixin NetType/5G Language/zh_CN ABI/arm64"
68.218.105.189 - - [10/Dec/2025:16:50:33 +0800] "GET /wp-content/plugins/hellopress/wp_filemanager.php HTTP/1.1" 404 27 "-" "-"
68.218.105.189 - - [10/Dec/2025:16:50:33 +0800] "GET /show/asa.php HTTP/1.1" 404 27 "-" "-"
68.218.105.189 - - [10/Dec/2025:16:50:33 +0800] "GET /ce.php HTTP/1.1" 404 27 "-" "-"
68.218.105.189 - - [10/Dec/2025:16:50:33 +0800] "GET /vanda.php HTTP/1.1" 404 27 "-" "-"
68.218.105.189 - - [10/Dec/2025:16:50:34 +0800] "GET /tithings.php HTTP/1.1" 404 27 "-" "-"
68.218.105.189 - - [10/Dec/2025:16:50:34 +0800] "GET /click.php HTTP/1.1" 404 27 "-" "-"
68.218.105.189 - - [10/Dec/2025:16:50:34 +0800] "GET /nope.php HTTP/1.1" 404 27 "-" "-"
68.218.105.189 - - [10/Dec/2025:16:50:34 +0800] "GET /0x.php HTTP/1.1" 404 27 "-" "-"
68.218.105.189 - - [10/Dec/2025:16:50:34 +0800] "GET /duplicand.php HTTP/1.1" 404 27 "-" "-"
68.218.105.189 - - [10/Dec/2025:16:50:34 +0800] "GET /3i8som87avh59dosfymtvCakc.php HTTP/1.1" 404 27 "-" "-"
68.218.105.189 - - [10/Dec/2025:16:50:35 +0800] "GET /ww5.php HTTP/1.1" 404 27 "-" "-"
68.218.105.189 - - [10/Dec/2025:16:50:35 +0800] "GET /num.php?p= HTTP/1.1" 404 27 "-" "-"
68.218.105.189 - - [10/Dec/2025:16:50:35 +0800] "GET /gm.php HTTP/1.1" 404 27 "-" "-"
68.218.105.189 - - [10/Dec/2025:16:50:35 +0800] "GET /nonesoterically.php HTTP/1.1" 404 27 "-" "-"
68.218.105.189 - - [10/Dec/2025:16:50:35 +0800] "GET /xml.php HTTP/1.1" 404 27 "-" "-"
68.218.105.189 - - [10/Dec/2025:16:50:35 +0800] "GET /xrp.php HTTP/1.1" 404 27 "-" "-"
68.218.105.189 - - [10/Dec/2025:16:50:36 +0800] "GET /palsy.php HTTP/1.1" 404 27 "-" "-"
68.218.105.189 - - [10/Dec/2025:16:50:36 +0800] "GET /wso.php HTTP/1.1" 404 27 "-" "-"
68.218.105.189 - - [10/Dec/2025:16:50:36 +0800] "GET /hehe.php HTTP/1.1" 404 27 "-" "-"
68.218.105.189 - - [10/Dec/2025:16:50:36 +0800] "GET /bo.php HTTP/1.1" 404 27 "-" "-"
68.218.105.189 - - [10/Dec/2025:16:50:36 +0800] "GET /wp-advaced.php HTTP/1.1" 404 27 "-" "-"
68.218.105.189 - - [10/Dec/2025:16:50:36 +0800] "GET /cyanamids.php HTTP/1.1" 404 27 "-" "-"
68.218.105.189 - - [10/Dec/2025:16:50:37 +0800] "GET /dox.php HTTP/1.1" 404 27 "-" "-"
68.218.105.189 - - [10/Dec/2025:16:50:37 +0800] "GET /app.php HTTP/1.1" 404 27 "-" "-"
68.218.105.189 - - [10/Dec/2025:16:50:37 +0800] "GET /d12.php HTTP/1.1" 404 27 "-" "-"
68.218.105.189 - - [10/Dec/2025:16:50:37 +0800] "GET /wp-blog-front.php HTTP/1.1" 404 27 "-" "-"
68.218.105.189 - - [10/Dec/2025:16:50:37 +0800] "GET /nof.php HTTP/1.1" 404 27 "-" "-"
68.218.105.189 - - [10/Dec/2025:16:50:37 +0800] "GET /disengaging.php HTTP/1.1" 404 27 "-" "-"
68.218.105.189 - - [10/Dec/2025:16:50:38 +0800] "GET /rk2.php HTTP/1.1" 404 27 "-" "-"
68.218.105.189 - - [10/Dec/2025:16:50:38 +0800] "GET /unbefittingly.php HTTP/1.1" 404 27 "-" "-"
68.218.105.189 - - [10/Dec/2025:16:50:38 +0800] "GET /test1.php HTTP/1.1" 404 27 "-" "-"
68.218.105.189 - - [10/Dec/2025:16:50:38 +0800] "GET /x.php HTTP/1.1" 404 27 "-" "-"
68.218.105.189 - - [10/Dec/2025:16:50:38 +0800] "GET /poliomyelopathy.php HTTP/1.1" 404 27 "-" "-"
68.218.105.189 - - [10/Dec/2025:16:50:38 +0800] "GET /co.php HTTP/1.1" 404 27 "-" "-"
68.218.105.189 - - [10/Dec/2025:16:50:38 +0800] "GET /naxc.php HTTP/1.1" 404 27 "-" "-"
68.218.105.189 - - [10/Dec/2025:16:50:39 +0800] "GET /wp-themes.php HTTP/1.1" 404 27 "-" "-"
68.218.105.189 - - [10/Dec/2025:16:50:39 +0800] "GET /ww1.php?p= HTTP/1.1" 404 27 "-" "-"
68.218.105.189 - - [10/Dec/2025:16:50:39 +0800] "GET /z60.php HTTP/1.1" 404 27 "-" "-"
68.218.105.189 - - [10/Dec/2025:16:50:39 +0800] "GET /s.php HTTP/1.1" 404 27 "-" "-"
68.218.105.189 - - [10/Dec/2025:16:50:39 +0800] "GET /disquiet.php HTTP/1.1" 404 27 "-" "-"
68.218.105.189 - - [10/Dec/2025:16:50:39 +0800] "GET /pp.php HTTP/1.1" 404 27 "-" "-"
68.218.105.189 - - [10/Dec/2025:16:50:40 +0800] "GET /222.php HTTP/1.1" 404 27 "-" "-"
68.218.105.189 - - [10/Dec/2025:16:50:40 +0800] "GET /parturiency.php HTTP/1.1" 404 27 "-" "-"
68.218.105.189 - - [10/Dec/2025:16:50:40 +0800] "GET /t.php HTTP/1.1" 404 27 "-" "-"
68.218.105.189 - - [10/Dec/2025:16:50:40 +0800] "GET /zc-729.php HTTP/1.1" 404 27 "-" "-"
68.218.105.189 - - [10/Dec/2025:16:50:40 +0800] "GET /file30.php HTTP/1.1" 404 27 "-" "-"
68.218.105.189 - - [10/Dec/2025:16:50:40 +0800] "GET /pn.php HTTP/1.1" 404 27 "-" "-"
68.218.105.189 - - [10/Dec/2025:16:50:41 +0800] "GET /okxh.php HTTP/1.1" 404 27 "-" "-"
68.218.105.189 - - [10/Dec/2025:16:50:41 +0800] "GET /bolt.php HTTP/1.1" 404 27 "-" "-"
68.218.105.189 - - [10/Dec/2025:16:50:41 +0800] "GET /v.php?p= HTTP/1.1" 404 27 "-" "-"
68.218.105.189 - - [10/Dec/2025:16:50:41 +0800] "GET /abc.php HTTP/1.1" 404 27 "-" "-"
68.218.105.189 - - [10/Dec/2025:16:50:41 +0800] "GET /z57.php?p= HTTP/1.1" 404 27 "-" "-"
68.218.105.189 - - [10/Dec/2025:16:50:41 +0800] "GET /an.php HTTP/1.1" 404 27 "-" "-"
68.218.105.189 - - [10/Dec/2025:16:50:42 +0800] "GET /wp-64wscx6shd.php HTTP/1.1" 404 27 "-" "-"
68.218.105.189 - - [10/Dec/2025:16:50:42 +0800] "GET /wp-home.php HTTP/1.1" 404 27 "-" "-"
68.218.105.189 - - [10/Dec/2025:16:50:42 +0800] "GET /error_log.php HTTP/1.1" 404 27 "-" "-"
68.218.105.189 - - [10/Dec/2025:16:50:42 +0800] "GET /khgdl.php HTTP/1.1" 404 27 "-" "-"
68.218.105.189 - - [10/Dec/2025:16:50:43 +0800] "GET /gg.php HTTP/1.1" 404 27 "-" "-"
68.218.105.189 - - [10/Dec/2025:16:50:43 +0800] "GET /asciferous.php HTTP/1.1" 404 27 "-" "-"
68.218.105.189 - - [10/Dec/2025:16:50:43 +0800] "GET /file9.php HTTP/1.1" 404 27 "-" "-"
68.218.105.189 - - [10/Dec/2025:16:50:43 +0800] "GET /f8moue.php HTTP/1.1" 404 27 "-" "-"
68.218.105.189 - - [10/Dec/2025:16:50:43 +0800] "GET /fishmen.php HTTP/1.1" 404 27 "-" "-"
68.218.105.189 - - [10/Dec/2025:16:50:44 +0800] "GET /144.php HTTP/1.1" 404 27 "-" "-"
68.218.105.189 - - [10/Dec/2025:16:50:44 +0800] "GET /coenoecic.php HTTP/1.1" 404 27 "-" "-"
68.218.105.189 - - [10/Dec/2025:16:50:44 +0800] "GET /sx.php HTTP/1.1" 404 27 "-" "-"
68.218.105.189 - - [10/Dec/2025:16:50:44 +0800] "GET /wp-securitiy.php HTTP/1.1" 404 27 "-" "-"
68.218.105.189 - - [10/Dec/2025:16:50:44 +0800] "GET /domains.php HTTP/1.1" 404 27 "-" "-"
68.218.105.189 - - [10/Dec/2025:16:50:44 +0800] "GET /asd.php HTTP/1.1" 404 27 "-" "-"
68.218.105.189 - - [10/Dec/2025:16:50:45 +0800] "GET /unbalanceable.php HTTP/1.1" 404 27 "-" "-"
68.218.105.189 - - [10/Dec/2025:16:50:45 +0800] "GET /obfuscous.php HTTP/1.1" 404 27 "-" "-"
68.218.105.189 - - [10/Dec/2025:16:50:45 +0800] "GET /phrensying.php HTTP/1.1" 404 27 "-" "-"
68.218.105.189 - - [10/Dec/2025:16:50:45 +0800] "GET /unprecipitously.php HTTP/1.1" 404 27 "-" "-"
68.218.105.189 - - [10/Dec/2025:16:50:45 +0800] "GET /pyrometry.php HTTP/1.1" 404 27 "-" "-"
68.218.105.189 - - [10/Dec/2025:16:50:45 +0800] "GET /gecko.php HTTP/1.1" 404 27 "-" "-"
68.218.105.189 - - [10/Dec/2025:16:50:45 +0800] "GET /ahax.php HTTP/1.1" 404 27 "-" "-"
68.218.105.189 - - [10/Dec/2025:16:50:46 +0800] "GET /oitava.php HTTP/1.1" 404 27 "-" "-"
68.218.105.189 - - [10/Dec/2025:16:50:46 +0800] "GET /ss.php HTTP/1.1" 404 27 "-" "-"
68.218.105.189 - - [10/Dec/2025:16:50:46 +0800] "GET /wp-ac.php HTTP/1.1" 404 27 "-" "-"
68.218.105.189 - - [10/Dec/2025:16:50:46 +0800] "GET /clss.php HTTP/1.1" 404 27 "-" "-"
68.218.105.189 - - [10/Dec/2025:16:50:46 +0800] "GET /bn.php HTTP/1.1" 404 27 "-" "-"
68.218.105.189 - - [10/Dec/2025:16:50:46 +0800] "GET /class.php HTTP/1.1" 404 27 "-" "-"
68.218.105.189 - - [10/Dec/2025:16:50:47 +0800] "GET /edd.php HTTP/1.1" 404 27 "-" "-"
68.218.105.189 - - [10/Dec/2025:16:50:47 +0800] "GET /bkxzo.php HTTP/1.1" 404 27 "-" "-"
68.218.105.189 - - [10/Dec/2025:16:50:47 +0800] "GET /re.php HTTP/1.1" 404 27 "-" "-"
68.218.105.189 - - [10/Dec/2025:16:50:47 +0800] "GET /kdrex.php HTTP/1.1" 404 27 "-" "-"
36.133.115.36 - - [10/Dec/2025:16:53:30 +0800] "POST /wp-cron.php?doing_wp_cron=1765356810.7635428905487060546875 HTTP/1.1" 200 31 "-" "WordPress/6.8.3; http://cqqizhou.com"
167.94.138.199 - - [10/Dec/2025:16:53:30 +0800] "GET /robots.txt HTTP/1.1" 200 190 "-" "Mozilla/5.0 (compatible; CensysInspect/1.1; +https://about.censys.io/)"
36.133.115.36 - - [10/Dec/2025:16:54:21 +0800] "POST /wp-cron.php?doing_wp_cron=1765356861.0218689441680908203125 HTTP/1.1" 200 31 "-" "WordPress/6.8.3; http://cqqizhou.com"
149.50.103.48 - - [10/Dec/2025:16:54:21 +0800] "GET / HTTP/1.1" 200 33673 "-" "Mozilla/5.0 (Windows NT 10.0; Win64; x64) AppleWebKit/537.36 (KHTML, like Gecko) Chrome/90.0.4430.85 Safari/537.36 Edg/90.0.818.46"
36.133.115.36 - - [10/Dec/2025:16:57:10 +0800] "POST /wp-cron.php?doing_wp_cron=1765357030.0562100410461425781250 HTTP/1.1" 200 31 "-" "WordPress/6.8.3; http://cqqizhou.com"
43.130.150.80 - - [10/Dec/2025:16:57:10 +0800] "GET /wp-content/uploads/2025/07/1753410289-News2000 HTTP/1.1" 404 8975 "-" "Mozilla/5.0 (iPhone; CPU iPhone OS 13_2_3 like Mac OS X) AppleWebKit/605.1.15 (KHTML, like Gecko) Version/13.0.3 Mobile/15E148 Safari/604.1"
36.133.115.36 - - [10/Dec/2025:17:05:03 +0800] "POST /wp-cron.php?doing_wp_cron=1765357503.0845019817352294921875 HTTP/1.1" 200 31 "-" "WordPress/6.8.3; http://cqqizhou.com"
204.76.203.212 - - [10/Dec/2025:17:05:03 +0800] "GET / HTTP/1.1" 200 33673 "-" "Mozilla/5.0 (Windows NT 10.0; Win64; x64) AppleWebKit/537.36 (KHTML, like Gecko) Chrome/90.0.4430.85 Safari/537.36 Edg/90.0.818.46"
43.131.36.84 - - [10/Dec/2025:17:05:20 +0800] "GET /wp-content/uploads/2025/07/1753456723- HTTP/1.1" 404 8981 "-" "Mozilla/5.0 (iPhone; CPU iPhone OS 13_2_3 like Mac OS X) AppleWebKit/605.1.15 (KHTML, like Gecko) Version/13.0.3 Mobile/15E148 Safari/604.1"
36.133.115.36 - - [10/Dec/2025:17:06:54 +0800] "POST /wp-cron.php?doing_wp_cron=1765357614.2457730770111083984375 HTTP/1.1" 200 31 "-" "WordPress/6.8.3; http://cqqizhou.com"
14.111.6.90 - - [10/Dec/2025:17:06:54 +0800] "GET /2339/ HTTP/1.1" 200 20634 "-" "Mozilla/5.0 (iPhone; CPU iPhone OS 18_6_2 like Mac OS X) AppleWebKit/605.1.15 (KHTML, like Gecko) Mobile/15E148 MicroMessenger/8.0.66(0x18004229) NetType/WIFI Language/zh_CN"
14.111.6.90 - - [10/Dec/2025:17:06:54 +0800] "GET /wp-content/uploads/2025/12/1765253089-20251209103501_96_61.webp HTTP/1.1" 200 37758 "http://cqqizhou.com/2339/" "Mozilla/5.0 (iPhone; CPU iPhone OS 18_6_2 like Mac OS X) AppleWebKit/605.1.15 (KHTML, like Gecko) Mobile/15E148 MicroMessenger/8.0.66(0x18004229) NetType/WIFI Language/zh_CN"
14.111.6.90 - - [10/Dec/2025:17:06:54 +0800] "GET /wp-content/uploads/2025/07/1753410289-News2000%C3%97400_202571.webp HTTP/1.1" 200 17830 "http://cqqizhou.com/2339/" "Mozilla/5.0 (iPhone; CPU iPhone OS 18_6_2 like Mac OS X) AppleWebKit/605.1.15 (KHTML, like Gecko) Mobile/15E148 MicroMessenger/8.0.66(0x18004229) NetType/WIFI Language/zh_CN"
14.111.6.90 - - [10/Dec/2025:17:06:54 +0800] "GET /wp-content/uploads/2025/12/1765248735-20251209104226_108_60.webp HTTP/1.1" 200 55962 "http://cqqizhou.com/2339/" "Mozilla/5.0 (iPhone; CPU iPhone OS 18_6_2 like Mac OS X) AppleWebKit/605.1.15 (KHTML, like Gecko) Mobile/15E148 MicroMessenger/8.0.66(0x18004229) NetType/WIFI Language/zh_CN"
14.111.6.90 - - [10/Dec/2025:17:06:55 +0800] "GET /wp-content/uploads/2025/12/1765248770-20251209104226_107_60.webp HTTP/1.1" 200 66916 "http://cqqizhou.com/2339/" "Mozilla/5.0 (iPhone; CPU iPhone OS 18_6_2 like Mac OS X) AppleWebKit/605.1.15 (KHTML, like Gecko) Mobile/15E148 MicroMessenger/8.0.66(0x18004229) NetType/WIFI Language/zh_CN"
14.111.6.90 - - [10/Dec/2025:17:06:55 +0800] "GET /wp-content/uploads/2025/09/1756868614-20250903104654_74_5-150x150.webp HTTP/1.1" 200 5712 "http://cqqizhou.com/2339/" "Mozilla/5.0 (iPhone; CPU iPhone OS 18_6_2 like Mac OS X) AppleWebKit/605.1.15 (KHTML, like Gecko) Mobile/15E148 MicroMessenger/8.0.66(0x18004229) NetType/WIFI Language/zh_CN"
14.111.6.90 - - [10/Dec/2025:17:06:55 +0800] "GET /wp-content/uploads/2025/09/1756868614-20250903104654_74_5.webp HTTP/1.1" 200 47858 "http://cqqizhou.com/2339/" "Mozilla/5.0 (iPhone; CPU iPhone OS 18_6_2 like Mac OS X) AppleWebKit/605.1.15 (KHTML, like Gecko) Mobile/15E148 MicroMessenger/8.0.66(0x18004229) NetType/WIFI Language/zh_CN"
14.111.6.90 - - [10/Dec/2025:17:06:55 +0800] "GET /wp-content/uploads/2025/08/1755826456-DSC01841.webp HTTP/1.1" 200 87046 "http://cqqizhou.com/2339/" "Mozilla/5.0 (iPhone; CPU iPhone OS 18_6_2 like Mac OS X) AppleWebKit/605.1.15 (KHTML, like Gecko) Mobile/15E148 MicroMessenger/8.0.66(0x18004229) NetType/WIFI Language/zh_CN"
14.111.6.90 - - [10/Dec/2025:17:06:55 +0800] "GET /wp-content/uploads/2025/07/1751425283-qizhou.kf_.qq_.com_.webp HTTP/1.1" 200 16864 "http://cqqizhou.com/2339/" "Mozilla/5.0 (iPhone; CPU iPhone OS 18_6_2 like Mac OS X) AppleWebKit/605.1.15 (KHTML, like Gecko) Mobile/15E148 MicroMessenger/8.0.66(0x18004229) NetType/WIFI Language/zh_CN"
14.111.6.90 - - [10/Dec/2025:17:07:22 +0800] "GET /wp-content/uploads/2025/12/1765249046-20251209104228_110_60.webp HTTP/1.1" 200 64834 "http://cqqizhou.com/2339/" "Mozilla/5.0 (iPhone; CPU iPhone OS 18_6_2 like Mac OS X) AppleWebKit/605.1.15 (KHTML, like Gecko) Mobile/15E148 MicroMessenger/8.0.66(0x18004229) NetType/WIFI Language/zh_CN"
141.98.11.170 - - [10/Dec/2025:17:07:27 +0800] "GET / HTTP/1.1" 200 33673 "-" "Mozilla/5.0 (Windows NT 10.0; Win64; x64) AppleWebKit/537.36 (KHTML, like Gecko) Chrome/90.0.4430.85 Safari/537.36 Edg/90.0.818.46"
14.111.6.90 - - [10/Dec/2025:17:07:33 +0800] "GET /2215/ HTTP/1.1" 200 20139 "http://cqqizhou.com/2339/" "Mozilla/5.0 (iPhone; CPU iPhone OS 18_6_2 like Mac OS X) AppleWebKit/605.1.15 (KHTML, like Gecko) Mobile/15E148 MicroMessenger/8.0.66(0x18004229) NetType/WIFI Language/zh_CN"
14.111.6.90 - - [10/Dec/2025:17:07:33 +0800] "GET /wp-content/uploads/2025/08/1755826390-DSC01765-150x150.webp HTTP/1.1" 200 6586 "http://cqqizhou.com/2215/" "Mozilla/5.0 (iPhone; CPU iPhone OS 18_6_2 like Mac OS X) AppleWebKit/605.1.15 (KHTML, like Gecko) Mobile/15E148 MicroMessenger/8.0.66(0x18004229) NetType/WIFI Language/zh_CN"
36.133.115.36 - - [10/Dec/2025:17:15:11 +0800] "POST /wp-cron.php?doing_wp_cron=1765358110.9846529960632324218750 HTTP/1.1" 200 31 "-" "WordPress/6.8.3; http://cqqizhou.com"
43.156.156.96 - - [10/Dec/2025:17:15:11 +0800] "GET /services/ HTTP/1.1" 200 25810 "-" "Mozilla/5.0 (iPhone; CPU iPhone OS 13_2_3 like Mac OS X) AppleWebKit/605.1.15 (KHTML, like Gecko) Version/13.0.3 Mobile/15E148 Safari/604.1"
36.133.115.36 - - [10/Dec/2025:17:23:48 +0800] "POST /wp-cron.php?doing_wp_cron=1765358628.3313820362091064453125 HTTP/1.1" 200 31 "-" "WordPress/6.8.3; http://cqqizhou.com"
14.108.232.115 - - [10/Dec/2025:17:23:48 +0800] "GET /2339/ HTTP/1.1" 200 20634 "-" "Mozilla/5.0 (Linux; Android 15; PLA110 Build/UKQ1.231108.001; wv) AppleWebKit/537.36 (KHTML, like Gecko) Version/4.0 Chrome/138.0.7204.180 Mobile Safari/537.36 XWEB/1380275 MMWEBSDK/20250202 MMWEBID/6443 wxwork/5.0.0 MicroMessenger/7.0.1 NetType/WIFI Language/zh Lang/zh ColorScheme/Light wwmver/3.26.500.650"
14.108.232.115 - - [10/Dec/2025:17:23:48 +0800] "GET /wp-content/uploads/2025/12/1765253089-20251209103501_96_61.webp HTTP/1.1" 200 37758 "http://cqqizhou.com/2339/" "Mozilla/5.0 (Linux; Android 15; PLA110 Build/UKQ1.231108.001; wv) AppleWebKit/537.36 (KHTML, like Gecko) Version/4.0 Chrome/138.0.7204.180 Mobile Safari/537.36 XWEB/1380275 MMWEBSDK/20250202 MMWEBID/6443 wxwork/5.0.0 MicroMessenger/7.0.1 NetType/WIFI Language/zh Lang/zh ColorScheme/Light wwmver/3.26.500.650"
