HEX
Server: nginx/1.16.1
System: Linux ecs-04358622 4.19.90-2107.6.0.0100.oe1.bclinux.x86_64 #1 SMP Wed Dec 1 19:59:44 CST 2021 x86_64
User: nginx (994)
PHP: 8.0.0
Disabled: NONE
Upload Files
File: //home/logs/cqqizhou_access_2025-12-10.log
52.167.144.208 - - [10/Dec/2025:00:00:01 +0800] "GET /wp-content/uploads/2025/07/1751857929-3D-one-stop-supply-chain-service-W900px2.webp HTTP/1.1" 200 38362 "-" "Mozilla/5.0 AppleWebKit/537.36 (KHTML, like Gecko; compatible; bingbot/2.0; +http://www.bing.com/bingbot.htm) Chrome/116.0.1938.76 Safari/537.36"
36.133.115.36 - - [10/Dec/2025:00:05:00 +0800] "POST /wp-cron.php?doing_wp_cron=1765296299.9983029365539550781250 HTTP/1.1" 200 31 "-" "WordPress/6.8.3; http://cqqizhou.com"
204.76.203.212 - - [10/Dec/2025:00:05:00 +0800] "GET / HTTP/1.1" 200 33672 "-" "Mozilla/5.0 (Windows NT 10.0; Win64; x64) AppleWebKit/537.36 (KHTML, like Gecko) Chrome/90.0.4430.85 Safari/537.36 Edg/90.0.818.46"
36.133.115.36 - - [10/Dec/2025:00:21:37 +0800] "POST /wp-cron.php?doing_wp_cron=1765297297.8742439746856689453125 HTTP/1.1" 200 31 "-" "WordPress/6.8.3; http://cqqizhou.com"
199.127.63.154 - - [10/Dec/2025:00:21:37 +0800] "GET /robots.txt HTTP/1.0" 200 378 "-" "xfa1"
36.133.115.36 - - [10/Dec/2025:00:45:44 +0800] "POST /wp-cron.php?doing_wp_cron=1765298744.5701949596405029296875 HTTP/1.1" 200 31 "-" "WordPress/6.8.3; http://cqqizhou.com"
141.98.11.140 - - [10/Dec/2025:00:45:45 +0800] "GET / HTTP/1.1" 200 152290 "-" "-"
36.133.115.36 - - [10/Dec/2025:00:48:18 +0800] "POST /wp-cron.php?doing_wp_cron=1765298898.7154829502105712890625 HTTP/1.1" 200 31 "-" "WordPress/6.8.3; http://cqqizhou.com"
5.9.120.8 - - [10/Dec/2025:00:48:18 +0800] "GET /robots.txt HTTP/1.1" 200 190 "-" "Mozilla/5.0 (compatible; SERankingBacklinksBot/1.0; +https://seranking.com/backlinks-crawler)"
5.9.120.8 - - [10/Dec/2025:00:48:20 +0800] "GET / HTTP/1.1" 200 34102 "-" "Mozilla/5.0 (compatible; SERankingBacklinksBot/1.0; +https://seranking.com/backlinks-crawler)"
36.133.115.36 - - [10/Dec/2025:00:51:31 +0800] "POST /wp-cron.php?doing_wp_cron=1765299091.0835978984832763671875 HTTP/1.1" 200 31 "-" "WordPress/6.8.3; http://cqqizhou.com"
204.76.203.212 - - [10/Dec/2025:00:51:31 +0800] "GET / HTTP/1.1" 200 33672 "-" "Mozilla/5.0 (Windows NT 10.0; Win64; x64) AppleWebKit/537.36 (KHTML, like Gecko) Chrome/90.0.4430.85 Safari/537.36 Edg/90.0.818.46"
36.133.115.36 - - [10/Dec/2025:00:53:55 +0800] "POST /wp-cron.php?doing_wp_cron=1765299235.2559299468994140625000 HTTP/1.1" 200 31 "-" "WordPress/6.8.3; http://cqqizhou.com"
103.217.190.151 - - [10/Dec/2025:00:53:55 +0800] "GET /admin HTTP/1.1" 301 5 "-" "Mozilla/5.0 (Windows NT 10.0; WOW64; rv:48.0) Gecko/20100101 Firefox/48.0"
103.217.190.151 - - [10/Dec/2025:00:53:56 +0800] "GET /admin HTTP/1.1" 302 5 "-" "Mozilla/5.0 (Windows NT 10.0; WOW64; rv:48.0) Gecko/20100101 Firefox/48.0"
103.217.190.151 - - [10/Dec/2025:00:53:57 +0800] "GET /wp-admin/ HTTP/1.1" 302 5 "-" "Mozilla/5.0 (Windows NT 10.0; WOW64; rv:48.0) Gecko/20100101 Firefox/48.0"
103.217.190.151 - - [10/Dec/2025:00:53:58 +0800] "GET /wp-login.php?redirect_to=http%3A%2F%2Fcqqizhou.com%2Fwp-admin%2F&reauth=1 HTTP/1.1" 200 2774 "-" "Mozilla/5.0 (Windows NT 10.0; WOW64; rv:48.0) Gecko/20100101 Firefox/48.0"
36.133.115.36 - - [10/Dec/2025:00:56:13 +0800] "POST /wp-cron.php?doing_wp_cron=1765299373.9398689270019531250000 HTTP/1.1" 200 31 "-" "WordPress/6.8.3; http://cqqizhou.com"
31.47.46.37 - - [10/Dec/2025:00:56:14 +0800] "POST /xmlrpc.php HTTP/1.1" 200 217 "-" "Mozilla/5.0 (X11; Ubuntu; Linux x86_64; rv:85.0) Gecko/20100101 Firefox/91.0"
36.133.115.36 - - [10/Dec/2025:01:00:22 +0800] "POST /wp-cron.php?doing_wp_cron=1765299622.6451020240783691406250 HTTP/1.1" 200 31 "-" "WordPress/6.8.3; http://cqqizhou.com"
213.21.239.49 - - [10/Dec/2025:01:00:22 +0800] "GET / HTTP/1.1" 200 33672 "-" "Mozilla/5.0 (Windows NT 10.0; Win64; x64) AppleWebKit/537.36"
66.132.153.115 - - [10/Dec/2025:01:15:56 +0800] "GET / HTTP/1.1" 200 34102 "-" "Mozilla/5.0 (compatible; CensysInspect/1.1; +https://about.censys.io/)"
202.21.42.11 - - [10/Dec/2025:01:18:07 +0800] "POST /HNAP1/ HTTP/1.0" 400 0 "-" "-"
36.133.115.36 - - [10/Dec/2025:01:32:44 +0800] "POST /wp-cron.php?doing_wp_cron=1765301564.1956570148468017578125 HTTP/1.1" 200 31 "-" "WordPress/6.8.3; http://cqqizhou.com"
5.9.120.8 - - [10/Dec/2025:01:32:44 +0800] "GET /robots.txt HTTP/1.1" 200 190 "-" "Mozilla/5.0 (compatible; SERankingBacklinksBot/1.0; +https://seranking.com/backlinks-crawler)"
5.9.120.8 - - [10/Dec/2025:01:32:44 +0800] "GET / HTTP/1.1" 200 34102 "-" "Mozilla/5.0 (compatible; SERankingBacklinksBot/1.0; +https://seranking.com/backlinks-crawler)"
36.133.115.36 - - [10/Dec/2025:01:33:43 +0800] "POST /wp-cron.php?doing_wp_cron=1765301623.7701470851898193359375 HTTP/1.1" 200 31 "-" "WordPress/6.8.3; http://cqqizhou.com"
180.117.143.242 - - [10/Dec/2025:01:33:44 +0800] "GET /2160/ HTTP/1.1" 200 30100 "-" "Mozilla/5.0 (Windows NT 10.0) AppleWebKit/537.36 (KHTML, like Gecko) Chrome/70.0.3538.16"
36.133.115.36 - - [10/Dec/2025:01:40:24 +0800] "POST /wp-cron.php?doing_wp_cron=1765302024.9296660423278808593750 HTTP/1.1" 200 31 "-" "WordPress/6.8.3; http://cqqizhou.com"
204.76.203.212 - - [10/Dec/2025:01:40:25 +0800] "GET / HTTP/1.1" 200 33671 "-" "Mozilla/5.0 (Windows NT 10.0; Win64; x64) AppleWebKit/537.36 (KHTML, like Gecko) Chrome/90.0.4430.85 Safari/537.36 Edg/90.0.818.46"
36.133.115.36 - - [10/Dec/2025:01:46:41 +0800] "POST /wp-cron.php?doing_wp_cron=1765302401.4656140804290771484375 HTTP/1.1" 200 31 "-" "WordPress/6.8.3; http://cqqizhou.com"
193.142.147.209 - - [10/Dec/2025:01:46:41 +0800] "GET /cgi-bin/luci/;stok=/locale HTTP/1.1" 301 5 "-" "-"
193.142.147.209 - - [10/Dec/2025:01:46:42 +0800] "GET /cgi-bin/luci/;stok=/locale HTTP/1.1" 404 31364 "http://36.133.115.36:80/cgi-bin/luci/;stok=/locale" "-"
36.133.115.36 - - [10/Dec/2025:01:52:54 +0800] "POST /wp-cron.php?doing_wp_cron=1765302774.1744771003723144531250 HTTP/1.1" 200 31 "-" "WordPress/6.8.3; http://cqqizhou.com"
35.243.176.134 - - [10/Dec/2025:01:52:54 +0800] "HEAD /old/ HTTP/1.1" 404 0 "-" "Mozilla/5.0 (Windows NT 10.0; WOW64) AppleWebKit/537.36 (KHTML, like Gecko) Chrome/118.0.5993.90 Safari/537.36"
35.243.176.134 - - [10/Dec/2025:01:52:55 +0800] "HEAD / HTTP/1.1" 200 0 "-" "Mozilla/5.0 (Linux; Android 14; SM-A146P) AppleWebKit/537.36 (KHTML, like Gecko) SamsungBrowser/25.0 Chrome/123.0.6312.120 Mobile Safari/537.36"
35.243.176.134 - - [10/Dec/2025:01:52:56 +0800] "HEAD /backup/ HTTP/1.1" 404 0 "-" "Mozilla/5.0 (Linux; Android 14; OnePlus 12) AppleWebKit/537.36 (KHTML, like Gecko) Chrome/125.0.6422.102 Mobile Safari/537.36"
35.243.176.134 - - [10/Dec/2025:01:52:56 +0800] "HEAD /wp/ HTTP/1.1" 404 0 "-" "Mozilla/5.0 (iPhone; CPU iPhone OS 17_5 like Mac OS X) AppleWebKit/605.1.15 (KHTML, like Gecko) Version/17.5 Mobile/15E148 Safari/604.1"
35.243.176.134 - - [10/Dec/2025:01:52:57 +0800] "HEAD /wordpress/ HTTP/1.1" 404 0 "-" "Mozilla/5.0 (iPhone; CPU iPhone OS 17_5 like Mac OS X) AppleWebKit/605.1.15 (KHTML, like Gecko) Version/17.5 Mobile/15E148 Safari/604.1"
35.243.176.134 - - [10/Dec/2025:01:52:58 +0800] "HEAD /blog/ HTTP/1.1" 404 0 "-" "Mozilla/5.0 (Linux; Android 14; RMX3842) AppleWebKit/537.36 (KHTML, like Gecko) Chrome/126.0.6478.44 Mobile Safari/537.36"
35.243.176.134 - - [10/Dec/2025:01:53:00 +0800] "HEAD /new/ HTTP/1.1" 301 0 "-" "Mozilla/5.0 (iPad; CPU OS 17_4 like Mac OS X) AppleWebKit/605.1.15 (KHTML, like Gecko) Version/17.4 Mobile/15E148 Safari/604.1"
35.243.176.134 - - [10/Dec/2025:01:53:01 +0800] "HEAD /news/ HTTP/1.1" 200 0 "http://cqqizhou.com/new/" "Mozilla/5.0 (iPad; CPU OS 17_4 like Mac OS X) AppleWebKit/605.1.15 (KHTML, like Gecko) Version/17.4 Mobile/15E148 Safari/604.1"
36.133.115.36 - - [10/Dec/2025:01:54:45 +0800] "POST /wp-cron.php?doing_wp_cron=1765302885.5189790725708007812500 HTTP/1.1" 200 31 "-" "WordPress/6.8.3; http://cqqizhou.com"
45.156.128.45 - - [10/Dec/2025:01:54:45 +0800] "GET / HTTP/1.1" 301 5 "-" "Mozilla/5.0 (Windows NT 10.0; Win64; x64) AppleWebKit/537.36 (KHTML, like Gecko) Chrome/60.0.3112.113 Safari/537.36"
45.156.128.131 - - [10/Dec/2025:01:54:55 +0800] "GET / HTTP/1.1" 499 0 "http://36.133.115.36/" "Mozilla/5.0 (Windows NT 10.0; Win64; x64) AppleWebKit/537.36 (KHTML, like Gecko) Chrome/60.0.3112.113 Safari/537.36"
36.133.115.36 - - [10/Dec/2025:02:19:37 +0800] "POST /wp-cron.php?doing_wp_cron=1765304377.3357200622558593750000 HTTP/1.1" 200 31 "-" "WordPress/6.8.3; http://cqqizhou.com"
120.228.166.161 - - [10/Dec/2025:02:19:37 +0800] "GET /Ly9jcXFpemhvdS5jb20vd3AtY29udGVudC91cGxvYWRzL3JldnNsaWRlci9zbGlkZXItMS8xNzUwODYxMTU2LWxvZ2lzdGljc19TbGlkZXJfMzg0MMOXMjE2MF8yMDI1MDYyNTE5MTM1Ni1zY2FsZWQud2VicA== HTTP/1.1" 404 8980 "-" "Mozilla/5.0 (Windows NT 10.0; WOW64) AppleWebKit/537.36 (KHTML, like Gecko) Chrome/77.0.3865.10"
36.133.115.36 - - [10/Dec/2025:02:19:50 +0800] "POST /wp-cron.php?doing_wp_cron=1765304390.8270940780639648437500 HTTP/1.1" 200 31 "-" "WordPress/6.8.3; http://cqqizhou.com"
170.106.110.146 - - [10/Dec/2025:02:19:51 +0800] "GET / HTTP/1.1" 200 33672 "-" "Mozilla/5.0 (iPhone; CPU iPhone OS 13_2_3 like Mac OS X) AppleWebKit/605.1.15 (KHTML, like Gecko) Version/13.0.3 Mobile/15E148 Safari/604.1"
36.133.115.36 - - [10/Dec/2025:02:25:47 +0800] "POST /wp-cron.php?doing_wp_cron=1765304747.1587328910827636718750 HTTP/1.1" 200 31 "-" "WordPress/6.8.3; http://cqqizhou.com"
149.50.103.48 - - [10/Dec/2025:02:25:47 +0800] "GET / HTTP/1.1" 200 33672 "-" "Mozilla/5.0 (Windows NT 10.0; Win64; x64) AppleWebKit/537.36 (KHTML, like Gecko) Chrome/90.0.4430.85 Safari/537.36 Edg/90.0.818.46"
204.76.203.212 - - [10/Dec/2025:02:25:59 +0800] "GET / HTTP/1.1" 200 33673 "-" "Mozilla/5.0 (Windows NT 10.0; Win64; x64) AppleWebKit/537.36 (KHTML, like Gecko) Chrome/90.0.4430.85 Safari/537.36 Edg/90.0.818.46"
36.133.115.36 - - [10/Dec/2025:02:32:46 +0800] "POST /wp-cron.php?doing_wp_cron=1765305166.6392381191253662109375 HTTP/1.1" 200 31 "-" "WordPress/6.8.3; http://cqqizhou.com"
5.9.120.8 - - [10/Dec/2025:02:32:46 +0800] "GET /robots.txt HTTP/1.1" 200 190 "-" "Mozilla/5.0 (compatible; SERankingBacklinksBot/1.0; +https://seranking.com/backlinks-crawler)"
5.9.120.8 - - [10/Dec/2025:02:32:47 +0800] "GET / HTTP/1.1" 200 34102 "-" "Mozilla/5.0 (compatible; SERankingBacklinksBot/1.0; +https://seranking.com/backlinks-crawler)"
36.133.115.36 - - [10/Dec/2025:02:43:26 +0800] "POST /wp-cron.php?doing_wp_cron=1765305806.6449050903320312500000 HTTP/1.1" 200 31 "-" "WordPress/6.8.3; http://cqqizhou.com"
124.156.172.52 - - [10/Dec/2025:02:43:26 +0800] "GET /logistics HTTP/1.1" 301 5 "-" "Mozilla/5.0 (Windows NT 10.0; Win64; x64) AppleWebKit/537.36 (KHTML, like Gecko) Chrome/91.0.4472.124 Safari/537.36"
124.156.172.52 - - [10/Dec/2025:02:43:28 +0800] "GET /logistics/ HTTP/1.1" 200 74726 "-" "Mozilla/5.0 (Windows NT 10.0; Win64; x64) AppleWebKit/537.36 (KHTML, like Gecko) Chrome/91.0.4472.124 Safari/537.36"
124.156.172.52 - - [10/Dec/2025:02:43:30 +0800] "GET /logistics HTTP/1.1" 301 5 "-" "Mozilla/5.0 (Windows NT 10.0; Win64; x64) AppleWebKit/537.36 (KHTML, like Gecko) Chrome/91.0.4472.124 Safari/537.36"
124.156.172.52 - - [10/Dec/2025:02:43:30 +0800] "GET /logistics/ HTTP/1.1" 200 74753 "-" "Mozilla/5.0 (Windows NT 10.0; Win64; x64) AppleWebKit/537.36 (KHTML, like Gecko) Chrome/91.0.4472.124 Safari/537.36"
124.156.172.52 - - [10/Dec/2025:02:43:33 +0800] "GET /logistics HTTP/1.1" 301 5 "-" "Mozilla/5.0 (Windows NT 10.0; Win64; x64) AppleWebKit/537.36 (KHTML, like Gecko) Chrome/91.0.4472.124 Safari/537.36"
124.156.172.52 - - [10/Dec/2025:02:43:33 +0800] "GET /logistics/ HTTP/1.1" 304 0 "-" "Mozilla/5.0 (Windows NT 10.0; Win64; x64) AppleWebKit/537.36 (KHTML, like Gecko) Chrome/91.0.4472.124 Safari/537.36"
36.133.115.36 - - [10/Dec/2025:02:44:29 +0800] "POST /wp-cron.php?doing_wp_cron=1765305869.5763900279998779296875 HTTP/1.1" 200 31 "-" "WordPress/6.8.3; http://cqqizhou.com"
216.244.66.245 - - [10/Dec/2025:02:44:29 +0800] "GET /robots.txt HTTP/1.1" 200 390 "-" "Mozilla/5.0 (compatible; DotBot/1.2; +https://opensiteexplorer.org/dotbot; help@moz.com)"
36.133.115.36 - - [10/Dec/2025:02:47:18 +0800] "POST /wp-cron.php?doing_wp_cron=1765306038.0432679653167724609375 HTTP/1.1" 200 31 "-" "WordPress/6.8.3; http://cqqizhou.com"
124.156.172.52 - - [10/Dec/2025:02:47:18 +0800] "GET /logistics HTTP/1.1" 301 5 "-" "Mozilla/5.0 (Windows NT 10.0; Win64; x64) AppleWebKit/537.36 (KHTML, like Gecko) Chrome/91.0.4472.124 Safari/537.36"
124.156.172.52 - - [10/Dec/2025:02:47:18 +0800] "GET /logistics/ HTTP/1.1" 200 74753 "-" "Mozilla/5.0 (Windows NT 10.0; Win64; x64) AppleWebKit/537.36 (KHTML, like Gecko) Chrome/91.0.4472.124 Safari/537.36"
124.156.172.52 - - [10/Dec/2025:02:47:19 +0800] "GET /logistics HTTP/1.1" 301 5 "-" "Mozilla/5.0 (Windows NT 10.0; Win64; x64) AppleWebKit/537.36 (KHTML, like Gecko) Chrome/91.0.4472.124 Safari/537.36"
124.156.172.52 - - [10/Dec/2025:02:47:19 +0800] "GET /logistics/ HTTP/1.1" 304 0 "-" "Mozilla/5.0 (Windows NT 10.0; Win64; x64) AppleWebKit/537.36 (KHTML, like Gecko) Chrome/91.0.4472.124 Safari/537.36"
124.156.172.52 - - [10/Dec/2025:02:47:22 +0800] "GET /logistics HTTP/1.1" 301 5 "-" "Mozilla/5.0 (Windows NT 10.0; Win64; x64) AppleWebKit/537.36 (KHTML, like Gecko) Chrome/91.0.4472.124 Safari/537.36"
124.156.172.52 - - [10/Dec/2025:02:47:22 +0800] "GET /logistics/ HTTP/1.1" 304 0 "-" "Mozilla/5.0 (Windows NT 10.0; Win64; x64) AppleWebKit/537.36 (KHTML, like Gecko) Chrome/91.0.4472.124 Safari/537.36"
89.233.105.203 - - [10/Dec/2025:02:47:34 +0800] "POST /xmlrpc.php HTTP/1.1" 200 217 "-" "Mozilla/5.0 (X11; Ubuntu; Linux x86_64; rv:85.0) Gecko/20100101 Firefox/91.0"
141.98.11.170 - - [10/Dec/2025:02:47:43 +0800] "GET / HTTP/1.1" 200 33672 "-" "Mozilla/5.0 (Windows NT 10.0; Win64; x64) AppleWebKit/537.36 (KHTML, like Gecko) Chrome/90.0.4430.85 Safari/537.36 Edg/90.0.818.46"
36.133.115.36 - - [10/Dec/2025:02:51:33 +0800] "POST /wp-cron.php?doing_wp_cron=1765306293.8696370124816894531250 HTTP/1.1" 200 31 "-" "WordPress/6.8.3; http://cqqizhou.com"
175.19.200.138 - - [10/Dec/2025:02:51:34 +0800] "GET /2164/ HTTP/1.1" 200 23890 "-" "Mozilla/5.0 (Windows NT 6.2; Win64; x64) AppleWebKit/537.36 (KHTML, like Gecko) Chrome/85.0.4183.87"
216.244.66.245 - - [10/Dec/2025:02:54:06 +0800] "GET /logistics/ HTTP/1.1" 200 74753 "-" "Mozilla/5.0 (compatible; DotBot/1.2; +https://opensiteexplorer.org/dotbot; help@moz.com)"
36.133.115.36 - - [10/Dec/2025:02:57:08 +0800] "POST /wp-cron.php?doing_wp_cron=1765306628.8157460689544677734375 HTTP/1.1" 200 31 "-" "WordPress/6.8.3; http://cqqizhou.com"
167.94.138.175 - - [10/Dec/2025:02:57:08 +0800] "GET /sitemap.xml HTTP/1.1" 200 499 "-" "Mozilla/5.0 (compatible; CensysInspect/1.1; +https://about.censys.io/)"
36.133.115.36 - - [10/Dec/2025:03:02:15 +0800] "POST /wp-cron.php?doing_wp_cron=1765306935.5392680168151855468750 HTTP/1.1" 200 31 "-" "WordPress/6.8.3; http://cqqizhou.com"
51.89.129.138 - - [10/Dec/2025:03:02:15 +0800] "GET /robots.txt HTTP/1.1" 200 190 "-" "Mozilla/5.0 (compatible; AhrefsBot/7.0; +http://ahrefs.com/robot/)"
92.222.108.113 - - [10/Dec/2025:03:02:20 +0800] "GET /news/page/2/ HTTP/1.1" 200 22166 "-" "Mozilla/5.0 (compatible; AhrefsBot/7.0; +http://ahrefs.com/robot/)"
183.207.48.154 - - [10/Dec/2025:03:07:15 +0800] "GET / HTTP/1.1" 200 153978 "-" "Mozilla/5.0 (Windows NT 10.0; Win64; x64) AppleWebKit/537.36 (KHTML, like Gecko) Chrome/59.0.3071.104 Safari/537.36"
36.133.115.36 - - [10/Dec/2025:03:15:40 +0800] "POST /wp-cron.php?doing_wp_cron=1765307740.4120829105377197265625 HTTP/1.1" 200 31 "-" "WordPress/6.8.3; http://cqqizhou.com"
95.25.46.10 - - [10/Dec/2025:03:15:41 +0800] "GET / HTTP/1.1" 200 152290 "-" "Mozilla/5.0 (Windows NT 6.1; WOW64) AppleWebKit/537.36 (KHTML, like Gecko) Chrome/51.0.2704.103 Safari/537.36"
36.133.115.36 - - [10/Dec/2025:03:15:48 +0800] "POST /wp-cron.php?doing_wp_cron=1765307748.0652658939361572265625 HTTP/1.1" 200 31 "-" "WordPress/6.8.3; http://cqqizhou.com"
14.108.232.115 - - [10/Dec/2025:03:15:48 +0800] "GET /2339/ HTTP/1.1" 200 20633 "-" "Mozilla/5.0 (Linux; Android 16; V2426A Build/BQ2A.250705.001-BP2A.250605.031.A3_V000L1; wv) AppleWebKit/537.36 (KHTML, like Gecko) Version/4.0 Chrome/134.0.6998.136 Mobile Safari/537.36 XWEB/1340153 MMWEBSDK/20250202 MMWEBID/4457 wxwork/5.0.2 MicroMessenger/7.0.1 NetType/WIFI Language/zh Lang/zh ColorScheme/Light wwmver/3.26.502.634"
14.108.232.115 - - [10/Dec/2025:03:15:48 +0800] "GET /wp-content/uploads/2025/12/1765248735-20251209104226_108_60.webp HTTP/1.1" 200 55962 "http://cqqizhou.com/2339/" "Mozilla/5.0 (Linux; Android 16; V2426A Build/BQ2A.250705.001-BP2A.250605.031.A3_V000L1; wv) AppleWebKit/537.36 (KHTML, like Gecko) Version/4.0 Chrome/134.0.6998.136 Mobile Safari/537.36 XWEB/1340153 MMWEBSDK/20250202 MMWEBID/4457 wxwork/5.0.2 MicroMessenger/7.0.1 NetType/WIFI Language/zh Lang/zh ColorScheme/Light wwmver/3.26.502.634"
14.108.232.115 - - [10/Dec/2025:03:15:48 +0800] "GET /wp-content/uploads/2025/12/1765253089-20251209103501_96_61.webp HTTP/1.1" 200 37758 "http://cqqizhou.com/2339/" "Mozilla/5.0 (Linux; Android 16; V2426A Build/BQ2A.250705.001-BP2A.250605.031.A3_V000L1; wv) AppleWebKit/537.36 (KHTML, like Gecko) Version/4.0 Chrome/134.0.6998.136 Mobile Safari/537.36 XWEB/1340153 MMWEBSDK/20250202 MMWEBID/4457 wxwork/5.0.2 MicroMessenger/7.0.1 NetType/WIFI Language/zh Lang/zh ColorScheme/Light wwmver/3.26.502.634"
14.108.232.115 - - [10/Dec/2025:03:15:48 +0800] "GET /wp-content/uploads/2025/12/1765248770-20251209104226_107_60.webp HTTP/1.1" 200 66916 "http://cqqizhou.com/2339/" "Mozilla/5.0 (Linux; Android 16; V2426A Build/BQ2A.250705.001-BP2A.250605.031.A3_V000L1; wv) AppleWebKit/537.36 (KHTML, like Gecko) Version/4.0 Chrome/134.0.6998.136 Mobile Safari/537.36 XWEB/1340153 MMWEBSDK/20250202 MMWEBID/4457 wxwork/5.0.2 MicroMessenger/7.0.1 NetType/WIFI Language/zh Lang/zh ColorScheme/Light wwmver/3.26.502.634"
14.108.232.115 - - [10/Dec/2025:03:15:48 +0800] "GET /wp-content/uploads/2025/09/1756868614-20250903104654_74_5-150x150.webp HTTP/1.1" 200 5712 "http://cqqizhou.com/2339/" "Mozilla/5.0 (Linux; Android 16; V2426A Build/BQ2A.250705.001-BP2A.250605.031.A3_V000L1; wv) AppleWebKit/537.36 (KHTML, like Gecko) Version/4.0 Chrome/134.0.6998.136 Mobile Safari/537.36 XWEB/1340153 MMWEBSDK/20250202 MMWEBID/4457 wxwork/5.0.2 MicroMessenger/7.0.1 NetType/WIFI Language/zh Lang/zh ColorScheme/Light wwmver/3.26.502.634"
14.108.232.115 - - [10/Dec/2025:03:15:48 +0800] "GET /wp-content/uploads/2025/09/1756868614-20250903104654_74_5.webp HTTP/1.1" 200 47858 "http://cqqizhou.com/2339/" "Mozilla/5.0 (Linux; Android 16; V2426A Build/BQ2A.250705.001-BP2A.250605.031.A3_V000L1; wv) AppleWebKit/537.36 (KHTML, like Gecko) Version/4.0 Chrome/134.0.6998.136 Mobile Safari/537.36 XWEB/1340153 MMWEBSDK/20250202 MMWEBID/4457 wxwork/5.0.2 MicroMessenger/7.0.1 NetType/WIFI Language/zh Lang/zh ColorScheme/Light wwmver/3.26.502.634"
14.108.232.115 - - [10/Dec/2025:03:15:48 +0800] "GET /wp-content/uploads/2025/08/1755826456-DSC01841.webp HTTP/1.1" 200 87046 "http://cqqizhou.com/2339/" "Mozilla/5.0 (Linux; Android 16; V2426A Build/BQ2A.250705.001-BP2A.250605.031.A3_V000L1; wv) AppleWebKit/537.36 (KHTML, like Gecko) Version/4.0 Chrome/134.0.6998.136 Mobile Safari/537.36 XWEB/1340153 MMWEBSDK/20250202 MMWEBID/4457 wxwork/5.0.2 MicroMessenger/7.0.1 NetType/WIFI Language/zh Lang/zh ColorScheme/Light wwmver/3.26.502.634"
14.108.232.115 - - [10/Dec/2025:03:15:48 +0800] "GET /wp-content/uploads/2025/07/1751425283-qizhou.kf_.qq_.com_.webp HTTP/1.1" 200 16864 "http://cqqizhou.com/2339/" "Mozilla/5.0 (Linux; Android 16; V2426A Build/BQ2A.250705.001-BP2A.250605.031.A3_V000L1; wv) AppleWebKit/537.36 (KHTML, like Gecko) Version/4.0 Chrome/134.0.6998.136 Mobile Safari/537.36 XWEB/1340153 MMWEBSDK/20250202 MMWEBID/4457 wxwork/5.0.2 MicroMessenger/7.0.1 NetType/WIFI Language/zh Lang/zh ColorScheme/Light wwmver/3.26.502.634"
14.108.232.115 - - [10/Dec/2025:03:15:48 +0800] "GET /wp-content/uploads/2025/07/1753410289-News2000%C3%97400_202571.webp HTTP/1.1" 200 17830 "http://cqqizhou.com/2339/" "Mozilla/5.0 (Linux; Android 16; V2426A Build/BQ2A.250705.001-BP2A.250605.031.A3_V000L1; wv) AppleWebKit/537.36 (KHTML, like Gecko) Version/4.0 Chrome/134.0.6998.136 Mobile Safari/537.36 XWEB/1340153 MMWEBSDK/20250202 MMWEBID/4457 wxwork/5.0.2 MicroMessenger/7.0.1 NetType/WIFI Language/zh Lang/zh ColorScheme/Light wwmver/3.26.502.634"
14.108.232.115 - - [10/Dec/2025:03:15:48 +0800] "GET /wp-content/uploads/2025/12/1765249046-20251209104228_110_60.webp HTTP/1.1" 200 64834 "http://cqqizhou.com/2339/" "Mozilla/5.0 (Linux; Android 16; V2426A Build/BQ2A.250705.001-BP2A.250605.031.A3_V000L1; wv) AppleWebKit/537.36 (KHTML, like Gecko) Version/4.0 Chrome/134.0.6998.136 Mobile Safari/537.36 XWEB/1340153 MMWEBSDK/20250202 MMWEBID/4457 wxwork/5.0.2 MicroMessenger/7.0.1 NetType/WIFI Language/zh Lang/zh ColorScheme/Light wwmver/3.26.502.634"
180.163.30.85 - - [10/Dec/2025:03:15:48 +0800] "GET /2339/ HTTP/1.1" 200 20985 "-" "Mozilla/5.0 (Macintosh; Intel Mac OS X 10_15_7) AppleWebKit/537.36 (KHTML, like Gecko) Chrome/134.0.0.0 Safari/537.36"
204.76.203.212 - - [10/Dec/2025:03:16:26 +0800] "GET / HTTP/1.1" 200 33672 "-" "Mozilla/5.0 (Windows NT 10.0; Win64; x64) AppleWebKit/537.36 (KHTML, like Gecko) Chrome/90.0.4430.85 Safari/537.36 Edg/90.0.818.46"
36.133.115.36 - - [10/Dec/2025:03:18:28 +0800] "POST /wp-cron.php?doing_wp_cron=1765307908.3298261165618896484375 HTTP/1.1" 200 31 "-" "WordPress/6.8.3; http://cqqizhou.com"
115.159.33.43 - - [10/Dec/2025:03:18:28 +0800] "GET / HTTP/1.1" 301 5 "-" "Mozilla/5.0 (Windows NT 10.0; Win64; x64) AppleWebKit/537.36 (KHTML, like Gecko) Chrome/79.0.3945.117 Safari/537.36"
36.133.115.36 - - [10/Dec/2025:03:19:41 +0800] "POST /wp-cron.php?doing_wp_cron=1765307981.1337430477142333984375 HTTP/1.1" 200 31 "-" "WordPress/6.8.3; http://cqqizhou.com"
183.229.81.170 - - [10/Dec/2025:03:19:41 +0800] "GET /2339/ HTTP/1.1" 200 20633 "-" "Mozilla/5.0 (iPhone; CPU iPhone OS 16_5_1 like Mac OS X) AppleWebKit/605.1.15 (KHTML, like Gecko) Mobile/15E148 MicroMessenger/8.0.65(0x18004132) NetType/WIFI Language/zh_CN"
183.229.81.170 - - [10/Dec/2025:03:19:41 +0800] "GET /wp-content/uploads/2025/12/1765253089-20251209103501_96_61.webp HTTP/1.1" 200 37758 "http://cqqizhou.com/2339/" "Mozilla/5.0 (iPhone; CPU iPhone OS 16_5_1 like Mac OS X) AppleWebKit/605.1.15 (KHTML, like Gecko) Mobile/15E148 MicroMessenger/8.0.65(0x18004132) NetType/WIFI Language/zh_CN"
183.229.81.170 - - [10/Dec/2025:03:19:41 +0800] "GET /wp-content/uploads/2025/12/1765248735-20251209104226_108_60.webp HTTP/1.1" 200 55962 "http://cqqizhou.com/2339/" "Mozilla/5.0 (iPhone; CPU iPhone OS 16_5_1 like Mac OS X) AppleWebKit/605.1.15 (KHTML, like Gecko) Mobile/15E148 MicroMessenger/8.0.65(0x18004132) NetType/WIFI Language/zh_CN"
183.229.81.170 - - [10/Dec/2025:03:19:41 +0800] "GET /wp-content/uploads/2025/07/1753410289-News2000%C3%97400_202571.webp HTTP/1.1" 200 17830 "http://cqqizhou.com/2339/" "Mozilla/5.0 (iPhone; CPU iPhone OS 16_5_1 like Mac OS X) AppleWebKit/605.1.15 (KHTML, like Gecko) Mobile/15E148 MicroMessenger/8.0.65(0x18004132) NetType/WIFI Language/zh_CN"
183.229.81.170 - - [10/Dec/2025:03:19:41 +0800] "GET /wp-content/uploads/2025/12/1765248770-20251209104226_107_60.webp HTTP/1.1" 200 66916 "http://cqqizhou.com/2339/" "Mozilla/5.0 (iPhone; CPU iPhone OS 16_5_1 like Mac OS X) AppleWebKit/605.1.15 (KHTML, like Gecko) Mobile/15E148 MicroMessenger/8.0.65(0x18004132) NetType/WIFI Language/zh_CN"
183.229.81.170 - - [10/Dec/2025:03:19:41 +0800] "GET /wp-content/uploads/2025/09/1756868614-20250903104654_74_5-150x150.webp HTTP/1.1" 200 5712 "http://cqqizhou.com/2339/" "Mozilla/5.0 (iPhone; CPU iPhone OS 16_5_1 like Mac OS X) AppleWebKit/605.1.15 (KHTML, like Gecko) Mobile/15E148 MicroMessenger/8.0.65(0x18004132) NetType/WIFI Language/zh_CN"
183.229.81.170 - - [10/Dec/2025:03:19:41 +0800] "GET /wp-content/uploads/2025/09/1756868614-20250903104654_74_5.webp HTTP/1.1" 200 47858 "http://cqqizhou.com/2339/" "Mozilla/5.0 (iPhone; CPU iPhone OS 16_5_1 like Mac OS X) AppleWebKit/605.1.15 (KHTML, like Gecko) Mobile/15E148 MicroMessenger/8.0.65(0x18004132) NetType/WIFI Language/zh_CN"
183.229.81.170 - - [10/Dec/2025:03:19:41 +0800] "GET /wp-content/uploads/2025/08/1755826456-DSC01841.webp HTTP/1.1" 200 87046 "http://cqqizhou.com/2339/" "Mozilla/5.0 (iPhone; CPU iPhone OS 16_5_1 like Mac OS X) AppleWebKit/605.1.15 (KHTML, like Gecko) Mobile/15E148 MicroMessenger/8.0.65(0x18004132) NetType/WIFI Language/zh_CN"
183.229.81.170 - - [10/Dec/2025:03:19:41 +0800] "GET /wp-content/uploads/2025/07/1751425283-qizhou.kf_.qq_.com_.webp HTTP/1.1" 200 16864 "http://cqqizhou.com/2339/" "Mozilla/5.0 (iPhone; CPU iPhone OS 16_5_1 like Mac OS X) AppleWebKit/605.1.15 (KHTML, like Gecko) Mobile/15E148 MicroMessenger/8.0.65(0x18004132) NetType/WIFI Language/zh_CN"
185.48.182.96 - - [10/Dec/2025:03:19:43 +0800] "POST /xmlrpc.php HTTP/1.1" 200 217 "-" "Mozilla/5.0 (X11; Ubuntu; Linux x86_64; rv:85.0) Gecko/20100101 Firefox/91.0"
36.133.115.36 - - [10/Dec/2025:03:19:56 +0800] "POST /wp-cron.php?doing_wp_cron=1765307996.2735879421234130859375 HTTP/1.1" 200 31 "-" "WordPress/6.8.3; http://cqqizhou.com"
5.9.120.8 - - [10/Dec/2025:03:19:56 +0800] "GET /robots.txt HTTP/1.1" 200 190 "-" "Mozilla/5.0 (compatible; SERankingBacklinksBot/1.0; +https://seranking.com/backlinks-crawler)"
5.9.120.8 - - [10/Dec/2025:03:19:57 +0800] "GET / HTTP/1.1" 200 34102 "-" "Mozilla/5.0 (compatible; SERankingBacklinksBot/1.0; +https://seranking.com/backlinks-crawler)"
183.229.81.170 - - [10/Dec/2025:03:19:59 +0800] "GET /wp-content/uploads/2025/12/1765249046-20251209104228_110_60.webp HTTP/1.1" 200 64834 "http://cqqizhou.com/2339/" "Mozilla/5.0 (iPhone; CPU iPhone OS 16_5_1 like Mac OS X) AppleWebKit/605.1.15 (KHTML, like Gecko) Mobile/15E148 MicroMessenger/8.0.65(0x18004132) NetType/WIFI Language/zh_CN"
223.92.17.2 - - [10/Dec/2025:03:29:27 +0800] "GET /2339/ HTTP/1.1" 200 21005 "-" "Mozilla/5.0 (Windows NT 10.0; Win64; x64) AppleWebKit/537.36 (KHTML, like Gecko) Chrome/118.0.0.0 Safari/537.36"
36.133.115.36 - - [10/Dec/2025:03:33:23 +0800] "POST /wp-cron.php?doing_wp_cron=1765308803.7874341011047363281250 HTTP/1.1" 200 31 "-" "WordPress/6.8.3; http://cqqizhou.com"
216.244.66.245 - - [10/Dec/2025:03:33:23 +0800] "GET /robots.txt HTTP/1.1" 200 390 "-" "Mozilla/5.0 (compatible; DotBot/1.2; +https://opensiteexplorer.org/dotbot; help@moz.com)"
27.157.128.91 - - [10/Dec/2025:03:35:15 +0800] "GET /2162/ HTTP/1.1" 499 0 "-" "Mozilla/5.0 (Windows NT 10.0; Win64; x64) AppleWebKit/537.36 (KHTML, like Gecko) Chrome/78.0.3904.70"
36.133.115.36 - - [10/Dec/2025:03:35:16 +0800] "POST /wp-cron.php?doing_wp_cron=1765308916.1251680850982666015625 HTTP/1.1" 200 31 "-" "WordPress/6.8.3; http://cqqizhou.com"
120.245.115.123 - - [10/Dec/2025:03:35:17 +0800] "GET /2162/ HTTP/1.1" 200 25537 "-" "Mozilla/5.0 (Windows NT 10.0; Win64; x64) AppleWebKit/537.36 (KHTML, like Gecko) Chrome/78.0.3904.70"
88.210.35.166 - - [10/Dec/2025:03:41:09 +0800] "GET / HTTP/1.0" 200 153956 "http://cqqizhou.com/" "Mozilla/5.0 (Windows NT 10.0; Win64; x64) AppleWebKit/537.36 (KHTML, like Gecko) Chrome/130.0.0.0 Safari/537.36 CCleaner/130.0.0.0"
36.133.115.36 - - [10/Dec/2025:03:42:51 +0800] "POST /wp-cron.php?doing_wp_cron=1765309371.1155700683593750000000 HTTP/1.1" 200 31 "-" "WordPress/6.8.3; http://cqqizhou.com"
216.244.66.245 - - [10/Dec/2025:03:42:51 +0800] "GET /club/ HTTP/1.1" 200 46089 "-" "Mozilla/5.0 (compatible; DotBot/1.2; +https://opensiteexplorer.org/dotbot; help@moz.com)"
36.133.115.36 - - [10/Dec/2025:03:44:40 +0800] "POST /wp-cron.php?doing_wp_cron=1765309480.3332839012145996093750 HTTP/1.1" 200 31 "-" "WordPress/6.8.3; http://cqqizhou.com"
193.142.147.209 - - [10/Dec/2025:03:44:40 +0800] "GET /cgi-bin/luci/;stok=/locale HTTP/1.1" 301 5 "-" "-"
193.142.147.209 - - [10/Dec/2025:03:44:41 +0800] "GET /cgi-bin/luci/;stok=/locale HTTP/1.1" 404 31364 "http://36.133.115.36:80/cgi-bin/luci/;stok=/locale" "-"
36.133.115.36 - - [10/Dec/2025:03:51:58 +0800] "POST /wp-cron.php?doing_wp_cron=1765309918.2921609878540039062500 HTTP/1.1" 200 31 "-" "WordPress/6.8.3; http://cqqizhou.com"
106.110.182.57 - - [10/Dec/2025:03:51:58 +0800] "GET /Ly9jcXFpemhvdS5jb20vd3AtY29udGVudC91cGxvYWRzLzIwMjUvMTIvMTc2NTI2ODk1NS1xaXpob3VfU2xpZGVyMV8zODQww5cyMTYwXzIwMjUxMjEwLXNjYWxlZC53ZWJw HTTP/1.1" 404 8980 "-" "Mozilla/5.0 (Windows NT 6.2; WOW64) AppleWebKit/537.36 (KHTML, like Gecko) Chrome/70.0.3538.16"
36.133.115.36 - - [10/Dec/2025:04:08:40 +0800] "POST /wp-cron.php?doing_wp_cron=1765310920.8441150188446044921875 HTTP/1.1" 200 31 "-" "WordPress/6.8.3; http://cqqizhou.com"
204.76.203.212 - - [10/Dec/2025:04:08:41 +0800] "GET / HTTP/1.1" 200 33672 "-" "Mozilla/5.0 (Windows NT 10.0; Win64; x64) AppleWebKit/537.36 (KHTML, like Gecko) Chrome/90.0.4430.85 Safari/537.36 Edg/90.0.818.46"
36.133.115.36 - - [10/Dec/2025:04:10:49 +0800] "POST /wp-cron.php?doing_wp_cron=1765311049.3307230472564697265625 HTTP/1.1" 200 31 "-" "WordPress/6.8.3; http://cqqizhou.com"
5.187.35.158 - - [10/Dec/2025:04:10:49 +0800] "GET / HTTP/1.1" 200 33672 "-" "Mozilla/5.0 (Windows NT 10.0; Win64; x64) AppleWebKit/537.36 (KHTML, like Gecko) Chrome/90.0.4430.85 Safari/537.36 Edg/90.0.818.46"
36.133.115.36 - - [10/Dec/2025:04:11:46 +0800] "POST /wp-cron.php?doing_wp_cron=1765311106.0480060577392578125000 HTTP/1.1" 200 31 "-" "WordPress/6.8.3; http://cqqizhou.com"
43.156.202.34 - - [10/Dec/2025:04:11:46 +0800] "GET / HTTP/1.1" 200 33672 "-" "Mozilla/5.0 (iPhone; CPU iPhone OS 13_2_3 like Mac OS X) AppleWebKit/605.1.15 (KHTML, like Gecko) Version/13.0.3 Mobile/15E148 Safari/604.1"
141.98.11.170 - - [10/Dec/2025:04:11:46 +0800] "GET / HTTP/1.1" 200 33672 "-" "Mozilla/5.0 (Windows NT 10.0; Win64; x64) AppleWebKit/537.36 (KHTML, like Gecko) Chrome/90.0.4430.85 Safari/537.36 Edg/90.0.818.46"
36.133.115.36 - - [10/Dec/2025:04:12:54 +0800] "POST /wp-cron.php?doing_wp_cron=1765311174.5414550304412841796875 HTTP/1.1" 200 31 "-" "WordPress/6.8.3; http://cqqizhou.com"
95.111.254.9 - - [10/Dec/2025:04:12:54 +0800] "GET / HTTP/1.1" 200 33672 "-" "Mozilla/5.0"
95.111.254.9 - - [10/Dec/2025:04:12:57 +0800] "POST / HTTP/1.1" 200 33671 "-" "Mozilla/5.0"
36.133.115.36 - - [10/Dec/2025:04:16:34 +0800] "POST /wp-cron.php?doing_wp_cron=1765311394.4501700401306152343750 HTTP/1.1" 200 31 "-" "WordPress/6.8.3; http://cqqizhou.com"
52.180.144.185 - - [10/Dec/2025:04:16:34 +0800] "GET / HTTP/1.1" 301 5 "-" "Mozilla/5.0 zgrab/0.x"
36.133.115.36 - - [10/Dec/2025:04:19:16 +0800] "POST /wp-cron.php?doing_wp_cron=1765311556.8499360084533691406250 HTTP/1.1" 200 31 "-" "WordPress/6.8.3; http://cqqizhou.com"
207.46.13.153 - - [10/Dec/2025:04:19:17 +0800] "GET /services/ HTTP/1.1" 200 26115 "-" "Mozilla/5.0 AppleWebKit/537.36 (KHTML, like Gecko; compatible; bingbot/2.0; +http://www.bing.com/bingbot.htm) Chrome/116.0.1938.76 Safari/537.36"
36.133.115.36 - - [10/Dec/2025:04:24:35 +0800] "POST /wp-cron.php?doing_wp_cron=1765311875.2127919197082519531250 HTTP/1.1" 200 31 "-" "WordPress/6.8.3; http://cqqizhou.com"
185.247.137.44 - - [10/Dec/2025:04:24:35 +0800] "GET / HTTP/1.1" 301 5 "-" "Mozilla/5.0 (compatible; InternetMeasurement/1.0; +https://internet-measurement.com/)"
185.247.137.44 - - [10/Dec/2025:04:24:36 +0800] "GET / HTTP/1.1" 200 34102 "http://36.133.115.36" "Mozilla/5.0 (compatible; InternetMeasurement/1.0; +https://internet-measurement.com/)"
36.133.115.36 - - [10/Dec/2025:04:26:49 +0800] "POST /wp-cron.php?doing_wp_cron=1765312009.4133980274200439453125 HTTP/1.1" 200 31 "-" "WordPress/6.8.3; http://cqqizhou.com"
116.118.45.196 - - [10/Dec/2025:04:26:49 +0800] "POST /xmlrpc.php HTTP/1.1" 200 217 "http://cqqizhou.com" "Mozilla/5.0 (Windows NT 11.0; Win64; x64; rv:126.0) Gecko/20100101 Firefox/126.0"
36.133.115.36 - - [10/Dec/2025:04:31:07 +0800] "POST /wp-cron.php?doing_wp_cron=1765312267.7992250919342041015625 HTTP/1.1" 200 31 "-" "WordPress/6.8.3; http://cqqizhou.com"
51.81.207.12 - - [10/Dec/2025:04:31:07 +0800] "POST /xmlrpc.php HTTP/1.1" 200 217 "http://cqqizhou.com" "Mozilla/5.0 (Windows NT 10.0; Win64; x64; rv:126.0) Gecko/20100101 Firefox/126.0"
36.133.115.36 - - [10/Dec/2025:04:35:23 +0800] "POST /wp-cron.php?doing_wp_cron=1765312523.4845199584960937500000 HTTP/1.1" 200 31 "-" "WordPress/6.8.3; http://cqqizhou.com"
144.91.127.53 - - [10/Dec/2025:04:35:23 +0800] "POST /xmlrpc.php HTTP/1.1" 200 217 "http://cqqizhou.com" "Mozilla/5.0 (Macintosh; Intel Mac OS X 10_15_7; rv:126.0) Gecko/20100101 Firefox/126.0"
36.133.115.36 - - [10/Dec/2025:04:39:46 +0800] "POST /wp-cron.php?doing_wp_cron=1765312786.7157990932464599609375 HTTP/1.1" 200 31 "-" "WordPress/6.8.3; http://cqqizhou.com"
213.199.56.222 - - [10/Dec/2025:04:39:46 +0800] "POST /xmlrpc.php HTTP/1.1" 200 217 "http://cqqizhou.com" "Mozilla/5.0 (Windows NT 10.0; Win64; x64) AppleWebKit/537.36 (KHTML, like Gecko) Chrome/112.0.5615.138 Safari/537.36 Edg/112.0.1722.68"
5.39.1.239 - - [10/Dec/2025:04:42:28 +0800] "GET /2339/ HTTP/1.1" 200 21005 "-" "Mozilla/5.0 (compatible; AhrefsBot/7.0; +http://ahrefs.com/robot/)"
36.133.115.36 - - [10/Dec/2025:04:44:08 +0800] "POST /wp-cron.php?doing_wp_cron=1765313048.0403640270233154296875 HTTP/1.1" 200 31 "-" "WordPress/6.8.3; http://cqqizhou.com"
36.50.177.91 - - [10/Dec/2025:04:44:08 +0800] "POST /xmlrpc.php HTTP/1.1" 200 217 "http://cqqizhou.com" "Mozilla/5.0 (Macintosh; Intel Mac OS X 14.3) AppleWebKit/614.31.14 (KHTML, like Gecko) Version/17.0.96 Safari/614.31.14"
51.68.111.212 - - [10/Dec/2025:04:44:20 +0800] "GET /robots.txt HTTP/1.1" 200 190 "-" "Mozilla/5.0 (compatible; MJ12bot/v2.0.4; http://mj12bot.com/)"
51.68.111.212 - - [10/Dec/2025:04:44:20 +0800] "GET / HTTP/1.1" 200 34102 "-" "Mozilla/5.0 (compatible; MJ12bot/v2.0.4; http://mj12bot.com/)"
37.59.204.145 - - [10/Dec/2025:04:46:22 +0800] "GET /wp-content/uploads/2025/12/1765248735-20251209104226_108_60.webp HTTP/1.1" 200 55962 "-" "Mozilla/5.0 (compatible; AhrefsBot/7.0; +http://ahrefs.com/robot/)"
54.37.118.69 - - [10/Dec/2025:04:46:24 +0800] "GET /wp-content/uploads/2025/12/1765253089-20251209103501_96_61.webp HTTP/1.1" 200 37758 "-" "Mozilla/5.0 (compatible; AhrefsBot/7.0; +http://ahrefs.com/robot/)"
54.37.118.75 - - [10/Dec/2025:04:46:26 +0800] "GET /wp-content/uploads/2025/12/1765249046-20251209104228_110_60.webp HTTP/1.1" 200 64834 "-" "Mozilla/5.0 (compatible; AhrefsBot/7.0; +http://ahrefs.com/robot/)"
51.75.236.151 - - [10/Dec/2025:04:46:28 +0800] "GET /wp-content/uploads/2025/12/1765248770-20251209104226_107_60.webp HTTP/1.1" 200 66916 "-" "Mozilla/5.0 (compatible; AhrefsBot/7.0; +http://ahrefs.com/robot/)"
36.133.115.36 - - [10/Dec/2025:04:48:23 +0800] "POST /wp-cron.php?doing_wp_cron=1765313303.5585401058197021484375 HTTP/1.1" 200 31 "-" "WordPress/6.8.3; http://cqqizhou.com"
107.180.112.67 - - [10/Dec/2025:04:48:23 +0800] "POST /xmlrpc.php HTTP/1.1" 200 217 "http://cqqizhou.com" "Mozilla/5.0 (Windows NT 10.0; Win64; x64) AppleWebKit/537.36 (KHTML, like Gecko) Chrome/114.0.5735.199 Safari/537.36 Edg/114.0.1823.67"
36.133.115.36 - - [10/Dec/2025:04:52:53 +0800] "POST /wp-cron.php?doing_wp_cron=1765313573.3241739273071289062500 HTTP/1.1" 200 31 "-" "WordPress/6.8.3; http://cqqizhou.com"
104.248.45.30 - - [10/Dec/2025:04:52:53 +0800] "POST /xmlrpc.php HTTP/1.1" 200 217 "http://cqqizhou.com" "Mozilla/5.0 (Macintosh; Intel Mac OS X 13_3) AppleWebKit/537.36 (KHTML, like Gecko) Chrome/126.0.0.0 Safari/537.36"
36.133.115.36 - - [10/Dec/2025:04:57:37 +0800] "POST /wp-cron.php?doing_wp_cron=1765313857.0521810054779052734375 HTTP/1.1" 200 31 "-" "WordPress/6.8.3; http://cqqizhou.com"
198.186.130.214 - - [10/Dec/2025:04:57:37 +0800] "POST /xmlrpc.php HTTP/1.1" 200 217 "http://cqqizhou.com" "Mozilla/5.0 (Macintosh; Intel Mac OS X 10_15_7) AppleWebKit/537.36 (KHTML, like Gecko) Chrome/126.0.0.0 Safari/537.36"
4.194.86.241 - - [10/Dec/2025:05:00:03 +0800] "GET /wp-content/plugins/hellopress/wp_filemanager.php HTTP/1.1" 404 27 "-" "-"
4.194.86.241 - - [10/Dec/2025:05:00:03 +0800] "GET /class-t.api.php HTTP/1.1" 404 27 "-" "-"
4.194.86.241 - - [10/Dec/2025:05:00:03 +0800] "GET /zxl.php HTTP/1.1" 404 27 "-" "-"
4.194.86.241 - - [10/Dec/2025:05:00:03 +0800] "GET /dbc.php HTTP/1.1" 404 27 "-" "-"
4.194.86.241 - - [10/Dec/2025:05:00:03 +0800] "GET /mh.php HTTP/1.1" 404 27 "-" "-"
4.194.86.241 - - [10/Dec/2025:05:00:03 +0800] "GET /11092null.php HTTP/1.1" 404 27 "-" "-"
4.194.86.241 - - [10/Dec/2025:05:00:03 +0800] "GET /12053null.php HTTP/1.1" 404 27 "-" "-"
4.194.86.241 - - [10/Dec/2025:05:00:03 +0800] "GET /v2.php HTTP/1.1" 404 27 "-" "-"
4.194.86.241 - - [10/Dec/2025:05:00:03 +0800] "GET /0o0.php HTTP/1.1" 404 27 "-" "-"
4.194.86.241 - - [10/Dec/2025:05:00:04 +0800] "GET /see.php HTTP/1.1" 404 27 "-" "-"
4.194.86.241 - - [10/Dec/2025:05:00:04 +0800] "GET /kcs.php HTTP/1.1" 404 27 "-" "-"
4.194.86.241 - - [10/Dec/2025:05:00:04 +0800] "GET /mcd.php HTTP/1.1" 404 27 "-" "-"
4.194.86.241 - - [10/Dec/2025:05:00:04 +0800] "GET /wo.php HTTP/1.1" 404 27 "-" "-"
4.194.86.241 - - [10/Dec/2025:05:00:04 +0800] "GET /AxAo.php HTTP/1.1" 404 27 "-" "-"
4.194.86.241 - - [10/Dec/2025:05:00:04 +0800] "GET /mmm.php HTTP/1.1" 404 27 "-" "-"
4.194.86.241 - - [10/Dec/2025:05:00:04 +0800] "GET /zwso.php HTTP/1.1" 404 27 "-" "-"
4.194.86.241 - - [10/Dec/2025:05:00:04 +0800] "GET /wp-admin/css/colors/blue/index.php HTTP/1.1" 404 27 "-" "-"
4.194.86.241 - - [10/Dec/2025:05:00:04 +0800] "GET /class19.php HTTP/1.1" 404 27 "-" "-"
4.194.86.241 - - [10/Dec/2025:05:00:04 +0800] "GET /class20.php HTTP/1.1" 404 27 "-" "-"
4.194.86.241 - - [10/Dec/2025:05:00:04 +0800] "GET /admin.php?p= HTTP/1.1" 404 27 "-" "-"
4.194.86.241 - - [10/Dec/2025:05:00:05 +0800] "GET /randkeyword.php HTTP/1.1" 404 27 "-" "-"
4.194.86.241 - - [10/Dec/2025:05:00:05 +0800] "GET /fwe.php HTTP/1.1" 404 27 "-" "-"
4.194.86.241 - - [10/Dec/2025:05:00:05 +0800] "GET /images/m.php HTTP/1.1" 404 27 "-" "-"
4.194.86.241 - - [10/Dec/2025:05:00:05 +0800] "GET /g.php HTTP/1.1" 404 27 "-" "-"
4.194.86.241 - - [10/Dec/2025:05:00:05 +0800] "GET /tx1.php HTTP/1.1" 404 27 "-" "-"
4.194.86.241 - - [10/Dec/2025:05:00:05 +0800] "GET /xv.php HTTP/1.1" 404 27 "-" "-"
4.194.86.241 - - [10/Dec/2025:05:00:05 +0800] "GET /x56.php HTTP/1.1" 404 27 "-" "-"
4.194.86.241 - - [10/Dec/2025:05:00:05 +0800] "GET /htaccess.php HTTP/1.1" 404 27 "-" "-"
4.194.86.241 - - [10/Dec/2025:05:00:05 +0800] "GET /readme.php HTTP/1.1" 404 27 "-" "-"
4.194.86.241 - - [10/Dec/2025:05:00:05 +0800] "GET /x50.php HTTP/1.1" 404 27 "-" "-"
4.194.86.241 - - [10/Dec/2025:05:00:05 +0800] "GET /fv.php HTTP/1.1" 404 27 "-" "-"
4.194.86.241 - - [10/Dec/2025:05:00:05 +0800] "GET /file.php? HTTP/1.1" 404 27 "-" "-"
4.194.86.241 - - [10/Dec/2025:05:00:05 +0800] "GET /lsd.php HTTP/1.1" 404 27 "-" "-"
4.194.86.241 - - [10/Dec/2025:05:00:06 +0800] "GET /as.php HTTP/1.1" 404 27 "-" "-"
4.194.86.241 - - [10/Dec/2025:05:00:06 +0800] "GET /wsd.php HTTP/1.1" 404 27 "-" "-"
4.194.86.241 - - [10/Dec/2025:05:00:06 +0800] "GET /gtc.php HTTP/1.1" 404 27 "-" "-"
4.194.86.241 - - [10/Dec/2025:05:00:06 +0800] "GET /atx.php HTTP/1.1" 404 27 "-" "-"
4.194.86.241 - - [10/Dec/2025:05:00:06 +0800] "GET /z60.php HTTP/1.1" 404 27 "-" "-"
4.194.86.241 - - [10/Dec/2025:05:00:06 +0800] "GET /403.php HTTP/1.1" 404 27 "-" "-"
4.194.86.241 - - [10/Dec/2025:05:00:06 +0800] "GET /m.php HTTP/1.1" 404 27 "-" "-"
4.194.86.241 - - [10/Dec/2025:05:00:06 +0800] "GET /themes.php HTTP/1.1" 404 27 "-" "-"
4.194.86.241 - - [10/Dec/2025:05:00:06 +0800] "GET /wp-admin/maint/about.php HTTP/1.1" 404 27 "-" "-"
4.194.86.241 - - [10/Dec/2025:05:00:06 +0800] "GET /wp-admin/network/wp-conflg.php?p= HTTP/1.1" 404 27 "-" "-"
4.194.86.241 - - [10/Dec/2025:05:00:06 +0800] "GET /click.php HTTP/1.1" 404 27 "-" "-"
4.194.86.241 - - [10/Dec/2025:05:00:06 +0800] "GET /install.php HTTP/1.1" 404 27 "-" "-"
4.194.86.241 - - [10/Dec/2025:05:00:07 +0800] "GET /lv.php HTTP/1.1" 404 27 "-" "-"
4.194.86.241 - - [10/Dec/2025:05:00:07 +0800] "GET /simple.php HTTP/1.1" 404 27 "-" "-"
4.194.86.241 - - [10/Dec/2025:05:00:07 +0800] "GET /css.php HTTP/1.1" 404 27 "-" "-"
4.194.86.241 - - [10/Dec/2025:05:00:07 +0800] "GET /cong.php HTTP/1.1" 404 27 "-" "-"
4.194.86.241 - - [10/Dec/2025:05:00:07 +0800] "GET /wp-includes/images/wp-login.php HTTP/1.1" 404 27 "-" "-"
4.194.86.241 - - [10/Dec/2025:05:00:07 +0800] "GET /cong.php HTTP/1.1" 404 27 "-" "-"
4.194.86.241 - - [10/Dec/2025:05:00:07 +0800] "GET /w.php HTTP/1.1" 404 27 "-" "-"
4.194.86.241 - - [10/Dec/2025:05:00:07 +0800] "GET /404.php HTTP/1.1" 404 27 "-" "-"
4.194.86.241 - - [10/Dec/2025:05:00:07 +0800] "GET /ioxi-o.php HTTP/1.1" 404 27 "-" "-"
4.194.86.241 - - [10/Dec/2025:05:00:07 +0800] "GET /0x.php HTTP/1.1" 404 27 "-" "-"
4.194.86.241 - - [10/Dec/2025:05:00:07 +0800] "GET /css.php HTTP/1.1" 404 27 "-" "-"
4.194.86.241 - - [10/Dec/2025:05:00:07 +0800] "GET /222.php HTTP/1.1" 404 27 "-" "-"
4.194.86.241 - - [10/Dec/2025:05:00:07 +0800] "GET /wp-content/index.php HTTP/1.1" 200 5 "-" "-"
4.194.86.241 - - [10/Dec/2025:05:00:07 +0800] "GET /admin.php HTTP/1.1" 404 27 "-" "-"
4.194.86.241 - - [10/Dec/2025:05:00:08 +0800] "GET /wp-admin/maint/maint.php HTTP/1.1" 404 27 "-" "-"
4.194.86.241 - - [10/Dec/2025:05:00:08 +0800] "GET /classwithtostring.php HTTP/1.1" 404 27 "-" "-"
4.194.86.241 - - [10/Dec/2025:05:00:08 +0800] "GET /abcd.php HTTP/1.1" 404 27 "-" "-"
4.194.86.241 - - [10/Dec/2025:05:00:08 +0800] "GET /autoload_classmap.php?p= HTTP/1.1" 404 27 "-" "-"
4.194.86.241 - - [10/Dec/2025:05:00:08 +0800] "GET /inputs.php HTTP/1.1" 404 27 "-" "-"
4.194.86.241 - - [10/Dec/2025:05:00:08 +0800] "GET /about.php HTTP/1.1" 404 27 "-" "-"
4.194.86.241 - - [10/Dec/2025:05:00:08 +0800] "GET /alfa.php HTTP/1.1" 404 27 "-" "-"
4.194.86.241 - - [10/Dec/2025:05:00:08 +0800] "GET /themes/twentytwentytwo/index.php HTTP/1.1" 404 27 "-" "-"
4.194.86.241 - - [10/Dec/2025:05:00:08 +0800] "GET /wp-admin/js/wp-conflg.php?p= HTTP/1.1" 404 27 "-" "-"
4.194.86.241 - - [10/Dec/2025:05:00:09 +0800] "GET /wp-admin/wp-conflg.php?p= HTTP/1.1" 404 27 "-" "-"
4.194.86.241 - - [10/Dec/2025:05:00:09 +0800] "GET /wp-admin/css/wp-conflg.php?p= HTTP/1.1" 404 27 "-" "-"
4.194.86.241 - - [10/Dec/2025:05:00:09 +0800] "GET /manager.php?p= HTTP/1.1" 404 27 "-" "-"
4.194.86.241 - - [10/Dec/2025:05:00:09 +0800] "GET /item.php HTTP/1.1" 404 27 "-" "-"
4.194.86.241 - - [10/Dec/2025:05:00:09 +0800] "GET /plugins/Cache/footer.php HTTP/1.1" 404 27 "-" "-"
4.194.86.241 - - [10/Dec/2025:05:00:09 +0800] "GET /404.php HTTP/1.1" 404 27 "-" "-"
4.194.86.241 - - [10/Dec/2025:05:00:09 +0800] "GET /mail.php HTTP/1.1" 404 27 "-" "-"
4.194.86.241 - - [10/Dec/2025:05:00:09 +0800] "GET /wp-content/plugins/index.php HTTP/1.1" 200 5 "-" "-"
4.194.86.241 - - [10/Dec/2025:05:00:09 +0800] "GET /sx.php HTTP/1.1" 404 27 "-" "-"
4.194.86.241 - - [10/Dec/2025:05:00:09 +0800] "GET /wp-admin/maint/admin.php HTTP/1.1" 404 27 "-" "-"
4.194.86.241 - - [10/Dec/2025:05:00:09 +0800] "GET /alfa.php HTTP/1.1" 404 27 "-" "-"
4.194.86.241 - - [10/Dec/2025:05:00:09 +0800] "GET /1.php HTTP/1.1" 404 27 "-" "-"
4.194.86.241 - - [10/Dec/2025:05:00:09 +0800] "GET /byp.php HTTP/1.1" 404 27 "-" "-"
36.133.115.36 - - [10/Dec/2025:05:00:10 +0800] "POST /wp-cron.php?doing_wp_cron=1765314010.6087388992309570312500 HTTP/1.1" 200 31 "-" "WordPress/6.8.3; http://cqqizhou.com"
4.194.86.241 - - [10/Dec/2025:05:00:10 +0800] "GET /wp-trackback.php HTTP/1.1" 404 140 "-" "-"
4.194.86.241 - - [10/Dec/2025:05:00:10 +0800] "GET /.well-known/index.php HTTP/1.1" 404 27 "-" "-"
4.194.86.241 - - [10/Dec/2025:05:00:11 +0800] "GET /wp-admin/network/plugins.php HTTP/1.1" 302 5 "-" "-"
4.194.86.241 - - [10/Dec/2025:05:00:12 +0800] "GET /wp-login.php?redirect_to=http%3A%2F%2Fcqqizhou.com%2Fwp-admin%2Fnetwork%2Fplugins.php&reauth=1 HTTP/1.1" 200 8691 "-" "-"
4.194.86.241 - - [10/Dec/2025:05:00:12 +0800] "GET /wp-admin/about.php HTTP/1.1" 302 5 "-" "-"
4.194.86.241 - - [10/Dec/2025:05:00:13 +0800] "GET /wp-login.php?redirect_to=http%3A%2F%2Fcqqizhou.com%2Fwp-admin%2Fabout.php&reauth=1 HTTP/1.1" 200 8681 "-" "-"
4.194.86.241 - - [10/Dec/2025:05:00:13 +0800] "GET /gmo.php HTTP/1.1" 404 27 "-" "-"
4.194.86.241 - - [10/Dec/2025:05:00:13 +0800] "GET /wp-includes/ID3/about.php HTTP/1.1" 404 27 "-" "-"
4.194.86.241 - - [10/Dec/2025:05:00:13 +0800] "GET /css/index.php HTTP/1.1" 404 27 "-" "-"
4.194.86.241 - - [10/Dec/2025:05:00:13 +0800] "GET /wp-includes/SimplePie/wp-login.php HTTP/1.1" 404 27 "-" "-"
4.194.86.241 - - [10/Dec/2025:05:00:14 +0800] "GET /wp-content/themes/about.php HTTP/1.1" 404 27 "-" "-"
4.194.86.241 - - [10/Dec/2025:05:00:14 +0800] "GET /filemanager/dialog.php HTTP/1.1" 404 27 "-" "-"
4.194.86.241 - - [10/Dec/2025:05:00:14 +0800] "GET /wp-admin/maint/index.php HTTP/1.1" 404 27 "-" "-"
4.194.86.241 - - [10/Dec/2025:05:00:14 +0800] "GET /wp-includes/customize/about.php HTTP/1.1" 404 27 "-" "-"
4.194.86.241 - - [10/Dec/2025:05:00:14 +0800] "GET /index/function.php HTTP/1.1" 404 27 "-" "-"
4.194.86.241 - - [10/Dec/2025:05:00:14 +0800] "GET /uploads/autoload_classmap.php HTTP/1.1" 404 27 "-" "-"
4.194.86.241 - - [10/Dec/2025:05:00:14 +0800] "GET /wp-includes/style-engine/about.php HTTP/1.1" 404 27 "-" "-"
4.194.86.241 - - [10/Dec/2025:05:00:14 +0800] "GET /ww1.php HTTP/1.1" 404 27 "-" "-"
4.194.86.241 - - [10/Dec/2025:05:00:14 +0800] "GET /about/function.php HTTP/1.1" 404 27 "-" "-"
4.194.86.241 - - [10/Dec/2025:05:00:14 +0800] "GET /admin/function.php HTTP/1.1" 404 27 "-" "-"
4.194.86.241 - - [10/Dec/2025:05:00:14 +0800] "GET /.well-known/acme-challenge/index.php HTTP/1.1" 404 27 "-" "-"
4.194.86.241 - - [10/Dec/2025:05:00:14 +0800] "GET /css/colors/blue/index.php HTTP/1.1" 404 27 "-" "-"
4.194.86.241 - - [10/Dec/2025:05:00:15 +0800] "GET /security.php HTTP/1.1" 404 27 "-" "-"
4.194.86.241 - - [10/Dec/2025:05:00:15 +0800] "GET /wp-admin/user/about.php HTTP/1.1" 302 5 "-" "-"
4.194.86.241 - - [10/Dec/2025:05:00:16 +0800] "GET /wp-login.php?redirect_to=http%3A%2F%2Fcqqizhou.com%2Fwp-admin%2Fuser%2Fabout.php&reauth=1 HTTP/1.1" 200 8686 "-" "-"
4.194.86.241 - - [10/Dec/2025:05:00:16 +0800] "GET /wp-admin/js/index.php HTTP/1.1" 404 27 "-" "-"
4.194.86.241 - - [10/Dec/2025:05:00:16 +0800] "GET /wp-content/upgrade/about.php HTTP/1.1" 404 27 "-" "-"
4.194.86.241 - - [10/Dec/2025:05:00:16 +0800] "GET /wp-includes/assets/index.php HTTP/1.1" 404 27 "-" "-"
4.194.86.241 - - [10/Dec/2025:05:00:16 +0800] "GET /wp-content/radio.php HTTP/1.1" 404 27 "-" "-"
4.194.86.241 - - [10/Dec/2025:05:00:16 +0800] "GET /wp-includes/fonts/index.php?p= HTTP/1.1" 404 27 "-" "-"
4.194.86.241 - - [10/Dec/2025:05:00:16 +0800] "GET /.well-known/admin.php HTTP/1.1" 404 27 "-" "-"
4.194.86.241 - - [10/Dec/2025:05:00:17 +0800] "GET /wp-content/admin.php HTTP/1.1" 404 27 "-" "-"
4.194.86.241 - - [10/Dec/2025:05:00:17 +0800] "GET /wp-content/plugins/admin.php HTTP/1.1" 404 27 "-" "-"
4.194.86.241 - - [10/Dec/2025:05:00:17 +0800] "GET /wp-content/themes/twentytwentytwo/index.php?p= HTTP/1.1" 404 27 "-" "-"
4.194.86.241 - - [10/Dec/2025:05:00:17 +0800] "GET /.well-known/log.php HTTP/1.1" 404 27 "-" "-"
4.194.86.241 - - [10/Dec/2025:05:00:17 +0800] "GET /class.php HTTP/1.1" 404 27 "-" "-"
4.194.86.241 - - [10/Dec/2025:05:00:17 +0800] "GET /bless5.php HTTP/1.1" 404 27 "-" "-"
4.194.86.241 - - [10/Dec/2025:05:00:17 +0800] "GET /wp-includes/js/codemirror/index.php HTTP/1.1" 404 27 "-" "-"
4.194.86.241 - - [10/Dec/2025:05:00:17 +0800] "GET /wp-includes/block-patterns/index.php HTTP/1.1" 404 27 "-" "-"
4.194.86.241 - - [10/Dec/2025:05:00:17 +0800] "GET /lock360.php HTTP/1.1" 404 27 "-" "-"
4.194.86.241 - - [10/Dec/2025:05:00:17 +0800] "GET /f35.php HTTP/1.1" 404 27 "-" "-"
4.194.86.241 - - [10/Dec/2025:05:00:17 +0800] "GET /ioxi-o1.php HTTP/1.1" 404 27 "-" "-"
4.194.86.241 - - [10/Dec/2025:05:00:17 +0800] "GET /juuuu.php HTTP/1.1" 404 27 "-" "-"
4.194.86.241 - - [10/Dec/2025:05:00:17 +0800] "GET /ha.php HTTP/1.1" 404 27 "-" "-"
4.194.86.241 - - [10/Dec/2025:05:00:18 +0800] "GET /gg.php HTTP/1.1" 404 27 "-" "-"
4.194.86.241 - - [10/Dec/2025:05:00:18 +0800] "GET /we2.php HTTP/1.1" 404 27 "-" "-"
4.194.86.241 - - [10/Dec/2025:05:00:18 +0800] "GET /04.php HTTP/1.1" 404 27 "-" "-"
4.194.86.241 - - [10/Dec/2025:05:00:18 +0800] "GET /333.php HTTP/1.1" 404 27 "-" "-"
4.194.86.241 - - [10/Dec/2025:05:00:18 +0800] "GET /520.php HTTP/1.1" 404 27 "-" "-"
4.194.86.241 - - [10/Dec/2025:05:00:18 +0800] "GET /ar.php HTTP/1.1" 404 27 "-" "-"
4.194.86.241 - - [10/Dec/2025:05:00:18 +0800] "GET /x.php HTTP/1.1" 404 27 "-" "-"
4.194.86.241 - - [10/Dec/2025:05:00:18 +0800] "GET /xx.php HTTP/1.1" 404 27 "-" "-"
4.194.86.241 - - [10/Dec/2025:05:00:18 +0800] "GET /gifclass4.php HTTP/1.1" 404 27 "-" "-"
4.194.86.241 - - [10/Dec/2025:05:00:18 +0800] "GET /2clas.php HTTP/1.1" 404 27 "-" "-"
4.194.86.241 - - [10/Dec/2025:05:00:18 +0800] "GET /ave.php HTTP/1.1" 404 27 "-" "-"
4.194.86.241 - - [10/Dec/2025:05:00:19 +0800] "GET /wrt.php HTTP/1.1" 404 27 "-" "-"
4.194.86.241 - - [10/Dec/2025:05:00:19 +0800] "GET /bibil.php HTTP/1.1" 404 27 "-" "-"
4.194.86.241 - - [10/Dec/2025:05:00:19 +0800] "GET /radio.php HTTP/1.1" 404 27 "-" "-"
4.194.86.241 - - [10/Dec/2025:05:00:19 +0800] "GET /files.php HTTP/1.1" 404 27 "-" "-"
4.194.86.241 - - [10/Dec/2025:05:00:19 +0800] "GET /file7.php HTTP/1.1" 404 27 "-" "-"
4.194.86.241 - - [10/Dec/2025:05:00:19 +0800] "GET /gifclass.php HTTP/1.1" 404 27 "-" "-"
4.194.86.241 - - [10/Dec/2025:05:00:19 +0800] "GET /wp-admin/css/colors/midnight/about.php HTTP/1.1" 404 27 "-" "-"
4.194.86.241 - - [10/Dec/2025:05:00:19 +0800] "GET /nox.php HTTP/1.1" 404 27 "-" "-"
4.194.86.241 - - [10/Dec/2025:05:00:19 +0800] "GET /file48.php HTTP/1.1" 404 27 "-" "-"
4.194.86.241 - - [10/Dec/2025:05:00:19 +0800] "GET /info.php HTTP/1.1" 200 29 "-" "-"
4.194.86.241 - - [10/Dec/2025:05:00:19 +0800] "GET /class9.php HTTP/1.1" 404 27 "-" "-"
4.194.86.241 - - [10/Dec/2025:05:00:19 +0800] "GET /la.php HTTP/1.1" 404 27 "-" "-"
4.194.86.241 - - [10/Dec/2025:05:00:19 +0800] "GET /bless11.php HTTP/1.1" 404 27 "-" "-"
