HEX
Server: nginx/1.16.1
System: Linux ecs-04358622 4.19.90-2107.6.0.0100.oe1.bclinux.x86_64 #1 SMP Wed Dec 1 19:59:44 CST 2021 x86_64
User: nginx (994)
PHP: 8.0.0
Disabled: NONE
Upload Files
File: //home/logs/cqqizhou_access_2025-11-27.log
36.133.115.36 - - [27/Nov/2025:00:06:54 +0800] "POST /wp-cron.php?doing_wp_cron=1764173214.9249529838562011718750 HTTP/1.1" 200 31 "-" "WordPress/6.8.3; http://cqqizhou.com"
204.76.203.212 - - [27/Nov/2025:00:06:55 +0800] "GET / HTTP/1.1" 200 33526 "-" "Mozilla/5.0 (Windows NT 10.0; Win64; x64) AppleWebKit/537.36 (KHTML, like Gecko) Chrome/90.0.4430.85 Safari/537.36 Edg/90.0.818.46"
36.133.115.36 - - [27/Nov/2025:00:18:08 +0800] "POST /wp-cron.php?doing_wp_cron=1764173888.4226810932159423828125 HTTP/1.1" 200 31 "-" "WordPress/6.8.3; http://cqqizhou.com"
180.184.67.83 - - [27/Nov/2025:00:18:08 +0800] "GET / HTTP/1.1" 200 33526 "-" "Mozilla/5.0 (Linux; Android 10; V1950A; wv) AppleWebKit/537.36 (KHTML, like Gecko) Chrome/62.0.3202.84 Mobile Safari/537.36 VivoBrowser/20.2.3.0"
92.205.224.57 - - [27/Nov/2025:00:18:38 +0800] "GET /wp-login.php HTTP/1.1" 200 2783 "-" "Mozilla/5.0 (X11; Ubuntu; Linux x86_64; rv:85.0) Gecko/20100101 Firefox/91.0"
92.205.224.57 - - [27/Nov/2025:00:18:41 +0800] "POST /wp-login.php HTTP/1.1" 200 2921 "-" "Mozilla/5.0 (X11; Ubuntu; Linux x86_64; rv:85.0) Gecko/20100101 Firefox/91.0"
36.133.115.36 - - [27/Nov/2025:00:27:33 +0800] "POST /wp-cron.php?doing_wp_cron=1764174453.8819389343261718750000 HTTP/1.1" 200 31 "-" "WordPress/6.8.3; http://cqqizhou.com"
193.142.147.209 - - [27/Nov/2025:00:27:34 +0800] "GET / HTTP/1.1" 200 152189 "-" "-"
36.133.115.36 - - [27/Nov/2025:00:50:48 +0800] "POST /wp-cron.php?doing_wp_cron=1764175848.6290829181671142578125 HTTP/1.1" 200 31 "-" "WordPress/6.8.3; http://cqqizhou.com"
87.120.191.124 - - [27/Nov/2025:00:50:49 +0800] "GET / HTTP/1.1" 200 152189 "-" "Hello World"
36.133.115.36 - - [27/Nov/2025:00:56:47 +0800] "POST /wp-cron.php?doing_wp_cron=1764176206.9756069183349609375000 HTTP/1.1" 200 31 "-" "WordPress/6.8.3; http://cqqizhou.com"
13.229.190.9 - - [27/Nov/2025:00:56:47 +0800] "POST /xmlrpc.php HTTP/1.1" 200 217 "-" "Mozilla/5.0 (Windows NT 10.0; Win64; x64; rv:49.0) Gecko/20100101 Firefox/49.0"
36.133.115.36 - - [27/Nov/2025:01:22:52 +0800] "POST /wp-cron.php?doing_wp_cron=1764177772.9409549236297607421875 HTTP/1.1" 200 31 "-" "WordPress/6.8.3; http://cqqizhou.com"
45.135.193.9 - - [27/Nov/2025:01:22:53 +0800] "GET http://ip-api.com/json/ HTTP/1.1" 404 8983 "-" "Go-http-client/1.1"
36.133.115.36 - - [27/Nov/2025:01:30:03 +0800] "POST /wp-cron.php?doing_wp_cron=1764178203.1110320091247558593750 HTTP/1.1" 200 31 "-" "WordPress/6.8.3; http://cqqizhou.com"
193.34.213.150 - - [27/Nov/2025:01:30:03 +0800] "GET / HTTP/1.1" 200 109837 "-" "Mozilla/5.0 (Macintosh; Intel Mac OS X 10_15_7) AppleWebKit/537.36 (KHTML, like Gecko) Chrome/142.0.0.0 Safari/537.36"
36.133.115.36 - - [27/Nov/2025:01:37:40 +0800] "POST /wp-cron.php?doing_wp_cron=1764178660.8229889869689941406250 HTTP/1.1" 200 31 "-" "WordPress/6.8.3; http://cqqizhou.com"
204.76.203.212 - - [27/Nov/2025:01:37:41 +0800] "GET / HTTP/1.1" 200 33526 "-" "Mozilla/5.0 (Windows NT 10.0; Win64; x64) AppleWebKit/537.36 (KHTML, like Gecko) Chrome/90.0.4430.85 Safari/537.36 Edg/90.0.818.46"
36.133.115.36 - - [27/Nov/2025:01:43:46 +0800] "POST /wp-cron.php?doing_wp_cron=1764179026.8777680397033691406250 HTTP/1.1" 200 31 "-" "WordPress/6.8.3; http://cqqizhou.com"
65.109.158.238 - - [27/Nov/2025:01:43:46 +0800] "POST /xmlrpc.php HTTP/1.1" 200 217 "-" "Mozilla/5.0 (Windows NT 10.0; Win64; x64; rv:90.0) Gecko/20100101 Firefox/90.0"
36.133.115.36 - - [27/Nov/2025:01:46:18 +0800] "POST /wp-cron.php?doing_wp_cron=1764179178.2648229598999023437500 HTTP/1.1" 200 31 "-" "WordPress/6.8.3; http://cqqizhou.com"
115.159.33.43 - - [27/Nov/2025:01:46:18 +0800] "GET / HTTP/1.1" 301 5 "-" "Mozilla/5.0 (Windows NT 10.0; Win64; x64) AppleWebKit/537.36 (KHTML, like Gecko) Chrome/79.0.3945.117 Safari/537.36"
36.133.115.36 - - [27/Nov/2025:01:52:05 +0800] "POST /wp-cron.php?doing_wp_cron=1764179525.4252839088439941406250 HTTP/1.1" 200 31 "-" "WordPress/6.8.3; http://cqqizhou.com"
95.215.0.144 - - [27/Nov/2025:01:52:05 +0800] "GET /aaa9 HTTP/1.1" 301 5 "-" "Mozilla/5.0 (Windows NT 10.0; Win64; x64) AppleWebKit/537.36 (KHTML, like Gecko) Chrome/70.0.3538.77 Safari/537.36"
95.215.0.144 - - [27/Nov/2025:01:52:06 +0800] "GET / HTTP/1.1" 200 110231 "-" "fasthttp"
95.215.0.144 - - [27/Nov/2025:01:52:07 +0800] "GET / HTTP/1.1" 200 110231 "-" "fasthttp"
95.215.0.144 - - [27/Nov/2025:01:52:07 +0800] "GET /aab9 HTTP/1.1" 301 5 "-" "Mozilla/5.0 (Windows NT 10.0; Win64; x64) AppleWebKit/537.36 (KHTML, like Gecko) Chrome/70.0.3538.77 Safari/537.36"
95.215.0.144 - - [27/Nov/2025:01:52:08 +0800] "GET / HTTP/1.1" 200 110231 "-" "fasthttp"
95.215.0.144 - - [27/Nov/2025:01:52:12 +0800] "GET / HTTP/1.1" 200 110231 "-" "fasthttp"
95.215.0.144 - - [27/Nov/2025:01:52:13 +0800] "GET / HTTP/1.1" 200 110231 "-" "fasthttp"
123.57.13.121 - - [27/Nov/2025:01:56:40 +0800] "GET / HTTP/1.1" 200 33988 "-" "Mozilla/5.0 (Windows NT 10.0; Win64; x64) AppleWebKit/537.36 (KHTML, like Gecko) Chrome/104.0.0.0 Safari/537.36"
36.133.115.36 - - [27/Nov/2025:02:04:30 +0800] "POST /wp-cron.php?doing_wp_cron=1764180270.1937789916992187500000 HTTP/1.1" 200 31 "-" "WordPress/6.8.3; http://cqqizhou.com"
66.249.79.226 - - [27/Nov/2025:02:04:30 +0800] "GET /robots.txt HTTP/1.1" 301 5 "-" "Mozilla/5.0 (compatible; Googlebot/2.1; +http://www.google.com/bot.html)"
66.249.68.64 - - [27/Nov/2025:02:04:31 +0800] "GET /robots.txt HTTP/1.1" 200 190 "-" "Mozilla/5.0 (compatible; Googlebot/2.1; +http://www.google.com/bot.html)"
66.249.79.226 - - [27/Nov/2025:02:04:32 +0800] "GET / HTTP/1.1" 301 5 "-" "Mozilla/5.0 (Linux; Android 6.0.1; Nexus 5X Build/MMB29P) AppleWebKit/537.36 (KHTML, like Gecko) Chrome/141.0.7390.122 Mobile Safari/537.36 (compatible; Googlebot/2.1; +http://www.google.com/bot.html)"
66.249.68.71 - - [27/Nov/2025:02:04:33 +0800] "GET / HTTP/1.1" 200 33526 "-" "Mozilla/5.0 (Linux; Android 6.0.1; Nexus 5X Build/MMB29P) AppleWebKit/537.36 (KHTML, like Gecko) Chrome/141.0.7390.122 Mobile Safari/537.36 (compatible; Googlebot/2.1; +http://www.google.com/bot.html)"
36.133.115.36 - - [27/Nov/2025:02:14:13 +0800] "POST /wp-cron.php?doing_wp_cron=1764180853.4610168933868408203125 HTTP/1.1" 200 31 "-" "WordPress/6.8.3; http://cqqizhou.com"
193.142.147.209 - - [27/Nov/2025:02:14:13 +0800] "GET /cgi-bin/luci/;stok=/locale HTTP/1.1" 301 5 "-" "-"
193.142.147.209 - - [27/Nov/2025:02:14:14 +0800] "GET /cgi-bin/luci/;stok=/locale HTTP/1.1" 404 31381 "http://36.133.115.36:80/cgi-bin/luci/;stok=/locale" "-"
36.133.115.36 - - [27/Nov/2025:02:17:46 +0800] "POST /wp-cron.php?doing_wp_cron=1764181066.2374050617218017578125 HTTP/1.1" 200 31 "-" "WordPress/6.8.3; http://cqqizhou.com"
185.209.199.94 - - [27/Nov/2025:02:17:46 +0800] "GET / HTTP/1.1" 301 5 "-" "Mozilla/5.0 (Windows NT 10.0; Win64; x64) AppleWebKit/537.36 (KHTML, like Gecko) Chrome/136.0.0.0 Safari/537.36"
36.133.115.36 - - [27/Nov/2025:02:22:17 +0800] "POST /wp-cron.php?doing_wp_cron=1764181337.2759559154510498046875 HTTP/1.1" 200 31 "-" "WordPress/6.8.3; http://cqqizhou.com"
185.2.4.33 - - [27/Nov/2025:02:22:17 +0800] "GET /wp-login.php HTTP/1.1" 200 2783 "-" "Mozilla/5.0 (X11; Ubuntu; Linux x86_64; rv:85.0) Gecko/20100101 Firefox/91.0"
185.2.4.33 - - [27/Nov/2025:02:22:18 +0800] "POST /wp-login.php HTTP/1.1" 200 2921 "-" "Mozilla/5.0 (X11; Ubuntu; Linux x86_64; rv:85.0) Gecko/20100101 Firefox/91.0"
85.11.167.3 - tomcat [27/Nov/2025:02:27:48 +0800] "GET /manager/html HTTP/1.1" 499 0 "-" "Mozilla/5.0 (X11; Linux x86_64; rv:89.0) Gecko/20100101 Firefox/89.0"
36.133.115.36 - - [27/Nov/2025:02:27:48 +0800] "POST /wp-cron.php?doing_wp_cron=1764181668.7225999832153320312500 HTTP/1.1" 200 31 "-" "WordPress/6.8.3; http://cqqizhou.com"
180.153.236.33 - - [27/Nov/2025:02:45:44 +0800] "GET / HTTP/1.1" 200 33988 "http://cqqizhou.com/" "Mozilla/5.0 (Windows NT 10.0; Win64; x64) AppleWebKit/537.36 (KHTML, like Gecko) Chrome/140.0.0.0 Safari/537.36 Edg/140.0.0.0; 360Spider"
180.153.236.35 - - [27/Nov/2025:02:46:33 +0800] "GET / HTTP/1.1" 200 33988 "http://cqqizhou.com/" "Mozilla/5.0 (Windows NT 10.0; Win64; x64) AppleWebKit/537.36 (KHTML, like Gecko) Chrome/140.0.0.0 Safari/537.36 Edg/140.0.0.0; 360Spider"
36.133.115.36 - - [27/Nov/2025:02:51:17 +0800] "POST /wp-cron.php?doing_wp_cron=1764183077.2394969463348388671875 HTTP/1.1" 200 31 "-" "WordPress/6.8.3; http://cqqizhou.com"
49.51.252.146 - - [27/Nov/2025:02:51:17 +0800] "GET / HTTP/1.1" 301 5 "-" "Mozilla/5.0 (iPhone; CPU iPhone OS 13_2_3 like Mac OS X) AppleWebKit/605.1.15 (KHTML, like Gecko) Version/13.0.3 Mobile/15E148 Safari/604.1"
49.51.252.146 - - [27/Nov/2025:02:51:19 +0800] "GET / HTTP/1.1" 200 33526 "http://36.133.115.36" "Mozilla/5.0 (iPhone; CPU iPhone OS 13_2_3 like Mac OS X) AppleWebKit/605.1.15 (KHTML, like Gecko) Version/13.0.3 Mobile/15E148 Safari/604.1"
36.133.115.36 - - [27/Nov/2025:02:56:18 +0800] "POST /wp-cron.php?doing_wp_cron=1764183378.7015450000762939453125 HTTP/1.1" 200 31 "-" "WordPress/6.8.3; http://cqqizhou.com"
117.55.202.159 - - [27/Nov/2025:02:56:18 +0800] "POST /xmlrpc.php HTTP/1.1" 200 217 "-" "Mozilla/5.0 (Windows NT 10.0; Win64; x64; rv:64.0) Gecko/20100101 Firefox/64.0"
36.133.115.36 - - [27/Nov/2025:03:00:23 +0800] "POST /wp-cron.php?doing_wp_cron=1764183623.2661099433898925781250 HTTP/1.1" 200 31 "-" "WordPress/6.8.3; http://cqqizhou.com"
204.76.203.212 - - [27/Nov/2025:03:00:23 +0800] "GET / HTTP/1.1" 200 33526 "-" "Mozilla/5.0 (Windows NT 10.0; Win64; x64) AppleWebKit/537.36 (KHTML, like Gecko) Chrome/90.0.4430.85 Safari/537.36 Edg/90.0.818.46"
36.133.115.36 - - [27/Nov/2025:03:09:11 +0800] "POST /wp-cron.php?doing_wp_cron=1764184151.9311690330505371093750 HTTP/1.1" 200 31 "-" "WordPress/6.8.3; http://cqqizhou.com"
43.166.7.113 - - [27/Nov/2025:03:09:12 +0800] "GET /feed/ HTTP/1.1" 200 82044 "-" "Mozilla/5.0 (iPhone; CPU iPhone OS 13_2_3 like Mac OS X) AppleWebKit/605.1.15 (KHTML, like Gecko) Version/13.0.3 Mobile/15E148 Safari/604.1"
36.133.115.36 - - [27/Nov/2025:03:17:06 +0800] "POST /wp-cron.php?doing_wp_cron=1764184626.2641849517822265625000 HTTP/1.1" 200 31 "-" "WordPress/6.8.3; http://cqqizhou.com"
64.62.197.53 - - [27/Nov/2025:03:17:06 +0800] "GET /vkey/ HTTP/1.1" 404 8989 "-" "Mozilla/5.0 (Windows NT 10.0; Win64; x64) AppleWebKit/537.36 (KHTML, like Gecko) Chrome/110.0.0.0 Safari/537.36 Edg/110.0.1587.57"
18.220.172.207 - - [27/Nov/2025:03:19:32 +0800] "GET / HTTP/1.1" 200 33988 "-" "curl/8.3.0"
36.133.115.36 - - [27/Nov/2025:03:32:33 +0800] "POST /wp-cron.php?doing_wp_cron=1764185553.5780889987945556640625 HTTP/1.1" 200 31 "-" "WordPress/6.8.3; http://cqqizhou.com"
43.128.156.124 - - [27/Nov/2025:03:32:33 +0800] "GET /portfolio/remaining-rolls/ HTTP/1.1" 200 18736 "-" "Mozilla/5.0 (iPhone; CPU iPhone OS 13_2_3 like Mac OS X) AppleWebKit/605.1.15 (KHTML, like Gecko) Version/13.0.3 Mobile/15E148 Safari/604.1"
36.133.115.36 - - [27/Nov/2025:03:50:43 +0800] "POST /wp-cron.php?doing_wp_cron=1764186643.2872018814086914062500 HTTP/1.1" 200 31 "-" "WordPress/6.8.3; http://cqqizhou.com"
5.187.35.21 - - [27/Nov/2025:03:50:44 +0800] "GET / HTTP/1.1" 200 152189 "-" "-"
36.133.115.36 - - [27/Nov/2025:03:58:58 +0800] "POST /wp-cron.php?doing_wp_cron=1764187138.7052190303802490234375 HTTP/1.1" 200 31 "-" "WordPress/6.8.3; http://cqqizhou.com"
43.155.27.244 - - [27/Nov/2025:03:58:59 +0800] "GET /contacts/ HTTP/1.1" 200 18599 "-" "Mozilla/5.0 (iPhone; CPU iPhone OS 13_2_3 like Mac OS X) AppleWebKit/605.1.15 (KHTML, like Gecko) Version/13.0.3 Mobile/15E148 Safari/604.1"
157.245.130.170 - - [27/Nov/2025:04:07:33 +0800] "GET / HTTP/1.1" 200 33988 "-" "Mozilla/5.0 (X11; Linux x86_64) AppleWebKit/537.36 (KHTML, like Gecko) Chrome/139.0.0.0 Safari/537.36"
36.133.115.36 - - [27/Nov/2025:04:09:20 +0800] "POST /wp-cron.php?doing_wp_cron=1764187760.5968229770660400390625 HTTP/1.1" 200 31 "-" "WordPress/6.8.3; http://cqqizhou.com"
43.165.135.242 - - [27/Nov/2025:04:09:20 +0800] "GET /portfolio/duplex-stainless-steel/ HTTP/1.1" 200 18717 "-" "Mozilla/5.0 (iPhone; CPU iPhone OS 13_2_3 like Mac OS X) AppleWebKit/605.1.15 (KHTML, like Gecko) Version/13.0.3 Mobile/15E148 Safari/604.1"
59.125.102.142 - - [27/Nov/2025:04:09:26 +0800] "POST /xmlrpc.php HTTP/1.1" 200 217 "-" "Mozilla/5.0 (Windows NT 10.0; Win64; x64; rv:51.0) Gecko/20100101 Firefox/51.0"
43.130.9.111 - - [27/Nov/2025:04:15:22 +0800] "GET /wp-content/uploads/2025/07/1753455650-DSC01469-300x169.webp HTTP/1.1" 200 8050 "-" "Mozilla/5.0 (iPhone; CPU iPhone OS 13_2_3 like Mac OS X) AppleWebKit/605.1.15 (KHTML, like Gecko) Version/13.0.3 Mobile/15E148 Safari/604.1"
36.133.115.36 - - [27/Nov/2025:04:21:18 +0800] "POST /wp-cron.php?doing_wp_cron=1764188478.7296059131622314453125 HTTP/1.1" 200 31 "-" "WordPress/6.8.3; http://cqqizhou.com"
170.106.73.216 - - [27/Nov/2025:04:21:18 +0800] "GET /portfolio-tag/%e9%9e%8d%e9%92%a2%e8%92%82%e6%a3%ae/ HTTP/1.1" 200 18170 "-" "Mozilla/5.0 (iPhone; CPU iPhone OS 13_2_3 like Mac OS X) AppleWebKit/605.1.15 (KHTML, like Gecko) Version/13.0.3 Mobile/15E148 Safari/604.1"
66.249.68.70 - - [27/Nov/2025:04:23:43 +0800] "GET / HTTP/1.1" 200 33988 "-" "Mozilla/5.0 (compatible; Googlebot/2.1; +http://www.google.com/bot.html)"
36.133.115.36 - - [27/Nov/2025:04:30:47 +0800] "POST /wp-cron.php?doing_wp_cron=1764189047.7516739368438720703125 HTTP/1.1" 200 31 "-" "WordPress/6.8.3; http://cqqizhou.com"
204.76.203.212 - - [27/Nov/2025:04:30:48 +0800] "GET / HTTP/1.1" 200 33526 "-" "Mozilla/5.0 (Windows NT 10.0; Win64; x64) AppleWebKit/537.36 (KHTML, like Gecko) Chrome/90.0.4430.85 Safari/537.36 Edg/90.0.818.46"
36.133.115.36 - - [27/Nov/2025:04:35:02 +0800] "POST /wp-cron.php?doing_wp_cron=1764189302.4036140441894531250000 HTTP/1.1" 200 31 "-" "WordPress/6.8.3; http://cqqizhou.com"
43.164.197.177 - - [27/Nov/2025:04:35:02 +0800] "GET /portfolio/pickled-coil/ HTTP/1.1" 200 18740 "-" "Mozilla/5.0 (iPhone; CPU iPhone OS 13_2_3 like Mac OS X) AppleWebKit/605.1.15 (KHTML, like Gecko) Version/13.0.3 Mobile/15E148 Safari/604.1"
36.133.115.36 - - [27/Nov/2025:04:35:58 +0800] "POST /wp-cron.php?doing_wp_cron=1764189358.6273260116577148437500 HTTP/1.1" 200 31 "-" "WordPress/6.8.3; http://cqqizhou.com"
207.46.13.111 - - [27/Nov/2025:04:35:58 +0800] "GET /?s=2026 HTTP/1.1" 200 17663 "-" "Mozilla/5.0 AppleWebKit/537.36 (KHTML, like Gecko; compatible; bingbot/2.0; +http://www.bing.com/bingbot.htm) Chrome/116.0.1938.76 Safari/537.36"
43.131.26.226 - - [27/Nov/2025:04:42:28 +0800] "GET /wp-content/uploads/2025/07/1750005875-qizhou_map2025616.webp HTTP/1.1" 200 283812 "-" "Mozilla/5.0 (iPhone; CPU iPhone OS 13_2_3 like Mac OS X) AppleWebKit/605.1.15 (KHTML, like Gecko) Version/13.0.3 Mobile/15E148 Safari/604.1"
36.133.115.36 - - [27/Nov/2025:04:46:05 +0800] "POST /wp-cron.php?doing_wp_cron=1764189965.3499560356140136718750 HTTP/1.1" 200 31 "-" "WordPress/6.8.3; http://cqqizhou.com"
164.52.24.178 - - [27/Nov/2025:04:46:05 +0800] "GET / HTTP/1.1" 301 5 "-" "Mozilla/5.0 (Windows NT 10.0; Win64; x64) AppleWebKit/537.36 (KHTML, like Gecko) Chrome/114.0.0.0 Safari/537.36"
164.52.24.178 - - [27/Nov/2025:04:46:10 +0800] "GET / HTTP/1.1" 301 5 "-" "-"
164.52.24.178 - - [27/Nov/2025:04:46:20 +0800] "GET / HTTP/1.1" 200 153877 "-" "Mozilla/5.0 (Windows NT 10.0; Win64; x64) AppleWebKit/537.36 (KHTML, like Gecko) Chrome/114.0.0.0 Safari/537.36"
36.133.115.36 - - [27/Nov/2025:04:50:18 +0800] "POST /wp-cron.php?doing_wp_cron=1764190218.9005320072174072265625 HTTP/1.1" 200 31 "-" "WordPress/6.8.3; http://cqqizhou.com"
87.120.191.124 - - [27/Nov/2025:04:50:19 +0800] "GET / HTTP/1.1" 200 152189 "-" "Hello World"
36.133.115.36 - - [27/Nov/2025:04:57:33 +0800] "POST /wp-cron.php?doing_wp_cron=1764190653.3309829235076904296875 HTTP/1.1" 200 31 "-" "WordPress/6.8.3; http://cqqizhou.com"
152.42.186.218 - - [27/Nov/2025:04:57:33 +0800] "GET /sftp-config.json HTTP/1.1" 404 8984 "-" "Mozilla/5.0 (Macintosh; Intel Mac OS X 10.15; rv:77.0) Gecko/20100101 Firefox/77.0"
152.42.186.218 - - [27/Nov/2025:04:57:34 +0800] "GET /.vscode/sftp.json HTTP/1.1" 404 8985 "-" "Mozilla/5.0 (Macintosh; Intel Mac OS X 10.15; rv:77.0) Gecko/20100101 Firefox/77.0"
36.133.115.36 - - [27/Nov/2025:04:59:18 +0800] "POST /wp-cron.php?doing_wp_cron=1764190758.8973801136016845703125 HTTP/1.1" 200 31 "-" "WordPress/6.8.3; http://cqqizhou.com"
43.128.156.124 - - [27/Nov/2025:04:59:19 +0800] "GET /about/ HTTP/1.1" 200 24298 "-" "Mozilla/5.0 (iPhone; CPU iPhone OS 13_2_3 like Mac OS X) AppleWebKit/605.1.15 (KHTML, like Gecko) Version/13.0.3 Mobile/15E148 Safari/604.1"
36.133.115.36 - - [27/Nov/2025:05:00:02 +0800] "POST /wp-cron.php?doing_wp_cron=1764190802.7105369567871093750000 HTTP/1.1" 200 31 "-" "WordPress/6.8.3; http://cqqizhou.com"
50.62.183.56 - - [27/Nov/2025:05:00:02 +0800] "GET /wp-login.php HTTP/1.1" 200 2783 "-" "Mozilla/5.0 (X11; Ubuntu; Linux x86_64; rv:85.0) Gecko/20100101 Firefox/91.0"
50.62.183.56 - - [27/Nov/2025:05:00:05 +0800] "POST /wp-login.php HTTP/1.1" 200 2921 "-" "Mozilla/5.0 (X11; Ubuntu; Linux x86_64; rv:85.0) Gecko/20100101 Firefox/91.0"
36.133.115.36 - - [27/Nov/2025:05:10:33 +0800] "POST /wp-cron.php?doing_wp_cron=1764191433.2388989925384521484375 HTTP/1.1" 200 31 "-" "WordPress/6.8.3; http://cqqizhou.com"
43.135.142.37 - - [27/Nov/2025:05:10:33 +0800] "GET /portfolio/ HTTP/1.1" 200 17068 "-" "Mozilla/5.0 (iPhone; CPU iPhone OS 13_2_3 like Mac OS X) AppleWebKit/605.1.15 (KHTML, like Gecko) Version/13.0.3 Mobile/15E148 Safari/604.1"
36.133.115.36 - - [27/Nov/2025:05:18:22 +0800] "POST /wp-cron.php?doing_wp_cron=1764191902.6882688999176025390625 HTTP/1.1" 200 31 "-" "WordPress/6.8.3; http://cqqizhou.com"
59.125.102.142 - - [27/Nov/2025:05:18:22 +0800] "POST /xmlrpc.php HTTP/1.1" 200 217 "-" "Mozilla/5.0 (Windows NT 10.0; Win64; x64; rv:61.0) Gecko/20100101 Firefox/61.0"
36.133.115.36 - - [27/Nov/2025:05:20:03 +0800] "POST /wp-cron.php?doing_wp_cron=1764192003.0938038825988769531250 HTTP/1.1" 200 31 "-" "WordPress/6.8.3; http://cqqizhou.com"
43.130.60.195 - - [27/Nov/2025:05:20:03 +0800] "GET /wp-content/uploads/2025/07/1753453029- HTTP/1.1" 404 8983 "-" "Mozilla/5.0 (iPhone; CPU iPhone OS 13_2_3 like Mac OS X) AppleWebKit/605.1.15 (KHTML, like Gecko) Version/13.0.3 Mobile/15E148 Safari/604.1"
36.133.115.36 - - [27/Nov/2025:05:22:01 +0800] "POST /wp-cron.php?doing_wp_cron=1764192120.9806699752807617187500 HTTP/1.1" 200 31 "-" "WordPress/6.8.3; http://cqqizhou.com"
170.106.84.136 - - [27/Nov/2025:05:22:01 +0800] "GET / HTTP/1.1" 200 33525 "-" "Mozilla/5.0 (iPhone; CPU iPhone OS 13_2_3 like Mac OS X) AppleWebKit/605.1.15 (KHTML, like Gecko) Version/13.0.3 Mobile/15E148 Safari/604.1"
162.62.132.25 - - [27/Nov/2025:05:29:57 +0800] "GET /wp-content/plugins/revslider/ HTTP/1.1" 200 31 "-" "Mozilla/5.0 (iPhone; CPU iPhone OS 13_2_3 like Mac OS X) AppleWebKit/605.1.15 (KHTML, like Gecko) Version/13.0.3 Mobile/15E148 Safari/604.1"
170.106.193.108 - - [27/Nov/2025:05:40:37 +0800] "GET /wp-content/uploads/2025/07/1750649183-qizhou1920x1080_2.webp HTTP/1.1" 200 267936 "-" "Mozilla/5.0 (iPhone; CPU iPhone OS 13_2_3 like Mac OS X) AppleWebKit/605.1.15 (KHTML, like Gecko) Version/13.0.3 Mobile/15E148 Safari/604.1"
45.89.70.31 - - [27/Nov/2025:05:44:12 +0800] "GET / HTTP/1.0" 200 153855 "http://cqqizhou.com/" "Mozilla/5.0 (Windows NT 10.0; Win64; x64) AppleWebKit/537.36 (KHTML, like Gecko) Chrome/131.0.0.0 Safari/537.36"
45.89.70.31 - - [27/Nov/2025:05:44:13 +0800] "GET /contacts/ HTTP/1.0" 200 76629 "http://cqqizhou.com/contacts/" "Mozilla/5.0 (Windows NT 10.0; Win64; x64) AppleWebKit/537.36 (KHTML, like Gecko) Chrome/131.0.0.0 Safari/537.36"
36.133.115.36 - - [27/Nov/2025:05:44:15 +0800] "POST /wp-cron.php?doing_wp_cron=1764193455.6861159801483154296875 HTTP/1.1" 200 31 "-" "WordPress/6.8.3; http://cqqizhou.com"
45.89.70.31 - - [27/Nov/2025:05:44:16 +0800] "POST /contacts/ HTTP/1.0" 200 69172 "http://cqqizhou.com/contacts/" "Mozilla/5.0 (Windows NT 10.0; Win64; x64) AppleWebKit/537.36 (KHTML, like Gecko) Chrome/131.0.0.0 Safari/537.36"
36.133.115.36 - - [27/Nov/2025:05:48:55 +0800] "POST /wp-cron.php?doing_wp_cron=1764193735.2988150119781494140625 HTTP/1.1" 200 31 "-" "WordPress/6.8.3; http://cqqizhou.com"
204.76.203.212 - - [27/Nov/2025:05:48:55 +0800] "GET / HTTP/1.1" 200 33526 "-" "Mozilla/5.0 (Windows NT 10.0; Win64; x64) AppleWebKit/537.36 (KHTML, like Gecko) Chrome/90.0.4430.85 Safari/537.36 Edg/90.0.818.46"
43.135.144.126 - - [27/Nov/2025:05:49:57 +0800] "GET /wp-content/uploads/2025/07/1750649197-qizhou1920x1080_6.webp HTTP/1.1" 200 150354 "-" "Mozilla/5.0 (iPhone; CPU iPhone OS 13_2_3 like Mac OS X) AppleWebKit/605.1.15 (KHTML, like Gecko) Version/13.0.3 Mobile/15E148 Safari/604.1"
36.133.115.36 - - [27/Nov/2025:05:59:14 +0800] "POST /wp-cron.php?doing_wp_cron=1764194354.5259768962860107421875 HTTP/1.1" 200 31 "-" "WordPress/6.8.3; http://cqqizhou.com"
223.15.245.170 - - [27/Nov/2025:05:59:14 +0800] "GET / HTTP/1.1" 200 33526 "-" "Mozilla/5.0 (iPhone; CPU iPhone OS 13_2_3 like Mac OS X) AppleWebKit/605.1.15 (KHTML, like Gecko) Version/13.0.3 Mobile/15E148 Safari/604.1"
43.130.139.136 - - [27/Nov/2025:05:59:51 +0800] "GET /wp-content/uploads/2025/07/1750649215-qizhou1920x1080_11.webp HTTP/1.1" 200 171642 "-" "Mozilla/5.0 (iPhone; CPU iPhone OS 13_2_3 like Mac OS X) AppleWebKit/605.1.15 (KHTML, like Gecko) Version/13.0.3 Mobile/15E148 Safari/604.1"
36.133.115.36 - - [27/Nov/2025:06:00:01 +0800] "POST /wp-cron.php?doing_wp_cron=1764194401.4747459888458251953125 HTTP/1.1" 200 31 "-" "WordPress/6.8.3; http://cqqizhou.com"
5.187.35.21 - - [27/Nov/2025:06:00:02 +0800] "GET / HTTP/1.1" 200 152189 "-" "-"
36.133.115.36 - - [27/Nov/2025:06:20:05 +0800] "POST /wp-cron.php?doing_wp_cron=1764195605.2445681095123291015625 HTTP/1.1" 200 31 "-" "WordPress/6.8.3; http://cqqizhou.com"
43.130.3.120 - - [27/Nov/2025:06:20:05 +0800] "GET /wp-content/uploads/2025/07/1753410289-News2000 HTTP/1.1" 404 8984 "-" "Mozilla/5.0 (iPhone; CPU iPhone OS 13_2_3 like Mac OS X) AppleWebKit/605.1.15 (KHTML, like Gecko) Version/13.0.3 Mobile/15E148 Safari/604.1"
36.133.115.36 - - [27/Nov/2025:06:26:53 +0800] "POST /wp-cron.php?doing_wp_cron=1764196013.4954259395599365234375 HTTP/1.1" 200 31 "-" "WordPress/6.8.3; http://cqqizhou.com"
79.124.40.174 - - [27/Nov/2025:06:26:53 +0800] "POST /Autodiscover/Autodiscover.xml HTTP/1.1" 404 8983 "-" "Mozilla/5.0 (Windows NT 10.0; Win64; x64) AppleWebKit/537.36 (KHTML, like Gecko) Chrome/78.0.3904.108 Safari/537.36"
36.133.115.36 - - [27/Nov/2025:06:30:17 +0800] "POST /wp-cron.php?doing_wp_cron=1764196217.9274730682373046875000 HTTP/1.1" 200 31 "-" "WordPress/6.8.3; http://cqqizhou.com"
211.21.61.244 - - [27/Nov/2025:06:30:17 +0800] "POST /xmlrpc.php HTTP/1.1" 200 217 "-" "Mozilla/5.0 (Windows NT 10.0; Win64; x64; rv:88.0) Gecko/20100101 Firefox/88.0"
36.133.115.36 - - [27/Nov/2025:06:32:17 +0800] "POST /wp-cron.php?doing_wp_cron=1764196337.2725100517272949218750 HTTP/1.1" 200 31 "-" "WordPress/6.8.3; http://cqqizhou.com"
4.235.105.13 - - [27/Nov/2025:06:32:17 +0800] "GET /.well-known/ HTTP/1.1" 404 31381 "https://www.google.co.uk/" "Mozilla/5.0 (Linux; Android 12; 2201116SG) AppleWebKit/537.36 (KHTML, like Gecko) Chrome/116.0.0.0 Mobile Safari/537.36"
4.235.105.13 - - [27/Nov/2025:06:32:19 +0800] "GET /.well-known/acme-challenge/ HTTP/1.1" 404 31381 "https://www.yahoo.com/" "Mozilla/5.0 (Linux; Android 12; SM-A525F) AppleWebKit/537.36 (KHTML, like Gecko) Chrome/117.0.0.0 Mobile Safari/537.36"
4.235.105.13 - - [27/Nov/2025:06:32:19 +0800] "GET /.well-known/acme-challenge/xa.php HTTP/1.1" 404 27 "https://www.google.co.uk/" "Mozilla/5.0 (Linux; Android 10; K) AppleWebKit/537.36 (KHTML, like Gecko) Chrome/117.0.0.0 Mobile Safari/537.36"
4.235.105.13 - - [27/Nov/2025:06:32:20 +0800] "GET /.well-known/index.php HTTP/1.1" 404 27 "https://www.yahoo.com/" "Mozilla/5.0 (iPhone; CPU iPhone OS 16_0 like Mac OS X) AppleWebKit/605.1.15 (KHTML, like Gecko) FxiOS/118.0 Mobile/15E148 Safari/605.1.15"
4.235.105.13 - - [27/Nov/2025:06:32:21 +0800] "GET /1.php HTTP/1.1" 404 27 "https://www.google.co.uk/" "Mozilla/5.0 (iPhone; CPU iPhone OS 16_0 like Mac OS X) AppleWebKit/605.1.15 (KHTML, like Gecko) FxiOS/118.0 Mobile/15E148 Safari/605.1.15"
4.235.105.13 - - [27/Nov/2025:06:32:21 +0800] "GET /403.php HTTP/1.1" 404 27 "https://www.google.fr/" "Mozilla/5.0 (Linux; Android 12; 2201116SG) AppleWebKit/537.36 (KHTML, like Gecko) Chrome/116.0.0.0 Mobile Safari/537.36"
4.235.105.13 - - [27/Nov/2025:06:32:21 +0800] "GET /aa.php HTTP/1.1" 404 27 "https://duckduckgo.com/" "Mozilla/5.0 (iPhone; CPU iPhone OS 16_6_1 like Mac OS X) AppleWebKit/605.1.15 (KHTML, like Gecko) Version/16.6 Mobile/15E148 Safari/604.1"
4.235.105.13 - - [27/Nov/2025:06:32:22 +0800] "GET /abcd.php HTTP/1.1" 404 27 "https://www.google.com/" "Mozilla/5.0 (Linux; Android 12; 2201116SG) AppleWebKit/537.36 (KHTML, like Gecko) Chrome/116.0.0.0 Mobile Safari/537.36"
4.235.105.13 - - [27/Nov/2025:06:32:22 +0800] "GET /about.php HTTP/1.1" 404 27 "https://www.google.de/" "Mozilla/5.0 (iPad; CPU OS 16_7_2 like Mac OS X) AppleWebKit/605.1.15 (KHTML, like Gecko) Version/16.6 Mobile/15E148 Safari/604.1"
4.235.105.13 - - [27/Nov/2025:06:32:22 +0800] "GET /admin.php HTTP/1.1" 404 27 "https://www.google.de/" "Mozilla/5.0 (Linux; Android 13; SM-G991U) AppleWebKit/537.36 (KHTML, like Gecko) Chrome/117.0.0.0 Mobile Safari/537.36"
4.235.105.13 - - [27/Nov/2025:06:32:23 +0800] "GET /admin/controller/extension/extension/ HTTP/1.1" 404 31381 "https://www.google.fr/" "Mozilla/5.0 (Linux; Android 12; SM-A525F) AppleWebKit/537.36 (KHTML, like Gecko) Chrome/117.0.0.0 Mobile Safari/537.36"
4.235.105.13 - - [27/Nov/2025:06:32:24 +0800] "GET /admin/function.php HTTP/1.1" 404 27 "https://www.bing.com/" "Mozilla/5.0 (iPhone; CPU iPhone OS 17_0_3 like Mac OS X) AppleWebKit/605.1.15 (KHTML, like Gecko) Version/17.0.1 Mobile/15E148 Safari/604.1"
4.235.105.13 - - [27/Nov/2025:06:32:24 +0800] "GET /akcc.php HTTP/1.1" 404 27 "https://www.google.com/" "Mozilla/5.0 (Linux; Android 12; SM-A525F) AppleWebKit/537.36 (KHTML, like Gecko) Chrome/117.0.0.0 Mobile Safari/537.36"
4.235.105.13 - - [27/Nov/2025:06:32:24 +0800] "GET /alfa.php HTTP/1.1" 404 27 "https://www.yahoo.com/" "Mozilla/5.0 (Linux; Android 12; V2134) AppleWebKit/537.36 (KHTML, like Gecko) Chrome/116.0.0.0 Mobile Safari/537.36"
4.235.105.13 - - [27/Nov/2025:06:32:24 +0800] "GET /api.php HTTP/1.1" 404 27 "https://www.bing.com/" "Mozilla/5.0 (Linux; Android 10; K) AppleWebKit/537.36 (KHTML, like Gecko) Chrome/117.0.0.0 Mobile Safari/537.36"
4.235.105.13 - - [27/Nov/2025:06:32:25 +0800] "GET /as.php HTTP/1.1" 404 27 "https://www.google.com/" "Mozilla/5.0 (Linux; Android 10; LM-Q720) AppleWebKit/537.36 (KHTML, like Gecko) Chrome/116.0.0.0 Mobile Safari/537.36"
4.235.105.13 - - [27/Nov/2025:06:32:26 +0800] "GET /asasx.php HTTP/1.1" 404 27 "https://www.google.co.uk/" "Mozilla/5.0 (Linux; Android 11; 21081111RG) AppleWebKit/537.36 (KHTML, like Gecko) Chrome/116.0.0.0 Mobile Safari/537.36"
4.235.105.13 - - [27/Nov/2025:06:32:26 +0800] "GET /asd.php HTTP/1.1" 404 27 "https://www.bing.com/" "Mozilla/5.0 (iPad; CPU OS 17_0_3 like Mac OS X) AppleWebKit/605.1.15 (KHTML, like Gecko) Version/17.0.1 Mobile/15E148 Safari/604.1"
4.235.105.13 - - [27/Nov/2025:06:32:28 +0800] "GET /assets/ HTTP/1.1" 404 31381 "https://duckduckgo.com/" "Mozilla/5.0 (Linux; Android 14; Pixel 8 Pro) AppleWebKit/537.36 (KHTML, like Gecko) Chrome/119.0.0.0 Mobile Safari/537.36"
4.235.105.13 - - [27/Nov/2025:06:32:29 +0800] "GET /assets/images/ HTTP/1.1" 404 31381 "https://www.google.com/" "Mozilla/5.0 (Linux; Android 11; CPH2251) AppleWebKit/537.36 (KHTML, like Gecko) Chrome/116.0.0.0 Mobile Safari/537.36"
4.235.105.13 - - [27/Nov/2025:06:32:29 +0800] "GET /autoload_classmap/function.php HTTP/1.1" 404 27 "https://www.google.de/" "Mozilla/5.0 (Linux; Android 13; SM-S908E) AppleWebKit/537.36 (KHTML, like Gecko) Chrome/116.0.0.0 Mobile Safari/537.36"
4.235.105.13 - - [27/Nov/2025:06:32:30 +0800] "GET /bolt.php HTTP/1.1" 404 27 "https://www.google.de/" "Mozilla/5.0 (Linux; Android 14; Pixel 8 Pro) AppleWebKit/537.36 (KHTML, like Gecko) Chrome/119.0.0.0 Mobile Safari/537.36"
4.235.105.13 - - [27/Nov/2025:06:32:31 +0800] "GET /cgi-bin/ HTTP/1.1" 404 31381 "https://www.yahoo.com/" "Mozilla/5.0 (Linux; Android 13; SM-S908E) AppleWebKit/537.36 (KHTML, like Gecko) Chrome/116.0.0.0 Mobile Safari/537.36"
4.235.105.13 - - [27/Nov/2025:06:32:31 +0800] "GET /chosen.php HTTP/1.1" 404 27 "https://www.google.fr/" "Mozilla/5.0 (Linux; Android 13; M2101K6G) AppleWebKit/537.36 (KHTML, like Gecko) Chrome/116.0.0.0 Mobile Safari/537.36"
4.235.105.13 - - [27/Nov/2025:06:32:32 +0800] "GET /classwithtostring.php HTTP/1.1" 404 27 "https://www.google.com/" "Mozilla/5.0 (iPhone; CPU iPhone OS 15_7_9 like Mac OS X) AppleWebKit/605.1.15 (KHTML, like Gecko) Version/15.6.5 Mobile/15E148 Safari/604.1"
4.235.105.13 - - [27/Nov/2025:06:32:32 +0800] "GET /dex.php HTTP/1.1" 404 27 "https://www.google.co.uk/" "Mozilla/5.0 (Linux; Android 11; CPH2251) AppleWebKit/537.36 (KHTML, like Gecko) Chrome/116.0.0.0 Mobile Safari/537.36"
4.235.105.13 - - [27/Nov/2025:06:32:32 +0800] "GET /doc.php HTTP/1.1" 404 27 "https://www.google.co.uk/" "Mozilla/5.0 (Linux; Android 12; 2201116SG) AppleWebKit/537.36 (KHTML, like Gecko) Chrome/116.0.0.0 Mobile Safari/537.36"
4.235.105.13 - - [27/Nov/2025:06:32:33 +0800] "GET /ds.php HTTP/1.1" 404 27 "https://duckduckgo.com/" "Mozilla/5.0 (Linux; Android 13; SM-S908E) AppleWebKit/537.36 (KHTML, like Gecko) Chrome/116.0.0.0 Mobile Safari/537.36"
4.235.105.13 - - [27/Nov/2025:06:32:34 +0800] "GET /edit.php HTTP/1.1" 404 27 "https://www.google.com/" "Mozilla/5.0 (Linux; Android 11; 21081111RG) AppleWebKit/537.36 (KHTML, like Gecko) Chrome/116.0.0.0 Mobile Safari/537.36"
4.235.105.13 - - [27/Nov/2025:06:32:34 +0800] "GET /file.php HTTP/1.1" 404 27 "https://www.google.de/" "Mozilla/5.0 (Linux; Android 10; LM-Q720) AppleWebKit/537.36 (KHTML, like Gecko) Chrome/116.0.0.0 Mobile Safari/537.36"
4.235.105.13 - - [27/Nov/2025:06:32:35 +0800] "GET /files/ HTTP/1.1" 404 31381 "https://www.google.de/" "Mozilla/5.0 (Linux; Android 12; V2134) AppleWebKit/537.36 (KHTML, like Gecko) Chrome/116.0.0.0 Mobile Safari/537.36"
4.235.105.13 - - [27/Nov/2025:06:32:35 +0800] "GET /files/index.php HTTP/1.1" 404 27 "https://www.google.com/" "Mozilla/5.0 (iPhone; CPU iPhone OS 16_6_1 like Mac OS X) AppleWebKit/605.1.15 (KHTML, like Gecko) Version/16.6 Mobile/15E148 Safari/604.1"
4.235.105.13 - - [27/Nov/2025:06:32:35 +0800] "GET /function.php HTTP/1.1" 404 27 "https://www.bing.com/" "Mozilla/5.0 (iPad; CPU OS 16_7_2 like Mac OS X) AppleWebKit/605.1.15 (KHTML, like Gecko) Version/16.6 Mobile/15E148 Safari/604.1"
4.235.105.13 - - [27/Nov/2025:06:32:36 +0800] "GET /gelay.php HTTP/1.1" 404 27 "https://www.bing.com/" "Mozilla/5.0 (iPhone; CPU iPhone OS 17_1 like Mac OS X) AppleWebKit/605.1.15 (KHTML, like Gecko) CriOS/119.0.6045.109 Mobile/15E148 Safari/604.1"
4.235.105.13 - - [27/Nov/2025:06:32:36 +0800] "GET /gfile.php HTTP/1.1" 404 27 "https://www.google.fr/" "Mozilla/5.0 (iPhone; CPU iPhone OS 16_0 like Mac OS X) AppleWebKit/605.1.15 (KHTML, like Gecko) FxiOS/118.0 Mobile/15E148 Safari/605.1.15"
4.235.105.13 - - [27/Nov/2025:06:32:36 +0800] "GET /gg.php HTTP/1.1" 404 27 "https://www.google.co.uk/" "Mozilla/5.0 (iPhone; CPU iPhone OS 16_0 like Mac OS X) AppleWebKit/605.1.15 (KHTML, like Gecko) FxiOS/118.0 Mobile/15E148 Safari/605.1.15"
4.235.105.13 - - [27/Nov/2025:06:32:37 +0800] "GET /goods.php HTTP/1.1" 404 27 "https://www.google.de/" "Mozilla/5.0 (Linux; Android 14; Pixel 8 Pro) AppleWebKit/537.36 (KHTML, like Gecko) Chrome/119.0.0.0 Mobile Safari/537.36"
4.235.105.13 - - [27/Nov/2025:06:32:37 +0800] "GET /i.php HTTP/1.1" 404 27 "https://www.bing.com/" "Mozilla/5.0 (Linux; Android 10; LM-Q720) AppleWebKit/537.36 (KHTML, like Gecko) Chrome/116.0.0.0 Mobile Safari/537.36"
4.235.105.13 - - [27/Nov/2025:06:32:38 +0800] "GET /images/images/about.php HTTP/1.1" 404 27 "https://www.google.com/" "Mozilla/5.0 (Linux; Android 13; SM-S908E) AppleWebKit/537.36 (KHTML, like Gecko) Chrome/116.0.0.0 Mobile Safari/537.36"
4.235.105.13 - - [27/Nov/2025:06:32:38 +0800] "GET /images/index.php HTTP/1.1" 404 27 "https://www.google.com/" "Mozilla/5.0 (Linux; Android 14; Pixel 8 Pro) AppleWebKit/537.36 (KHTML, like Gecko) Chrome/119.0.0.0 Mobile Safari/537.36"
4.235.105.13 - - [27/Nov/2025:06:32:39 +0800] "GET /inc.php HTTP/1.1" 404 27 "https://www.yahoo.com/" "Mozilla/5.0 (Linux; Android 12; SM-A525F) AppleWebKit/537.36 (KHTML, like Gecko) Chrome/117.0.0.0 Mobile Safari/537.36"
4.235.105.13 - - [27/Nov/2025:06:32:39 +0800] "GET /index.bak.php HTTP/1.1" 404 27 "https://www.google.co.uk/" "Mozilla/5.0 (Linux; Android 12; V2134) AppleWebKit/537.36 (KHTML, like Gecko) Chrome/116.0.0.0 Mobile Safari/537.36"
4.235.105.13 - - [27/Nov/2025:06:32:39 +0800] "GET /index/function.php HTTP/1.1" 404 27 "https://www.bing.com/" "Mozilla/5.g (Linux; Android 13; Pixel 7) AppleWebKit/537.36 (KHTML, like Gecko) Chrome/116.0.0.0 Mobile Safari/537.36"
4.235.105.13 - - [27/Nov/2025:06:32:39 +0800] "GET /info.php HTTP/1.1" 200 29 "https://www.yahoo.com/" "Mozilla/5.0 (Linux; Android 12; 2201116SG) AppleWebKit/537.36 (KHTML, like Gecko) Chrome/116.0.0.0 Mobile Safari/537.36"
4.235.105.13 - - [27/Nov/2025:06:32:40 +0800] "GET /ini.php HTTP/1.1" 404 27 "https://www.google.de/" "Mozilla/5.0 (iPhone; CPU iPhone OS 16_0 like Mac OS X) AppleWebKit/605.1.15 (KHTML, like Gecko) FxiOS/118.0 Mobile/15E148 Safari/605.1.15"
4.235.105.13 - - [27/Nov/2025:06:32:40 +0800] "GET /inputs.php HTTP/1.1" 404 27 "https://www.yahoo.com/" "Mozilla/5.0 (Linux; Android 10; LM-Q720) AppleWebKit/537.36 (KHTML, like Gecko) Chrome/116.0.0.0 Mobile Safari/537.36"
4.235.105.13 - - [27/Nov/2025:06:32:40 +0800] "GET /ioxi-o.php HTTP/1.1" 404 27 "https://duckduckgo.com/" "Mozilla/5.0 (iPad; CPU OS 16_7_2 like Mac OS X) AppleWebKit/605.1.15 (KHTML, like Gecko) Version/16.6 Mobile/15E148 Safari/604.1"
4.235.105.13 - - [27/Nov/2025:06:32:41 +0800] "GET /item.php HTTP/1.1" 404 27 "https://www.google.de/" "Mozilla/5.0 (Linux; Android 13; SM-S908E) AppleWebKit/537.36 (KHTML, like Gecko) Chrome/116.0.0.0 Mobile Safari/537.36"
4.235.105.13 - - [27/Nov/2025:06:32:41 +0800] "GET /manager.php HTTP/1.1" 404 27 "https://www.google.co.uk/" "Mozilla/5.0 (Linux; Android 10; LM-Q720) AppleWebKit/537.36 (KHTML, like Gecko) Chrome/116.0.0.0 Mobile Safari/537.36"
4.235.105.13 - - [27/Nov/2025:06:32:42 +0800] "GET /modules/ HTTP/1.1" 404 31381 "https://duckduckgo.com/" "Mozilla/5.g (Linux; Android 13; Pixel 7) AppleWebKit/537.36 (KHTML, like Gecko) Chrome/116.0.0.0 Mobile Safari/537.36"
4.235.105.13 - - [27/Nov/2025:06:32:43 +0800] "GET /moon.php HTTP/1.1" 404 27 "https://www.google.com/" "Mozilla/5.0 (iPhone; CPU iPhone OS 15_7_9 like Mac OS X) AppleWebKit/605.1.15 (KHTML, like Gecko) Version/15.6.5 Mobile/15E148 Safari/604.1"
4.235.105.13 - - [27/Nov/2025:06:32:43 +0800] "GET /new.php HTTP/1.1" 404 27 "https://www.google.de/" "Mozilla/5.0 (Linux; Android 14; Pixel 8 Pro) AppleWebKit/537.36 (KHTML, like Gecko) Chrome/119.0.0.0 Mobile Safari/537.36"
4.235.105.13 - - [27/Nov/2025:06:32:44 +0800] "GET /past.php HTTP/1.1" 404 27 "https://www.yahoo.com/" "Mozilla/5.0 (iPad; CPU OS 17_0_3 like Mac OS X) AppleWebKit/605.1.15 (KHTML, like Gecko) Version/17.0.1 Mobile/15E148 Safari/604.1"
4.235.105.13 - - [27/Nov/2025:06:32:45 +0800] "GET /php/ HTTP/1.1" 404 31381 "https://www.google.co.uk/" "Mozilla/5.0 (iPhone; CPU iPhone OS 16_0 like Mac OS X) AppleWebKit/605.1.15 (KHTML, like Gecko) FxiOS/118.0 Mobile/15E148 Safari/605.1.15"
4.235.105.13 - - [27/Nov/2025:06:32:45 +0800] "GET /radio.php HTTP/1.1" 404 27 "https://www.bing.com/" "Mozilla/5.0 (iPhone; CPU iPhone OS 16_6_1 like Mac OS X) AppleWebKit/605.1.15 (KHTML, like Gecko) Version/16.6 Mobile/15E148 Safari/604.1"
4.235.105.13 - - [27/Nov/2025:06:32:45 +0800] "GET /robots.php HTTP/1.1" 404 27 "https://www.google.com/" "Mozilla/5.0 (iPhone; CPU iPhone OS 16_6_1 like Mac OS X) AppleWebKit/605.1.15 (KHTML, like Gecko) Version/16.6 Mobile/15E148 Safari/604.1"
4.235.105.13 - - [27/Nov/2025:06:32:46 +0800] "GET /shop.php HTTP/1.1" 404 27 "https://www.google.fr/" "Mozilla/5.0 (Linux; Android 13; SM-G991U) AppleWebKit/537.36 (KHTML, like Gecko) Chrome/117.0.0.0 Mobile Safari/537.36"
4.235.105.13 - - [27/Nov/2025:06:32:46 +0800] "GET /themes.php HTTP/1.1" 404 27 "https://www.bing.com/" "Mozilla/5.0 (iPad; CPU OS 17_0_3 like Mac OS X) AppleWebKit/605.1.15 (KHTML, like Gecko) Version/17.0.1 Mobile/15E148 Safari/604.1"
4.235.105.13 - - [27/Nov/2025:06:32:46 +0800] "GET /tinyfilemanager.php HTTP/1.1" 404 27 "https://www.google.fr/" "Mozilla/5.0 (iPhone; CPU iPhone OS 16_6_1 like Mac OS X) AppleWebKit/605.1.15 (KHTML, like Gecko) Version/16.6 Mobile/15E148 Safari/604.1"
36.133.115.36 - - [27/Nov/2025:06:32:47 +0800] "POST /wp-cron.php?doing_wp_cron=1764196367.5499970912933349609375 HTTP/1.1" 200 31 "-" "WordPress/6.8.3; http://cqqizhou.com"
4.235.105.13 - - [27/Nov/2025:06:32:47 +0800] "GET /upload/ HTTP/1.1" 404 31381 "https://www.google.co.uk/" "Mozilla/5.0 (Linux; Android 13; M2101K6G) AppleWebKit/537.36 (KHTML, like Gecko) Chrome/116.0.0.0 Mobile Safari/537.36"
4.235.105.13 - - [27/Nov/2025:06:32:48 +0800] "GET /vendor/ HTTP/1.1" 404 31381 "https://www.google.com/" "Mozilla/5.0 (Linux; Android 13; M2101K6G) AppleWebKit/537.36 (KHTML, like Gecko) Chrome/116.0.0.0 Mobile Safari/537.36"
4.235.105.13 - - [27/Nov/2025:06:32:49 +0800] "GET /wp-admin.php HTTP/1.1" 404 27 "https://www.google.com/" "Mozilla/5.0 (Linux; Android 12; SM-A525F) AppleWebKit/537.36 (KHTML, like Gecko) Chrome/117.0.0.0 Mobile Safari/537.36"
4.235.105.13 - - [27/Nov/2025:06:32:50 +0800] "GET /wp-admin/ HTTP/1.1" 302 5 "https://duckduckgo.com/" "Mozilla/5.0 (Linux; Android 12; V2134) AppleWebKit/537.36 (KHTML, like Gecko) Chrome/116.0.0.0 Mobile Safari/537.36"
4.235.105.13 - - [27/Nov/2025:06:32:51 +0800] "GET /wp-login.php?redirect_to=http%3A%2F%2Fcqqizhou.com%2Fwp-admin%2F&reauth=1 HTTP/1.1" 200 8672 "https://duckduckgo.com/" "Mozilla/5.0 (Linux; Android 12; V2134) AppleWebKit/537.36 (KHTML, like Gecko) Chrome/116.0.0.0 Mobile Safari/537.36"
4.235.105.13 - - [27/Nov/2025:06:32:51 +0800] "GET /wp-admin/classwithtostring.php HTTP/1.1" 404 27 "https://www.google.com/" "Mozilla/5.0 (Linux; Android 10; K) AppleWebKit/537.36 (KHTML, like Gecko) Chrome/117.0.0.0 Mobile Safari/537.36"
4.235.105.13 - - [27/Nov/2025:06:32:51 +0800] "GET /wp-admin/css/ HTTP/1.1" 403 548 "https://www.google.co.uk/" "Mozilla/5.0 (Linux; Android 10; LM-Q720) AppleWebKit/537.36 (KHTML, like Gecko) Chrome/116.0.0.0 Mobile Safari/537.36"
4.235.105.13 - - [27/Nov/2025:06:32:51 +0800] "GET /wp-admin/css/colors/ HTTP/1.1" 403 548 "https://www.bing.com/" "Mozilla/5.0 (Linux; Android 10; K) AppleWebKit/537.36 (KHTML, like Gecko) Chrome/117.0.0.0 Mobile Safari/537.36"
4.235.105.13 - - [27/Nov/2025:06:32:52 +0800] "GET /wp-admin/css/colors/ectoplasm/ HTTP/1.1" 403 146 "https://www.google.com/" "Mozilla/5.0 (iPhone; CPU iPhone OS 17_0_3 like Mac OS X) AppleWebKit/605.1.15 (KHTML, like Gecko) Version/17.0.1 Mobile/15E148 Safari/604.1"
4.235.105.13 - - [27/Nov/2025:06:32:52 +0800] "GET /wp-admin/css/colors/light/function.php HTTP/1.1" 404 27 "https://www.google.com/" "Mozilla/5.0 (iPhone; CPU iPhone OS 17_0_3 like Mac OS X) AppleWebKit/605.1.15 (KHTML, like Gecko) Version/17.0.1 Mobile/15E148 Safari/604.1"
4.235.105.13 - - [27/Nov/2025:06:32:52 +0800] "GET /wp-admin/css/colors/midnight/ HTTP/1.1" 403 146 "https://www.yahoo.com/" "Mozilla/5.0 (iPad; CPU OS 17_0_3 like Mac OS X) AppleWebKit/605.1.15 (KHTML, like Gecko) Version/17.0.1 Mobile/15E148 Safari/604.1"
4.235.105.13 - - [27/Nov/2025:06:32:53 +0800] "GET /wp-admin/images/ HTTP/1.1" 403 146 "https://www.google.co.uk/" "Mozilla/5.0 (iPad; CPU OS 16_7_2 like Mac OS X) AppleWebKit/605.1.15 (KHTML, like Gecko) Version/16.6 Mobile/15E148 Safari/604.1"
4.235.105.13 - - [27/Nov/2025:06:32:53 +0800] "GET /wp-admin/includes/ HTTP/1.1" 403 548 "https://www.google.co.uk/" "Mozilla/5.0 (Linux; Android 14; Pixel 8 Pro) AppleWebKit/537.36 (KHTML, like Gecko) Chrome/119.0.0.0 Mobile Safari/537.36"
4.235.105.13 - - [27/Nov/2025:06:32:53 +0800] "GET /wp-admin/includes/about.php HTTP/1.1" 404 27 "https://www.bing.com/" "Mozilla/5.0 (Linux; Android 12; V2134) AppleWebKit/537.36 (KHTML, like Gecko) Chrome/116.0.0.0 Mobile Safari/537.36"
4.235.105.13 - - [27/Nov/2025:06:32:54 +0800] "GET /wp-admin/includes/colour.php HTTP/1.1" 404 27 "https://www.google.de/" "Mozilla/5.0 (Linux; Android 10; LM-Q720) AppleWebKit/537.36 (KHTML, like Gecko) Chrome/116.0.0.0 Mobile Safari/537.36"
4.235.105.13 - - [27/Nov/2025:06:32:54 +0800] "GET /wp-admin/includes/index.php HTTP/1.1" 404 27 "https://www.bing.com/" "Mozilla/5.0 (iPad; CPU OS 16_7_2 like Mac OS X) AppleWebKit/605.1.15 (KHTML, like Gecko) Version/16.6 Mobile/15E148 Safari/604.1"
4.235.105.13 - - [27/Nov/2025:06:32:54 +0800] "GET /wp-admin/js/ HTTP/1.1" 403 146 "https://www.google.co.uk/" "Mozilla/5.0 (iPhone; CPU iPhone OS 16_0 like Mac OS X) AppleWebKit/605.1.15 (KHTML, like Gecko) FxiOS/118.0 Mobile/15E148 Safari/605.1.15"
4.235.105.13 - - [27/Nov/2025:06:32:55 +0800] "GET /wp-admin/js/widgets/ HTTP/1.1" 403 146 "https://www.google.de/" "Mozilla/5.0 (iPhone; CPU iPhone OS 17_1_1 like Mac OS X) AppleWebKit/605.1.15 (KHTML, like Gecko) Version/17.1 Mobile/15E148 Safari/604.1"
4.235.105.13 - - [27/Nov/2025:06:32:55 +0800] "GET /wp-admin/js/widgets/index.php HTTP/1.1" 404 27 "https://duckduckgo.com/" "Mozilla/5.0 (Linux; Android 10; K) AppleWebKit/537.36 (KHTML, like Gecko) Chrome/117.0.0.0 Mobile Safari/537.36"
4.235.105.13 - - [27/Nov/2025:06:32:55 +0800] "GET /wp-admin/mah.php HTTP/1.1" 404 27 "https://www.google.de/" "Mozilla/5.0 (Linux; Android 13; SM-G991U) AppleWebKit/537.36 (KHTML, like Gecko) Chrome/117.0.0.0 Mobile Safari/537.36"
4.235.105.13 - - [27/Nov/2025:06:32:55 +0800] "GET /wp-admin/maint/ HTTP/1.1" 403 548 "https://www.bing.com/" "Mozilla/5.0 (Linux; Android 10; LM-Q720) AppleWebKit/537.36 (KHTML, like Gecko) Chrome/116.0.0.0 Mobile Safari/537.36"
4.235.105.13 - - [27/Nov/2025:06:32:56 +0800] "GET /wp-admin/meta/ HTTP/1.1" 404 31381 "https://duckduckgo.com/" "Mozilla/5.g (Linux; Android 13; Pixel 7) AppleWebKit/537.36 (KHTML, like Gecko) Chrome/116.0.0.0 Mobile Safari/537.36"
4.235.105.13 - - [27/Nov/2025:06:32:58 +0800] "GET /wp-admin/network/ HTTP/1.1" 302 5 "https://www.google.co.uk/" "Mozilla/5.0 (Linux; Android 12; SM-A525F) AppleWebKit/537.36 (KHTML, like Gecko) Chrome/117.0.0.0 Mobile Safari/537.36"
4.235.105.13 - - [27/Nov/2025:06:32:58 +0800] "GET /wp-login.php?redirect_to=http%3A%2F%2Fcqqizhou.com%2Fwp-admin%2Fnetwork%2F&reauth=1 HTTP/1.1" 200 8680 "https://www.google.co.uk/" "Mozilla/5.0 (Linux; Android 12; SM-A525F) AppleWebKit/537.36 (KHTML, like Gecko) Chrome/117.0.0.0 Mobile Safari/537.36"
4.235.105.13 - - [27/Nov/2025:06:32:59 +0800] "GET /wp-admin/wp-admins.php HTTP/1.1" 404 27 "https://duckduckgo.com/" "Mozilla/5.0 (iPhone; CPU iPhone OS 16_6_1 like Mac OS X) AppleWebKit/605.1.15 (KHTML, like Gecko) Version/16.6 Mobile/15E148 Safari/604.1"
4.235.105.13 - - [27/Nov/2025:06:32:59 +0800] "GET /wp-blog-header.php HTTP/1.1" 404 5 "https://www.google.fr/" "Mozilla/5.0 (Linux; Android 10; K) AppleWebKit/537.36 (KHTML, like Gecko) Chrome/117.0.0.0 Mobile Safari/537.36"
4.235.105.13 - - [27/Nov/2025:06:33:00 +0800] "GET /wp-comments.php HTTP/1.1" 404 27 "https://www.google.de/" "Mozilla/5.0 (iPhone; CPU iPhone OS 17_1_1 like Mac OS X) AppleWebKit/605.1.15 (KHTML, like Gecko) Version/17.1 Mobile/15E148 Safari/604.1"
4.235.105.13 - - [27/Nov/2025:06:33:00 +0800] "GET /wp-conflg.php HTTP/1.1" 404 27 "https://www.google.de/" "Mozilla/5.0 (Linux; Android 11; CPH2251) AppleWebKit/537.36 (KHTML, like Gecko) Chrome/116.0.0.0 Mobile Safari/537.36"
4.235.105.13 - - [27/Nov/2025:06:33:00 +0800] "GET /wp-content/ HTTP/1.1" 200 5 "https://www.google.com/" "Mozilla/5.0 (Linux; Android 10; LM-Q720) AppleWebKit/537.36 (KHTML, like Gecko) Chrome/116.0.0.0 Mobile Safari/537.36"
4.235.105.13 - - [27/Nov/2025:06:33:01 +0800] "GET /wp-content/1.php HTTP/1.1" 404 27 "https://www.google.fr/" "Mozilla/5.0 (iPhone; CPU iPhone OS 17_0_3 like Mac OS X) AppleWebKit/605.1.15 (KHTML, like Gecko) Version/17.0.1 Mobile/15E148 Safari/604.1"
4.235.105.13 - - [27/Nov/2025:06:33:01 +0800] "GET /wp-content/Geforce.php HTTP/1.1" 404 27 "https://www.yahoo.com/" "Mozilla/5.0 (Linux; Android 12; V2134) AppleWebKit/537.36 (KHTML, like Gecko) Chrome/116.0.0.0 Mobile Safari/537.36"
4.235.105.13 - - [27/Nov/2025:06:33:01 +0800] "GET /wp-content/admin.php HTTP/1.1" 404 27 "https://www.google.de/" "Mozilla/5.0 (iPhone; CPU iPhone OS 16_6_1 like Mac OS X) AppleWebKit/605.1.15 (KHTML, like Gecko) Version/16.6 Mobile/15E148 Safari/604.1"
4.235.105.13 - - [27/Nov/2025:06:33:01 +0800] "GET /wp-content/autoload_classmap.php HTTP/1.1" 404 27 "https://www.google.de/" "Mozilla/5.0 (iPhone; CPU iPhone OS 17_0_3 like Mac OS X) AppleWebKit/605.1.15 (KHTML, like Gecko) Version/17.0.1 Mobile/15E148 Safari/604.1"
4.235.105.13 - - [27/Nov/2025:06:33:02 +0800] "GET /wp-content/index.php HTTP/1.1" 200 5 "https://www.google.co.uk/" "Mozilla/5.0 (iPhone; CPU iPhone OS 16_0 like Mac OS X) AppleWebKit/605.1.15 (KHTML, like Gecko) FxiOS/118.0 Mobile/15E148 Safari/605.1.15"
4.235.105.13 - - [27/Nov/2025:06:33:02 +0800] "GET /wp-content/plugins/ HTTP/1.1" 200 5 "https://www.google.com/" "Mozilla/5.0 (Linux; Android 12; V2134) AppleWebKit/537.36 (KHTML, like Gecko) Chrome/116.0.0.0 Mobile Safari/537.36"
4.235.105.13 - - [27/Nov/2025:06:33:03 +0800] "GET /wp-content/plugins/HelloDollyV2/ HTTP/1.1" 404 31381 "https://www.google.co.uk/" "Mozilla/5.0 (Linux; Android 13; M2101K6G) AppleWebKit/537.36 (KHTML, like Gecko) Chrome/116.0.0.0 Mobile Safari/537.36"
4.235.105.13 - - [27/Nov/2025:06:33:04 +0800] "GET /wp-content/plugins/admin.php HTTP/1.1" 404 27 "https://duckduckgo.com/" "Mozilla/5.0 (iPhone; CPU iPhone OS 16_6_1 like Mac OS X) AppleWebKit/605.1.15 (KHTML, like Gecko) Version/16.6 Mobile/15E148 Safari/604.1"
4.235.105.13 - - [27/Nov/2025:06:33:04 +0800] "GET /wp-content/plugins/dummyyummy/wp-signup.php HTTP/1.1" 404 27 "https://www.google.co.uk/" "Mozilla/5.0 (iPhone; CPU iPhone OS 17_1_1 like Mac OS X) AppleWebKit/605.1.15 (KHTML, like Gecko) Version/17.1 Mobile/15E148 Safari/604.1"
4.235.105.13 - - [27/Nov/2025:06:33:04 +0800] "GET /wp-content/plugins/pwnd/as.php HTTP/1.1" 404 27 "https://www.google.co.uk/" "Mozilla/5.0 (iPad; CPU OS 17_0_3 like Mac OS X) AppleWebKit/605.1.15 (KHTML, like Gecko) Version/17.0.1 Mobile/15E148 Safari/604.1"
4.235.105.13 - - [27/Nov/2025:06:33:04 +0800] "GET /wp-content/themes/ HTTP/1.1" 200 5 "https://www.google.com/" "Mozilla/5.0 (iPhone; CPU iPhone OS 17_1_1 like Mac OS X) AppleWebKit/605.1.15 (KHTML, like Gecko) Version/17.1 Mobile/15E148 Safari/604.1"
4.235.105.13 - - [27/Nov/2025:06:33:05 +0800] "GET /wp-content/themes/admin.php HTTP/1.1" 404 27 "https://www.google.co.uk/" "Mozilla/5.0 (iPhone; CPU iPhone OS 16_6_1 like Mac OS X) AppleWebKit/605.1.15 (KHTML, like Gecko) Version/16.6 Mobile/15E148 Safari/604.1"
4.235.105.13 - - [27/Nov/2025:06:33:07 +0800] "GET /wp-content/themes/index.php HTTP/1.1" 200 5 "https://www.yahoo.com/" "Mozilla/5.0 (iPhone; CPU iPhone OS 16_6_1 like Mac OS X) AppleWebKit/605.1.15 (KHTML, like Gecko) Version/16.6 Mobile/15E148 Safari/604.1"
4.235.105.13 - - [27/Nov/2025:06:33:07 +0800] "GET /wp-content/themes/themes.php HTTP/1.1" 404 27 "https://duckduckgo.com/" "Mozilla/5.0 (iPhone; CPU iPhone OS 16_0 like Mac OS X) AppleWebKit/605.1.15 (KHTML, like Gecko) FxiOS/118.0 Mobile/15E148 Safari/605.1.15"
4.235.105.13 - - [27/Nov/2025:06:33:07 +0800] "GET /wp-content/upgrade/ HTTP/1.1" 403 548 "https://duckduckgo.com/" "Mozilla/5.0 (Linux; Android 13; SM-G991U) AppleWebKit/537.36 (KHTML, like Gecko) Chrome/117.0.0.0 Mobile Safari/537.36"
4.235.105.13 - - [27/Nov/2025:06:33:08 +0800] "GET /wp-content/upgrade/index.php HTTP/1.1" 404 27 "https://www.google.co.uk/" "Mozilla/5.0 (iPhone; CPU iPhone OS 17_1 like Mac OS X) AppleWebKit/605.1.15 (KHTML, like Gecko) CriOS/119.0.6045.109 Mobile/15E148 Safari/604.1"
4.235.105.13 - - [27/Nov/2025:06:33:08 +0800] "GET /wp-content/uploads/ HTTP/1.1" 403 548 "https://www.google.fr/" "Mozilla/5.0 (Linux; Android 13; SM-S908E) AppleWebKit/537.36 (KHTML, like Gecko) Chrome/116.0.0.0 Mobile Safari/537.36"
4.235.105.13 - - [27/Nov/2025:06:33:08 +0800] "GET /wp-content/uploads/Geforce.php HTTP/1.1" 404 27 "https://www.yahoo.com/" "Mozilla/5.0 (Linux; Android 10; LM-Q720) AppleWebKit/537.36 (KHTML, like Gecko) Chrome/116.0.0.0 Mobile Safari/537.36"
4.235.105.13 - - [27/Nov/2025:06:33:09 +0800] "GET /wp-content/uploads/index.php HTTP/1.1" 404 27 "https://www.google.fr/" "Mozilla/5.0 (Linux; Android 12; 2201116SG) AppleWebKit/537.36 (KHTML, like Gecko) Chrome/116.0.0.0 Mobile Safari/537.36"
4.235.105.13 - - [27/Nov/2025:06:33:09 +0800] "GET /wp-good.php HTTP/1.1" 404 27 "https://www.google.co.uk/" "Mozilla/5.g (Linux; Android 13; Pixel 7) AppleWebKit/537.36 (KHTML, like Gecko) Chrome/116.0.0.0 Mobile Safari/537.36"
4.235.105.13 - - [27/Nov/2025:06:33:10 +0800] "GET /wp-includes/ HTTP/1.1" 403 548 "https://www.google.co.uk/" "Mozilla/5.0 (Linux; Android 14; Pixel 8 Pro) AppleWebKit/537.36 (KHTML, like Gecko) Chrome/119.0.0.0 Mobile Safari/537.36"
4.235.105.13 - - [27/Nov/2025:06:33:10 +0800] "GET /wp-includes/ID3/ HTTP/1.1" 403 146 "https://www.google.fr/" "Mozilla/5.0 (iPhone; CPU iPhone OS 16_0 like Mac OS X) AppleWebKit/605.1.15 (KHTML, like Gecko) FxiOS/118.0 Mobile/15E148 Safari/605.1.15"
4.235.105.13 - - [27/Nov/2025:06:33:10 +0800] "GET /wp-includes/ID3/index.php HTTP/1.1" 404 27 "https://www.google.de/" "Mozilla/5.0 (Linux; Android 12; 2201116SG) AppleWebKit/537.36 (KHTML, like Gecko) Chrome/116.0.0.0 Mobile Safari/537.36"
