205.169.39.18 - - [14/Oct/2025:11:36:25 +0800] "POST /wp-admin/admin-ajax.php HTTP/1.1" 403 33 "http://cqqizhou.com/" "Mozilla/5.0 (Windows NT 10.0; Win64; x64) AppleWebKit/537.36 (KHTML, like Gecko) Chrome/117.0.5938.132 Safari/537.36"
205.169.39.18 - - [14/Oct/2025:11:36:25 +0800] "GET /wp-content/uploads/revslider/slider-1/1750929639-yuanjing_Slider_3840%C3%972160_20250626171955-scaled.webp HTTP/1.1" 200 203290 "http://cqqizhou.com/" "Mozilla/5.0 (Windows NT 10.0; Win64; x64) AppleWebKit/537.36 (KHTML, like Gecko) Chrome/117.0.5938.132 Safari/537.36"
205.169.39.18 - - [14/Oct/2025:11:36:25 +0800] "GET /wp-content/uploads/2025/07/1753587901-Slider_3840%C3%972160_20250727-scaled-50x100.webp HTTP/1.1" 200 1660 "http://cqqizhou.com/" "Mozilla/5.0 (Windows NT 10.0; Win64; x64) AppleWebKit/537.36 (KHTML, like Gecko) Chrome/117.0.5938.132 Safari/537.36"
205.169.39.18 - - [14/Oct/2025:11:36:25 +0800] "GET /wp-content/uploads/revslider/slider-1/1750861156-logistics_Slider_3840%C3%972160_20250625191356-scaled-50x100.webp HTTP/1.1" 200 1416 "http://cqqizhou.com/" "Mozilla/5.0 (Windows NT 10.0; Win64; x64) AppleWebKit/537.36 (KHTML, like Gecko) Chrome/117.0.5938.132 Safari/537.36"
205.169.39.18 - - [14/Oct/2025:11:36:26 +0800] "GET /wp-content/uploads/revslider/slider-1/1750861156-logistics_Slider_3840%C3%972160_20250625191356-scaled-50x100.webp HTTP/1.1" 200 1416 "http://cqqizhou.com/" "Mozilla/5.0 (Windows NT 10.0; Win64; x64) AppleWebKit/537.36 (KHTML, like Gecko) Chrome/117.0.5938.132 Safari/537.36"
205.169.39.18 - - [14/Oct/2025:11:36:26 +0800] "GET /wp-content/uploads/2025/07/1753587901-Slider_3840%C3%972160_20250727-scaled-50x100.webp HTTP/1.1" 200 1660 "http://cqqizhou.com/" "Mozilla/5.0 (Windows NT 10.0; Win64; x64) AppleWebKit/537.36 (KHTML, like Gecko) Chrome/117.0.5938.132 Safari/537.36"
205.169.39.18 - - [14/Oct/2025:11:36:26 +0800] "GET /wp-json/sliderrevolution/sliders/1?srengine=7&slideid=3 HTTP/1.1" 200 2292 "http://cqqizhou.com/" "Mozilla/5.0 (Windows NT 10.0; Win64; x64) AppleWebKit/537.36 (KHTML, like Gecko) Chrome/117.0.5938.132 Safari/537.36"
205.169.39.18 - - [14/Oct/2025:11:36:26 +0800] "GET /wp-json/sliderrevolution/sliders/1?srengine=7&slideid=2 HTTP/1.1" 200 2058 "http://cqqizhou.com/" "Mozilla/5.0 (Windows NT 10.0; Win64; x64) AppleWebKit/537.36 (KHTML, like Gecko) Chrome/117.0.5938.132 Safari/537.36"
205.169.39.18 - - [14/Oct/2025:11:36:26 +0800] "GET /wp-content/uploads/2025/07/1753587901-Slider_3840%C3%972160_20250727-scaled.webp HTTP/1.1" 200 141034 "http://cqqizhou.com/" "Mozilla/5.0 (Windows NT 10.0; Win64; x64) AppleWebKit/537.36 (KHTML, like Gecko) Chrome/117.0.5938.132 Safari/537.36"
205.169.39.18 - - [14/Oct/2025:11:36:27 +0800] "GET /wp-content/uploads/revslider/slider-1/1750861156-logistics_Slider_3840%C3%972160_20250625191356-scaled.webp HTTP/1.1" 200 197360 "http://cqqizhou.com/" "Mozilla/5.0 (Windows NT 10.0; Win64; x64) AppleWebKit/537.36 (KHTML, like Gecko) Chrome/117.0.5938.132 Safari/537.36"
205.169.39.18 - - [14/Oct/2025:11:36:34 +0800] "GET /wp-content/uploads/revslider/slider-1/1750929639-yuanjing_Slider_3840%C3%972160_20250626171955-scaled-50x100.webp HTTP/1.1" 200 1784 "http://cqqizhou.com/" "Mozilla/5.0 (X11; Linux x86_64) AppleWebKit/537.36 (KHTML, like Gecko) HeadlessChrome/127.0.6533.119 Safari/537.36"
205.169.39.18 - - [14/Oct/2025:11:36:35 +0800] "POST /wp-admin/admin-ajax.php HTTP/1.1" 403 33 "http://cqqizhou.com/" "Mozilla/5.0 (X11; Linux x86_64) AppleWebKit/537.36 (KHTML, like Gecko) HeadlessChrome/127.0.6533.119 Safari/537.36"
36.133.115.36 - - [14/Oct/2025:11:47:10 +0800] "POST /wp-cron.php?doing_wp_cron=1760413630.0654909610748291015625 HTTP/1.1" 200 31 "-" "WordPress/6.8.2; http://cqqizhou.com"
87.120.191.92 - - [14/Oct/2025:11:47:10 +0800] "GET / HTTP/1.1" 200 33467 "-" "Mozilla/5.0 (Windows NT 10.0; Win64; x64) AppleWebKit/537.36 (KHTML, like Gecko) Chrome/90.0.4430.85 Safari/537.36 Edg/90.0.818.46"
36.133.115.36 - - [14/Oct/2025:11:48:11 +0800] "POST /wp-cron.php?doing_wp_cron=1760413691.3866128921508789062500 HTTP/1.1" 200 31 "-" "WordPress/6.8.2; http://cqqizhou.com"
78.153.140.151 - - [14/Oct/2025:11:48:11 +0800] "GET /.env HTTP/1.1" 404 31381 "-" "Opera/9.80 (Windows NT 5.1; U; pl) Presto/2.6.30 Version/10.62"
78.153.140.151 - - [14/Oct/2025:11:48:14 +0800] "GET /api/.env HTTP/1.1" 404 31381 "-" "Mozilla/4.0 (compatible; MSIE 8.0; Windows NT 6.1; WOW64; Trident/4.0; SLCC2; .NET CLR 2.0.50727; .NET CLR 3.5.30729; .NET CLR 3.0.30729; Media Center PC 6.0; HPDTDF; BRI/1; .NET4.0C; AskTbARS/5.15.4.23821; playbrytetoolbar_Playbryte)"
78.153.140.151 - - [14/Oct/2025:11:48:16 +0800] "GET /backend/.env HTTP/1.1" 404 31381 "-" "Mozilla/5.0 (Linux; Android 4.4.3; KFARWI Build/KTU84M) AppleWebKit/537.36 (KHTML, like Gecko) Silk/44.1.81 like Chrome/44.0.2403.128 Safari/537.36"
36.133.115.36 - - [14/Oct/2025:11:51:38 +0800] "POST /wp-cron.php?doing_wp_cron=1760413898.1275479793548583984375 HTTP/1.1" 200 31 "-" "WordPress/6.8.2; http://cqqizhou.com"
162.62.231.139 - - [14/Oct/2025:11:51:38 +0800] "GET / HTTP/1.1" 301 5 "-" "Mozilla/5.0 (iPhone; CPU iPhone OS 13_2_3 like Mac OS X) AppleWebKit/605.1.15 (KHTML, like Gecko) Version/13.0.3 Mobile/15E148 Safari/604.1"
162.62.231.139 - - [14/Oct/2025:11:51:40 +0800] "GET / HTTP/1.1" 200 33467 "http://www.cqqizhou.com" "Mozilla/5.0 (iPhone; CPU iPhone OS 13_2_3 like Mac OS X) AppleWebKit/605.1.15 (KHTML, like Gecko) Version/13.0.3 Mobile/15E148 Safari/604.1"
36.133.115.36 - - [14/Oct/2025:11:59:47 +0800] "POST /wp-cron.php?doing_wp_cron=1760414387.2446091175079345703125 HTTP/1.1" 200 31 "-" "WordPress/6.8.2; http://cqqizhou.com"
87.120.191.6 - - [14/Oct/2025:11:59:47 +0800] "GET / HTTP/1.1" 200 33467 "-" "Mozilla/5.0 (Windows NT 10.0; Win64; x64) AppleWebKit/537.36 (KHTML, like Gecko) Chrome/90.0.4430.85 Safari/537.36 Edg/90.0.818.46"
13.86.67.182 - - [14/Oct/2025:11:59:54 +0800] "GET /aa.php HTTP/1.1" 404 27 "-" "-"
13.86.67.182 - - [14/Oct/2025:11:59:54 +0800] "GET /about.php HTTP/1.1" 404 27 "-" "-"
13.86.67.182 - - [14/Oct/2025:11:59:54 +0800] "GET /admin.php HTTP/1.1" 404 27 "-" "-"
13.86.67.182 - - [14/Oct/2025:11:59:54 +0800] "GET /akc.php HTTP/1.1" 404 27 "-" "-"
13.86.67.182 - - [14/Oct/2025:11:59:55 +0800] "GET /alfa.php HTTP/1.1" 404 27 "-" "-"
13.86.67.182 - - [14/Oct/2025:11:59:55 +0800] "GET /asasx.php HTTP/1.1" 404 27 "-" "-"
13.86.67.182 - - [14/Oct/2025:11:59:55 +0800] "GET /atomlib.php HTTP/1.1" 404 27 "-" "-"
13.86.67.182 - - [14/Oct/2025:11:59:55 +0800] "GET /autoload_classmap.php HTTP/1.1" 404 27 "-" "-"
13.86.67.182 - - [14/Oct/2025:11:59:55 +0800] "GET /autoload_classmap/function.php HTTP/1.1" 404 27 "-" "-"
13.86.67.182 - - [14/Oct/2025:11:59:56 +0800] "GET /abcd.php HTTP/1.1" 404 27 "-" "-"
13.86.67.182 - - [14/Oct/2025:11:59:56 +0800] "GET /file.php HTTP/1.1" 404 27 "-" "-"
13.86.67.182 - - [14/Oct/2025:11:59:56 +0800] "GET /wp-includes/IXR/autoload_classmap.php HTTP/1.1" 404 27 "-" "-"
13.86.67.182 - - [14/Oct/2025:11:59:56 +0800] "GET /makeasmtp.php HTTP/1.1" 404 27 "-" "-"
13.86.67.182 - - [14/Oct/2025:11:59:57 +0800] "GET /ioxi-o.php HTTP/1.1" 404 27 "-" "-"
13.86.67.182 - - [14/Oct/2025:11:59:57 +0800] "GET /wp-content/index.php HTTP/1.1" 200 5 "-" "-"
13.86.67.182 - - [14/Oct/2025:11:59:58 +0800] "GET /index.php HTTP/1.1" 301 5 "-" "-"
13.86.67.182 - - [14/Oct/2025:11:59:59 +0800] "GET / HTTP/1.1" 200 165874 "-" "-"
13.86.67.182 - - [14/Oct/2025:11:59:59 +0800] "GET /files.php HTTP/1.1" 404 27 "-" "-"
13.86.67.182 - - [14/Oct/2025:11:59:59 +0800] "GET /lock360.php HTTP/1.1" 404 27 "-" "-"
13.86.67.182 - - [14/Oct/2025:11:59:59 +0800] "GET /classwithtostring.php HTTP/1.1" 404 27 "-" "-"
13.86.67.182 - - [14/Oct/2025:12:00:00 +0800] "GET /chosen.php HTTP/1.1" 404 27 "-" "-"
13.86.67.182 - - [14/Oct/2025:12:00:00 +0800] "GET /goods.php HTTP/1.1" 404 27 "-" "-"
13.86.67.182 - - [14/Oct/2025:12:00:01 +0800] "GET /wp-admin/ HTTP/1.1" 302 5 "-" "-"
13.86.67.182 - - [14/Oct/2025:12:00:02 +0800] "GET /wp-login.php?redirect_to=http%3A%2F%2Fcqqizhou.com%2Fwp-admin%2F&reauth=1 HTTP/1.1" 200 8672 "-" "-"
13.86.67.182 - - [14/Oct/2025:12:00:02 +0800] "GET /info.php/aa.php HTTP/1.1" 200 29 "-" "-"
13.86.67.182 - - [14/Oct/2025:12:00:02 +0800] "GET /wp-content/themes/intense/block-css.php HTTP/1.1" 404 27 "-" "-"
13.86.67.182 - - [14/Oct/2025:12:00:02 +0800] "GET /about/function.php/aa.php HTTP/1.1" 404 27 "-" "-"
13.86.67.182 - - [14/Oct/2025:12:00:03 +0800] "GET /wp-includes/PHPMailer/Ab0ut.php/aa.php HTTP/1.1" 404 27 "-" "-"
13.86.67.182 - - [14/Oct/2025:12:00:03 +0800] "GET /modules/mod_simplefileuploadv1.3/elements/file.php/aa.php HTTP/1.1" 404 27 "-" "-"
13.86.67.182 - - [14/Oct/2025:12:00:03 +0800] "GET /wp-includes/widgets/ HTTP/1.1" 403 146 "-" "-"
13.86.67.182 - - [14/Oct/2025:12:00:03 +0800] "GET /test1.php/aa.php HTTP/1.1" 404 27 "-" "-"
13.86.67.182 - - [14/Oct/2025:12:00:04 +0800] "GET /flower.php HTTP/1.1" 404 27 "-" "-"
13.86.67.182 - - [14/Oct/2025:12:00:04 +0800] "GET /wp-includes/ID3/ HTTP/1.1" 403 146 "-" "-"
13.86.67.182 - - [14/Oct/2025:12:00:04 +0800] "GET /wp-includes/ID3/autoload_classmap.php HTTP/1.1" 404 27 "-" "-"
13.86.67.182 - - [14/Oct/2025:12:00:05 +0800] "GET /wp-includes/SimplePie/XML/ HTTP/1.1" 404 31381 "-" "-"
13.86.67.182 - - [14/Oct/2025:12:00:05 +0800] "GET /wp-includes/Text/ HTTP/1.1" 403 146 "-" "-"
13.86.67.182 - - [14/Oct/2025:12:00:06 +0800] "GET /cgi-bin/ HTTP/1.1" 404 31381 "-" "-"
13.86.67.182 - - [14/Oct/2025:12:00:07 +0800] "GET /doc.php HTTP/1.1" 404 27 "-" "-"
13.86.67.182 - - [14/Oct/2025:12:00:07 +0800] "GET /edit.php HTTP/1.1" 404 27 "-" "-"
13.86.67.182 - - [14/Oct/2025:12:00:07 +0800] "GET /functions.php HTTP/1.1" 404 27 "-" "-"
13.86.67.182 - - [14/Oct/2025:12:00:08 +0800] "GET /img/post.php HTTP/1.1" 404 27 "-" "-"
13.86.67.182 - - [14/Oct/2025:12:00:08 +0800] "GET /manager.php HTTP/1.1" 404 27 "-" "-"
13.86.67.182 - - [14/Oct/2025:12:00:08 +0800] "GET /radio.php HTTP/1.1" 404 27 "-" "-"
13.86.67.182 - - [14/Oct/2025:12:00:08 +0800] "GET /root.php HTTP/1.1" 404 27 "-" "-"
13.86.67.182 - - [14/Oct/2025:12:00:09 +0800] "GET /sim.php HTTP/1.1" 404 27 "-" "-"
13.86.67.182 - - [14/Oct/2025:12:00:09 +0800] "GET /system_log.php HTTP/1.1" 404 27 "-" "-"
13.86.67.182 - - [14/Oct/2025:12:00:10 +0800] "GET /update/ HTTP/1.1" 404 31381 "-" "-"
13.86.67.182 - - [14/Oct/2025:12:00:10 +0800] "GET /wp-includes/PHPMailer/wp-conflg.php HTTP/1.1" 404 27 "-" "-"
13.86.67.182 - - [14/Oct/2025:12:00:10 +0800] "GET /wp-includes/blocks/comments/ HTTP/1.1" 403 146 "-" "-"
13.86.67.182 - - [14/Oct/2025:12:00:11 +0800] "GET /gecko.php HTTP/1.1" 404 27 "-" "-"
13.86.67.182 - - [14/Oct/2025:12:00:11 +0800] "GET /xmrlpc.php HTTP/1.1" 404 27 "-" "-"
13.86.67.182 - - [14/Oct/2025:12:00:11 +0800] "GET /wp-content/uploads/index.php HTTP/1.1" 404 27 "-" "-"
13.86.67.182 - - [14/Oct/2025:12:00:11 +0800] "GET /moon.php HTTP/1.1" 404 27 "-" "-"
13.86.67.182 - - [14/Oct/2025:12:00:12 +0800] "GET /wp-content/uploads/admin.php HTTP/1.1" 404 27 "-" "-"
13.86.67.182 - - [14/Oct/2025:12:00:12 +0800] "GET /uploads/admin.php HTTP/1.1" 404 27 "-" "-"
13.86.67.182 - - [14/Oct/2025:12:00:12 +0800] "GET /info.php HTTP/1.1" 200 29 "-" "-"
13.86.67.182 - - [14/Oct/2025:12:00:12 +0800] "GET /k.php HTTP/1.1" 404 27 "-" "-"
13.86.67.182 - - [14/Oct/2025:12:00:13 +0800] "GET /nc4.php HTTP/1.1" 404 27 "-" "-"
13.86.67.182 - - [14/Oct/2025:12:00:13 +0800] "GET /wp-content/plugins/autoload_classmap.php HTTP/1.1" 404 27 "-" "-"
13.86.67.182 - - [14/Oct/2025:12:00:13 +0800] "GET /file2.php HTTP/1.1" 404 27 "-" "-"
13.86.67.182 - - [14/Oct/2025:12:00:13 +0800] "GET /wp-content/themes/chosen.php HTTP/1.1" 404 27 "-" "-"
13.86.67.182 - - [14/Oct/2025:12:00:14 +0800] "GET /wp-includes/certificates/admin.php HTTP/1.1" 404 27 "-" "-"
13.86.67.182 - - [14/Oct/2025:12:00:14 +0800] "GET /wp-admin/wp-conflg.php HTTP/1.1" 404 27 "-" "-"
13.86.67.182 - - [14/Oct/2025:12:00:14 +0800] "GET /wp-content/file.php HTTP/1.1" 404 27 "-" "-"
13.86.67.182 - - [14/Oct/2025:12:00:14 +0800] "GET /wp-content/plugins/ HTTP/1.1" 200 5 "-" "-"
13.86.67.182 - - [14/Oct/2025:12:00:15 +0800] "GET /.well-known/ HTTP/1.1" 404 31381 "-" "-"
13.86.67.182 - - [14/Oct/2025:12:00:16 +0800] "GET /.well-known/gecko-litespeed.php HTTP/1.1" 404 27 "-" "-"
13.86.67.182 - - [14/Oct/2025:12:00:17 +0800] "GET /2021/01/16/upload-and-download-file-using-multipart-form-over- HTTP/1.1" 404 31381 "-" "-"
13.86.67.182 - - [14/Oct/2025:12:00:17 +0800] "GET /WSO.php HTTP/1.1" 404 27 "-" "-"
36.133.115.36 - - [14/Oct/2025:12:07:59 +0800] "POST /wp-cron.php?doing_wp_cron=1760414879.1087760925292968750000 HTTP/1.1" 200 31 "-" "WordPress/6.8.2; http://cqqizhou.com"
43.130.174.37 - - [14/Oct/2025:12:07:59 +0800] "GET /portfolio-category/dual-phase-steel/ HTTP/1.1" 200 17602 "-" "Mozilla/5.0 (iPhone; CPU iPhone OS 13_2_3 like Mac OS X) AppleWebKit/605.1.15 (KHTML, like Gecko) Version/13.0.3 Mobile/15E148 Safari/604.1"
36.133.115.36 - - [14/Oct/2025:12:15:50 +0800] "POST /wp-cron.php?doing_wp_cron=1760415350.3471069335937500000000 HTTP/1.1" 200 31 "-" "WordPress/6.8.2; http://cqqizhou.com"
170.106.148.137 - - [14/Oct/2025:12:15:50 +0800] "GET /wp-content/uploads/revslider/slider-1/1750929639-yuanjing_Slider_3840 HTTP/1.1" 404 8988 "-" "Mozilla/5.0 (iPhone; CPU iPhone OS 13_2_3 like Mac OS X) AppleWebKit/605.1.15 (KHTML, like Gecko) Version/13.0.3 Mobile/15E148 Safari/604.1"
36.133.115.36 - - [14/Oct/2025:12:24:14 +0800] "POST /wp-cron.php?doing_wp_cron=1760415853.9707970619201660156250 HTTP/1.1" 200 31 "-" "WordPress/6.8.2; http://cqqizhou.com"
170.106.197.109 - - [14/Oct/2025:12:24:14 +0800] "GET /wp-content/uploads/2025/07/1753456770- HTTP/1.1" 404 8990 "-" "Mozilla/5.0 (iPhone; CPU iPhone OS 13_2_3 like Mac OS X) AppleWebKit/605.1.15 (KHTML, like Gecko) Version/13.0.3 Mobile/15E148 Safari/604.1"
36.133.115.36 - - [14/Oct/2025:12:34:08 +0800] "POST /wp-cron.php?doing_wp_cron=1760416448.4222788810729980468750 HTTP/1.1" 200 31 "-" "WordPress/6.8.2; http://cqqizhou.com"
43.128.67.187 - - [14/Oct/2025:12:34:08 +0800] "GET / HTTP/1.1" 200 33467 "-" "Mozilla/5.0 (iPhone; CPU iPhone OS 13_2_3 like Mac OS X) AppleWebKit/605.1.15 (KHTML, like Gecko) Version/13.0.3 Mobile/15E148 Safari/604.1"
87.120.191.92 - - [14/Oct/2025:12:34:15 +0800] "GET / HTTP/1.1" 200 33467 "-" "Mozilla/5.0 (Windows NT 10.0; Win64; x64) AppleWebKit/537.36 (KHTML, like Gecko) Chrome/90.0.4430.85 Safari/537.36 Edg/90.0.818.46"
112.85.198.65 - - [14/Oct/2025:12:34:19 +0800] "GET / HTTP/1.1" 200 39371 "-" "Mozilla/5.0 (Windows NT 6.2) AppleWebKit/537.36 (KHTML, like Gecko) Chrome/76.0.3809.12"
27.212.49.33 - - [14/Oct/2025:12:34:23 +0800] "GET / HTTP/1.1" 301 5 "-" "Mozilla/5.0 (Windows NT 10.0) AppleWebKit/537.36 (KHTML, like Gecko) Chrome/85.0.4183.83"
27.212.49.33 - - [14/Oct/2025:12:34:24 +0800] "GET / HTTP/1.1" 200 39371 "-" "Mozilla/5.0 (Windows NT 10.0) AppleWebKit/537.36 (KHTML, like Gecko) Chrome/85.0.4183.83"
36.133.115.36 - - [14/Oct/2025:12:37:59 +0800] "POST /wp-cron.php?doing_wp_cron=1760416679.3344609737396240234375 HTTP/1.1" 200 31 "-" "WordPress/6.8.2; http://cqqizhou.com"
87.120.191.93 - - [14/Oct/2025:12:37:59 +0800] "GET / HTTP/1.1" 200 33467 "-" "Mozilla/5.0 (Windows NT 10.0; Win64; x64) AppleWebKit/537.36 (KHTML, like Gecko) Chrome/90.0.4430.85 Safari/537.36 Edg/90.0.818.46"
36.133.115.36 - - [14/Oct/2025:12:42:27 +0800] "POST /wp-cron.php?doing_wp_cron=1760416947.7396349906921386718750 HTTP/1.1" 200 31 "-" "WordPress/6.8.2; http://cqqizhou.com"
185.170.167.18 - - [14/Oct/2025:12:42:27 +0800] "GET /robots.txt HTTP/1.1" 200 190 "-" "Mozilla/5.0 (compatible; BacklinksExtendedBot)"
185.170.167.18 - - [14/Oct/2025:12:42:28 +0800] "GET /2215/ HTTP/1.1" 200 24300 "-" "Mozilla/5.0 (compatible; BacklinksExtendedBot)"
36.133.115.36 - - [14/Oct/2025:12:44:42 +0800] "POST /wp-cron.php?doing_wp_cron=1760417082.3147449493408203125000 HTTP/1.1" 200 31 "-" "WordPress/6.8.2; http://cqqizhou.com"
43.157.95.239 - - [14/Oct/2025:12:44:42 +0800] "GET /2231/ HTTP/1.1" 200 19508 "-" "Mozilla/5.0 (iPhone; CPU iPhone OS 13_2_3 like Mac OS X) AppleWebKit/605.1.15 (KHTML, like Gecko) Version/13.0.3 Mobile/15E148 Safari/604.1"
42.236.17.242 - - [14/Oct/2025:12:48:19 +0800] "GET / HTTP/1.1" 200 39371 "http://cqqizhou.com/" "Mozilla/5.0 (Windows NT 10.0; Win64; x64) AppleWebKit/537.36 (KHTML, like Gecko) Chrome/140.0.0.0 Safari/537.36 Edg/140.0.0.0; 360Spider"
36.133.115.36 - - [14/Oct/2025:12:51:26 +0800] "POST /wp-cron.php?doing_wp_cron=1760417486.1968369483947753906250 HTTP/1.1" 200 31 "-" "WordPress/6.8.2; http://cqqizhou.com"
222.79.104.23 - - [14/Oct/2025:12:51:26 +0800] "GET / HTTP/1.1" 200 33467 "-" "Mozilla/5.0 (iPhone; CPU iPhone OS 13_2_3 like Mac OS X) AppleWebKit/605.1.15 (KHTML, like Gecko) Version/13.0.3 Mobile/15E148 Safari/604.1"
36.133.115.36 - - [14/Oct/2025:12:58:38 +0800] "POST /wp-cron.php?doing_wp_cron=1760417918.5410931110382080078125 HTTP/1.1" 200 31 "-" "WordPress/6.8.2; http://cqqizhou.com"
43.157.53.115 - - [14/Oct/2025:12:58:38 +0800] "GET /wp-json/oembed/1.0/embed?url=http%3A%2F%2Fcqqizhou.com%2F2231%2F HTTP/1.1" 200 1297 "-" "Mozilla/5.0 (iPhone; CPU iPhone OS 13_2_3 like Mac OS X) AppleWebKit/605.1.15 (KHTML, like Gecko) Version/13.0.3 Mobile/15E148 Safari/604.1"
176.65.141.86 - - [14/Oct/2025:12:58:40 +0800] "GET /cgi-bin/luci/;stok=/locale HTTP/1.1" 301 5 "-" "-"
36.133.115.36 - - [14/Oct/2025:13:00:04 +0800] "POST /wp-cron.php?doing_wp_cron=1760418004.2209439277648925781250 HTTP/1.1" 200 31 "-" "WordPress/6.8.2; http://cqqizhou.com"
43.156.228.27 - - [14/Oct/2025:13:00:04 +0800] "GET / HTTP/1.1" 200 33467 "-" "Mozilla/5.0 (iPhone; CPU iPhone OS 13_2_3 like Mac OS X) AppleWebKit/605.1.15 (KHTML, like Gecko) Version/13.0.3 Mobile/15E148 Safari/604.1"
43.153.113.127 - - [14/Oct/2025:13:07:00 +0800] "GET /wp-content/uploads/2025/08/1755826456-DSC01841.webp HTTP/1.1" 200 87046 "-" "Mozilla/5.0 (iPhone; CPU iPhone OS 13_2_3 like Mac OS X) AppleWebKit/605.1.15 (KHTML, like Gecko) Version/13.0.3 Mobile/15E148 Safari/604.1"
36.133.115.36 - - [14/Oct/2025:13:12:44 +0800] "POST /wp-cron.php?doing_wp_cron=1760418764.8126840591430664062500 HTTP/1.1" 200 31 "-" "WordPress/6.8.2; http://cqqizhou.com"
43.156.204.134 - - [14/Oct/2025:13:12:45 +0800] "GET / HTTP/1.1" 200 33467 "-" "Mozilla/5.0 (iPhone; CPU iPhone OS 13_2_3 like Mac OS X) AppleWebKit/605.1.15 (KHTML, like Gecko) Version/13.0.3 Mobile/15E148 Safari/604.1"
43.153.204.189 - - [14/Oct/2025:13:20:53 +0800] "GET /wp-content/uploads/2025/08/1755826456-DSC01841-768x432.webp HTTP/1.1" 200 82118 "-" "Mozilla/5.0 (iPhone; CPU iPhone OS 13_2_3 like Mac OS X) AppleWebKit/605.1.15 (KHTML, like Gecko) Version/13.0.3 Mobile/15E148 Safari/604.1"
36.133.115.36 - - [14/Oct/2025:13:21:24 +0800] "POST /wp-cron.php?doing_wp_cron=1760419284.1299510002136230468750 HTTP/1.1" 200 31 "-" "WordPress/6.8.2; http://cqqizhou.com"
87.120.191.92 - - [14/Oct/2025:13:21:24 +0800] "GET / HTTP/1.1" 200 33467 "-" "Mozilla/5.0 (Windows NT 10.0; Win64; x64) AppleWebKit/537.36 (KHTML, like Gecko) Chrome/90.0.4430.85 Safari/537.36 Edg/90.0.818.46"
36.133.115.36 - - [14/Oct/2025:13:22:59 +0800] "POST /wp-cron.php?doing_wp_cron=1760419379.0841720104217529296875 HTTP/1.1" 200 31 "-" "WordPress/6.8.2; http://cqqizhou.com"
150.109.230.210 - - [14/Oct/2025:13:22:59 +0800] "GET /services HTTP/1.1" 301 5 "-" "Mozilla/5.0 (iPhone; CPU iPhone OS 13_2_3 like Mac OS X) AppleWebKit/605.1.15 (KHTML, like Gecko) Version/13.0.3 Mobile/15E148 Safari/604.1"
150.109.230.210 - - [14/Oct/2025:13:23:01 +0800] "GET /services/ HTTP/1.1" 200 19770 "http://36.133.115.36:80/services" "Mozilla/5.0 (iPhone; CPU iPhone OS 13_2_3 like Mac OS X) AppleWebKit/605.1.15 (KHTML, like Gecko) Version/13.0.3 Mobile/15E148 Safari/604.1"
176.65.141.87 - - [14/Oct/2025:13:23:33 +0800] "GET / HTTP/1.1" 200 151919 "-" "Mozilla/5.0 (Windows NT 10.0; Win64; x64) AppleWebKit/537.36 (KHTML, like Gecko) Chrome/42.0.2311.135 Safari/537.36 Edge/12.246"
36.133.115.36 - - [14/Oct/2025:13:27:15 +0800] "POST /wp-cron.php?doing_wp_cron=1760419635.4865589141845703125000 HTTP/1.1" 200 31 "-" "WordPress/6.8.2; http://cqqizhou.com"
87.121.84.101 - - [14/Oct/2025:13:27:16 +0800] "GET / HTTP/1.0" 200 151897 "-" "Mozilla/5.0 (X11; Linux x86_64; rv:140.0) Gecko/20100101 Firefox/140.0"
36.133.115.36 - - [14/Oct/2025:13:29:25 +0800] "POST /wp-cron.php?doing_wp_cron=1760419765.2115669250488281250000 HTTP/1.1" 200 31 "-" "WordPress/6.8.2; http://cqqizhou.com"
170.106.113.235 - - [14/Oct/2025:13:29:25 +0800] "GET /business/ HTTP/1.1" 200 18220 "-" "Mozilla/5.0 (iPhone; CPU iPhone OS 13_2_3 like Mac OS X) AppleWebKit/605.1.15 (KHTML, like Gecko) Version/13.0.3 Mobile/15E148 Safari/604.1"
36.133.115.36 - - [14/Oct/2025:13:33:13 +0800] "POST /wp-cron.php?doing_wp_cron=1760419993.5027379989624023437500 HTTP/1.1" 200 31 "-" "WordPress/6.8.2; http://cqqizhou.com"
87.120.191.6 - - [14/Oct/2025:13:33:13 +0800] "GET / HTTP/1.1" 200 33467 "-" "Mozilla/5.0 (Windows NT 10.0; Win64; x64) AppleWebKit/537.36 (KHTML, like Gecko) Chrome/90.0.4430.85 Safari/537.36 Edg/90.0.818.46"
36.133.115.36 - - [14/Oct/2025:13:34:18 +0800] "POST /wp-cron.php?doing_wp_cron=1760420058.8121368885040283203125 HTTP/1.1" 200 31 "-" "WordPress/6.8.2; http://cqqizhou.com"
170.106.11.6 - - [14/Oct/2025:13:34:19 +0800] "GET / HTTP/1.1" 200 33467 "-" "Mozilla/5.0 (iPhone; CPU iPhone OS 13_2_3 like Mac OS X) AppleWebKit/605.1.15 (KHTML, like Gecko) Version/13.0.3 Mobile/15E148 Safari/604.1"
36.133.115.36 - - [14/Oct/2025:13:35:31 +0800] "POST /wp-cron.php?doing_wp_cron=1760420131.0609068870544433593750 HTTP/1.1" 200 31 "-" "WordPress/6.8.2; http://cqqizhou.com"
87.120.191.93 - - [14/Oct/2025:13:35:31 +0800] "GET / HTTP/1.1" 200 33467 "-" "Mozilla/5.0 (Windows NT 10.0; Win64; x64) AppleWebKit/537.36 (KHTML, like Gecko) Chrome/90.0.4430.85 Safari/537.36 Edg/90.0.818.46"
49.51.72.76 - - [14/Oct/2025:13:39:02 +0800] "GET /wp-content/uploads/2025/09/1756868614-20250903104654_74_5-768x346.webp HTTP/1.1" 200 43274 "-" "Mozilla/5.0 (iPhone; CPU iPhone OS 13_2_3 like Mac OS X) AppleWebKit/605.1.15 (KHTML, like Gecko) Version/13.0.3 Mobile/15E148 Safari/604.1"
36.133.115.36 - - [14/Oct/2025:13:47:17 +0800] "POST /wp-cron.php?doing_wp_cron=1760420837.2063839435577392578125 HTTP/1.1" 200 31 "-" "WordPress/6.8.2; http://cqqizhou.com"
43.153.204.189 - - [14/Oct/2025:13:47:17 +0800] "GET / HTTP/1.1" 200 33467 "-" "Mozilla/5.0 (iPhone; CPU iPhone OS 13_2_3 like Mac OS X) AppleWebKit/605.1.15 (KHTML, like Gecko) Version/13.0.3 Mobile/15E148 Safari/604.1"
43.130.3.122 - - [14/Oct/2025:13:48:24 +0800] "GET /wp-content/uploads/2025/07/1753455746-DSC01472.webp HTTP/1.1" 200 31854 "-" "Mozilla/5.0 (iPhone; CPU iPhone OS 13_2_3 like Mac OS X) AppleWebKit/605.1.15 (KHTML, like Gecko) Version/13.0.3 Mobile/15E148 Safari/604.1"
36.133.115.36 - - [14/Oct/2025:13:54:56 +0800] "POST /wp-cron.php?doing_wp_cron=1760421296.5152020454406738281250 HTTP/1.1" 200 31 "-" "WordPress/6.8.2; http://cqqizhou.com"
49.51.183.84 - - [14/Oct/2025:13:54:56 +0800] "GET /logistics HTTP/1.1" 301 5 "-" "Mozilla/5.0 (iPhone; CPU iPhone OS 13_2_3 like Mac OS X) AppleWebKit/605.1.15 (KHTML, like Gecko) Version/13.0.3 Mobile/15E148 Safari/604.1"
49.51.183.84 - - [14/Oct/2025:13:54:59 +0800] "GET /logistics/ HTTP/1.1" 200 18248 "http://36.133.115.36:80/logistics" "Mozilla/5.0 (iPhone; CPU iPhone OS 13_2_3 like Mac OS X) AppleWebKit/605.1.15 (KHTML, like Gecko) Version/13.0.3 Mobile/15E148 Safari/604.1"
43.156.228.27 - - [14/Oct/2025:13:58:26 +0800] "GET /wp-content/uploads/2025/07/1751829454-Smart-warehousing800x500.webp HTTP/1.1" 200 79504 "-" "Mozilla/5.0 (iPhone; CPU iPhone OS 13_2_3 like Mac OS X) AppleWebKit/605.1.15 (KHTML, like Gecko) Version/13.0.3 Mobile/15E148 Safari/604.1"
36.133.115.36 - - [14/Oct/2025:14:04:11 +0800] "POST /wp-cron.php?doing_wp_cron=1760421851.0143001079559326171875 HTTP/1.1" 200 31 "-" "WordPress/6.8.2; http://cqqizhou.com"
87.120.191.92 - - [14/Oct/2025:14:04:11 +0800] "GET / HTTP/1.1" 200 33467 "-" "Mozilla/5.0 (Windows NT 10.0; Win64; x64) AppleWebKit/537.36 (KHTML, like Gecko) Chrome/90.0.4430.85 Safari/537.36 Edg/90.0.818.46"
36.133.115.36 - - [14/Oct/2025:14:04:50 +0800] "POST /wp-cron.php?doing_wp_cron=1760421890.7706658840179443359375 HTTP/1.1" 200 31 "-" "WordPress/6.8.2; http://cqqizhou.com"
43.166.250.187 - - [14/Oct/2025:14:04:51 +0800] "GET / HTTP/1.1" 200 33467 "-" "Mozilla/5.0 (iPhone; CPU iPhone OS 13_2_3 like Mac OS X) AppleWebKit/605.1.15 (KHTML, like Gecko) Version/13.0.3 Mobile/15E148 Safari/604.1"
36.133.115.36 - - [14/Oct/2025:14:09:43 +0800] "POST /wp-cron.php?doing_wp_cron=1760422182.9926691055297851562500 HTTP/1.1" 200 31 "-" "WordPress/6.8.2; http://cqqizhou.com"
43.164.197.209 - - [14/Oct/2025:14:09:43 +0800] "GET /wp-json/oembed/1.0/embed?url=http%3A%2F%2Fcqqizhou.com%2Fservices%2F HTTP/1.1" 200 1113 "-" "Mozilla/5.0 (iPhone; CPU iPhone OS 13_2_3 like Mac OS X) AppleWebKit/605.1.15 (KHTML, like Gecko) Version/13.0.3 Mobile/15E148 Safari/604.1"
36.133.115.36 - - [14/Oct/2025:14:13:10 +0800] "POST /wp-cron.php?doing_wp_cron=1760422390.1775050163269042968750 HTTP/1.1" 200 31 "-" "WordPress/6.8.2; http://cqqizhou.com"
162.216.150.127 - - [14/Oct/2025:14:13:10 +0800] "GET /wp-login.php HTTP/1.1" 200 8672 "-" "Hello from Palo Alto Networks, find out more about our scans in https://docs-cortex.paloaltonetworks.com/r/1/Cortex-Xpanse/Scanning-activity"
36.133.115.36 - - [14/Oct/2025:14:14:41 +0800] "POST /wp-cron.php?doing_wp_cron=1760422481.1035768985748291015625 HTTP/1.1" 200 31 "-" "WordPress/6.8.2; http://cqqizhou.com"
129.226.174.80 - - [14/Oct/2025:14:14:41 +0800] "GET /bug HTTP/1.1" 301 5 "-" "Mozilla/5.0 (iPhone; CPU iPhone OS 13_2_3 like Mac OS X) AppleWebKit/605.1.15 (KHTML, like Gecko) Version/13.0.3 Mobile/15E148 Safari/604.1"
129.226.174.80 - - [14/Oct/2025:14:14:44 +0800] "GET /bug/ HTTP/1.1" 200 11682 "http://36.133.115.36/bug" "Mozilla/5.0 (iPhone; CPU iPhone OS 13_2_3 like Mac OS X) AppleWebKit/605.1.15 (KHTML, like Gecko) Version/13.0.3 Mobile/15E148 Safari/604.1"
36.133.115.36 - - [14/Oct/2025:14:18:03 +0800] "POST /wp-cron.php?doing_wp_cron=1760422683.0717871189117431640625 HTTP/1.1" 200 31 "-" "WordPress/6.8.2; http://cqqizhou.com"
43.157.147.3 - - [14/Oct/2025:14:18:03 +0800] "GET /wp-content/uploads/2025/07/1753405252-Services_Banner2000 HTTP/1.1" 404 8989 "-" "Mozilla/5.0 (iPhone; CPU iPhone OS 13_2_3 like Mac OS X) AppleWebKit/605.1.15 (KHTML, like Gecko) Version/13.0.3 Mobile/15E148 Safari/604.1"
36.133.115.36 - - [14/Oct/2025:14:26:10 +0800] "POST /wp-cron.php?doing_wp_cron=1760423170.0940630435943603515625 HTTP/1.1" 200 31 "-" "WordPress/6.8.2; http://cqqizhou.com"
43.153.12.58 - - [14/Oct/2025:14:26:10 +0800] "GET /contacts/ HTTP/1.1" 200 18509 "-" "Mozilla/5.0 (iPhone; CPU iPhone OS 13_2_3 like Mac OS X) AppleWebKit/605.1.15 (KHTML, like Gecko) Version/13.0.3 Mobile/15E148 Safari/604.1"
36.133.115.36 - - [14/Oct/2025:14:28:17 +0800] "POST /wp-cron.php?doing_wp_cron=1760423297.8900780677795410156250 HTTP/1.1" 200 31 "-" "WordPress/6.8.2; http://cqqizhou.com"
43.135.134.127 - - [14/Oct/2025:14:28:17 +0800] "GET /wp-content/uploads/2025/07/1753407887-Logistics_Banner2000 HTTP/1.1" 404 8989 "-" "Mozilla/5.0 (iPhone; CPU iPhone OS 13_2_3 like Mac OS X) AppleWebKit/605.1.15 (KHTML, like Gecko) Version/13.0.3 Mobile/15E148 Safari/604.1"
36.133.115.36 - - [14/Oct/2025:14:33:57 +0800] "POST /wp-cron.php?doing_wp_cron=1760423637.4285519123077392578125 HTTP/1.1" 200 31 "-" "WordPress/6.8.2; http://cqqizhou.com"
87.120.191.93 - - [14/Oct/2025:14:33:57 +0800] "GET / HTTP/1.1" 200 33467 "-" "Mozilla/5.0 (Windows NT 10.0; Win64; x64) AppleWebKit/537.36 (KHTML, like Gecko) Chrome/90.0.4430.85 Safari/537.36 Edg/90.0.818.46"
36.133.115.36 - - [14/Oct/2025:14:38:47 +0800] "POST /wp-cron.php?doing_wp_cron=1760423927.5928061008453369140625 HTTP/1.1" 200 31 "-" "WordPress/6.8.2; http://cqqizhou.com"
87.120.191.90 - - [14/Oct/2025:14:38:47 +0800] "GET / HTTP/1.1" 200 33467 "-" "Mozilla/5.0 (Windows NT 10.0; Win64; x64) AppleWebKit/537.36 (KHTML, like Gecko) Chrome/90.0.4430.85 Safari/537.36 Edg/90.0.818.46"
43.165.67.57 - - [14/Oct/2025:14:40:24 +0800] "GET /wp-content/uploads/2025/07/1751864664-Logistics800x500_1-300x188.webp HTTP/1.1" 200 18996 "-" "Mozilla/5.0 (iPhone; CPU iPhone OS 13_2_3 like Mac OS X) AppleWebKit/605.1.15 (KHTML, like Gecko) Version/13.0.3 Mobile/15E148 Safari/604.1"
36.133.115.36 - - [14/Oct/2025:14:48:23 +0800] "POST /wp-cron.php?doing_wp_cron=1760424503.2074069976806640625000 HTTP/1.1" 200 31 "-" "WordPress/6.8.2; http://cqqizhou.com"
170.106.180.153 - - [14/Oct/2025:14:48:23 +0800] "GET /wp-json/oembed/1.0/embed?url=http%3A%2F%2Fcqqizhou.com%2Flogistics%2F HTTP/1.1" 200 1114 "-" "Mozilla/5.0 (iPhone; CPU iPhone OS 13_2_3 like Mac OS X) AppleWebKit/605.1.15 (KHTML, like Gecko) Version/13.0.3 Mobile/15E148 Safari/604.1"
43.153.12.58 - - [14/Oct/2025:14:59:36 +0800] "GET /wp-content/uploads/2025/07/1751864682-Logistics800x500_2-768x480.webp HTTP/1.1" 200 32570 "-" "Mozilla/5.0 (iPhone; CPU iPhone OS 13_2_3 like Mac OS X) AppleWebKit/605.1.15 (KHTML, like Gecko) Version/13.0.3 Mobile/15E148 Safari/604.1"
36.133.115.36 - - [14/Oct/2025:15:00:15 +0800] "POST /wp-cron.php?doing_wp_cron=1760425215.8631870746612548828125 HTTP/1.1" 200 31 "-" "WordPress/6.8.2; http://cqqizhou.com"
35.240.121.215 - - [14/Oct/2025:15:00:15 +0800] "GET / HTTP/1.1" 301 5 "-" "python-requests/2.32.5"
123.57.13.121 - - [14/Oct/2025:15:02:03 +0800] "GET / HTTP/1.1" 200 39371 "-" "Mozilla/5.0 (Windows NT 10.0; Win64; x64) AppleWebKit/537.36 (KHTML, like Gecko) Chrome/104.0.0.0 Safari/537.36"
36.133.115.36 - - [14/Oct/2025:15:07:29 +0800] "POST /wp-cron.php?doing_wp_cron=1760425649.5949718952178955078125 HTTP/1.1" 200 31 "-" "WordPress/6.8.2; http://cqqizhou.com"
87.120.191.6 - - [14/Oct/2025:15:07:29 +0800] "GET / HTTP/1.1" 200 33467 "-" "Mozilla/5.0 (Windows NT 10.0; Win64; x64) AppleWebKit/537.36 (KHTML, like Gecko) Chrome/90.0.4430.85 Safari/537.36 Edg/90.0.818.46"
36.133.115.36 - - [14/Oct/2025:15:09:36 +0800] "POST /wp-cron.php?doing_wp_cron=1760425775.9590759277343750000000 HTTP/1.1" 200 31 "-" "WordPress/6.8.2; http://cqqizhou.com"
178.73.233.115 - - [14/Oct/2025:15:09:36 +0800] "GET /robots.txt HTTP/1.1" 200 190 "-" "Mozilla/5.0 (X11; CrOS x86_64 14541.0.0) AppleWebKit/537.36 (KHTML, like Gecko) Chrome/121.0.0.0 Safari/537.3"
192.36.53.210 - - [14/Oct/2025:15:09:37 +0800] "GET / HTTP/1.1" 200 39371 "-" "Mozilla/5.0 (X11; CrOS x86_64 14541.0.0) AppleWebKit/537.36 (KHTML, like Gecko) Chrome/121.0.0.0 Safari/537.3"
93.123.109.214 - - [14/Oct/2025:15:09:44 +0800] "GET / HTTP/1.1" 301 5 "-" "l9tcpid/v1.1.0"
36.133.115.36 - - [14/Oct/2025:15:09:46 +0800] "POST /wp-cron.php?doing_wp_cron=1760425786.4859418869018554687500 HTTP/1.1" 200 31 "-" "WordPress/6.8.2; http://cqqizhou.com"
93.123.109.214 - - [14/Oct/2025:15:09:46 +0800] "GET / HTTP/1.1" 301 5 "-" "l9tcpid/v1.1.0"
93.123.109.214 - - [14/Oct/2025:15:09:48 +0800] "GET / HTTP/1.1" 301 5 "-" "l9tcpid/v1.1.0"
43.130.150.80 - - [14/Oct/2025:15:09:51 +0800] "GET /wp-json/oembed/1.0/embed?url=http%3A%2F%2Fcqqizhou.com%2Fbug%2F HTTP/1.1" 200 1104 "-" "Mozilla/5.0 (iPhone; CPU iPhone OS 13_2_3 like Mac OS X) AppleWebKit/605.1.15 (KHTML, like Gecko) Version/13.0.3 Mobile/15E148 Safari/604.1"
36.133.115.36 - - [14/Oct/2025:15:14:42 +0800] "POST /wp-cron.php?doing_wp_cron=1760426082.8982510566711425781250 HTTP/1.1" 200 31 "-" "WordPress/6.8.2; http://cqqizhou.com"
93.123.109.214 - - [14/Oct/2025:15:14:42 +0800] "GET / HTTP/1.1" 301 5 "-" "l9tcpid/v1.1.0"
36.133.115.36 - - [14/Oct/2025:15:19:21 +0800] "POST /wp-cron.php?doing_wp_cron=1760426361.6398670673370361328125 HTTP/1.1" 200 31 "-" "WordPress/6.8.2; http://cqqizhou.com"
43.159.144.16 - - [14/Oct/2025:15:19:21 +0800] "GET /wp-json/oembed/1.0/embed?url=http%3A%2F%2Fcqqizhou.com%2Fcontacts%2F HTTP/1.1" 200 1113 "-" "Mozilla/5.0 (iPhone; CPU iPhone OS 13_2_3 like Mac OS X) AppleWebKit/605.1.15 (KHTML, like Gecko) Version/13.0.3 Mobile/15E148 Safari/604.1"
36.133.115.36 - - [14/Oct/2025:15:23:14 +0800] "POST /wp-cron.php?doing_wp_cron=1760426594.5587260723114013671875 HTTP/1.1" 200 31 "-" "WordPress/6.8.2; http://cqqizhou.com"
195.178.110.15 - - [14/Oct/2025:15:23:14 +0800] "GET / HTTP/1.1" 301 5 "-" "l9tcpid/v1.1.0"
195.178.110.15 - - [14/Oct/2025:15:23:14 +0800] "GET / HTTP/1.1" 301 5 "-" "l9tcpid/v1.1.0"
36.133.115.36 - - [14/Oct/2025:15:24:31 +0800] "POST /wp-cron.php?doing_wp_cron=1760426671.2125210762023925781250 HTTP/1.1" 200 31 "-" "WordPress/6.8.2; http://cqqizhou.com"
150.109.119.38 - - [14/Oct/2025:15:24:31 +0800] "GET / HTTP/1.1" 200 33467 "-" "Mozilla/5.0 (iPhone; CPU iPhone OS 13_2_3 like Mac OS X) AppleWebKit/605.1.15 (KHTML, like Gecko) Version/13.0.3 Mobile/15E148 Safari/604.1"
36.133.115.36 - - [14/Oct/2025:15:25:33 +0800] "POST /wp-cron.php?doing_wp_cron=1760426733.7868878841400146484375 HTTP/1.1" 200 31 "-" "WordPress/6.8.2; http://cqqizhou.com"
43.153.71.12 - - [14/Oct/2025:15:25:33 +0800] "GET / HTTP/1.1" 301 5 "-" "Mozilla/5.0 (iPhone; CPU iPhone OS 13_2_3 like Mac OS X) AppleWebKit/605.1.15 (KHTML, like Gecko) Version/13.0.3 Mobile/15E148 Safari/604.1"
43.153.71.12 - - [14/Oct/2025:15:25:43 +0800] "GET / HTTP/1.1" 200 33467 "http://36.133.115.36" "Mozilla/5.0 (iPhone; CPU iPhone OS 13_2_3 like Mac OS X) AppleWebKit/605.1.15 (KHTML, like Gecko) Version/13.0.3 Mobile/15E148 Safari/604.1"
36.133.115.36 - - [14/Oct/2025:15:33:51 +0800] "POST /wp-cron.php?doing_wp_cron=1760427230.9923629760742187500000 HTTP/1.1" 200 31 "-" "WordPress/6.8.2; http://cqqizhou.com"
52.167.144.54 - - [14/Oct/2025:15:33:51 +0800] "GET /robots.txt HTTP/1.1" 200 190 "-" "Mozilla/5.0 AppleWebKit/537.36 (KHTML, like Gecko; compatible; bingbot/2.0; +http://www.bing.com/bingbot.htm) Chrome/116.0.1938.76 Safari/537.36"
52.167.144.157 - - [14/Oct/2025:15:33:54 +0800] "GET /2162/ HTTP/1.1" 200 25457 "-" "Mozilla/5.0 AppleWebKit/537.36 (KHTML, like Gecko; compatible; bingbot/2.0; +http://www.bing.com/bingbot.htm) Chrome/116.0.1938.76 Safari/537.36"
87.120.191.93 - - [14/Oct/2025:15:34:04 +0800] "GET / HTTP/1.1" 200 33467 "-" "Mozilla/5.0 (Windows NT 10.0; Win64; x64) AppleWebKit/537.36 (KHTML, like Gecko) Chrome/90.0.4430.85 Safari/537.36 Edg/90.0.818.46"
36.133.115.36 - - [14/Oct/2025:15:37:14 +0800] "POST /wp-cron.php?doing_wp_cron=1760427434.9163150787353515625000 HTTP/1.1" 200 31 "-" "WordPress/6.8.2; http://cqqizhou.com"
87.120.191.92 - - [14/Oct/2025:15:37:15 +0800] "GET / HTTP/1.1" 200 33467 "-" "Mozilla/5.0 (Windows NT 10.0; Win64; x64) AppleWebKit/537.36 (KHTML, like Gecko) Chrome/90.0.4430.85 Safari/537.36 Edg/90.0.818.46"
36.133.115.36 - - [14/Oct/2025:15:51:47 +0800] "POST /wp-cron.php?doing_wp_cron=1760428307.2043490409851074218750 HTTP/1.1" 200 31 "-" "WordPress/6.8.2; http://cqqizhou.com"
144.172.98.122 - - [14/Oct/2025:15:51:48 +0800] "GET / HTTP/1.1" 200 151919 "-" "-"
89.46.91.236 - - [14/Oct/2025:16:16:33 +0800] "GET / HTTP/1.1" 200 39371 "-" "Mozilla/5.0 (Windows NT 10.0; Win64; x64; rv:60.0) Gecko/20100101 Firefox/60.0"
36.133.115.36 - - [14/Oct/2025:16:16:35 +0800] "POST /wp-cron.php?doing_wp_cron=1760429795.3895111083984375000000 HTTP/1.1" 200 31 "-" "WordPress/6.8.2; http://cqqizhou.com"
89.46.91.236 - - [14/Oct/2025:16:16:35 +0800] "POST /xmlrpc.php HTTP/1.1" 200 217 "-" "Mozilla/5.0 (Windows NT 10.0; Win64; x64; rv:60.0) Gecko/20100101 Firefox/60.0"
36.133.115.36 - - [14/Oct/2025:16:20:10 +0800] "POST /wp-cron.php?doing_wp_cron=1760430010.9264919757843017578125 HTTP/1.1" 200 31 "-" "WordPress/6.8.2; http://cqqizhou.com"
87.120.191.92 - - [14/Oct/2025:16:20:11 +0800] "GET / HTTP/1.1" 200 33467 "-" "Mozilla/5.0 (Windows NT 10.0; Win64; x64) AppleWebKit/537.36 (KHTML, like Gecko) Chrome/90.0.4430.85 Safari/537.36 Edg/90.0.818.46"
36.133.115.36 - - [14/Oct/2025:16:20:56 +0800] "POST /wp-cron.php?doing_wp_cron=1760430056.8279039859771728515625 HTTP/1.1" 200 31 "-" "WordPress/6.8.2; http://cqqizhou.com"
42.236.101.228 - - [14/Oct/2025:16:20:57 +0800] "GET / HTTP/1.1" 200 33467 "http://cqqizhou.com/" "Mozilla/5.0 (Linux; Android 10; K) AppleWebKit/537.36 (KHTML, like Gecko) Chrome/131.0.0.0 Mobile Safari/537.36; 360Spider"
42.236.17.77 - - [14/Oct/2025:16:26:49 +0800] "GET / HTTP/1.1" 200 39371 "-" "Mozilla/5.0 (Windows NT 10.0; Win64; x64) AppleWebKit/537.36 (KHTML, like Gecko) Chrome/119.0.0.0 Safari/537.36"
36.133.115.36 - - [14/Oct/2025:16:26:53 +0800] "POST /wp-cron.php?doing_wp_cron=1760430413.7403891086578369140625 HTTP/1.1" 200 31 "-" "WordPress/6.8.2; http://cqqizhou.com"
42.236.17.77 - - [14/Oct/2025:16:26:53 +0800] "POST /wp-admin/admin-ajax.php HTTP/1.1" 403 33 "http://cqqizhou.com/" "Mozilla/5.0 (Windows NT 10.0; Win64; x64) AppleWebKit/537.36 (KHTML, like Gecko) Chrome/119.0.0.0 Safari/537.36"
42.236.12.248 - - [14/Oct/2025:16:29:16 +0800] "GET / HTTP/1.1" 200 39371 "-" "Mozilla/5.0 (Windows NT 10.0; Win64; x64) AppleWebKit/537.36 (KHTML, like Gecko) Chrome/119.0.0.0 Safari/537.36"
36.133.115.36 - - [14/Oct/2025:16:29:19 +0800] "POST /wp-cron.php?doing_wp_cron=1760430559.7801790237426757812500 HTTP/1.1" 200 31 "-" "WordPress/6.8.2; http://cqqizhou.com"
42.236.12.248 - - [14/Oct/2025:16:29:19 +0800] "POST /wp-admin/admin-ajax.php HTTP/1.1" 403 33 "http://cqqizhou.com/" "Mozilla/5.0 (Windows NT 10.0; Win64; x64) AppleWebKit/537.36 (KHTML, like Gecko) Chrome/119.0.0.0 Safari/537.36"
36.133.115.36 - - [14/Oct/2025:16:36:40 +0800] "POST /wp-cron.php?doing_wp_cron=1760431000.5784919261932373046875 HTTP/1.1" 200 31 "-" "WordPress/6.8.2; http://cqqizhou.com"
87.120.191.93 - - [14/Oct/2025:16:36:40 +0800] "GET / HTTP/1.1" 200 33466 "-" "Mozilla/5.0 (Windows NT 10.0; Win64; x64) AppleWebKit/537.36 (KHTML, like Gecko) Chrome/90.0.4430.85 Safari/537.36 Edg/90.0.818.46"
36.133.115.36 - - [14/Oct/2025:16:40:32 +0800] "POST /wp-cron.php?doing_wp_cron=1760431232.2192800045013427734375 HTTP/1.1" 200 31 "-" "WordPress/6.8.2; http://cqqizhou.com"
36.133.108.121 - - [14/Oct/2025:16:40:32 +0800] "HEAD /shell HTTP/1.1" 404 0 "-" "Mozilla/1.22 (compatible; MSIE 10.0; Windows 3.1)"
36.133.115.36 - - [14/Oct/2025:16:42:58 +0800] "POST /wp-cron.php?doing_wp_cron=1760431378.7655320167541503906250 HTTP/1.1" 200 31 "-" "WordPress/6.8.2; http://cqqizhou.com"
87.120.191.6 - - [14/Oct/2025:16:42:59 +0800] "GET / HTTP/1.1" 200 33467 "-" "Mozilla/5.0 (Windows NT 10.0; Win64; x64) AppleWebKit/537.36 (KHTML, like Gecko) Chrome/90.0.4430.85 Safari/537.36 Edg/90.0.818.46"
36.133.115.36 - - [14/Oct/2025:17:01:37 +0800] "POST /wp-cron.php?doing_wp_cron=1760432497.3978509902954101562500 HTTP/1.1" 200 31 "-" "WordPress/6.8.2; http://cqqizhou.com"
182.43.70.143 - - [14/Oct/2025:17:01:37 +0800] "GET / HTTP/1.1" 301 5 "-" "Mozilla/5.0 (iPhone; CPU iPhone OS 13_2_3 like Mac OS X) AppleWebKit/605.1.15 (KHTML, like Gecko) Version/13.0.3 Mobile/15E148 Safari/604.1"
182.43.70.143 - - [14/Oct/2025:17:01:42 +0800] "GET / HTTP/1.1" 200 33467 "http://www.cqqizhou.com" "Mozilla/5.0 (iPhone; CPU iPhone OS 13_2_3 like Mac OS X) AppleWebKit/605.1.15 (KHTML, like Gecko) Version/13.0.3 Mobile/15E148 Safari/604.1"
36.133.115.36 - - [14/Oct/2025:17:06:31 +0800] "POST /wp-cron.php?doing_wp_cron=1760432791.5357880592346191406250 HTTP/1.1" 200 31 "-" "WordPress/6.8.2; http://cqqizhou.com"
87.120.191.92 - - [14/Oct/2025:17:06:31 +0800] "GET / HTTP/1.1" 200 33467 "-" "Mozilla/5.0 (Windows NT 10.0; Win64; x64) AppleWebKit/537.36 (KHTML, like Gecko) Chrome/90.0.4430.85 Safari/537.36 Edg/90.0.818.46"
36.133.115.36 - - [14/Oct/2025:17:07:56 +0800] "POST /wp-cron.php?doing_wp_cron=1760432876.3757429122924804687500 HTTP/1.1" 200 31 "-" "WordPress/6.8.2; http://cqqizhou.com"
8.219.209.185 - - [14/Oct/2025:17:07:56 +0800] "GET http://passport.baidu.com/ HTTP/1.1" 200 33467 "-" "-"
36.133.115.36 - - [14/Oct/2025:17:13:57 +0800] "POST /wp-cron.php?doing_wp_cron=1760433237.3512139320373535156250 HTTP/1.1" 200 31 "-" "WordPress/6.8.2; http://cqqizhou.com"
85.208.96.210 - - [14/Oct/2025:17:13:57 +0800] "GET /robots.txt HTTP/1.1" 200 190 "-" "Mozilla/5.0 (compatible; SemrushBot/7~bl; +http://www.semrush.com/bot.html)"
36.133.115.36 - - [14/Oct/2025:17:29:27 +0800] "POST /wp-cron.php?doing_wp_cron=1760434167.3735909461975097656250 HTTP/1.1" 200 31 "-" "WordPress/6.8.2; http://cqqizhou.com"
87.120.191.91 - - [14/Oct/2025:17:29:27 +0800] "GET / HTTP/1.1" 200 33467 "-" "Mozilla/5.0 (Windows NT 10.0; Win64; x64) AppleWebKit/537.36 (KHTML, like Gecko) Chrome/90.0.4430.85 Safari/537.36 Edg/90.0.818.46"
36.133.115.36 - - [14/Oct/2025:17:37:45 +0800] "POST /wp-cron.php?doing_wp_cron=1760434665.0566260814666748046875 HTTP/1.1" 200 31 "-" "WordPress/6.8.2; http://cqqizhou.com"
87.120.191.93 - - [14/Oct/2025:17:37:45 +0800] "GET / HTTP/1.1" 200 33467 "-" "Mozilla/5.0 (Windows NT 10.0; Win64; x64) AppleWebKit/537.36 (KHTML, like Gecko) Chrome/90.0.4430.85 Safari/537.36 Edg/90.0.818.46"
36.133.115.36 - - [14/Oct/2025:17:56:08 +0800] "POST /wp-cron.php?doing_wp_cron=1760435768.1957509517669677734375 HTTP/1.1" 200 31 "-" "WordPress/6.8.2; http://cqqizhou.com"
87.120.191.92 - - [14/Oct/2025:17:56:08 +0800] "GET / HTTP/1.1" 200 33467 "-" "Mozilla/5.0 (Windows NT 10.0; Win64; x64) AppleWebKit/537.36 (KHTML, like Gecko) Chrome/90.0.4430.85 Safari/537.36 Edg/90.0.818.46"
36.133.115.36 - - [14/Oct/2025:18:08:51 +0800] "POST /wp-cron.php?doing_wp_cron=1760436531.3052449226379394531250 HTTP/1.1" 200 31 "-" "WordPress/6.8.2; http://cqqizhou.com"
87.120.191.6 - - [14/Oct/2025:18:08:51 +0800] "GET / HTTP/1.1" 200 33467 "-" "Mozilla/5.0 (Windows NT 10.0; Win64; x64) AppleWebKit/537.36 (KHTML, like Gecko) Chrome/90.0.4430.85 Safari/537.36 Edg/90.0.818.46"
87.120.191.90 - - [14/Oct/2025:18:09:05 +0800] "GET / HTTP/1.1" 200 33467 "-" "Mozilla/5.0 (Windows NT 10.0; Win64; x64) AppleWebKit/537.36 (KHTML, like Gecko) Chrome/90.0.4430.85 Safari/537.36 Edg/90.0.818.46"
36.133.115.36 - - [14/Oct/2025:18:24:00 +0800] "POST /wp-cron.php?doing_wp_cron=1760437440.3885269165039062500000 HTTP/1.1" 200 31 "-" "WordPress/6.8.2; http://cqqizhou.com"
43.131.26.226 - - [14/Oct/2025:18:24:00 +0800] "GET / HTTP/1.1" 301 5 "-" "Mozilla/5.0 (iPhone; CPU iPhone OS 13_2_3 like Mac OS X) AppleWebKit/605.1.15 (KHTML, like Gecko) Version/13.0.3 Mobile/15E148 Safari/604.1"
43.131.26.226 - - [14/Oct/2025:18:24:02 +0800] "GET / HTTP/1.1" 200 33467 "http://www.cqqizhou.com" "Mozilla/5.0 (iPhone; CPU iPhone OS 13_2_3 like Mac OS X) AppleWebKit/605.1.15 (KHTML, like Gecko) Version/13.0.3 Mobile/15E148 Safari/604.1"
139.224.0.39 - - [14/Oct/2025:18:24:16 +0800] "HEAD /start/index.html HTTP/1.1" 404 0 "-" "-"
139.224.0.39 - - [14/Oct/2025:18:24:16 +0800] "HEAD /pscc/ HTTP/1.1" 404 0 "-" "-"
36.133.115.36 - - [14/Oct/2025:18:36:09 +0800] "POST /wp-cron.php?doing_wp_cron=1760438169.2887399196624755859375 HTTP/1.1" 200 31 "-" "WordPress/6.8.2; http://cqqizhou.com"
87.120.191.93 - - [14/Oct/2025:18:36:09 +0800] "GET / HTTP/1.1" 200 33467 "-" "Mozilla/5.0 (Windows NT 10.0; Win64; x64) AppleWebKit/537.36 (KHTML, like Gecko) Chrome/90.0.4430.85 Safari/537.36 Edg/90.0.818.46"
36.133.115.36 - - [14/Oct/2025:18:39:44 +0800] "POST /wp-cron.php?doing_wp_cron=1760438384.7701690196990966796875 HTTP/1.1" 200 31 "-" "WordPress/6.8.2; http://cqqizhou.com"
43.130.131.18 - - [14/Oct/2025:18:39:45 +0800] "GET / HTTP/1.1" 200 33467 "-" "Mozilla/5.0 (iPhone; CPU iPhone OS 13_2_3 like Mac OS X) AppleWebKit/605.1.15 (KHTML, like Gecko) Version/13.0.3 Mobile/15E148 Safari/604.1"
36.133.115.36 - - [14/Oct/2025:18:42:32 +0800] "POST /wp-cron.php?doing_wp_cron=1760438552.3706579208374023437500 HTTP/1.1" 200 31 "-" "WordPress/6.8.2; http://cqqizhou.com"
85.208.96.200 - - [14/Oct/2025:18:42:32 +0800] "GET /robots.txt HTTP/1.1" 200 190 "-" "Mozilla/5.0 (compatible; SemrushBot/7~bl; +http://www.semrush.com/bot.html)"
85.208.96.194 - - [14/Oct/2025:18:42:33 +0800] "GET /portfolio/remaining-rolls/ HTTP/1.1" 200 22143 "-" "Mozilla/5.0 (compatible; SemrushBot/7~bl; +http://www.semrush.com/bot.html)"
36.133.115.36 - - [14/Oct/2025:18:45:26 +0800] "POST /wp-cron.php?doing_wp_cron=1760438726.3124170303344726562500 HTTP/1.1" 200 31 "-" "WordPress/6.8.2; http://cqqizhou.com"
87.120.191.92 - - [14/Oct/2025:18:45:26 +0800] "GET / HTTP/1.1" 200 33467 "-" "Mozilla/5.0 (Windows NT 10.0; Win64; x64) AppleWebKit/537.36 (KHTML, like Gecko) Chrome/90.0.4430.85 Safari/537.36 Edg/90.0.818.46"
36.133.115.36 - - [14/Oct/2025:18:54:57 +0800] "POST /wp-cron.php?doing_wp_cron=1760439297.1031179428100585937500 HTTP/1.1" 200 31 "-" "WordPress/6.8.2; http://cqqizhou.com"
176.65.141.87 - - [14/Oct/2025:18:54:57 +0800] "GET / HTTP/1.1" 200 151919 "-" "Mozilla/5.0 (Windows NT 10.0; Win64; x64) AppleWebKit/537.36 (KHTML, like Gecko) Chrome/42.0.2311.135 Safari/537.36 Edge/12.246"
36.133.108.125 - - [14/Oct/2025:18:55:39 +0800] "HEAD /shell HTTP/1.1" 404 0 "-" "Mozilla/5.0 (compatible; MSIE 9.0; Windows NT 6.1; Trident/5.0; yie8)"
85.208.96.211 - - [14/Oct/2025:19:22:25 +0800] "GET /portfolio-category/hot-dip-galvanized-coil/ HTTP/1.1" 200 20954 "-" "Mozilla/5.0 (compatible; SemrushBot/7~bl; +http://www.semrush.com/bot.html)"
36.133.115.36 - - [14/Oct/2025:19:28:45 +0800] "POST /wp-cron.php?doing_wp_cron=1760441325.4939448833465576171875 HTTP/1.1" 200 31 "-" "WordPress/6.8.2; http://cqqizhou.com"
87.120.191.92 - - [14/Oct/2025:19:28:45 +0800] "GET / HTTP/1.1" 200 33467 "-" "Mozilla/5.0 (Windows NT 10.0; Win64; x64) AppleWebKit/537.36 (KHTML, like Gecko) Chrome/90.0.4430.85 Safari/537.36 Edg/90.0.818.46"
36.133.115.36 - - [14/Oct/2025:19:32:47 +0800] "POST /wp-cron.php?doing_wp_cron=1760441567.9562590122222900390625 HTTP/1.1" 200 31 "-" "WordPress/6.8.2; http://cqqizhou.com"
87.120.191.93 - - [14/Oct/2025:19:32:48 +0800] "GET / HTTP/1.1" 200 33467 "-" "Mozilla/5.0 (Windows NT 10.0; Win64; x64) AppleWebKit/537.36 (KHTML, like Gecko) Chrome/90.0.4430.85 Safari/537.36 Edg/90.0.818.46"
36.133.115.36 - - [14/Oct/2025:19:41:46 +0800] "POST /wp-cron.php?doing_wp_cron=1760442106.8091289997100830078125 HTTP/1.1" 200 31 "-" "WordPress/6.8.2; http://cqqizhou.com"
87.120.191.6 - - [14/Oct/2025:19:41:47 +0800] "GET / HTTP/1.1" 200 33467 "-" "Mozilla/5.0 (Windows NT 10.0; Win64; x64) AppleWebKit/537.36 (KHTML, like Gecko) Chrome/90.0.4430.85 Safari/537.36 Edg/90.0.818.46"
36.133.115.36 - - [14/Oct/2025:19:44:02 +0800] "POST /wp-cron.php?doing_wp_cron=1760442242.0266559123992919921875 HTTP/1.1" 200 31 "-" "WordPress/6.8.2; http://cqqizhou.com"
158.69.152.252 - - [14/Oct/2025:19:44:02 +0800] "GET /robots.txt HTTP/1.0" 200 378 "-" "xfa1"
36.133.115.36 - - [14/Oct/2025:20:03:26 +0800] "POST /wp-cron.php?doing_wp_cron=1760443406.5240230560302734375000 HTTP/1.1" 200 31 "-" "WordPress/6.8.2; http://cqqizhou.com"
213.209.143.66 - - [14/Oct/2025:20:03:26 +0800] "GET / HTTP/1.1" 200 33466 "-" "Mozilla/5.0 (Windows NT 10.0; Win64; x64) AppleWebKit/537.36 (KHTML, like Gecko) Chrome/90.0.4430.85 Safari/537.36 Edg/90.0.818.46"
36.133.115.36 - - [14/Oct/2025:20:15:52 +0800] "POST /wp-cron.php?doing_wp_cron=1760444152.8745861053466796875000 HTTP/1.1" 200 31 "-" "WordPress/6.8.2; http://cqqizhou.com"
87.120.191.92 - - [14/Oct/2025:20:15:53 +0800] "GET / HTTP/1.1" 200 33466 "-" "Mozilla/5.0 (Windows NT 10.0; Win64; x64) AppleWebKit/537.36 (KHTML, like Gecko) Chrome/90.0.4430.85 Safari/537.36 Edg/90.0.818.46"
36.133.115.36 - - [14/Oct/2025:20:32:47 +0800] "POST /wp-cron.php?doing_wp_cron=1760445167.9351460933685302734375 HTTP/1.1" 200 31 "-" "WordPress/6.8.2; http://cqqizhou.com"
183.202.90.48 - - [14/Oct/2025:20:32:47 +0800] "GET / HTTP/1.1" 301 5 "-" "Mozilla/5.0 (Windows 7 Enterprise; x64) AppleWebKit/537.36 (KHTML, like Gecko) Chrome/122.0.6099.71 Safari/537.36"
43.131.23.154 - - [14/Oct/2025:20:33:04 +0800] "GET / HTTP/1.1" 301 5 "-" "Mozilla/5.0 (iPhone; CPU iPhone OS 13_2_3 like Mac OS X) AppleWebKit/605.1.15 (KHTML, like Gecko) Version/13.0.3 Mobile/15E148 Safari/604.1"
43.131.23.154 - - [14/Oct/2025:20:33:06 +0800] "GET / HTTP/1.1" 200 33466 "http://36.133.115.36" "Mozilla/5.0 (iPhone; CPU iPhone OS 13_2_3 like Mac OS X) AppleWebKit/605.1.15 (KHTML, like Gecko) Version/13.0.3 Mobile/15E148 Safari/604.1"
87.120.191.93 - - [14/Oct/2025:20:33:35 +0800] "GET / HTTP/1.1" 200 33466 "-" "Mozilla/5.0 (Windows NT 10.0; Win64; x64) AppleWebKit/537.36 (KHTML, like Gecko) Chrome/90.0.4430.85 Safari/537.36 Edg/90.0.818.46"
36.133.115.36 - - [14/Oct/2025:20:37:49 +0800] "POST /wp-cron.php?doing_wp_cron=1760445469.6904239654541015625000 HTTP/1.1" 200 31 "-" "WordPress/6.8.2; http://cqqizhou.com"
93.123.109.214 - - [14/Oct/2025:20:37:49 +0800] "GET / HTTP/1.1" 301 5 "-" "l9tcpid/v1.1.0"
108.187.70.0 - - [14/Oct/2025:20:49:23 +0800] "GET / HTTP/1.1" 200 39371 "-" "Mozilla/5.0 (Windows NT 10.0; Win64; x64) AppleWebKit/537.36 (KHTML, like Gecko) Chrome/86.0.4240.111 Safari/537.36"
36.133.115.36 - - [14/Oct/2025:20:49:34 +0800] "POST /wp-cron.php?doing_wp_cron=1760446174.0959830284118652343750 HTTP/1.1" 200 31 "-" "WordPress/6.8.2; http://cqqizhou.com"
52.167.144.146 - - [14/Oct/2025:20:49:34 +0800] "GET /?s= HTTP/1.1" 200 19522 "-" "Mozilla/5.0 AppleWebKit/537.36 (KHTML, like Gecko; compatible; bingbot/2.0; +http://www.bing.com/bingbot.htm) Chrome/116.0.1938.76 Safari/537.36"
36.133.115.36 - - [14/Oct/2025:21:11:13 +0800] "POST /wp-cron.php?doing_wp_cron=1760447473.0136721134185791015625 HTTP/1.1" 200 31 "-" "WordPress/6.8.2; http://cqqizhou.com"
93.174.93.12 - - [14/Oct/2025:21:11:13 +0800] "GET / HTTP/1.0" 301 0 "-" "Mozilla/5.0 (Windows NT 6.1; Win64; x64) AppleWebKit/537.36 (KHTML, like Gecko) Chrome/75.0.3770.100 Safari/537.36 OPR/62.0.3331.99"
36.133.115.36 - - [14/Oct/2025:21:12:22 +0800] "POST /wp-cron.php?doing_wp_cron=1760447542.3843050003051757812500 HTTP/1.1" 200 31 "-" "WordPress/6.8.2; http://cqqizhou.com"
87.120.191.6 - - [14/Oct/2025:21:12:22 +0800] "GET / HTTP/1.1" 200 33466 "-" "Mozilla/5.0 (Windows NT 10.0; Win64; x64) AppleWebKit/537.36 (KHTML, like Gecko) Chrome/90.0.4430.85 Safari/537.36 Edg/90.0.818.46"
