HEX
Server: nginx/1.16.1
System: Linux ecs-04358622 4.19.90-2107.6.0.0100.oe1.bclinux.x86_64 #1 SMP Wed Dec 1 19:59:44 CST 2021 x86_64
User: nginx (994)
PHP: 8.0.0
Disabled: NONE
Upload Files
File: //home/logs/cqqizhou_access_2025-09-05.log
36.133.115.36 - - [05/Sep/2025:00:01:47 +0800] "POST /wp-cron.php?doing_wp_cron=1757001707.2169840335845947265625 HTTP/1.1" 200 31 "-" "WordPress/6.8.2; http://cqqizhou.com"
149.50.103.48 - - [05/Sep/2025:00:01:47 +0800] "GET / HTTP/1.1" 200 33467 "-" "Mozilla/5.0 (Windows NT 10.0; Win64; x64) AppleWebKit/537.36 (KHTML, like Gecko) Chrome/90.0.4430.85 Safari/537.36 Edg/90.0.818.46"
36.133.115.36 - - [05/Sep/2025:00:11:33 +0800] "POST /wp-cron.php?doing_wp_cron=1757002293.8189539909362792968750 HTTP/1.1" 200 31 "-" "WordPress/6.8.2; http://cqqizhou.com"
154.84.184.122 - - [05/Sep/2025:00:11:33 +0800] "GET /userLogin.asp HTTP/1.1" 301 5 "http://36.133.115.36:80/" "Mozilla/5.0 (X11; Linux x86_64) AppleWebKit/537.36 (KHTML, like Gecko) Chrome/126.0.0.0 Safari/537.36"
36.133.115.36 - - [05/Sep/2025:00:15:58 +0800] "POST /wp-cron.php?doing_wp_cron=1757002558.6956160068511962890625 HTTP/1.1" 200 31 "-" "WordPress/6.8.2; http://cqqizhou.com"
45.135.193.100 - - [05/Sep/2025:00:15:59 +0800] "GET / HTTP/1.1" 200 33466 "-" "Mozilla/5.0 (Windows NT 10.0; Win64; x64) AppleWebKit/537.36 (KHTML, like Gecko) Chrome/90.0.4430.85 Safari/537.36 Edg/90.0.818.46"
36.133.115.36 - - [05/Sep/2025:00:23:22 +0800] "POST /wp-cron.php?doing_wp_cron=1757003001.9769389629364013671875 HTTP/1.1" 200 31 "-" "WordPress/6.8.2; http://cqqizhou.com"
118.89.233.234 - - [05/Sep/2025:00:23:22 +0800] "GET / HTTP/1.1" 301 5 "-" "Mozilla/5.0 (iPhone; CPU iPhone OS 13_2_3 like Mac OS X) AppleWebKit/605.1.15 (KHTML, like Gecko) Version/13.0.3 Mobile/15E148 Safari/604.1"
118.89.233.234 - - [05/Sep/2025:00:23:30 +0800] "GET / HTTP/1.1" 200 33466 "http://www.cqqizhou.com" "Mozilla/5.0 (iPhone; CPU iPhone OS 13_2_3 like Mac OS X) AppleWebKit/605.1.15 (KHTML, like Gecko) Version/13.0.3 Mobile/15E148 Safari/604.1"
220.181.108.80 - - [05/Sep/2025:00:27:31 +0800] "GET /portfolio/pickled-coil/ HTTP/1.1" 200 22145 "-" "Mozilla/5.0 (compatible; Baiduspider/2.0; +http://www.baidu.com/search/spider.html)"
36.133.115.36 - - [05/Sep/2025:00:34:52 +0800] "POST /wp-cron.php?doing_wp_cron=1757003692.1238510608673095703125 HTTP/1.1" 200 31 "-" "WordPress/6.8.2; http://cqqizhou.com"
52.167.144.202 - - [05/Sep/2025:00:34:52 +0800] "GET /?s=2025 HTTP/1.1" 200 19423 "-" "Mozilla/5.0 AppleWebKit/537.36 (KHTML, like Gecko; compatible; bingbot/2.0; +http://www.bing.com/bingbot.htm) Chrome/116.0.1938.76 Safari/537.36"
36.133.115.36 - - [05/Sep/2025:00:46:01 +0800] "POST /wp-cron.php?doing_wp_cron=1757004361.8519799709320068359375 HTTP/1.1" 200 31 "-" "WordPress/6.8.2; http://cqqizhou.com"
45.135.193.100 - - [05/Sep/2025:00:46:02 +0800] "GET / HTTP/1.1" 200 33466 "-" "Mozilla/5.0 (Windows NT 10.0; Win64; x64) AppleWebKit/537.36 (KHTML, like Gecko) Chrome/90.0.4430.85 Safari/537.36 Edg/90.0.818.46"
45.135.193.253 - - [05/Sep/2025:00:46:08 +0800] "GET / HTTP/1.1" 200 151919 "-" "-"
36.133.115.36 - - [05/Sep/2025:00:49:47 +0800] "POST /wp-cron.php?doing_wp_cron=1757004587.7736101150512695312500 HTTP/1.1" 200 31 "-" "WordPress/6.8.2; http://cqqizhou.com"
60.165.119.33 - - [05/Sep/2025:00:49:47 +0800] "GET / HTTP/1.1" 301 5 "-" "Mozilla/5.0 (Windows NT 10.0; Win64; x64) AppleWebKit/537.36 (KHTML, like Gecko) Chrome/133.0.0.0 Safari/537.36"
60.165.119.33 - - [05/Sep/2025:00:49:48 +0800] "GET / HTTP/1.1" 200 39369 "http://36.133.115.36/" "Mozilla/5.0 (Windows NT 10.0; Win64; x64) AppleWebKit/537.36 (KHTML, like Gecko) Chrome/133.0.0.0 Safari/537.36"
37.60.141.156 - - [05/Sep/2025:00:49:55 +0800] "POST /boaform/admin/formLogin HTTP/1.1" 404 8990 "http://36.133.115.36:80/admin/login.asp" "Mozilla/5.0 (X11; Ubuntu; Linux x86_64; rv:71.0) Gecko/20100101 Firefox/71.0"
123.57.13.121 - - [05/Sep/2025:00:52:58 +0800] "GET / HTTP/1.1" 200 39369 "-" "Mozilla/5.0 (Windows NT 10.0; Win64; x64) AppleWebKit/537.36 (KHTML, like Gecko) Chrome/104.0.0.0 Safari/537.36"
52.167.144.23 - - [05/Sep/2025:00:53:37 +0800] "GET /wp-content/uploads/2025/07/1750945514-honor300%C3%97206_3.webp HTTP/1.1" 200 74124 "-" "Mozilla/5.0 AppleWebKit/537.36 (KHTML, like Gecko; compatible; bingbot/2.0; +http://www.bing.com/bingbot.htm) Chrome/116.0.1938.76 Safari/537.36"
52.167.144.23 - - [05/Sep/2025:00:53:37 +0800] "GET /wp-content/uploads/2025/07/1750945650-honor300%C3%97206_6.webp HTTP/1.1" 200 66306 "-" "Mozilla/5.0 AppleWebKit/537.36 (KHTML, like Gecko; compatible; bingbot/2.0; +http://www.bing.com/bingbot.htm) Chrome/116.0.1938.76 Safari/537.36"
52.167.144.23 - - [05/Sep/2025:00:53:38 +0800] "GET /wp-content/uploads/2025/07/1750671805-partner4_200x50.webp HTTP/1.1" 200 2390 "-" "Mozilla/5.0 AppleWebKit/537.36 (KHTML, like Gecko; compatible; bingbot/2.0; +http://www.bing.com/bingbot.htm) Chrome/116.0.1938.76 Safari/537.36"
36.133.115.36 - - [05/Sep/2025:00:53:54 +0800] "POST /wp-cron.php?doing_wp_cron=1757004834.8105330467224121093750 HTTP/1.1" 200 31 "-" "WordPress/6.8.2; http://cqqizhou.com"
45.79.120.183 - - [05/Sep/2025:00:53:54 +0800] "GET / HTTP/1.1" 301 5 "-" "Mozilla/5.0 (Debian; Linux i686) AppleWebKit/537.36 (KHTML, like Gecko) Chrome/125.0.0.0 Safari/537.36"
36.133.115.36 - - [05/Sep/2025:01:07:27 +0800] "POST /wp-cron.php?doing_wp_cron=1757005647.0537149906158447265625 HTTP/1.1" 200 31 "-" "WordPress/6.8.2; http://cqqizhou.com"
149.50.103.48 - - [05/Sep/2025:01:07:27 +0800] "GET / HTTP/1.1" 200 33466 "-" "Mozilla/5.0 (Windows NT 10.0; Win64; x64) AppleWebKit/537.36 (KHTML, like Gecko) Chrome/90.0.4430.85 Safari/537.36 Edg/90.0.818.46"
52.167.144.180 - - [05/Sep/2025:01:11:44 +0800] "GET /contacts/ HTTP/1.1" 200 21496 "-" "Mozilla/5.0 AppleWebKit/537.36 (KHTML, like Gecko; compatible; bingbot/2.0; +http://www.bing.com/bingbot.htm) Chrome/116.0.1938.76 Safari/537.36"
36.133.115.36 - - [05/Sep/2025:01:13:11 +0800] "POST /wp-cron.php?doing_wp_cron=1757005991.7438139915466308593750 HTTP/1.1" 200 31 "-" "WordPress/6.8.2; http://cqqizhou.com"
43.166.238.12 - - [05/Sep/2025:01:13:12 +0800] "GET / HTTP/1.1" 200 33466 "-" "Mozilla/5.0 (iPhone; CPU iPhone OS 13_2_3 like Mac OS X) AppleWebKit/605.1.15 (KHTML, like Gecko) Version/13.0.3 Mobile/15E148 Safari/604.1"
36.133.115.36 - - [05/Sep/2025:01:20:13 +0800] "POST /wp-cron.php?doing_wp_cron=1757006413.8999791145324707031250 HTTP/1.1" 200 31 "-" "WordPress/6.8.2; http://cqqizhou.com"
45.135.193.100 - - [05/Sep/2025:01:20:14 +0800] "GET / HTTP/1.1" 200 33468 "-" "Mozilla/5.0 (Windows NT 10.0; Win64; x64) AppleWebKit/537.36 (KHTML, like Gecko) Chrome/90.0.4430.85 Safari/537.36 Edg/90.0.818.46"
36.133.115.36 - - [05/Sep/2025:01:30:30 +0800] "POST /wp-cron.php?doing_wp_cron=1757007030.5874350070953369140625 HTTP/1.1" 200 31 "-" "WordPress/6.8.2; http://cqqizhou.com"
3.92.207.10 - - [05/Sep/2025:01:30:30 +0800] "GET / HTTP/1.1" 301 5 "-" "Mozilla/5.0 (Windows NT 10.0; Win64; x64) AppleWebKit/537.36 (KHTML, like Gecko) Chrome/136.0.0.0 Safari/537.36"
43.130.74.193 - - [05/Sep/2025:01:30:36 +0800] "GET /portfolio/remaining-rolls/ HTTP/1.1" 200 18696 "-" "Mozilla/5.0 (iPhone; CPU iPhone OS 13_2_3 like Mac OS X) AppleWebKit/605.1.15 (KHTML, like Gecko) Version/13.0.3 Mobile/15E148 Safari/604.1"
42.236.12.195 - - [05/Sep/2025:01:38:22 +0800] "GET / HTTP/1.1" 200 39369 "http://cqqizhou.com" "Mozilla/5.0 (Windows NT 6.1; WOW64) AppleWebKit/537.36 (KHTML, like Gecko) Chrome/50.0.2661.102 Safari/537.36; 360Spider"
36.133.115.36 - - [05/Sep/2025:01:39:00 +0800] "POST /wp-cron.php?doing_wp_cron=1757007540.4663250446319580078125 HTTP/1.1" 200 31 "-" "WordPress/6.8.2; http://cqqizhou.com"
115.159.33.43 - - [05/Sep/2025:01:39:00 +0800] "GET / HTTP/1.1" 301 5 "-" "Mozilla/5.0 (Windows NT 10.0; Win64; x64) AppleWebKit/537.36 (KHTML, like Gecko) Chrome/79.0.3945.117 Safari/537.36"
170.106.35.153 - - [05/Sep/2025:01:39:22 +0800] "GET /portfolio-category/remaining-rolls/ HTTP/1.1" 200 17594 "-" "Mozilla/5.0 (iPhone; CPU iPhone OS 13_2_3 like Mac OS X) AppleWebKit/605.1.15 (KHTML, like Gecko) Version/13.0.3 Mobile/15E148 Safari/604.1"
36.133.115.36 - - [05/Sep/2025:01:49:56 +0800] "POST /wp-cron.php?doing_wp_cron=1757008196.4018950462341308593750 HTTP/1.1" 200 31 "-" "WordPress/6.8.2; http://cqqizhou.com"
43.135.142.7 - - [05/Sep/2025:01:49:56 +0800] "GET /wp-content/uploads/2025/07/1753587901-Slider_3840 HTTP/1.1" 404 8990 "-" "Mozilla/5.0 (iPhone; CPU iPhone OS 13_2_3 like Mac OS X) AppleWebKit/605.1.15 (KHTML, like Gecko) Version/13.0.3 Mobile/15E148 Safari/604.1"
36.133.115.36 - - [05/Sep/2025:01:52:34 +0800] "POST /wp-cron.php?doing_wp_cron=1757008354.7298231124877929687500 HTTP/1.1" 200 31 "-" "WordPress/6.8.2; http://cqqizhou.com"
45.135.193.100 - - [05/Sep/2025:01:52:35 +0800] "GET / HTTP/1.1" 200 33467 "-" "Mozilla/5.0 (Windows NT 10.0; Win64; x64) AppleWebKit/537.36 (KHTML, like Gecko) Chrome/90.0.4430.85 Safari/537.36 Edg/90.0.818.46"
36.133.115.36 - - [05/Sep/2025:01:57:24 +0800] "POST /wp-cron.php?doing_wp_cron=1757008644.6134688854217529296875 HTTP/1.1" 200 31 "-" "WordPress/6.8.2; http://cqqizhou.com"
43.156.156.96 - - [05/Sep/2025:01:57:24 +0800] "GET /wp-content/uploads/2025/07/1753453127- HTTP/1.1" 404 8991 "-" "Mozilla/5.0 (iPhone; CPU iPhone OS 13_2_3 like Mac OS X) AppleWebKit/605.1.15 (KHTML, like Gecko) Version/13.0.3 Mobile/15E148 Safari/604.1"
36.133.115.36 - - [05/Sep/2025:02:19:03 +0800] "POST /wp-cron.php?doing_wp_cron=1757009942.9792850017547607421875 HTTP/1.1" 200 31 "-" "WordPress/6.8.2; http://cqqizhou.com"
43.166.128.187 - - [05/Sep/2025:02:19:03 +0800] "GET /portfolio-category/hot-dip-galvanized-coil/ HTTP/1.1" 200 17628 "-" "Mozilla/5.0 (iPhone; CPU iPhone OS 13_2_3 like Mac OS X) AppleWebKit/605.1.15 (KHTML, like Gecko) Version/13.0.3 Mobile/15E148 Safari/604.1"
36.133.115.36 - - [05/Sep/2025:02:19:47 +0800] "POST /wp-cron.php?doing_wp_cron=1757009987.8830931186676025390625 HTTP/1.1" 200 31 "-" "WordPress/6.8.2; http://cqqizhou.com"
36.133.108.119 - - [05/Sep/2025:02:19:47 +0800] "HEAD /.git/config HTTP/1.1" 404 0 "-" "Mozilla/5.0 (Windows NT 6.1) AppleWebKit/537.36 (KHTML, like Gecko) Chrome/27.0.1453.90 Safari/537.36"
36.133.115.36 - - [05/Sep/2025:02:21:58 +0800] "POST /wp-cron.php?doing_wp_cron=1757010118.6458380222320556640625 HTTP/1.1" 200 31 "-" "WordPress/6.8.2; http://cqqizhou.com"
45.135.193.100 - - [05/Sep/2025:02:21:58 +0800] "GET / HTTP/1.1" 200 33467 "-" "Mozilla/5.0 (Windows NT 10.0; Win64; x64) AppleWebKit/537.36 (KHTML, like Gecko) Chrome/90.0.4430.85 Safari/537.36 Edg/90.0.818.46"
36.133.115.36 - - [05/Sep/2025:02:25:06 +0800] "POST /wp-cron.php?doing_wp_cron=1757010305.9738070964813232421875 HTTP/1.1" 200 31 "-" "WordPress/6.8.2; http://cqqizhou.com"
43.159.145.149 - - [05/Sep/2025:02:25:06 +0800] "GET /wp-content/uploads/2025/07/1753453029- HTTP/1.1" 404 8989 "-" "Mozilla/5.0 (iPhone; CPU iPhone OS 13_2_3 like Mac OS X) AppleWebKit/605.1.15 (KHTML, like Gecko) Version/13.0.3 Mobile/15E148 Safari/604.1"
101.32.52.164 - - [05/Sep/2025:02:25:13 +0800] "GET /about/ HTTP/1.1" 200 24239 "-" "Mozilla/5.0 (iPhone; CPU iPhone OS 13_2_3 like Mac OS X) AppleWebKit/605.1.15 (KHTML, like Gecko) Version/13.0.3 Mobile/15E148 Safari/604.1"
36.133.115.36 - - [05/Sep/2025:02:29:07 +0800] "POST /wp-cron.php?doing_wp_cron=1757010547.8983249664306640625000 HTTP/1.1" 200 31 "-" "WordPress/6.8.2; http://cqqizhou.com"
35.240.87.106 - - [05/Sep/2025:02:29:07 +0800] "GET / HTTP/1.1" 301 5 "-" "python-requests/2.32.4"
36.133.115.36 - - [05/Sep/2025:02:34:03 +0800] "POST /wp-cron.php?doing_wp_cron=1757010843.0012021064758300781250 HTTP/1.1" 200 31 "-" "WordPress/6.8.2; http://cqqizhou.com"
156.245.248.226 - - [05/Sep/2025:02:34:03 +0800] "POST /hello.world?%ADd+allow_url_include%3d1+%ADd+auto_prepend_file%3dphp://input HTTP/1.1" 404 31381 "-" "libredtail-http"
156.245.248.226 - - [05/Sep/2025:02:34:04 +0800] "POST /?%ADd+allow_url_include%3d1+%ADd+auto_prepend_file%3dphp://input HTTP/1.1" 200 151919 "-" "libredtail-http"
156.245.248.226 - - [05/Sep/2025:02:34:06 +0800] "GET /vendor/phpunit/phpunit/src/Util/PHP/eval-stdin.php HTTP/1.1" 404 27 "-" "libredtail-http"
156.245.248.226 - - [05/Sep/2025:02:34:06 +0800] "GET /vendor/phpunit/phpunit/Util/PHP/eval-stdin.php HTTP/1.1" 404 27 "-" "libredtail-http"
156.245.248.226 - - [05/Sep/2025:02:34:07 +0800] "GET /vendor/phpunit/src/Util/PHP/eval-stdin.php HTTP/1.1" 404 27 "-" "libredtail-http"
156.245.248.226 - - [05/Sep/2025:02:34:07 +0800] "GET /vendor/phpunit/Util/PHP/eval-stdin.php HTTP/1.1" 404 27 "-" "libredtail-http"
156.245.248.226 - - [05/Sep/2025:02:34:07 +0800] "GET /vendor/phpunit/phpunit/LICENSE/eval-stdin.php HTTP/1.1" 404 27 "-" "libredtail-http"
156.245.248.226 - - [05/Sep/2025:02:35:07 +0800] "GET /vendor/vendor/phpunit/phpunit/src/Util/PHP/eval-stdin.php HTTP/1.1" 404 27 "-" "libredtail-http"
43.130.105.21 - - [05/Sep/2025:02:38:22 +0800] "GET /wp-content/uploads/2025/07/1751425283-qizhou.kf_.qq_.com_.webp HTTP/1.1" 200 16864 "-" "Mozilla/5.0 (iPhone; CPU iPhone OS 13_2_3 like Mac OS X) AppleWebKit/605.1.15 (KHTML, like Gecko) Version/13.0.3 Mobile/15E148 Safari/604.1"
36.133.115.36 - - [05/Sep/2025:02:43:35 +0800] "POST /wp-cron.php?doing_wp_cron=1757011415.9298210144042968750000 HTTP/1.1" 200 31 "-" "WordPress/6.8.2; http://cqqizhou.com"
4.230.37.176 - - [05/Sep/2025:02:43:35 +0800] "HEAD /wordpress HTTP/1.1" 404 0 "-" "Mozilla/5.0 (Windows NT 10.0; Win64; x64) AppleWebKit/537.36 (KHTML, like Gecko) Chrome/74.0.3729.169 Safari/537.36"
4.230.37.176 - - [05/Sep/2025:02:43:36 +0800] "HEAD / HTTP/1.1" 200 0 "-" "Mozilla/5.0 (Windows NT 10.0; Win64; x64) AppleWebKit/537.36 (KHTML, like Gecko) Chrome/74.0.3729.169 Safari/537.36"
4.230.37.176 - - [05/Sep/2025:02:43:36 +0800] "HEAD /wp HTTP/1.1" 404 0 "-" "Mozilla/5.0 (Windows NT 10.0; Win64; x64) AppleWebKit/537.36 (KHTML, like Gecko) Chrome/74.0.3729.169 Safari/537.36"
4.230.37.176 - - [05/Sep/2025:02:43:37 +0800] "HEAD /bc HTTP/1.1" 404 0 "-" "Mozilla/5.0 (Windows NT 10.0; Win64; x64) AppleWebKit/537.36 (KHTML, like Gecko) Chrome/74.0.3729.169 Safari/537.36"
4.230.37.176 - - [05/Sep/2025:02:43:38 +0800] "HEAD /bk HTTP/1.1" 404 0 "-" "Mozilla/5.0 (Windows NT 10.0; Win64; x64) AppleWebKit/537.36 (KHTML, like Gecko) Chrome/74.0.3729.169 Safari/537.36"
4.230.37.176 - - [05/Sep/2025:02:43:38 +0800] "HEAD /backup HTTP/1.1" 404 0 "-" "Mozilla/5.0 (Windows NT 10.0; Win64; x64) AppleWebKit/537.36 (KHTML, like Gecko) Chrome/74.0.3729.169 Safari/537.36"
4.230.37.176 - - [05/Sep/2025:02:43:39 +0800] "HEAD /old HTTP/1.1" 404 0 "-" "Mozilla/5.0 (Windows NT 10.0; Win64; x64) AppleWebKit/537.36 (KHTML, like Gecko) Chrome/74.0.3729.169 Safari/537.36"
4.230.37.176 - - [05/Sep/2025:02:43:40 +0800] "HEAD /new HTTP/1.1" 301 0 "-" "Mozilla/5.0 (Windows NT 10.0; Win64; x64) AppleWebKit/537.36 (KHTML, like Gecko) Chrome/74.0.3729.169 Safari/537.36"
4.230.37.176 - - [05/Sep/2025:02:43:40 +0800] "HEAD /news/ HTTP/1.1" 200 0 "http://cqqizhou.com/new" "Mozilla/5.0 (Windows NT 10.0; Win64; x64) AppleWebKit/537.36 (KHTML, like Gecko) Chrome/74.0.3729.169 Safari/537.36"
4.230.37.176 - - [05/Sep/2025:02:43:41 +0800] "HEAD /main HTTP/1.1" 404 0 "-" "Mozilla/5.0 (Windows NT 10.0; Win64; x64) AppleWebKit/537.36 (KHTML, like Gecko) Chrome/74.0.3729.169 Safari/537.36"
4.230.37.176 - - [05/Sep/2025:02:43:41 +0800] "HEAD /home HTTP/1.1" 301 0 "-" "Mozilla/5.0 (Windows NT 10.0; Win64; x64) AppleWebKit/537.36 (KHTML, like Gecko) Chrome/74.0.3729.169 Safari/537.36"
4.230.37.176 - - [05/Sep/2025:02:43:42 +0800] "HEAD / HTTP/1.1" 200 0 "http://cqqizhou.com/home" "Mozilla/5.0 (Windows NT 10.0; Win64; x64) AppleWebKit/537.36 (KHTML, like Gecko) Chrome/74.0.3729.169 Safari/537.36"
36.133.115.36 - - [05/Sep/2025:02:47:00 +0800] "POST /wp-cron.php?doing_wp_cron=1757011620.7502510547637939453125 HTTP/1.1" 200 31 "-" "WordPress/6.8.2; http://cqqizhou.com"
43.135.130.202 - - [05/Sep/2025:02:47:00 +0800] "GET /logistics/ HTTP/1.1" 200 18248 "-" "Mozilla/5.0 (iPhone; CPU iPhone OS 13_2_3 like Mac OS X) AppleWebKit/605.1.15 (KHTML, like Gecko) Version/13.0.3 Mobile/15E148 Safari/604.1"
36.133.115.36 - - [05/Sep/2025:02:54:28 +0800] "POST /wp-cron.php?doing_wp_cron=1757012068.8713300228118896484375 HTTP/1.1" 200 31 "-" "WordPress/6.8.2; http://cqqizhou.com"
45.135.193.100 - - [05/Sep/2025:02:54:29 +0800] "GET / HTTP/1.1" 200 33467 "-" "Mozilla/5.0 (Windows NT 10.0; Win64; x64) AppleWebKit/537.36 (KHTML, like Gecko) Chrome/90.0.4430.85 Safari/537.36 Edg/90.0.818.46"
36.133.115.36 - - [05/Sep/2025:02:56:34 +0800] "POST /wp-cron.php?doing_wp_cron=1757012194.0677320957183837890625 HTTP/1.1" 200 31 "-" "WordPress/6.8.2; http://cqqizhou.com"
43.133.253.253 - - [05/Sep/2025:02:56:34 +0800] "GET /portfolio/hot-dip-galvanized-coil/ HTTP/1.1" 200 18819 "-" "Mozilla/5.0 (iPhone; CPU iPhone OS 13_2_3 like Mac OS X) AppleWebKit/605.1.15 (KHTML, like Gecko) Version/13.0.3 Mobile/15E148 Safari/604.1"
36.133.115.36 - - [05/Sep/2025:03:01:42 +0800] "POST /wp-cron.php?doing_wp_cron=1757012502.1633629798889160156250 HTTP/1.1" 200 31 "-" "WordPress/6.8.2; http://cqqizhou.com"
36.133.108.119 - - [05/Sep/2025:03:01:42 +0800] "HEAD /containers/json HTTP/1.1" 404 0 "-" "Mozilla/5.0 (Macintosh; Intel Mac OS X 10_8_3) AppleWebKit/537.36 (KHTML, like Gecko) Chrome/27.0.1453.93 Safari/537.36"
36.133.115.36 - - [05/Sep/2025:03:09:26 +0800] "POST /wp-cron.php?doing_wp_cron=1757012966.8197300434112548828125 HTTP/1.1" 200 31 "-" "WordPress/6.8.2; http://cqqizhou.com"
43.159.141.150 - - [05/Sep/2025:03:09:27 +0800] "GET /2165/ HTTP/1.1" 200 23005 "-" "Mozilla/5.0 (iPhone; CPU iPhone OS 13_2_3 like Mac OS X) AppleWebKit/605.1.15 (KHTML, like Gecko) Version/13.0.3 Mobile/15E148 Safari/604.1"
36.133.115.36 - - [05/Sep/2025:03:11:55 +0800] "POST /wp-cron.php?doing_wp_cron=1757013115.8769049644470214843750 HTTP/1.1" 200 31 "-" "WordPress/6.8.2; http://cqqizhou.com"
20.98.136.63 - - [05/Sep/2025:03:11:55 +0800] "GET / HTTP/1.1" 301 5 "-" "Mozilla/5.0 zgrab/0.x"
36.133.115.36 - - [05/Sep/2025:03:20:08 +0800] "POST /wp-cron.php?doing_wp_cron=1757013608.5687210559844970703125 HTTP/1.1" 200 31 "-" "WordPress/6.8.2; http://cqqizhou.com"
170.106.147.63 - - [05/Sep/2025:03:20:08 +0800] "GET /portfolio/ HTTP/1.1" 200 17013 "-" "Mozilla/5.0 (iPhone; CPU iPhone OS 13_2_3 like Mac OS X) AppleWebKit/605.1.15 (KHTML, like Gecko) Version/13.0.3 Mobile/15E148 Safari/604.1"
36.133.115.36 - - [05/Sep/2025:03:24:20 +0800] "POST /wp-cron.php?doing_wp_cron=1757013860.0407600402832031250000 HTTP/1.1" 200 31 "-" "WordPress/6.8.2; http://cqqizhou.com"
120.71.59.24 - - [05/Sep/2025:03:24:20 +0800] "GET / HTTP/1.1" 200 33467 "-" "Mozilla/5.0 (iPhone; CPU iPhone OS 13_2_3 like Mac OS X) AppleWebKit/605.1.15 (KHTML, like Gecko) Version/13.0.3 Mobile/15E148 Safari/604.1"
36.133.115.36 - - [05/Sep/2025:03:25:03 +0800] "POST /wp-cron.php?doing_wp_cron=1757013903.2560420036315917968750 HTTP/1.1" 200 31 "-" "WordPress/6.8.2; http://cqqizhou.com"
45.135.193.100 - - [05/Sep/2025:03:25:03 +0800] "GET / HTTP/1.1" 200 33466 "-" "Mozilla/5.0 (Windows NT 10.0; Win64; x64) AppleWebKit/537.36 (KHTML, like Gecko) Chrome/90.0.4430.85 Safari/537.36 Edg/90.0.818.46"
49.51.196.42 - - [05/Sep/2025:03:33:32 +0800] "GET /wp-content/uploads/elementor/thumbs/1751209300-Hello-Qizhou3-r91b71mdtei8mab1rr8x739cnvi1mafuaga3vbed3o.webp HTTP/1.1" 200 39120 "-" "Mozilla/5.0 (iPhone; CPU iPhone OS 13_2_3 like Mac OS X) AppleWebKit/605.1.15 (KHTML, like Gecko) Version/13.0.3 Mobile/15E148 Safari/604.1"
36.133.115.36 - - [05/Sep/2025:03:38:22 +0800] "POST /wp-cron.php?doing_wp_cron=1757014702.7789149284362792968750 HTTP/1.1" 200 31 "-" "WordPress/6.8.2; http://cqqizhou.com"
50.6.156.67 - - [05/Sep/2025:03:38:22 +0800] "GET /wp-login.php HTTP/1.1" 200 2779 "-" "Mozilla/5.0 (X11; Ubuntu; Linux x86_64; rv:85.0) Gecko/20100101 Firefox/91.0"
50.6.156.67 - - [05/Sep/2025:03:38:24 +0800] "POST /wp-login.php HTTP/1.1" 200 2887 "-" "Mozilla/5.0 (X11; Ubuntu; Linux x86_64; rv:85.0) Gecko/20100101 Firefox/91.0"
36.133.115.36 - - [05/Sep/2025:03:41:42 +0800] "POST /wp-cron.php?doing_wp_cron=1757014902.9309411048889160156250 HTTP/1.1" 200 31 "-" "WordPress/6.8.2; http://cqqizhou.com"
124.156.157.91 - - [05/Sep/2025:03:41:43 +0800] "GET /wp-content/uploads/2025/07/1753407887-Logistics_Banner2000 HTTP/1.1" 404 8990 "-" "Mozilla/5.0 (iPhone; CPU iPhone OS 13_2_3 like Mac OS X) AppleWebKit/605.1.15 (KHTML, like Gecko) Version/13.0.3 Mobile/15E148 Safari/604.1"
36.133.115.36 - - [05/Sep/2025:03:46:16 +0800] "POST /wp-cron.php?doing_wp_cron=1757015176.4801468849182128906250 HTTP/1.1" 200 31 "-" "WordPress/6.8.2; http://cqqizhou.com"
47.92.65.140 - - [05/Sep/2025:03:46:16 +0800] "GET / HTTP/1.0" 301 0 "-" "-"
47.92.65.140 - - [05/Sep/2025:03:46:22 +0800] "GET /Portal0000.htm HTTP/1.1" 404 31381 "-" "curl/7.54.0"
47.92.65.140 - - [05/Sep/2025:03:46:22 +0800] "GET /webui HTTP/1.1" 404 31381 "-" "curl/7.54.0"
47.92.65.140 - - [05/Sep/2025:03:46:22 +0800] "GET /nmaplowercheck1757015230 HTTP/1.1" 404 31381 "-" "curl/7.54.0"
47.92.65.140 - - [05/Sep/2025:03:46:22 +0800] "GET /home.jsp HTTP/1.1" 404 31381 "-" "curl/7.54.0"
47.92.65.140 - - [05/Sep/2025:03:46:23 +0800] "GET / HTTP/1.1" 301 5 "-" "curl/7.54.0"
47.92.65.140 - - [05/Sep/2025:03:46:23 +0800] "GET /Portal/Portal.mwsl HTTP/1.1" 404 31381 "-" "curl/7.54.0"
47.92.65.140 - - [05/Sep/2025:03:46:23 +0800] "GET /webui HTTP/1.1" 404 31381 "-" "curl/7.54.0"
47.92.65.140 - - [05/Sep/2025:03:46:23 +0800] "GET / HTTP/1.1" 200 165874 "-" "curl/7.54.0"
47.92.65.140 - - [05/Sep/2025:03:46:23 +0800] "GET / HTTP/1.1" 301 5 "-" "curl/7.54.0"
47.92.65.140 - - [05/Sep/2025:03:46:23 +0800] "GET /__Additional HTTP/1.1" 404 31381 "-" "curl/7.54.0"
47.92.65.140 - - [05/Sep/2025:03:46:23 +0800] "GET /HNAP1 HTTP/1.1" 404 31381 "-" "curl/7.54.0"
47.92.65.140 - - [05/Sep/2025:03:46:24 +0800] "GET /main.aspx HTTP/1.1" 404 31381 "-" "curl/7.54.0"
47.92.65.140 - - [05/Sep/2025:03:46:24 +0800] "GET /user HTTP/1.1" 404 31381 "-" "curl/7.54.0"
47.92.65.140 - - [05/Sep/2025:03:46:24 +0800] "GET / HTTP/1.1" 301 5 "-" "curl/7.54.0"
47.92.65.140 - - [05/Sep/2025:03:46:24 +0800] "GET /docs/cplugError.html/ HTTP/1.1" 404 31381 "-" "curl/7.54.0"
47.92.65.140 - - [05/Sep/2025:03:46:24 +0800] "GET / HTTP/1.1" 200 165874 "-" "curl/7.54.0"
47.92.65.140 - - [05/Sep/2025:03:46:24 +0800] "GET /JWFu HTTP/1.1" 404 31381 "-" "curl/7.54.0"
47.92.65.140 - - [05/Sep/2025:03:46:24 +0800] "GET / HTTP/1.0" 301 0 "-" "-"
47.92.65.140 - - [05/Sep/2025:03:46:24 +0800] "GET /base.asp HTTP/1.1" 404 31381 "-" "curl/7.54.0"
47.92.65.140 - - [05/Sep/2025:03:46:25 +0800] "GET /user HTTP/1.1" 404 31381 "-" "curl/7.54.0"
47.92.65.140 - - [05/Sep/2025:03:46:25 +0800] "GET /.git/HEAD HTTP/1.1" 404 31381 "-" "curl/7.54.0"
47.92.65.140 - - [05/Sep/2025:03:46:25 +0800] "GET /owa/ HTTP/1.1" 404 31381 "-" "curl/7.54.0"
47.92.65.140 - - [05/Sep/2025:03:46:25 +0800] "POST /sdk HTTP/1.1" 404 31381 "-" "curl/7.54.0"
47.92.65.140 - - [05/Sep/2025:03:46:25 +0800] "GET /?=PHPE9568F36-D428-11d2-A769-00AA001ACF42 HTTP/1.1" 200 151919 "-" "curl/7.54.0"
47.92.65.140 - - [05/Sep/2025:03:46:25 +0800] "GET /indice.aspx HTTP/1.1" 404 31381 "-" "curl/7.54.0"
47.92.65.140 - - [05/Sep/2025:03:46:25 +0800] "GET /human.aspx HTTP/1.1" 404 31381 "-" "curl/7.54.0"
47.92.65.140 - - [05/Sep/2025:03:46:26 +0800] "GET /owa/ HTTP/1.1" 404 31381 "-" "curl/7.54.0"
47.92.65.140 - - [05/Sep/2025:03:46:26 +0800] "HEAD / HTTP/1.1" 301 0 "-" "curl/7.54.0"
47.92.65.140 - - [05/Sep/2025:03:46:26 +0800] "HEAD / HTTP/1.1" 200 0 "-" "curl/7.54.0"
47.92.65.140 - - [05/Sep/2025:03:46:26 +0800] "GET /localstart.jsa HTTP/1.1" 404 31381 "-" "curl/7.54.0"
47.92.65.140 - - [05/Sep/2025:03:46:26 +0800] "GET /human.aspx HTTP/1.1" 404 31381 "-" "curl/7.54.0"
47.92.65.140 - - [05/Sep/2025:03:46:27 +0800] "POST /scripts/WPnBr.dll HTTP/1.1" 404 31381 "-" "curl/7.54.0"
47.92.65.140 - - [05/Sep/2025:03:46:27 +0800] "GET /?=PHPB8B5F2A0-3C92-11d3-A3A9-4C7B08C10000 HTTP/1.1" 200 151919 "-" "curl/7.54.0"
47.92.65.140 - - [05/Sep/2025:03:46:27 +0800] "GET /pools/default/buckets HTTP/1.1" 404 31381 "-" "curl/7.54.0"
47.92.65.140 - - [05/Sep/2025:03:46:27 +0800] "GET / HTTP/1.1" 301 5 "-" "curl/7.54.0"
47.92.65.140 - - [05/Sep/2025:03:46:27 +0800] "GET /home.jsa HTTP/1.1" 404 31381 "-" "curl/7.54.0"
47.92.65.140 - - [05/Sep/2025:03:46:27 +0800] "GET /dana-cached/hc/HostCheckerInstaller.osx HTTP/1.1" 404 31381 "-" "curl/7.54.0"
47.92.65.140 - - [05/Sep/2025:03:46:28 +0800] "GET / HTTP/1.1" 301 5 "-" "curl/7.54.0"
47.92.65.140 - - [05/Sep/2025:03:46:28 +0800] "GET /pools HTTP/1.1" 404 31381 "-" "curl/7.54.0"
47.92.65.140 - - [05/Sep/2025:03:46:28 +0800] "GET /start.cfm HTTP/1.1" 404 31381 "-" "curl/7.54.0"
47.92.65.140 - - [05/Sep/2025:03:46:28 +0800] "GET /dana-na/nc/nc_gina_ver.txt HTTP/1.1" 404 31381 "-" "curl/7.54.0"
47.92.65.140 - - [05/Sep/2025:03:46:29 +0800] "GET /inicio.php HTTP/1.1" 404 27 "-" "curl/7.54.0"
47.92.65.140 - - [05/Sep/2025:03:46:29 +0800] "GET /+CSCOE+/logon.html HTTP/1.1" 404 31381 "-" "curl/7.54.0"
47.92.65.140 - - [05/Sep/2025:03:46:30 +0800] "GET /base.jhtml HTTP/1.1" 404 31381 "-" "curl/7.54.0"
47.92.65.140 - - [05/Sep/2025:03:46:30 +0800] "GET /CFIDE/componentutils/ HTTP/1.1" 404 31381 "-" "curl/7.54.0"
47.92.65.140 - - [05/Sep/2025:03:46:30 +0800] "GET /start.aspx HTTP/1.1" 404 31381 "-" "curl/7.54.0"
47.92.65.140 - - [05/Sep/2025:03:46:31 +0800] "GET /menu.pl HTTP/1.1" 404 31381 "-" "curl/7.54.0"
47.92.65.140 - - [05/Sep/2025:03:46:32 +0800] "GET /inicio.jhtml HTTP/1.1" 404 31381 "-" "curl/7.54.0"
36.133.115.36 - - [05/Sep/2025:03:46:58 +0800] "POST /wp-cron.php?doing_wp_cron=1757015218.0428099632263183593750 HTTP/1.1" 200 31 "-" "WordPress/6.8.2; http://cqqizhou.com"
47.92.65.140 - - [05/Sep/2025:03:46:58 +0800] "GET / HTTP/1.0" 301 0 "-" "-"
47.92.65.140 - - [05/Sep/2025:03:46:59 +0800] "GET / HTTP/1.1" 301 5 "-" "-"
36.133.115.36 - - [05/Sep/2025:03:55:58 +0800] "POST /wp-cron.php?doing_wp_cron=1757015758.8777379989624023437500 HTTP/1.1" 200 31 "-" "WordPress/6.8.2; http://cqqizhou.com"
43.164.195.17 - - [05/Sep/2025:03:55:58 +0800] "GET /wp-json/oembed/1.0/embed?url=http%3A%2F%2Fcqqizhou.com%2Flogistics%2F HTTP/1.1" 200 1114 "-" "Mozilla/5.0 (iPhone; CPU iPhone OS 13_2_3 like Mac OS X) AppleWebKit/605.1.15 (KHTML, like Gecko) Version/13.0.3 Mobile/15E148 Safari/604.1"
45.135.193.100 - - [05/Sep/2025:03:56:28 +0800] "GET / HTTP/1.1" 200 33467 "-" "Mozilla/5.0 (Windows NT 10.0; Win64; x64) AppleWebKit/537.36 (KHTML, like Gecko) Chrome/90.0.4430.85 Safari/537.36 Edg/90.0.818.46"
36.133.115.36 - - [05/Sep/2025:04:03:56 +0800] "POST /wp-cron.php?doing_wp_cron=1757016236.4417719841003417968750 HTTP/1.1" 200 31 "-" "WordPress/6.8.2; http://cqqizhou.com"
43.157.180.116 - - [05/Sep/2025:04:03:56 +0800] "GET /portfolio/duplex-stainless-steel/ HTTP/1.1" 200 18677 "-" "Mozilla/5.0 (iPhone; CPU iPhone OS 13_2_3 like Mac OS X) AppleWebKit/605.1.15 (KHTML, like Gecko) Version/13.0.3 Mobile/15E148 Safari/604.1"
13.67.56.59 - - [05/Sep/2025:04:04:02 +0800] "GET /wp-content/plugins/hellopress/wp_filemanager.php HTTP/1.1" 404 27 "-" "-"
13.67.56.59 - - [05/Sep/2025:04:04:02 +0800] "GET /golden.php HTTP/1.1" 404 27 "-" "-"
13.67.56.59 - - [05/Sep/2025:04:04:02 +0800] "GET /dejavu.php HTTP/1.1" 404 27 "-" "-"
13.67.56.59 - - [05/Sep/2025:04:04:02 +0800] "GET /file7.php HTTP/1.1" 404 27 "-" "-"
13.67.56.59 - - [05/Sep/2025:04:04:02 +0800] "GET /aa.php HTTP/1.1" 404 27 "-" "-"
13.67.56.59 - - [05/Sep/2025:04:04:02 +0800] "GET /ahax.php HTTP/1.1" 404 27 "-" "-"
13.67.56.59 - - [05/Sep/2025:04:04:02 +0800] "GET /.trash7309/index.php HTTP/1.1" 404 27 "-" "-"
13.67.56.59 - - [05/Sep/2025:04:04:02 +0800] "GET /lock360.php HTTP/1.1" 404 27 "-" "-"
13.67.56.59 - - [05/Sep/2025:04:04:02 +0800] "GET /asasx.php HTTP/1.1" 404 27 "-" "-"
13.67.56.59 - - [05/Sep/2025:04:04:03 +0800] "GET /file9.php HTTP/1.1" 404 27 "-" "-"
13.67.56.59 - - [05/Sep/2025:04:04:03 +0800] "GET /astab.php HTTP/1.1" 404 27 "-" "-"
13.67.56.59 - - [05/Sep/2025:04:04:03 +0800] "GET /wp.php HTTP/1.1" 404 27 "-" "-"
13.67.56.59 - - [05/Sep/2025:04:04:03 +0800] "GET /file8.php HTTP/1.1" 404 27 "-" "-"
13.67.56.59 - - [05/Sep/2025:04:04:03 +0800] "GET /file4.php HTTP/1.1" 404 27 "-" "-"
13.67.56.59 - - [05/Sep/2025:04:04:03 +0800] "GET /gfile.php HTTP/1.1" 404 27 "-" "-"
13.67.56.59 - - [05/Sep/2025:04:04:03 +0800] "GET /CLA.php HTTP/1.1" 404 27 "-" "-"
13.67.56.59 - - [05/Sep/2025:04:04:03 +0800] "GET /law.php HTTP/1.1" 404 27 "-" "-"
13.67.56.59 - - [05/Sep/2025:04:04:03 +0800] "GET /file5.php HTTP/1.1" 404 27 "-" "-"
13.67.56.59 - - [05/Sep/2025:04:04:03 +0800] "GET /file6.php HTTP/1.1" 404 27 "-" "-"
13.67.56.59 - - [05/Sep/2025:04:04:03 +0800] "GET /file3.php HTTP/1.1" 404 27 "-" "-"
13.67.56.59 - - [05/Sep/2025:04:04:03 +0800] "GET /file17.php HTTP/1.1" 404 27 "-" "-"
13.67.56.59 - - [05/Sep/2025:04:04:03 +0800] "GET /file2.php HTTP/1.1" 404 27 "-" "-"
13.67.56.59 - - [05/Sep/2025:04:04:03 +0800] "GET /wsa.php HTTP/1.1" 404 27 "-" "-"
13.67.56.59 - - [05/Sep/2025:04:04:03 +0800] "GET /xmlrpcx.php HTTP/1.1" 404 27 "-" "-"
13.67.56.59 - - [05/Sep/2025:04:04:04 +0800] "GET /ss.php HTTP/1.1" 404 27 "-" "-"
13.67.56.59 - - [05/Sep/2025:04:04:04 +0800] "GET /ot.php HTTP/1.1" 404 27 "-" "-"
13.67.56.59 - - [05/Sep/2025:04:04:04 +0800] "GET /zwso.php HTTP/1.1" 404 27 "-" "-"
13.67.56.59 - - [05/Sep/2025:04:04:04 +0800] "GET /ad.php HTTP/1.1" 404 27 "-" "-"
13.67.56.59 - - [05/Sep/2025:04:04:04 +0800] "GET /wp-conflg.php HTTP/1.1" 404 27 "-" "-"
13.67.56.59 - - [05/Sep/2025:04:04:04 +0800] "GET /wp-content/wp-conflg.php HTTP/1.1" 404 27 "-" "-"
13.67.56.59 - - [05/Sep/2025:04:04:04 +0800] "GET /403.php HTTP/1.1" 404 27 "-" "-"
13.67.56.59 - - [05/Sep/2025:04:04:04 +0800] "GET /acp.php HTTP/1.1" 404 27 "-" "-"
13.67.56.59 - - [05/Sep/2025:04:04:04 +0800] "GET /file.php HTTP/1.1" 404 27 "-" "-"
13.67.56.59 - - [05/Sep/2025:04:04:04 +0800] "GET /css/index.php HTTP/1.1" 404 27 "-" "-"
13.67.56.59 - - [05/Sep/2025:04:04:04 +0800] "GET /past.php HTTP/1.1" 404 27 "-" "-"
13.67.56.59 - - [05/Sep/2025:04:04:04 +0800] "GET /faq.php HTTP/1.1" 404 27 "-" "-"
13.67.56.59 - - [05/Sep/2025:04:04:04 +0800] "GET /NewFile.php HTTP/1.1" 404 27 "-" "-"
13.67.56.59 - - [05/Sep/2025:04:04:04 +0800] "GET /bolt.php HTTP/1.1" 404 27 "-" "-"
13.67.56.59 - - [05/Sep/2025:04:04:04 +0800] "GET /wp-mn.php HTTP/1.1" 404 27 "-" "-"
13.67.56.59 - - [05/Sep/2025:04:04:05 +0800] "GET /mek.php HTTP/1.1" 404 27 "-" "-"
13.67.56.59 - - [05/Sep/2025:04:04:05 +0800] "GET /wp-admin/file.php HTTP/1.1" 404 27 "-" "-"
13.67.56.59 - - [05/Sep/2025:04:04:05 +0800] "GET /alfa.php HTTP/1.1" 404 27 "-" "-"
13.67.56.59 - - [05/Sep/2025:04:04:05 +0800] "GET /lo.php HTTP/1.1" 404 27 "-" "-"
13.67.56.59 - - [05/Sep/2025:04:04:05 +0800] "GET /build.php HTTP/1.1" 404 27 "-" "-"
13.67.56.59 - - [05/Sep/2025:04:04:05 +0800] "GET /buy.php HTTP/1.1" 404 27 "-" "-"
13.67.56.59 - - [05/Sep/2025:04:04:05 +0800] "GET /404.php HTTP/1.1" 404 27 "-" "-"
13.67.56.59 - - [05/Sep/2025:04:04:05 +0800] "GET /pass.php HTTP/1.1" 404 27 "-" "-"
13.67.56.59 - - [05/Sep/2025:04:04:05 +0800] "GET /pepe.php HTTP/1.1" 404 27 "-" "-"
13.67.56.59 - - [05/Sep/2025:04:04:05 +0800] "GET /wp-admin/js/wp-conflg.php HTTP/1.1" 404 27 "-" "-"
13.67.56.59 - - [05/Sep/2025:04:04:05 +0800] "GET /bless.php HTTP/1.1" 404 27 "-" "-"
13.67.56.59 - - [05/Sep/2025:04:04:05 +0800] "GET /e.php HTTP/1.1" 404 27 "-" "-"
13.67.56.59 - - [05/Sep/2025:04:04:05 +0800] "GET /xleetx.php HTTP/1.1" 404 27 "-" "-"
13.67.56.59 - - [05/Sep/2025:04:04:05 +0800] "GET /elp.php HTTP/1.1" 404 27 "-" "-"
13.67.56.59 - - [05/Sep/2025:04:04:05 +0800] "GET /wp-admin/wp-conflg.php HTTP/1.1" 404 27 "-" "-"
13.67.56.59 - - [05/Sep/2025:04:04:06 +0800] "GET /great.php HTTP/1.1" 404 27 "-" "-"
13.67.56.59 - - [05/Sep/2025:04:04:06 +0800] "GET /about.php HTTP/1.1" 404 27 "-" "-"
13.67.56.59 - - [05/Sep/2025:04:04:06 +0800] "GET /Sanskrit.php HTTP/1.1" 404 27 "-" "-"
13.67.56.59 - - [05/Sep/2025:04:04:06 +0800] "GET /xax.php HTTP/1.1" 404 27 "-" "-"
13.67.56.59 - - [05/Sep/2025:04:04:06 +0800] "GET /wp-admin/setup-config.php HTTP/1.1" 409 2667 "-" "-"
13.67.56.59 - - [05/Sep/2025:04:04:13 +0800] "GET /wp-admin/about.php HTTP/1.1" 302 5 "-" "-"
13.67.56.59 - - [05/Sep/2025:04:04:13 +0800] "GET /wp-login.php?redirect_to=http%3A%2F%2Fcqqizhou.com%2Fwp-admin%2Fabout.php&reauth=1 HTTP/1.1" 200 8681 "-" "-"
13.67.56.59 - - [05/Sep/2025:04:04:13 +0800] "GET /lv.php HTTP/1.1" 404 27 "-" "-"
13.67.56.59 - - [05/Sep/2025:04:04:13 +0800] "GET /lc.php HTTP/1.1" 404 27 "-" "-"
13.67.56.59 - - [05/Sep/2025:04:04:13 +0800] "GET /dlex.php HTTP/1.1" 404 27 "-" "-"
36.133.115.36 - - [05/Sep/2025:04:11:52 +0800] "POST /wp-cron.php?doing_wp_cron=1757016712.7932579517364501953125 HTTP/1.1" 200 31 "-" "WordPress/6.8.2; http://cqqizhou.com"
93.174.93.12 - - [05/Sep/2025:04:11:52 +0800] "GET / HTTP/1.0" 301 0 "-" "Mozilla/5.0 (Linux; Android 8.1.0; Moto G (5S) Plus) AppleWebKit/537.36 (KHTML, like Gecko) Chrome/75.0.3770.143 Mobile Safari/537.36"
43.166.253.94 - - [05/Sep/2025:04:16:06 +0800] "GET /wp-content/uploads/2025/07/1753455650-DSC01469.webp HTTP/1.1" 200 32132 "-" "Mozilla/5.0 (iPhone; CPU iPhone OS 13_2_3 like Mac OS X) AppleWebKit/605.1.15 (KHTML, like Gecko) Version/13.0.3 Mobile/15E148 Safari/604.1"
36.133.115.36 - - [05/Sep/2025:04:16:56 +0800] "POST /wp-cron.php?doing_wp_cron=1757017016.7140929698944091796875 HTTP/1.1" 200 31 "-" "WordPress/6.8.2; http://cqqizhou.com"
103.81.84.34 - - [05/Sep/2025:04:16:56 +0800] "GET /wp-login.php HTTP/1.1" 200 2779 "-" "Mozilla/5.0 (X11; Ubuntu; Linux x86_64; rv:85.0) Gecko/20100101 Firefox/91.0"
103.81.84.34 - - [05/Sep/2025:04:17:03 +0800] "POST /wp-login.php HTTP/1.1" 200 2887 "-" "Mozilla/5.0 (X11; Ubuntu; Linux x86_64; rv:85.0) Gecko/20100101 Firefox/91.0"
36.133.115.36 - - [05/Sep/2025:04:20:22 +0800] "POST /wp-cron.php?doing_wp_cron=1757017222.6847450733184814453125 HTTP/1.1" 200 31 "-" "WordPress/6.8.2; http://cqqizhou.com"
36.133.108.121 - - [05/Sep/2025:04:20:22 +0800] "HEAD /version HTTP/1.1" 404 0 "-" "Mozilla/5.0 (Windows NT 6.1; WOW64; Trident/7.0; AS; rv:11.0) like Gecko"
36.133.115.36 - - [05/Sep/2025:04:23:13 +0800] "POST /wp-cron.php?doing_wp_cron=1757017393.1231579780578613281250 HTTP/1.1" 200 31 "-" "WordPress/6.8.2; http://cqqizhou.com"
149.50.103.48 - - [05/Sep/2025:04:23:13 +0800] "GET / HTTP/1.1" 200 33467 "-" "Mozilla/5.0 (Windows NT 10.0; Win64; x64) AppleWebKit/537.36 (KHTML, like Gecko) Chrome/90.0.4430.85 Safari/537.36 Edg/90.0.818.46"
43.167.241.46 - - [05/Sep/2025:04:23:15 +0800] "GET /portfolio-category/pickled-coil/ HTTP/1.1" 200 17617 "-" "Mozilla/5.0 (iPhone; CPU iPhone OS 13_2_3 like Mac OS X) AppleWebKit/605.1.15 (KHTML, like Gecko) Version/13.0.3 Mobile/15E148 Safari/604.1"
36.133.115.36 - - [05/Sep/2025:04:28:29 +0800] "POST /wp-cron.php?doing_wp_cron=1757017709.8592119216918945312500 HTTP/1.1" 200 31 "-" "WordPress/6.8.2; http://cqqizhou.com"
45.135.193.100 - - [05/Sep/2025:04:28:30 +0800] "GET / HTTP/1.1" 200 33467 "-" "Mozilla/5.0 (Windows NT 10.0; Win64; x64) AppleWebKit/537.36 (KHTML, like Gecko) Chrome/90.0.4430.85 Safari/537.36 Edg/90.0.818.46"
36.133.115.36 - - [05/Sep/2025:04:34:54 +0800] "POST /wp-cron.php?doing_wp_cron=1757018094.3669168949127197265625 HTTP/1.1" 200 31 "-" "WordPress/6.8.2; http://cqqizhou.com"
91.224.92.17 - - [05/Sep/2025:04:35:14 +0800] "GET / HTTP/1.1" 200 109837 "-" "-"
36.133.115.36 - - [05/Sep/2025:04:37:04 +0800] "POST /wp-cron.php?doing_wp_cron=1757018224.2851450443267822265625 HTTP/1.1" 200 31 "-" "WordPress/6.8.2; http://cqqizhou.com"
45.135.193.253 - - [05/Sep/2025:04:37:05 +0800] "GET / HTTP/1.1" 200 151919 "-" "-"
36.133.115.36 - - [05/Sep/2025:04:44:12 +0800] "POST /wp-cron.php?doing_wp_cron=1757018652.1186850070953369140625 HTTP/1.1" 200 31 "-" "WordPress/6.8.2; http://cqqizhou.com"
128.203.204.195 - - [05/Sep/2025:04:44:12 +0800] "GET /hudson HTTP/1.1" 404 8990 "-" "Mozilla/5.0 zgrab/0.x"
36.133.115.36 - - [05/Sep/2025:04:47:21 +0800] "POST /wp-cron.php?doing_wp_cron=1757018841.1403739452362060546875 HTTP/1.1" 200 31 "-" "WordPress/6.8.2; http://cqqizhou.com"
64.227.103.208 - - [05/Sep/2025:04:47:21 +0800] "GET /.env HTTP/1.1" 404 8990 "-" "Mozilla/5.0; Keydrop.io/1.0(onlyscans.com/about);"
64.227.103.208 - - [05/Sep/2025:04:47:22 +0800] "GET /.git/config HTTP/1.1" 404 8990 "-" "Mozilla/5.0; Keydrop.io/1.0(onlyscans.com/about);"
36.133.115.36 - - [05/Sep/2025:04:53:31 +0800] "POST /wp-cron.php?doing_wp_cron=1757019211.6164391040802001953125 HTTP/1.1" 200 31 "-" "WordPress/6.8.2; http://cqqizhou.com"
185.151.245.30 - - [05/Sep/2025:04:53:31 +0800] "GET /wp-login.php HTTP/1.1" 200 2779 "-" "Mozilla/5.0 (X11; Ubuntu; Linux x86_64; rv:85.0) Gecko/20100101 Firefox/91.0"
185.151.245.30 - - [05/Sep/2025:04:53:34 +0800] "POST /wp-login.php HTTP/1.1" 200 2887 "-" "Mozilla/5.0 (X11; Ubuntu; Linux x86_64; rv:85.0) Gecko/20100101 Firefox/91.0"
36.133.115.36 - - [05/Sep/2025:05:00:00 +0800] "POST /wp-cron.php?doing_wp_cron=1757019600.8067739009857177734375 HTTP/1.1" 200 31 "-" "WordPress/6.8.2; http://cqqizhou.com"
45.135.193.100 - - [05/Sep/2025:05:00:01 +0800] "GET / HTTP/1.1" 200 33466 "-" "Mozilla/5.0 (Windows NT 10.0; Win64; x64) AppleWebKit/537.36 (KHTML, like Gecko) Chrome/90.0.4430.85 Safari/537.36 Edg/90.0.818.46"
36.133.115.36 - - [05/Sep/2025:05:09:50 +0800] "POST /wp-cron.php?doing_wp_cron=1757020190.1757640838623046875000 HTTP/1.1" 200 31 "-" "WordPress/6.8.2; http://cqqizhou.com"
91.224.92.17 - - [05/Sep/2025:05:10:09 +0800] "GET / HTTP/1.1" 200 109837 "-" "-"
36.133.115.36 - - [05/Sep/2025:05:26:58 +0800] "POST /wp-cron.php?doing_wp_cron=1757021218.5205690860748291015625 HTTP/1.1" 200 31 "-" "WordPress/6.8.2; http://cqqizhou.com"
66.249.68.70 - - [05/Sep/2025:05:26:58 +0800] "GET /robots.txt HTTP/1.1" 200 190 "-" "Mozilla/5.0 (compatible; Googlebot/2.1; +http://www.google.com/bot.html)"
66.249.68.64 - - [05/Sep/2025:05:26:59 +0800] "GET /wp-sitemap.xml HTTP/1.1" 501 253 "-" "Mozilla/5.0 (compatible; Googlebot/2.1; +http://www.google.com/bot.html)"
36.133.115.36 - - [05/Sep/2025:05:28:00 +0800] "POST /wp-cron.php?doing_wp_cron=1757021280.4745290279388427734375 HTTP/1.1" 200 31 "-" "WordPress/6.8.2; http://cqqizhou.com"
66.249.68.70 - - [05/Sep/2025:05:28:00 +0800] "GET /wp-sitemap.xml HTTP/1.1" 501 253 "-" "Mozilla/5.0 (compatible; Googlebot/2.1; +http://www.google.com/bot.html)"
50.6.193.138 - - [05/Sep/2025:05:28:21 +0800] "GET /wp-login.php HTTP/1.1" 200 2779 "-" "Mozilla/5.0 (X11; Ubuntu; Linux x86_64; rv:85.0) Gecko/20100101 Firefox/91.0"
50.6.193.138 - - [05/Sep/2025:05:28:23 +0800] "POST /wp-login.php HTTP/1.1" 200 2887 "-" "Mozilla/5.0 (X11; Ubuntu; Linux x86_64; rv:85.0) Gecko/20100101 Firefox/91.0"
36.133.115.36 - - [05/Sep/2025:05:29:01 +0800] "POST /wp-cron.php?doing_wp_cron=1757021341.6945779323577880859375 HTTP/1.1" 200 31 "-" "WordPress/6.8.2; http://cqqizhou.com"
66.249.68.64 - - [05/Sep/2025:05:29:01 +0800] "GET /wp-sitemap.xml HTTP/1.1" 501 253 "-" "Mozilla/5.0 (compatible; Googlebot/2.1; +http://www.google.com/bot.html)"
36.133.115.36 - - [05/Sep/2025:05:30:02 +0800] "POST /wp-cron.php?doing_wp_cron=1757021402.9481379985809326171875 HTTP/1.1" 200 31 "-" "WordPress/6.8.2; http://cqqizhou.com"
66.249.68.64 - - [05/Sep/2025:05:30:03 +0800] "GET /wp-sitemap.xml HTTP/1.1" 501 253 "-" "Mozilla/5.0 (compatible; Googlebot/2.1; +http://www.google.com/bot.html)"
149.50.103.48 - - [05/Sep/2025:05:30:11 +0800] "GET / HTTP/1.1" 200 33466 "-" "Mozilla/5.0 (Windows NT 10.0; Win64; x64) AppleWebKit/537.36 (KHTML, like Gecko) Chrome/90.0.4430.85 Safari/537.36 Edg/90.0.818.46"
36.133.115.36 - - [05/Sep/2025:05:30:57 +0800] "POST /wp-cron.php?doing_wp_cron=1757021457.4950110912322998046875 HTTP/1.1" 200 31 "-" "WordPress/6.8.2; http://cqqizhou.com"
45.135.193.100 - - [05/Sep/2025:05:30:57 +0800] "GET / HTTP/1.1" 200 33467 "-" "Mozilla/5.0 (Windows NT 10.0; Win64; x64) AppleWebKit/537.36 (KHTML, like Gecko) Chrome/90.0.4430.85 Safari/537.36 Edg/90.0.818.46"
36.133.115.36 - - [05/Sep/2025:05:42:13 +0800] "POST /wp-cron.php?doing_wp_cron=1757022133.1623868942260742187500 HTTP/1.1" 200 31 "-" "WordPress/6.8.2; http://cqqizhou.com"
192.227.246.117 - - [05/Sep/2025:05:42:13 +0800] "GET /.env HTTP/1.1" 404 8989 "-" "Mozilla/5.0 (Linux; U; Android 4.4.2; en-US; HM NOTE 1W Build/KOT49H) AppleWebKit/534.30 (KHTML, like Gecko) Version/4.0 UCBrowser/11.0.5.850 U3/0.8.0 Mobile Safari/534.30"
192.227.246.117 - - [05/Sep/2025:05:42:14 +0800] "POST / HTTP/1.1" 200 33466 "-" "Mozilla/5.0 (Linux; U; Android 4.4.2; en-US; HM NOTE 1W Build/KOT49H) AppleWebKit/534.30 (KHTML, like Gecko) Version/4.0 UCBrowser/11.0.5.850 U3/0.8.0 Mobile Safari/534.30"
36.133.115.36 - - [05/Sep/2025:06:02:19 +0800] "POST /wp-cron.php?doing_wp_cron=1757023339.4160211086273193359375 HTTP/1.1" 200 31 "-" "WordPress/6.8.2; http://cqqizhou.com"
45.135.193.100 - - [05/Sep/2025:06:02:19 +0800] "GET / HTTP/1.1" 200 33466 "-" "Mozilla/5.0 (Windows NT 10.0; Win64; x64) AppleWebKit/537.36 (KHTML, like Gecko) Chrome/90.0.4430.85 Safari/537.36 Edg/90.0.818.46"
36.133.115.36 - - [05/Sep/2025:06:05:09 +0800] "POST /wp-cron.php?doing_wp_cron=1757023509.5678899288177490234375 HTTP/1.1" 200 31 "-" "WordPress/6.8.2; http://cqqizhou.com"
80.97.160.131 - - [05/Sep/2025:06:05:09 +0800] "GET / HTTP/1.1" 301 5 "-" "-"
36.133.115.36 - - [05/Sep/2025:06:09:26 +0800] "POST /wp-cron.php?doing_wp_cron=1757023766.8041191101074218750000 HTTP/1.1" 200 31 "-" "WordPress/6.8.2; http://cqqizhou.com"
147.185.132.249 - - [05/Sep/2025:06:09:26 +0800] "GET / HTTP/1.0" 301 0 "-" "Hello from Palo Alto Networks, find out more about our scans in https://docs-cortex.paloaltonetworks.com/r/1/Cortex-Xpanse/Scanning-activity"
36.133.115.36 - - [05/Sep/2025:06:11:22 +0800] "POST /wp-cron.php?doing_wp_cron=1757023882.6948459148406982421875 HTTP/1.1" 200 31 "-" "WordPress/6.8.2; http://cqqizhou.com"
147.182.196.72 - - [05/Sep/2025:06:11:22 +0800] "GET /wp-login.php HTTP/1.1" 200 2779 "-" "Mozilla/5.0 (X11; Ubuntu; Linux x86_64; rv:85.0) Gecko/20100101 Firefox/91.0"
147.182.196.72 - - [05/Sep/2025:06:11:23 +0800] "POST /wp-login.php HTTP/1.1" 200 2973 "-" "Mozilla/5.0 (X11; Ubuntu; Linux x86_64; rv:85.0) Gecko/20100101 Firefox/91.0"
36.133.115.36 - - [05/Sep/2025:06:28:05 +0800] "POST /wp-cron.php?doing_wp_cron=1757024885.7167420387268066406250 HTTP/1.1" 200 31 "-" "WordPress/6.8.2; http://cqqizhou.com"
149.50.103.48 - - [05/Sep/2025:06:28:06 +0800] "GET / HTTP/1.1" 200 33467 "-" "Mozilla/5.0 (Windows NT 10.0; Win64; x64) AppleWebKit/537.36 (KHTML, like Gecko) Chrome/90.0.4430.85 Safari/537.36 Edg/90.0.818.46"
36.133.115.36 - - [05/Sep/2025:06:29:20 +0800] "POST /wp-cron.php?doing_wp_cron=1757024960.8027689456939697265625 HTTP/1.1" 200 31 "-" "WordPress/6.8.2; http://cqqizhou.com"
182.42.110.255 - - [05/Sep/2025:06:29:20 +0800] "GET / HTTP/1.1" 301 5 "-" "Mozilla/5.0 (iPhone; CPU iPhone OS 13_2_3 like Mac OS X) AppleWebKit/605.1.15 (KHTML, like Gecko) Version/13.0.3 Mobile/15E148 Safari/604.1"
182.42.110.255 - - [05/Sep/2025:06:29:26 +0800] "GET / HTTP/1.1" 200 33466 "http://www.cqqizhou.com" "Mozilla/5.0 (iPhone; CPU iPhone OS 13_2_3 like Mac OS X) AppleWebKit/605.1.15 (KHTML, like Gecko) Version/13.0.3 Mobile/15E148 Safari/604.1"
36.133.115.36 - - [05/Sep/2025:06:31:10 +0800] "POST /wp-cron.php?doing_wp_cron=1757025070.7607400417327880859375 HTTP/1.1" 200 31 "-" "WordPress/6.8.2; http://cqqizhou.com"
45.135.193.100 - - [05/Sep/2025:06:31:11 +0800] "GET / HTTP/1.1" 200 33467 "-" "Mozilla/5.0 (Windows NT 10.0; Win64; x64) AppleWebKit/537.36 (KHTML, like Gecko) Chrome/90.0.4430.85 Safari/537.36 Edg/90.0.818.46"
36.133.115.36 - - [05/Sep/2025:06:57:13 +0800] "POST /wp-cron.php?doing_wp_cron=1757026633.0296640396118164062500 HTTP/1.1" 200 31 "-" "WordPress/6.8.2; http://cqqizhou.com"
87.120.191.6 - - [05/Sep/2025:06:57:13 +0800] "GET / HTTP/1.1" 200 33466 "-" "Mozilla/5.0 (Windows NT 10.0; Win64; x64) AppleWebKit/537.36 (KHTML, like Gecko) Chrome/90.0.4430.85 Safari/537.36 Edg/90.0.818.46"
36.133.115.36 - - [05/Sep/2025:06:59:33 +0800] "POST /wp-cron.php?doing_wp_cron=1757026773.8640100955963134765625 HTTP/1.1" 200 31 "-" "WordPress/6.8.2; http://cqqizhou.com"
14.225.205.165 - - [05/Sep/2025:06:59:33 +0800] "GET /wp-login.php HTTP/1.1" 200 2779 "-" "Mozilla/5.0 (X11; Ubuntu; Linux x86_64; rv:85.0) Gecko/20100101 Firefox/91.0"
14.225.205.165 - - [05/Sep/2025:06:59:35 +0800] "POST /wp-login.php HTTP/1.1" 200 2887 "-" "Mozilla/5.0 (X11; Ubuntu; Linux x86_64; rv:85.0) Gecko/20100101 Firefox/91.0"
36.133.115.36 - - [05/Sep/2025:07:01:40 +0800] "POST /wp-cron.php?doing_wp_cron=1757026900.6408510208129882812500 HTTP/1.1" 200 31 "-" "WordPress/6.8.2; http://cqqizhou.com"
45.135.193.100 - - [05/Sep/2025:07:01:40 +0800] "GET / HTTP/1.1" 200 33466 "-" "Mozilla/5.0 (Windows NT 10.0; Win64; x64) AppleWebKit/537.36 (KHTML, like Gecko) Chrome/90.0.4430.85 Safari/537.36 Edg/90.0.818.46"
36.133.115.36 - - [05/Sep/2025:07:09:28 +0800] "POST /wp-cron.php?doing_wp_cron=1757027368.9288439750671386718750 HTTP/1.1" 200 31 "-" "WordPress/6.8.2; http://cqqizhou.com"
35.203.211.127 - - [05/Sep/2025:07:09:29 +0800] "GET / HTTP/1.1" 200 33467 "-" "Hello from Palo Alto Networks, find out more about our scans in https://docs-cortex.paloaltonetworks.com/r/1/Cortex-Xpanse/Scanning-activity"
36.133.115.36 - - [05/Sep/2025:07:31:00 +0800] "POST /wp-cron.php?doing_wp_cron=1757028660.3739719390869140625000 HTTP/1.1" 200 31 "-" "WordPress/6.8.2; http://cqqizhou.com"
91.224.92.17 - - [05/Sep/2025:07:31:19 +0800] "GET / HTTP/1.1" 200 109837 "-" "-"
36.133.115.36 - - [05/Sep/2025:07:31:46 +0800] "POST /wp-cron.php?doing_wp_cron=1757028706.4255490303039550781250 HTTP/1.1" 200 31 "-" "WordPress/6.8.2; http://cqqizhou.com"
45.135.193.100 - - [05/Sep/2025:07:31:46 +0800] "GET / HTTP/1.1" 200 33467 "-" "Mozilla/5.0 (Windows NT 10.0; Win64; x64) AppleWebKit/537.36 (KHTML, like Gecko) Chrome/90.0.4430.85 Safari/537.36 Edg/90.0.818.46"
36.133.115.36 - - [05/Sep/2025:07:43:39 +0800] "POST /wp-cron.php?doing_wp_cron=1757029419.5583469867706298828125 HTTP/1.1" 200 31 "-" "WordPress/6.8.2; http://cqqizhou.com"
91.224.92.17 - - [05/Sep/2025:07:43:59 +0800] "GET / HTTP/1.1" 200 109837 "-" "-"
36.133.115.36 - - [05/Sep/2025:07:46:40 +0800] "POST /wp-cron.php?doing_wp_cron=1757029600.2088739871978759765625 HTTP/1.1" 200 31 "-" "WordPress/6.8.2; http://cqqizhou.com"
47.237.177.222 - - [05/Sep/2025:07:46:40 +0800] "GET http://passport.baidu.com/ HTTP/1.1" 200 33466 "-" "-"
36.133.115.36 - - [05/Sep/2025:07:59:18 +0800] "POST /wp-cron.php?doing_wp_cron=1757030357.9970479011535644531250 HTTP/1.1" 200 31 "-" "WordPress/6.8.2; http://cqqizhou.com"
43.159.141.150 - - [05/Sep/2025:07:59:18 +0800] "GET / HTTP/1.1" 200 33467 "-" "Mozilla/5.0 (iPhone; CPU iPhone OS 13_2_3 like Mac OS X) AppleWebKit/605.1.15 (KHTML, like Gecko) Version/13.0.3 Mobile/15E148 Safari/604.1"
36.133.115.36 - - [05/Sep/2025:08:05:16 +0800] "POST /wp-cron.php?doing_wp_cron=1757030716.2653589248657226562500 HTTP/1.1" 200 31 "-" "WordPress/6.8.2; http://cqqizhou.com"
45.135.193.100 - - [05/Sep/2025:08:05:16 +0800] "GET / HTTP/1.1" 200 33467 "-" "Mozilla/5.0 (Windows NT 10.0; Win64; x64) AppleWebKit/537.36 (KHTML, like Gecko) Chrome/90.0.4430.85 Safari/537.36 Edg/90.0.818.46"
36.133.115.36 - - [05/Sep/2025:08:19:20 +0800] "POST /wp-cron.php?doing_wp_cron=1757031560.3850789070129394531250 HTTP/1.1" 200 31 "-" "WordPress/6.8.2; http://cqqizhou.com"
43.130.72.177 - - [05/Sep/2025:08:19:20 +0800] "GET / HTTP/1.1" 200 33467 "-" "Mozilla/5.0 (iPhone; CPU iPhone OS 13_2_3 like Mac OS X) AppleWebKit/605.1.15 (KHTML, like Gecko) Version/13.0.3 Mobile/15E148 Safari/604.1"
36.133.115.36 - - [05/Sep/2025:08:25:34 +0800] "POST /wp-cron.php?doing_wp_cron=1757031934.7222979068756103515625 HTTP/1.1" 200 31 "-" "WordPress/6.8.2; http://cqqizhou.com"
43.159.145.153 - - [05/Sep/2025:08:25:34 +0800] "GET /portfolio-category/cold-rolled-coil/ HTTP/1.1" 200 17641 "-" "Mozilla/5.0 (iPhone; CPU iPhone OS 13_2_3 like Mac OS X) AppleWebKit/605.1.15 (KHTML, like Gecko) Version/13.0.3 Mobile/15E148 Safari/604.1"
36.133.115.36 - - [05/Sep/2025:08:29:00 +0800] "POST /wp-cron.php?doing_wp_cron=1757032140.1203639507293701171875 HTTP/1.1" 200 31 "-" "WordPress/6.8.2; http://cqqizhou.com"
101.251.238.172 - - [05/Sep/2025:08:29:00 +0800] "POST /wsman HTTP/1.1" 404 31381 "-" "Microsoft WinRM Client"
101.251.238.172 - - [05/Sep/2025:08:29:00 +0800] "POST /wsman HTTP/1.1" 404 31381 "-" "Microsoft WinRM Client"
36.133.115.36 - - [05/Sep/2025:08:31:06 +0800] "POST /wp-cron.php?doing_wp_cron=1757032266.4179689884185791015625 HTTP/1.1" 200 31 "-" "WordPress/6.8.2; http://cqqizhou.com"
101.251.238.172 - - [05/Sep/2025:08:31:06 +0800] "GET / HTTP/1.1" 200 165874 "-" "Mozilla/5.0 (Windows NT 10.0; Win64; x64) AppleWebKit/537.36 (KHTML, like Gecko) Chrome/114.0.0.0 Safari/537.36"
196.251.84.253 - - [05/Sep/2025:08:31:07 +0800] "GET / HTTP/1.0" 200 151897 "-" "Mozilla/5.0 (X11; Linux x86_64; rv:140.0) Gecko/20100101 Firefox/140.0"
101.251.238.172 - - [05/Sep/2025:08:31:09 +0800] "GET / HTTP/1.1" 200 165874 "-" "-"
101.251.238.172 - - [05/Sep/2025:08:31:10 +0800] "GET /v1/models HTTP/1.1" 404 31381 "-" "Mozilla/5.0 (Windows NT 10.0; Win64; x64) AppleWebKit/537.36 (KHTML, like Gecko) Chrome/114.0.0.0 Safari/537.36"
101.251.238.172 - - [05/Sep/2025:08:31:14 +0800] "GET /v1/models HTTP/1.1" 404 31381 "http://cqqizhou.com/v1/models" "Mozilla/5.0 (Windows NT 10.0; Win64; x64) AppleWebKit/537.36 (KHTML, like Gecko) Chrome/114.0.0.0 Safari/537.36"
101.251.238.172 - - [05/Sep/2025:08:31:18 +0800] "GET /v1/models HTTP/1.1" 404 8990 "http://cqqizhou.com/v1/models" "Mozilla/5.0 (Windows NT 10.0; Win64; x64) AppleWebKit/537.36 (KHTML, like Gecko) Chrome/114.0.0.0 Safari/537.36"
36.133.115.36 - - [05/Sep/2025:08:35:25 +0800] "POST /wp-cron.php?doing_wp_cron=1757032525.1835820674896240234375 HTTP/1.1" 200 31 "-" "WordPress/6.8.2; http://cqqizhou.com"
