101.206.35.2 - - [05/Sep/2025:09:35:19 +0800] "GET /assets/1234.php HTTP/1.1" 404 47 "http://cqqizhou.com/assets/1234.php" "Mozilla/4.0 (compatible; MSIE 7.0; Windows NT 6.1; WOW64; Trident/7.0; SLCC2; .NET CLR 2.0.50727; .NET CLR 3.5.30729; .NET CLR 3.0.30729; Media Center PC 6.0; .NET4.0C; .NET4.0E)"
101.206.35.2 - - [05/Sep/2025:09:35:19 +0800] "GET /assets/1.php HTTP/1.1" 404 47 "http://cqqizhou.com/assets/1.php" "Mozilla/4.0 (compatible; MSIE 7.0; Windows NT 6.1; WOW64; Trident/7.0; SLCC2; .NET CLR 2.0.50727; .NET CLR 3.5.30729; .NET CLR 3.0.30729; Media Center PC 6.0; .NET4.0C; .NET4.0E)"
101.206.35.2 - - [05/Sep/2025:09:35:19 +0800] "GET /assets/11.php HTTP/1.1" 404 47 "http://cqqizhou.com/assets/11.php" "Mozilla/4.0 (compatible; MSIE 7.0; Windows NT 6.1; WOW64; Trident/7.0; SLCC2; .NET CLR 2.0.50727; .NET CLR 3.5.30729; .NET CLR 3.0.30729; Media Center PC 6.0; .NET4.0C; .NET4.0E)"
101.206.35.2 - - [05/Sep/2025:09:35:19 +0800] "GET /assets/ak.php HTTP/1.1" 404 47 "http://cqqizhou.com/assets/ak.php" "Mozilla/4.0 (compatible; MSIE 7.0; Windows NT 6.1; WOW64; Trident/7.0; SLCC2; .NET CLR 2.0.50727; .NET CLR 3.5.30729; .NET CLR 3.0.30729; Media Center PC 6.0; .NET4.0C; .NET4.0E)"
101.206.35.2 - - [05/Sep/2025:09:35:19 +0800] "GET /assets/nginx.php HTTP/1.1" 404 47 "http://cqqizhou.com/assets/nginx.php" "Mozilla/4.0 (compatible; MSIE 7.0; Windows NT 6.1; WOW64; Trident/7.0; SLCC2; .NET CLR 2.0.50727; .NET CLR 3.5.30729; .NET CLR 3.0.30729; Media Center PC 6.0; .NET4.0C; .NET4.0E)"
101.206.35.2 - - [05/Sep/2025:09:35:19 +0800] "GET /assets/newfile.php HTTP/1.1" 404 47 "http://cqqizhou.com/assets/newfile.php" "Mozilla/4.0 (compatible; MSIE 7.0; Windows NT 6.1; WOW64; Trident/7.0; SLCC2; .NET CLR 2.0.50727; .NET CLR 3.5.30729; .NET CLR 3.0.30729; Media Center PC 6.0; .NET4.0C; .NET4.0E)"
101.206.35.2 - - [05/Sep/2025:09:35:19 +0800] "GET /assets/dd.php HTTP/1.1" 404 47 "http://cqqizhou.com/assets/dd.php" "Mozilla/4.0 (compatible; MSIE 7.0; Windows NT 6.1; WOW64; Trident/7.0; SLCC2; .NET CLR 2.0.50727; .NET CLR 3.5.30729; .NET CLR 3.0.30729; Media Center PC 6.0; .NET4.0C; .NET4.0E)"
101.206.35.2 - - [05/Sep/2025:09:35:20 +0800] "GET /assets/demodata.php HTTP/1.1" 404 47 "http://cqqizhou.com/assets/demodata.php" "Mozilla/4.0 (compatible; MSIE 7.0; Windows NT 6.1; WOW64; Trident/7.0; SLCC2; .NET CLR 2.0.50727; .NET CLR 3.5.30729; .NET CLR 3.0.30729; Media Center PC 6.0; .NET4.0C; .NET4.0E)"
101.206.35.2 - - [05/Sep/2025:09:35:20 +0800] "GET /assets/admins.php HTTP/1.1" 404 47 "http://cqqizhou.com/assets/admins.php" "Mozilla/4.0 (compatible; MSIE 7.0; Windows NT 6.1; WOW64; Trident/7.0; SLCC2; .NET CLR 2.0.50727; .NET CLR 3.5.30729; .NET CLR 3.0.30729; Media Center PC 6.0; .NET4.0C; .NET4.0E)"
101.206.35.2 - - [05/Sep/2025:09:35:20 +0800] "GET /assets/x.php HTTP/1.1" 404 47 "http://cqqizhou.com/assets/x.php" "Mozilla/4.0 (compatible; MSIE 7.0; Windows NT 6.1; WOW64; Trident/7.0; SLCC2; .NET CLR 2.0.50727; .NET CLR 3.5.30729; .NET CLR 3.0.30729; Media Center PC 6.0; .NET4.0C; .NET4.0E)"
101.206.35.2 - - [05/Sep/2025:09:35:20 +0800] "GET /assets/apache.php HTTP/1.1" 404 47 "http://cqqizhou.com/assets/apache.php" "Mozilla/4.0 (compatible; MSIE 7.0; Windows NT 6.1; WOW64; Trident/7.0; SLCC2; .NET CLR 2.0.50727; .NET CLR 3.5.30729; .NET CLR 3.0.30729; Media Center PC 6.0; .NET4.0C; .NET4.0E)"
101.206.35.2 - - [05/Sep/2025:09:35:20 +0800] "GET /special/admin.php HTTP/1.1" 404 47 "http://cqqizhou.com/special/admin.php" "Mozilla/4.0 (compatible; MSIE 7.0; Windows NT 6.1; WOW64; Trident/7.0; SLCC2; .NET CLR 2.0.50727; .NET CLR 3.5.30729; .NET CLR 3.0.30729; Media Center PC 6.0; .NET4.0C; .NET4.0E)"
101.206.35.2 - - [05/Sep/2025:09:35:20 +0800] "GET /special/a.php HTTP/1.1" 404 47 "http://cqqizhou.com/special/a.php" "Mozilla/4.0 (compatible; MSIE 7.0; Windows NT 6.1; WOW64; Trident/7.0; SLCC2; .NET CLR 2.0.50727; .NET CLR 3.5.30729; .NET CLR 3.0.30729; Media Center PC 6.0; .NET4.0C; .NET4.0E)"
101.206.35.2 - - [05/Sep/2025:09:35:20 +0800] "GET /special/1234.php HTTP/1.1" 404 47 "http://cqqizhou.com/special/1234.php" "Mozilla/4.0 (compatible; MSIE 7.0; Windows NT 6.1; WOW64; Trident/7.0; SLCC2; .NET CLR 2.0.50727; .NET CLR 3.5.30729; .NET CLR 3.0.30729; Media Center PC 6.0; .NET4.0C; .NET4.0E)"
101.206.35.2 - - [05/Sep/2025:09:35:20 +0800] "GET /special/1.php HTTP/1.1" 404 47 "http://cqqizhou.com/special/1.php" "Mozilla/4.0 (compatible; MSIE 7.0; Windows NT 6.1; WOW64; Trident/7.0; SLCC2; .NET CLR 2.0.50727; .NET CLR 3.5.30729; .NET CLR 3.0.30729; Media Center PC 6.0; .NET4.0C; .NET4.0E)"
101.206.35.2 - - [05/Sep/2025:09:35:21 +0800] "GET /special/11.php HTTP/1.1" 404 47 "http://cqqizhou.com/special/11.php" "Mozilla/4.0 (compatible; MSIE 7.0; Windows NT 6.1; WOW64; Trident/7.0; SLCC2; .NET CLR 2.0.50727; .NET CLR 3.5.30729; .NET CLR 3.0.30729; Media Center PC 6.0; .NET4.0C; .NET4.0E)"
101.206.35.2 - - [05/Sep/2025:09:35:21 +0800] "GET /special/ak.php HTTP/1.1" 404 47 "http://cqqizhou.com/special/ak.php" "Mozilla/4.0 (compatible; MSIE 7.0; Windows NT 6.1; WOW64; Trident/7.0; SLCC2; .NET CLR 2.0.50727; .NET CLR 3.5.30729; .NET CLR 3.0.30729; Media Center PC 6.0; .NET4.0C; .NET4.0E)"
101.206.35.2 - - [05/Sep/2025:09:35:21 +0800] "GET /special/nginx.php HTTP/1.1" 404 47 "http://cqqizhou.com/special/nginx.php" "Mozilla/4.0 (compatible; MSIE 7.0; Windows NT 6.1; WOW64; Trident/7.0; SLCC2; .NET CLR 2.0.50727; .NET CLR 3.5.30729; .NET CLR 3.0.30729; Media Center PC 6.0; .NET4.0C; .NET4.0E)"
101.206.35.2 - - [05/Sep/2025:09:35:22 +0800] "GET /special/newfile.php HTTP/1.1" 404 47 "http://cqqizhou.com/special/newfile.php" "Mozilla/4.0 (compatible; MSIE 7.0; Windows NT 6.1; WOW64; Trident/7.0; SLCC2; .NET CLR 2.0.50727; .NET CLR 3.5.30729; .NET CLR 3.0.30729; Media Center PC 6.0; .NET4.0C; .NET4.0E)"
101.206.35.2 - - [05/Sep/2025:09:35:22 +0800] "GET /special/dd.php HTTP/1.1" 404 47 "http://cqqizhou.com/special/dd.php" "Mozilla/4.0 (compatible; MSIE 7.0; Windows NT 6.1; WOW64; Trident/7.0; SLCC2; .NET CLR 2.0.50727; .NET CLR 3.5.30729; .NET CLR 3.0.30729; Media Center PC 6.0; .NET4.0C; .NET4.0E)"
101.206.35.2 - - [05/Sep/2025:09:35:22 +0800] "GET /special/demodata.php HTTP/1.1" 404 47 "http://cqqizhou.com/special/demodata.php" "Mozilla/4.0 (compatible; MSIE 7.0; Windows NT 6.1; WOW64; Trident/7.0; SLCC2; .NET CLR 2.0.50727; .NET CLR 3.5.30729; .NET CLR 3.0.30729; Media Center PC 6.0; .NET4.0C; .NET4.0E)"
101.206.35.2 - - [05/Sep/2025:09:35:22 +0800] "GET /special/admins.php HTTP/1.1" 404 47 "http://cqqizhou.com/special/admins.php" "Mozilla/4.0 (compatible; MSIE 7.0; Windows NT 6.1; WOW64; Trident/7.0; SLCC2; .NET CLR 2.0.50727; .NET CLR 3.5.30729; .NET CLR 3.0.30729; Media Center PC 6.0; .NET4.0C; .NET4.0E)"
101.206.35.2 - - [05/Sep/2025:09:35:22 +0800] "GET /special/x.php HTTP/1.1" 404 47 "http://cqqizhou.com/special/x.php" "Mozilla/4.0 (compatible; MSIE 7.0; Windows NT 6.1; WOW64; Trident/7.0; SLCC2; .NET CLR 2.0.50727; .NET CLR 3.5.30729; .NET CLR 3.0.30729; Media Center PC 6.0; .NET4.0C; .NET4.0E)"
101.206.35.2 - - [05/Sep/2025:09:35:22 +0800] "GET /special/apache.php HTTP/1.1" 404 47 "http://cqqizhou.com/special/apache.php" "Mozilla/4.0 (compatible; MSIE 7.0; Windows NT 6.1; WOW64; Trident/7.0; SLCC2; .NET CLR 2.0.50727; .NET CLR 3.5.30729; .NET CLR 3.0.30729; Media Center PC 6.0; .NET4.0C; .NET4.0E)"
101.206.35.2 - - [05/Sep/2025:09:35:23 +0800] "GET /archiver/admin.php HTTP/1.1" 404 47 "http://cqqizhou.com/archiver/admin.php" "Mozilla/4.0 (compatible; MSIE 7.0; Windows NT 6.1; WOW64; Trident/7.0; SLCC2; .NET CLR 2.0.50727; .NET CLR 3.5.30729; .NET CLR 3.0.30729; Media Center PC 6.0; .NET4.0C; .NET4.0E)"
101.206.35.2 - - [05/Sep/2025:09:35:23 +0800] "GET /archiver/a.php HTTP/1.1" 404 47 "http://cqqizhou.com/archiver/a.php" "Mozilla/4.0 (compatible; MSIE 7.0; Windows NT 6.1; WOW64; Trident/7.0; SLCC2; .NET CLR 2.0.50727; .NET CLR 3.5.30729; .NET CLR 3.0.30729; Media Center PC 6.0; .NET4.0C; .NET4.0E)"
101.206.35.2 - - [05/Sep/2025:09:35:23 +0800] "GET /archiver/1234.php HTTP/1.1" 404 47 "http://cqqizhou.com/archiver/1234.php" "Mozilla/4.0 (compatible; MSIE 7.0; Windows NT 6.1; WOW64; Trident/7.0; SLCC2; .NET CLR 2.0.50727; .NET CLR 3.5.30729; .NET CLR 3.0.30729; Media Center PC 6.0; .NET4.0C; .NET4.0E)"
101.206.35.2 - - [05/Sep/2025:09:35:23 +0800] "GET /archiver/1.php HTTP/1.1" 404 47 "http://cqqizhou.com/archiver/1.php" "Mozilla/4.0 (compatible; MSIE 7.0; Windows NT 6.1; WOW64; Trident/7.0; SLCC2; .NET CLR 2.0.50727; .NET CLR 3.5.30729; .NET CLR 3.0.30729; Media Center PC 6.0; .NET4.0C; .NET4.0E)"
101.206.35.2 - - [05/Sep/2025:09:35:23 +0800] "GET /archiver/11.php HTTP/1.1" 404 47 "http://cqqizhou.com/archiver/11.php" "Mozilla/4.0 (compatible; MSIE 7.0; Windows NT 6.1; WOW64; Trident/7.0; SLCC2; .NET CLR 2.0.50727; .NET CLR 3.5.30729; .NET CLR 3.0.30729; Media Center PC 6.0; .NET4.0C; .NET4.0E)"
101.206.35.2 - - [05/Sep/2025:09:35:24 +0800] "GET /archiver/ak.php HTTP/1.1" 404 47 "http://cqqizhou.com/archiver/ak.php" "Mozilla/4.0 (compatible; MSIE 7.0; Windows NT 6.1; WOW64; Trident/7.0; SLCC2; .NET CLR 2.0.50727; .NET CLR 3.5.30729; .NET CLR 3.0.30729; Media Center PC 6.0; .NET4.0C; .NET4.0E)"
101.206.35.2 - - [05/Sep/2025:09:35:24 +0800] "GET /archiver/nginx.php HTTP/1.1" 404 47 "http://cqqizhou.com/archiver/nginx.php" "Mozilla/4.0 (compatible; MSIE 7.0; Windows NT 6.1; WOW64; Trident/7.0; SLCC2; .NET CLR 2.0.50727; .NET CLR 3.5.30729; .NET CLR 3.0.30729; Media Center PC 6.0; .NET4.0C; .NET4.0E)"
101.206.35.2 - - [05/Sep/2025:09:35:24 +0800] "GET /archiver/newfile.php HTTP/1.1" 404 47 "http://cqqizhou.com/archiver/newfile.php" "Mozilla/4.0 (compatible; MSIE 7.0; Windows NT 6.1; WOW64; Trident/7.0; SLCC2; .NET CLR 2.0.50727; .NET CLR 3.5.30729; .NET CLR 3.0.30729; Media Center PC 6.0; .NET4.0C; .NET4.0E)"
101.206.35.2 - - [05/Sep/2025:09:35:24 +0800] "GET /archiver/dd.php HTTP/1.1" 404 47 "http://cqqizhou.com/archiver/dd.php" "Mozilla/4.0 (compatible; MSIE 7.0; Windows NT 6.1; WOW64; Trident/7.0; SLCC2; .NET CLR 2.0.50727; .NET CLR 3.5.30729; .NET CLR 3.0.30729; Media Center PC 6.0; .NET4.0C; .NET4.0E)"
101.206.35.2 - - [05/Sep/2025:09:35:24 +0800] "GET /archiver/demodata.php HTTP/1.1" 404 47 "http://cqqizhou.com/archiver/demodata.php" "Mozilla/4.0 (compatible; MSIE 7.0; Windows NT 6.1; WOW64; Trident/7.0; SLCC2; .NET CLR 2.0.50727; .NET CLR 3.5.30729; .NET CLR 3.0.30729; Media Center PC 6.0; .NET4.0C; .NET4.0E)"
101.206.35.2 - - [05/Sep/2025:09:35:24 +0800] "GET /archiver/admins.php HTTP/1.1" 404 47 "http://cqqizhou.com/archiver/admins.php" "Mozilla/4.0 (compatible; MSIE 7.0; Windows NT 6.1; WOW64; Trident/7.0; SLCC2; .NET CLR 2.0.50727; .NET CLR 3.5.30729; .NET CLR 3.0.30729; Media Center PC 6.0; .NET4.0C; .NET4.0E)"
101.206.35.2 - - [05/Sep/2025:09:35:25 +0800] "GET /archiver/x.php HTTP/1.1" 404 47 "http://cqqizhou.com/archiver/x.php" "Mozilla/4.0 (compatible; MSIE 7.0; Windows NT 6.1; WOW64; Trident/7.0; SLCC2; .NET CLR 2.0.50727; .NET CLR 3.5.30729; .NET CLR 3.0.30729; Media Center PC 6.0; .NET4.0C; .NET4.0E)"
101.206.35.2 - - [05/Sep/2025:09:35:25 +0800] "GET /archiver/apache.php HTTP/1.1" 404 47 "http://cqqizhou.com/archiver/apache.php" "Mozilla/4.0 (compatible; MSIE 7.0; Windows NT 6.1; WOW64; Trident/7.0; SLCC2; .NET CLR 2.0.50727; .NET CLR 3.5.30729; .NET CLR 3.0.30729; Media Center PC 6.0; .NET4.0C; .NET4.0E)"
101.206.35.2 - - [05/Sep/2025:09:35:25 +0800] "GET /config/admin.php HTTP/1.1" 404 47 "http://cqqizhou.com/config/admin.php" "Mozilla/4.0 (compatible; MSIE 7.0; Windows NT 6.1; WOW64; Trident/7.0; SLCC2; .NET CLR 2.0.50727; .NET CLR 3.5.30729; .NET CLR 3.0.30729; Media Center PC 6.0; .NET4.0C; .NET4.0E)"
101.206.35.2 - - [05/Sep/2025:09:35:25 +0800] "GET /config/a.php HTTP/1.1" 404 47 "http://cqqizhou.com/config/a.php" "Mozilla/4.0 (compatible; MSIE 7.0; Windows NT 6.1; WOW64; Trident/7.0; SLCC2; .NET CLR 2.0.50727; .NET CLR 3.5.30729; .NET CLR 3.0.30729; Media Center PC 6.0; .NET4.0C; .NET4.0E)"
101.206.35.2 - - [05/Sep/2025:09:35:26 +0800] "GET /config/1234.php HTTP/1.1" 404 47 "http://cqqizhou.com/config/1234.php" "Mozilla/4.0 (compatible; MSIE 7.0; Windows NT 6.1; WOW64; Trident/7.0; SLCC2; .NET CLR 2.0.50727; .NET CLR 3.5.30729; .NET CLR 3.0.30729; Media Center PC 6.0; .NET4.0C; .NET4.0E)"
101.206.35.2 - - [05/Sep/2025:09:35:26 +0800] "GET /config/1.php HTTP/1.1" 404 47 "http://cqqizhou.com/config/1.php" "Mozilla/4.0 (compatible; MSIE 7.0; Windows NT 6.1; WOW64; Trident/7.0; SLCC2; .NET CLR 2.0.50727; .NET CLR 3.5.30729; .NET CLR 3.0.30729; Media Center PC 6.0; .NET4.0C; .NET4.0E)"
101.206.35.2 - - [05/Sep/2025:09:35:26 +0800] "GET /config/11.php HTTP/1.1" 404 47 "http://cqqizhou.com/config/11.php" "Mozilla/4.0 (compatible; MSIE 7.0; Windows NT 6.1; WOW64; Trident/7.0; SLCC2; .NET CLR 2.0.50727; .NET CLR 3.5.30729; .NET CLR 3.0.30729; Media Center PC 6.0; .NET4.0C; .NET4.0E)"
101.206.35.2 - - [05/Sep/2025:09:35:26 +0800] "GET /config/ak.php HTTP/1.1" 404 47 "http://cqqizhou.com/config/ak.php" "Mozilla/4.0 (compatible; MSIE 7.0; Windows NT 6.1; WOW64; Trident/7.0; SLCC2; .NET CLR 2.0.50727; .NET CLR 3.5.30729; .NET CLR 3.0.30729; Media Center PC 6.0; .NET4.0C; .NET4.0E)"
101.206.35.2 - - [05/Sep/2025:09:35:26 +0800] "GET /config/nginx.php HTTP/1.1" 404 47 "http://cqqizhou.com/config/nginx.php" "Mozilla/4.0 (compatible; MSIE 7.0; Windows NT 6.1; WOW64; Trident/7.0; SLCC2; .NET CLR 2.0.50727; .NET CLR 3.5.30729; .NET CLR 3.0.30729; Media Center PC 6.0; .NET4.0C; .NET4.0E)"
101.206.35.2 - - [05/Sep/2025:09:35:27 +0800] "GET /config/newfile.php HTTP/1.1" 404 47 "http://cqqizhou.com/config/newfile.php" "Mozilla/4.0 (compatible; MSIE 7.0; Windows NT 6.1; WOW64; Trident/7.0; SLCC2; .NET CLR 2.0.50727; .NET CLR 3.5.30729; .NET CLR 3.0.30729; Media Center PC 6.0; .NET4.0C; .NET4.0E)"
101.206.35.2 - - [05/Sep/2025:09:35:27 +0800] "GET /config/dd.php HTTP/1.1" 404 47 "http://cqqizhou.com/config/dd.php" "Mozilla/4.0 (compatible; MSIE 7.0; Windows NT 6.1; WOW64; Trident/7.0; SLCC2; .NET CLR 2.0.50727; .NET CLR 3.5.30729; .NET CLR 3.0.30729; Media Center PC 6.0; .NET4.0C; .NET4.0E)"
101.206.35.2 - - [05/Sep/2025:09:35:27 +0800] "GET /config/demodata.php HTTP/1.1" 404 47 "http://cqqizhou.com/config/demodata.php" "Mozilla/4.0 (compatible; MSIE 7.0; Windows NT 6.1; WOW64; Trident/7.0; SLCC2; .NET CLR 2.0.50727; .NET CLR 3.5.30729; .NET CLR 3.0.30729; Media Center PC 6.0; .NET4.0C; .NET4.0E)"
101.206.35.2 - - [05/Sep/2025:09:35:27 +0800] "GET /config/admins.php HTTP/1.1" 404 47 "http://cqqizhou.com/config/admins.php" "Mozilla/4.0 (compatible; MSIE 7.0; Windows NT 6.1; WOW64; Trident/7.0; SLCC2; .NET CLR 2.0.50727; .NET CLR 3.5.30729; .NET CLR 3.0.30729; Media Center PC 6.0; .NET4.0C; .NET4.0E)"
101.206.35.2 - - [05/Sep/2025:09:35:27 +0800] "GET /config/x.php HTTP/1.1" 404 47 "http://cqqizhou.com/config/x.php" "Mozilla/4.0 (compatible; MSIE 7.0; Windows NT 6.1; WOW64; Trident/7.0; SLCC2; .NET CLR 2.0.50727; .NET CLR 3.5.30729; .NET CLR 3.0.30729; Media Center PC 6.0; .NET4.0C; .NET4.0E)"
101.206.35.2 - - [05/Sep/2025:09:35:27 +0800] "GET /config/apache.php HTTP/1.1" 404 47 "http://cqqizhou.com/config/apache.php" "Mozilla/4.0 (compatible; MSIE 7.0; Windows NT 6.1; WOW64; Trident/7.0; SLCC2; .NET CLR 2.0.50727; .NET CLR 3.5.30729; .NET CLR 3.0.30729; Media Center PC 6.0; .NET4.0C; .NET4.0E)"
101.206.35.2 - - [05/Sep/2025:09:35:27 +0800] "GET /source/admin.php HTTP/1.1" 404 47 "http://cqqizhou.com/source/admin.php" "Mozilla/4.0 (compatible; MSIE 7.0; Windows NT 6.1; WOW64; Trident/7.0; SLCC2; .NET CLR 2.0.50727; .NET CLR 3.5.30729; .NET CLR 3.0.30729; Media Center PC 6.0; .NET4.0C; .NET4.0E)"
101.206.35.2 - - [05/Sep/2025:09:35:28 +0800] "GET /source/a.php HTTP/1.1" 404 47 "http://cqqizhou.com/source/a.php" "Mozilla/4.0 (compatible; MSIE 7.0; Windows NT 6.1; WOW64; Trident/7.0; SLCC2; .NET CLR 2.0.50727; .NET CLR 3.5.30729; .NET CLR 3.0.30729; Media Center PC 6.0; .NET4.0C; .NET4.0E)"
101.206.35.2 - - [05/Sep/2025:09:35:28 +0800] "GET /source/1234.php HTTP/1.1" 404 47 "http://cqqizhou.com/source/1234.php" "Mozilla/4.0 (compatible; MSIE 7.0; Windows NT 6.1; WOW64; Trident/7.0; SLCC2; .NET CLR 2.0.50727; .NET CLR 3.5.30729; .NET CLR 3.0.30729; Media Center PC 6.0; .NET4.0C; .NET4.0E)"
101.206.35.2 - - [05/Sep/2025:09:35:28 +0800] "GET /source/1.php HTTP/1.1" 404 47 "http://cqqizhou.com/source/1.php" "Mozilla/4.0 (compatible; MSIE 7.0; Windows NT 6.1; WOW64; Trident/7.0; SLCC2; .NET CLR 2.0.50727; .NET CLR 3.5.30729; .NET CLR 3.0.30729; Media Center PC 6.0; .NET4.0C; .NET4.0E)"
101.206.35.2 - - [05/Sep/2025:09:35:28 +0800] "GET /source/11.php HTTP/1.1" 404 47 "http://cqqizhou.com/source/11.php" "Mozilla/4.0 (compatible; MSIE 7.0; Windows NT 6.1; WOW64; Trident/7.0; SLCC2; .NET CLR 2.0.50727; .NET CLR 3.5.30729; .NET CLR 3.0.30729; Media Center PC 6.0; .NET4.0C; .NET4.0E)"
101.206.35.2 - - [05/Sep/2025:09:35:28 +0800] "GET /source/ak.php HTTP/1.1" 404 47 "http://cqqizhou.com/source/ak.php" "Mozilla/4.0 (compatible; MSIE 7.0; Windows NT 6.1; WOW64; Trident/7.0; SLCC2; .NET CLR 2.0.50727; .NET CLR 3.5.30729; .NET CLR 3.0.30729; Media Center PC 6.0; .NET4.0C; .NET4.0E)"
101.206.35.2 - - [05/Sep/2025:09:35:29 +0800] "GET /source/nginx.php HTTP/1.1" 404 47 "http://cqqizhou.com/source/nginx.php" "Mozilla/4.0 (compatible; MSIE 7.0; Windows NT 6.1; WOW64; Trident/7.0; SLCC2; .NET CLR 2.0.50727; .NET CLR 3.5.30729; .NET CLR 3.0.30729; Media Center PC 6.0; .NET4.0C; .NET4.0E)"
101.206.35.2 - - [05/Sep/2025:09:35:29 +0800] "GET /source/newfile.php HTTP/1.1" 404 47 "http://cqqizhou.com/source/newfile.php" "Mozilla/4.0 (compatible; MSIE 7.0; Windows NT 6.1; WOW64; Trident/7.0; SLCC2; .NET CLR 2.0.50727; .NET CLR 3.5.30729; .NET CLR 3.0.30729; Media Center PC 6.0; .NET4.0C; .NET4.0E)"
101.206.35.2 - - [05/Sep/2025:09:35:29 +0800] "GET /source/dd.php HTTP/1.1" 404 47 "http://cqqizhou.com/source/dd.php" "Mozilla/4.0 (compatible; MSIE 7.0; Windows NT 6.1; WOW64; Trident/7.0; SLCC2; .NET CLR 2.0.50727; .NET CLR 3.5.30729; .NET CLR 3.0.30729; Media Center PC 6.0; .NET4.0C; .NET4.0E)"
101.206.35.2 - - [05/Sep/2025:09:35:29 +0800] "GET /source/demodata.php HTTP/1.1" 404 47 "http://cqqizhou.com/source/demodata.php" "Mozilla/4.0 (compatible; MSIE 7.0; Windows NT 6.1; WOW64; Trident/7.0; SLCC2; .NET CLR 2.0.50727; .NET CLR 3.5.30729; .NET CLR 3.0.30729; Media Center PC 6.0; .NET4.0C; .NET4.0E)"
101.206.35.2 - - [05/Sep/2025:09:35:29 +0800] "GET /source/admins.php HTTP/1.1" 404 47 "http://cqqizhou.com/source/admins.php" "Mozilla/4.0 (compatible; MSIE 7.0; Windows NT 6.1; WOW64; Trident/7.0; SLCC2; .NET CLR 2.0.50727; .NET CLR 3.5.30729; .NET CLR 3.0.30729; Media Center PC 6.0; .NET4.0C; .NET4.0E)"
101.206.35.2 - - [05/Sep/2025:09:35:29 +0800] "GET /source/x.php HTTP/1.1" 404 47 "http://cqqizhou.com/source/x.php" "Mozilla/4.0 (compatible; MSIE 7.0; Windows NT 6.1; WOW64; Trident/7.0; SLCC2; .NET CLR 2.0.50727; .NET CLR 3.5.30729; .NET CLR 3.0.30729; Media Center PC 6.0; .NET4.0C; .NET4.0E)"
101.206.35.2 - - [05/Sep/2025:09:35:29 +0800] "GET /source/apache.php HTTP/1.1" 404 47 "http://cqqizhou.com/source/apache.php" "Mozilla/4.0 (compatible; MSIE 7.0; Windows NT 6.1; WOW64; Trident/7.0; SLCC2; .NET CLR 2.0.50727; .NET CLR 3.5.30729; .NET CLR 3.0.30729; Media Center PC 6.0; .NET4.0C; .NET4.0E)"
101.206.35.2 - - [05/Sep/2025:09:35:30 +0800] "GET /template/admin.php HTTP/1.1" 404 47 "http://cqqizhou.com/template/admin.php" "Mozilla/4.0 (compatible; MSIE 7.0; Windows NT 6.1; WOW64; Trident/7.0; SLCC2; .NET CLR 2.0.50727; .NET CLR 3.5.30729; .NET CLR 3.0.30729; Media Center PC 6.0; .NET4.0C; .NET4.0E)"
101.206.35.2 - - [05/Sep/2025:09:35:30 +0800] "GET /template/a.php HTTP/1.1" 404 47 "http://cqqizhou.com/template/a.php" "Mozilla/4.0 (compatible; MSIE 7.0; Windows NT 6.1; WOW64; Trident/7.0; SLCC2; .NET CLR 2.0.50727; .NET CLR 3.5.30729; .NET CLR 3.0.30729; Media Center PC 6.0; .NET4.0C; .NET4.0E)"
101.206.35.2 - - [05/Sep/2025:09:35:30 +0800] "GET /template/1234.php HTTP/1.1" 404 47 "http://cqqizhou.com/template/1234.php" "Mozilla/4.0 (compatible; MSIE 7.0; Windows NT 6.1; WOW64; Trident/7.0; SLCC2; .NET CLR 2.0.50727; .NET CLR 3.5.30729; .NET CLR 3.0.30729; Media Center PC 6.0; .NET4.0C; .NET4.0E)"
101.206.35.2 - - [05/Sep/2025:09:35:30 +0800] "GET /template/1.php HTTP/1.1" 404 47 "http://cqqizhou.com/template/1.php" "Mozilla/4.0 (compatible; MSIE 7.0; Windows NT 6.1; WOW64; Trident/7.0; SLCC2; .NET CLR 2.0.50727; .NET CLR 3.5.30729; .NET CLR 3.0.30729; Media Center PC 6.0; .NET4.0C; .NET4.0E)"
101.206.35.2 - - [05/Sep/2025:09:35:30 +0800] "GET /template/11.php HTTP/1.1" 404 47 "http://cqqizhou.com/template/11.php" "Mozilla/4.0 (compatible; MSIE 7.0; Windows NT 6.1; WOW64; Trident/7.0; SLCC2; .NET CLR 2.0.50727; .NET CLR 3.5.30729; .NET CLR 3.0.30729; Media Center PC 6.0; .NET4.0C; .NET4.0E)"
101.206.35.2 - - [05/Sep/2025:09:35:30 +0800] "GET /template/ak.php HTTP/1.1" 404 47 "http://cqqizhou.com/template/ak.php" "Mozilla/4.0 (compatible; MSIE 7.0; Windows NT 6.1; WOW64; Trident/7.0; SLCC2; .NET CLR 2.0.50727; .NET CLR 3.5.30729; .NET CLR 3.0.30729; Media Center PC 6.0; .NET4.0C; .NET4.0E)"
101.206.35.2 - - [05/Sep/2025:09:35:30 +0800] "GET /template/nginx.php HTTP/1.1" 404 47 "http://cqqizhou.com/template/nginx.php" "Mozilla/4.0 (compatible; MSIE 7.0; Windows NT 6.1; WOW64; Trident/7.0; SLCC2; .NET CLR 2.0.50727; .NET CLR 3.5.30729; .NET CLR 3.0.30729; Media Center PC 6.0; .NET4.0C; .NET4.0E)"
101.206.35.2 - - [05/Sep/2025:09:35:31 +0800] "GET /template/newfile.php HTTP/1.1" 404 47 "http://cqqizhou.com/template/newfile.php" "Mozilla/4.0 (compatible; MSIE 7.0; Windows NT 6.1; WOW64; Trident/7.0; SLCC2; .NET CLR 2.0.50727; .NET CLR 3.5.30729; .NET CLR 3.0.30729; Media Center PC 6.0; .NET4.0C; .NET4.0E)"
101.206.35.2 - - [05/Sep/2025:09:35:31 +0800] "GET /template/dd.php HTTP/1.1" 404 47 "http://cqqizhou.com/template/dd.php" "Mozilla/4.0 (compatible; MSIE 7.0; Windows NT 6.1; WOW64; Trident/7.0; SLCC2; .NET CLR 2.0.50727; .NET CLR 3.5.30729; .NET CLR 3.0.30729; Media Center PC 6.0; .NET4.0C; .NET4.0E)"
101.206.35.2 - - [05/Sep/2025:09:35:31 +0800] "GET /template/demodata.php HTTP/1.1" 404 47 "http://cqqizhou.com/template/demodata.php" "Mozilla/4.0 (compatible; MSIE 7.0; Windows NT 6.1; WOW64; Trident/7.0; SLCC2; .NET CLR 2.0.50727; .NET CLR 3.5.30729; .NET CLR 3.0.30729; Media Center PC 6.0; .NET4.0C; .NET4.0E)"
101.206.35.2 - - [05/Sep/2025:09:35:31 +0800] "GET /template/admins.php HTTP/1.1" 404 47 "http://cqqizhou.com/template/admins.php" "Mozilla/4.0 (compatible; MSIE 7.0; Windows NT 6.1; WOW64; Trident/7.0; SLCC2; .NET CLR 2.0.50727; .NET CLR 3.5.30729; .NET CLR 3.0.30729; Media Center PC 6.0; .NET4.0C; .NET4.0E)"
101.206.35.2 - - [05/Sep/2025:09:35:31 +0800] "GET /template/x.php HTTP/1.1" 404 47 "http://cqqizhou.com/template/x.php" "Mozilla/4.0 (compatible; MSIE 7.0; Windows NT 6.1; WOW64; Trident/7.0; SLCC2; .NET CLR 2.0.50727; .NET CLR 3.5.30729; .NET CLR 3.0.30729; Media Center PC 6.0; .NET4.0C; .NET4.0E)"
101.206.35.2 - - [05/Sep/2025:09:35:32 +0800] "GET /template/apache.php HTTP/1.1" 404 47 "http://cqqizhou.com/template/apache.php" "Mozilla/4.0 (compatible; MSIE 7.0; Windows NT 6.1; WOW64; Trident/7.0; SLCC2; .NET CLR 2.0.50727; .NET CLR 3.5.30729; .NET CLR 3.0.30729; Media Center PC 6.0; .NET4.0C; .NET4.0E)"
101.206.35.2 - - [05/Sep/2025:09:35:32 +0800] "GET /admin.php HTTP/1.1" 404 47 "http://cqqizhou.com/admin.php" "Mozilla/4.0 (compatible; MSIE 7.0; Windows NT 6.1; WOW64; Trident/7.0; SLCC2; .NET CLR 2.0.50727; .NET CLR 3.5.30729; .NET CLR 3.0.30729; Media Center PC 6.0; .NET4.0C; .NET4.0E)"
101.206.35.2 - - [05/Sep/2025:09:35:32 +0800] "GET /a.php HTTP/1.1" 404 47 "http://cqqizhou.com/a.php" "Mozilla/4.0 (compatible; MSIE 7.0; Windows NT 6.1; WOW64; Trident/7.0; SLCC2; .NET CLR 2.0.50727; .NET CLR 3.5.30729; .NET CLR 3.0.30729; Media Center PC 6.0; .NET4.0C; .NET4.0E)"
101.206.35.2 - - [05/Sep/2025:09:35:32 +0800] "GET /1234.php HTTP/1.1" 404 47 "http://cqqizhou.com/1234.php" "Mozilla/4.0 (compatible; MSIE 7.0; Windows NT 6.1; WOW64; Trident/7.0; SLCC2; .NET CLR 2.0.50727; .NET CLR 3.5.30729; .NET CLR 3.0.30729; Media Center PC 6.0; .NET4.0C; .NET4.0E)"
101.206.35.2 - - [05/Sep/2025:09:35:32 +0800] "GET /1.php HTTP/1.1" 404 47 "http://cqqizhou.com/1.php" "Mozilla/4.0 (compatible; MSIE 7.0; Windows NT 6.1; WOW64; Trident/7.0; SLCC2; .NET CLR 2.0.50727; .NET CLR 3.5.30729; .NET CLR 3.0.30729; Media Center PC 6.0; .NET4.0C; .NET4.0E)"
101.206.35.17 - - [05/Sep/2025:09:35:32 +0800] "GET /11.php HTTP/1.1" 404 47 "http://cqqizhou.com/11.php" "Mozilla/4.0 (compatible; MSIE 7.0; Windows NT 6.1; WOW64; Trident/7.0; SLCC2; .NET CLR 2.0.50727; .NET CLR 3.5.30729; .NET CLR 3.0.30729; Media Center PC 6.0; .NET4.0C; .NET4.0E)"
101.206.35.17 - - [05/Sep/2025:09:35:32 +0800] "GET /ak.php HTTP/1.1" 404 47 "http://cqqizhou.com/ak.php" "Mozilla/4.0 (compatible; MSIE 7.0; Windows NT 6.1; WOW64; Trident/7.0; SLCC2; .NET CLR 2.0.50727; .NET CLR 3.5.30729; .NET CLR 3.0.30729; Media Center PC 6.0; .NET4.0C; .NET4.0E)"
101.206.35.17 - - [05/Sep/2025:09:35:33 +0800] "GET /nginx.php HTTP/1.1" 404 47 "http://cqqizhou.com/nginx.php" "Mozilla/4.0 (compatible; MSIE 7.0; Windows NT 6.1; WOW64; Trident/7.0; SLCC2; .NET CLR 2.0.50727; .NET CLR 3.5.30729; .NET CLR 3.0.30729; Media Center PC 6.0; .NET4.0C; .NET4.0E)"
101.206.35.17 - - [05/Sep/2025:09:35:33 +0800] "GET /newfile.php HTTP/1.1" 404 47 "http://cqqizhou.com/newfile.php" "Mozilla/4.0 (compatible; MSIE 7.0; Windows NT 6.1; WOW64; Trident/7.0; SLCC2; .NET CLR 2.0.50727; .NET CLR 3.5.30729; .NET CLR 3.0.30729; Media Center PC 6.0; .NET4.0C; .NET4.0E)"
101.206.35.17 - - [05/Sep/2025:09:35:33 +0800] "GET /dd.php HTTP/1.1" 404 47 "http://cqqizhou.com/dd.php" "Mozilla/4.0 (compatible; MSIE 7.0; Windows NT 6.1; WOW64; Trident/7.0; SLCC2; .NET CLR 2.0.50727; .NET CLR 3.5.30729; .NET CLR 3.0.30729; Media Center PC 6.0; .NET4.0C; .NET4.0E)"
101.206.35.17 - - [05/Sep/2025:09:35:33 +0800] "GET /demodata.php HTTP/1.1" 404 47 "http://cqqizhou.com/demodata.php" "Mozilla/4.0 (compatible; MSIE 7.0; Windows NT 6.1; WOW64; Trident/7.0; SLCC2; .NET CLR 2.0.50727; .NET CLR 3.5.30729; .NET CLR 3.0.30729; Media Center PC 6.0; .NET4.0C; .NET4.0E)"
101.206.35.17 - - [05/Sep/2025:09:35:34 +0800] "GET /admins.php HTTP/1.1" 404 47 "http://cqqizhou.com/admins.php" "Mozilla/4.0 (compatible; MSIE 7.0; Windows NT 6.1; WOW64; Trident/7.0; SLCC2; .NET CLR 2.0.50727; .NET CLR 3.5.30729; .NET CLR 3.0.30729; Media Center PC 6.0; .NET4.0C; .NET4.0E)"
101.206.35.17 - - [05/Sep/2025:09:35:34 +0800] "GET /x.php HTTP/1.1" 404 47 "http://cqqizhou.com/x.php" "Mozilla/4.0 (compatible; MSIE 7.0; Windows NT 6.1; WOW64; Trident/7.0; SLCC2; .NET CLR 2.0.50727; .NET CLR 3.5.30729; .NET CLR 3.0.30729; Media Center PC 6.0; .NET4.0C; .NET4.0E)"
101.206.35.17 - - [05/Sep/2025:09:35:34 +0800] "GET /apache.php HTTP/1.1" 404 47 "http://cqqizhou.com/apache.php" "Mozilla/4.0 (compatible; MSIE 7.0; Windows NT 6.1; WOW64; Trident/7.0; SLCC2; .NET CLR 2.0.50727; .NET CLR 3.5.30729; .NET CLR 3.0.30729; Media Center PC 6.0; .NET4.0C; .NET4.0E)"
101.206.35.17 - - [05/Sep/2025:09:35:34 +0800] "GET /a/a.php HTTP/1.1" 404 47 "http://cqqizhou.com/a/a.php" "Mozilla/4.0 (compatible; MSIE 7.0; Windows NT 6.1; WOW64; Trident/7.0; SLCC2; .NET CLR 2.0.50727; .NET CLR 3.5.30729; .NET CLR 3.0.30729; Media Center PC 6.0; .NET4.0C; .NET4.0E)"
101.206.35.17 - - [05/Sep/2025:09:35:34 +0800] "GET /a/1234.php HTTP/1.1" 404 47 "http://cqqizhou.com/a/1234.php" "Mozilla/4.0 (compatible; MSIE 7.0; Windows NT 6.1; WOW64; Trident/7.0; SLCC2; .NET CLR 2.0.50727; .NET CLR 3.5.30729; .NET CLR 3.0.30729; Media Center PC 6.0; .NET4.0C; .NET4.0E)"
101.206.35.17 - - [05/Sep/2025:09:35:34 +0800] "GET /a/1.php HTTP/1.1" 404 47 "http://cqqizhou.com/a/1.php" "Mozilla/4.0 (compatible; MSIE 7.0; Windows NT 6.1; WOW64; Trident/7.0; SLCC2; .NET CLR 2.0.50727; .NET CLR 3.5.30729; .NET CLR 3.0.30729; Media Center PC 6.0; .NET4.0C; .NET4.0E)"
101.206.35.17 - - [05/Sep/2025:09:35:34 +0800] "GET /a/11.php HTTP/1.1" 404 47 "http://cqqizhou.com/a/11.php" "Mozilla/4.0 (compatible; MSIE 7.0; Windows NT 6.1; WOW64; Trident/7.0; SLCC2; .NET CLR 2.0.50727; .NET CLR 3.5.30729; .NET CLR 3.0.30729; Media Center PC 6.0; .NET4.0C; .NET4.0E)"
101.206.35.17 - - [05/Sep/2025:09:35:34 +0800] "GET /a/ak.php HTTP/1.1" 404 47 "http://cqqizhou.com/a/ak.php" "Mozilla/4.0 (compatible; MSIE 7.0; Windows NT 6.1; WOW64; Trident/7.0; SLCC2; .NET CLR 2.0.50727; .NET CLR 3.5.30729; .NET CLR 3.0.30729; Media Center PC 6.0; .NET4.0C; .NET4.0E)"
101.206.35.17 - - [05/Sep/2025:09:35:35 +0800] "GET /a/nginx.php HTTP/1.1" 404 47 "http://cqqizhou.com/a/nginx.php" "Mozilla/4.0 (compatible; MSIE 7.0; Windows NT 6.1; WOW64; Trident/7.0; SLCC2; .NET CLR 2.0.50727; .NET CLR 3.5.30729; .NET CLR 3.0.30729; Media Center PC 6.0; .NET4.0C; .NET4.0E)"
101.206.35.17 - - [05/Sep/2025:09:35:35 +0800] "GET /a/newfile.php HTTP/1.1" 404 47 "http://cqqizhou.com/a/newfile.php" "Mozilla/4.0 (compatible; MSIE 7.0; Windows NT 6.1; WOW64; Trident/7.0; SLCC2; .NET CLR 2.0.50727; .NET CLR 3.5.30729; .NET CLR 3.0.30729; Media Center PC 6.0; .NET4.0C; .NET4.0E)"
101.206.35.17 - - [05/Sep/2025:09:35:35 +0800] "GET /a/dd.php HTTP/1.1" 404 47 "http://cqqizhou.com/a/dd.php" "Mozilla/4.0 (compatible; MSIE 7.0; Windows NT 6.1; WOW64; Trident/7.0; SLCC2; .NET CLR 2.0.50727; .NET CLR 3.5.30729; .NET CLR 3.0.30729; Media Center PC 6.0; .NET4.0C; .NET4.0E)"
101.206.35.17 - - [05/Sep/2025:09:35:35 +0800] "GET /a/demodata.php HTTP/1.1" 404 47 "http://cqqizhou.com/a/demodata.php" "Mozilla/4.0 (compatible; MSIE 7.0; Windows NT 6.1; WOW64; Trident/7.0; SLCC2; .NET CLR 2.0.50727; .NET CLR 3.5.30729; .NET CLR 3.0.30729; Media Center PC 6.0; .NET4.0C; .NET4.0E)"
101.206.35.17 - - [05/Sep/2025:09:35:35 +0800] "GET /a/admins.php HTTP/1.1" 404 47 "http://cqqizhou.com/a/admins.php" "Mozilla/4.0 (compatible; MSIE 7.0; Windows NT 6.1; WOW64; Trident/7.0; SLCC2; .NET CLR 2.0.50727; .NET CLR 3.5.30729; .NET CLR 3.0.30729; Media Center PC 6.0; .NET4.0C; .NET4.0E)"
101.206.35.17 - - [05/Sep/2025:09:35:35 +0800] "GET /a/x.php HTTP/1.1" 404 47 "http://cqqizhou.com/a/x.php" "Mozilla/4.0 (compatible; MSIE 7.0; Windows NT 6.1; WOW64; Trident/7.0; SLCC2; .NET CLR 2.0.50727; .NET CLR 3.5.30729; .NET CLR 3.0.30729; Media Center PC 6.0; .NET4.0C; .NET4.0E)"
101.206.35.17 - - [05/Sep/2025:09:35:35 +0800] "GET /a/apache.php HTTP/1.1" 404 47 "http://cqqizhou.com/a/apache.php" "Mozilla/4.0 (compatible; MSIE 7.0; Windows NT 6.1; WOW64; Trident/7.0; SLCC2; .NET CLR 2.0.50727; .NET CLR 3.5.30729; .NET CLR 3.0.30729; Media Center PC 6.0; .NET4.0C; .NET4.0E)"
101.206.35.17 - - [05/Sep/2025:09:35:36 +0800] "GET /dede/admin.php HTTP/1.1" 404 47 "http://cqqizhou.com/dede/admin.php" "Mozilla/4.0 (compatible; MSIE 7.0; Windows NT 6.1; WOW64; Trident/7.0; SLCC2; .NET CLR 2.0.50727; .NET CLR 3.5.30729; .NET CLR 3.0.30729; Media Center PC 6.0; .NET4.0C; .NET4.0E)"
101.206.35.17 - - [05/Sep/2025:09:35:36 +0800] "GET /dede/a.php HTTP/1.1" 404 47 "http://cqqizhou.com/dede/a.php" "Mozilla/4.0 (compatible; MSIE 7.0; Windows NT 6.1; WOW64; Trident/7.0; SLCC2; .NET CLR 2.0.50727; .NET CLR 3.5.30729; .NET CLR 3.0.30729; Media Center PC 6.0; .NET4.0C; .NET4.0E)"
101.206.35.17 - - [05/Sep/2025:09:35:36 +0800] "GET /dede/1234.php HTTP/1.1" 404 47 "http://cqqizhou.com/dede/1234.php" "Mozilla/4.0 (compatible; MSIE 7.0; Windows NT 6.1; WOW64; Trident/7.0; SLCC2; .NET CLR 2.0.50727; .NET CLR 3.5.30729; .NET CLR 3.0.30729; Media Center PC 6.0; .NET4.0C; .NET4.0E)"
101.206.35.17 - - [05/Sep/2025:09:35:36 +0800] "GET /dede/1.php HTTP/1.1" 404 47 "http://cqqizhou.com/dede/1.php" "Mozilla/4.0 (compatible; MSIE 7.0; Windows NT 6.1; WOW64; Trident/7.0; SLCC2; .NET CLR 2.0.50727; .NET CLR 3.5.30729; .NET CLR 3.0.30729; Media Center PC 6.0; .NET4.0C; .NET4.0E)"
101.206.35.17 - - [05/Sep/2025:09:35:36 +0800] "GET /dede/11.php HTTP/1.1" 404 47 "http://cqqizhou.com/dede/11.php" "Mozilla/4.0 (compatible; MSIE 7.0; Windows NT 6.1; WOW64; Trident/7.0; SLCC2; .NET CLR 2.0.50727; .NET CLR 3.5.30729; .NET CLR 3.0.30729; Media Center PC 6.0; .NET4.0C; .NET4.0E)"
101.206.35.17 - - [05/Sep/2025:09:35:36 +0800] "GET /dede/ak.php HTTP/1.1" 404 47 "http://cqqizhou.com/dede/ak.php" "Mozilla/4.0 (compatible; MSIE 7.0; Windows NT 6.1; WOW64; Trident/7.0; SLCC2; .NET CLR 2.0.50727; .NET CLR 3.5.30729; .NET CLR 3.0.30729; Media Center PC 6.0; .NET4.0C; .NET4.0E)"
101.206.35.17 - - [05/Sep/2025:09:35:36 +0800] "GET /dede/nginx.php HTTP/1.1" 404 47 "http://cqqizhou.com/dede/nginx.php" "Mozilla/4.0 (compatible; MSIE 7.0; Windows NT 6.1; WOW64; Trident/7.0; SLCC2; .NET CLR 2.0.50727; .NET CLR 3.5.30729; .NET CLR 3.0.30729; Media Center PC 6.0; .NET4.0C; .NET4.0E)"
101.206.35.17 - - [05/Sep/2025:09:35:36 +0800] "GET /dede/newfile.php HTTP/1.1" 404 47 "http://cqqizhou.com/dede/newfile.php" "Mozilla/4.0 (compatible; MSIE 7.0; Windows NT 6.1; WOW64; Trident/7.0; SLCC2; .NET CLR 2.0.50727; .NET CLR 3.5.30729; .NET CLR 3.0.30729; Media Center PC 6.0; .NET4.0C; .NET4.0E)"
101.206.35.17 - - [05/Sep/2025:09:35:36 +0800] "GET /dede/dd.php HTTP/1.1" 404 47 "http://cqqizhou.com/dede/dd.php" "Mozilla/4.0 (compatible; MSIE 7.0; Windows NT 6.1; WOW64; Trident/7.0; SLCC2; .NET CLR 2.0.50727; .NET CLR 3.5.30729; .NET CLR 3.0.30729; Media Center PC 6.0; .NET4.0C; .NET4.0E)"
101.206.35.17 - - [05/Sep/2025:09:35:37 +0800] "GET /dede/demodata.php HTTP/1.1" 404 47 "http://cqqizhou.com/dede/demodata.php" "Mozilla/4.0 (compatible; MSIE 7.0; Windows NT 6.1; WOW64; Trident/7.0; SLCC2; .NET CLR 2.0.50727; .NET CLR 3.5.30729; .NET CLR 3.0.30729; Media Center PC 6.0; .NET4.0C; .NET4.0E)"
101.206.35.17 - - [05/Sep/2025:09:35:37 +0800] "GET /dede/admins.php HTTP/1.1" 404 47 "http://cqqizhou.com/dede/admins.php" "Mozilla/4.0 (compatible; MSIE 7.0; Windows NT 6.1; WOW64; Trident/7.0; SLCC2; .NET CLR 2.0.50727; .NET CLR 3.5.30729; .NET CLR 3.0.30729; Media Center PC 6.0; .NET4.0C; .NET4.0E)"
101.206.35.17 - - [05/Sep/2025:09:35:37 +0800] "GET /dede/x.php HTTP/1.1" 404 47 "http://cqqizhou.com/dede/x.php" "Mozilla/4.0 (compatible; MSIE 7.0; Windows NT 6.1; WOW64; Trident/7.0; SLCC2; .NET CLR 2.0.50727; .NET CLR 3.5.30729; .NET CLR 3.0.30729; Media Center PC 6.0; .NET4.0C; .NET4.0E)"
101.206.35.17 - - [05/Sep/2025:09:35:37 +0800] "GET /dede/apache.php HTTP/1.1" 404 47 "http://cqqizhou.com/dede/apache.php" "Mozilla/4.0 (compatible; MSIE 7.0; Windows NT 6.1; WOW64; Trident/7.0; SLCC2; .NET CLR 2.0.50727; .NET CLR 3.5.30729; .NET CLR 3.0.30729; Media Center PC 6.0; .NET4.0C; .NET4.0E)"
101.206.35.17 - - [05/Sep/2025:09:35:37 +0800] "GET /plus/admin.php HTTP/1.1" 404 47 "http://cqqizhou.com/plus/admin.php" "Mozilla/4.0 (compatible; MSIE 7.0; Windows NT 6.1; WOW64; Trident/7.0; SLCC2; .NET CLR 2.0.50727; .NET CLR 3.5.30729; .NET CLR 3.0.30729; Media Center PC 6.0; .NET4.0C; .NET4.0E)"
101.206.35.17 - - [05/Sep/2025:09:35:38 +0800] "GET /plus/a.php HTTP/1.1" 404 47 "http://cqqizhou.com/plus/a.php" "Mozilla/4.0 (compatible; MSIE 7.0; Windows NT 6.1; WOW64; Trident/7.0; SLCC2; .NET CLR 2.0.50727; .NET CLR 3.5.30729; .NET CLR 3.0.30729; Media Center PC 6.0; .NET4.0C; .NET4.0E)"
101.206.35.17 - - [05/Sep/2025:09:35:38 +0800] "GET /plus/1234.php HTTP/1.1" 404 47 "http://cqqizhou.com/plus/1234.php" "Mozilla/4.0 (compatible; MSIE 7.0; Windows NT 6.1; WOW64; Trident/7.0; SLCC2; .NET CLR 2.0.50727; .NET CLR 3.5.30729; .NET CLR 3.0.30729; Media Center PC 6.0; .NET4.0C; .NET4.0E)"
101.206.35.17 - - [05/Sep/2025:09:35:39 +0800] "GET /plus/1.php HTTP/1.1" 404 47 "http://cqqizhou.com/plus/1.php" "Mozilla/4.0 (compatible; MSIE 7.0; Windows NT 6.1; WOW64; Trident/7.0; SLCC2; .NET CLR 2.0.50727; .NET CLR 3.5.30729; .NET CLR 3.0.30729; Media Center PC 6.0; .NET4.0C; .NET4.0E)"
101.206.35.17 - - [05/Sep/2025:09:35:39 +0800] "GET /plus/11.php HTTP/1.1" 404 47 "http://cqqizhou.com/plus/11.php" "Mozilla/4.0 (compatible; MSIE 7.0; Windows NT 6.1; WOW64; Trident/7.0; SLCC2; .NET CLR 2.0.50727; .NET CLR 3.5.30729; .NET CLR 3.0.30729; Media Center PC 6.0; .NET4.0C; .NET4.0E)"
101.206.35.17 - - [05/Sep/2025:09:35:39 +0800] "GET /plus/ak.php HTTP/1.1" 404 47 "http://cqqizhou.com/plus/ak.php" "Mozilla/4.0 (compatible; MSIE 7.0; Windows NT 6.1; WOW64; Trident/7.0; SLCC2; .NET CLR 2.0.50727; .NET CLR 3.5.30729; .NET CLR 3.0.30729; Media Center PC 6.0; .NET4.0C; .NET4.0E)"
101.206.35.17 - - [05/Sep/2025:09:35:39 +0800] "GET /plus/nginx.php HTTP/1.1" 404 47 "http://cqqizhou.com/plus/nginx.php" "Mozilla/4.0 (compatible; MSIE 7.0; Windows NT 6.1; WOW64; Trident/7.0; SLCC2; .NET CLR 2.0.50727; .NET CLR 3.5.30729; .NET CLR 3.0.30729; Media Center PC 6.0; .NET4.0C; .NET4.0E)"
101.206.35.17 - - [05/Sep/2025:09:35:40 +0800] "GET /plus/newfile.php HTTP/1.1" 404 47 "http://cqqizhou.com/plus/newfile.php" "Mozilla/4.0 (compatible; MSIE 7.0; Windows NT 6.1; WOW64; Trident/7.0; SLCC2; .NET CLR 2.0.50727; .NET CLR 3.5.30729; .NET CLR 3.0.30729; Media Center PC 6.0; .NET4.0C; .NET4.0E)"
101.206.35.17 - - [05/Sep/2025:09:35:40 +0800] "GET /plus/dd.php HTTP/1.1" 404 47 "http://cqqizhou.com/plus/dd.php" "Mozilla/4.0 (compatible; MSIE 7.0; Windows NT 6.1; WOW64; Trident/7.0; SLCC2; .NET CLR 2.0.50727; .NET CLR 3.5.30729; .NET CLR 3.0.30729; Media Center PC 6.0; .NET4.0C; .NET4.0E)"
101.206.35.17 - - [05/Sep/2025:09:35:40 +0800] "GET /plus/demodata.php HTTP/1.1" 404 47 "http://cqqizhou.com/plus/demodata.php" "Mozilla/4.0 (compatible; MSIE 7.0; Windows NT 6.1; WOW64; Trident/7.0; SLCC2; .NET CLR 2.0.50727; .NET CLR 3.5.30729; .NET CLR 3.0.30729; Media Center PC 6.0; .NET4.0C; .NET4.0E)"
101.206.35.17 - - [05/Sep/2025:09:35:40 +0800] "GET /plus/admins.php HTTP/1.1" 404 47 "http://cqqizhou.com/plus/admins.php" "Mozilla/4.0 (compatible; MSIE 7.0; Windows NT 6.1; WOW64; Trident/7.0; SLCC2; .NET CLR 2.0.50727; .NET CLR 3.5.30729; .NET CLR 3.0.30729; Media Center PC 6.0; .NET4.0C; .NET4.0E)"
101.206.35.17 - - [05/Sep/2025:09:35:40 +0800] "GET /plus/x.php HTTP/1.1" 404 47 "http://cqqizhou.com/plus/x.php" "Mozilla/4.0 (compatible; MSIE 7.0; Windows NT 6.1; WOW64; Trident/7.0; SLCC2; .NET CLR 2.0.50727; .NET CLR 3.5.30729; .NET CLR 3.0.30729; Media Center PC 6.0; .NET4.0C; .NET4.0E)"
101.206.35.17 - - [05/Sep/2025:09:35:40 +0800] "GET /plus/apache.php HTTP/1.1" 404 47 "http://cqqizhou.com/plus/apache.php" "Mozilla/4.0 (compatible; MSIE 7.0; Windows NT 6.1; WOW64; Trident/7.0; SLCC2; .NET CLR 2.0.50727; .NET CLR 3.5.30729; .NET CLR 3.0.30729; Media Center PC 6.0; .NET4.0C; .NET4.0E)"
43.157.43.147 - - [05/Sep/2025:09:36:10 +0800] "GET /wp-content/uploads/2025/07/1751864682-Logistics800x500_2-768x480.webp HTTP/1.1" 200 32570 "-" "Mozilla/5.0 (iPhone; CPU iPhone OS 13_2_3 like Mac OS X) AppleWebKit/605.1.15 (KHTML, like Gecko) Version/13.0.3 Mobile/15E148 Safari/604.1"
36.133.115.36 - - [05/Sep/2025:09:36:33 +0800] "POST /wp-cron.php?doing_wp_cron=1757036193.0267920494079589843750 HTTP/1.1" 200 31 "-" "WordPress/6.8.2; http://cqqizhou.com"
45.135.193.100 - - [05/Sep/2025:09:36:33 +0800] "GET / HTTP/1.1" 200 33467 "-" "Mozilla/5.0 (Windows NT 10.0; Win64; x64) AppleWebKit/537.36 (KHTML, like Gecko) Chrome/90.0.4430.85 Safari/537.36 Edg/90.0.818.46"
36.133.115.36 - - [05/Sep/2025:09:37:54 +0800] "POST /wp-cron.php?doing_wp_cron=1757036274.7036759853363037109375 HTTP/1.1" 200 31 "-" "WordPress/6.8.2; http://cqqizhou.com"
45.156.129.54 - - [05/Sep/2025:09:37:54 +0800] "GET / HTTP/1.1" 301 5 "-" "Mozilla/5.0 (Windows NT 10.0; Win64; x64) AppleWebKit/537.36 (KHTML, like Gecko) Chrome/60.0.3112.113 Safari/537.36"
36.133.115.36 - - [05/Sep/2025:09:41:54 +0800] "POST /wp-cron.php?doing_wp_cron=1757036513.9809908866882324218750 HTTP/1.1" 200 31 "-" "WordPress/6.8.2; http://cqqizhou.com"
149.50.103.48 - - [05/Sep/2025:09:41:54 +0800] "GET / HTTP/1.1" 200 33467 "-" "Mozilla/5.0 (Windows NT 10.0; Win64; x64) AppleWebKit/537.36 (KHTML, like Gecko) Chrome/90.0.4430.85 Safari/537.36 Edg/90.0.818.46"
36.133.115.36 - - [05/Sep/2025:09:47:23 +0800] "POST /wp-cron.php?doing_wp_cron=1757036843.3161139488220214843750 HTTP/1.1" 200 31 "-" "WordPress/6.8.2; http://cqqizhou.com"
43.153.85.46 - - [05/Sep/2025:09:47:23 +0800] "GET / HTTP/1.1" 200 33467 "-" "Mozilla/5.0 (iPhone; CPU iPhone OS 13_2_3 like Mac OS X) AppleWebKit/605.1.15 (KHTML, like Gecko) Version/13.0.3 Mobile/15E148 Safari/604.1"
36.133.115.36 - - [05/Sep/2025:09:52:31 +0800] "POST /wp-cron.php?doing_wp_cron=1757037151.1879599094390869140625 HTTP/1.1" 200 31 "-" "WordPress/6.8.2; http://cqqizhou.com"
43.167.157.80 - - [05/Sep/2025:09:52:31 +0800] "GET / HTTP/1.1" 200 33467 "-" "Mozilla/5.0 (iPhone; CPU iPhone OS 13_2_3 like Mac OS X) AppleWebKit/605.1.15 (KHTML, like Gecko) Version/13.0.3 Mobile/15E148 Safari/604.1"
36.133.115.36 - - [05/Sep/2025:10:06:36 +0800] "POST /wp-cron.php?doing_wp_cron=1757037996.5707728862762451171875 HTTP/1.1" 200 31 "-" "WordPress/6.8.2; http://cqqizhou.com"
43.153.10.13 - - [05/Sep/2025:10:06:36 +0800] "GET / HTTP/1.1" 200 33467 "-" "Mozilla/5.0 (iPhone; CPU iPhone OS 13_2_3 like Mac OS X) AppleWebKit/605.1.15 (KHTML, like Gecko) Version/13.0.3 Mobile/15E148 Safari/604.1"
45.135.193.100 - - [05/Sep/2025:10:06:45 +0800] "GET / HTTP/1.1" 200 33467 "-" "Mozilla/5.0 (Windows NT 10.0; Win64; x64) AppleWebKit/537.36 (KHTML, like Gecko) Chrome/90.0.4430.85 Safari/537.36 Edg/90.0.818.46"
36.133.115.36 - - [05/Sep/2025:10:08:09 +0800] "POST /wp-cron.php?doing_wp_cron=1757038089.8843250274658203125000 HTTP/1.1" 200 31 "-" "WordPress/6.8.2; http://cqqizhou.com"
91.224.92.17 - - [05/Sep/2025:10:08:29 +0800] "GET / HTTP/1.1" 200 96805 "-" "-"
36.133.115.36 - - [05/Sep/2025:10:39:39 +0800] "POST /wp-cron.php?doing_wp_cron=1757039979.1009519100189208984375 HTTP/1.1" 200 31 "-" "WordPress/6.8.2; http://cqqizhou.com"
198.211.125.40 - - [05/Sep/2025:10:39:39 +0800] "GET /wp-login.php HTTP/1.1" 200 2780 "-" "Mozilla/5.0 (X11; Ubuntu; Linux x86_64; rv:85.0) Gecko/20100101 Firefox/91.0"
198.211.125.40 - - [05/Sep/2025:10:39:40 +0800] "POST /wp-login.php HTTP/1.1" 200 2890 "-" "Mozilla/5.0 (X11; Ubuntu; Linux x86_64; rv:85.0) Gecko/20100101 Firefox/91.0"
36.133.115.36 - - [05/Sep/2025:10:42:48 +0800] "POST /wp-cron.php?doing_wp_cron=1757040168.5745260715484619140625 HTTP/1.1" 200 31 "-" "WordPress/6.8.2; http://cqqizhou.com"
45.135.193.100 - - [05/Sep/2025:10:42:48 +0800] "GET / HTTP/1.1" 200 33467 "-" "Mozilla/5.0 (Windows NT 10.0; Win64; x64) AppleWebKit/537.36 (KHTML, like Gecko) Chrome/90.0.4430.85 Safari/537.36 Edg/90.0.818.46"
36.133.115.36 - - [05/Sep/2025:10:44:43 +0800] "POST /wp-cron.php?doing_wp_cron=1757040283.3905119895935058593750 HTTP/1.1" 200 31 "-" "WordPress/6.8.2; http://cqqizhou.com"
149.50.103.48 - - [05/Sep/2025:10:44:43 +0800] "GET / HTTP/1.1" 200 33467 "-" "Mozilla/5.0 (Windows NT 10.0; Win64; x64) AppleWebKit/537.36 (KHTML, like Gecko) Chrome/90.0.4430.85 Safari/537.36 Edg/90.0.818.46"
45.153.34.57 - - [05/Sep/2025:10:57:13 +0800] "PUT /SDK/webLanguage HTTP/1.1" 499 0 "-" "Mozilla/5.0 (Windows NT 10.0; Win64; x64) AppleWebKit/537.36 (KHTML, like Gecko) Chrome/90.0.4430.85 Safari/537.36 Edg/90.0.818.46"
36.133.115.36 - - [05/Sep/2025:10:57:14 +0800] "POST /wp-cron.php?doing_wp_cron=1757041034.3947470188140869140625 HTTP/1.1" 200 31 "-" "WordPress/6.8.2; http://cqqizhou.com"
36.133.115.36 - - [05/Sep/2025:10:59:30 +0800] "POST /wp-cron.php?doing_wp_cron=1757041170.7769770622253417968750 HTTP/1.1" 200 31 "-" "WordPress/6.8.2; http://cqqizhou.com"
178.16.53.167 - - [05/Sep/2025:10:59:30 +0800] "GET /RDWeb/ HTTP/1.1" 404 8989 "-" "Mozilla/5.0 (Macintosh; Intel Mac OS X 10_15_7) AppleWebKit/605.1.15 (KHTML, like Gecko) Version/16.3 Mobile/15E148 Safari/604.1"
36.133.115.36 - - [05/Sep/2025:11:10:46 +0800] "POST /wp-cron.php?doing_wp_cron=1757041846.0018548965454101562500 HTTP/1.1" 200 31 "-" "WordPress/6.8.2; http://cqqizhou.com"
45.135.193.100 - - [05/Sep/2025:11:10:46 +0800] "GET / HTTP/1.1" 200 33467 "-" "Mozilla/5.0 (Windows NT 10.0; Win64; x64) AppleWebKit/537.36 (KHTML, like Gecko) Chrome/90.0.4430.85 Safari/537.36 Edg/90.0.818.46"
45.135.193.253 - - [05/Sep/2025:11:11:21 +0800] "GET / HTTP/1.1" 200 151919 "-" "-"
36.133.115.36 - - [05/Sep/2025:11:20:08 +0800] "POST /wp-cron.php?doing_wp_cron=1757042408.2119369506835937500000 HTTP/1.1" 200 31 "-" "WordPress/6.8.2; http://cqqizhou.com"
93.158.90.17 - - [05/Sep/2025:11:20:08 +0800] "GET /robots.txt HTTP/1.1" 200 190 "-" "Mozilla/5.0 (Windows NT 10.0; Win64; x64) AppleWebKit/537.36 (KHTML, like Gecko) Chrome/122.0.0.0 Safari/537.3"
93.158.90.53 - - [05/Sep/2025:11:20:10 +0800] "GET / HTTP/1.1" 200 39369 "-" "Mozilla/5.0 (Windows NT 10.0; Win64; x64) AppleWebKit/537.36 (KHTML, like Gecko) Chrome/122.0.0.0 Safari/537.3"
36.133.115.36 - - [05/Sep/2025:11:29:24 +0800] "POST /wp-cron.php?doing_wp_cron=1757042964.8858649730682373046875 HTTP/1.1" 200 31 "-" "WordPress/6.8.2; http://cqqizhou.com"
91.196.152.154 - - [05/Sep/2025:11:29:24 +0800] "GET / HTTP/1.1" 301 5 "-" "Mozilla/5.0 (X11; Ubuntu; Linux x86_64; rv:134.0) Gecko/20100101 Firefox/134.0"
91.196.152.60 - - [05/Sep/2025:11:37:23 +0800] "GET / HTTP/1.1" 200 165874 "-" "Mozilla/5.0 (X11; Ubuntu; Linux x86_64; rv:134.0) Gecko/20100101 Firefox/134.0"
36.133.115.36 - - [05/Sep/2025:11:42:19 +0800] "POST /wp-cron.php?doing_wp_cron=1757043739.6390140056610107421875 HTTP/1.1" 200 31 "-" "WordPress/6.8.2; http://cqqizhou.com"
45.135.193.100 - - [05/Sep/2025:11:42:19 +0800] "GET / HTTP/1.1" 200 33467 "-" "Mozilla/5.0 (Windows NT 10.0; Win64; x64) AppleWebKit/537.36 (KHTML, like Gecko) Chrome/90.0.4430.85 Safari/537.36 Edg/90.0.818.46"
36.133.115.36 - - [05/Sep/2025:11:45:20 +0800] "POST /wp-cron.php?doing_wp_cron=1757043920.6530508995056152343750 HTTP/1.1" 200 31 "-" "WordPress/6.8.2; http://cqqizhou.com"
161.248.188.190 - - [05/Sep/2025:11:45:20 +0800] "GET /wp-login.php HTTP/1.1" 200 2780 "-" "Mozilla/5.0 (X11; Ubuntu; Linux x86_64; rv:85.0) Gecko/20100101 Firefox/91.0"
161.248.188.190 - - [05/Sep/2025:11:45:22 +0800] "POST /wp-login.php HTTP/1.1" 200 2890 "-" "Mozilla/5.0 (X11; Ubuntu; Linux x86_64; rv:85.0) Gecko/20100101 Firefox/91.0"
36.133.115.36 - - [05/Sep/2025:11:45:53 +0800] "POST /wp-cron.php?doing_wp_cron=1757043953.9203140735626220703125 HTTP/1.1" 200 31 "-" "WordPress/6.8.2; http://cqqizhou.com"
91.230.168.242 - - [05/Sep/2025:11:45:53 +0800] "GET / HTTP/1.1" 301 5 "-" "Mozilla/5.0 (X11; Ubuntu; Linux x86_64; rv:134.0) Gecko/20100101 Firefox/134.0"
149.50.103.48 - - [05/Sep/2025:11:46:09 +0800] "GET / HTTP/1.1" 200 33467 "-" "Mozilla/5.0 (Windows NT 10.0; Win64; x64) AppleWebKit/537.36 (KHTML, like Gecko) Chrome/90.0.4430.85 Safari/537.36 Edg/90.0.818.46"
91.230.168.192 - - [05/Sep/2025:11:52:24 +0800] "GET / HTTP/1.1" 200 165874 "-" "Mozilla/5.0 (X11; Ubuntu; Linux x86_64; rv:134.0) Gecko/20100101 Firefox/134.0"
36.133.115.36 - - [05/Sep/2025:11:57:37 +0800] "POST /wp-cron.php?doing_wp_cron=1757044657.3497669696807861328125 HTTP/1.1" 200 31 "-" "WordPress/6.8.2; http://cqqizhou.com"
104.234.115.157 - - [05/Sep/2025:11:57:37 +0800] "GET / HTTP/1.0" 301 0 "-" "'Mozilla/5.0 (compatible; GenomeCrawlerd/1.0; +https://www.nokia.com/genomecrawler)'"
36.133.115.36 - - [05/Sep/2025:11:58:08 +0800] "POST /wp-cron.php?doing_wp_cron=1757044688.2485229969024658203125 HTTP/1.1" 200 31 "-" "WordPress/6.8.2; http://cqqizhou.com"
104.234.115.157 - - [05/Sep/2025:11:58:08 +0800] "GET / HTTP/1.1" 301 5 "-" "'Mozilla/5.0 (compatible; GenomeCrawlerd/1.0; +https://www.nokia.com/genomecrawler)'"
104.234.115.157 - - [05/Sep/2025:11:58:25 +0800] "GET /manage/account/login HTTP/1.1" 404 8990 "-" "'Mozilla/5.0 (compatible; GenomeCrawlerd/1.0; +https://www.nokia.com/genomecrawler)'"
104.234.115.157 - - [05/Sep/2025:11:58:39 +0800] "GET /admin/index.html HTTP/1.1" 404 8990 "-" "'Mozilla/5.0 (compatible; GenomeCrawlerd/1.0; +https://www.nokia.com/genomecrawler)'"
104.234.115.157 - - [05/Sep/2025:11:58:52 +0800] "GET /index.html HTTP/1.1" 200 8721 "-" "'Mozilla/5.0 (compatible; GenomeCrawlerd/1.0; +https://www.nokia.com/genomecrawler)'"
36.133.115.36 - - [05/Sep/2025:12:14:31 +0800] "POST /wp-cron.php?doing_wp_cron=1757045670.9779100418090820312500 HTTP/1.1" 200 31 "-" "WordPress/6.8.2; http://cqqizhou.com"
45.135.193.100 - - [05/Sep/2025:12:14:31 +0800] "GET / HTTP/1.1" 200 33467 "-" "Mozilla/5.0 (Windows NT 10.0; Win64; x64) AppleWebKit/537.36 (KHTML, like Gecko) Chrome/90.0.4430.85 Safari/537.36 Edg/90.0.818.46"
36.133.115.36 - - [05/Sep/2025:12:35:53 +0800] "POST /wp-cron.php?doing_wp_cron=1757046953.8956930637359619140625 HTTP/1.1" 200 31 "-" "WordPress/6.8.2; http://cqqizhou.com"
111.172.249.49 - - [05/Sep/2025:12:35:53 +0800] "GET / HTTP/1.1" 301 5 "-" "Mozilla/5.0 (iPhone; CPU iPhone OS 13_2_3 like Mac OS X) AppleWebKit/605.1.15 (KHTML, like Gecko) Version/13.0.3 Mobile/15E148 Safari/604.1"
111.172.249.49 - - [05/Sep/2025:12:36:02 +0800] "GET / HTTP/1.1" 200 33467 "http://www.cqqizhou.com" "Mozilla/5.0 (iPhone; CPU iPhone OS 13_2_3 like Mac OS X) AppleWebKit/605.1.15 (KHTML, like Gecko) Version/13.0.3 Mobile/15E148 Safari/604.1"
36.133.115.36 - - [05/Sep/2025:12:44:36 +0800] "POST /wp-cron.php?doing_wp_cron=1757047476.1121449470520019531250 HTTP/1.1" 200 31 "-" "WordPress/6.8.2; http://cqqizhou.com"
45.135.193.100 - - [05/Sep/2025:12:44:36 +0800] "GET / HTTP/1.1" 200 33467 "-" "Mozilla/5.0 (Windows NT 10.0; Win64; x64) AppleWebKit/537.36 (KHTML, like Gecko) Chrome/90.0.4430.85 Safari/537.36 Edg/90.0.818.46"
36.133.115.36 - - [05/Sep/2025:12:51:40 +0800] "POST /wp-cron.php?doing_wp_cron=1757047900.7490539550781250000000 HTTP/1.1" 200 31 "-" "WordPress/6.8.2; http://cqqizhou.com"
150.109.119.38 - - [05/Sep/2025:12:51:40 +0800] "GET / HTTP/1.1" 301 5 "-" "Mozilla/5.0 (iPhone; CPU iPhone OS 13_2_3 like Mac OS X) AppleWebKit/605.1.15 (KHTML, like Gecko) Version/13.0.3 Mobile/15E148 Safari/604.1"
150.109.119.38 - - [05/Sep/2025:12:51:45 +0800] "GET / HTTP/1.1" 200 33467 "http://www.cqqizhou.com" "Mozilla/5.0 (iPhone; CPU iPhone OS 13_2_3 like Mac OS X) AppleWebKit/605.1.15 (KHTML, like Gecko) Version/13.0.3 Mobile/15E148 Safari/604.1"
