4.217.161.165 - - [04/Sep/2025:18:03:51 +0800] "GET /autoload_classmap.php HTTP/1.1" 404 27 "-" "-"
4.217.161.165 - - [04/Sep/2025:18:03:51 +0800] "GET /berax.php HTTP/1.1" 404 27 "-" "-"
4.217.161.165 - - [04/Sep/2025:18:03:52 +0800] "GET /cbrfo.php HTTP/1.1" 404 27 "-" "-"
4.217.161.165 - - [04/Sep/2025:18:03:52 +0800] "GET /dfre.php HTTP/1.1" 404 27 "-" "-"
4.217.161.165 - - [04/Sep/2025:18:03:52 +0800] "GET /disagimons.php HTTP/1.1" 404 27 "-" "-"
4.217.161.165 - - [04/Sep/2025:18:03:52 +0800] "GET /disagreop.php HTTP/1.1" 404 27 "-" "-"
4.217.161.165 - - [04/Sep/2025:18:03:52 +0800] "GET /manager.php HTTP/1.1" 404 27 "-" "-"
4.217.161.165 - - [04/Sep/2025:18:03:52 +0800] "GET /uploan.php HTTP/1.1" 404 27 "-" "-"
47.109.44.73 - - [04/Sep/2025:18:04:16 +0800] "GET /wp-includes/css/dist/ HTTP/1.1" 403 548 "-" "Mozilla/5.0 (Windows NT 6.1; WOW64) AppleWebKit/537.36 (KHTML, like Gecko) Chrome/86.0.4240.198 Safari/537.36"
47.109.31.152 - - [04/Sep/2025:18:04:33 +0800] "GET /wp-content/plugins/revslider/public/css/ HTTP/1.1" 403 548 "-" "Mozilla/5.0 (Windows NT 6.1; WOW64) AppleWebKit/537.36 (KHTML, like Gecko) Chrome/86.0.4240.198 Safari/537.36"
47.108.117.45 - - [04/Sep/2025:18:05:16 +0800] "GET /wp-content/themes/qizhou/js/ HTTP/1.1" 403 548 "-" "Mozilla/5.0 (Windows NT 6.1; WOW64) AppleWebKit/537.36 (KHTML, like Gecko) Chrome/86.0.4240.198 Safari/537.36"
36.133.115.36 - - [04/Sep/2025:18:05:26 +0800] "POST /wp-cron.php?doing_wp_cron=1756980326.0075271129608154296875 HTTP/1.1" 200 31 "-" "WordPress/6.8.2; http://cqqizhou.com"
47.109.31.152 - - [04/Sep/2025:18:05:26 +0800] "GET /portfolio-tag/ HTTP/1.1" 404 8989 "-" "Mozilla/5.0 (Windows NT 6.1; WOW64) AppleWebKit/537.36 (KHTML, like Gecko) Chrome/86.0.4240.198 Safari/537.36"
47.109.31.152 - - [04/Sep/2025:18:05:30 +0800] "GET /portfolio-tag/%e9%9e%8d%e9%92%a2%e8%92%82%e6%a3%ae/ HTTP/1.1" 200 22644 "-" "Mozilla/5.0 (Windows NT 6.1; WOW64) AppleWebKit/537.36 (KHTML, like Gecko) Chrome/86.0.4240.198 Safari/537.36"
121.42.236.230 - - [04/Sep/2025:18:05:37 +0800] "GET /wp-content/cache/min/1/wp-content/plugins/contact-form-7/includes/swv/ HTTP/1.1" 403 548 "-" "Mozilla/5.0 (Windows NT 6.1; WOW64) AppleWebKit/537.36 (KHTML, like Gecko) Chrome/86.0.4240.198 Safari/537.36"
36.133.115.36 - - [04/Sep/2025:18:06:04 +0800] "POST /wp-cron.php?doing_wp_cron=1756980364.3875429630279541015625 HTTP/1.1" 200 31 "-" "WordPress/6.8.2; http://cqqizhou.com"
47.109.44.73 - - [04/Sep/2025:18:06:04 +0800] "GET /portfolio-category/ HTTP/1.1" 404 8990 "-" "Mozilla/5.0 (Windows NT 6.1; WOW64) AppleWebKit/537.36 (KHTML, like Gecko) Chrome/86.0.4240.198 Safari/537.36"
121.42.236.230 - - [04/Sep/2025:18:07:22 +0800] "GET /wp-content/cache/min/1/wp-content/plugins/contact-form-7/includes/js/ HTTP/1.1" 403 548 "-" "Mozilla/5.0 (Windows NT 6.1; WOW64) AppleWebKit/537.36 (KHTML, like Gecko) Chrome/86.0.4240.198 Safari/537.36"
121.42.236.230 - - [04/Sep/2025:18:07:23 +0800] "GET /2153/ HTTP/1.1" 200 24603 "-" "Mozilla/5.0 (Windows NT 6.1; WOW64) AppleWebKit/537.36 (KHTML, like Gecko) Chrome/86.0.4240.198 Safari/537.36"
36.133.115.36 - - [04/Sep/2025:18:07:45 +0800] "POST /wp-cron.php?doing_wp_cron=1756980465.6837139129638671875000 HTTP/1.1" 200 31 "-" "WordPress/6.8.2; http://cqqizhou.com"
51.210.194.206 - - [04/Sep/2025:18:07:45 +0800] "POST /xmlrpc.php HTTP/1.1" 200 217 "-" "Mozilla/5.0 (X11; Ubuntu; Linux x86_64; rv:85.0) Gecko/20100101 Firefox/91.0"
47.109.54.65 - - [04/Sep/2025:18:07:47 +0800] "GET /wp-content/plugins/elementor-pro/assets/ HTTP/1.1" 403 548 "-" "Mozilla/5.0 (Windows NT 6.1; WOW64) AppleWebKit/537.36 (KHTML, like Gecko) Chrome/86.0.4240.198 Safari/537.36"
121.42.249.16 - - [04/Sep/2025:18:07:50 +0800] "GET /2153/ HTTP/1.1" 200 24603 "-" "Mozilla/5.0 (Windows NT 6.1; WOW64) AppleWebKit/537.36 (KHTML, like Gecko) Chrome/86.0.4240.198 Safari/537.36"
121.42.249.16 - - [04/Sep/2025:18:08:05 +0800] "GET /contacts/ HTTP/1.1" 200 21496 "-" "Mozilla/5.0 (Windows NT 6.1; WOW64) AppleWebKit/537.36 (KHTML, like Gecko) Chrome/86.0.4240.198 Safari/537.36"
47.109.44.73 - - [04/Sep/2025:18:08:19 +0800] "GET /contacts/ HTTP/1.1" 200 21496 "-" "Mozilla/5.0 (Windows NT 6.1; WOW64) AppleWebKit/537.36 (KHTML, like Gecko) Chrome/86.0.4240.198 Safari/537.36"
47.109.31.152 - - [04/Sep/2025:18:08:24 +0800] "GET /news/ HTTP/1.1" 200 25256 "-" "Mozilla/5.0 (Windows NT 6.1; WOW64) AppleWebKit/537.36 (KHTML, like Gecko) Chrome/86.0.4240.198 Safari/537.36"
47.109.54.65 - - [04/Sep/2025:18:08:24 +0800] "GET /wp-content/plugins/wp-rocket/assets/js/ HTTP/1.1" 403 548 "-" "Mozilla/5.0 (Windows NT 6.1; WOW64) AppleWebKit/537.36 (KHTML, like Gecko) Chrome/86.0.4240.198 Safari/537.36"
121.42.249.16 - - [04/Sep/2025:18:08:39 +0800] "GET /wp-content/cache/min/1/wp-content/plugins/contact-form-7/includes/css/ HTTP/1.1" 403 548 "-" "Mozilla/5.0 (Windows NT 6.1; WOW64) AppleWebKit/537.36 (KHTML, like Gecko) Chrome/86.0.4240.198 Safari/537.36"
36.133.115.36 - - [04/Sep/2025:18:08:55 +0800] "POST /wp-cron.php?doing_wp_cron=1756980535.3807799816131591796875 HTTP/1.1" 200 31 "-" "WordPress/6.8.2; http://cqqizhou.com"
121.42.249.16 - - [04/Sep/2025:18:08:55 +0800] "GET /process/processing HTTP/1.1" 301 5 "-" "Mozilla/5.0 (Windows NT 6.1; WOW64) AppleWebKit/537.36 (KHTML, like Gecko) Chrome/86.0.4240.198 Safari/537.36"
121.42.249.16 - - [04/Sep/2025:18:08:55 +0800] "GET /services/processing/ HTTP/1.1" 200 22903 "http://cqqizhou.com/process/processing" "Mozilla/5.0 (Windows NT 6.1; WOW64) AppleWebKit/537.36 (KHTML, like Gecko) Chrome/86.0.4240.198 Safari/537.36"
47.109.54.65 - - [04/Sep/2025:18:09:27 +0800] "GET /wp-content/plugins/smartideo/static/ HTTP/1.1" 403 548 "-" "Mozilla/5.0 (Windows NT 6.1; WOW64) AppleWebKit/537.36 (KHTML, like Gecko) Chrome/86.0.4240.198 Safari/537.36"
121.42.252.229 - - [04/Sep/2025:18:10:08 +0800] "GET /wp-content/cache/min/1/wp-content/themes/qizhou/js/ HTTP/1.1" 403 548 "-" "Mozilla/5.0 (Windows NT 6.1; WOW64) AppleWebKit/537.36 (KHTML, like Gecko) Chrome/86.0.4240.198 Safari/537.36"
47.109.54.65 - - [04/Sep/2025:18:10:48 +0800] "GET /wp-content/cache/min/1/ HTTP/1.1" 403 548 "-" "Mozilla/5.0 (Windows NT 6.1; WOW64) AppleWebKit/537.36 (KHTML, like Gecko) Chrome/86.0.4240.198 Safari/537.36"
121.42.236.230 - - [04/Sep/2025:18:10:50 +0800] "GET /wp-content/cache/min/1/wp-content/plugins/revslider/public/css/fonts/revicons/css/ HTTP/1.1" 403 548 "-" "Mozilla/5.0 (Windows NT 6.1; WOW64) AppleWebKit/537.36 (KHTML, like Gecko) Chrome/86.0.4240.198 Safari/537.36"
52.167.144.204 - - [04/Sep/2025:18:11:07 +0800] "GET /wp-content/uploads/2025/07/1751829454-Smart-warehousing800x500.webp HTTP/1.1" 200 79504 "-" "Mozilla/5.0 AppleWebKit/537.36 (KHTML, like Gecko; compatible; bingbot/2.0; +http://www.bing.com/bingbot.htm) Chrome/116.0.1938.76 Safari/537.36"
52.167.144.204 - - [04/Sep/2025:18:11:08 +0800] "GET /wp-content/uploads/2025/07/1751857929-3D-one-stop-supply-chain-service-W900px2.webp HTTP/1.1" 200 38362 "-" "Mozilla/5.0 AppleWebKit/537.36 (KHTML, like Gecko; compatible; bingbot/2.0; +http://www.bing.com/bingbot.htm) Chrome/116.0.1938.76 Safari/537.36"
121.42.249.16 - - [04/Sep/2025:18:11:10 +0800] "GET /wp-content/cache/min/1/ HTTP/1.1" 403 548 "-" "Mozilla/5.0 (Windows NT 6.1; WOW64) AppleWebKit/537.36 (KHTML, like Gecko) Chrome/86.0.4240.198 Safari/537.36"
121.42.236.230 - - [04/Sep/2025:18:11:14 +0800] "GET /wp-content/cache/min/1/wp-content/plugins/contact-form-7/includes/ HTTP/1.1" 403 548 "-" "Mozilla/5.0 (Windows NT 6.1; WOW64) AppleWebKit/537.36 (KHTML, like Gecko) Chrome/86.0.4240.198 Safari/537.36"
121.42.253.62 - - [04/Sep/2025:18:11:59 +0800] "GET /wp-content/cache/min/1/wp-content/plugins/contact-form-7/includes/css/ HTTP/1.1" 403 548 "-" "Mozilla/5.0 (Windows NT 6.1; WOW64) AppleWebKit/537.36 (KHTML, like Gecko) Chrome/86.0.4240.198 Safari/537.36"
121.42.236.230 - - [04/Sep/2025:18:12:10 +0800] "GET /wp-content/themes/qizhou/images/ HTTP/1.1" 403 548 "-" "Mozilla/5.0 (Windows NT 6.1; WOW64) AppleWebKit/537.36 (KHTML, like Gecko) Chrome/86.0.4240.198 Safari/537.36"
36.133.115.36 - - [04/Sep/2025:18:13:07 +0800] "POST /wp-cron.php?doing_wp_cron=1756980787.2821900844573974609375 HTTP/1.1" 200 31 "-" "WordPress/6.8.2; http://cqqizhou.com"
47.109.31.152 - - [04/Sep/2025:18:13:07 +0800] "GET /ask/ HTTP/1.1" 404 8990 "-" "Mozilla/5.0 (Windows NT 6.1; WOW64) AppleWebKit/537.36 (KHTML, like Gecko) Chrome/86.0.4240.198 Safari/537.36"
47.109.44.73 - - [04/Sep/2025:18:13:12 +0800] "GET /?s= HTTP/1.1" 200 19545 "-" "Mozilla/5.0 (Windows NT 6.1; WOW64) AppleWebKit/537.36 (KHTML, like Gecko) Chrome/86.0.4240.198 Safari/537.36"
121.42.253.62 - - [04/Sep/2025:18:13:20 +0800] "GET /2160/ HTTP/1.1" 200 29934 "-" "Mozilla/5.0 (Windows NT 6.1; WOW64) AppleWebKit/537.36 (KHTML, like Gecko) Chrome/86.0.4240.198 Safari/537.36"
47.109.44.73 - - [04/Sep/2025:18:13:29 +0800] "GET /wp-content/plugins/elementor/assets/css/conditionals/ HTTP/1.1" 403 548 "-" "Mozilla/5.0 (Windows NT 6.1; WOW64) AppleWebKit/537.36 (KHTML, like Gecko) Chrome/86.0.4240.198 Safari/537.36"
47.109.31.152 - - [04/Sep/2025:18:13:46 +0800] "GET /2164/ HTTP/1.1" 200 23705 "-" "Mozilla/5.0 (Windows NT 6.1; WOW64) AppleWebKit/537.36 (KHTML, like Gecko) Chrome/86.0.4240.198 Safari/537.36"
185.177.72.201 - - [04/Sep/2025:18:14:29 +0800] "GET / HTTP/1.1" 200 39369 "-" "Mozilla/5.0 (Windows NT 10.0; Win64; x64) AppleWebKit/537.36 (KHTML, like Gecko) Chrome/91.0.4472.124 Safari/537.36"
36.133.115.36 - - [04/Sep/2025:18:14:30 +0800] "POST /wp-cron.php?doing_wp_cron=1756980870.4063289165496826171875 HTTP/1.1" 200 31 "-" "WordPress/6.8.2; http://cqqizhou.com"
185.177.72.201 - - [04/Sep/2025:18:14:30 +0800] "GET /.env HTTP/1.1" 404 8989 "-" "Mozilla/5.0 (Windows NT 10.0; Win64; x64) AppleWebKit/537.36 (KHTML, like Gecko) Chrome/91.0.4472.124 Safari/537.36"
185.177.72.201 - - [04/Sep/2025:18:14:32 +0800] "GET /phpinfo HTTP/1.1" 404 8990 "-" "Mozilla/5.0 (Windows NT 10.0; Win64; x64) AppleWebKit/537.36 (KHTML, like Gecko) Chrome/91.0.4472.124 Safari/537.36"
185.177.72.201 - - [04/Sep/2025:18:14:32 +0800] "GET /phpinfo.php HTTP/1.1" 404 47 "-" "Mozilla/5.0 (Windows NT 10.0; Win64; x64) AppleWebKit/537.36 (KHTML, like Gecko) Chrome/91.0.4472.124 Safari/537.36"
185.177.72.201 - - [04/Sep/2025:18:14:33 +0800] "GET /portal/.env HTTP/1.1" 404 8990 "-" "Mozilla/5.0 (Windows NT 10.0; Win64; x64) AppleWebKit/537.36 (KHTML, like Gecko) Chrome/91.0.4472.124 Safari/537.36"
185.177.72.201 - - [04/Sep/2025:18:14:35 +0800] "GET /env/.env HTTP/1.1" 404 8990 "-" "Mozilla/5.0 (Windows NT 10.0; Win64; x64) AppleWebKit/537.36 (KHTML, like Gecko) Chrome/91.0.4472.124 Safari/537.36"
185.177.72.201 - - [04/Sep/2025:18:14:36 +0800] "GET /api/.env HTTP/1.1" 404 8990 "-" "Mozilla/5.0 (Windows NT 10.0; Win64; x64) AppleWebKit/537.36 (KHTML, like Gecko) Chrome/91.0.4472.124 Safari/537.36"
185.177.72.201 - - [04/Sep/2025:18:14:37 +0800] "GET /app/.env HTTP/1.1" 404 8990 "-" "Mozilla/5.0 (Windows NT 10.0; Win64; x64) AppleWebKit/537.36 (KHTML, like Gecko) Chrome/91.0.4472.124 Safari/537.36"
185.177.72.201 - - [04/Sep/2025:18:14:42 +0800] "GET /dev/.env HTTP/1.1" 404 8990 "-" "Mozilla/5.0 (Windows NT 10.0; Win64; x64) AppleWebKit/537.36 (KHTML, like Gecko) Chrome/91.0.4472.124 Safari/537.36"
185.177.72.201 - - [04/Sep/2025:18:14:43 +0800] "GET /new/.env HTTP/1.1" 404 8990 "-" "Mozilla/5.0 (Windows NT 10.0; Win64; x64) AppleWebKit/537.36 (KHTML, like Gecko) Chrome/91.0.4472.124 Safari/537.36"
36.133.115.36 - - [04/Sep/2025:18:14:46 +0800] "POST /wp-cron.php?doing_wp_cron=1756980886.9520030021667480468750 HTTP/1.1" 200 31 "-" "WordPress/6.8.2; http://cqqizhou.com"
185.177.72.201 - - [04/Sep/2025:18:14:47 +0800] "GET /new/.env.local HTTP/1.1" 404 8990 "-" "Mozilla/5.0 (Windows NT 10.0; Win64; x64) AppleWebKit/537.36 (KHTML, like Gecko) Chrome/91.0.4472.124 Safari/537.36"
185.177.72.201 - - [04/Sep/2025:18:14:47 +0800] "GET /new/.env.production HTTP/1.1" 404 8990 "-" "Mozilla/5.0 (Windows NT 10.0; Win64; x64) AppleWebKit/537.36 (KHTML, like Gecko) Chrome/91.0.4472.124 Safari/537.36"
185.177.72.201 - - [04/Sep/2025:18:14:48 +0800] "GET /new/.env.staging HTTP/1.1" 404 8990 "-" "Mozilla/5.0 (Windows NT 10.0; Win64; x64) AppleWebKit/537.36 (KHTML, like Gecko) Chrome/91.0.4472.124 Safari/537.36"
185.177.72.201 - - [04/Sep/2025:18:14:49 +0800] "GET /_phpinfo.php HTTP/1.1" 404 47 "-" "Mozilla/5.0 (Windows NT 10.0; Win64; x64) AppleWebKit/537.36 (KHTML, like Gecko) Chrome/91.0.4472.124 Safari/537.36"
185.177.72.201 - - [04/Sep/2025:18:14:50 +0800] "GET /_profiler/phpinfo HTTP/1.1" 404 8989 "-" "Mozilla/5.0 (Windows NT 10.0; Win64; x64) AppleWebKit/537.36 (KHTML, like Gecko) Chrome/91.0.4472.124 Safari/537.36"
185.177.72.201 - - [04/Sep/2025:18:14:50 +0800] "GET /_profiler/phpinfo/info.php HTTP/1.1" 404 47 "-" "Mozilla/5.0 (Windows NT 10.0; Win64; x64) AppleWebKit/537.36 (KHTML, like Gecko) Chrome/91.0.4472.124 Safari/537.36"
185.177.72.201 - - [04/Sep/2025:18:14:51 +0800] "GET /_profiler/phpinfo/phpinfo.php HTTP/1.1" 404 47 "-" "Mozilla/5.0 (Windows NT 10.0; Win64; x64) AppleWebKit/537.36 (KHTML, like Gecko) Chrome/91.0.4472.124 Safari/537.36"
185.177.72.201 - - [04/Sep/2025:18:14:52 +0800] "GET /wp-config HTTP/1.1" 404 8990 "-" "Mozilla/5.0 (Windows NT 10.0; Win64; x64) AppleWebKit/537.36 (KHTML, like Gecko) Chrome/91.0.4472.124 Safari/537.36"
185.177.72.201 - - [04/Sep/2025:18:14:53 +0800] "GET /aws-secret.yaml HTTP/1.1" 404 8990 "-" "Mozilla/5.0 (Windows NT 10.0; Win64; x64) AppleWebKit/537.36 (KHTML, like Gecko) Chrome/91.0.4472.124 Safari/537.36"
185.177.72.201 - - [04/Sep/2025:18:14:54 +0800] "GET /awstats/.env HTTP/1.1" 404 8991 "-" "Mozilla/5.0 (Windows NT 10.0; Win64; x64) AppleWebKit/537.36 (KHTML, like Gecko) Chrome/91.0.4472.124 Safari/537.36"
185.177.72.201 - - [04/Sep/2025:18:14:55 +0800] "GET /conf/.env HTTP/1.1" 404 8990 "-" "Mozilla/5.0 (Windows NT 10.0; Win64; x64) AppleWebKit/537.36 (KHTML, like Gecko) Chrome/91.0.4472.124 Safari/537.36"
185.177.72.201 - - [04/Sep/2025:18:14:56 +0800] "GET /cron/.env HTTP/1.1" 404 8990 "-" "Mozilla/5.0 (Windows NT 10.0; Win64; x64) AppleWebKit/537.36 (KHTML, like Gecko) Chrome/91.0.4472.124 Safari/537.36"
185.177.72.201 - - [04/Sep/2025:18:14:57 +0800] "GET /www/.env HTTP/1.1" 404 8990 "-" "Mozilla/5.0 (Windows NT 10.0; Win64; x64) AppleWebKit/537.36 (KHTML, like Gecko) Chrome/91.0.4472.124 Safari/537.36"
185.177.72.201 - - [04/Sep/2025:18:14:58 +0800] "GET /docker/.env HTTP/1.1" 404 8990 "-" "Mozilla/5.0 (Windows NT 10.0; Win64; x64) AppleWebKit/537.36 (KHTML, like Gecko) Chrome/91.0.4472.124 Safari/537.36"
185.177.72.201 - - [04/Sep/2025:18:14:59 +0800] "GET /docker/app/.env HTTP/1.1" 404 8990 "-" "Mozilla/5.0 (Windows NT 10.0; Win64; x64) AppleWebKit/537.36 (KHTML, like Gecko) Chrome/91.0.4472.124 Safari/537.36"
185.177.72.201 - - [04/Sep/2025:18:15:00 +0800] "GET /env.backup HTTP/1.1" 404 8989 "-" "Mozilla/5.0 (Windows NT 10.0; Win64; x64) AppleWebKit/537.36 (KHTML, like Gecko) Chrome/91.0.4472.124 Safari/537.36"
185.177.72.201 - - [04/Sep/2025:18:15:01 +0800] "GET /xampp/phpinfo.php HTTP/1.1" 404 47 "-" "Mozilla/5.0 (Windows NT 10.0; Win64; x64) AppleWebKit/537.36 (KHTML, like Gecko) Chrome/91.0.4472.124 Safari/537.36"
185.177.72.201 - - [04/Sep/2025:18:15:01 +0800] "GET /lara/info.php HTTP/1.1" 404 47 "-" "Mozilla/5.0 (Windows NT 10.0; Win64; x64) AppleWebKit/537.36 (KHTML, like Gecko) Chrome/91.0.4472.124 Safari/537.36"
185.177.72.201 - - [04/Sep/2025:18:15:02 +0800] "GET /lara/phpinfo.php HTTP/1.1" 404 47 "-" "Mozilla/5.0 (Windows NT 10.0; Win64; x64) AppleWebKit/537.36 (KHTML, like Gecko) Chrome/91.0.4472.124 Safari/537.36"
185.177.72.201 - - [04/Sep/2025:18:15:02 +0800] "GET /laravel/info.php HTTP/1.1" 404 47 "-" "Mozilla/5.0 (Windows NT 10.0; Win64; x64) AppleWebKit/537.36 (KHTML, like Gecko) Chrome/91.0.4472.124 Safari/537.36"
185.177.72.201 - - [04/Sep/2025:18:15:03 +0800] "GET /.vscode/.env HTTP/1.1" 404 8989 "-" "Mozilla/5.0 (Windows NT 10.0; Win64; x64) AppleWebKit/537.36 (KHTML, like Gecko) Chrome/91.0.4472.124 Safari/537.36"
185.177.72.201 - - [04/Sep/2025:18:15:04 +0800] "GET /js/.env HTTP/1.1" 404 8990 "-" "Mozilla/5.0 (Windows NT 10.0; Win64; x64) AppleWebKit/537.36 (KHTML, like Gecko) Chrome/91.0.4472.124 Safari/537.36"
185.177.72.201 - - [04/Sep/2025:18:15:05 +0800] "GET /laravel/.env HTTP/1.1" 404 8990 "-" "Mozilla/5.0 (Windows NT 10.0; Win64; x64) AppleWebKit/537.36 (KHTML, like Gecko) Chrome/91.0.4472.124 Safari/537.36"
185.177.72.201 - - [04/Sep/2025:18:15:06 +0800] "GET /laravel/core/.env HTTP/1.1" 404 8989 "-" "Mozilla/5.0 (Windows NT 10.0; Win64; x64) AppleWebKit/537.36 (KHTML, like Gecko) Chrome/91.0.4472.124 Safari/537.36"
185.177.72.201 - - [04/Sep/2025:18:15:07 +0800] "GET /mail/.env HTTP/1.1" 404 8990 "-" "Mozilla/5.0 (Windows NT 10.0; Win64; x64) AppleWebKit/537.36 (KHTML, like Gecko) Chrome/91.0.4472.124 Safari/537.36"
47.109.54.65 - - [04/Sep/2025:18:15:07 +0800] "GET /2162/ HTTP/1.1" 200 25352 "-" "Mozilla/5.0 (Windows NT 6.1; WOW64) AppleWebKit/537.36 (KHTML, like Gecko) Chrome/86.0.4240.198 Safari/537.36"
185.177.72.201 - - [04/Sep/2025:18:15:08 +0800] "GET /mailer/.env HTTP/1.1" 404 8990 "-" "Mozilla/5.0 (Windows NT 10.0; Win64; x64) AppleWebKit/537.36 (KHTML, like Gecko) Chrome/91.0.4472.124 Safari/537.36"
185.177.72.201 - - [04/Sep/2025:18:15:09 +0800] "GET /nginx/.env HTTP/1.1" 404 8990 "-" "Mozilla/5.0 (Windows NT 10.0; Win64; x64) AppleWebKit/537.36 (KHTML, like Gecko) Chrome/91.0.4472.124 Safari/537.36"
185.177.72.201 - - [04/Sep/2025:18:15:10 +0800] "GET /public/.env HTTP/1.1" 404 8986 "-" "Mozilla/5.0 (Windows NT 10.0; Win64; x64) AppleWebKit/537.36 (KHTML, like Gecko) Chrome/91.0.4472.124 Safari/537.36"
185.177.72.201 - - [04/Sep/2025:18:15:11 +0800] "GET /site/.env HTTP/1.1" 404 8989 "-" "Mozilla/5.0 (Windows NT 10.0; Win64; x64) AppleWebKit/537.36 (KHTML, like Gecko) Chrome/91.0.4472.124 Safari/537.36"
185.177.72.201 - - [04/Sep/2025:18:15:12 +0800] "GET /xampp/.env HTTP/1.1" 404 8989 "-" "Mozilla/5.0 (Windows NT 10.0; Win64; x64) AppleWebKit/537.36 (KHTML, like Gecko) Chrome/91.0.4472.124 Safari/537.36"
185.177.72.201 - - [04/Sep/2025:18:15:13 +0800] "GET /main/.env HTTP/1.1" 404 8989 "-" "Mozilla/5.0 (Windows NT 10.0; Win64; x64) AppleWebKit/537.36 (KHTML, like Gecko) Chrome/91.0.4472.124 Safari/537.36"
185.177.72.201 - - [04/Sep/2025:18:15:14 +0800] "GET /node_modules/.env HTTP/1.1" 404 8990 "-" "Mozilla/5.0 (Windows NT 10.0; Win64; x64) AppleWebKit/537.36 (KHTML, like Gecko) Chrome/91.0.4472.124 Safari/537.36"
185.177.72.201 - - [04/Sep/2025:18:15:16 +0800] "GET /kyc/.env HTTP/1.1" 404 8989 "-" "Mozilla/5.0 (Windows NT 10.0; Win64; x64) AppleWebKit/537.36 (KHTML, like Gecko) Chrome/91.0.4472.124 Safari/537.36"
185.177.72.201 - - [04/Sep/2025:18:15:17 +0800] "GET /admin/.env HTTP/1.1" 404 8989 "-" "Mozilla/5.0 (Windows NT 10.0; Win64; x64) AppleWebKit/537.36 (KHTML, like Gecko) Chrome/91.0.4472.124 Safari/537.36"
185.177.72.201 - - [04/Sep/2025:18:15:18 +0800] "GET /prod/.env HTTP/1.1" 404 8989 "-" "Mozilla/5.0 (Windows NT 10.0; Win64; x64) AppleWebKit/537.36 (KHTML, like Gecko) Chrome/91.0.4472.124 Safari/537.36"
185.177.72.201 - - [04/Sep/2025:18:15:19 +0800] "GET /.env.bak HTTP/1.1" 404 8989 "-" "Mozilla/5.0 (Windows NT 10.0; Win64; x64) AppleWebKit/537.36 (KHTML, like Gecko) Chrome/91.0.4472.124 Safari/537.36"
185.177.72.201 - - [04/Sep/2025:18:15:20 +0800] "GET /api/shared/config/config.env HTTP/1.1" 404 8989 "-" "Mozilla/5.0 (Windows NT 10.0; Win64; x64) AppleWebKit/537.36 (KHTML, like Gecko) Chrome/91.0.4472.124 Safari/537.36"
185.177.72.201 - - [04/Sep/2025:18:15:21 +0800] "GET /api/shared/config.env HTTP/1.1" 404 8989 "-" "Mozilla/5.0 (Windows NT 10.0; Win64; x64) AppleWebKit/537.36 (KHTML, like Gecko) Chrome/91.0.4472.124 Safari/537.36"
185.177.72.201 - - [04/Sep/2025:18:15:22 +0800] "GET /config.env HTTP/1.1" 404 8989 "-" "Mozilla/5.0 (Windows NT 10.0; Win64; x64) AppleWebKit/537.36 (KHTML, like Gecko) Chrome/91.0.4472.124 Safari/537.36"
121.42.249.16 - - [04/Sep/2025:18:15:23 +0800] "GET /portfolio-tag/%e9%9e%8d%e9%92%a2%e8%92%82%e6%a3%ae/ HTTP/1.1" 200 22644 "-" "Mozilla/5.0 (Windows NT 6.1; WOW64) AppleWebKit/537.36 (KHTML, like Gecko) Chrome/86.0.4240.198 Safari/537.36"
185.177.72.201 - - [04/Sep/2025:18:15:23 +0800] "GET /website/.env HTTP/1.1" 404 8989 "-" "Mozilla/5.0 (Windows NT 10.0; Win64; x64) AppleWebKit/537.36 (KHTML, like Gecko) Chrome/91.0.4472.124 Safari/537.36"
185.177.72.201 - - [04/Sep/2025:18:15:24 +0800] "GET /development/.env HTTP/1.1" 404 8990 "-" "Mozilla/5.0 (Windows NT 10.0; Win64; x64) AppleWebKit/537.36 (KHTML, like Gecko) Chrome/91.0.4472.124 Safari/537.36"
185.177.72.201 - - [04/Sep/2025:18:15:25 +0800] "GET /backend/.env HTTP/1.1" 404 8990 "-" "Mozilla/5.0 (Windows NT 10.0; Win64; x64) AppleWebKit/537.36 (KHTML, like Gecko) Chrome/91.0.4472.124 Safari/537.36"
185.177.72.201 - - [04/Sep/2025:18:15:26 +0800] "GET /api/shared/config/.env HTTP/1.1" 404 8989 "-" "Mozilla/5.0 (Windows NT 10.0; Win64; x64) AppleWebKit/537.36 (KHTML, like Gecko) Chrome/91.0.4472.124 Safari/537.36"
185.177.72.201 - - [04/Sep/2025:18:15:28 +0800] "GET /api/shared/.env HTTP/1.1" 404 8990 "-" "Mozilla/5.0 (Windows NT 10.0; Win64; x64) AppleWebKit/537.36 (KHTML, like Gecko) Chrome/91.0.4472.124 Safari/537.36"
185.177.72.201 - - [04/Sep/2025:18:15:30 +0800] "GET /api/config.env HTTP/1.1" 404 8989 "-" "Mozilla/5.0 (Windows NT 10.0; Win64; x64) AppleWebKit/537.36 (KHTML, like Gecko) Chrome/91.0.4472.124 Safari/537.36"
185.177.72.201 - - [04/Sep/2025:18:15:31 +0800] "GET /service/email_service.py HTTP/1.1" 404 8989 "-" "Mozilla/5.0 (Windows NT 10.0; Win64; x64) AppleWebKit/537.36 (KHTML, like Gecko) Chrome/91.0.4472.124 Safari/537.36"
185.177.72.201 - - [04/Sep/2025:18:15:33 +0800] "GET /node/.env_example HTTP/1.1" 404 8990 "-" "Mozilla/5.0 (Windows NT 10.0; Win64; x64) AppleWebKit/537.36 (KHTML, like Gecko) Chrome/91.0.4472.124 Safari/537.36"
185.177.72.201 - - [04/Sep/2025:18:15:34 +0800] "GET /.env.production.local HTTP/1.1" 404 8991 "-" "Mozilla/5.0 (Windows NT 10.0; Win64; x64) AppleWebKit/537.36 (KHTML, like Gecko) Chrome/91.0.4472.124 Safari/537.36"
185.177.72.201 - - [04/Sep/2025:18:15:35 +0800] "GET /.env.local HTTP/1.1" 404 8990 "-" "Mozilla/5.0 (Windows NT 10.0; Win64; x64) AppleWebKit/537.36 (KHTML, like Gecko) Chrome/91.0.4472.124 Safari/537.36"
185.177.72.201 - - [04/Sep/2025:18:15:36 +0800] "GET /.env.example HTTP/1.1" 404 8990 "-" "Mozilla/5.0 (Windows NT 10.0; Win64; x64) AppleWebKit/537.36 (KHTML, like Gecko) Chrome/91.0.4472.124 Safari/537.36"
185.177.72.201 - - [04/Sep/2025:18:15:38 +0800] "GET /.env.stage HTTP/1.1" 404 8990 "-" "Mozilla/5.0 (Windows NT 10.0; Win64; x64) AppleWebKit/537.36 (KHTML, like Gecko) Chrome/91.0.4472.124 Safari/537.36"
185.177.72.201 - - [04/Sep/2025:18:15:39 +0800] "GET /.env.old HTTP/1.1" 404 8990 "-" "Mozilla/5.0 (Windows NT 10.0; Win64; x64) AppleWebKit/537.36 (KHTML, like Gecko) Chrome/91.0.4472.124 Safari/537.36"
185.177.72.201 - - [04/Sep/2025:18:15:40 +0800] "GET /.env_sample HTTP/1.1" 404 8989 "-" "Mozilla/5.0 (Windows NT 10.0; Win64; x64) AppleWebKit/537.36 (KHTML, like Gecko) Chrome/91.0.4472.124 Safari/537.36"
185.177.72.201 - - [04/Sep/2025:18:15:42 +0800] "GET /.env.prod HTTP/1.1" 404 8989 "-" "Mozilla/5.0 (Windows NT 10.0; Win64; x64) AppleWebKit/537.36 (KHTML, like Gecko) Chrome/91.0.4472.124 Safari/537.36"
185.177.72.201 - - [04/Sep/2025:18:15:43 +0800] "GET /crm/.env HTTP/1.1" 404 8990 "-" "Mozilla/5.0 (Windows NT 10.0; Win64; x64) AppleWebKit/537.36 (KHTML, like Gecko) Chrome/91.0.4472.124 Safari/537.36"
185.177.72.201 - - [04/Sep/2025:18:15:44 +0800] "GET /local/.env HTTP/1.1" 404 8991 "-" "Mozilla/5.0 (Windows NT 10.0; Win64; x64) AppleWebKit/537.36 (KHTML, like Gecko) Chrome/91.0.4472.124 Safari/537.36"
185.177.72.201 - - [04/Sep/2025:18:15:45 +0800] "GET /core/.env HTTP/1.1" 404 8990 "-" "Mozilla/5.0 (Windows NT 10.0; Win64; x64) AppleWebKit/537.36 (KHTML, like Gecko) Chrome/91.0.4472.124 Safari/537.36"
36.133.115.36 - - [04/Sep/2025:18:15:46 +0800] "POST /wp-cron.php?doing_wp_cron=1756980946.2900559902191162109375 HTTP/1.1" 200 31 "-" "WordPress/6.8.2; http://cqqizhou.com"
185.177.72.201 - - [04/Sep/2025:18:15:46 +0800] "GET /apps/.env HTTP/1.1" 404 8990 "-" "Mozilla/5.0 (Windows NT 10.0; Win64; x64) AppleWebKit/537.36 (KHTML, like Gecko) Chrome/91.0.4472.124 Safari/537.36"
185.177.72.201 - - [04/Sep/2025:18:15:47 +0800] "GET /application/.env HTTP/1.1" 404 8990 "-" "Mozilla/5.0 (Windows NT 10.0; Win64; x64) AppleWebKit/537.36 (KHTML, like Gecko) Chrome/91.0.4472.124 Safari/537.36"
185.177.72.201 - - [04/Sep/2025:18:15:49 +0800] "GET /web/.env HTTP/1.1" 404 8990 "-" "Mozilla/5.0 (Windows NT 10.0; Win64; x64) AppleWebKit/537.36 (KHTML, like Gecko) Chrome/91.0.4472.124 Safari/537.36"
185.177.72.201 - - [04/Sep/2025:18:15:51 +0800] "GET /.aws/credentials HTTP/1.1" 404 8990 "-" "Mozilla/5.0 (Windows NT 10.0; Win64; x64) AppleWebKit/537.36 (KHTML, like Gecko) Chrome/91.0.4472.124 Safari/537.36"
185.177.72.201 - - [04/Sep/2025:18:15:52 +0800] "GET /wp-config.php.bak HTTP/1.1" 404 8990 "-" "Mozilla/5.0 (Windows NT 10.0; Win64; x64) AppleWebKit/537.36 (KHTML, like Gecko) Chrome/91.0.4472.124 Safari/537.36"
185.177.72.201 - - [04/Sep/2025:18:15:53 +0800] "GET /info.php HTTP/1.1" 200 49 "-" "Mozilla/5.0 (Windows NT 10.0; Win64; x64) AppleWebKit/537.36 (KHTML, like Gecko) Chrome/91.0.4472.124 Safari/537.36"
185.177.72.201 - - [04/Sep/2025:18:15:53 +0800] "GET /dashboard/phpinfo.php HTTP/1.1" 404 47 "-" "Mozilla/5.0 (Windows NT 10.0; Win64; x64) AppleWebKit/537.36 (KHTML, like Gecko) Chrome/91.0.4472.124 Safari/537.36"
185.177.72.201 - - [04/Sep/2025:18:15:55 +0800] "GET /admin/server_info.php HTTP/1.1" 404 47 "-" "Mozilla/5.0 (Windows NT 10.0; Win64; x64) AppleWebKit/537.36 (KHTML, like Gecko) Chrome/91.0.4472.124 Safari/537.36"
185.177.72.201 - - [04/Sep/2025:18:15:55 +0800] "GET /server_info.php HTTP/1.1" 404 47 "-" "Mozilla/5.0 (Windows NT 10.0; Win64; x64) AppleWebKit/537.36 (KHTML, like Gecko) Chrome/91.0.4472.124 Safari/537.36"
185.177.72.201 - - [04/Sep/2025:18:15:57 +0800] "GET /app_dev.php/_profiler/phpinfo HTTP/1.1" 404 8990 "-" "Mozilla/5.0 (Windows NT 10.0; Win64; x64) AppleWebKit/537.36 (KHTML, like Gecko) Chrome/91.0.4472.124 Safari/537.36"
185.177.72.201 - - [04/Sep/2025:18:15:57 +0800] "GET /test.php HTTP/1.1" 404 47 "-" "Mozilla/5.0 (Windows NT 10.0; Win64; x64) AppleWebKit/537.36 (KHTML, like Gecko) Chrome/91.0.4472.124 Safari/537.36"
185.177.72.201 - - [04/Sep/2025:18:15:58 +0800] "GET /server-info HTTP/1.1" 404 8990 "-" "Mozilla/5.0 (Windows NT 10.0; Win64; x64) AppleWebKit/537.36 (KHTML, like Gecko) Chrome/91.0.4472.124 Safari/537.36"
185.177.72.201 - - [04/Sep/2025:18:15:59 +0800] "GET /server-info.php HTTP/1.1" 404 47 "-" "Mozilla/5.0 (Windows NT 10.0; Win64; x64) AppleWebKit/537.36 (KHTML, like Gecko) Chrome/91.0.4472.124 Safari/537.36"
185.177.72.201 - - [04/Sep/2025:18:15:59 +0800] "GET /secured/phpinfo.php HTTP/1.1" 404 47 "-" "Mozilla/5.0 (Windows NT 10.0; Win64; x64) AppleWebKit/537.36 (KHTML, like Gecko) Chrome/91.0.4472.124 Safari/537.36"
185.177.72.201 - - [04/Sep/2025:18:16:02 +0800] "GET /appsettings.json HTTP/1.1" 404 8989 "-" "Mozilla/5.0 (Windows NT 10.0; Win64; x64) AppleWebKit/537.36 (KHTML, like Gecko) Chrome/91.0.4472.124 Safari/537.36"
185.177.72.201 - - [04/Sep/2025:18:16:04 +0800] "GET /config/aws.yml HTTP/1.1" 404 8991 "-" "Mozilla/5.0 (Windows NT 10.0; Win64; x64) AppleWebKit/537.36 (KHTML, like Gecko) Chrome/91.0.4472.124 Safari/537.36"
185.177.72.201 - - [04/Sep/2025:18:16:06 +0800] "GET /settings.py HTTP/1.1" 404 8990 "-" "Mozilla/5.0 (Windows NT 10.0; Win64; x64) AppleWebKit/537.36 (KHTML, like Gecko) Chrome/91.0.4472.124 Safari/537.36"
185.177.72.201 - - [04/Sep/2025:18:16:08 +0800] "GET /config.json HTTP/1.1" 404 8990 "-" "Mozilla/5.0 (Windows NT 10.0; Win64; x64) AppleWebKit/537.36 (KHTML, like Gecko) Chrome/91.0.4472.124 Safari/537.36"
185.177.72.201 - - [04/Sep/2025:18:16:18 +0800] "GET /application.properties HTTP/1.1" 404 8990 "-" "Mozilla/5.0 (Windows NT 10.0; Win64; x64) AppleWebKit/537.36 (KHTML, like Gecko) Chrome/91.0.4472.124 Safari/537.36"
185.177.72.201 - - [04/Sep/2025:18:16:20 +0800] "GET /?phpinfo=1 HTTP/1.1" 200 33464 "-" "Mozilla/5.0 (Windows NT 10.0; Win64; x64) AppleWebKit/537.36 (KHTML, like Gecko) Chrome/91.0.4472.124 Safari/537.36"
185.177.72.201 - - [04/Sep/2025:18:16:26 +0800] "GET /storage/logs/laravel.log HTTP/1.1" 404 8990 "-" "Mozilla/5.0 (Windows NT 10.0; Win64; x64) AppleWebKit/537.36 (KHTML, like Gecko) Chrome/91.0.4472.124 Safari/537.36"
185.177.72.201 - - [04/Sep/2025:18:16:28 +0800] "GET /swagger.json HTTP/1.1" 404 8990 "-" "Mozilla/5.0 (Windows NT 10.0; Win64; x64) AppleWebKit/537.36 (KHTML, like Gecko) Chrome/91.0.4472.124 Safari/537.36"
185.177.72.201 - - [04/Sep/2025:18:16:30 +0800] "GET /backend/config/default.yml HTTP/1.1" 404 8989 "-" "Mozilla/5.0 (Windows NT 10.0; Win64; x64) AppleWebKit/537.36 (KHTML, like Gecko) Chrome/91.0.4472.124 Safari/537.36"
185.177.72.201 - - [04/Sep/2025:18:16:31 +0800] "GET /app.py HTTP/1.1" 404 8990 "-" "Mozilla/5.0 (Windows NT 10.0; Win64; x64) AppleWebKit/537.36 (KHTML, like Gecko) Chrome/91.0.4472.124 Safari/537.36"
185.177.72.201 - - [04/Sep/2025:18:16:34 +0800] "GET /api/objects/codes.php.save HTTP/1.1" 404 8991 "-" "Mozilla/5.0 (Windows NT 10.0; Win64; x64) AppleWebKit/537.36 (KHTML, like Gecko) Chrome/91.0.4472.124 Safari/537.36"
185.177.72.201 - - [04/Sep/2025:18:16:37 +0800] "GET /backend/config/development.yml HTTP/1.1" 404 8990 "-" "Mozilla/5.0 (Windows NT 10.0; Win64; x64) AppleWebKit/537.36 (KHTML, like Gecko) Chrome/91.0.4472.124 Safari/537.36"
185.177.72.201 - - [04/Sep/2025:18:16:39 +0800] "GET /config/application.yml HTTP/1.1" 404 8990 "-" "Mozilla/5.0 (Windows NT 10.0; Win64; x64) AppleWebKit/537.36 (KHTML, like Gecko) Chrome/91.0.4472.124 Safari/537.36"
185.177.72.201 - - [04/Sep/2025:18:16:40 +0800] "GET /config/storage.yml HTTP/1.1" 404 8989 "-" "Mozilla/5.0 (Windows NT 10.0; Win64; x64) AppleWebKit/537.36 (KHTML, like Gecko) Chrome/91.0.4472.124 Safari/537.36"
47.109.54.65 - - [04/Sep/2025:18:16:42 +0800] "GET /wp-content/plugins/elementor-pro/assets/ HTTP/1.1" 403 548 "-" "Mozilla/5.0 (Windows NT 6.1; WOW64) AppleWebKit/537.36 (KHTML, like Gecko) Chrome/86.0.4240.198 Safari/537.36"
185.177.72.201 - - [04/Sep/2025:18:16:42 +0800] "GET /configs/s3_config.json HTTP/1.1" 404 8989 "-" "Mozilla/5.0 (Windows NT 10.0; Win64; x64) AppleWebKit/537.36 (KHTML, like Gecko) Chrome/91.0.4472.124 Safari/537.36"
185.177.72.201 - - [04/Sep/2025:18:16:45 +0800] "GET /getcpuutil.php-bakworking HTTP/1.1" 404 8989 "-" "Mozilla/5.0 (Windows NT 10.0; Win64; x64) AppleWebKit/537.36 (KHTML, like Gecko) Chrome/91.0.4472.124 Safari/537.36"
185.177.72.201 - - [04/Sep/2025:18:16:49 +0800] "GET /index.html HTTP/1.1" 200 8721 "-" "Mozilla/5.0 (Windows NT 10.0; Win64; x64) AppleWebKit/537.36 (KHTML, like Gecko) Chrome/91.0.4472.124 Safari/537.36"
36.133.115.36 - - [04/Sep/2025:18:16:50 +0800] "POST /wp-cron.php?doing_wp_cron=1756981010.3809049129486083984375 HTTP/1.1" 200 31 "-" "WordPress/6.8.2; http://cqqizhou.com"
185.177.72.201 - - [04/Sep/2025:18:16:50 +0800] "GET /my_env/chakaash.py HTTP/1.1" 404 8988 "-" "Mozilla/5.0 (Windows NT 10.0; Win64; x64) AppleWebKit/537.36 (KHTML, like Gecko) Chrome/91.0.4472.124 Safari/537.36"
185.177.72.201 - - [04/Sep/2025:18:16:51 +0800] "GET /my_env/newsletter.py HTTP/1.1" 404 8989 "-" "Mozilla/5.0 (Windows NT 10.0; Win64; x64) AppleWebKit/537.36 (KHTML, like Gecko) Chrome/91.0.4472.124 Safari/537.36"
185.177.72.201 - - [04/Sep/2025:18:16:56 +0800] "GET /my_env/palash.py HTTP/1.1" 404 8989 "-" "Mozilla/5.0 (Windows NT 10.0; Win64; x64) AppleWebKit/537.36 (KHTML, like Gecko) Chrome/91.0.4472.124 Safari/537.36"
185.177.72.201 - - [04/Sep/2025:18:16:58 +0800] "GET /config/settings.json HTTP/1.1" 404 8989 "-" "Mozilla/5.0 (Windows NT 10.0; Win64; x64) AppleWebKit/537.36 (KHTML, like Gecko) Chrome/91.0.4472.124 Safari/537.36"
47.108.117.45 - - [04/Sep/2025:18:16:58 +0800] "GET /wp-content/themes/qizhou/js/ HTTP/1.1" 403 548 "-" "Mozilla/5.0 (Windows NT 6.1; WOW64) AppleWebKit/537.36 (KHTML, like Gecko) Chrome/86.0.4240.198 Safari/537.36"
185.177.72.201 - - [04/Sep/2025:18:16:59 +0800] "GET /config/settings.local HTTP/1.1" 404 8989 "-" "Mozilla/5.0 (Windows NT 10.0; Win64; x64) AppleWebKit/537.36 (KHTML, like Gecko) Chrome/91.0.4472.124 Safari/537.36"
185.177.72.201 - - [04/Sep/2025:18:17:00 +0800] "GET /.circleci/configs/development.yml HTTP/1.1" 404 8989 "-" "Mozilla/5.0 (Windows NT 10.0; Win64; x64) AppleWebKit/537.36 (KHTML, like Gecko) Chrome/91.0.4472.124 Safari/537.36"
121.42.253.62 - - [04/Sep/2025:18:17:00 +0800] "GET /wp-content/uploads/2025/07/ HTTP/1.1" 403 548 "-" "Mozilla/5.0 (Windows NT 6.1; WOW64) AppleWebKit/537.36 (KHTML, like Gecko) Chrome/86.0.4240.198 Safari/537.36"
185.177.72.201 - - [04/Sep/2025:18:17:01 +0800] "GET /config/settings.prod HTTP/1.1" 404 8989 "-" "Mozilla/5.0 (Windows NT 10.0; Win64; x64) AppleWebKit/537.36 (KHTML, like Gecko) Chrome/91.0.4472.124 Safari/537.36"
185.177.72.201 - - [04/Sep/2025:18:17:02 +0800] "GET /app/config/parameters.yml HTTP/1.1" 404 8989 "-" "Mozilla/5.0 (Windows NT 10.0; Win64; x64) AppleWebKit/537.36 (KHTML, like Gecko) Chrome/91.0.4472.124 Safari/537.36"
185.177.72.201 - - [04/Sep/2025:18:17:03 +0800] "GET /config/parameters.yml HTTP/1.1" 404 8989 "-" "Mozilla/5.0 (Windows NT 10.0; Win64; x64) AppleWebKit/537.36 (KHTML, like Gecko) Chrome/91.0.4472.124 Safari/537.36"
185.177.72.201 - - [04/Sep/2025:18:17:05 +0800] "GET /.AWS_/credentials HTTP/1.1" 404 8989 "-" "Mozilla/5.0 (Windows NT 10.0; Win64; x64) AppleWebKit/537.36 (KHTML, like Gecko) Chrome/91.0.4472.124 Safari/537.36"
185.177.72.201 - - [04/Sep/2025:18:17:06 +0800] "GET /config/local.yml HTTP/1.1" 404 8989 "-" "Mozilla/5.0 (Windows NT 10.0; Win64; x64) AppleWebKit/537.36 (KHTML, like Gecko) Chrome/91.0.4472.124 Safari/537.36"
185.177.72.201 - - [04/Sep/2025:18:17:07 +0800] "GET /backend/config/settings.yml HTTP/1.1" 404 8989 "-" "Mozilla/5.0 (Windows NT 10.0; Win64; x64) AppleWebKit/537.36 (KHTML, like Gecko) Chrome/91.0.4472.124 Safari/537.36"
47.109.54.65 - - [04/Sep/2025:18:17:08 +0800] "GET /wp-json/oembed/ HTTP/1.1" 404 154 "-" "Mozilla/5.0 (Windows NT 6.1; WOW64) AppleWebKit/537.36 (KHTML, like Gecko) Chrome/86.0.4240.198 Safari/537.36"
185.177.72.201 - - [04/Sep/2025:18:17:08 +0800] "GET /api/config/config.yml HTTP/1.1" 404 8989 "-" "Mozilla/5.0 (Windows NT 10.0; Win64; x64) AppleWebKit/537.36 (KHTML, like Gecko) Chrome/91.0.4472.124 Safari/537.36"
185.177.72.201 - - [04/Sep/2025:18:17:09 +0800] "GET /admin/config HTTP/1.1" 404 8989 "-" "Mozilla/5.0 (Windows NT 10.0; Win64; x64) AppleWebKit/537.36 (KHTML, like Gecko) Chrome/91.0.4472.124 Safari/537.36"
185.177.72.201 - - [04/Sep/2025:18:17:10 +0800] "GET /appsettings.json HTTP/1.1" 404 8989 "-" "Mozilla/5.0 (Windows NT 10.0; Win64; x64) AppleWebKit/537.36 (KHTML, like Gecko) Chrome/91.0.4472.124 Safari/537.36"
185.177.72.201 - - [04/Sep/2025:18:17:11 +0800] "GET /.travis.yml HTTP/1.1" 404 8989 "-" "Mozilla/5.0 (Windows NT 10.0; Win64; x64) AppleWebKit/537.36 (KHTML, like Gecko) Chrome/91.0.4472.124 Safari/537.36"
185.177.72.201 - - [04/Sep/2025:18:17:16 +0800] "GET /aws.yml HTTP/1.1" 404 8989 "-" "Mozilla/5.0 (Windows NT 10.0; Win64; x64) AppleWebKit/537.36 (KHTML, like Gecko) Chrome/91.0.4472.124 Safari/537.36"
185.177.72.201 - - [04/Sep/2025:18:17:17 +0800] "GET /sms.py HTTP/1.1" 404 8989 "-" "Mozilla/5.0 (Windows NT 10.0; Win64; x64) AppleWebKit/537.36 (KHTML, like Gecko) Chrome/91.0.4472.124 Safari/537.36"
185.177.72.201 - - [04/Sep/2025:18:17:18 +0800] "GET /config/config.json HTTP/1.1" 404 8989 "-" "Mozilla/5.0 (Windows NT 10.0; Win64; x64) AppleWebKit/537.36 (KHTML, like Gecko) Chrome/91.0.4472.124 Safari/537.36"
185.177.72.201 - - [04/Sep/2025:18:17:19 +0800] "GET /main.yml HTTP/1.1" 404 8989 "-" "Mozilla/5.0 (Windows NT 10.0; Win64; x64) AppleWebKit/537.36 (KHTML, like Gecko) Chrome/91.0.4472.124 Safari/537.36"
185.177.72.201 - - [04/Sep/2025:18:17:21 +0800] "GET /debug/default/view HTTP/1.1" 404 8989 "-" "Mozilla/5.0 (Windows NT 10.0; Win64; x64) AppleWebKit/537.36 (KHTML, like Gecko) Chrome/91.0.4472.124 Safari/537.36"
185.177.72.201 - - [04/Sep/2025:18:17:22 +0800] "GET /aws/credentials HTTP/1.1" 404 8989 "-" "Mozilla/5.0 (Windows NT 10.0; Win64; x64) AppleWebKit/537.36 (KHTML, like Gecko) Chrome/91.0.4472.124 Safari/537.36"
185.177.72.201 - - [04/Sep/2025:18:17:23 +0800] "GET /.aws/config HTTP/1.1" 404 8989 "-" "Mozilla/5.0 (Windows NT 10.0; Win64; x64) AppleWebKit/537.36 (KHTML, like Gecko) Chrome/91.0.4472.124 Safari/537.36"
47.108.117.45 - - [04/Sep/2025:18:18:27 +0800] "GET /wp-content/plugins/revslider/ HTTP/1.1" 200 31 "-" "Mozilla/5.0 (Windows NT 6.1; WOW64) AppleWebKit/537.36 (KHTML, like Gecko) Chrome/86.0.4240.198 Safari/537.36"
36.133.115.36 - - [04/Sep/2025:18:18:56 +0800] "POST /wp-cron.php?doing_wp_cron=1756981136.0440409183502197265625 HTTP/1.1" 200 31 "-" "WordPress/6.8.2; http://cqqizhou.com"
121.42.252.229 - - [04/Sep/2025:18:18:56 +0800] "GET /contacts/ HTTP/1.1" 301 5 "-" "Mozilla/5.0 (Windows NT 6.1; WOW64) AppleWebKit/537.36 (KHTML, like Gecko) Chrome/86.0.4240.198 Safari/537.36"
121.42.252.229 - - [04/Sep/2025:18:18:56 +0800] "GET /contacts/ HTTP/1.1" 200 21496 "http://www.cqqizhou.com/contacts/" "Mozilla/5.0 (Windows NT 6.1; WOW64) AppleWebKit/537.36 (KHTML, like Gecko) Chrome/86.0.4240.198 Safari/537.36"
139.129.246.141 - - [04/Sep/2025:18:18:58 +0800] "GET /2162/ HTTP/1.1" 200 25352 "-" "Mozilla/5.0 (Windows NT 6.1; WOW64) AppleWebKit/537.36 (KHTML, like Gecko) Chrome/86.0.4240.198 Safari/537.36"
139.129.246.141 - - [04/Sep/2025:18:20:16 +0800] "GET /wp-content/cache/min/1/wp-content/plugins/revslider/ HTTP/1.1" 403 548 "-" "Mozilla/5.0 (Windows NT 6.1; WOW64) AppleWebKit/537.36 (KHTML, like Gecko) Chrome/86.0.4240.198 Safari/537.36"
36.133.115.36 - - [04/Sep/2025:18:20:57 +0800] "POST /wp-cron.php?doing_wp_cron=1756981257.6812860965728759765625 HTTP/1.1" 200 31 "-" "WordPress/6.8.2; http://cqqizhou.com"
121.42.252.229 - - [04/Sep/2025:18:20:57 +0800] "GET /bug HTTP/1.1" 301 5 "-" "Mozilla/5.0 (Windows NT 6.1; WOW64) AppleWebKit/537.36 (KHTML, like Gecko) Chrome/86.0.4240.198 Safari/537.36"
121.42.252.229 - - [04/Sep/2025:18:20:57 +0800] "GET /bug/ HTTP/1.1" 200 12812 "http://cqqizhou.com/bug" "Mozilla/5.0 (Windows NT 6.1; WOW64) AppleWebKit/537.36 (KHTML, like Gecko) Chrome/86.0.4240.198 Safari/537.36"
47.108.117.45 - - [04/Sep/2025:18:21:18 +0800] "GET /wp-content/plugins/elementor/assets/lib/ HTTP/1.1" 403 548 "-" "Mozilla/5.0 (Windows NT 6.1; WOW64) AppleWebKit/537.36 (KHTML, like Gecko) Chrome/86.0.4240.198 Safari/537.36"
47.108.117.45 - - [04/Sep/2025:18:22:05 +0800] "GET /wp-content/cache/min/1/wp-content/plugins/smartideo/static/ HTTP/1.1" 403 548 "-" "Mozilla/5.0 (Windows NT 6.1; WOW64) AppleWebKit/537.36 (KHTML, like Gecko) Chrome/86.0.4240.198 Safari/537.36"
121.42.236.230 - - [04/Sep/2025:18:22:12 +0800] "GET /wp-content/cache/min/1/wp-content/plugins/contact-form-7/includes/swv/ HTTP/1.1" 403 548 "-" "Mozilla/5.0 (Windows NT 6.1; WOW64) AppleWebKit/537.36 (KHTML, like Gecko) Chrome/86.0.4240.198 Safari/537.36"
47.108.117.45 - - [04/Sep/2025:18:22:50 +0800] "GET /wp-content/plugins/revslider/public/js/libs/ HTTP/1.1" 403 548 "-" "Mozilla/5.0 (Windows NT 6.1; WOW64) AppleWebKit/537.36 (KHTML, like Gecko) Chrome/86.0.4240.198 Safari/537.36"
47.109.31.152 - - [04/Sep/2025:18:23:17 +0800] "GET /wp-content/plugins/revslider/public/js/ HTTP/1.1" 403 548 "-" "Mozilla/5.0 (Windows NT 6.1; WOW64) AppleWebKit/537.36 (KHTML, like Gecko) Chrome/86.0.4240.198 Safari/537.36"
36.133.115.36 - - [04/Sep/2025:18:23:59 +0800] "POST /wp-cron.php?doing_wp_cron=1756981439.0493450164794921875000 HTTP/1.1" 200 31 "-" "WordPress/6.8.2; http://cqqizhou.com"
205.209.114.190 - - [04/Sep/2025:18:23:59 +0800] "POST /xmlrpc.php HTTP/1.1" 200 217 "-" "Mozilla/5.0 (X11; Ubuntu; Linux x86_64; rv:85.0) Gecko/20100101 Firefox/91.0"
121.42.253.62 - - [04/Sep/2025:18:24:24 +0800] "GET /news/ HTTP/1.1" 200 25256 "-" "Mozilla/5.0 (Windows NT 6.1; WOW64) AppleWebKit/537.36 (KHTML, like Gecko) Chrome/86.0.4240.198 Safari/537.36"
47.109.54.65 - - [04/Sep/2025:18:24:56 +0800] "GET /wp-content/plugins/revslider/public/js/ HTTP/1.1" 403 548 "-" "Mozilla/5.0 (Windows NT 6.1; WOW64) AppleWebKit/537.36 (KHTML, like Gecko) Chrome/86.0.4240.198 Safari/537.36"
121.42.253.62 - - [04/Sep/2025:18:25:01 +0800] "GET /logistics/ HTTP/1.1" 200 22410 "-" "Mozilla/5.0 (Windows NT 6.1; WOW64) AppleWebKit/537.36 (KHTML, like Gecko) Chrome/86.0.4240.198 Safari/537.36"
121.42.249.16 - - [04/Sep/2025:18:25:19 +0800] "GET /wp-content/uploads/2025/08/ HTTP/1.1" 403 548 "-" "Mozilla/5.0 (Windows NT 6.1; WOW64) AppleWebKit/537.36 (KHTML, like Gecko) Chrome/86.0.4240.198 Safari/537.36"
121.42.252.229 - - [04/Sep/2025:18:26:23 +0800] "GET /business/ HTTP/1.1" 200 22444 "-" "Mozilla/5.0 (Windows NT 6.1; WOW64) AppleWebKit/537.36 (KHTML, like Gecko) Chrome/86.0.4240.198 Safari/537.36"
121.42.249.16 - - [04/Sep/2025:18:27:05 +0800] "GET /wp-content/plugins/smartideo/ HTTP/1.1" 403 548 "-" "Mozilla/5.0 (Windows NT 6.1; WOW64) AppleWebKit/537.36 (KHTML, like Gecko) Chrome/86.0.4240.198 Safari/537.36"
36.133.115.36 - - [04/Sep/2025:18:27:22 +0800] "POST /wp-cron.php?doing_wp_cron=1756981642.2941999435424804687500 HTTP/1.1" 200 31 "-" "WordPress/6.8.2; http://cqqizhou.com"
47.109.31.152 - - [04/Sep/2025:18:27:22 +0800] "GET /logistics HTTP/1.1" 301 5 "-" "Mozilla/5.0 (Windows NT 6.1; WOW64) AppleWebKit/537.36 (KHTML, like Gecko) Chrome/86.0.4240.198 Safari/537.36"
47.109.31.152 - - [04/Sep/2025:18:27:22 +0800] "GET /logistics/ HTTP/1.1" 200 22410 "http://www.cqqizhou.com/logistics" "Mozilla/5.0 (Windows NT 6.1; WOW64) AppleWebKit/537.36 (KHTML, like Gecko) Chrome/86.0.4240.198 Safari/537.36"
121.42.252.229 - - [04/Sep/2025:18:27:42 +0800] "GET /portfolio-category/dual-phase-steel/ HTTP/1.1" 200 20860 "-" "Mozilla/5.0 (Windows NT 6.1; WOW64) AppleWebKit/537.36 (KHTML, like Gecko) Chrome/86.0.4240.198 Safari/537.36"
121.42.252.229 - - [04/Sep/2025:18:28:02 +0800] "GET /business/ HTTP/1.1" 200 22444 "-" "Mozilla/5.0 (Windows NT 6.1; WOW64) AppleWebKit/537.36 (KHTML, like Gecko) Chrome/86.0.4240.198 Safari/537.36"
36.133.115.36 - - [04/Sep/2025:18:28:10 +0800] "POST /wp-cron.php?doing_wp_cron=1756981690.3708739280700683593750 HTTP/1.1" 200 31 "-" "WordPress/6.8.2; http://cqqizhou.com"
45.135.193.100 - - [04/Sep/2025:18:28:10 +0800] "GET / HTTP/1.1" 200 33465 "-" "Mozilla/5.0 (Windows NT 10.0; Win64; x64) AppleWebKit/537.36 (KHTML, like Gecko) Chrome/90.0.4430.85 Safari/537.36 Edg/90.0.818.46"
47.108.117.45 - - [04/Sep/2025:18:28:22 +0800] "GET /2214/ HTTP/1.1" 200 24843 "-" "Mozilla/5.0 (Windows NT 6.1; WOW64) AppleWebKit/537.36 (KHTML, like Gecko) Chrome/86.0.4240.198 Safari/537.36"
139.129.246.141 - - [04/Sep/2025:18:29:30 +0800] "GET /2155/ HTTP/1.1" 200 29372 "-" "Mozilla/5.0 (Windows NT 6.1; WOW64) AppleWebKit/537.36 (KHTML, like Gecko) Chrome/86.0.4240.198 Safari/537.36"
121.42.253.62 - - [04/Sep/2025:18:29:41 +0800] "GET /wp-includes/css/ HTTP/1.1" 403 548 "-" "Mozilla/5.0 (Windows NT 6.1; WOW64) AppleWebKit/537.36 (KHTML, like Gecko) Chrome/86.0.4240.198 Safari/537.36"
121.42.249.16 - - [04/Sep/2025:18:29:58 +0800] "GET /wp-includes/js/dist/ HTTP/1.1" 403 548 "-" "Mozilla/5.0 (Windows NT 6.1; WOW64) AppleWebKit/537.36 (KHTML, like Gecko) Chrome/86.0.4240.198 Safari/537.36"
47.109.44.73 - - [04/Sep/2025:18:31:50 +0800] "GET /wp-content/uploads/2025/08/ HTTP/1.1" 403 548 "-" "Mozilla/5.0 (Windows NT 6.1; WOW64) AppleWebKit/537.36 (KHTML, like Gecko) Chrome/86.0.4240.198 Safari/537.36"
121.42.253.62 - - [04/Sep/2025:18:32:20 +0800] "GET /2163/ HTTP/1.1" 200 23987 "-" "Mozilla/5.0 (Windows NT 6.1; WOW64) AppleWebKit/537.36 (KHTML, like Gecko) Chrome/86.0.4240.198 Safari/537.36"
121.42.236.230 - - [04/Sep/2025:18:32:20 +0800] "GET /about/ HTTP/1.1" 200 30088 "-" "Mozilla/5.0 (Windows NT 6.1; WOW64) AppleWebKit/537.36 (KHTML, like Gecko) Chrome/86.0.4240.198 Safari/537.36"
36.133.115.36 - - [04/Sep/2025:18:32:54 +0800] "POST /wp-cron.php?doing_wp_cron=1756981974.2875690460205078125000 HTTP/1.1" 200 31 "-" "WordPress/6.8.2; http://cqqizhou.com"
121.42.252.229 - - [04/Sep/2025:18:32:54 +0800] "GET /news/page/2/ HTTP/1.1" 200 21542 "-" "Mozilla/5.0 (Windows NT 6.1; WOW64) AppleWebKit/537.36 (KHTML, like Gecko) Chrome/86.0.4240.198 Safari/537.36"
121.42.236.230 - - [04/Sep/2025:18:33:16 +0800] "GET /news/page/ HTTP/1.1" 404 8990 "-" "Mozilla/5.0 (Windows NT 6.1; WOW64) AppleWebKit/537.36 (KHTML, like Gecko) Chrome/86.0.4240.198 Safari/537.36"
47.108.117.45 - - [04/Sep/2025:18:33:33 +0800] "GET /contacts/ HTTP/1.1" 301 5 "-" "Mozilla/5.0 (Windows NT 6.1; WOW64) AppleWebKit/537.36 (KHTML, like Gecko) Chrome/86.0.4240.198 Safari/537.36"
47.108.117.45 - - [04/Sep/2025:18:33:33 +0800] "GET /contacts/ HTTP/1.1" 200 21496 "http://www.cqqizhou.com/contacts/#wpcf7-f158-p2-o1" "Mozilla/5.0 (Windows NT 6.1; WOW64) AppleWebKit/537.36 (KHTML, like Gecko) Chrome/86.0.4240.198 Safari/537.36"
47.108.117.45 - - [04/Sep/2025:18:33:46 +0800] "GET /wp-content/cache/min/1/wp-content/plugins/contact-form-7/ HTTP/1.1" 403 548 "-" "Mozilla/5.0 (Windows NT 6.1; WOW64) AppleWebKit/537.36 (KHTML, like Gecko) Chrome/86.0.4240.198 Safari/537.36"
47.109.31.152 - - [04/Sep/2025:18:33:50 +0800] "GET /2214/ HTTP/1.1" 200 24843 "-" "Mozilla/5.0 (Windows NT 6.1; WOW64) AppleWebKit/537.36 (KHTML, like Gecko) Chrome/86.0.4240.198 Safari/537.36"
121.42.249.16 - - [04/Sep/2025:18:34:02 +0800] "GET /wp-content/uploads/2025/07/ HTTP/1.1" 403 548 "-" "Mozilla/5.0 (Windows NT 6.1; WOW64) AppleWebKit/537.36 (KHTML, like Gecko) Chrome/86.0.4240.198 Safari/537.36"
36.133.115.36 - - [04/Sep/2025:18:34:30 +0800] "POST /wp-cron.php?doing_wp_cron=1756982070.5123190879821777343750 HTTP/1.1" 200 31 "-" "WordPress/6.8.2; http://cqqizhou.com"
121.42.249.16 - - [04/Sep/2025:18:34:30 +0800] "GET /contacts/ HTTP/1.1" 301 5 "-" "Mozilla/5.0 (Windows NT 6.1; WOW64) AppleWebKit/537.36 (KHTML, like Gecko) Chrome/86.0.4240.198 Safari/537.36"
121.42.249.16 - - [04/Sep/2025:18:34:30 +0800] "GET /contacts/ HTTP/1.1" 200 21496 "http://www.cqqizhou.com/contacts/#wpcf7-f158-p2-o1" "Mozilla/5.0 (Windows NT 6.1; WOW64) AppleWebKit/537.36 (KHTML, like Gecko) Chrome/86.0.4240.198 Safari/537.36"
47.109.44.73 - - [04/Sep/2025:18:35:13 +0800] "GET /2160/ HTTP/1.1" 200 29934 "-" "Mozilla/5.0 (Windows NT 6.1; WOW64) AppleWebKit/537.36 (KHTML, like Gecko) Chrome/86.0.4240.198 Safari/537.36"
36.133.115.36 - - [04/Sep/2025:18:36:36 +0800] "POST /wp-cron.php?doing_wp_cron=1756982196.9362249374389648437500 HTTP/1.1" 200 31 "-" "WordPress/6.8.2; http://cqqizhou.com"
121.42.236.230 - - [04/Sep/2025:18:36:37 +0800] "GET /uncategorized/ HTTP/1.1" 200 20903 "-" "Mozilla/5.0 (Windows NT 6.1; WOW64) AppleWebKit/537.36 (KHTML, like Gecko) Chrome/86.0.4240.198 Safari/537.36"
121.42.249.16 - - [04/Sep/2025:18:36:59 +0800] "GET /wp-includes/css/ HTTP/1.1" 403 548 "-" "Mozilla/5.0 (Windows NT 6.1; WOW64) AppleWebKit/537.36 (KHTML, like Gecko) Chrome/86.0.4240.198 Safari/537.36"
47.109.31.152 - - [04/Sep/2025:18:38:22 +0800] "GET /wp-content/cache/min/1/wp-content/plugins/contact-form-7/ HTTP/1.1" 403 548 "-" "Mozilla/5.0 (Windows NT 6.1; WOW64) AppleWebKit/537.36 (KHTML, like Gecko) Chrome/86.0.4240.198 Safari/537.36"
47.109.54.65 - - [04/Sep/2025:18:38:29 +0800] "GET /wp-content/cache/min/1/wp-content/plugins/smartideo/static/ HTTP/1.1" 403 548 "-" "Mozilla/5.0 (Windows NT 6.1; WOW64) AppleWebKit/537.36 (KHTML, like Gecko) Chrome/86.0.4240.198 Safari/537.36"
121.42.236.230 - - [04/Sep/2025:18:38:41 +0800] "GET /2163/ HTTP/1.1" 200 23987 "-" "Mozilla/5.0 (Windows NT 6.1; WOW64) AppleWebKit/537.36 (KHTML, like Gecko) Chrome/86.0.4240.198 Safari/537.36"
139.129.246.141 - - [04/Sep/2025:18:39:20 +0800] "GET /2231/ HTTP/1.1" 200 23680 "-" "Mozilla/5.0 (Windows NT 6.1; WOW64) AppleWebKit/537.36 (KHTML, like Gecko) Chrome/86.0.4240.198 Safari/537.36"
47.108.117.45 - - [04/Sep/2025:18:39:48 +0800] "GET /industry/ HTTP/1.1" 200 21890 "-" "Mozilla/5.0 (Windows NT 6.1; WOW64) AppleWebKit/537.36 (KHTML, like Gecko) Chrome/86.0.4240.198 Safari/537.36"
47.109.44.73 - - [04/Sep/2025:18:40:04 +0800] "GET /wp-content/uploads/2025/09/ HTTP/1.1" 403 548 "-" "Mozilla/5.0 (Windows NT 6.1; WOW64) AppleWebKit/537.36 (KHTML, like Gecko) Chrome/86.0.4240.198 Safari/537.36"
47.109.44.73 - - [04/Sep/2025:18:40:37 +0800] "GET /wp-content/cache/min/1/wp-content/plugins/contact-form-7/includes/swv/js/ HTTP/1.1" 403 548 "-" "Mozilla/5.0 (Windows NT 6.1; WOW64) AppleWebKit/537.36 (KHTML, like Gecko) Chrome/86.0.4240.198 Safari/537.36"
36.133.115.36 - - [04/Sep/2025:18:41:04 +0800] "POST /wp-cron.php?doing_wp_cron=1756982464.0792250633239746093750 HTTP/1.1" 200 31 "-" "WordPress/6.8.2; http://cqqizhou.com"
139.129.246.141 - - [04/Sep/2025:18:41:04 +0800] "GET /news/page/ HTTP/1.1" 404 8990 "-" "Mozilla/5.0 (Windows NT 6.1; WOW64) AppleWebKit/537.36 (KHTML, like Gecko) Chrome/86.0.4240.198 Safari/537.36"
194.163.131.234 - - [04/Sep/2025:18:41:12 +0800] "POST /xmlrpc.php HTTP/1.1" 200 217 "-" "Mozilla/5.0 (X11; Ubuntu; Linux x86_64; rv:85.0) Gecko/20100101 Firefox/91.0"
47.109.44.73 - - [04/Sep/2025:18:41:24 +0800] "GET /wp-content/cache/min/1/wp-content/plugins/contact-form-7/includes/ HTTP/1.1" 403 548 "-" "Mozilla/5.0 (Windows NT 6.1; WOW64) AppleWebKit/537.36 (KHTML, like Gecko) Chrome/86.0.4240.198 Safari/537.36"
47.109.31.152 - - [04/Sep/2025:18:41:25 +0800] "GET /wp-content/uploads/2025/09/ HTTP/1.1" 403 548 "-" "Mozilla/5.0 (Windows NT 6.1; WOW64) AppleWebKit/537.36 (KHTML, like Gecko) Chrome/86.0.4240.198 Safari/537.36"
47.109.44.73 - - [04/Sep/2025:18:42:21 +0800] "GET /wp-content/plugins/revslider/public/js/libs/ HTTP/1.1" 403 548 "-" "Mozilla/5.0 (Windows NT 6.1; WOW64) AppleWebKit/537.36 (KHTML, like Gecko) Chrome/86.0.4240.198 Safari/537.36"
