34.169.44.2 - - [26/Jul/2025:06:36:50 +0800] "HEAD / HTTP/1.1" 200 0 "-" "Mozilla/5.0 (Windows NT 10.0; Win64; x64) AppleWebKit/537.36 (KHTML, like Gecko) Chrome/74.0.3729.169 Safari/537.36"
34.169.44.2 - - [26/Jul/2025:06:36:51 +0800] "HEAD /wp HTTP/1.1" 404 0 "-" "Mozilla/5.0 (Windows NT 10.0; Win64; x64) AppleWebKit/537.36 (KHTML, like Gecko) Chrome/74.0.3729.169 Safari/537.36"
34.169.44.2 - - [26/Jul/2025:06:36:52 +0800] "HEAD /bc HTTP/1.1" 404 0 "-" "Mozilla/5.0 (Windows NT 10.0; Win64; x64) AppleWebKit/537.36 (KHTML, like Gecko) Chrome/74.0.3729.169 Safari/537.36"
34.169.44.2 - - [26/Jul/2025:06:36:52 +0800] "HEAD /bk HTTP/1.1" 404 0 "-" "Mozilla/5.0 (Windows NT 10.0; Win64; x64) AppleWebKit/537.36 (KHTML, like Gecko) Chrome/74.0.3729.169 Safari/537.36"
34.169.44.2 - - [26/Jul/2025:06:36:53 +0800] "HEAD /backup HTTP/1.1" 404 0 "-" "Mozilla/5.0 (Windows NT 10.0; Win64; x64) AppleWebKit/537.36 (KHTML, like Gecko) Chrome/74.0.3729.169 Safari/537.36"
34.169.44.2 - - [26/Jul/2025:06:36:54 +0800] "HEAD /old HTTP/1.1" 404 0 "-" "Mozilla/5.0 (Windows NT 10.0; Win64; x64) AppleWebKit/537.36 (KHTML, like Gecko) Chrome/74.0.3729.169 Safari/537.36"
34.169.44.2 - - [26/Jul/2025:06:36:54 +0800] "HEAD /new HTTP/1.1" 301 0 "-" "Mozilla/5.0 (Windows NT 10.0; Win64; x64) AppleWebKit/537.36 (KHTML, like Gecko) Chrome/74.0.3729.169 Safari/537.36"
34.169.44.2 - - [26/Jul/2025:06:36:55 +0800] "HEAD /news/ HTTP/1.1" 200 0 "http://cqqizhou.com/new" "Mozilla/5.0 (Windows NT 10.0; Win64; x64) AppleWebKit/537.36 (KHTML, like Gecko) Chrome/74.0.3729.169 Safari/537.36"
34.169.44.2 - - [26/Jul/2025:06:36:56 +0800] "HEAD /main HTTP/1.1" 404 0 "-" "Mozilla/5.0 (Windows NT 10.0; Win64; x64) AppleWebKit/537.36 (KHTML, like Gecko) Chrome/74.0.3729.169 Safari/537.36"
34.169.44.2 - - [26/Jul/2025:06:36:56 +0800] "HEAD /home HTTP/1.1" 301 0 "-" "Mozilla/5.0 (Windows NT 10.0; Win64; x64) AppleWebKit/537.36 (KHTML, like Gecko) Chrome/74.0.3729.169 Safari/537.36"
34.169.44.2 - - [26/Jul/2025:06:36:57 +0800] "HEAD /home/ HTTP/1.1" 200 0 "http://cqqizhou.com/home" "Mozilla/5.0 (Windows NT 10.0; Win64; x64) AppleWebKit/537.36 (KHTML, like Gecko) Chrome/74.0.3729.169 Safari/537.36"
36.133.115.36 - - [26/Jul/2025:06:59:24 +0800] "POST /wp-cron.php?doing_wp_cron=1753484364.7673070430755615234375 HTTP/1.1" 200 31 "-" "WordPress/6.8.2; http://cqqizhou.com"
185.191.127.222 - - [26/Jul/2025:06:59:24 +0800] "GET / HTTP/1.1" 200 13613 "-" "Mozilla/5.0 (Windows NT 10.0; Win64; x64) AppleWebKit/537.36 (KHTML, like Gecko) Chrome/90.0.4430.85 Safari/537.36 Edg/90.0.818.46"
43.153.54.14 - - [26/Jul/2025:07:01:35 +0800] "GET / HTTP/1.1" 200 13612 "-" "Mozilla/5.0 (iPhone; CPU iPhone OS 13_2_3 like Mac OS X) AppleWebKit/605.1.15 (KHTML, like Gecko) Version/13.0.3 Mobile/15E148 Safari/604.1"
193.34.212.110 - - [26/Jul/2025:07:10:39 +0800] "GET / HTTP/1.1" 200 13612 "-" "Mozilla/5.0 (Windows NT 10.0; Win64; x64) AppleWebKit/537.36 (KHTML, like Gecko) Chrome/90.0.4430.85 Safari/537.36 Edg/90.0.818.46"
149.50.103.48 - - [26/Jul/2025:07:25:53 +0800] "GET / HTTP/1.1" 200 13612 "-" "Mozilla/5.0 (Windows NT 10.0; Win64; x64) AppleWebKit/537.36 (KHTML, like Gecko) Chrome/90.0.4430.85 Safari/537.36 Edg/90.0.818.46"
36.133.115.36 - - [26/Jul/2025:07:59:39 +0800] "POST /wp-cron.php?doing_wp_cron=1753487979.9113509654998779296875 HTTP/1.1" 200 31 "-" "WordPress/6.8.2; http://cqqizhou.com"
185.191.127.222 - - [26/Jul/2025:07:59:40 +0800] "GET / HTTP/1.1" 200 13613 "-" "Mozilla/5.0 (Windows NT 10.0; Win64; x64) AppleWebKit/537.36 (KHTML, like Gecko) Chrome/90.0.4430.85 Safari/537.36 Edg/90.0.818.46"
182.40.104.255 - - [26/Jul/2025:08:11:30 +0800] "GET / HTTP/1.1" 200 13612 "-" "Mozilla/5.0 (iPhone; CPU iPhone OS 13_2_3 like Mac OS X) AppleWebKit/605.1.15 (KHTML, like Gecko) Version/13.0.3 Mobile/15E148 Safari/604.1"
193.34.212.110 - - [26/Jul/2025:08:15:50 +0800] "GET / HTTP/1.1" 200 13613 "-" "Mozilla/5.0 (Windows NT 10.0; Win64; x64) AppleWebKit/537.36 (KHTML, like Gecko) Chrome/90.0.4430.85 Safari/537.36 Edg/90.0.818.46"
149.50.103.48 - - [26/Jul/2025:08:30:11 +0800] "GET / HTTP/1.1" 200 13613 "-" "Mozilla/5.0 (Windows NT 10.0; Win64; x64) AppleWebKit/537.36 (KHTML, like Gecko) Chrome/90.0.4430.85 Safari/537.36 Edg/90.0.818.46"
43.156.109.53 - - [26/Jul/2025:08:36:27 +0800] "GET / HTTP/1.1" 301 5 "-" "Mozilla/5.0 (iPhone; CPU iPhone OS 13_2_3 like Mac OS X) AppleWebKit/605.1.15 (KHTML, like Gecko) Version/13.0.3 Mobile/15E148 Safari/604.1"
43.156.109.53 - - [26/Jul/2025:08:36:29 +0800] "GET / HTTP/1.1" 200 13612 "http://36.133.115.36" "Mozilla/5.0 (iPhone; CPU iPhone OS 13_2_3 like Mac OS X) AppleWebKit/605.1.15 (KHTML, like Gecko) Version/13.0.3 Mobile/15E148 Safari/604.1"
36.133.115.36 - - [26/Jul/2025:08:48:26 +0800] "POST /wp-cron.php?doing_wp_cron=1753490906.6429889202117919921875 HTTP/1.1" 200 31 "-" "WordPress/6.8.2; http://cqqizhou.com"
185.191.127.222 - - [26/Jul/2025:08:48:26 +0800] "GET / HTTP/1.1" 200 13611 "-" "Mozilla/5.0 (Windows NT 10.0; Win64; x64) AppleWebKit/537.36 (KHTML, like Gecko) Chrome/90.0.4430.85 Safari/537.36 Edg/90.0.818.46"
176.65.150.55 - - [26/Jul/2025:08:56:54 +0800] "GET / HTTP/1.1" 200 13613 "-" "Linux Gnu (cow)"
149.50.103.48 - - [26/Jul/2025:09:32:45 +0800] "GET / HTTP/1.1" 200 13612 "-" "Mozilla/5.0 (Windows NT 10.0; Win64; x64) AppleWebKit/537.36 (KHTML, like Gecko) Chrome/90.0.4430.85 Safari/537.36 Edg/90.0.818.46"
36.133.115.36 - - [26/Jul/2025:09:43:10 +0800] "POST /wp-cron.php?doing_wp_cron=1753494190.6516280174255371093750 HTTP/1.1" 200 31 "-" "WordPress/6.8.2; http://cqqizhou.com"
185.191.127.222 - - [26/Jul/2025:09:43:10 +0800] "GET / HTTP/1.1" 200 13612 "-" "Mozilla/5.0 (Windows NT 10.0; Win64; x64) AppleWebKit/537.36 (KHTML, like Gecko) Chrome/90.0.4430.85 Safari/537.36 Edg/90.0.818.46"
20.65.193.225 - - [26/Jul/2025:09:46:09 +0800] "GET /druid/index.html HTTP/1.1" 404 10101 "-" "Mozilla/5.0 zgrab/0.x"
36.133.108.125 - - [26/Jul/2025:09:53:29 +0800] "HEAD /containers/json HTTP/1.1" 404 0 "-" "Mozilla/5.0 (compatible; MSIE 9.0; Windows NT 6.1; Trident/5.0; yie8)"
91.224.92.17 - - [26/Jul/2025:10:07:28 +0800] "GET / HTTP/1.1" 200 50174 "-" "-"
43.167.241.46 - - [26/Jul/2025:10:26:07 +0800] "GET / HTTP/1.1" 301 5 "-" "Mozilla/5.0 (iPhone; CPU iPhone OS 13_2_3 like Mac OS X) AppleWebKit/605.1.15 (KHTML, like Gecko) Version/13.0.3 Mobile/15E148 Safari/604.1"
43.167.241.46 - - [26/Jul/2025:10:26:10 +0800] "GET / HTTP/1.1" 200 13612 "http://www.cqqizhou.com" "Mozilla/5.0 (iPhone; CPU iPhone OS 13_2_3 like Mac OS X) AppleWebKit/605.1.15 (KHTML, like Gecko) Version/13.0.3 Mobile/15E148 Safari/604.1"
14.108.234.171 - - [26/Jul/2025:10:29:00 +0800] "GET / HTTP/1.1" 200 13612 "-" "Mozilla/5.0 (Windows NT 10.0; Win64; x64) AppleWebKit/537.36 (KHTML, like Gecko) Chrome/138.0.0.0 Safari/537.36 Edg/138.0.0.0"
36.133.115.36 - - [26/Jul/2025:10:41:23 +0800] "POST /wp-cron.php?doing_wp_cron=1753497683.7224440574645996093750 HTTP/1.1" 200 31 "-" "WordPress/6.8.2; http://cqqizhou.com"
36.133.108.119 - - [26/Jul/2025:10:41:23 +0800] "HEAD /ReportServer HTTP/1.1" 404 0 "-" "Mozilla/5.0 (Macintosh; Intel Mac OS X 10_8_3) AppleWebKit/537.36 (KHTML, like Gecko) Chrome/27.0.1453.93 Safari/537.36"
149.50.103.48 - - [26/Jul/2025:10:41:56 +0800] "GET / HTTP/1.1" 200 13611 "-" "Mozilla/5.0 (Windows NT 10.0; Win64; x64) AppleWebKit/537.36 (KHTML, like Gecko) Chrome/90.0.4430.85 Safari/537.36 Edg/90.0.818.46"
45.131.195.204 - - [26/Jul/2025:11:01:38 +0800] "GET /.git/config HTTP/1.1" 404 10102 "-" "Mozila/5.0"
106.227.49.113 - - [26/Jul/2025:11:12:28 +0800] "GET / HTTP/1.1" 301 5 "-" "Mozilla/5.0 (iPhone; CPU iPhone OS 13_2_3 like Mac OS X) AppleWebKit/605.1.15 (KHTML, like Gecko) Version/13.0.3 Mobile/15E148 Safari/604.1"
106.227.49.113 - - [26/Jul/2025:11:12:36 +0800] "GET / HTTP/1.1" 200 13611 "http://www.cqqizhou.com" "Mozilla/5.0 (iPhone; CPU iPhone OS 13_2_3 like Mac OS X) AppleWebKit/605.1.15 (KHTML, like Gecko) Version/13.0.3 Mobile/15E148 Safari/604.1"
36.133.115.36 - - [26/Jul/2025:11:50:37 +0800] "POST /wp-cron.php?doing_wp_cron=1753501837.1068820953369140625000 HTTP/1.1" 200 31 "-" "WordPress/6.8.2; http://cqqizhou.com"
149.50.103.48 - - [26/Jul/2025:11:50:37 +0800] "GET / HTTP/1.1" 200 13612 "-" "Mozilla/5.0 (Windows NT 10.0; Win64; x64) AppleWebKit/537.36 (KHTML, like Gecko) Chrome/90.0.4430.85 Safari/537.36 Edg/90.0.818.46"
209.141.61.4 - - [26/Jul/2025:11:55:08 +0800] "GET /wp-login.php HTTP/1.1" 200 9390 "-" "Mozilla/5.0 (Macintosh; Intel Mac OS X 10_9_4) AppleWebKit/537.78.2 (KHTML, like Gecko) Version/7.0.6 Safari/537.78.2"
209.141.61.4 - - [26/Jul/2025:11:55:19 +0800] "POST /wp-login.php HTTP/1.1" 200 9846 "-" "Mozilla/5.0 (Macintosh; Intel Mac OS X 10_9_4) AppleWebKit/537.78.2 (KHTML, like Gecko) Version/7.0.6 Safari/537.78.2"
64.62.156.94 - - [26/Jul/2025:12:01:14 +0800] "GET / HTTP/1.1" 301 5 "-" "Mozilla/5.0 (X11; Linux x86_64) AppleWebKit/537.36 (KHTML, like Gecko) Chrome/108.0.0.0 Safari/537.36"
64.62.156.94 - - [26/Jul/2025:12:02:49 +0800] "GET /webui/ HTTP/1.1" 404 10102 "-" "Mozilla/5.0 (Windows NT 10.0; Win64; x64; rv:109.0) Gecko/20100101 Firefox/115.0"
64.62.156.107 - - [26/Jul/2025:12:03:12 +0800] "GET / HTTP/1.1" 301 5 "-" "Mozilla/5.0 (Windows NT 10.0; Win64; x64; rv:109.0) Gecko/20100101 Firefox/115.0"
64.62.156.94 - - [26/Jul/2025:12:04:52 +0800] "GET /geoserver/web/ HTTP/1.1" 404 10101 "-" "Mozilla/5.0 (X11; Linux x86_64) AppleWebKit/537.36 (KHTML, like Gecko) Chrome/108.0.0.0 Safari/537.36"
14.18.16.155 - - [26/Jul/2025:12:06:07 +0800] "GET / HTTP/1.1" 301 5 "-" "Mozilla/5.0 (Windows NT 6.1; WOW64) AppleWebKit/537.36 (KHTML, like Gecko) Chrome/43.0.2357.134 Safari/537.36"
49.51.243.95 - - [26/Jul/2025:12:15:35 +0800] "GET / HTTP/1.1" 200 13613 "-" "Mozilla/5.0 (iPhone; CPU iPhone OS 13_2_3 like Mac OS X) AppleWebKit/605.1.15 (KHTML, like Gecko) Version/13.0.3 Mobile/15E148 Safari/604.1"
66.249.70.167 - - [26/Jul/2025:12:17:06 +0800] "GET /robots.txt HTTP/1.1" 200 119 "-" "Mozilla/5.0 (compatible; Googlebot/2.1; +http://www.google.com/bot.html)"
66.249.70.168 - - [26/Jul/2025:12:17:08 +0800] "GET /wp-sitemap.xml HTTP/1.1" 501 253 "-" "Mozilla/5.0 (compatible; Googlebot/2.1; +http://www.google.com/bot.html)"
66.249.70.166 - - [26/Jul/2025:12:18:10 +0800] "GET /wp-sitemap.xml HTTP/1.1" 501 253 "-" "Mozilla/5.0 (compatible; Googlebot/2.1; +http://www.google.com/bot.html)"
124.64.200.144 - - [26/Jul/2025:12:18:35 +0800] "GET / HTTP/1.0" 301 0 "http://m.baidu.com/s?wd=unionqqr" "Mozilla/5.0 (Windows NT 6.1; WOW64; rv:43.0) Gecko/20100101 Firefox/43.0"
124.64.200.138 - - [26/Jul/2025:12:18:36 +0800] "GET / HTTP/1.0" 200 50161 "-" "Mozilla/5.0 (Windows NT 6.1; WOW64; rv:43.0) Gecko/20100101 Firefox/43.0"
66.249.70.166 - - [26/Jul/2025:12:19:11 +0800] "GET /wp-sitemap.xml HTTP/1.1" 501 253 "-" "Mozilla/5.0 (compatible; Googlebot/2.1; +http://www.google.com/bot.html)"
66.249.70.168 - - [26/Jul/2025:12:20:12 +0800] "GET /wp-sitemap.xml HTTP/1.1" 501 253 "-" "Mozilla/5.0 (compatible; Googlebot/2.1; +http://www.google.com/bot.html)"
185.191.127.222 - - [26/Jul/2025:12:25:48 +0800] "GET / HTTP/1.1" 200 13612 "-" "Mozilla/5.0 (Windows NT 10.0; Win64; x64) AppleWebKit/537.36 (KHTML, like Gecko) Chrome/90.0.4430.85 Safari/537.36 Edg/90.0.818.46"
193.34.212.110 - - [26/Jul/2025:12:26:38 +0800] "GET / HTTP/1.1" 200 13613 "-" "Mozilla/5.0 (Windows NT 10.0; Win64; x64) AppleWebKit/537.36 (KHTML, like Gecko) Chrome/90.0.4430.85 Safari/537.36 Edg/90.0.818.46"
104.234.115.196 - - [26/Jul/2025:12:27:35 +0800] "GET / HTTP/1.0" 301 0 "-" "'Mozilla/5.0 (compatible; GenomeCrawlerd/1.0; +https://www.nokia.com/genomecrawler)'"
104.234.115.196 - - [26/Jul/2025:12:28:50 +0800] "GET / HTTP/1.1" 301 5 "-" "'Mozilla/5.0 (compatible; GenomeCrawlerd/1.0; +https://www.nokia.com/genomecrawler)'"
104.234.115.196 - - [26/Jul/2025:12:31:24 +0800] "GET /cgi-bin/login.cgi HTTP/1.1" 404 10102 "-" "'Mozilla/5.0 (compatible; GenomeCrawlerd/1.0; +https://www.nokia.com/genomecrawler)'"
91.224.92.17 - - [26/Jul/2025:12:37:27 +0800] "GET / HTTP/1.1" 200 50174 "-" "-"
36.133.115.36 - - [26/Jul/2025:12:48:41 +0800] "POST /wp-cron.php?doing_wp_cron=1753505321.9067769050598144531250 HTTP/1.1" 200 31 "-" "WordPress/6.8.2; http://cqqizhou.com"
149.50.103.48 - - [26/Jul/2025:12:48:42 +0800] "GET / HTTP/1.1" 200 13612 "-" "Mozilla/5.0 (Windows NT 10.0; Win64; x64) AppleWebKit/537.36 (KHTML, like Gecko) Chrome/90.0.4430.85 Safari/537.36 Edg/90.0.818.46"
43.130.100.35 - - [26/Jul/2025:13:25:57 +0800] "GET / HTTP/1.1" 200 13612 "-" "Mozilla/5.0 (iPhone; CPU iPhone OS 13_2_3 like Mac OS X) AppleWebKit/605.1.15 (KHTML, like Gecko) Version/13.0.3 Mobile/15E148 Safari/604.1"
157.173.122.176 - - [26/Jul/2025:13:30:49 +0800] "GET / HTTP/1.1" 200 13613 "-" "Mozilla/5.0 (Windows NT 10.0; Win64; x64) AppleWebKit/537.36 (KHTML, like Gecko) Chrome/91.0.4472.114 Safari/537.36 Edg/91.0.864.54"
193.34.212.110 - - [26/Jul/2025:13:34:46 +0800] "GET / HTTP/1.1" 200 13612 "-" "Mozilla/5.0 (Windows NT 10.0; Win64; x64) AppleWebKit/537.36 (KHTML, like Gecko) Chrome/90.0.4430.85 Safari/537.36 Edg/90.0.818.46"
36.133.115.36 - - [26/Jul/2025:13:55:11 +0800] "POST /wp-cron.php?doing_wp_cron=1753509311.5387380123138427734375 HTTP/1.1" 200 31 "-" "WordPress/6.8.2; http://cqqizhou.com"
149.50.103.48 - - [26/Jul/2025:13:55:11 +0800] "GET / HTTP/1.1" 200 13612 "-" "Mozilla/5.0 (Windows NT 10.0; Win64; x64) AppleWebKit/537.36 (KHTML, like Gecko) Chrome/90.0.4430.85 Safari/537.36 Edg/90.0.818.46"
36.104.215.0 - - [26/Jul/2025:13:58:57 +0800] "GET http://www.cqqizhou.com/ HTTP/1.1" 301 5 "-" "Mozilla/5.0 (Windows NT 6.1; WOW64) AppleWebKit/537.36 (KHTML, like Gecko) Chrome/71.0.3578.30"
111.18.14.43 - - [26/Jul/2025:13:59:11 +0800] "GET http://cqqizhou.com/ HTTP/1.1" 200 13614 "-" "Mozilla/5.0 (Windows NT 10.0; WOW64) AppleWebKit/537.36 (KHTML, like Gecko) Chrome/79.0.3945.16"
111.58.161.198 - - [26/Jul/2025:13:59:18 +0800] "GET http://cqqizhou.com/ HTTP/1.1" 200 13612 "-" "Mozilla/5.0 (Windows NT 10.0; WOW64) AppleWebKit/537.36 (KHTML, like Gecko) Chrome/79.0.3945.16"
162.14.210.15 - - [26/Jul/2025:14:17:05 +0800] "GET / HTTP/1.1" 200 13612 "-" "Mozilla/5.0 (iPhone; CPU iPhone OS 13_2_3 like Mac OS X) AppleWebKit/605.1.15 (KHTML, like Gecko) Version/13.0.3 Mobile/15E148 Safari/604.1"
185.191.127.222 - - [26/Jul/2025:14:19:53 +0800] "GET / HTTP/1.1" 200 13612 "-" "Mozilla/5.0 (Windows NT 10.0; Win64; x64) AppleWebKit/537.36 (KHTML, like Gecko) Chrome/90.0.4430.85 Safari/537.36 Edg/90.0.818.46"
199.195.252.139 - - [26/Jul/2025:14:22:11 +0800] "GET /wp-login.php HTTP/1.1" 200 9390 "-" "Mozilla/5.0 (X11; Linux i686) AppleWebKit/537.36 (KHTML, like Gecko) Chrome/36.0.1985.125 Safari/537.36"
199.195.252.139 - - [26/Jul/2025:14:22:12 +0800] "POST /wp-login.php HTTP/1.1" 200 9846 "-" "Mozilla/5.0 (X11; Linux i686) AppleWebKit/537.36 (KHTML, like Gecko) Chrome/36.0.1985.125 Safari/537.36"
43.164.197.177 - - [26/Jul/2025:14:28:48 +0800] "GET / HTTP/1.1" 301 5 "-" "Mozilla/5.0 (iPhone; CPU iPhone OS 13_2_3 like Mac OS X) AppleWebKit/605.1.15 (KHTML, like Gecko) Version/13.0.3 Mobile/15E148 Safari/604.1"
43.164.197.177 - - [26/Jul/2025:14:28:50 +0800] "GET / HTTP/1.1" 200 13612 "http://36.133.115.36" "Mozilla/5.0 (iPhone; CPU iPhone OS 13_2_3 like Mac OS X) AppleWebKit/605.1.15 (KHTML, like Gecko) Version/13.0.3 Mobile/15E148 Safari/604.1"
193.34.212.110 - - [26/Jul/2025:14:33:23 +0800] "GET / HTTP/1.1" 200 13612 "-" "Mozilla/5.0 (Windows NT 10.0; Win64; x64) AppleWebKit/537.36 (KHTML, like Gecko) Chrome/90.0.4430.85 Safari/537.36 Edg/90.0.818.46"
36.133.115.36 - - [26/Jul/2025:14:42:38 +0800] "POST /wp-cron.php?doing_wp_cron=1753512158.3769710063934326171875 HTTP/1.1" 200 31 "-" "WordPress/6.8.2; http://cqqizhou.com"
123.57.13.121 - - [26/Jul/2025:14:42:38 +0800] "GET / HTTP/1.1" 200 13612 "-" "Mozilla/5.0 (Windows NT 10.0; Win64; x64) AppleWebKit/537.36 (KHTML, like Gecko) Chrome/104.0.0.0 Safari/537.36"
36.133.115.36 - - [26/Jul/2025:14:42:42 +0800] "POST /wp-cron.php HTTP/1.1" 200 31 "-" "WordPress/6.8.2; http://cqqizhou.com"
36.133.115.36 - - [26/Jul/2025:14:42:42 +0800] "GET / HTTP/1.1" 200 13612 "-" "WordPress/6.8.2; http://cqqizhou.com"
36.133.115.36 - - [26/Jul/2025:14:42:43 +0800] "GET / HTTP/1.1" 200 13612 "-" "WordPress/6.8.2; http://cqqizhou.com"
36.133.115.36 - - [26/Jul/2025:14:42:44 +0800] "GET / HTTP/1.1" 200 13613 "-" "WordPress/6.8.2; http://cqqizhou.com"
78.108.178.104 - - [26/Jul/2025:14:49:54 +0800] "GET / HTTP/1.1" 200 50174 "-" "Mozilla/5.0"
149.50.103.48 - - [26/Jul/2025:15:00:50 +0800] "GET / HTTP/1.1" 200 13613 "-" "Mozilla/5.0 (Windows NT 10.0; Win64; x64) AppleWebKit/537.36 (KHTML, like Gecko) Chrome/90.0.4430.85 Safari/537.36 Edg/90.0.818.46"
185.191.127.222 - - [26/Jul/2025:15:10:43 +0800] "GET / HTTP/1.1" 200 13612 "-" "Mozilla/5.0 (Windows NT 10.0; Win64; x64) AppleWebKit/537.36 (KHTML, like Gecko) Chrome/90.0.4430.85 Safari/537.36 Edg/90.0.818.46"
36.133.115.36 - - [26/Jul/2025:15:40:54 +0800] "POST /wp-cron.php?doing_wp_cron=1753515654.8914239406585693359375 HTTP/1.1" 200 31 "-" "WordPress/6.8.2; http://cqqizhou.com"
193.34.212.110 - - [26/Jul/2025:15:40:55 +0800] "GET / HTTP/1.1" 200 13613 "-" "Mozilla/5.0 (Windows NT 10.0; Win64; x64) AppleWebKit/537.36 (KHTML, like Gecko) Chrome/90.0.4430.85 Safari/537.36 Edg/90.0.818.46"
36.133.115.36 - - [26/Jul/2025:16:02:04 +0800] "POST /wp-cron.php?doing_wp_cron=1753516924.6931459903717041015625 HTTP/1.1" 200 31 "-" "WordPress/6.8.2; http://cqqizhou.com"
170.106.147.63 - - [26/Jul/2025:16:02:04 +0800] "GET / HTTP/1.1" 301 5 "-" "Mozilla/5.0 (iPhone; CPU iPhone OS 13_2_3 like Mac OS X) AppleWebKit/605.1.15 (KHTML, like Gecko) Version/13.0.3 Mobile/15E148 Safari/604.1"
170.106.147.63 - - [26/Jul/2025:16:02:07 +0800] "GET / HTTP/1.1" 200 13613 "http://www.cqqizhou.com" "Mozilla/5.0 (iPhone; CPU iPhone OS 13_2_3 like Mac OS X) AppleWebKit/605.1.15 (KHTML, like Gecko) Version/13.0.3 Mobile/15E148 Safari/604.1"
185.191.127.222 - - [26/Jul/2025:16:03:05 +0800] "GET / HTTP/1.1" 200 13613 "-" "Mozilla/5.0 (Windows NT 10.0; Win64; x64) AppleWebKit/537.36 (KHTML, like Gecko) Chrome/90.0.4430.85 Safari/537.36 Edg/90.0.818.46"
149.50.103.48 - - [26/Jul/2025:16:06:37 +0800] "GET / HTTP/1.1" 200 13613 "-" "Mozilla/5.0 (Windows NT 10.0; Win64; x64) AppleWebKit/537.36 (KHTML, like Gecko) Chrome/90.0.4430.85 Safari/537.36 Edg/90.0.818.46"
36.133.115.36 - - [26/Jul/2025:16:40:55 +0800] "POST /wp-cron.php?doing_wp_cron=1753519255.8561029434204101562500 HTTP/1.1" 200 31 "-" "WordPress/6.8.2; http://cqqizhou.com"
193.34.212.110 - - [26/Jul/2025:16:40:56 +0800] "GET / HTTP/1.1" 200 13612 "-" "Mozilla/5.0 (Windows NT 10.0; Win64; x64) AppleWebKit/537.36 (KHTML, like Gecko) Chrome/90.0.4430.85 Safari/537.36 Edg/90.0.818.46"
149.50.103.48 - - [26/Jul/2025:17:09:48 +0800] "GET / HTTP/1.1" 200 13613 "-" "Mozilla/5.0 (Windows NT 10.0; Win64; x64) AppleWebKit/537.36 (KHTML, like Gecko) Chrome/90.0.4430.85 Safari/537.36 Edg/90.0.818.46"
123.57.13.121 - - [26/Jul/2025:17:29:11 +0800] "GET / HTTP/1.1" 200 13612 "-" "Mozilla/5.0 (Windows NT 10.0; Win64; x64) AppleWebKit/537.36 (KHTML, like Gecko) Chrome/104.0.0.0 Safari/537.36"
182.40.104.255 - - [26/Jul/2025:17:32:33 +0800] "GET / HTTP/1.1" 301 5 "-" "Mozilla/5.0 (iPhone; CPU iPhone OS 13_2_3 like Mac OS X) AppleWebKit/605.1.15 (KHTML, like Gecko) Version/13.0.3 Mobile/15E148 Safari/604.1"
182.40.104.255 - - [26/Jul/2025:17:32:42 +0800] "GET / HTTP/1.1" 200 13612 "http://www.cqqizhou.com" "Mozilla/5.0 (iPhone; CPU iPhone OS 13_2_3 like Mac OS X) AppleWebKit/605.1.15 (KHTML, like Gecko) Version/13.0.3 Mobile/15E148 Safari/604.1"
185.195.233.237 - - [26/Jul/2025:17:37:40 +0800] "GET / HTTP/1.1" 301 5 "-" "python-requests/2.32.4"
185.195.233.237 - - [26/Jul/2025:17:37:53 +0800] "GET / HTTP/1.1" 200 13612 "-" "python-requests/2.32.4"
185.195.233.237 - - [26/Jul/2025:17:38:05 +0800] "POST /php-cgi/php-cgi.exe?%ADd+cgi.force_redirect%3D0+%ADd+cgi.redirect_status_env+%ADd+allow_url_include%3D1+%ADd+auto_prepend_file%3Dphp://input HTTP/1.1" 404 10102 "-" "python-requests/2.32.4"
185.195.233.237 - - [26/Jul/2025:17:38:17 +0800] "GET /xl.php HTTP/1.1" 404 47 "-" "python-requests/2.32.4"
36.133.115.36 - - [26/Jul/2025:17:44:47 +0800] "POST /wp-cron.php?doing_wp_cron=1753523087.3672950267791748046875 HTTP/1.1" 200 31 "-" "WordPress/6.8.2; http://cqqizhou.com"
172.202.118.31 - - [26/Jul/2025:17:44:47 +0800] "GET /developmentserver/metadatauploader HTTP/1.1" 404 10102 "-" "Mozilla/5.0 zgrab/0.x"
43.166.247.82 - - [26/Jul/2025:17:45:05 +0800] "GET / HTTP/1.1" 200 13613 "-" "Mozilla/5.0 (iPhone; CPU iPhone OS 13_2_3 like Mac OS X) AppleWebKit/605.1.15 (KHTML, like Gecko) Version/13.0.3 Mobile/15E148 Safari/604.1"
193.34.212.110 - - [26/Jul/2025:17:47:35 +0800] "GET / HTTP/1.1" 200 13612 "-" "Mozilla/5.0 (Windows NT 10.0; Win64; x64) AppleWebKit/537.36 (KHTML, like Gecko) Chrome/90.0.4430.85 Safari/537.36 Edg/90.0.818.46"
91.224.92.17 - - [26/Jul/2025:17:47:56 +0800] "GET / HTTP/1.1" 200 50174 "-" "-"
35.203.210.222 - - [26/Jul/2025:17:48:43 +0800] "GET / HTTP/1.1" 200 13612 "-" "Hello from Palo Alto Networks, find out more about our scans in https://docs-cortex.paloaltonetworks.com/r/1/Cortex-Xpanse/Scanning-activity"
123.57.13.121 - - [26/Jul/2025:17:52:52 +0800] "GET / HTTP/1.1" 200 13612 "-" "Mozilla/5.0 (Windows NT 10.0; Win64; x64) AppleWebKit/537.36 (KHTML, like Gecko) Chrome/104.0.0.0 Safari/537.36"
185.191.127.222 - - [26/Jul/2025:17:58:57 +0800] "GET / HTTP/1.1" 200 13612 "-" "Mozilla/5.0 (Windows NT 10.0; Win64; x64) AppleWebKit/537.36 (KHTML, like Gecko) Chrome/90.0.4430.85 Safari/537.36 Edg/90.0.818.46"
149.50.103.48 - - [26/Jul/2025:18:16:03 +0800] "GET / HTTP/1.1" 200 13612 "-" "Mozilla/5.0 (Windows NT 10.0; Win64; x64) AppleWebKit/537.36 (KHTML, like Gecko) Chrome/90.0.4430.85 Safari/537.36 Edg/90.0.818.46"
91.224.92.17 - - [26/Jul/2025:18:23:00 +0800] "GET / HTTP/1.1" 200 50174 "-" "-"
185.218.86.12 - - [26/Jul/2025:18:27:41 +0800] "GET / HTTP/1.1" 200 50174 "-" "Mozilla/5.0"
36.133.115.36 - - [26/Jul/2025:18:43:52 +0800] "POST /wp-cron.php?doing_wp_cron=1753526632.2317140102386474609375 HTTP/1.1" 200 31 "-" "WordPress/6.8.2; http://cqqizhou.com"
34.76.248.25 - - [26/Jul/2025:18:43:52 +0800] "GET / HTTP/1.1" 301 5 "-" "python-requests/2.32.4"
124.156.226.179 - - [26/Jul/2025:18:49:04 +0800] "GET / HTTP/1.1" 200 13613 "-" "Mozilla/5.0 (iPhone; CPU iPhone OS 13_2_3 like Mac OS X) AppleWebKit/605.1.15 (KHTML, like Gecko) Version/13.0.3 Mobile/15E148 Safari/604.1"
185.191.127.222 - - [26/Jul/2025:18:49:54 +0800] "GET / HTTP/1.1" 200 13613 "-" "Mozilla/5.0 (Windows NT 10.0; Win64; x64) AppleWebKit/537.36 (KHTML, like Gecko) Chrome/90.0.4430.85 Safari/537.36 Edg/90.0.818.46"
193.34.212.110 - - [26/Jul/2025:18:51:19 +0800] "GET / HTTP/1.1" 200 13613 "-" "Mozilla/5.0 (Windows NT 10.0; Win64; x64) AppleWebKit/537.36 (KHTML, like Gecko) Chrome/90.0.4430.85 Safari/537.36 Edg/90.0.818.46"
205.185.122.156 - - [26/Jul/2025:18:58:16 +0800] "GET /wp-login.php HTTP/1.1" 200 9390 "-" "Mozilla/5.0 (Macintosh; Intel Mac OS X 10_9_0) AppleWebKit/537.36 (KHTML, like Gecko) Chrome/36.0.1985.125 Safari/537.36"
205.185.122.156 - - [26/Jul/2025:18:58:17 +0800] "POST /wp-login.php HTTP/1.1" 200 9846 "-" "Mozilla/5.0 (Macintosh; Intel Mac OS X 10_9_0) AppleWebKit/537.36 (KHTML, like Gecko) Chrome/36.0.1985.125 Safari/537.36"
91.224.92.17 - - [26/Jul/2025:19:21:12 +0800] "GET / HTTP/1.1" 200 50174 "-" "-"
149.50.103.48 - - [26/Jul/2025:19:22:01 +0800] "GET / HTTP/1.1" 200 13612 "-" "Mozilla/5.0 (Windows NT 10.0; Win64; x64) AppleWebKit/537.36 (KHTML, like Gecko) Chrome/90.0.4430.85 Safari/537.36 Edg/90.0.818.46"
14.108.234.171 - - [26/Jul/2025:19:26:15 +0800] "GET /wp-admin/ HTTP/1.1" 302 5 "-" "Mozilla/5.0 (Windows NT 10.0; Win64; x64) AppleWebKit/537.36 (KHTML, like Gecko) Chrome/138.0.0.0 Safari/537.36 Edg/138.0.0.0"
14.108.234.171 - - [26/Jul/2025:19:26:15 +0800] "GET /wp-login.php?redirect_to=http%3A%2F%2Fcqqizhou.com%2Fwp-admin%2F&reauth=1 HTTP/1.1" 200 2999 "-" "Mozilla/5.0 (Windows NT 10.0; Win64; x64) AppleWebKit/537.36 (KHTML, like Gecko) Chrome/138.0.0.0 Safari/537.36 Edg/138.0.0.0"
14.108.234.171 - - [26/Jul/2025:19:26:27 +0800] "POST /wp-login.php HTTP/1.1" 302 5 "http://cqqizhou.com/wp-login.php?redirect_to=http%3A%2F%2Fcqqizhou.com%2Fwp-admin%2F&reauth=1" "Mozilla/5.0 (Windows NT 10.0; Win64; x64) AppleWebKit/537.36 (KHTML, like Gecko) Chrome/138.0.0.0 Safari/537.36 Edg/138.0.0.0"
14.108.234.171 - - [26/Jul/2025:19:26:30 +0800] "GET /wp-admin/ HTTP/1.1" 200 60902 "http://cqqizhou.com/wp-login.php?redirect_to=http%3A%2F%2Fcqqizhou.com%2Fwp-admin%2F&reauth=1" "Mozilla/5.0 (Windows NT 10.0; Win64; x64) AppleWebKit/537.36 (KHTML, like Gecko) Chrome/138.0.0.0 Safari/537.36 Edg/138.0.0.0"
14.108.234.171 - - [26/Jul/2025:19:26:44 +0800] "GET /wp-admin/plugins.php HTTP/1.1" 200 67431 "http://cqqizhou.com/wp-admin/" "Mozilla/5.0 (Windows NT 10.0; Win64; x64) AppleWebKit/537.36 (KHTML, like Gecko) Chrome/138.0.0.0 Safari/537.36 Edg/138.0.0.0"
14.108.234.171 - - [26/Jul/2025:19:27:09 +0800] "GET /wp-admin/edit.php?post_type=page HTTP/1.1" 200 58698 "http://cqqizhou.com/wp-admin/plugins.php" "Mozilla/5.0 (Windows NT 10.0; Win64; x64) AppleWebKit/537.36 (KHTML, like Gecko) Chrome/138.0.0.0 Safari/537.36 Edg/138.0.0.0"
14.108.234.171 - - [26/Jul/2025:19:27:10 +0800] "POST /wp-admin/admin-ajax.php HTTP/1.1" 200 78 "http://cqqizhou.com/wp-admin/edit.php?post_type=page" "Mozilla/5.0 (Windows NT 10.0; Win64; x64) AppleWebKit/537.36 (KHTML, like Gecko) Chrome/138.0.0.0 Safari/537.36 Edg/138.0.0.0"
14.108.234.171 - - [26/Jul/2025:19:27:20 +0800] "POST /wp-admin/admin-ajax.php HTTP/1.1" 200 78 "http://cqqizhou.com/wp-admin/edit.php?post_type=page" "Mozilla/5.0 (Windows NT 10.0; Win64; x64) AppleWebKit/537.36 (KHTML, like Gecko) Chrome/138.0.0.0 Safari/537.36 Edg/138.0.0.0"
14.108.234.171 - - [26/Jul/2025:19:27:30 +0800] "POST /wp-admin/admin-ajax.php HTTP/1.1" 200 78 "http://cqqizhou.com/wp-admin/edit.php?post_type=page" "Mozilla/5.0 (Windows NT 10.0; Win64; x64) AppleWebKit/537.36 (KHTML, like Gecko) Chrome/138.0.0.0 Safari/537.36 Edg/138.0.0.0"
14.108.234.171 - - [26/Jul/2025:19:27:40 +0800] "POST /wp-admin/admin-ajax.php HTTP/1.1" 200 78 "http://cqqizhou.com/wp-admin/edit.php?post_type=page" "Mozilla/5.0 (Windows NT 10.0; Win64; x64) AppleWebKit/537.36 (KHTML, like Gecko) Chrome/138.0.0.0 Safari/537.36 Edg/138.0.0.0"
14.108.234.171 - - [26/Jul/2025:19:27:40 +0800] "GET /services/ HTTP/1.1" 200 27609 "http://cqqizhou.com/wp-admin/edit.php?post_type=page" "Mozilla/5.0 (Windows NT 10.0; Win64; x64) AppleWebKit/537.36 (KHTML, like Gecko) Chrome/138.0.0.0 Safari/537.36 Edg/138.0.0.0"
14.108.234.171 - - [26/Jul/2025:19:27:40 +0800] "GET /wp-content/uploads/2025/07/1751829454-Smart-warehousing800x500.webp HTTP/1.1" 304 0 "http://cqqizhou.com/services/" "Mozilla/5.0 (Windows NT 10.0; Win64; x64) AppleWebKit/537.36 (KHTML, like Gecko) Chrome/138.0.0.0 Safari/537.36 Edg/138.0.0.0"
14.108.234.171 - - [26/Jul/2025:19:27:40 +0800] "GET /wp-content/uploads/2025/07/1751829518-Precision-processing-services800x500.webp HTTP/1.1" 304 0 "http://cqqizhou.com/services/" "Mozilla/5.0 (Windows NT 10.0; Win64; x64) AppleWebKit/537.36 (KHTML, like Gecko) Chrome/138.0.0.0 Safari/537.36 Edg/138.0.0.0"
14.108.234.171 - - [26/Jul/2025:19:27:40 +0800] "GET /wp-content/uploads/2025/07/1751857929-3D-one-stop-supply-chain-service-W900px2.webp HTTP/1.1" 304 0 "http://cqqizhou.com/services/" "Mozilla/5.0 (Windows NT 10.0; Win64; x64) AppleWebKit/537.36 (KHTML, like Gecko) Chrome/138.0.0.0 Safari/537.36 Edg/138.0.0.0"
14.108.234.171 - - [26/Jul/2025:19:27:40 +0800] "GET /wp-content/uploads/2025/07/1751425283-qizhou.kf_.qq_.com_.webp HTTP/1.1" 304 0 "http://cqqizhou.com/services/" "Mozilla/5.0 (Windows NT 10.0; Win64; x64) AppleWebKit/537.36 (KHTML, like Gecko) Chrome/138.0.0.0 Safari/537.36 Edg/138.0.0.0"
14.108.234.171 - - [26/Jul/2025:19:27:40 +0800] "GET /wp-content/uploads/2025/07/1753405252-Services_Banner2000%C3%97400px2.webp HTTP/1.1" 304 0 "http://cqqizhou.com/services/" "Mozilla/5.0 (Windows NT 10.0; Win64; x64) AppleWebKit/537.36 (KHTML, like Gecko) Chrome/138.0.0.0 Safari/537.36 Edg/138.0.0.0"
14.108.234.171 - - [26/Jul/2025:19:27:51 +0800] "POST /wp-admin/admin-ajax.php HTTP/1.1" 200 78 "http://cqqizhou.com/wp-admin/edit.php?post_type=page" "Mozilla/5.0 (Windows NT 10.0; Win64; x64) AppleWebKit/537.36 (KHTML, like Gecko) Chrome/138.0.0.0 Safari/537.36 Edg/138.0.0.0"
14.108.234.171 - - [26/Jul/2025:19:28:10 +0800] "POST /wp-admin/admin-ajax.php HTTP/1.1" 200 78 "http://cqqizhou.com/wp-admin/edit.php?post_type=page" "Mozilla/5.0 (Windows NT 10.0; Win64; x64) AppleWebKit/537.36 (KHTML, like Gecko) Chrome/138.0.0.0 Safari/537.36 Edg/138.0.0.0"
14.108.234.171 - - [26/Jul/2025:19:28:15 +0800] "GET /wp-admin/customize.php?return=%2Fwp-admin%2Fedit.php%3Fpost_type%3Dpage HTTP/1.1" 200 338950 "http://cqqizhou.com/wp-admin/edit.php?post_type=page" "Mozilla/5.0 (Windows NT 10.0; Win64; x64) AppleWebKit/537.36 (KHTML, like Gecko) Chrome/138.0.0.0 Safari/537.36 Edg/138.0.0.0"
14.108.234.171 - - [26/Jul/2025:19:28:17 +0800] "OPTIONS /wp-json/wp/v2/settings?_locale=user HTTP/1.1" 200 1287 "http://cqqizhou.com/wp-admin/customize.php?return=%2Fwp-admin%2Fedit.php%3Fpost_type%3Dpage" "Mozilla/5.0 (Windows NT 10.0; Win64; x64) AppleWebKit/537.36 (KHTML, like Gecko) Chrome/138.0.0.0 Safari/537.36 Edg/138.0.0.0"
14.108.234.171 - - [26/Jul/2025:19:28:17 +0800] "GET /?customize_changeset_uuid=209d051d-e58c-4173-9f43-e82beb8b4f81&customize_theme=qizhou&customize_messenger_channel=preview-0 HTTP/1.1" 200 34501 "http://cqqizhou.com/wp-admin/customize.php?return=%2Fwp-admin%2Fedit.php%3Fpost_type%3Dpage" "Mozilla/5.0 (Windows NT 10.0; Win64; x64) AppleWebKit/537.36 (KHTML, like Gecko) Chrome/138.0.0.0 Safari/537.36 Edg/138.0.0.0"
14.108.234.171 - - [26/Jul/2025:19:28:17 +0800] "GET /wp-json/wp/v2/widget-types?context=edit&per_page=100&_locale=user HTTP/1.1" 200 1298 "http://cqqizhou.com/wp-admin/customize.php?return=%2Fwp-admin%2Fedit.php%3Fpost_type%3Dpage" "Mozilla/5.0 (Windows NT 10.0; Win64; x64) AppleWebKit/537.36 (KHTML, like Gecko) Chrome/138.0.0.0 Safari/537.36 Edg/138.0.0.0"
14.108.234.171 - - [26/Jul/2025:19:29:17 +0800] "POST /wp-admin/admin-ajax.php HTTP/1.1" 200 78 "http://cqqizhou.com/wp-admin/customize.php?return=%2Fwp-admin%2Fedit.php%3Fpost_type%3Dpage" "Mozilla/5.0 (Windows NT 10.0; Win64; x64) AppleWebKit/537.36 (KHTML, like Gecko) Chrome/138.0.0.0 Safari/537.36 Edg/138.0.0.0"
14.108.234.171 - - [26/Jul/2025:19:30:00 +0800] "POST /?customize_changeset_uuid=209d051d-e58c-4173-9f43-e82beb8b4f81&customize_theme=qizhou&customize_messenger_channel=preview-1&customize_autosaved=on HTTP/1.1" 200 58742 "http://cqqizhou.com/wp-admin/customize.php?return=%2Fwp-admin%2Fedit.php%3Fpost_type%3Dpage" "Mozilla/5.0 (Windows NT 10.0; Win64; x64) AppleWebKit/537.36 (KHTML, like Gecko) Chrome/138.0.0.0 Safari/537.36 Edg/138.0.0.0"
14.108.234.171 - - [26/Jul/2025:19:30:00 +0800] "GET /wp-content/uploads/2025/07/1753453096-%E5%8F%8C%E7%9B%B8%E9%92%A2product_Single600%C3%97284.webp HTTP/1.1" 304 0 "http://cqqizhou.com/?customize_changeset_uuid=209d051d-e58c-4173-9f43-e82beb8b4f81&customize_theme=qizhou&customize_messenger_channel=preview-1&customize_autosaved=on" "Mozilla/5.0 (Windows NT 10.0; Win64; x64) AppleWebKit/537.36 (KHTML, like Gecko) Chrome/138.0.0.0 Safari/537.36 Edg/138.0.0.0"
14.108.234.171 - - [26/Jul/2025:19:30:00 +0800] "GET /wp-content/uploads/2025/07/1753456723-%E5%8F%8C%E7%9B%B8%E9%92%A2roduct_Single600.webp HTTP/1.1" 304 0 "http://cqqizhou.com/?customize_changeset_uuid=209d051d-e58c-4173-9f43-e82beb8b4f81&customize_theme=qizhou&customize_messenger_channel=preview-1&customize_autosaved=on" "Mozilla/5.0 (Windows NT 10.0; Win64; x64) AppleWebKit/537.36 (KHTML, like Gecko) Chrome/138.0.0.0 Safari/537.36 Edg/138.0.0.0"
14.108.234.171 - - [26/Jul/2025:19:30:00 +0800] "GET /wp-content/uploads/2025/07/1753456770-%E7%83%AD%E9%95%80%E9%94%8C%E5%8D%B7product_Single600.webp HTTP/1.1" 304 0 "http://cqqizhou.com/?customize_changeset_uuid=209d051d-e58c-4173-9f43-e82beb8b4f81&customize_theme=qizhou&customize_messenger_channel=preview-1&customize_autosaved=on" "Mozilla/5.0 (Windows NT 10.0; Win64; x64) AppleWebKit/537.36 (KHTML, like Gecko) Chrome/138.0.0.0 Safari/537.36 Edg/138.0.0.0"
14.108.234.171 - - [26/Jul/2025:19:30:00 +0800] "GET /wp-content/uploads/2025/07/1753454299-Article_images_W900px.webp HTTP/1.1" 304 0 "http://cqqizhou.com/?customize_changeset_uuid=209d051d-e58c-4173-9f43-e82beb8b4f81&customize_theme=qizhou&customize_messenger_channel=preview-1&customize_autosaved=on" "Mozilla/5.0 (Windows NT 10.0; Win64; x64) AppleWebKit/537.36 (KHTML, like Gecko) Chrome/138.0.0.0 Safari/537.36 Edg/138.0.0.0"
14.108.234.171 - - [26/Jul/2025:19:30:00 +0800] "GET /wp-content/uploads/2025/07/1753454089-Article_images_W900px.webp HTTP/1.1" 304 0 "http://cqqizhou.com/?customize_changeset_uuid=209d051d-e58c-4173-9f43-e82beb8b4f81&customize_theme=qizhou&customize_messenger_channel=preview-1&customize_autosaved=on" "Mozilla/5.0 (Windows NT 10.0; Win64; x64) AppleWebKit/537.36 (KHTML, like Gecko) Chrome/138.0.0.0 Safari/537.36 Edg/138.0.0.0"
14.108.234.171 - - [26/Jul/2025:19:30:00 +0800] "GET /wp-content/uploads/2025/07/1753453127-%E4%BD%99%E5%8D%B7product_Single600%C3%97284.webp HTTP/1.1" 304 0 "http://cqqizhou.com/?customize_changeset_uuid=209d051d-e58c-4173-9f43-e82beb8b4f81&customize_theme=qizhou&customize_messenger_channel=preview-1&customize_autosaved=on" "Mozilla/5.0 (Windows NT 10.0; Win64; x64) AppleWebKit/537.36 (KHTML, like Gecko) Chrome/138.0.0.0 Safari/537.36 Edg/138.0.0.0"
14.108.234.171 - - [26/Jul/2025:19:30:00 +0800] "GET /wp-content/uploads/revslider/slider-1/1750929639-yuanjing_Slider_3840%C3%972160_20250626171955-scaled.webp HTTP/1.1" 304 0 "http://cqqizhou.com/?customize_changeset_uuid=209d051d-e58c-4173-9f43-e82beb8b4f81&customize_theme=qizhou&customize_messenger_channel=preview-1&customize_autosaved=on" "Mozilla/5.0 (Windows NT 10.0; Win64; x64) AppleWebKit/537.36 (KHTML, like Gecko) Chrome/138.0.0.0 Safari/537.36 Edg/138.0.0.0"
14.108.234.171 - - [26/Jul/2025:19:30:00 +0800] "GET /wp-content/uploads/revslider/slider-1/1750861544-process_Slider_3840%C3%972160_20250625144840-scaled-50x100.webp HTTP/1.1" 304 0 "http://cqqizhou.com/?customize_changeset_uuid=209d051d-e58c-4173-9f43-e82beb8b4f81&customize_theme=qizhou&customize_messenger_channel=preview-1&customize_autosaved=on" "Mozilla/5.0 (Windows NT 10.0; Win64; x64) AppleWebKit/537.36 (KHTML, like Gecko) Chrome/138.0.0.0 Safari/537.36 Edg/138.0.0.0"
14.108.234.171 - - [26/Jul/2025:19:30:00 +0800] "GET /wp-content/uploads/revslider/slider-1/1750861156-logistics_Slider_3840%C3%972160_20250625191356-scaled-50x100.webp HTTP/1.1" 304 0 "http://cqqizhou.com/?customize_changeset_uuid=209d051d-e58c-4173-9f43-e82beb8b4f81&customize_theme=qizhou&customize_messenger_channel=preview-1&customize_autosaved=on" "Mozilla/5.0 (Windows NT 10.0; Win64; x64) AppleWebKit/537.36 (KHTML, like Gecko) Chrome/138.0.0.0 Safari/537.36 Edg/138.0.0.0"
14.108.234.171 - - [26/Jul/2025:19:30:01 +0800] "GET /wp-json/sliderrevolution/sliders/1?srengine=7&slideid=2 HTTP/1.1" 200 2059 "http://cqqizhou.com/?customize_changeset_uuid=209d051d-e58c-4173-9f43-e82beb8b4f81&customize_theme=qizhou&customize_messenger_channel=preview-1&customize_autosaved=on" "Mozilla/5.0 (Windows NT 10.0; Win64; x64) AppleWebKit/537.36 (KHTML, like Gecko) Chrome/138.0.0.0 Safari/537.36 Edg/138.0.0.0"
14.108.234.171 - - [26/Jul/2025:19:30:01 +0800] "GET /wp-json/sliderrevolution/sliders/1?srengine=7&slideid=3 HTTP/1.1" 200 2305 "http://cqqizhou.com/?customize_changeset_uuid=209d051d-e58c-4173-9f43-e82beb8b4f81&customize_theme=qizhou&customize_messenger_channel=preview-1&customize_autosaved=on" "Mozilla/5.0 (Windows NT 10.0; Win64; x64) AppleWebKit/537.36 (KHTML, like Gecko) Chrome/138.0.0.0 Safari/537.36 Edg/138.0.0.0"
14.108.234.171 - - [26/Jul/2025:19:30:01 +0800] "GET /wp-content/uploads/revslider/slider-1/1750861156-logistics_Slider_3840%C3%972160_20250625191356-scaled.webp HTTP/1.1" 304 0 "http://cqqizhou.com/?customize_changeset_uuid=209d051d-e58c-4173-9f43-e82beb8b4f81&customize_theme=qizhou&customize_messenger_channel=preview-1&customize_autosaved=on" "Mozilla/5.0 (Windows NT 10.0; Win64; x64) AppleWebKit/537.36 (KHTML, like Gecko) Chrome/138.0.0.0 Safari/537.36 Edg/138.0.0.0"
14.108.234.171 - - [26/Jul/2025:19:30:01 +0800] "GET /wp-content/uploads/revslider/slider-1/1750861544-process_Slider_3840%C3%972160_20250625144840-scaled.webp HTTP/1.1" 304 0 "http://cqqizhou.com/?customize_changeset_uuid=209d051d-e58c-4173-9f43-e82beb8b4f81&customize_theme=qizhou&customize_messenger_channel=preview-1&customize_autosaved=on" "Mozilla/5.0 (Windows NT 10.0; Win64; x64) AppleWebKit/537.36 (KHTML, like Gecko) Chrome/138.0.0.0 Safari/537.36 Edg/138.0.0.0"
14.108.234.171 - - [26/Jul/2025:19:30:05 +0800] "GET /wp-content/uploads/2025/07/1750174127-Marketing1920x800_3.webp HTTP/1.1" 304 0 "http://cqqizhou.com/?customize_changeset_uuid=209d051d-e58c-4173-9f43-e82beb8b4f81&customize_theme=qizhou&customize_messenger_channel=preview-1&customize_autosaved=on" "Mozilla/5.0 (Windows NT 10.0; Win64; x64) AppleWebKit/537.36 (KHTML, like Gecko) Chrome/138.0.0.0 Safari/537.36 Edg/138.0.0.0"
14.108.234.171 - - [26/Jul/2025:19:30:10 +0800] "GET /wp-content/uploads/2025/07/1751967322-Storage-processing_images_W900%C3%97300.webp HTTP/1.1" 304 0 "http://cqqizhou.com/?customize_changeset_uuid=209d051d-e58c-4173-9f43-e82beb8b4f81&customize_theme=qizhou&customize_messenger_channel=preview-1&customize_autosaved=on" "Mozilla/5.0 (Windows NT 10.0; Win64; x64) AppleWebKit/537.36 (KHTML, like Gecko) Chrome/138.0.0.0 Safari/537.36 Edg/138.0.0.0"
14.108.234.171 - - [26/Jul/2025:19:30:14 +0800] "POST /wp-admin/admin-ajax.php HTTP/1.1" 200 152 "http://cqqizhou.com/wp-admin/customize.php?return=%2Fwp-admin%2Fedit.php%3Fpost_type%3Dpage" "Mozilla/5.0 (Windows NT 10.0; Win64; x64) AppleWebKit/537.36 (KHTML, like Gecko) Chrome/138.0.0.0 Safari/537.36 Edg/138.0.0.0"
14.108.234.171 - - [26/Jul/2025:19:30:17 +0800] "POST /wp-admin/admin-ajax.php HTTP/1.1" 200 78 "http://cqqizhou.com/wp-admin/customize.php?return=%2Fwp-admin%2Fedit.php%3Fpost_type%3Dpage" "Mozilla/5.0 (Windows NT 10.0; Win64; x64) AppleWebKit/537.36 (KHTML, like Gecko) Chrome/138.0.0.0 Safari/537.36 Edg/138.0.0.0"
14.108.234.171 - - [26/Jul/2025:19:30:28 +0800] "GET /wp-content/uploads/2025/07/1753410289-News2000%C3%97400_202571.webp HTTP/1.1" 304 0 "http://cqqizhou.com/wp-admin/customize.php?return=%2Fwp-admin%2Fedit.php%3Fpost_type%3Dpage" "Mozilla/5.0 (Windows NT 10.0; Win64; x64) AppleWebKit/537.36 (KHTML, like Gecko) Chrome/138.0.0.0 Safari/537.36 Edg/138.0.0.0"
14.108.234.171 - - [26/Jul/2025:19:31:18 +0800] "POST /wp-admin/admin-ajax.php HTTP/1.1" 200 78 "http://cqqizhou.com/wp-admin/customize.php?return=%2Fwp-admin%2Fedit.php%3Fpost_type%3Dpage" "Mozilla/5.0 (Windows NT 10.0; Win64; x64) AppleWebKit/537.36 (KHTML, like Gecko) Chrome/138.0.0.0 Safari/537.36 Edg/138.0.0.0"
14.108.234.171 - - [26/Jul/2025:19:32:21 +0800] "POST /wp-admin/admin-ajax.php HTTP/1.1" 200 78 "http://cqqizhou.com/wp-admin/customize.php?return=%2Fwp-admin%2Fedit.php%3Fpost_type%3Dpage" "Mozilla/5.0 (Windows NT 10.0; Win64; x64) AppleWebKit/537.36 (KHTML, like Gecko) Chrome/138.0.0.0 Safari/537.36 Edg/138.0.0.0"
14.108.234.171 - - [26/Jul/2025:19:33:22 +0800] "POST /wp-admin/admin-ajax.php HTTP/1.1" 200 78 "http://cqqizhou.com/wp-admin/customize.php?return=%2Fwp-admin%2Fedit.php%3Fpost_type%3Dpage" "Mozilla/5.0 (Windows NT 10.0; Win64; x64) AppleWebKit/537.36 (KHTML, like Gecko) Chrome/138.0.0.0 Safari/537.36 Edg/138.0.0.0"
14.108.234.171 - - [26/Jul/2025:19:33:33 +0800] "POST /?customize_changeset_uuid=0a2e9964-060f-4b4a-a38d-2a0c6bc68618&customize_theme=qizhou&customize_messenger_channel=preview-2&customize_autosaved=on HTTP/1.1" 200 58745 "http://cqqizhou.com/wp-admin/customize.php?return=%2Fwp-admin%2Fedit.php%3Fpost_type%3Dpage" "Mozilla/5.0 (Windows NT 10.0; Win64; x64) AppleWebKit/537.36 (KHTML, like Gecko) Chrome/138.0.0.0 Safari/537.36 Edg/138.0.0.0"
14.108.234.171 - - [26/Jul/2025:19:33:34 +0800] "POST /wp-admin/admin-ajax.php HTTP/1.1" 200 119 "http://cqqizhou.com/wp-admin/customize.php?return=%2Fwp-admin%2Fedit.php%3Fpost_type%3Dpage" "Mozilla/5.0 (Windows NT 10.0; Win64; x64) AppleWebKit/537.36 (KHTML, like Gecko) Chrome/138.0.0.0 Safari/537.36 Edg/138.0.0.0"
14.108.234.171 - - [26/Jul/2025:19:33:36 +0800] "GET /wp-json/sliderrevolution/sliders/1?srengine=7&slideid=3 HTTP/1.1" 200 2305 "http://cqqizhou.com/?customize_changeset_uuid=0a2e9964-060f-4b4a-a38d-2a0c6bc68618&customize_theme=qizhou&customize_messenger_channel=preview-2&customize_autosaved=on" "Mozilla/5.0 (Windows NT 10.0; Win64; x64) AppleWebKit/537.36 (KHTML, like Gecko) Chrome/138.0.0.0 Safari/537.36 Edg/138.0.0.0"
14.108.234.171 - - [26/Jul/2025:19:33:36 +0800] "GET /wp-json/sliderrevolution/sliders/1?srengine=7&slideid=2 HTTP/1.1" 200 2059 "http://cqqizhou.com/?customize_changeset_uuid=0a2e9964-060f-4b4a-a38d-2a0c6bc68618&customize_theme=qizhou&customize_messenger_channel=preview-2&customize_autosaved=on" "Mozilla/5.0 (Windows NT 10.0; Win64; x64) AppleWebKit/537.36 (KHTML, like Gecko) Chrome/138.0.0.0 Safari/537.36 Edg/138.0.0.0"
14.108.234.171 - - [26/Jul/2025:19:34:22 +0800] "POST /wp-admin/admin-ajax.php HTTP/1.1" 200 78 "http://cqqizhou.com/wp-admin/customize.php?return=%2Fwp-admin%2Fedit.php%3Fpost_type%3Dpage" "Mozilla/5.0 (Windows NT 10.0; Win64; x64) AppleWebKit/537.36 (KHTML, like Gecko) Chrome/138.0.0.0 Safari/537.36 Edg/138.0.0.0"
14.108.234.171 - - [26/Jul/2025:19:35:23 +0800] "POST /wp-admin/admin-ajax.php HTTP/1.1" 200 78 "http://cqqizhou.com/wp-admin/customize.php?return=%2Fwp-admin%2Fedit.php%3Fpost_type%3Dpage" "Mozilla/5.0 (Windows NT 10.0; Win64; x64) AppleWebKit/537.36 (KHTML, like Gecko) Chrome/138.0.0.0 Safari/537.36 Edg/138.0.0.0"
14.108.234.171 - - [26/Jul/2025:19:35:49 +0800] "POST /?customize_changeset_uuid=0a2e9964-060f-4b4a-a38d-2a0c6bc68618&customize_theme=qizhou&customize_messenger_channel=preview-3&customize_autosaved=on HTTP/1.1" 200 58110 "http://cqqizhou.com/wp-admin/customize.php?return=%2Fwp-admin%2Fedit.php%3Fpost_type%3Dpage" "Mozilla/5.0 (Windows NT 10.0; Win64; x64) AppleWebKit/537.36 (KHTML, like Gecko) Chrome/138.0.0.0 Safari/537.36 Edg/138.0.0.0"
14.108.234.171 - - [26/Jul/2025:19:35:51 +0800] "GET /wp-json/sliderrevolution/sliders/1?srengine=7&slideid=3 HTTP/1.1" 200 2305 "http://cqqizhou.com/?customize_changeset_uuid=0a2e9964-060f-4b4a-a38d-2a0c6bc68618&customize_theme=qizhou&customize_messenger_channel=preview-3&customize_autosaved=on" "Mozilla/5.0 (Windows NT 10.0; Win64; x64) AppleWebKit/537.36 (KHTML, like Gecko) Chrome/138.0.0.0 Safari/537.36 Edg/138.0.0.0"
14.108.234.171 - - [26/Jul/2025:19:35:51 +0800] "GET /wp-json/sliderrevolution/sliders/1?srengine=7&slideid=2 HTTP/1.1" 200 2059 "http://cqqizhou.com/?customize_changeset_uuid=0a2e9964-060f-4b4a-a38d-2a0c6bc68618&customize_theme=qizhou&customize_messenger_channel=preview-3&customize_autosaved=on" "Mozilla/5.0 (Windows NT 10.0; Win64; x64) AppleWebKit/537.36 (KHTML, like Gecko) Chrome/138.0.0.0 Safari/537.36 Edg/138.0.0.0"
14.108.234.171 - - [26/Jul/2025:19:35:53 +0800] "POST /wp-admin/admin-ajax.php HTTP/1.1" 200 180 "http://cqqizhou.com/wp-admin/customize.php?return=%2Fwp-admin%2Fedit.php%3Fpost_type%3Dpage" "Mozilla/5.0 (Windows NT 10.0; Win64; x64) AppleWebKit/537.36 (KHTML, like Gecko) Chrome/138.0.0.0 Safari/537.36 Edg/138.0.0.0"
14.108.234.171 - - [26/Jul/2025:19:36:24 +0800] "POST /wp-admin/admin-ajax.php HTTP/1.1" 200 78 "http://cqqizhou.com/wp-admin/customize.php?return=%2Fwp-admin%2Fedit.php%3Fpost_type%3Dpage" "Mozilla/5.0 (Windows NT 10.0; Win64; x64) AppleWebKit/537.36 (KHTML, like Gecko) Chrome/138.0.0.0 Safari/537.36 Edg/138.0.0.0"
14.108.234.171 - - [26/Jul/2025:19:38:25 +0800] "POST /wp-admin/admin-ajax.php HTTP/1.1" 200 78 "http://cqqizhou.com/wp-admin/customize.php?return=%2Fwp-admin%2Fedit.php%3Fpost_type%3Dpage" "Mozilla/5.0 (Windows NT 10.0; Win64; x64) AppleWebKit/537.36 (KHTML, like Gecko) Chrome/138.0.0.0 Safari/537.36 Edg/138.0.0.0"
36.133.115.36 - - [26/Jul/2025:19:39:29 +0800] "POST /wp-cron.php?doing_wp_cron=1753529969.6968510150909423828125 HTTP/1.1" 200 31 "-" "WordPress/6.8.2; http://cqqizhou.com"
43.153.86.78 - - [26/Jul/2025:19:39:29 +0800] "GET / HTTP/1.1" 301 5 "-" "Mozilla/5.0 (iPhone; CPU iPhone OS 13_2_3 like Mac OS X) AppleWebKit/605.1.15 (KHTML, like Gecko) Version/13.0.3 Mobile/15E148 Safari/604.1"
43.153.86.78 - - [26/Jul/2025:19:39:31 +0800] "GET / HTTP/1.1" 200 30199 "http://36.133.115.36" "Mozilla/5.0 (iPhone; CPU iPhone OS 13_2_3 like Mac OS X) AppleWebKit/605.1.15 (KHTML, like Gecko) Version/13.0.3 Mobile/15E148 Safari/604.1"
14.108.234.171 - - [26/Jul/2025:19:40:26 +0800] "POST /wp-admin/admin-ajax.php HTTP/1.1" 200 78 "http://cqqizhou.com/wp-admin/customize.php?return=%2Fwp-admin%2Fedit.php%3Fpost_type%3Dpage" "Mozilla/5.0 (Windows NT 10.0; Win64; x64) AppleWebKit/537.36 (KHTML, like Gecko) Chrome/138.0.0.0 Safari/537.36 Edg/138.0.0.0"
14.108.234.171 - - [26/Jul/2025:19:42:27 +0800] "POST /wp-admin/admin-ajax.php HTTP/1.1" 200 78 "http://cqqizhou.com/wp-admin/customize.php?return=%2Fwp-admin%2Fedit.php%3Fpost_type%3Dpage" "Mozilla/5.0 (Windows NT 10.0; Win64; x64) AppleWebKit/537.36 (KHTML, like Gecko) Chrome/138.0.0.0 Safari/537.36 Edg/138.0.0.0"
14.108.234.171 - - [26/Jul/2025:19:42:58 +0800] "POST /?customize_changeset_uuid=1db88499-17d2-41ae-a088-beb67a01c058&customize_theme=qizhou&customize_messenger_channel=preview-4&customize_autosaved=on HTTP/1.1" 200 58158 "http://cqqizhou.com/wp-admin/customize.php?return=%2Fwp-admin%2Fedit.php%3Fpost_type%3Dpage" "Mozilla/5.0 (Windows NT 10.0; Win64; x64) AppleWebKit/537.36 (KHTML, like Gecko) Chrome/138.0.0.0 Safari/537.36 Edg/138.0.0.0"
14.108.234.171 - - [26/Jul/2025:19:43:00 +0800] "GET /wp-json/sliderrevolution/sliders/1?srengine=7&slideid=2 HTTP/1.1" 200 2059 "http://cqqizhou.com/?customize_changeset_uuid=1db88499-17d2-41ae-a088-beb67a01c058&customize_theme=qizhou&customize_messenger_channel=preview-4&customize_autosaved=on" "Mozilla/5.0 (Windows NT 10.0; Win64; x64) AppleWebKit/537.36 (KHTML, like Gecko) Chrome/138.0.0.0 Safari/537.36 Edg/138.0.0.0"
14.108.234.171 - - [26/Jul/2025:19:43:00 +0800] "GET /wp-json/sliderrevolution/sliders/1?srengine=7&slideid=3 HTTP/1.1" 200 2305 "http://cqqizhou.com/?customize_changeset_uuid=1db88499-17d2-41ae-a088-beb67a01c058&customize_theme=qizhou&customize_messenger_channel=preview-4&customize_autosaved=on" "Mozilla/5.0 (Windows NT 10.0; Win64; x64) AppleWebKit/537.36 (KHTML, like Gecko) Chrome/138.0.0.0 Safari/537.36 Edg/138.0.0.0"
14.108.234.171 - - [26/Jul/2025:19:43:10 +0800] "POST /wp-admin/admin-ajax.php HTTP/1.1" 200 124 "http://cqqizhou.com/wp-admin/customize.php?return=%2Fwp-admin%2Fedit.php%3Fpost_type%3Dpage" "Mozilla/5.0 (Windows NT 10.0; Win64; x64) AppleWebKit/537.36 (KHTML, like Gecko) Chrome/138.0.0.0 Safari/537.36 Edg/138.0.0.0"
14.108.234.171 - - [26/Jul/2025:19:43:27 +0800] "POST /wp-admin/admin-ajax.php HTTP/1.1" 200 78 "http://cqqizhou.com/wp-admin/customize.php?return=%2Fwp-admin%2Fedit.php%3Fpost_type%3Dpage" "Mozilla/5.0 (Windows NT 10.0; Win64; x64) AppleWebKit/537.36 (KHTML, like Gecko) Chrome/138.0.0.0 Safari/537.36 Edg/138.0.0.0"
14.108.234.171 - - [26/Jul/2025:19:44:28 +0800] "POST /wp-admin/admin-ajax.php HTTP/1.1" 200 78 "http://cqqizhou.com/wp-admin/customize.php?return=%2Fwp-admin%2Fedit.php%3Fpost_type%3Dpage" "Mozilla/5.0 (Windows NT 10.0; Win64; x64) AppleWebKit/537.36 (KHTML, like Gecko) Chrome/138.0.0.0 Safari/537.36 Edg/138.0.0.0"
14.108.234.171 - - [26/Jul/2025:19:45:19 +0800] "GET /contacts/ HTTP/1.1" 200 27038 "http://cqqizhou.com/services/" "Mozilla/5.0 (Windows NT 10.0; Win64; x64) AppleWebKit/537.36 (KHTML, like Gecko) Chrome/138.0.0.0 Safari/537.36 Edg/138.0.0.0"
14.108.234.171 - - [26/Jul/2025:19:45:19 +0800] "GET /wp-content/uploads/2025/07/1750005875-qizhou_map2025616.webp HTTP/1.1" 304 0 "http://cqqizhou.com/contacts/" "Mozilla/5.0 (Windows NT 10.0; Win64; x64) AppleWebKit/537.36 (KHTML, like Gecko) Chrome/138.0.0.0 Safari/537.36 Edg/138.0.0.0"
14.108.234.171 - - [26/Jul/2025:19:45:19 +0800] "GET /wp-content/uploads/2025/06/1750674554-qizhoudalou2000x400_2025624.webp HTTP/1.1" 304 0 "http://cqqizhou.com/contacts/" "Mozilla/5.0 (Windows NT 10.0; Win64; x64) AppleWebKit/537.36 (KHTML, like Gecko) Chrome/138.0.0.0 Safari/537.36 Edg/138.0.0.0"
14.108.234.171 - - [26/Jul/2025:19:45:20 +0800] "GET /wp-json/contact-form-7/v1/contact-forms/158/feedback/schema HTTP/1.1" 200 286 "http://cqqizhou.com/contacts/" "Mozilla/5.0 (Windows NT 10.0; Win64; x64) AppleWebKit/537.36 (KHTML, like Gecko) Chrome/138.0.0.0 Safari/537.36 Edg/138.0.0.0"
14.108.234.171 - - [26/Jul/2025:19:45:48 +0800] "POST /wp-admin/admin-ajax.php HTTP/1.1" 200 78 "http://cqqizhou.com/wp-admin/customize.php?return=%2Fwp-admin%2Fedit.php%3Fpost_type%3Dpage" "Mozilla/5.0 (Windows NT 10.0; Win64; x64) AppleWebKit/537.36 (KHTML, like Gecko) Chrome/138.0.0.0 Safari/537.36 Edg/138.0.0.0"
14.108.234.171 - - [26/Jul/2025:19:45:57 +0800] "POST /wp-admin/admin-ajax.php HTTP/1.1" 200 156 "http://cqqizhou.com/wp-admin/customize.php?return=%2Fwp-admin%2Fedit.php%3Fpost_type%3Dpage" "Mozilla/5.0 (Windows NT 10.0; Win64; x64) AppleWebKit/537.36 (KHTML, like Gecko) Chrome/138.0.0.0 Safari/537.36 Edg/138.0.0.0"
14.108.234.171 - - [26/Jul/2025:19:46:03 +0800] "POST /wp-admin/admin-ajax.php HTTP/1.1" 499 0 "http://cqqizhou.com/wp-admin/customize.php?return=%2Fwp-admin%2Fedit.php%3Fpost_type%3Dpage" "Mozilla/5.0 (Windows NT 10.0; Win64; x64) AppleWebKit/537.36 (KHTML, like Gecko) Chrome/138.0.0.0 Safari/537.36 Edg/138.0.0.0"
