HEX
Server: nginx/1.16.1
System: Linux ecs-04358622 4.19.90-2107.6.0.0100.oe1.bclinux.x86_64 #1 SMP Wed Dec 1 19:59:44 CST 2021 x86_64
User: nginx (994)
PHP: 8.0.0
Disabled: NONE
Upload Files
File: /home/logs/cqqizhou_access_2026-07-26.log
183.162.118.0 - - [26/Jul/2026:00:06:13 +0800] "GET /wp-content/uploads/2026/01/1767691466-Article_images_W900%C3%97500px202601061-300x167.webp HTTP/1.1" 200 13164 "http://cqqizhou.com/" "Mozilla/5.0 (Windows NT 10.0; Win64; x64) AppleWebKit/537.36 (KHTML, like Gecko) Chrome/109.0.0.0 Safari/537.36"
36.133.115.36 - - [26/Jul/2026:00:09:29 +0800] "POST /wp-cron.php?doing_wp_cron=1784995769.2256639003753662109375 HTTP/1.1" 200 31 "-" "WordPress/7.0; http://cqqizhou.com"
43.166.245.120 - - [26/Jul/2026:00:09:29 +0800] "GET /wp-content/uploads/2025/07/1753456723- HTTP/1.1" 404 9499 "-" "Mozilla/5.0 (iPhone; CPU iPhone OS 13_2_3 like Mac OS X) AppleWebKit/605.1.15 (KHTML, like Gecko) Version/13.0.3 Mobile/15E148 Safari/604.1"
36.133.115.36 - - [26/Jul/2026:00:10:12 +0800] "POST /wp-cron.php?doing_wp_cron=1784995812.1288630962371826171875 HTTP/1.1" 200 31 "-" "WordPress/7.0; http://cqqizhou.com"
114.119.146.18 - - [26/Jul/2026:00:10:12 +0800] "GET /news/portfolio/remaining-rolls HTTP/1.1" 200 19312 "http://cqqizhou.com/news/portfolio-category/remaining-rolls" "Mozilla/5.0 (Linux; Android 7.0;) AppleWebKit/537.36 (HTML, like Gecko) Mobile Safari/537.36 (compatible; PetalBot;+https://webmaster.petalsearch.com/site/petalbot)"
110.245.41.158 - - [26/Jul/2026:00:14:41 +0800] "GET /news/2163 HTTP/1.1" 200 24488 "-" "Mozilla/5.0 (Macintosh; Intel Mac OS X 10_15_7) AppleWebKit/537.36 (KHTML, like Gecko) Chrome/146.0.0.0 Safari/537.36"
36.133.115.36 - - [26/Jul/2026:00:23:39 +0800] "POST /wp-cron.php?doing_wp_cron=1784996619.0901539325714111328125 HTTP/1.1" 200 31 "-" "WordPress/7.0; http://cqqizhou.com"
49.51.38.193 - - [26/Jul/2026:00:23:39 +0800] "GET /services/ HTTP/1.1" 301 5 "-" "Mozilla/5.0 (iPhone; CPU iPhone OS 13_2_3 like Mac OS X) AppleWebKit/605.1.15 (KHTML, like Gecko) Version/13.0.3 Mobile/15E148 Safari/604.1"
49.51.38.193 - - [26/Jul/2026:00:23:44 +0800] "GET /services HTTP/1.1" 200 26398 "http://cqqizhou.com/services/" "Mozilla/5.0 (iPhone; CPU iPhone OS 13_2_3 like Mac OS X) AppleWebKit/605.1.15 (KHTML, like Gecko) Version/13.0.3 Mobile/15E148 Safari/604.1"
36.133.115.36 - - [26/Jul/2026:00:34:09 +0800] "POST /wp-cron.php?doing_wp_cron=1784997249.5410120487213134765625 HTTP/1.1" 200 31 "-" "WordPress/7.0; http://cqqizhou.com"
216.180.246.176 - - [26/Jul/2026:00:34:09 +0800] "GET / HTTP/1.0" 301 0 "-" "Mozilla/5.0 (compatible; GenomeCrawlerd/1.0; +https://www.nokia.com/genomecrawler)"
216.180.246.176 - - [26/Jul/2026:00:34:44 +0800] "GET / HTTP/1.0" 301 0 "-" "Mozilla/5.0 (compatible; GenomeCrawlerd/1.0; +https://www.nokia.com/genomecrawler)"
36.133.115.36 - - [26/Jul/2026:00:35:26 +0800] "POST /wp-cron.php?doing_wp_cron=1784997326.5761070251464843750000 HTTP/1.1" 200 31 "-" "WordPress/7.0; http://cqqizhou.com"
216.180.246.176 - - [26/Jul/2026:00:35:26 +0800] "GET / HTTP/1.0" 301 0 "-" "Mozilla/5.0 (compatible; GenomeCrawlerd/1.0; +https://www.nokia.com/genomecrawler)"
36.133.115.36 - - [26/Jul/2026:00:36:43 +0800] "POST /wp-cron.php?doing_wp_cron=1784997403.9029099941253662109375 HTTP/1.1" 200 31 "-" "WordPress/7.0; http://cqqizhou.com"
216.180.246.176 - - [26/Jul/2026:00:36:43 +0800] "GET / HTTP/1.1" 301 5 "-" "Mozilla/5.0 (compatible; GenomeCrawlerd/1.0; +https://www.nokia.com/genomecrawler)"
36.133.115.36 - - [26/Jul/2026:00:38:10 +0800] "POST /wp-cron.php?doing_wp_cron=1784997490.5655329227447509765625 HTTP/1.1" 200 31 "-" "WordPress/7.0; http://cqqizhou.com"
216.180.246.176 - - [26/Jul/2026:00:38:10 +0800] "GET / HTTP/1.0" 301 0 "-" "-"
150.109.10.41 - - [26/Jul/2026:00:43:01 +0800] "GET /wp-content/uploads/2025/12/1764853157-ISO3-1461x2048.webp HTTP/1.1" 200 287770 "-" "Mozilla/5.0 (iPhone; CPU iPhone OS 13_2_3 like Mac OS X) AppleWebKit/605.1.15 (KHTML, like Gecko) Version/13.0.3 Mobile/15E148 Safari/604.1"
36.133.115.36 - - [26/Jul/2026:00:47:36 +0800] "POST /wp-cron.php?doing_wp_cron=1784998056.5392370223999023437500 HTTP/1.1" 200 31 "-" "WordPress/7.0; http://cqqizhou.com"
216.73.216.203 - - [26/Jul/2026:00:47:36 +0800] "GET /anddwai/eRAcOxP780904 HTTP/1.1" 404 32862 "-" "Mozilla/5.0 AppleWebKit/537.36 (KHTML, like Gecko; compatible; ClaudeBot/1.0; +claudebot@anthropic.com)"
223.123.73.130 - - [26/Jul/2026:00:51:01 +0800] "POST /HNAP1/ HTTP/1.0" 400 0 "-" "-"
43.166.239.145 - - [26/Jul/2026:00:52:44 +0800] "GET /wp-content/uploads/2025/12/1764853155-ISO2-768x1076.webp HTTP/1.1" 200 98458 "-" "Mozilla/5.0 (iPhone; CPU iPhone OS 13_2_3 like Mac OS X) AppleWebKit/605.1.15 (KHTML, like Gecko) Version/13.0.3 Mobile/15E148 Safari/604.1"
36.133.115.36 - - [26/Jul/2026:00:56:03 +0800] "POST /wp-cron.php?doing_wp_cron=1784998563.9277460575103759765625 HTTP/1.1" 200 31 "-" "WordPress/7.0; http://cqqizhou.com"
216.73.216.203 - - [26/Jul/2026:00:56:03 +0800] "GET /robots.txt HTTP/1.1" 301 5 "-" "Mozilla/5.0 AppleWebKit/537.36 (KHTML, like Gecko; compatible; ClaudeBot/1.0; +claudebot@anthropic.com)"
36.133.115.36 - - [26/Jul/2026:00:56:11 +0800] "POST /wp-cron.php?doing_wp_cron=1784998571.8197729587554931640625 HTTP/1.1" 200 31 "-" "WordPress/7.0; http://cqqizhou.com"
216.73.216.203 - - [26/Jul/2026:00:56:11 +0800] "GET /robots.txt HTTP/1.1" 200 390 "http://www.cqqizhou.com/robots.txt" "Mozilla/5.0 AppleWebKit/537.36 (KHTML, like Gecko; compatible; ClaudeBot/1.0; +claudebot@anthropic.com)"
216.73.216.203 - - [26/Jul/2026:00:56:15 +0800] "GET /anddwai/cOGFkUW249164 HTTP/1.1" 301 5 "-" "Mozilla/5.0 AppleWebKit/537.36 (KHTML, like Gecko; compatible; ClaudeBot/1.0; +claudebot@anthropic.com)"
216.73.216.203 - - [26/Jul/2026:00:56:19 +0800] "GET /anddwai/cOGFkUW249164 HTTP/1.1" 404 32862 "http://www.cqqizhou.com/anddwai/cOGFkUW249164" "Mozilla/5.0 AppleWebKit/537.36 (KHTML, like Gecko; compatible; ClaudeBot/1.0; +claudebot@anthropic.com)"
207.180.237.162 - - [26/Jul/2026:00:56:19 +0800] "GET /.env HTTP/1.1" 404 9499 "-" "Mozilla/5.0 (Windows NT 10.0; Win64; x64; rv:128.0) Gecko/20100101 Firefox/128.0"
207.180.237.162 - - [26/Jul/2026:00:56:22 +0800] "GET /env/.env HTTP/1.1" 404 9499 "-" "Mozilla/5.0 (Windows NT 10.0; Win64; x64; rv:128.0) Gecko/20100101 Firefox/128.0"
207.180.237.162 - - [26/Jul/2026:00:56:24 +0800] "GET /app/.env HTTP/1.1" 404 9499 "-" "Mozilla/5.0 (Windows NT 10.0; Win64; x64; rv:128.0) Gecko/20100101 Firefox/128.0"
207.180.237.162 - - [26/Jul/2026:00:56:28 +0800] "GET /api/.env HTTP/1.1" 404 9499 "-" "Mozilla/5.0 (Windows NT 10.0; Win64; x64; rv:128.0) Gecko/20100101 Firefox/128.0"
36.133.115.36 - - [26/Jul/2026:00:57:41 +0800] "POST /wp-cron.php?doing_wp_cron=1784998661.7222409248352050781250 HTTP/1.1" 200 31 "-" "WordPress/7.0; http://cqqizhou.com"
216.73.216.203 - - [26/Jul/2026:00:57:41 +0800] "GET /robots.txt HTTP/1.1" 200 390 "-" "Mozilla/5.0 AppleWebKit/537.36 (KHTML, like Gecko; compatible; ClaudeBot/1.0; +claudebot@anthropic.com)"
216.73.216.203 - - [26/Jul/2026:00:57:49 +0800] "GET /wp-sitemap.xml HTTP/1.1" 501 253 "-" "Mozilla/5.0 AppleWebKit/537.36 (KHTML, like Gecko; compatible; ClaudeBot/1.0; +claudebot@anthropic.com)"
36.133.115.36 - - [26/Jul/2026:01:07:46 +0800] "POST /wp-cron.php?doing_wp_cron=1784999266.1069469451904296875000 HTTP/1.1" 200 31 "-" "WordPress/7.0; http://cqqizhou.com"
160.119.71.9 - - [26/Jul/2026:01:07:46 +0800] "GET / HTTP/1.1" 200 109837 "-" "Mozilla/5.0 (X11; Linux x86_64; rv:144.0) Gecko/20100101 Firefox/144.0"
36.133.115.36 - - [26/Jul/2026:01:09:01 +0800] "POST /wp-cron.php?doing_wp_cron=1784999341.8220980167388916015625 HTTP/1.1" 200 31 "-" "WordPress/7.0; http://cqqizhou.com"
43.164.0.96 - - [26/Jul/2026:01:09:01 +0800] "GET / HTTP/1.1" 200 35074 "-" "Mozilla/5.0 (iPhone; CPU iPhone OS 13_2_3 like Mac OS X) AppleWebKit/605.1.15 (KHTML, like Gecko) Version/13.0.3 Mobile/15E148 Safari/604.1"
80.87.200.37 - - [26/Jul/2026:01:15:51 +0800] "GET / HTTP/1.1" 200 35519 "-" "Mozilla/5.0 (Windows NT 10.0; Win64; x64) AppleWebKit/537.36 (KHTML, like Gecko) Chrome/120.0.0.0 Safari/537.36"
43.165.170.119 - - [26/Jul/2026:01:21:14 +0800] "GET /wp-content/uploads/2025/12/1764853152-ISO1-1096x1536.webp HTTP/1.1" 200 200322 "-" "Mozilla/5.0 (iPhone; CPU iPhone OS 13_2_3 like Mac OS X) AppleWebKit/605.1.15 (KHTML, like Gecko) Version/13.0.3 Mobile/15E148 Safari/604.1"
36.133.115.36 - - [26/Jul/2026:01:26:26 +0800] "POST /wp-cron.php?doing_wp_cron=1785000386.2049870491027832031250 HTTP/1.1" 200 31 "-" "WordPress/7.0; http://cqqizhou.com"
120.241.209.230 - - [26/Jul/2026:01:26:26 +0800] "GET /industry/ HTTP/1.1" 301 5 "-" "Mozilla/5.0 (Windows NT 10.0; Win64; x64) AppleWebKit/537.36 (KHTML, like Gecko) Chrome/131.0.0.0 Safari/537.36"
120.241.209.191 - - [26/Jul/2026:01:26:26 +0800] "GET /industry HTTP/1.1" 200 20173 "-" "Mozilla/5.0 (Windows NT 10.0; Win64; x64) AppleWebKit/537.36 (KHTML, like Gecko) Chrome/131.0.0.0 Safari/537.36"
36.133.115.36 - - [26/Jul/2026:01:28:03 +0800] "POST /wp-cron.php?doing_wp_cron=1785000483.3271989822387695312500 HTTP/1.1" 200 31 "-" "WordPress/7.0; http://cqqizhou.com"
114.119.144.41 - - [26/Jul/2026:01:28:03 +0800] "GET /news/2543 HTTP/1.1" 200 22065 "http://cqqizhou.com/news/2163" "Mozilla/5.0 (Linux; Android 7.0;) AppleWebKit/537.36 (HTML, like Gecko) Mobile Safari/537.36 (compatible; PetalBot;+https://webmaster.petalsearch.com/site/petalbot)"
36.133.115.36 - - [26/Jul/2026:01:36:33 +0800] "POST /wp-cron.php?doing_wp_cron=1785000993.4152889251708984375000 HTTP/1.1" 200 31 "-" "WordPress/7.0; http://cqqizhou.com"
43.140.247.223 - - [26/Jul/2026:01:36:33 +0800] "GET / HTTP/1.1" 200 35075 "-" "Mozilla/5.0 (iPhone; CPU iPhone OS 13_2_3 like Mac OS X) AppleWebKit/605.1.15 (KHTML, like Gecko) Version/13.0.3 Mobile/15E148 Safari/604.1"
36.133.115.36 - - [26/Jul/2026:01:41:42 +0800] "POST /wp-cron.php?doing_wp_cron=1785001302.7196550369262695312500 HTTP/1.1" 200 31 "-" "WordPress/7.0; http://cqqizhou.com"
115.159.33.43 - - [26/Jul/2026:01:41:42 +0800] "GET / HTTP/1.1" 301 5 "-" "Mozilla/5.0 (Windows NT 10.0; Win64; x64) AppleWebKit/537.36 (KHTML, like Gecko) Chrome/79.0.3945.117 Safari/537.36"
36.133.115.36 - - [26/Jul/2026:01:45:12 +0800] "POST /wp-cron.php?doing_wp_cron=1785001512.8422389030456542968750 HTTP/1.1" 200 31 "-" "WordPress/7.0; http://cqqizhou.com"
216.73.216.203 - - [26/Jul/2026:01:45:12 +0800] "GET /wp-sitemap.xml HTTP/1.1" 501 253 "-" "Mozilla/5.0 AppleWebKit/537.36 (KHTML, like Gecko; compatible; ClaudeBot/1.0; +claudebot@anthropic.com)"
36.133.115.36 - - [26/Jul/2026:01:47:56 +0800] "POST /wp-cron.php?doing_wp_cron=1785001675.9510290622711181640625 HTTP/1.1" 200 31 "-" "WordPress/7.0; http://cqqizhou.com"
216.73.216.203 - - [26/Jul/2026:01:47:56 +0800] "GET /anddwai/yxscZO991187 HTTP/1.1" 404 32862 "-" "Mozilla/5.0 AppleWebKit/537.36 (KHTML, like Gecko; compatible; ClaudeBot/1.0; +claudebot@anthropic.com)"
36.133.115.36 - - [26/Jul/2026:02:19:27 +0800] "POST /wp-cron.php?doing_wp_cron=1785003567.2649590969085693359375 HTTP/1.1" 200 31 "-" "WordPress/7.0; http://cqqizhou.com"
110.249.201.71 - - [26/Jul/2026:02:19:27 +0800] "GET /news/2440 HTTP/1.1" 200 22254 "-" "Mozilla/5.0 (Linux; Android 5.0) AppleWebKit/537.36 (KHTML, like Gecko) Mobile Safari/537.36 (compatible; Bytespider; https://zhanzhang.toutiao.com/)"
110.249.201.71 - - [26/Jul/2026:02:19:27 +0800] "GET /wp-content/uploads/2026/01/1768527483-Article_images_W900%C3%97500px202601161-768x427.webp HTTP/1.1" 206 500 "http://cqqizhou.com/news/2440" "Mozilla/5.0 (Linux; Android 5.0) AppleWebKit/537.36 (KHTML, like Gecko) Mobile Safari/537.36 (compatible; Bytespider; https://zhanzhang.toutiao.com/)"
110.249.201.150 - - [26/Jul/2026:02:19:27 +0800] "GET /wp-content/uploads/2026/06/1780362799-1Article_images_W900px-768x432.webp HTTP/1.1" 206 500 "http://cqqizhou.com/news/2440" "Mozilla/5.0 (Linux; Android 5.0) AppleWebKit/537.36 (KHTML, like Gecko) Mobile Safari/537.36 (compatible; Bytespider; https://zhanzhang.toutiao.com/)"
110.249.201.154 - - [26/Jul/2026:02:19:27 +0800] "GET /wp-content/uploads/2026/01/1768527484-Article_images_W900%C3%97500px202601162-768x427.webp HTTP/1.1" 206 500 "http://cqqizhou.com/news/2440" "Mozilla/5.0 (Linux; Android 5.0) AppleWebKit/537.36 (KHTML, like Gecko) Mobile Safari/537.36 (compatible; Bytespider; https://zhanzhang.toutiao.com/)"
110.249.201.161 - - [26/Jul/2026:02:19:27 +0800] "GET /wp-content/uploads/2026/05/1779957408-1Article_images_W900px-768x432.webp HTTP/1.1" 206 500 "http://cqqizhou.com/news/2440" "Mozilla/5.0 (Linux; Android 5.0) AppleWebKit/537.36 (KHTML, like Gecko) Mobile Safari/537.36 (compatible; Bytespider; https://zhanzhang.toutiao.com/)"
110.249.201.147 - - [26/Jul/2026:02:19:27 +0800] "GET /wp-content/uploads/2026/01/1768527484-Article_images_W900%C3%97500px202601163-768x427.webp HTTP/1.1" 206 500 "http://cqqizhou.com/news/2440" "Mozilla/5.0 (Linux; Android 5.0) AppleWebKit/537.36 (KHTML, like Gecko) Mobile Safari/537.36 (compatible; Bytespider; https://zhanzhang.toutiao.com/)"
110.249.201.147 - - [26/Jul/2026:02:19:27 +0800] "GET /wp-content/uploads/2026/01/1768527485-Article_images_W900%C3%97500px202601164-768x427.webp HTTP/1.1" 206 500 "http://cqqizhou.com/news/2440" "Mozilla/5.0 (Linux; Android 5.0) AppleWebKit/537.36 (KHTML, like Gecko) Mobile Safari/537.36 (compatible; Bytespider; https://zhanzhang.toutiao.com/)"
110.249.201.161 - - [26/Jul/2026:02:19:27 +0800] "GET /wp-content/uploads/2026/01/1768527486-Article_images_W900%C3%97500px202601165-768x427.webp HTTP/1.1" 206 500 "http://cqqizhou.com/news/2440" "Mozilla/5.0 (Linux; Android 5.0) AppleWebKit/537.36 (KHTML, like Gecko) Mobile Safari/537.36 (compatible; Bytespider; https://zhanzhang.toutiao.com/)"
36.133.115.36 - - [26/Jul/2026:02:26:02 +0800] "POST /wp-cron.php?doing_wp_cron=1785003962.9093639850616455078125 HTTP/1.1" 200 31 "-" "WordPress/7.0; http://cqqizhou.com"
172.172.137.59 - - [26/Jul/2026:02:26:02 +0800] "POST /wsman?PSVersion=5.1.19041.1 HTTP/1.1" 404 32862 "-" "Microsoft WinRM Client"
36.133.115.36 - - [26/Jul/2026:02:27:27 +0800] "POST /wp-cron.php?doing_wp_cron=1785004046.9956159591674804687500 HTTP/1.1" 200 31 "-" "WordPress/7.0; http://cqqizhou.com"
110.249.201.192 - - [26/Jul/2026:02:27:27 +0800] "GET /media HTTP/1.1" 200 26509 "-" "Mozilla/5.0 (Linux; Android 5.0) AppleWebKit/537.36 (KHTML, like Gecko) Mobile Safari/537.36 (compatible; Bytespider; https://zhanzhang.toutiao.com/)"
110.249.201.209 - - [26/Jul/2026:02:27:27 +0800] "GET /wp-content/uploads/2026/06/1782708718-1Article_images_W900px-300x169.webp HTTP/1.1" 206 500 "http://cqqizhou.com/media" "Mozilla/5.0 (Linux; Android 5.0) AppleWebKit/537.36 (KHTML, like Gecko) Mobile Safari/537.36 (compatible; Bytespider; https://zhanzhang.toutiao.com/)"
110.249.201.51 - - [26/Jul/2026:02:27:27 +0800] "GET /wp-content/uploads/2026/06/1782392245-Article_images_W900px-300x169.webp HTTP/1.1" 206 500 "http://cqqizhou.com/media" "Mozilla/5.0 (Linux; Android 5.0) AppleWebKit/537.36 (KHTML, like Gecko) Mobile Safari/537.36 (compatible; Bytespider; https://zhanzhang.toutiao.com/)"
110.249.201.118 - - [26/Jul/2026:02:27:27 +0800] "GET /wp-content/uploads/2026/06/1782182572-Article_images_W900px-300x169.webp HTTP/1.1" 206 500 "http://cqqizhou.com/media" "Mozilla/5.0 (Linux; Android 5.0) AppleWebKit/537.36 (KHTML, like Gecko) Mobile Safari/537.36 (compatible; Bytespider; https://zhanzhang.toutiao.com/)"
110.249.201.118 - - [26/Jul/2026:02:27:27 +0800] "GET /wp-content/uploads/2025/12/1765268955-qizhou_Slider1_3840%C3%972160_20251210-scaled.webp HTTP/1.1" 206 500 "http://cqqizhou.com/media" "Mozilla/5.0 (Linux; Android 5.0) AppleWebKit/537.36 (KHTML, like Gecko) Mobile Safari/537.36 (compatible; Bytespider; https://zhanzhang.toutiao.com/)"
110.249.201.65 - - [26/Jul/2026:02:27:27 +0800] "GET /wp-content/uploads/media/qizhou_Brochure.webp HTTP/1.1" 206 500 "http://cqqizhou.com/media" "Mozilla/5.0 (Linux; Android 5.0) AppleWebKit/537.36 (KHTML, like Gecko) Mobile Safari/537.36 (compatible; Bytespider; https://zhanzhang.toutiao.com/)"
36.133.115.36 - - [26/Jul/2026:02:29:39 +0800] "POST /wp-cron.php?doing_wp_cron=1785004179.3231790065765380859375 HTTP/1.1" 200 31 "-" "WordPress/7.0; http://cqqizhou.com"
216.73.216.203 - - [26/Jul/2026:02:29:39 +0800] "GET /robots.txt HTTP/1.1" 200 390 "-" "Mozilla/5.0 AppleWebKit/537.36 (KHTML, like Gecko; compatible; ClaudeBot/1.0; +claudebot@anthropic.com)"
216.73.216.203 - - [26/Jul/2026:02:29:41 +0800] "GET /anddwai/AbPxpML897431 HTTP/1.1" 404 32862 "-" "Mozilla/5.0 AppleWebKit/537.36 (KHTML, like Gecko; compatible; ClaudeBot/1.0; +claudebot@anthropic.com)"
36.133.115.36 - - [26/Jul/2026:02:32:06 +0800] "GET / HTTP/1.1" 200 159680 "-" "MyCustomUA/1.0"
220.181.108.101 - - [26/Jul/2026:02:32:07 +0800] "GET /wp-json/oembed/1.0/embed?url=http%3A%2F%2Fcqqizhou.com%2Fnews%2F2420 HTTP/1.1" 200 35878 "-" "Mozilla/5.0 (compatible; Baiduspider/2.0; +http://www.baidu.com/search/spider.html)"
36.133.115.36 - - [26/Jul/2026:02:32:29 +0800] "POST /wp-cron.php?doing_wp_cron=1785004349.0852770805358886718750 HTTP/1.1" 200 31 "-" "WordPress/7.0; http://cqqizhou.com"
110.249.202.138 - - [26/Jul/2026:02:32:29 +0800] "GET /robots.txt HTTP/1.1" 200 190 "-" "Mozilla/5.0 (Linux; Android 5.0) AppleWebKit/537.36 (KHTML, like Gecko) Mobile Safari/537.36 (compatible; Bytespider; https://zhanzhang.toutiao.com/)"
36.133.115.36 - - [26/Jul/2026:02:41:23 +0800] "POST /wp-cron.php?doing_wp_cron=1785004883.2355260848999023437500 HTTP/1.1" 200 31 "-" "WordPress/7.0; http://cqqizhou.com"
216.73.216.203 - - [26/Jul/2026:02:41:23 +0800] "GET /robots.txt HTTP/1.1" 301 5 "-" "Mozilla/5.0 AppleWebKit/537.36 (KHTML, like Gecko; compatible; ClaudeBot/1.0; +claudebot@anthropic.com)"
216.73.216.203 - - [26/Jul/2026:02:41:29 +0800] "GET /robots.txt HTTP/1.1" 200 390 "http://www.cqqizhou.com/robots.txt" "Mozilla/5.0 AppleWebKit/537.36 (KHTML, like Gecko; compatible; ClaudeBot/1.0; +claudebot@anthropic.com)"
216.73.216.203 - - [26/Jul/2026:02:41:32 +0800] "GET /anddwai/zHpfsB565146 HTTP/1.1" 301 5 "-" "Mozilla/5.0 AppleWebKit/537.36 (KHTML, like Gecko; compatible; ClaudeBot/1.0; +claudebot@anthropic.com)"
216.73.216.203 - - [26/Jul/2026:02:41:34 +0800] "GET /wp-sitemap.xml HTTP/1.1" 501 253 "-" "Mozilla/5.0 AppleWebKit/537.36 (KHTML, like Gecko; compatible; ClaudeBot/1.0; +claudebot@anthropic.com)"
216.73.216.203 - - [26/Jul/2026:02:41:35 +0800] "GET /anddwai/zHpfsB565146 HTTP/1.1" 404 32862 "http://www.cqqizhou.com/anddwai/zHpfsB565146" "Mozilla/5.0 AppleWebKit/537.36 (KHTML, like Gecko; compatible; ClaudeBot/1.0; +claudebot@anthropic.com)"
36.133.115.36 - - [26/Jul/2026:02:43:56 +0800] "POST /wp-cron.php?doing_wp_cron=1785005036.3046069145202636718750 HTTP/1.1" 200 31 "-" "WordPress/7.0; http://cqqizhou.com"
114.119.132.85 - - [26/Jul/2026:02:43:56 +0800] "GET /robots.txt HTTP/1.1" 200 190 "http://cqqizhou.com/robots.txt" "Mozilla/5.0 (compatible;PetalBot;+https://webmaster.petalsearch.com/site/petalbot)"
36.133.115.36 - - [26/Jul/2026:02:44:59 +0800] "POST /wp-cron.php?doing_wp_cron=1785005099.0462980270385742187500 HTTP/1.1" 200 31 "-" "WordPress/7.0; http://cqqizhou.com"
5.61.209.44 - - [26/Jul/2026:02:44:59 +0800] "GET /SDK/webLanguage HTTP/1.1" 301 5 "-" "Mozilla/5.0 (Windows NT 10.0; Win64; x64) AppleWebKit/537.36 (KHTML, like Gecko) Chrome/90.0.4430.85 Safari/537.36 Edg/90.0.818.46"
36.133.115.36 - - [26/Jul/2026:02:48:50 +0800] "POST /wp-cron.php?doing_wp_cron=1785005330.5634760856628417968750 HTTP/1.1" 200 31 "-" "WordPress/7.0; http://cqqizhou.com"
123.147.236.44 - - [26/Jul/2026:02:48:50 +0800] "GET /about/ HTTP/1.1" 301 5 "-" "Mozilla/5.0 (Phone; OpenHarmony 6.1) AppleWebKit/537.36 (KHTML, like Gecko) Chrome/132.0.0.0 Safari/537.36  ArkWeb/6.1.0.117 Mobile bd_dvt/0 SP-engine/3.58.0 bdapp/1.0 (baiduboxapp; baiduboxapp) baiduboxapp/15.68.0.10 (Baidu; P5 6.1.0.117) NABar/1.0"
123.147.236.44 - - [26/Jul/2026:02:48:50 +0800] "GET /about HTTP/1.1" 200 25066 "-" "Mozilla/5.0 (Phone; OpenHarmony 6.1) AppleWebKit/537.36 (KHTML, like Gecko) Chrome/132.0.0.0 Safari/537.36  ArkWeb/6.1.0.117 Mobile"
123.147.236.44 - - [26/Jul/2026:02:48:50 +0800] "GET /wp-content/uploads/2025/06/1750755307-qizhoucangku2000x400_2025624.webp HTTP/1.1" 200 45470 "http://cqqizhou.com/about" "Mozilla/5.0 (Phone; OpenHarmony 6.1) AppleWebKit/537.36 (KHTML, like Gecko) Chrome/132.0.0.0 Safari/537.36  ArkWeb/6.1.0.117 Mobile"
123.147.236.44 - - [26/Jul/2026:02:48:51 +0800] "GET /wp-content/uploads/elementor/thumbs/1751373145-About_Qizhoudalou_W800px-r91b70ok8huvvdr4ynxnf302e8ie3iydlh6ag9ew82.webp HTTP/1.1" 200 37938 "http://cqqizhou.com/about" "Mozilla/5.0 (Phone; OpenHarmony 6.1) AppleWebKit/537.36 (KHTML, like Gecko) Chrome/132.0.0.0 Safari/537.36  ArkWeb/6.1.0.117 Mobile"
123.147.236.44 - - [26/Jul/2026:02:48:51 +0800] "GET /wp-content/uploads/elementor/thumbs/1751209300-Hello-Qizhou3-r91b71mdtei8mab1rr8x739cnvi1mafuaga3vbed3o.webp HTTP/1.1" 200 39120 "http://cqqizhou.com/about" "Mozilla/5.0 (Phone; OpenHarmony 6.1) AppleWebKit/537.36 (KHTML, like Gecko) Chrome/132.0.0.0 Safari/537.36  ArkWeb/6.1.0.117 Mobile"
123.147.236.44 - - [26/Jul/2026:02:48:51 +0800] "GET /wp-content/uploads/2025/07/1750649803-qizhou800x500_2.webp HTTP/1.1" 200 63616 "http://cqqizhou.com/about" "Mozilla/5.0 (Phone; OpenHarmony 6.1) AppleWebKit/537.36 (KHTML, like Gecko) Chrome/132.0.0.0 Safari/537.36  ArkWeb/6.1.0.117 Mobile"
123.147.236.44 - - [26/Jul/2026:02:48:51 +0800] "GET /wp-content/uploads/2025/07/1750945417-honor300%C3%97206_1.webp HTTP/1.1" 200 57666 "http://cqqizhou.com/about" "Mozilla/5.0 (Phone; OpenHarmony 6.1) AppleWebKit/537.36 (KHTML, like Gecko) Chrome/132.0.0.0 Safari/537.36  ArkWeb/6.1.0.117 Mobile"
123.147.236.44 - - [26/Jul/2026:02:48:51 +0800] "GET /wp-content/uploads/2025/07/1750945444-honor300%C3%97206_2.webp HTTP/1.1" 200 71296 "http://cqqizhou.com/about" "Mozilla/5.0 (Phone; OpenHarmony 6.1) AppleWebKit/537.36 (KHTML, like Gecko) Chrome/132.0.0.0 Safari/537.36  ArkWeb/6.1.0.117 Mobile"
123.147.236.44 - - [26/Jul/2026:02:48:51 +0800] "GET /wp-content/uploads/2025/07/1750945514-honor300%C3%97206_3.webp HTTP/1.1" 200 74124 "http://cqqizhou.com/about" "Mozilla/5.0 (Phone; OpenHarmony 6.1) AppleWebKit/537.36 (KHTML, like Gecko) Chrome/132.0.0.0 Safari/537.36  ArkWeb/6.1.0.117 Mobile"
123.147.236.44 - - [26/Jul/2026:02:48:51 +0800] "GET /wp-content/uploads/2025/07/1750945616-honor300%C3%97206_4.webp HTTP/1.1" 200 33814 "http://cqqizhou.com/about" "Mozilla/5.0 (Phone; OpenHarmony 6.1) AppleWebKit/537.36 (KHTML, like Gecko) Chrome/132.0.0.0 Safari/537.36  ArkWeb/6.1.0.117 Mobile"
123.147.236.44 - - [26/Jul/2026:02:48:51 +0800] "GET /wp-content/uploads/2025/07/1750671800-partner1_200x50.webp HTTP/1.1" 200 2244 "http://cqqizhou.com/about" "Mozilla/5.0 (Phone; OpenHarmony 6.1) AppleWebKit/537.36 (KHTML, like Gecko) Chrome/132.0.0.0 Safari/537.36  ArkWeb/6.1.0.117 Mobile"
123.147.236.44 - - [26/Jul/2026:02:48:51 +0800] "GET /wp-content/uploads/2025/07/1750671801-partner2_200x50.webp HTTP/1.1" 200 3946 "http://cqqizhou.com/about" "Mozilla/5.0 (Phone; OpenHarmony 6.1) AppleWebKit/537.36 (KHTML, like Gecko) Chrome/132.0.0.0 Safari/537.36  ArkWeb/6.1.0.117 Mobile"
123.147.236.44 - - [26/Jul/2026:02:48:52 +0800] "GET /wp-content/uploads/2025/07/1750671803-partner3_200x50.webp HTTP/1.1" 200 4414 "http://cqqizhou.com/about" "Mozilla/5.0 (Phone; OpenHarmony 6.1) AppleWebKit/537.36 (KHTML, like Gecko) Chrome/132.0.0.0 Safari/537.36  ArkWeb/6.1.0.117 Mobile"
123.147.236.44 - - [26/Jul/2026:02:48:52 +0800] "GET /wp-content/uploads/2025/07/1750671805-partner4_200x50.webp HTTP/1.1" 200 2390 "http://cqqizhou.com/about" "Mozilla/5.0 (Phone; OpenHarmony 6.1) AppleWebKit/537.36 (KHTML, like Gecko) Chrome/132.0.0.0 Safari/537.36  ArkWeb/6.1.0.117 Mobile"
123.147.236.44 - - [26/Jul/2026:02:48:52 +0800] "GET /wp-content/uploads/2025/07/1750671806-partner5_200x50.webp HTTP/1.1" 200 2840 "http://cqqizhou.com/about" "Mozilla/5.0 (Phone; OpenHarmony 6.1) AppleWebKit/537.36 (KHTML, like Gecko) Chrome/132.0.0.0 Safari/537.36  ArkWeb/6.1.0.117 Mobile"
123.147.236.44 - - [26/Jul/2026:02:48:52 +0800] "GET /wp-content/uploads/2025/07/1750671808-partner6_200x50.webp HTTP/1.1" 200 3004 "http://cqqizhou.com/about" "Mozilla/5.0 (Phone; OpenHarmony 6.1) AppleWebKit/537.36 (KHTML, like Gecko) Chrome/132.0.0.0 Safari/537.36  ArkWeb/6.1.0.117 Mobile"
123.147.236.44 - - [26/Jul/2026:02:48:52 +0800] "GET /wp-content/uploads/2025/07/1751425283-qizhou.kf_.qq_.com_.webp HTTP/1.1" 200 16864 "http://cqqizhou.com/about" "Mozilla/5.0 (Phone; OpenHarmony 6.1) AppleWebKit/537.36 (KHTML, like Gecko) Chrome/132.0.0.0 Safari/537.36  ArkWeb/6.1.0.117 Mobile"
123.147.236.44 - - [26/Jul/2026:02:48:52 +0800] "GET /wp-content/uploads/2025/07/1750945650-honor300%C3%97206_6.webp HTTP/1.1" 200 66306 "http://cqqizhou.com/about" "Mozilla/5.0 (Phone; OpenHarmony 6.1) AppleWebKit/537.36 (KHTML, like Gecko) Chrome/132.0.0.0 Safari/537.36  ArkWeb/6.1.0.117 Mobile"
123.147.236.44 - - [26/Jul/2026:02:48:52 +0800] "GET /wp-content/uploads/2025/07/1750945637-honor300%C3%97206_5.webp HTTP/1.1" 200 77368 "http://cqqizhou.com/about" "Mozilla/5.0 (Phone; OpenHarmony 6.1) AppleWebKit/537.36 (KHTML, like Gecko) Chrome/132.0.0.0 Safari/537.36  ArkWeb/6.1.0.117 Mobile"
183.201.75.210 - - [26/Jul/2026:03:05:15 +0800] "GET /news/2418 HTTP/1.1" 200 93423 "-" "Go-http-client/1.1"
36.133.115.36 - - [26/Jul/2026:03:12:03 +0800] "POST /wp-cron.php?doing_wp_cron=1785006722.9643108844757080078125 HTTP/1.1" 200 31 "-" "WordPress/7.0; http://cqqizhou.com"
94.154.43.254 - - [26/Jul/2026:03:12:03 +0800] "GET / HTTP/1.1" 200 35075 "-" "Linux Gnu (cow)"
36.133.115.36 - - [26/Jul/2026:03:14:28 +0800] "POST /wp-cron.php?doing_wp_cron=1785006868.8827641010284423828125 HTTP/1.1" 200 31 "-" "WordPress/7.0; http://cqqizhou.com"
216.73.216.203 - - [26/Jul/2026:03:14:28 +0800] "GET /anddwai/news896845 HTTP/1.1" 301 5 "-" "Mozilla/5.0 AppleWebKit/537.36 (KHTML, like Gecko; compatible; ClaudeBot/1.0; +claudebot@anthropic.com)"
216.73.216.203 - - [26/Jul/2026:03:14:31 +0800] "GET /anddwai/news896845 HTTP/1.1" 404 32862 "http://www.cqqizhou.com/anddwai/news896845" "Mozilla/5.0 AppleWebKit/537.36 (KHTML, like Gecko; compatible; ClaudeBot/1.0; +claudebot@anthropic.com)"
36.133.115.36 - - [26/Jul/2026:03:18:08 +0800] "POST /wp-cron.php?doing_wp_cron=1785007088.7563250064849853515625 HTTP/1.1" 200 31 "-" "WordPress/7.0; http://cqqizhou.com"
114.119.146.18 - - [26/Jul/2026:03:18:08 +0800] "GET /2418/ HTTP/1.1" 301 5 "http://cqqizhou.com/2418/" "Mozilla/5.0 (Linux; Android 7.0;) AppleWebKit/537.36 (HTML, like Gecko) Mobile Safari/537.36 (compatible; PetalBot;+https://webmaster.petalsearch.com/site/petalbot)"
114.119.146.18 - - [26/Jul/2026:03:18:10 +0800] "GET /news/2418 HTTP/1.1" 200 23853 "http://cqqizhou.com/2418/" "Mozilla/5.0 (Linux; Android 7.0;) AppleWebKit/537.36 (HTML, like Gecko) Mobile Safari/537.36 (compatible; PetalBot;+https://webmaster.petalsearch.com/site/petalbot)"
36.133.115.36 - - [26/Jul/2026:03:28:52 +0800] "POST /wp-cron.php?doing_wp_cron=1785007732.0861439704895019531250 HTTP/1.1" 200 31 "-" "WordPress/7.0; http://cqqizhou.com"
54.38.147.100 - - [26/Jul/2026:03:28:52 +0800] "GET /news/tag/%E6%B6%88%E9%98%B2%E5%AE%89%E5%85%A8 HTTP/1.1" 200 22076 "-" "Mozilla/5.0 (compatible; AhrefsBot/7.0; +http://ahrefs.com/robot/)"
36.133.115.36 - - [26/Jul/2026:03:42:29 +0800] "POST /wp-cron.php?doing_wp_cron=1785008548.9592480659484863281250 HTTP/1.1" 200 31 "-" "WordPress/7.0; http://cqqizhou.com"
43.131.36.84 - - [26/Jul/2026:03:42:29 +0800] "GET / HTTP/1.1" 301 5 "-" "Mozilla/5.0 (iPhone; CPU iPhone OS 13_2_3 like Mac OS X) AppleWebKit/605.1.15 (KHTML, like Gecko) Version/13.0.3 Mobile/15E148 Safari/604.1"
43.131.36.84 - - [26/Jul/2026:03:42:31 +0800] "GET / HTTP/1.1" 200 35075 "http://36.133.115.36" "Mozilla/5.0 (iPhone; CPU iPhone OS 13_2_3 like Mac OS X) AppleWebKit/605.1.15 (KHTML, like Gecko) Version/13.0.3 Mobile/15E148 Safari/604.1"
36.133.115.36 - - [26/Jul/2026:03:55:21 +0800] "POST /wp-cron.php?doing_wp_cron=1785009321.6340050697326660156250 HTTP/1.1" 200 31 "-" "WordPress/7.0; http://cqqizhou.com"
198.244.168.112 - - [26/Jul/2026:03:55:21 +0800] "GET /robots.txt HTTP/1.1" 200 190 "-" "Mozilla/5.0 (compatible; AhrefsBot/7.0; +http://ahrefs.com/robot/)"
36.133.115.36 - - [26/Jul/2026:03:59:15 +0800] "POST /wp-cron.php?doing_wp_cron=1785009555.6112968921661376953125 HTTP/1.1" 200 31 "-" "WordPress/7.0; http://cqqizhou.com"
119.84.246.117 - - [26/Jul/2026:03:59:15 +0800] "GET / HTTP/1.1" 301 5 "-" "-"
119.84.246.117 - - [26/Jul/2026:03:59:15 +0800] "GET / HTTP/1.1" 200 159680 "-" "-"
119.84.246.117 - - [26/Jul/2026:03:59:18 +0800] "GET / HTTP/1.1" 301 5 "-" "Mozilla/5.0 (Windows NT 6.1) AppleWebKit/535.12 (KHTML, like Gecko) Maxthon/3.4.2.3000 Chrome/18.0.966.0 Safari/535.12"
119.84.246.117 - - [26/Jul/2026:03:59:18 +0800] "GET / HTTP/1.1" 200 35519 "-" "Mozilla/5.0 (Windows NT 6.1) AppleWebKit/535.12 (KHTML, like Gecko) Maxthon/3.4.2.3000 Chrome/18.0.966.0 Safari/535.12"
119.84.246.117 - - [26/Jul/2026:03:59:18 +0800] "GET /wp-content/uploads/2025/07/1753456723-%E5%8F%8C%E7%9B%B8%E9%92%A2roduct_Single600.webp HTTP/1.1" 200 22790 "http://cqqizhou.com/" "Mozilla/5.0 (Windows NT 6.1) AppleWebKit/535.12 (KHTML, like Gecko) Maxthon/3.4.2.3000 Chrome/18.0.966.0 Safari/535.12"
119.84.246.117 - - [26/Jul/2026:03:59:18 +0800] "GET /wp-content/uploads/2025/07/1751425283-qizhou.kf_.qq_.com_.webp HTTP/1.1" 200 16864 "http://cqqizhou.com/" "Mozilla/5.0 (Windows NT 6.1) AppleWebKit/535.12 (KHTML, like Gecko) Maxthon/3.4.2.3000 Chrome/18.0.966.0 Safari/535.12"
119.84.246.117 - - [26/Jul/2026:03:59:18 +0800] "GET /wp-content/uploads/2025/07/1753453096-%E5%8F%8C%E7%9B%B8%E9%92%A2product_Single600%C3%97284.webp HTTP/1.1" 200 14562 "http://cqqizhou.com/" "Mozilla/5.0 (Windows NT 6.1) AppleWebKit/535.12 (KHTML, like Gecko) Maxthon/3.4.2.3000 Chrome/18.0.966.0 Safari/535.12"
119.84.246.117 - - [26/Jul/2026:03:59:18 +0800] "GET /wp-content/uploads/2025/07/1753453127-%E4%BD%99%E5%8D%B7product_Single600%C3%97284.webp HTTP/1.1" 200 18744 "http://cqqizhou.com/" "Mozilla/5.0 (Windows NT 6.1) AppleWebKit/535.12 (KHTML, like Gecko) Maxthon/3.4.2.3000 Chrome/18.0.966.0 Safari/535.12"
119.84.246.117 - - [26/Jul/2026:03:59:18 +0800] "GET /wp-content/uploads/2025/07/1753456770-%E7%83%AD%E9%95%80%E9%94%8C%E5%8D%B7product_Single600.webp HTTP/1.1" 200 27502 "http://cqqizhou.com/" "Mozilla/5.0 (Windows NT 6.1) AppleWebKit/535.12 (KHTML, like Gecko) Maxthon/3.4.2.3000 Chrome/18.0.966.0 Safari/535.12"
119.84.246.117 - - [26/Jul/2026:03:59:18 +0800] "GET /wp-content/uploads/2026/06/1782392245-Article_images_W900px.webp HTTP/1.1" 200 62046 "http://cqqizhou.com/" "Mozilla/5.0 (Windows NT 6.1) AppleWebKit/535.12 (KHTML, like Gecko) Maxthon/3.4.2.3000 Chrome/18.0.966.0 Safari/535.12"
119.84.246.117 - - [26/Jul/2026:03:59:18 +0800] "GET /wp-content/uploads/2026/06/1782708718-1Article_images_W900px.webp HTTP/1.1" 200 54948 "http://cqqizhou.com/" "Mozilla/5.0 (Windows NT 6.1) AppleWebKit/535.12 (KHTML, like Gecko) Maxthon/3.4.2.3000 Chrome/18.0.966.0 Safari/535.12"
119.84.246.117 - - [26/Jul/2026:03:59:18 +0800] "GET /wp-content/uploads/2026/06/1782182572-Article_images_W900px.webp HTTP/1.1" 200 24314 "http://cqqizhou.com/" "Mozilla/5.0 (Windows NT 6.1) AppleWebKit/535.12 (KHTML, like Gecko) Maxthon/3.4.2.3000 Chrome/18.0.966.0 Safari/535.12"
119.84.246.117 - - [26/Jul/2026:03:59:18 +0800] "GET /wp-content/uploads/2026/06/1781880807-Article_images_W900px.webp HTTP/1.1" 200 25354 "http://cqqizhou.com/" "Mozilla/5.0 (Windows NT 6.1) AppleWebKit/535.12 (KHTML, like Gecko) Maxthon/3.4.2.3000 Chrome/18.0.966.0 Safari/535.12"
119.84.246.117 - - [26/Jul/2026:03:59:18 +0800] "GET /wp-content/uploads/2026/06/1780363378-1Article_images_W900px.webp HTTP/1.1" 200 62100 "http://cqqizhou.com/" "Mozilla/5.0 (Windows NT 6.1) AppleWebKit/535.12 (KHTML, like Gecko) Maxthon/3.4.2.3000 Chrome/18.0.966.0 Safari/535.12"
36.133.115.36 - - [26/Jul/2026:04:07:24 +0800] "POST /wp-cron.php?doing_wp_cron=1785010044.4509720802307128906250 HTTP/1.1" 200 31 "-" "WordPress/7.0; http://cqqizhou.com"
220.181.108.90 - - [26/Jul/2026:04:07:24 +0800] "GET /andd/202607260407021557.html HTTP/1.1" 301 5 "-" "Mozilla/5.0 (compatible; Baiduspider/2.0; +http://www.baidu.com/search/spider.html)"
36.133.115.36 - - [26/Jul/2026:04:07:24 +0800] "GET / HTTP/1.1" 200 159680 "-" "MyCustomUA/1.0"
220.181.108.102 - - [26/Jul/2026:04:07:25 +0800] "GET /andd/202607260407021557.html HTTP/1.1" 200 50184 "-" "Mozilla/5.0 (compatible; Baiduspider/2.0; +http://www.baidu.com/search/spider.html)"
36.133.115.36 - - [26/Jul/2026:04:13:19 +0800] "POST /wp-cron.php?doing_wp_cron=1785010399.0141680240631103515625 HTTP/1.1" 200 31 "-" "WordPress/7.0; http://cqqizhou.com"
198.244.242.186 - - [26/Jul/2026:04:13:19 +0800] "GET /2214/ HTTP/1.1" 301 5 "-" "Mozilla/5.0 (compatible; AhrefsBot/7.0; +http://ahrefs.com/robot/)"
36.133.115.36 - - [26/Jul/2026:04:16:58 +0800] "POST /wp-cron.php?doing_wp_cron=1785010618.3828859329223632812500 HTTP/1.1" 200 31 "-" "WordPress/7.0; http://cqqizhou.com"
216.73.216.203 - - [26/Jul/2026:04:16:58 +0800] "GET /robots.txt HTTP/1.1" 301 5 "-" "Mozilla/5.0 AppleWebKit/537.36 (KHTML, like Gecko; compatible; ClaudeBot/1.0; +claudebot@anthropic.com)"
216.73.216.203 - - [26/Jul/2026:04:17:00 +0800] "GET /robots.txt HTTP/1.1" 200 390 "http://www.cqqizhou.com/robots.txt" "Mozilla/5.0 AppleWebKit/537.36 (KHTML, like Gecko; compatible; ClaudeBot/1.0; +claudebot@anthropic.com)"
216.73.216.203 - - [26/Jul/2026:04:17:01 +0800] "GET /anddwai/news613418 HTTP/1.1" 301 5 "-" "Mozilla/5.0 AppleWebKit/537.36 (KHTML, like Gecko; compatible; ClaudeBot/1.0; +claudebot@anthropic.com)"
216.73.216.203 - - [26/Jul/2026:04:17:03 +0800] "GET /anddwai/news613418 HTTP/1.1" 404 32862 "http://www.cqqizhou.com/anddwai/news613418" "Mozilla/5.0 AppleWebKit/537.36 (KHTML, like Gecko; compatible; ClaudeBot/1.0; +claudebot@anthropic.com)"
101.47.139.200 - - [26/Jul/2026:04:19:05 +0800] "GET /wp-content/uploads/revslider/slider-1/1750861156-logistics_Slider_3840%C3%972160_20250625191356-scaled.webp HTTP/1.1" 200 197360 "-" "Mozilla/5.0 (Windows NT 10.0; Win64; x64) AppleWebKit/537.36 (KHTML, like Gecko) Chrome/146.0.0.0 Safari/537.36"
101.47.139.200 - - [26/Jul/2026:04:19:06 +0800] "GET /wp-content/uploads/revslider/slider-1/1750861156-logistics_Slider_3840%C3%972160_20250625191356-scaled.webp HTTP/1.1" 200 197360 "-" "Mozilla/5.0 (Windows NT 10.0; Win64; x64) AppleWebKit/537.36 (KHTML, like Gecko) Chrome/146.0.0.0 Safari/537.36"
207.166.164.19 - - [26/Jul/2026:04:19:07 +0800] "GET /wp-content/uploads/revslider/slider-1/1750861156-logistics_Slider_3840%C3%972160_20250625191356-scaled.webp HTTP/1.1" 200 197360 "-" "Mozilla/5.0 (Windows NT 10.0; Win64; x64) AppleWebKit/537.36 (KHTML, like Gecko) Chrome/148.0.0.0 Safari/537.36"
36.133.115.36 - - [26/Jul/2026:04:33:10 +0800] "POST /wp-cron.php?doing_wp_cron=1785011590.8200008869171142578125 HTTP/1.1" 200 31 "-" "WordPress/7.0; http://cqqizhou.com"
121.43.116.19 - - [26/Jul/2026:04:33:10 +0800] "GET / HTTP/1.0" 301 0 "-" "-"
121.43.116.19 - - [26/Jul/2026:04:33:20 +0800] "GET / HTTP/1.0" 301 0 "-" "-"
121.43.116.19 - - [26/Jul/2026:04:33:20 +0800] "GET /nmaplowercheck1785011592 HTTP/1.1" 404 32862 "-" "Mozilla/5.0 (compatible; Nmap Scripting Engine; https://nmap.org/book/nse.html)"
121.43.116.19 - - [26/Jul/2026:04:33:21 +0800] "POST /sdk HTTP/1.1" 404 32862 "-" "Mozilla/5.0 (compatible; Nmap Scripting Engine; https://nmap.org/book/nse.html)"
121.43.116.19 - - [26/Jul/2026:04:33:22 +0800] "GET /HNAP1 HTTP/1.1" 404 32862 "-" "Mozilla/5.0 (compatible; Nmap Scripting Engine; https://nmap.org/book/nse.html)"
121.43.116.19 - - [26/Jul/2026:04:33:22 +0800] "GET /evox/about HTTP/1.1" 404 32862 "-" "Mozilla/5.0 (compatible; Nmap Scripting Engine; https://nmap.org/book/nse.html)"
121.43.116.19 - - [26/Jul/2026:04:33:40 +0800] "GET / HTTP/1.0" 301 0 "-" "-"
121.43.116.19 - - [26/Jul/2026:04:33:41 +0800] "GET / HTTP/1.1" 301 5 "-" "-"
114.119.146.18 - - [26/Jul/2026:04:40:04 +0800] "GET /industry/ HTTP/1.1" 200 145 "http://cqqizhou.com/2160/" "Mozilla/5.0 (Linux; Android 7.0;) AppleWebKit/537.36 (HTML, like Gecko) Mobile Safari/537.36 (compatible; PetalBot;+https://webmaster.petalsearch.com/site/petalbot)"
36.133.115.36 - - [26/Jul/2026:04:41:57 +0800] "POST /wp-cron.php?doing_wp_cron=1785012117.0754549503326416015625 HTTP/1.1" 200 31 "-" "WordPress/7.0; http://cqqizhou.com"
216.73.216.203 - - [26/Jul/2026:04:41:57 +0800] "GET /anddwai/BxwcQdr352428 HTTP/1.1" 301 5 "-" "Mozilla/5.0 AppleWebKit/537.36 (KHTML, like Gecko; compatible; ClaudeBot/1.0; +claudebot@anthropic.com)"
216.73.216.203 - - [26/Jul/2026:04:41:59 +0800] "GET /anddwai/BxwcQdr352428 HTTP/1.1" 404 32862 "http://www.cqqizhou.com/anddwai/BxwcQdr352428" "Mozilla/5.0 AppleWebKit/537.36 (KHTML, like Gecko; compatible; ClaudeBot/1.0; +claudebot@anthropic.com)"
36.133.115.36 - - [26/Jul/2026:04:43:59 +0800] "POST /wp-cron.php?doing_wp_cron=1785012239.6495299339294433593750 HTTP/1.1" 200 31 "-" "WordPress/7.0; http://cqqizhou.com"
216.73.216.203 - - [26/Jul/2026:04:43:59 +0800] "GET /robots.txt HTTP/1.1" 200 390 "-" "Mozilla/5.0 AppleWebKit/537.36 (KHTML, like Gecko; compatible; ClaudeBot/1.0; +claudebot@anthropic.com)"
216.73.216.203 - - [26/Jul/2026:04:44:01 +0800] "GET /anddwai/TYaJfRbS338143 HTTP/1.1" 404 32862 "-" "Mozilla/5.0 AppleWebKit/537.36 (KHTML, like Gecko; compatible; ClaudeBot/1.0; +claudebot@anthropic.com)"
36.133.115.36 - - [26/Jul/2026:04:47:05 +0800] "POST /wp-cron.php?doing_wp_cron=1785012425.0708560943603515625000 HTTP/1.1" 200 31 "-" "WordPress/7.0; http://cqqizhou.com"
216.73.216.203 - - [26/Jul/2026:04:47:05 +0800] "GET /wp-sitemap.xml HTTP/1.1" 501 253 "-" "Mozilla/5.0 AppleWebKit/537.36 (KHTML, like Gecko; compatible; ClaudeBot/1.0; +claudebot@anthropic.com)"
36.133.115.36 - - [26/Jul/2026:04:47:09 +0800] "POST /wp-cron.php?doing_wp_cron=1785012428.9710209369659423828125 HTTP/1.1" 200 31 "-" "WordPress/7.0; http://cqqizhou.com"
216.73.216.203 - - [26/Jul/2026:04:47:09 +0800] "GET /anddwai/news174668 HTTP/1.1" 301 5 "-" "Mozilla/5.0 AppleWebKit/537.36 (KHTML, like Gecko; compatible; ClaudeBot/1.0; +claudebot@anthropic.com)"
216.73.216.203 - - [26/Jul/2026:04:47:11 +0800] "GET /anddwai/news174668 HTTP/1.1" 404 32862 "http://www.cqqizhou.com/anddwai/news174668" "Mozilla/5.0 AppleWebKit/537.36 (KHTML, like Gecko; compatible; ClaudeBot/1.0; +claudebot@anthropic.com)"
5.61.209.44 - - [26/Jul/2026:04:47:20 +0800] "GET /SDK/webLanguage HTTP/1.1" 301 5 "-" "Mozilla/5.0 (Windows NT 10.0; Win64; x64) AppleWebKit/537.36 (KHTML, like Gecko) Chrome/90.0.4430.85 Safari/537.36 Edg/90.0.818.46"
160.119.71.9 - - [26/Jul/2026:04:47:55 +0800] "GET / HTTP/1.1" 200 109837 "-" "Mozilla/5.0 (X11; Linux x86_64; rv:144.0) Gecko/20100101 Firefox/144.0"
112.124.47.235 - - [26/Jul/2026:04:47:57 +0800] "GET / HTTP/1.1" 301 5 "-" "Mozilla/5.0 (Windows NT 10.0; Win64; x64) AppleWebKit/537.36 (KHTML, like Gecko) Chrome/59.0.3071.115 Safari/537.36"
36.133.115.36 - - [26/Jul/2026:04:48:10 +0800] "POST /wp-cron.php?doing_wp_cron=1785012490.2947669029235839843750 HTTP/1.1" 200 31 "-" "WordPress/7.0; http://cqqizhou.com"
220.181.108.168 - - [26/Jul/2026:04:48:10 +0800] "GET /anddwai/news78411 HTTP/1.1" 301 5 "-" "Mozilla/5.0 (compatible; Baiduspider/2.0; +http://www.baidu.com/search/spider.html)"
111.225.214.184 - - [26/Jul/2026:04:48:10 +0800] "GET /robots.txt HTTP/1.1" 301 5 "-" "Mozilla/5.0 (Windows NT 10.0; WOW64) AppleWebKit/537.36 (KHTML, like Gecko) Chrome/48.0.2564.116 Safari/537.36"
36.133.115.36 - - [26/Jul/2026:04:48:10 +0800] "GET / HTTP/1.1" 200 159680 "-" "MyCustomUA/1.0"
220.181.108.145 - - [26/Jul/2026:04:48:10 +0800] "GET /anddwai/news78411 HTTP/1.1" 200 49503 "-" "Mozilla/5.0 (compatible; Baiduspider/2.0; +http://www.baidu.com/search/spider.html)"
111.225.214.128 - - [26/Jul/2026:04:48:11 +0800] "GET /robots.txt HTTP/1.1" 200 190 "-" "Mozilla/5.0 (Windows NT 10.0; WOW64) AppleWebKit/537.36 (KHTML, like Gecko) Chrome/48.0.2564.116 Safari/537.36"
36.133.115.36 - - [26/Jul/2026:04:57:06 +0800] "GET / HTTP/1.1" 200 159680 "-" "MyCustomUA/1.0"
180.153.236.85 - - [26/Jul/2026:04:57:06 +0800] "GET / HTTP/1.1" 200 36032 "http://cqqizhou.com" "Mozilla/5.0 (Windows NT 10.0; Win64; x64) AppleWebKit/537.36 (KHTML, like Gecko) Chrome/140.0.0.0 Safari/537.36 Edg/140.0.0.0; 360Spider"
36.133.115.36 - - [26/Jul/2026:04:57:17 +0800] "GET / HTTP/1.1" 200 159680 "-" "MyCustomUA/1.0"
180.153.236.38 - - [26/Jul/2026:04:57:17 +0800] "GET / HTTP/1.1" 200 36085 "http://cqqizhou.com" "Mozilla/5.0 (Windows NT 10.0; Win64; x64) AppleWebKit/537.36 (KHTML, like Gecko) Chrome/140.0.0.0 Safari/537.36 Edg/140.0.0.0; 360Spider"
36.133.115.36 - - [26/Jul/2026:04:59:42 +0800] "GET / HTTP/1.1" 200 159680 "-" "MyCustomUA/1.0"
180.153.236.116 - - [26/Jul/2026:04:59:42 +0800] "GET / HTTP/1.1" 200 36083 "http://cqqizhou.com/" "Mozilla/5.0 (Windows NT 10.0; Win64; x64) AppleWebKit/537.36 (KHTML, like Gecko) Chrome/140.0.0.0 Safari/537.36 Edg/140.0.0.0; 360Spider"
36.133.115.36 - - [26/Jul/2026:05:01:02 +0800] "GET / HTTP/1.1" 200 159680 "-" "MyCustomUA/1.0"
180.153.236.204 - - [26/Jul/2026:05:01:02 +0800] "GET / HTTP/1.1" 200 36090 "http://cqqizhou.com/" "Mozilla/5.0 (Linux; Android 10; K) AppleWebKit/537.36 (KHTML, like Gecko) Chrome/131.0.0.0 Mobile Safari/537.36; 360Spider"
36.133.115.36 - - [26/Jul/2026:05:07:45 +0800] "POST /wp-cron.php?doing_wp_cron=1785013665.5176289081573486328125 HTTP/1.1" 200 31 "-" "WordPress/7.0; http://cqqizhou.com"
45.198.224.54 - - [26/Jul/2026:05:07:45 +0800] "GET / HTTP/1.1" 200 109842 "-" "-"
36.133.115.36 - - [26/Jul/2026:05:20:26 +0800] "POST /wp-cron.php?doing_wp_cron=1785014426.1838860511779785156250 HTTP/1.1" 200 31 "-" "WordPress/7.0; http://cqqizhou.com"
199.241.138.153 - - [26/Jul/2026:05:20:26 +0800] "GET /.env HTTP/1.1" 404 9498 "-" "Mozilla/5.0 (Windows NT 10.0; Win64; x64; rv:128.0) Gecko/20100101 Firefox/128.0"
199.241.138.153 - - [26/Jul/2026:05:20:28 +0800] "GET /env/.env HTTP/1.1" 404 9498 "-" "Mozilla/5.0 (Windows NT 10.0; Win64; x64; rv:128.0) Gecko/20100101 Firefox/128.0"
199.241.138.153 - - [26/Jul/2026:05:20:31 +0800] "GET /app/.env HTTP/1.1" 404 9497 "-" "Mozilla/5.0 (Windows NT 10.0; Win64; x64; rv:128.0) Gecko/20100101 Firefox/128.0"
199.241.138.153 - - [26/Jul/2026:05:20:34 +0800] "GET /api/.env HTTP/1.1" 404 9498 "-" "Mozilla/5.0 (Windows NT 10.0; Win64; x64; rv:128.0) Gecko/20100101 Firefox/128.0"
36.133.115.36 - - [26/Jul/2026:05:34:30 +0800] "POST /wp-cron.php?doing_wp_cron=1785015269.9802899360656738281250 HTTP/1.1" 200 31 "-" "WordPress/7.0; http://cqqizhou.com"
43.134.236.36 - - [26/Jul/2026:05:34:30 +0800] "GET / HTTP/1.1" 200 35075 "-" "Mozilla/5.0 (iPhone; CPU iPhone OS 13_2_3 like Mac OS X) AppleWebKit/605.1.15 (KHTML, like Gecko) Version/13.0.3 Mobile/15E148 Safari/604.1"
36.133.115.36 - - [26/Jul/2026:05:36:29 +0800] "POST /wp-cron.php?doing_wp_cron=1785015389.2274320125579833984375 HTTP/1.1" 200 31 "-" "WordPress/7.0; http://cqqizhou.com"
216.73.216.203 - - [26/Jul/2026:05:36:29 +0800] "GET /robots.txt HTTP/1.1" 301 5 "-" "Mozilla/5.0 AppleWebKit/537.36 (KHTML, like Gecko; compatible; ClaudeBot/1.0; +claudebot@anthropic.com)"
216.73.216.203 - - [26/Jul/2026:05:36:31 +0800] "GET /robots.txt HTTP/1.1" 200 390 "http://www.cqqizhou.com/robots.txt" "Mozilla/5.0 AppleWebKit/537.36 (KHTML, like Gecko; compatible; ClaudeBot/1.0; +claudebot@anthropic.com)"
216.73.216.203 - - [26/Jul/2026:05:36:32 +0800] "GET /anddwai/news779374 HTTP/1.1" 301 5 "-" "Mozilla/5.0 AppleWebKit/537.36 (KHTML, like Gecko; compatible; ClaudeBot/1.0; +claudebot@anthropic.com)"
216.73.216.203 - - [26/Jul/2026:05:36:34 +0800] "GET /anddwai/news779374 HTTP/1.1" 404 32862 "http://www.cqqizhou.com/anddwai/news779374" "Mozilla/5.0 AppleWebKit/537.36 (KHTML, like Gecko; compatible; ClaudeBot/1.0; +claudebot@anthropic.com)"
43.165.126.130 - - [26/Jul/2026:05:36:53 +0800] "GET / HTTP/1.1" 200 35075 "-" "Mozilla/5.0 (iPhone; CPU iPhone OS 13_2_3 like Mac OS X) AppleWebKit/605.1.15 (KHTML, like Gecko) Version/13.0.3 Mobile/15E148 Safari/604.1"
36.133.115.36 - - [26/Jul/2026:05:52:16 +0800] "POST /wp-cron.php?doing_wp_cron=1785016336.2531859874725341796875 HTTP/1.1" 200 31 "-" "WordPress/7.0; http://cqqizhou.com"
216.73.216.203 - - [26/Jul/2026:05:52:16 +0800] "GET /robots.txt HTTP/1.1" 200 390 "-" "Mozilla/5.0 AppleWebKit/537.36 (KHTML, like Gecko; compatible; ClaudeBot/1.0; +claudebot@anthropic.com)"
216.73.216.203 - - [26/Jul/2026:05:52:18 +0800] "GET /anddwai/SuZpgKCe422839 HTTP/1.1" 404 32862 "-" "Mozilla/5.0 AppleWebKit/537.36 (KHTML, like Gecko; compatible; ClaudeBot/1.0; +claudebot@anthropic.com)"
36.133.115.36 - - [26/Jul/2026:06:11:46 +0800] "POST /wp-cron.php?doing_wp_cron=1785017506.0875339508056640625000 HTTP/1.1" 200 31 "-" "WordPress/7.0; http://cqqizhou.com"
216.73.216.203 - - [26/Jul/2026:06:11:46 +0800] "GET /anddwai/news997275 HTTP/1.1" 301 5 "-" "Mozilla/5.0 AppleWebKit/537.36 (KHTML, like Gecko; compatible; ClaudeBot/1.0; +claudebot@anthropic.com)"
216.73.216.203 - - [26/Jul/2026:06:11:48 +0800] "GET /anddwai/news997275 HTTP/1.1" 404 32862 "http://www.cqqizhou.com/anddwai/news997275" "Mozilla/5.0 AppleWebKit/537.36 (KHTML, like Gecko; compatible; ClaudeBot/1.0; +claudebot@anthropic.com)"
36.133.115.36 - - [26/Jul/2026:06:13:30 +0800] "POST /wp-cron.php?doing_wp_cron=1785017610.4149711132049560546875 HTTP/1.1" 200 31 "-" "WordPress/7.0; http://cqqizhou.com"
216.73.216.203 - - [26/Jul/2026:06:13:30 +0800] "GET /anddwai/news267497 HTTP/1.1" 404 32862 "-" "Mozilla/5.0 AppleWebKit/537.36 (KHTML, like Gecko; compatible; ClaudeBot/1.0; +claudebot@anthropic.com)"
36.133.115.36 - - [26/Jul/2026:06:19:58 +0800] "POST /wp-cron.php?doing_wp_cron=1785017998.3157789707183837890625 HTTP/1.1" 200 31 "-" "WordPress/7.0; http://cqqizhou.com"
5.61.209.92 - - [26/Jul/2026:06:19:58 +0800] "GET /SDK/webLanguage HTTP/1.1" 301 5 "-" "Mozilla/5.0 (Windows NT 10.0; Win64; x64) AppleWebKit/537.36 (KHTML, like Gecko) Chrome/90.0.4430.85 Safari/537.36 Edg/90.0.818.46"
36.133.115.36 - - [26/Jul/2026:06:23:02 +0800] "POST /wp-cron.php?doing_wp_cron=1785018182.2195570468902587890625 HTTP/1.1" 200 31 "-" "WordPress/7.0; http://cqqizhou.com"
43.134.163.229 - - [26/Jul/2026:06:23:02 +0800] "GET / HTTP/1.1" 301 5 "-" "Mozilla/5.0 (iPhone; CPU iPhone OS 13_2_3 like Mac OS X) AppleWebKit/605.1.15 (KHTML, like Gecko) Version/13.0.3 Mobile/15E148 Safari/604.1"
43.134.163.229 - - [26/Jul/2026:06:23:05 +0800] "GET / HTTP/1.1" 200 35075 "http://www.cqqizhou.com" "Mozilla/5.0 (iPhone; CPU iPhone OS 13_2_3 like Mac OS X) AppleWebKit/605.1.15 (KHTML, like Gecko) Version/13.0.3 Mobile/15E148 Safari/604.1"
36.133.115.36 - - [26/Jul/2026:06:25:04 +0800] "POST /wp-cron.php?doing_wp_cron=1785018304.2394959926605224609375 HTTP/1.1" 200 31 "-" "WordPress/7.0; http://cqqizhou.com"
216.73.216.203 - - [26/Jul/2026:06:25:04 +0800] "GET /anddwai/news407597 HTTP/1.1" 404 32862 "-" "Mozilla/5.0 AppleWebKit/537.36 (KHTML, like Gecko; compatible; ClaudeBot/1.0; +claudebot@anthropic.com)"
36.133.115.36 - - [26/Jul/2026:06:28:53 +0800] "POST /wp-cron.php?doing_wp_cron=1785018533.2202820777893066406250 HTTP/1.1" 200 31 "-" "WordPress/7.0; http://cqqizhou.com"
180.97.39.145 - - [26/Jul/2026:06:28:53 +0800] "GET /andd/20260724120705914.html HTTP/1.1" 301 5 "http://m.baidu.com/s?wd=salmonqkk" "pc"
180.97.39.177 - - [26/Jul/2026:06:28:55 +0800] "GET /andd/20260724120705914.html HTTP/1.1" 404 9497 "http://m.baidu.com/s?wd=salmonqkk" "pc"
36.133.115.36 - - [26/Jul/2026:06:31:07 +0800] "POST /wp-cron.php?doing_wp_cron=1785018667.7351150512695312500000 HTTP/1.1" 200 31 "-" "WordPress/7.0; http://cqqizhou.com"
116.179.33.13 - - [26/Jul/2026:06:31:07 +0800] "GET /andd/202607241207271441.html HTTP/1.1" 301 5 "http://m.baidu.com/s?wd=naturezwr" "pc"
116.179.33.213 - - [26/Jul/2026:06:31:09 +0800] "GET /andd/202607241207271441.html HTTP/1.1" 404 9498 "http://m.baidu.com/s?wd=naturezwr" "pc"
36.133.115.36 - - [26/Jul/2026:06:32:05 +0800] "GET / HTTP/1.1" 200 159680 "-" "MyCustomUA/1.0"
116.179.32.105 - - [26/Jul/2026:06:32:06 +0800] "GET /news/tag/%E9%87%8D%E5%BA%86%E9%82%AE%E7%94%B5%E5%A4%A7%E5%AD%A6 HTTP/1.1" 200 35918 "-" "Mozilla/5.0 (compatible; Baiduspider/2.0; +http://www.baidu.com/search/spider.html)"
36.133.115.36 - - [26/Jul/2026:06:38:02 +0800] "POST /wp-cron.php?doing_wp_cron=1785019082.2261099815368652343750 HTTP/1.1" 200 31 "-" "WordPress/7.0; http://cqqizhou.com"
216.73.216.203 - - [26/Jul/2026:06:38:02 +0800] "GET /anddwai/news321687 HTTP/1.1" 404 32862 "-" "Mozilla/5.0 AppleWebKit/537.36 (KHTML, like Gecko; compatible; ClaudeBot/1.0; +claudebot@anthropic.com)"
36.133.115.36 - - [26/Jul/2026:06:40:34 +0800] "POST /wp-cron.php?doing_wp_cron=1785019234.0986330509185791015625 HTTP/1.1" 200 31 "-" "WordPress/7.0; http://cqqizhou.com"
216.73.216.203 - - [26/Jul/2026:06:40:34 +0800] "GET /robots.txt HTTP/1.1" 301 5 "-" "Mozilla/5.0 AppleWebKit/537.36 (KHTML, like Gecko; compatible; ClaudeBot/1.0; +claudebot@anthropic.com)"
216.73.216.203 - - [26/Jul/2026:06:40:35 +0800] "GET /robots.txt HTTP/1.1" 200 390 "http://www.cqqizhou.com/robots.txt" "Mozilla/5.0 AppleWebKit/537.36 (KHTML, like Gecko; compatible; ClaudeBot/1.0; +claudebot@anthropic.com)"
216.73.216.203 - - [26/Jul/2026:06:40:36 +0800] "GET /anddwai/kTpQpt701688 HTTP/1.1" 301 5 "-" "Mozilla/5.0 AppleWebKit/537.36 (KHTML, like Gecko; compatible; ClaudeBot/1.0; +claudebot@anthropic.com)"
216.73.216.203 - - [26/Jul/2026:06:40:38 +0800] "GET /anddwai/kTpQpt701688 HTTP/1.1" 404 32862 "http://www.cqqizhou.com/anddwai/kTpQpt701688" "Mozilla/5.0 AppleWebKit/537.36 (KHTML, like Gecko; compatible; ClaudeBot/1.0; +claudebot@anthropic.com)"
36.133.115.36 - - [26/Jul/2026:06:43:15 +0800] "POST /wp-cron.php?doing_wp_cron=1785019395.3862459659576416015625 HTTP/1.1" 200 31 "-" "WordPress/7.0; http://cqqizhou.com"
