36.133.115.36 - - [13/Jun/2026:11:33:57 +0800] "POST /wp-cron.php?doing_wp_cron=1781321637.1515998840332031250000 HTTP/1.1" 200 31 "-" "WordPress/6.9; http://cqqizhou.com"
43.128.156.124 - - [13/Jun/2026:11:33:57 +0800] "GET /wp-content/uploads/2026/02/1769999241-4.2 HTTP/1.1" 404 9409 "-" "Mozilla/5.0 (iPhone; CPU iPhone OS 13_2_3 like Mac OS X) AppleWebKit/605.1.15 (KHTML, like Gecko) Version/13.0.3 Mobile/15E148 Safari/604.1"
36.133.115.36 - - [13/Jun/2026:11:35:54 +0800] "POST /wp-cron.php?doing_wp_cron=1781321753.9758369922637939453125 HTTP/1.1" 200 31 "-" "WordPress/6.9; http://cqqizhou.com"
204.0.57.41 - - [13/Jun/2026:11:35:54 +0800] "GET / HTTP/1.1" 301 5 "-" "Go-http-client/1.1"
204.0.57.41 - - [13/Jun/2026:11:35:55 +0800] "GET / HTTP/1.1" 200 35637 "http://36.133.115.36" "Go-http-client/1.1"
36.133.115.36 - - [13/Jun/2026:11:42:15 +0800] "POST /wp-cron.php?doing_wp_cron=1781322135.0543429851531982421875 HTTP/1.1" 200 31 "-" "WordPress/6.9; http://cqqizhou.com"
34.79.176.23 - - [13/Jun/2026:11:42:15 +0800] "GET / HTTP/1.1" 200 35195 "-" "Mozilla/5.0 (Windows NT 10.0; Win64; x64) AppleWebKit/537.36 (KHTML, like Gecko) Chrome/127.0.0.0 Safari/537.36"
36.133.115.36 - - [13/Jun/2026:11:54:03 +0800] "POST /wp-cron.php?doing_wp_cron=1781322843.2804410457611083984375 HTTP/1.1" 200 31 "-" "WordPress/6.9; http://cqqizhou.com"
5.61.209.92 - - [13/Jun/2026:11:54:03 +0800] "GET /SDK/webLanguage HTTP/1.1" 301 5 "-" "Mozilla/5.0 (Windows NT 10.0; Win64; x64) AppleWebKit/537.36 (KHTML, like Gecko) Chrome/90.0.4430.85 Safari/537.36 Edg/90.0.818.46"
36.133.115.36 - - [13/Jun/2026:11:55:28 +0800] "POST /wp-cron.php?doing_wp_cron=1781322928.7072110176086425781250 HTTP/1.1" 200 31 "-" "WordPress/6.9; http://cqqizhou.com"
216.244.66.245 - - [13/Jun/2026:11:55:28 +0800] "GET /robots.txt HTTP/1.1" 200 390 "-" "Mozilla/5.0 (compatible; DotBot/1.2; +https://opensiteexplorer.org/dotbot; help@moz.com)"
36.133.115.36 - - [13/Jun/2026:11:57:41 +0800] "POST /wp-cron.php?doing_wp_cron=1781323061.0104610919952392578125 HTTP/1.1" 200 31 "-" "WordPress/6.9; http://cqqizhou.com"
142.44.233.205 - - [13/Jun/2026:11:57:41 +0800] "GET /robots.txt HTTP/1.1" 200 190 "-" "Mozilla/5.0 (compatible; AhrefsBot/7.0; +http://ahrefs.com/robot/)"
15.235.98.76 - - [13/Jun/2026:11:57:42 +0800] "GET /news/2164 HTTP/1.1" 200 24305 "-" "Mozilla/5.0 (compatible; AhrefsBot/7.0; +http://ahrefs.com/robot/)"
43.165.7.135 - - [13/Jun/2026:11:57:58 +0800] "GET /wp-content/uploads/2025/12/1765891153-Article20251216211543-768x427.webp HTTP/1.1" 200 53760 "-" "Mozilla/5.0 (iPhone; CPU iPhone OS 13_2_3 like Mac OS X) AppleWebKit/605.1.15 (KHTML, like Gecko) Version/13.0.3 Mobile/15E148 Safari/604.1"
216.244.66.245 - - [13/Jun/2026:12:01:32 +0800] "GET /news/2575 HTTP/1.1" 200 88117 "-" "Mozilla/5.0 (compatible; DotBot/1.2; +https://opensiteexplorer.org/dotbot; help@moz.com)"
216.244.66.245 - - [13/Jun/2026:12:01:38 +0800] "GET /media HTTP/1.1" 200 134810 "-" "Mozilla/5.0 (compatible; DotBot/1.2; +https://opensiteexplorer.org/dotbot; help@moz.com)"
43.156.114.184 - - [13/Jun/2026:12:05:30 +0800] "GET /wp-content/uploads/2026/05/1779059685-1Article_images_W900px-300x169.webp HTTP/1.1" 200 13520 "-" "Mozilla/5.0 (iPhone; CPU iPhone OS 13_2_3 like Mac OS X) AppleWebKit/605.1.15 (KHTML, like Gecko) Version/13.0.3 Mobile/15E148 Safari/604.1"
36.133.115.36 - - [13/Jun/2026:12:11:00 +0800] "POST /wp-cron.php?doing_wp_cron=1781323860.5982060432434082031250 HTTP/1.1" 200 31 "-" "WordPress/6.9; http://cqqizhou.com"
45.148.10.67 - - [13/Jun/2026:12:11:00 +0800] "GET / HTTP/1.1" 200 35196 "-" "Mozilla/5.0 (Windows NT 10.0; Win64; x64) AppleWebKit/537.36 (KHTML, like Gecko) Chrome/131.0.0.0 Safari/537.36"
36.133.115.36 - - [13/Jun/2026:12:15:38 +0800] "POST /wp-cron.php?doing_wp_cron=1781324138.7165169715881347656250 HTTP/1.1" 200 31 "-" "WordPress/6.9; http://cqqizhou.com"
111.14.246.106 - - [13/Jun/2026:12:15:38 +0800] "GET /news/2523 HTTP/1.1" 301 5 "http://cqqizhou.com/" "Mozilla/5.0 (Windows NT 10.0; Win64; x64) AppleWebKit/537.36 (KHTML, like Gecko) Chrome/120.0.0.0 Safari/537.36"
49.232.244.4 - - [13/Jun/2026:12:15:50 +0800] "GET /news/2523 HTTP/1.1" 301 5 "http://cqqizhou.com/" "Mozilla/5.0 (Windows NT 10.0; Win64; x64) AppleWebKit/537.36 (KHTML, like Gecko) Chrome/120.0.0.0 Safari/537.36"
111.14.246.106 - - [13/Jun/2026:12:15:50 +0800] "GET /news/2518/6article_images_w900px HTTP/1.1" 301 5 "http://cqqizhou.com/" "Mozilla/5.0 (Windows NT 10.0; Win64; x64) AppleWebKit/537.36 (KHTML, like Gecko) Chrome/120.0.0.0 Safari/537.36"
49.232.244.4 - - [13/Jun/2026:12:15:51 +0800] "GET /news/2518/6article_images_w900px HTTP/1.1" 301 5 "http://cqqizhou.com/" "Mozilla/5.0 (Windows NT 10.0; Win64; x64) AppleWebKit/537.36 (KHTML, like Gecko) Chrome/120.0.0.0 Safari/537.36"
49.232.244.4 - - [13/Jun/2026:12:15:51 +0800] "GET /wp-content/uploads/2026/03/1772790943-6Article_images_W900px.webp HTTP/1.1" 200 57278 "http://cqqizhou.com/" "Mozilla/5.0 (Windows NT 10.0; Win64; x64) AppleWebKit/537.36 (KHTML, like Gecko) Chrome/120.0.0.0 Safari/537.36"
36.133.115.36 - - [13/Jun/2026:12:26:07 +0800] "POST /wp-cron.php?doing_wp_cron=1781324767.7789859771728515625000 HTTP/1.1" 200 31 "-" "WordPress/6.9; http://cqqizhou.com"
43.164.196.244 - - [13/Jun/2026:12:26:07 +0800] "GET /wp-admin/admin-ajax.php HTTP/1.1" 400 11 "-" "Mozilla/5.0 (iPhone; CPU iPhone OS 13_2_3 like Mac OS X) AppleWebKit/605.1.15 (KHTML, like Gecko) Version/13.0.3 Mobile/15E148 Safari/604.1"
36.133.115.36 - - [13/Jun/2026:12:32:52 +0800] "POST /wp-cron.php?doing_wp_cron=1781325172.9494390487670898437500 HTTP/1.1" 200 31 "-" "WordPress/6.9; http://cqqizhou.com"
174.7.32.199 - - [13/Jun/2026:12:32:52 +0800] "GET / HTTP/1.1" 301 5 "-" "Mozilla/5.0 (Windows NT 10.0; Win64; x64) AppleWebKit/537.36 (KHTML, like Gecko) Chrome/140.0.0.0 Safari/537.36"
36.133.115.36 - - [13/Jun/2026:12:34:43 +0800] "POST /wp-cron.php?doing_wp_cron=1781325283.2405459880828857421875 HTTP/1.1" 200 31 "-" "WordPress/6.9; http://cqqizhou.com"
120.15.69.66 - - [13/Jun/2026:12:34:43 +0800] "GET /services/qzgyl@cq-qizhou.com HTTP/1.1" 404 9409 "-" "Mozilla/5.0 (Macintosh; Intel Mac OS X 10_15_7) AppleWebKit/537.36 (KHTML, like Gecko) Chrome/140.0.0.0 Safari/537.36"
36.133.115.36 - - [13/Jun/2026:12:49:13 +0800] "POST /wp-cron.php?doing_wp_cron=1781326153.3536539077758789062500 HTTP/1.1" 200 31 "-" "WordPress/6.9; http://cqqizhou.com"
66.249.73.228 - - [13/Jun/2026:12:49:13 +0800] "GET /robots.txt HTTP/1.1" 200 190 "-" "Mozilla/5.0 (compatible; Googlebot/2.1; +http://www.google.com/bot.html)"
66.249.73.230 - - [13/Jun/2026:12:49:14 +0800] "GET /company-news HTTP/1.1" 200 20391 "-" "Mozilla/5.0 (Linux; Android 6.0.1; Nexus 5X Build/MMB29P) AppleWebKit/537.36 (KHTML, like Gecko) Chrome/148.0.7778.96 Mobile Safari/537.36 (compatible; Googlebot/2.1; +http://www.google.com/bot.html)"
36.133.108.119 - - [13/Jun/2026:12:53:44 +0800] "GET /nonexistent-513405689.php?v=FEZg0tHU HTTP/1.1" 404 47 "-" "Scrapy/2.8.0 (+https://scrapy.org)"
36.133.115.36 - - [13/Jun/2026:13:11:53 +0800] "POST /wp-cron.php?doing_wp_cron=1781327513.3130090236663818359375 HTTP/1.1" 200 31 "-" "WordPress/6.9; http://cqqizhou.com"
205.169.39.18 - - [13/Jun/2026:13:11:53 +0800] "GET / HTTP/1.1" 301 5 "-" "Mozilla/5.0 (Windows NT 10.0; Win64; x64) AppleWebKit/537.36 (KHTML, like Gecko) Chrome/117.0.5938.132 Safari/537.36"
205.169.39.18 - - [13/Jun/2026:13:11:54 +0800] "GET / HTTP/1.1" 200 35637 "-" "Mozilla/5.0 (Windows NT 10.0; Win64; x64) AppleWebKit/537.36 (KHTML, like Gecko) Chrome/117.0.5938.132 Safari/537.36"
205.169.39.18 - - [13/Jun/2026:13:11:56 +0800] "GET /wp-content/uploads/2025/07/1751425283-qizhou.kf_.qq_.com_.webp HTTP/1.1" 200 16864 "http://cqqizhou.com/" "Mozilla/5.0 (Windows NT 10.0; Win64; x64) AppleWebKit/537.36 (KHTML, like Gecko) Chrome/117.0.5938.132 Safari/537.36"
205.169.39.18 - - [13/Jun/2026:13:11:58 +0800] "GET /wp-content/uploads/2025/07/1750174127-Marketing1920x800_3.webp HTTP/1.1" 200 52790 "http://cqqizhou.com/wp-content/uploads/elementor/css/post-1666.css?ver=1778295900" "Mozilla/5.0 (Windows NT 10.0; Win64; x64) AppleWebKit/537.36 (KHTML, like Gecko) Chrome/117.0.5938.132 Safari/537.36"
205.169.39.18 - - [13/Jun/2026:13:12:00 +0800] "GET /wp-content/uploads/2025/07/1753456723-%E5%8F%8C%E7%9B%B8%E9%92%A2roduct_Single600.webp HTTP/1.1" 200 22790 "http://cqqizhou.com/" "Mozilla/5.0 (Windows NT 10.0; Win64; x64) AppleWebKit/537.36 (KHTML, like Gecko) Chrome/117.0.5938.132 Safari/537.36"
205.169.39.18 - - [13/Jun/2026:13:12:00 +0800] "GET /wp-content/uploads/2025/07/1753453096-%E5%8F%8C%E7%9B%B8%E9%92%A2product_Single600%C3%97284.webp HTTP/1.1" 200 14562 "http://cqqizhou.com/" "Mozilla/5.0 (Windows NT 10.0; Win64; x64) AppleWebKit/537.36 (KHTML, like Gecko) Chrome/117.0.5938.132 Safari/537.36"
205.169.39.18 - - [13/Jun/2026:13:12:00 +0800] "GET /wp-content/uploads/2026/06/1780363378-1Article_images_W900px.webp HTTP/1.1" 200 62100 "http://cqqizhou.com/" "Mozilla/5.0 (Windows NT 10.0; Win64; x64) AppleWebKit/537.36 (KHTML, like Gecko) Chrome/117.0.5938.132 Safari/537.36"
205.169.39.18 - - [13/Jun/2026:13:12:01 +0800] "GET /wp-content/uploads/2025/07/1753453127-%E4%BD%99%E5%8D%B7product_Single600%C3%97284.webp HTTP/1.1" 200 18744 "http://cqqizhou.com/" "Mozilla/5.0 (Windows NT 10.0; Win64; x64) AppleWebKit/537.36 (KHTML, like Gecko) Chrome/117.0.5938.132 Safari/537.36"
205.169.39.18 - - [13/Jun/2026:13:12:01 +0800] "GET /wp-content/uploads/2025/07/1753456770-%E7%83%AD%E9%95%80%E9%94%8C%E5%8D%B7product_Single600.webp HTTP/1.1" 200 27502 "http://cqqizhou.com/" "Mozilla/5.0 (Windows NT 10.0; Win64; x64) AppleWebKit/537.36 (KHTML, like Gecko) Chrome/117.0.5938.132 Safari/537.36"
205.169.39.18 - - [13/Jun/2026:13:12:01 +0800] "GET /wp-content/uploads/2026/06/1780362799-1Article_images_W900px.webp HTTP/1.1" 200 61690 "http://cqqizhou.com/" "Mozilla/5.0 (Windows NT 10.0; Win64; x64) AppleWebKit/537.36 (KHTML, like Gecko) Chrome/117.0.5938.132 Safari/537.36"
205.169.39.18 - - [13/Jun/2026:13:12:01 +0800] "GET /wp-content/uploads/2026/05/1779925245-Article_images_W900px.webp HTTP/1.1" 200 27996 "http://cqqizhou.com/" "Mozilla/5.0 (Windows NT 10.0; Win64; x64) AppleWebKit/537.36 (KHTML, like Gecko) Chrome/117.0.5938.132 Safari/537.36"
205.169.39.18 - - [13/Jun/2026:13:12:01 +0800] "GET /wp-content/uploads/2026/05/1779957408-1Article_images_W900px.webp HTTP/1.1" 200 36526 "http://cqqizhou.com/" "Mozilla/5.0 (Windows NT 10.0; Win64; x64) AppleWebKit/537.36 (KHTML, like Gecko) Chrome/117.0.5938.132 Safari/537.36"
205.169.39.18 - - [13/Jun/2026:13:12:01 +0800] "GET /wp-content/uploads/2026/05/1779328461-1Article_images_W900px.webp HTTP/1.1" 200 37908 "http://cqqizhou.com/" "Mozilla/5.0 (Windows NT 10.0; Win64; x64) AppleWebKit/537.36 (KHTML, like Gecko) Chrome/117.0.5938.132 Safari/537.36"
205.169.39.18 - - [13/Jun/2026:13:12:02 +0800] "GET /wp-content/uploads/2025/12/1765268955-qizhou_Slider1_3840%C3%972160_20251210-scaled.webp HTTP/1.1" 200 152162 "http://cqqizhou.com/" "Mozilla/5.0 (Windows NT 10.0; Win64; x64) AppleWebKit/537.36 (KHTML, like Gecko) Chrome/117.0.5938.132 Safari/537.36"
205.169.39.18 - - [13/Jun/2026:13:12:02 +0800] "GET /wp-content/uploads/revslider/slider-1/1750861156-logistics_Slider_3840%C3%972160_20250625191356-scaled-50x100.webp HTTP/1.1" 200 1416 "http://cqqizhou.com/" "Mozilla/5.0 (Windows NT 10.0; Win64; x64) AppleWebKit/537.36 (KHTML, like Gecko) Chrome/117.0.5938.132 Safari/537.36"
205.169.39.18 - - [13/Jun/2026:13:12:03 +0800] "GET /wp-content/uploads/revslider/slider-1/1750861156-logistics_Slider_3840%C3%972160_20250625191356-scaled-50x100.webp HTTP/1.1" 200 1416 "http://cqqizhou.com/" "Mozilla/5.0 (Windows NT 10.0; Win64; x64) AppleWebKit/537.36 (KHTML, like Gecko) Chrome/117.0.5938.132 Safari/537.36"
205.169.39.18 - - [13/Jun/2026:13:12:03 +0800] "GET /wp-content/uploads/2026/01/1768276119-qizhoujiagong_Slider_3840%C3%972160_20260113-scaled-50x100.webp HTTP/1.1" 200 976 "http://cqqizhou.com/" "Mozilla/5.0 (Windows NT 10.0; Win64; x64) AppleWebKit/537.36 (KHTML, like Gecko) Chrome/117.0.5938.132 Safari/537.36"
205.169.39.18 - - [13/Jun/2026:13:12:03 +0800] "GET /wp-content/uploads/2026/01/1768276119-qizhoujiagong_Slider_3840%C3%972160_20260113-scaled-50x100.webp HTTP/1.1" 200 976 "http://cqqizhou.com/" "Mozilla/5.0 (Windows NT 10.0; Win64; x64) AppleWebKit/537.36 (KHTML, like Gecko) Chrome/117.0.5938.132 Safari/537.36"
205.169.39.18 - - [13/Jun/2026:13:12:03 +0800] "GET /wp-json/sliderrevolution/sliders/1?srengine=7&slideid=4 HTTP/1.1" 200 2580 "http://cqqizhou.com/" "Mozilla/5.0 (Windows NT 10.0; Win64; x64) AppleWebKit/537.36 (KHTML, like Gecko) Chrome/117.0.5938.132 Safari/537.36"
205.169.39.18 - - [13/Jun/2026:13:12:03 +0800] "GET /wp-json/sliderrevolution/sliders/1?srengine=7&slideid=2 HTTP/1.1" 200 2000 "http://cqqizhou.com/" "Mozilla/5.0 (Windows NT 10.0; Win64; x64) AppleWebKit/537.36 (KHTML, like Gecko) Chrome/117.0.5938.132 Safari/537.36"
205.169.39.18 - - [13/Jun/2026:13:12:03 +0800] "GET /wp-content/uploads/2026/01/1768276119-qizhoujiagong_Slider_3840%C3%972160_20260113-scaled.webp HTTP/1.1" 200 131696 "http://cqqizhou.com/" "Mozilla/5.0 (Windows NT 10.0; Win64; x64) AppleWebKit/537.36 (KHTML, like Gecko) Chrome/117.0.5938.132 Safari/537.36"
205.169.39.18 - - [13/Jun/2026:13:12:05 +0800] "GET /wp-content/uploads/revslider/slider-1/1750861156-logistics_Slider_3840%C3%972160_20250625191356-scaled.webp HTTP/1.1" 200 197360 "http://cqqizhou.com/" "Mozilla/5.0 (Windows NT 10.0; Win64; x64) AppleWebKit/537.36 (KHTML, like Gecko) Chrome/117.0.5938.132 Safari/537.36"
205.169.39.18 - - [13/Jun/2026:13:12:11 +0800] "GET /wp-content/uploads/2025/12/1765268955-qizhou_Slider1_3840%C3%972160_20251210-scaled-50x100.webp HTTP/1.1" 200 1812 "http://cqqizhou.com/" "Mozilla/5.0 (X11; Linux x86_64) AppleWebKit/537.36 (KHTML, like Gecko) HeadlessChrome/127.0.6533.119 Safari/537.36"
36.133.115.36 - - [13/Jun/2026:13:22:06 +0800] "POST /wp-cron.php?doing_wp_cron=1781328126.7431840896606445312500 HTTP/1.1" 200 31 "-" "WordPress/6.9; http://cqqizhou.com"
54.39.136.159 - - [13/Jun/2026:13:22:06 +0800] "GET /portfolio/ HTTP/1.1" 404 9409 "-" "Mozilla/5.0 (compatible; AhrefsBot/7.0; +http://ahrefs.com/robot/)"
36.133.115.36 - - [13/Jun/2026:13:25:12 +0800] "POST /wp-cron.php?doing_wp_cron=1781328312.4579389095306396484375 HTTP/1.1" 200 31 "-" "WordPress/6.9; http://cqqizhou.com"
216.244.66.245 - - [13/Jun/2026:13:25:12 +0800] "GET /robots.txt HTTP/1.1" 200 390 "-" "Mozilla/5.0 (compatible; DotBot/1.2; +https://opensiteexplorer.org/dotbot; help@moz.com)"
36.133.115.36 - - [13/Jun/2026:13:27:02 +0800] "POST /wp-cron.php?doing_wp_cron=1781328422.1538510322570800781250 HTTP/1.1" 200 31 "-" "WordPress/6.9; http://cqqizhou.com"
43.164.0.21 - - [13/Jun/2026:13:27:02 +0800] "GET / HTTP/1.1" 301 5 "-" "Mozilla/5.0 (iPhone; CPU iPhone OS 13_2_3 like Mac OS X) AppleWebKit/605.1.15 (KHTML, like Gecko) Version/13.0.3 Mobile/15E148 Safari/604.1"
43.164.0.21 - - [13/Jun/2026:13:27:03 +0800] "GET / HTTP/1.1" 200 35196 "http://www.cqqizhou.com" "Mozilla/5.0 (iPhone; CPU iPhone OS 13_2_3 like Mac OS X) AppleWebKit/605.1.15 (KHTML, like Gecko) Version/13.0.3 Mobile/15E148 Safari/604.1"
216.244.66.245 - - [13/Jun/2026:13:31:00 +0800] "GET /about HTTP/1.1" 200 108884 "-" "Mozilla/5.0 (compatible; DotBot/1.2; +https://opensiteexplorer.org/dotbot; help@moz.com)"
36.133.115.36 - - [13/Jun/2026:13:32:32 +0800] "POST /wp-cron.php?doing_wp_cron=1781328752.0226991176605224609375 HTTP/1.1" 200 31 "-" "WordPress/6.9; http://cqqizhou.com"
160.119.71.20 - - [13/Jun/2026:13:32:32 +0800] "GET / HTTP/1.0" 200 109870 "-" "Mozilla/5.0 (X11; Ubuntu; Linux x86_64; rv:71.0) Gecko/20100101 Firefox/71.0"
36.133.115.36 - - [13/Jun/2026:13:35:07 +0800] "POST /wp-cron.php?doing_wp_cron=1781328907.1424269676208496093750 HTTP/1.1" 200 31 "-" "WordPress/6.9; http://cqqizhou.com"
216.180.246.198 - - [13/Jun/2026:13:35:07 +0800] "GET / HTTP/1.0" 301 0 "-" "Mozilla/5.0 (compatible; GenomeCrawlerd/1.0; +https://www.nokia.com/genomecrawler)"
36.133.115.36 - - [13/Jun/2026:13:36:34 +0800] "POST /wp-cron.php?doing_wp_cron=1781328994.5293369293212890625000 HTTP/1.1" 200 31 "-" "WordPress/6.9; http://cqqizhou.com"
216.180.246.198 - - [13/Jun/2026:13:36:34 +0800] "GET / HTTP/1.1" 301 5 "-" "Mozilla/5.0 (compatible; GenomeCrawlerd/1.0; +https://www.nokia.com/genomecrawler)"
36.133.115.36 - - [13/Jun/2026:13:37:51 +0800] "POST /wp-cron.php?doing_wp_cron=1781329071.6557629108428955078125 HTTP/1.1" 200 31 "-" "WordPress/6.9; http://cqqizhou.com"
216.180.246.198 - - [13/Jun/2026:13:37:51 +0800] "GET / HTTP/1.0" 301 0 "-" "-"
36.133.115.36 - - [13/Jun/2026:13:41:18 +0800] "POST /wp-cron.php?doing_wp_cron=1781329278.3253729343414306640625 HTTP/1.1" 200 31 "-" "WordPress/6.9; http://cqqizhou.com"
119.41.201.183 - - [13/Jun/2026:13:41:18 +0800] "GET /logistics/ HTTP/1.1" 301 5 "-" "Mozilla/5.0 (Windows NT 10.0; Win64; x64) AppleWebKit/537.36 (KHTML, like Gecko) Chrome/111.0.0.0 Safari/537.36"
116.234.189.90 - - [13/Jun/2026:13:41:19 +0800] "GET /logistics HTTP/1.1" 200 26175 "-" "Mozilla/5.0 (Windows NT 10.0; Win64; x64) AppleWebKit/537.36 (KHTML, like Gecko) Chrome/111.0.0.0 Safari/537.36"
101.32.52.164 - - [13/Jun/2026:13:45:02 +0800] "GET /wp-content/uploads/2025/07/1751425283-qizhou.kf_.qq_.com_.webp HTTP/1.1" 200 16864 "-" "Mozilla/5.0 (iPhone; CPU iPhone OS 13_2_3 like Mac OS X) AppleWebKit/605.1.15 (KHTML, like Gecko) Version/13.0.3 Mobile/15E148 Safari/604.1"
36.133.115.36 - - [13/Jun/2026:14:13:46 +0800] "POST /wp-cron.php?doing_wp_cron=1781331226.3869450092315673828125 HTTP/1.1" 200 31 "-" "WordPress/6.9; http://cqqizhou.com"
43.134.92.251 - - [13/Jun/2026:14:13:46 +0800] "GET /contacts HTTP/1.1" 200 19099 "-" "Mozilla/5.0 (iPhone; CPU iPhone OS 13_2_3 like Mac OS X) AppleWebKit/605.1.15 (KHTML, like Gecko) Version/13.0.3 Mobile/15E148 Safari/604.1"
183.189.132.229 - - [13/Jun/2026:14:21:30 +0800] "GET / HTTP/1.1" 200 35637 "-" "Mozilla/5.0 (Macintosh; Intel Mac OS X 10_15_7) AppleWebKit/537.36 (KHTML, like Gecko) Chrome/106.0.0.0 Safari/537.36"
36.133.115.36 - - [13/Jun/2026:14:21:33 +0800] "POST /wp-cron.php?doing_wp_cron=1781331693.1932449340820312500000 HTTP/1.1" 200 31 "-" "WordPress/6.9; http://cqqizhou.com"
43.156.96.212 - - [13/Jun/2026:14:21:33 +0800] "GET /services HTTP/1.1" 200 26366 "-" "Mozilla/5.0 (iPhone; CPU iPhone OS 13_2_3 like Mac OS X) AppleWebKit/605.1.15 (KHTML, like Gecko) Version/13.0.3 Mobile/15E148 Safari/604.1"
36.133.115.36 - - [13/Jun/2026:14:30:37 +0800] "POST /wp-cron.php?doing_wp_cron=1781332237.5952970981597900390625 HTTP/1.1" 200 31 "-" "WordPress/6.9; http://cqqizhou.com"
43.158.91.71 - - [13/Jun/2026:14:30:37 +0800] "GET / HTTP/1.1" 200 35196 "-" "Mozilla/5.0 (iPhone; CPU iPhone OS 13_2_3 like Mac OS X) AppleWebKit/605.1.15 (KHTML, like Gecko) Version/13.0.3 Mobile/15E148 Safari/604.1"
36.133.115.36 - - [13/Jun/2026:14:42:09 +0800] "POST /wp-cron.php?doing_wp_cron=1781332929.2167448997497558593750 HTTP/1.1" 200 31 "-" "WordPress/6.9; http://cqqizhou.com"
43.159.128.237 - - [13/Jun/2026:14:42:09 +0800] "GET /wp-json/oembed/1.0/embed?url=http%3A%2F%2Fcqqizhou.com%2Fcontacts HTTP/1.1" 200 1144 "-" "Mozilla/5.0 (iPhone; CPU iPhone OS 13_2_3 like Mac OS X) AppleWebKit/605.1.15 (KHTML, like Gecko) Version/13.0.3 Mobile/15E148 Safari/604.1"
36.133.115.36 - - [13/Jun/2026:14:42:17 +0800] "POST /wp-cron.php HTTP/1.1" 200 31 "-" "WordPress/6.9; http://cqqizhou.com"
36.133.115.36 - - [13/Jun/2026:14:42:17 +0800] "GET / HTTP/1.1" 200 35637 "-" "WordPress/6.9; http://cqqizhou.com"
36.133.115.36 - - [13/Jun/2026:14:42:17 +0800] "GET / HTTP/1.1" 200 35637 "-" "WordPress/6.9; http://cqqizhou.com"
36.133.115.36 - - [13/Jun/2026:14:42:17 +0800] "GET / HTTP/1.1" 200 35637 "-" "WordPress/6.9; http://cqqizhou.com"
43.166.255.122 - - [13/Jun/2026:14:50:23 +0800] "GET /wp-content/uploads/2025/07/1750005875-qizhou_map2025616.webp HTTP/1.1" 200 348798 "-" "Mozilla/5.0 (iPhone; CPU iPhone OS 13_2_3 like Mac OS X) AppleWebKit/605.1.15 (KHTML, like Gecko) Version/13.0.3 Mobile/15E148 Safari/604.1"
36.133.115.36 - - [13/Jun/2026:14:55:37 +0800] "POST /wp-cron.php?doing_wp_cron=1781333737.3902781009674072265625 HTTP/1.1" 200 31 "-" "WordPress/6.9; http://cqqizhou.com"
216.244.66.245 - - [13/Jun/2026:14:55:37 +0800] "GET /robots.txt HTTP/1.1" 200 390 "-" "Mozilla/5.0 (compatible; DotBot/1.2; +https://opensiteexplorer.org/dotbot; help@moz.com)"
216.244.66.245 - - [13/Jun/2026:15:02:33 +0800] "GET /news/2420 HTTP/1.1" 200 85237 "-" "Mozilla/5.0 (compatible; DotBot/1.2; +https://opensiteexplorer.org/dotbot; help@moz.com)"
43.156.67.44 - - [13/Jun/2026:15:02:47 +0800] "GET /wp-content/uploads/2025/11/1762826323-Contacts2000x400_20251111.webp HTTP/1.1" 200 15144 "-" "Mozilla/5.0 (iPhone; CPU iPhone OS 13_2_3 like Mac OS X) AppleWebKit/605.1.15 (KHTML, like Gecko) Version/13.0.3 Mobile/15E148 Safari/604.1"
36.133.115.36 - - [13/Jun/2026:15:05:01 +0800] "POST /wp-cron.php?doing_wp_cron=1781334301.7023520469665527343750 HTTP/1.1" 200 31 "-" "WordPress/6.9; http://cqqizhou.com"
129.211.229.121 - - [13/Jun/2026:15:05:01 +0800] "GET / HTTP/1.1" 200 35195 "-" "Mozilla/5.0 (iPhone; CPU iPhone OS 13_2_3 like Mac OS X) AppleWebKit/605.1.15 (KHTML, like Gecko) Version/13.0.3 Mobile/15E148 Safari/604.1"
170.106.110.146 - - [13/Jun/2026:15:08:13 +0800] "GET /wp-content/uploads/2025/12/1764853157-ISO3-731x1024.webp HTTP/1.1" 200 105856 "-" "Mozilla/5.0 (iPhone; CPU iPhone OS 13_2_3 like Mac OS X) AppleWebKit/605.1.15 (KHTML, like Gecko) Version/13.0.3 Mobile/15E148 Safari/604.1"
43.160.240.216 - - [13/Jun/2026:15:22:16 +0800] "GET /wp-content/uploads/2025/12/1764853152-ISO1-214x300.webp HTTP/1.1" 200 13812 "-" "Mozilla/5.0 (iPhone; CPU iPhone OS 13_2_3 like Mac OS X) AppleWebKit/605.1.15 (KHTML, like Gecko) Version/13.0.3 Mobile/15E148 Safari/604.1"
36.133.108.125 - - [13/Jun/2026:15:23:02 +0800] "HEAD /www/vendor/phpunit/phpunit/src/Util/PHP/eval-stdin.php HTTP/1.1" 404 0 "-" "Mozilla/5.0 (Windows NT 6.1; WOW64; rv:31.0) Gecko/20130401 Firefox/31.0"
142.44.220.9 - - [13/Jun/2026:15:34:57 +0800] "GET /news/2163 HTTP/1.1" 200 24547 "-" "Mozilla/5.0 (compatible; AhrefsBot/7.0; +http://ahrefs.com/robot/)"
36.133.115.36 - - [13/Jun/2026:15:41:43 +0800] "POST /wp-cron.php?doing_wp_cron=1781336503.7165520191192626953125 HTTP/1.1" 200 31 "-" "WordPress/6.9; http://cqqizhou.com"
43.166.242.189 - - [13/Jun/2026:15:41:43 +0800] "GET / HTTP/1.1" 200 35195 "-" "Mozilla/5.0 (iPhone; CPU iPhone OS 13_2_3 like Mac OS X) AppleWebKit/605.1.15 (KHTML, like Gecko) Version/13.0.3 Mobile/15E148 Safari/604.1"
36.133.115.36 - - [13/Jun/2026:15:48:27 +0800] "POST /wp-cron.php?doing_wp_cron=1781336907.1887340545654296875000 HTTP/1.1" 200 31 "-" "WordPress/6.9; http://cqqizhou.com"
43.166.255.122 - - [13/Jun/2026:15:48:27 +0800] "GET / HTTP/1.1" 200 35195 "-" "Mozilla/5.0 (iPhone; CPU iPhone OS 13_2_3 like Mac OS X) AppleWebKit/605.1.15 (KHTML, like Gecko) Version/13.0.3 Mobile/15E148 Safari/604.1"
36.133.115.36 - - [13/Jun/2026:15:53:52 +0800] "POST /wp-cron.php?doing_wp_cron=1781337232.0884339809417724609375 HTTP/1.1" 200 31 "-" "WordPress/6.9; http://cqqizhou.com"
110.249.202.241 - - [13/Jun/2026:15:53:52 +0800] "GET /robots.txt HTTP/1.1" 200 190 "-" "Mozilla/5.0 (Linux; Android 5.0) AppleWebKit/537.36 (KHTML, like Gecko) Mobile Safari/537.36 (compatible; Bytespider; https://zhanzhang.toutiao.com/)"
36.133.115.36 - - [13/Jun/2026:15:54:46 +0800] "POST /wp-cron.php?doing_wp_cron=1781337285.9645900726318359375000 HTTP/1.1" 200 31 "-" "WordPress/6.9; http://cqqizhou.com"
192.36.109.98 - - [13/Jun/2026:15:54:46 +0800] "GET / HTTP/1.1" 200 35196 "-" "Mozilla/5.0 (iPhone; CPU iPhone OS 17_1_2 like Mac OS X) AppleWebKit/605.1.15 (KHTML, like Gecko) Version/17.1.2 Mobile/15E148 Safari/604"
192.36.109.99 - - [13/Jun/2026:15:54:48 +0800] "GET /news/portfolio/%e5%86%b7%e8%bd%a7%e6%9d%bf HTTP/1.1" 200 19309 "-" "Mozilla/5.0 (iPhone; CPU iPhone OS 17_1_2 like Mac OS X) AppleWebKit/605.1.15 (KHTML, like Gecko) Version/17.1.2 Mobile/15E148 Safari/604"
192.36.109.73 - - [13/Jun/2026:15:54:49 +0800] "GET /news/portfolio-category/dual-phase-steel HTTP/1.1" 200 18310 "-" "Mozilla/5.0 (iPhone; CPU iPhone OS 17_1_2 like Mac OS X) AppleWebKit/605.1.15 (KHTML, like Gecko) Version/17.1.2 Mobile/15E148 Safari/604"
54.39.0.171 - - [13/Jun/2026:16:25:12 +0800] "GET /news/2418 HTTP/1.1" 200 27927 "-" "Mozilla/5.0 (compatible; AhrefsBot/7.0; +http://ahrefs.com/robot/)"
36.133.115.36 - - [13/Jun/2026:16:25:17 +0800] "POST /wp-cron.php?doing_wp_cron=1781339117.3165140151977539062500 HTTP/1.1" 200 31 "-" "WordPress/6.9; http://cqqizhou.com"
216.244.66.245 - - [13/Jun/2026:16:25:17 +0800] "GET /robots.txt HTTP/1.1" 200 390 "-" "Mozilla/5.0 (compatible; DotBot/1.2; +https://opensiteexplorer.org/dotbot; help@moz.com)"
36.133.115.36 - - [13/Jun/2026:16:29:52 +0800] "POST /wp-cron.php?doing_wp_cron=1781339392.9119460582733154296875 HTTP/1.1" 200 31 "-" "WordPress/6.9; http://cqqizhou.com"
44.243.89.24 - - [13/Jun/2026:16:29:52 +0800] "GET / HTTP/1.1" 301 5 "-" "Mozilla/5.0 (Macintosh; Intel Mac OS X 10_11_5) AppleWebKit/537.36 (KHTML, like Gecko) Chrome/50.0.2661.102 Safari/537.36"
36.133.115.36 - - [13/Jun/2026:16:31:56 +0800] "POST /wp-cron.php?doing_wp_cron=1781339516.7647960186004638671875 HTTP/1.1" 200 31 "-" "WordPress/6.9; http://cqqizhou.com"
216.244.66.245 - - [13/Jun/2026:16:31:57 +0800] "GET /media/2 HTTP/1.1" 200 120998 "-" "Mozilla/5.0 (compatible; DotBot/1.2; +https://opensiteexplorer.org/dotbot; help@moz.com)"
208.84.101.127 - - [13/Jun/2026:16:51:02 +0800] "GET / HTTP/1.1" 200 35637 "-" "Mozilla/5.0 (X11; Linux x86_64; rv:150.0) Gecko/20100101 Firefox/150.0"
208.84.101.127 - - [13/Jun/2026:16:51:09 +0800] "GET /config/gcp.json HTTP/1.1" 404 9410 "-" "Mozilla/5.0 (Windows NT 10.0; Win64; x64) AppleWebKit/537.36 (KHTML, like Gecko) Chrome/146.0.0.0 Safari/537.36 Edg/146.0.0.0"
208.84.101.127 - - [13/Jun/2026:16:51:09 +0800] "GET /google_service_app.json HTTP/1.1" 404 9410 "-" "Mozilla/5.0 (Macintosh; Intel Mac OS X 10_15_7) AppleWebKit/537.36 (KHTML, like Gecko) Chrome/146.0.0.0 Safari/537.36"
208.84.101.127 - - [13/Jun/2026:16:51:09 +0800] "GET /credentials.json HTTP/1.1" 404 9410 "-" "Mozilla/5.0 (Windows NT 10.0; Win64; x64; rv:150.0) Gecko/20100101 Firefox/150.0"
208.84.101.127 - - [13/Jun/2026:16:51:09 +0800] "GET /sa-private-key.json HTTP/1.1" 404 9410 "-" "Mozilla/5.0 (Windows NT 10.0; Win64; x64) AppleWebKit/537.36 (KHTML, like Gecko) Chrome/147.0.0.0 Safari/537.36"
208.84.101.127 - - [13/Jun/2026:16:51:09 +0800] "GET /secrets/service-account.json HTTP/1.1" 404 9410 "-" "Mozilla/5.0 (iPhone; CPU iPhone OS 18_4 like Mac OS X) AppleWebKit/605.1.15 (KHTML, like Gecko) Version/18.4 Mobile/15E148 Safari/604.1"
208.84.101.127 - - [13/Jun/2026:16:51:09 +0800] "GET /api/.env HTTP/1.1" 404 9410 "-" "Mozilla/5.0 (Windows NT 10.0; Win64; x64) AppleWebKit/537.36 (KHTML, like Gecko) Chrome/147.0.0.0 Safari/537.36 Edg/147.0.0.0"
208.84.101.127 - - [13/Jun/2026:16:51:09 +0800] "GET /gcp_key.json HTTP/1.1" 404 9410 "-" "Mozilla/5.0 (Windows NT 10.0; Win64; x64; rv:150.0) Gecko/20100101 Firefox/150.0"
208.84.101.127 - - [13/Jun/2026:16:51:09 +0800] "GET /firebase.json HTTP/1.1" 404 9410 "-" "Mozilla/5.0 (X11; Linux x86_64; rv:150.0) Gecko/20100101 Firefox/150.0"
208.84.101.127 - - [13/Jun/2026:16:51:09 +0800] "GET /serviceAccountKey.json HTTP/1.1" 404 9410 "-" "Mozilla/5.0 (Macintosh; Intel Mac OS X 10.15; rv:150.0) Gecko/20100101 Firefox/150.0"
208.84.101.127 - - [13/Jun/2026:16:51:09 +0800] "GET /config/service-account.json HTTP/1.1" 404 9410 "-" "Mozilla/5.0 (Windows NT 10.0; Win64; x64) AppleWebKit/537.36 (KHTML, like Gecko) Chrome/147.0.0.0 Safari/537.36 Edg/147.0.0.0"
208.84.101.127 - - [13/Jun/2026:16:51:09 +0800] "GET /client_secret.json HTTP/1.1" 404 9410 "-" "Mozilla/5.0 (iPhone; CPU iPhone OS 18_4 like Mac OS X) AppleWebKit/605.1.15 (KHTML, like Gecko) Version/18.4 Mobile/15E148 Safari/604.1"
208.84.101.127 - - [13/Jun/2026:16:51:09 +0800] "GET /serviceAccount.json HTTP/1.1" 404 9410 "-" "Mozilla/5.0 (Macintosh; Intel Mac OS X 10.15; rv:150.0) Gecko/20100101 Firefox/150.0"
208.84.101.127 - - [13/Jun/2026:16:51:09 +0800] "GET /service-account-key.json HTTP/1.1" 404 9410 "-" "Mozilla/5.0 (Windows NT 10.0; Win64; x64) AppleWebKit/537.36 (KHTML, like Gecko) Chrome/146.0.0.0 Safari/537.36 Edg/146.0.0.0"
208.84.101.127 - - [13/Jun/2026:16:51:09 +0800] "GET /google_key.json HTTP/1.1" 404 9410 "-" "Mozilla/5.0 (Windows NT 10.0; Win64; x64) AppleWebKit/537.36 (KHTML, like Gecko) Chrome/146.0.0.0 Safari/537.36"
208.84.101.127 - - [13/Jun/2026:16:51:09 +0800] "GET /.env.old HTTP/1.1" 404 9410 "-" "Mozilla/5.0 (X11; Linux x86_64; rv:150.0) Gecko/20100101 Firefox/150.0"
208.84.101.127 - - [13/Jun/2026:16:51:09 +0800] "GET /firebase_credentials.json HTTP/1.1" 404 9410 "-" "Mozilla/5.0 (X11; Linux x86_64) AppleWebKit/537.36 (KHTML, like Gecko) Chrome/147.0.0.0 Safari/537.36"
208.84.101.127 - - [13/Jun/2026:16:51:09 +0800] "GET /sa-key.json HTTP/1.1" 404 9410 "-" "Mozilla/5.0 (Macintosh; Intel Mac OS X 10_15_7) AppleWebKit/605.1.15 (KHTML, like Gecko) Version/18.3 Safari/605.1.15"
208.84.101.127 - - [13/Jun/2026:16:51:09 +0800] "GET /.env HTTP/1.1" 404 9410 "-" "Mozilla/5.0 (Macintosh; Intel Mac OS X 10_15_7) AppleWebKit/537.36 (KHTML, like Gecko) Chrome/147.0.0.0 Safari/537.36"
208.84.101.127 - - [13/Jun/2026:16:51:09 +0800] "GET /.openclaw/openclaw.json HTTP/1.1" 404 9410 "-" "Mozilla/5.0 (Macintosh; Intel Mac OS X 10_15_7) AppleWebKit/537.36 (KHTML, like Gecko) Chrome/146.0.0.0 Safari/537.36"
36.133.115.36 - - [13/Jun/2026:16:51:09 +0800] "POST /wp-cron.php?doing_wp_cron=1781340668.7049310207366943359375 HTTP/1.1" 499 0 "-" "WordPress/6.9; http://cqqizhou.com"
208.84.101.127 - - [13/Jun/2026:16:51:09 +0800] "GET /google-service-account.json HTTP/1.1" 404 9410 "-" "Mozilla/5.0 (X11; Linux x86_64; rv:149.0) Gecko/20100101 Firefox/149.0"
208.84.101.127 - - [13/Jun/2026:16:51:09 +0800] "GET /google-application-credentials.json HTTP/1.1" 404 9410 "-" "Mozilla/5.0 (Macintosh; Intel Mac OS X 10_15_7) AppleWebKit/537.36 (KHTML, like Gecko) Chrome/147.0.0.0 Safari/537.36 Edg/147.0.0.0"
208.84.101.127 - - [13/Jun/2026:16:51:09 +0800] "GET /.env.development HTTP/1.1" 404 9410 "-" "Mozilla/5.0 (Windows NT 10.0; Win64; x64) AppleWebKit/537.36 (KHTML, like Gecko) Chrome/145.0.0.0 Safari/537.36"
208.84.101.127 - - [13/Jun/2026:16:51:09 +0800] "GET /api/client_secret.json HTTP/1.1" 200 25264 "-" "Mozilla/5.0 (Macintosh; Intel Mac OS X 10_15_7) AppleWebKit/605.1.15 (KHTML, like Gecko) Version/18.3 Safari/605.1.15"
208.84.101.127 - - [13/Jun/2026:16:51:09 +0800] "GET /serviceAccountCredentials.json HTTP/1.1" 404 9410 "-" "Mozilla/5.0 (X11; Linux x86_64; rv:150.0) Gecko/20100101 Firefox/150.0"
208.84.101.127 - - [13/Jun/2026:16:51:09 +0800] "GET /.env.test HTTP/1.1" 404 9410 "-" "Mozilla/5.0 (Macintosh; Intel Mac OS X 10.15; rv:150.0) Gecko/20100101 Firefox/150.0"
208.84.101.127 - - [13/Jun/2026:16:51:10 +0800] "GET /gcloud-service-key.json HTTP/1.1" 404 9410 "-" "Mozilla/5.0 (Macintosh; Intel Mac OS X 10_15_7) AppleWebKit/537.36 (KHTML, like Gecko) Chrome/147.0.0.0 Safari/537.36"
208.84.101.127 - - [13/Jun/2026:16:51:10 +0800] "GET /backend/.env HTTP/1.1" 404 9410 "-" "Mozilla/5.0 (Macintosh; Intel Mac OS X 10_15_7) AppleWebKit/537.36 (KHTML, like Gecko) Chrome/147.0.0.0 Safari/537.36 Edg/147.0.0.0"
208.84.101.127 - - [13/Jun/2026:16:51:10 +0800] "GET /key.json HTTP/1.1" 404 9407 "-" "Mozilla/5.0 (Macintosh; Intel Mac OS X 10_15_7) AppleWebKit/605.1.15 (KHTML, like Gecko) Version/18.4 Safari/605.1.15"
208.84.101.127 - - [13/Jun/2026:16:51:10 +0800] "GET /firebase-credentials.json HTTP/1.1" 404 9407 "-" "Mozilla/5.0 (Windows NT 10.0; Win64; x64; rv:149.0) Gecko/20100101 Firefox/149.0"
208.84.101.127 - - [13/Jun/2026:16:51:10 +0800] "GET /secrets.json HTTP/1.1" 404 9407 "-" "Mozilla/5.0 (Windows NT 10.0; Win64; x64; rv:149.0) Gecko/20100101 Firefox/149.0"
208.84.101.127 - - [13/Jun/2026:16:51:10 +0800] "GET /client_secrets.json HTTP/1.1" 404 9407 "-" "Mozilla/5.0 (Windows NT 10.0; Win64; x64) AppleWebKit/537.36 (KHTML, like Gecko) Chrome/147.0.0.0 Safari/537.36"
208.84.101.127 - - [13/Jun/2026:16:51:10 +0800] "GET /config.json HTTP/1.1" 404 9407 "-" "Mozilla/5.0 (X11; Linux x86_64; rv:150.0) Gecko/20100101 Firefox/150.0"
208.84.101.127 - - [13/Jun/2026:16:51:10 +0800] "GET /firebase-service-account.json HTTP/1.1" 404 9407 "-" "Mozilla/5.0 (Windows NT 10.0; Win64; x64) AppleWebKit/537.36 (KHTML, like Gecko) Chrome/147.0.0.0 Safari/537.36 Edg/147.0.0.0"
208.84.101.127 - - [13/Jun/2026:16:51:10 +0800] "GET /.env.production HTTP/1.1" 404 9407 "-" "Mozilla/5.0 (Windows NT 10.0; Win64; x64) AppleWebKit/537.36 (KHTML, like Gecko) Chrome/146.0.0.0 Safari/537.36"
208.84.101.127 - - [13/Jun/2026:16:51:10 +0800] "GET /service-account-config.json HTTP/1.1" 404 9407 "-" "Mozilla/5.0 (Windows NT 10.0; Win64; x64) AppleWebKit/537.36 (KHTML, like Gecko) Chrome/145.0.0.0 Safari/537.36"
208.84.101.127 - - [13/Jun/2026:16:51:10 +0800] "GET /google_credentials.json HTTP/1.1" 404 9407 "-" "Mozilla/5.0 (X11; Linux x86_64) AppleWebKit/537.36 (KHTML, like Gecko) Chrome/147.0.0.0 Safari/537.36"
208.84.101.127 - - [13/Jun/2026:16:51:10 +0800] "GET /.gcp/credentials.json HTTP/1.1" 404 9407 "-" "Mozilla/5.0 (Windows NT 10.0; Win64; x64) AppleWebKit/537.36 (KHTML, like Gecko) Chrome/146.0.0.0 Safari/537.36"
208.84.101.127 - - [13/Jun/2026:16:51:12 +0800] "GET /appsettings.Development.json HTTP/1.1" 404 9409 "-" "Mozilla/5.0 (Windows NT 10.0; Win64; x64; rv:149.0) Gecko/20100101 Firefox/149.0"
208.84.101.127 - - [13/Jun/2026:16:51:12 +0800] "GET /.kube/config HTTP/1.1" 404 9409 "-" "Mozilla/5.0 (Windows NT 10.0; Win64; x64) AppleWebKit/537.36 (KHTML, like Gecko) Chrome/145.0.0.0 Safari/537.36"
208.84.101.127 - - [13/Jun/2026:16:51:12 +0800] "GET /.env.save HTTP/1.1" 404 9409 "-" "Mozilla/5.0 (Windows NT 10.0; Win64; x64; rv:149.0) Gecko/20100101 Firefox/149.0"
208.84.101.127 - - [13/Jun/2026:16:51:13 +0800] "GET /config/credentials.json HTTP/1.1" 404 9409 "-" "Mozilla/5.0 (X11; Linux x86_64; rv:149.0) Gecko/20100101 Firefox/149.0"
208.84.101.127 - - [13/Jun/2026:16:51:13 +0800] "GET /config/default.json HTTP/1.1" 404 9409 "-" "Mozilla/5.0 (Windows NT 10.0; Win64; x64) AppleWebKit/537.36 (KHTML, like Gecko) Chrome/147.0.0.0 Safari/537.36 Edg/147.0.0.0"
208.84.101.127 - - [13/Jun/2026:16:51:13 +0800] "GET /app/credentials.json HTTP/1.1" 404 9409 "-" "Mozilla/5.0 (Windows NT 10.0; Win64; x64; rv:149.0) Gecko/20100101 Firefox/149.0"
208.84.101.127 - - [13/Jun/2026:16:51:13 +0800] "GET /auth/service_key.json HTTP/1.1" 404 9409 "-" "Mozilla/5.0 (X11; Linux x86_64) AppleWebKit/537.36 (KHTML, like Gecko) Chrome/147.0.0.0 Safari/537.36"
208.84.101.127 - - [13/Jun/2026:16:51:13 +0800] "GET /secrets/gcp-credentials.json HTTP/1.1" 404 9409 "-" "Mozilla/5.0 (Windows NT 10.0; Win64; x64) AppleWebKit/537.36 (KHTML, like Gecko) Chrome/147.0.0.0 Safari/537.36"
208.84.101.127 - - [13/Jun/2026:16:51:13 +0800] "GET /.openclaw/agents/main/agent/models.json HTTP/1.1" 404 9409 "-" "Mozilla/5.0 (X11; Linux x86_64) AppleWebKit/537.36 (KHTML, like Gecko) Chrome/146.0.0.0 Safari/537.36"
208.84.101.127 - - [13/Jun/2026:16:51:13 +0800] "GET /config/production.json HTTP/1.1" 404 9409 "-" "Mozilla/5.0 (Macintosh; Intel Mac OS X 10_15_7) AppleWebKit/537.36 (KHTML, like Gecko) Chrome/147.0.0.0 Safari/537.36 Edg/147.0.0.0"
208.84.101.127 - - [13/Jun/2026:16:51:13 +0800] "GET /service_account.json HTTP/1.1" 404 9409 "-" "Mozilla/5.0 (Macintosh; Intel Mac OS X 10_15_7) AppleWebKit/605.1.15 (KHTML, like Gecko) Version/18.4 Safari/605.1.15"
208.84.101.127 - - [13/Jun/2026:16:51:13 +0800] "GET /appsettings.json HTTP/1.1" 404 9409 "-" "Mozilla/5.0 (X11; Linux x86_64; rv:150.0) Gecko/20100101 Firefox/150.0"
208.84.101.127 - - [13/Jun/2026:16:51:13 +0800] "GET /service-account.json HTTP/1.1" 404 9409 "-" "Mozilla/5.0 (Macintosh; Intel Mac OS X 10_15_7) AppleWebKit/537.36 (KHTML, like Gecko) Chrome/147.0.0.0 Safari/537.36 Edg/147.0.0.0"
208.84.101.127 - - [13/Jun/2026:16:51:13 +0800] "GET /gcp.json HTTP/1.1" 404 9409 "-" "Mozilla/5.0 (Macintosh; Intel Mac OS X 10.15; rv:150.0) Gecko/20100101 Firefox/150.0"
208.84.101.127 - - [13/Jun/2026:16:51:13 +0800] "GET /secrets/gcp-key.json HTTP/1.1" 404 9409 "-" "Mozilla/5.0 (Macintosh; Intel Mac OS X 10_15_7) AppleWebKit/605.1.15 (KHTML, like Gecko) Version/18.3 Safari/605.1.15"
208.84.101.127 - - [13/Jun/2026:16:51:14 +0800] "GET /.env.staging HTTP/1.1" 404 9409 "-" "Mozilla/5.0 (Windows NT 10.0; Win64; x64; rv:150.0) Gecko/20100101 Firefox/150.0"
208.84.101.127 - - [13/Jun/2026:16:51:14 +0800] "GET /.yarnrc HTTP/1.1" 404 9409 "-" "Mozilla/5.0 (Macintosh; Intel Mac OS X 10.15; rv:150.0) Gecko/20100101 Firefox/150.0"
208.84.101.127 - - [13/Jun/2026:16:51:14 +0800] "GET /appsettings.Production.json HTTP/1.1" 404 9410 "-" "Mozilla/5.0 (X11; Linux x86_64; rv:149.0) Gecko/20100101 Firefox/149.0"
208.84.101.127 - - [13/Jun/2026:16:51:14 +0800] "GET /credentials/service-account.json HTTP/1.1" 404 9410 "-" "Mozilla/5.0 (Macintosh; Intel Mac OS X 10_15_7) AppleWebKit/537.36 (KHTML, like Gecko) Chrome/147.0.0.0 Safari/537.36"
208.84.101.127 - - [13/Jun/2026:16:51:14 +0800] "GET /laravel/.env HTTP/1.1" 404 9410 "-" "Mozilla/5.0 (Windows NT 10.0; Win64; x64) AppleWebKit/537.36 (KHTML, like Gecko) Chrome/146.0.0.0 Safari/537.36 Edg/146.0.0.0"
208.84.101.127 - - [13/Jun/2026:16:51:14 +0800] "GET /config/gcp-credentials.json HTTP/1.1" 404 9410 "-" "Mozilla/5.0 (Macintosh; Intel Mac OS X 10_15_7) AppleWebKit/537.36 (KHTML, like Gecko) Chrome/147.0.0.0 Safari/537.36 Edg/147.0.0.0"
208.84.101.127 - - [13/Jun/2026:16:51:14 +0800] "GET /.openai/config.json HTTP/1.1" 404 9410 "-" "Mozilla/5.0 (Macintosh; Intel Mac OS X 10_15_7) AppleWebKit/537.36 (KHTML, like Gecko) Chrome/147.0.0.0 Safari/537.36"
208.84.101.127 - - [13/Jun/2026:16:51:14 +0800] "GET /google-cloud.json HTTP/1.1" 404 9410 "-" "Mozilla/5.0 (Windows NT 10.0; Win64; x64) AppleWebKit/537.36 (KHTML, like Gecko) Chrome/146.0.0.0 Safari/537.36"
208.84.101.127 - - [13/Jun/2026:16:51:14 +0800] "GET /.env.backup HTTP/1.1" 404 9410 "-" "Mozilla/5.0 (X11; Linux x86_64) AppleWebKit/537.36 (KHTML, like Gecko) Chrome/146.0.0.0 Safari/537.36"
208.84.101.127 - - [13/Jun/2026:16:51:14 +0800] "GET /.aws/credentials HTTP/1.1" 404 9410 "-" "Mozilla/5.0 (Windows NT 10.0; Win64; x64) AppleWebKit/537.36 (KHTML, like Gecko) Chrome/145.0.0.0 Safari/537.36"
208.84.101.127 - - [13/Jun/2026:16:51:14 +0800] "GET /gcp-key.json HTTP/1.1" 404 9410 "-" "Mozilla/5.0 (Windows NT 10.0; Win64; x64) AppleWebKit/537.36 (KHTML, like Gecko) Chrome/145.0.0.0 Safari/537.36"
208.84.101.127 - - [13/Jun/2026:16:51:14 +0800] "GET /google-services.json HTTP/1.1" 404 9410 "-" "Mozilla/5.0 (Windows NT 10.0; Win64; x64) AppleWebKit/537.36 (KHTML, like Gecko) Chrome/147.0.0.0 Safari/537.36 Edg/147.0.0.0"
208.84.101.127 - - [13/Jun/2026:16:51:14 +0800] "GET /service-account-credentials.json HTTP/1.1" 404 9410 "-" "Mozilla/5.0 (Windows NT 10.0; Win64; x64; rv:150.0) Gecko/20100101 Firefox/150.0"
208.84.101.127 - - [13/Jun/2026:16:51:14 +0800] "GET /gcp-credentials.json HTTP/1.1" 404 9410 "-" "Mozilla/5.0 (Macintosh; Intel Mac OS X 10_15_7) AppleWebKit/537.36 (KHTML, like Gecko) Chrome/146.0.0.0 Safari/537.36"
208.84.101.127 - - [13/Jun/2026:16:51:14 +0800] "GET /.docker/config.json HTTP/1.1" 404 9410 "-" "Mozilla/5.0 (X11; Linux x86_64) AppleWebKit/537.36 (KHTML, like Gecko) Chrome/146.0.0.0 Safari/537.36"
208.84.101.127 - - [13/Jun/2026:16:51:14 +0800] "GET /.config/gcloud/application_default_credentials.json HTTP/1.1" 404 9410 "-" "Mozilla/5.0 (Macintosh; Intel Mac OS X 10_15_7) AppleWebKit/537.36 (KHTML, like Gecko) Chrome/146.0.0.0 Safari/537.36"
208.84.101.127 - - [13/Jun/2026:16:51:14 +0800] "GET /.npmrc HTTP/1.1" 404 9410 "-" "Mozilla/5.0 (Windows NT 10.0; Win64; x64; rv:150.0) Gecko/20100101 Firefox/150.0"
208.84.101.127 - - [13/Jun/2026:16:51:14 +0800] "GET /gcp-service-account.json HTTP/1.1" 404 9410 "-" "Mozilla/5.0 (X11; Linux x86_64) AppleWebKit/537.36 (KHTML, like Gecko) Chrome/146.0.0.0 Safari/537.36"
208.84.101.127 - - [13/Jun/2026:16:51:14 +0800] "GET /web/.env HTTP/1.1" 404 9410 "-" "Mozilla/5.0 (Macintosh; Intel Mac OS X 10_15_7) AppleWebKit/605.1.15 (KHTML, like Gecko) Version/18.3 Safari/605.1.15"
208.84.101.127 - - [13/Jun/2026:16:51:14 +0800] "GET /google-credentials.json HTTP/1.1" 404 9410 "-" "Mozilla/5.0 (Macintosh; Intel Mac OS X 10_15_7) AppleWebKit/537.36 (KHTML, like Gecko) Chrome/147.0.0.0 Safari/537.36"
208.84.101.127 - - [13/Jun/2026:16:51:14 +0800] "GET /application_default_credentials.json HTTP/1.1" 404 9410 "-" "Mozilla/5.0 (Windows NT 10.0; Win64; x64) AppleWebKit/537.36 (KHTML, like Gecko) Chrome/146.0.0.0 Safari/537.36 Edg/146.0.0.0"
208.84.101.127 - - [13/Jun/2026:16:51:14 +0800] "GET /app/.env HTTP/1.1" 404 9410 "-" "Mozilla/5.0 (X11; Linux x86_64; rv:149.0) Gecko/20100101 Firefox/149.0"
208.84.101.127 - - [13/Jun/2026:16:51:14 +0800] "GET /server/.env HTTP/1.1" 404 9410 "-" "Mozilla/5.0 (iPhone; CPU iPhone OS 18_4 like Mac OS X) AppleWebKit/605.1.15 (KHTML, like Gecko) Version/18.4 Mobile/15E148 Safari/604.1"
208.84.101.127 - - [13/Jun/2026:16:51:14 +0800] "GET /keyfile.json HTTP/1.1" 404 9410 "-" "Mozilla/5.0 (iPhone; CPU iPhone OS 18_4 like Mac OS X) AppleWebKit/605.1.15 (KHTML, like Gecko) Version/18.4 Mobile/15E148 Safari/604.1"
208.84.101.127 - - [13/Jun/2026:16:51:14 +0800] "GET /.anthropic/config.json HTTP/1.1" 404 9410 "-" "Mozilla/5.0 (X11; Linux x86_64) AppleWebKit/537.36 (KHTML, like Gecko) Chrome/147.0.0.0 Safari/537.36"
208.84.101.127 - - [13/Jun/2026:16:51:14 +0800] "GET /public/.env HTTP/1.1" 404 9410 "-" "Mozilla/5.0 (Windows NT 10.0; Win64; x64) AppleWebKit/537.36 (KHTML, like Gecko) Chrome/147.0.0.0 Safari/537.36"
208.84.101.127 - - [13/Jun/2026:16:51:14 +0800] "GET /config/firebase_credentials.json HTTP/1.1" 404 9410 "-" "Mozilla/5.0 (Macintosh; Intel Mac OS X 10_15_7) AppleWebKit/605.1.15 (KHTML, like Gecko) Version/18.4 Safari/605.1.15"
208.84.101.127 - - [13/Jun/2026:16:51:14 +0800] "GET /src/.env HTTP/1.1" 404 9410 "-" "Mozilla/5.0 (Macintosh; Intel Mac OS X 10_15_7) AppleWebKit/605.1.15 (KHTML, like Gecko) Version/18.4 Safari/605.1.15"
208.84.101.127 - - [13/Jun/2026:16:51:14 +0800] "GET /.env.local HTTP/1.1" 404 9410 "-" "Mozilla/5.0 (X11; Linux x86_64) AppleWebKit/537.36 (KHTML, like Gecko) Chrome/147.0.0.0 Safari/537.36"
208.84.101.127 - - [13/Jun/2026:16:51:14 +0800] "GET /wp-content/debug.log HTTP/1.1" 404 9410 "-" "Mozilla/5.0 (X11; Linux x86_64) AppleWebKit/537.36 (KHTML, like Gecko) Chrome/147.0.0.0 Safari/537.36"
208.84.101.127 - - [13/Jun/2026:16:51:14 +0800] "GET /firebase-adminsdk.json HTTP/1.1" 404 9410 "-" "Mozilla/5.0 (X11; Linux x86_64; rv:149.0) Gecko/20100101 Firefox/149.0"
208.84.101.127 - - [13/Jun/2026:16:51:14 +0800] "GET /.cursor/mcp.json HTTP/1.1" 404 9410 "-" "Mozilla/5.0 (Windows NT 10.0; Win64; x64) AppleWebKit/537.36 (KHTML, like Gecko) Chrome/146.0.0.0 Safari/537.36"
208.84.101.127 - - [13/Jun/2026:16:51:14 +0800] "GET /service-account-file.json HTTP/1.1" 404 9410 "-" "Mozilla/5.0 (X11; Linux x86_64) AppleWebKit/537.36 (KHTML, like Gecko) Chrome/146.0.0.0 Safari/537.36"
208.84.101.127 - - [13/Jun/2026:16:51:16 +0800] "GET /.env.bak HTTP/1.1" 404 9410 "-" "Mozilla/5.0 (Macintosh; Intel Mac OS X 10_15_7) AppleWebKit/537.36 (KHTML, like Gecko) Chrome/146.0.0.0 Safari/537.36"
208.84.101.127 - - [13/Jun/2026:16:51:17 +0800] "GET / HTTP/1.1" 200 35637 "-" "Mozilla/5.0 (Windows NT 10.0; Win64; x64) AppleWebKit/537.36 (KHTML, like Gecko) Chrome/146.0.0.0 Safari/537.36 Edg/146.0.0.0"
208.84.101.127 - - [13/Jun/2026:16:51:19 +0800] "GET /wp-config.php HTTP/1.1" 200 31 "-" "Mozilla/5.0 (Windows NT 10.0; Win64; x64) AppleWebKit/537.36 (KHTML, like Gecko) Chrome/147.0.0.0 Safari/537.36 Edg/147.0.0.0"
208.84.101.127 - - [13/Jun/2026:16:51:19 +0800] "GET /.wp-config.php.swp HTTP/1.1" 404 9409 "-" "Mozilla/5.0 (X11; Linux x86_64; rv:149.0) Gecko/20100101 Firefox/149.0"
208.84.101.127 - - [13/Jun/2026:16:51:19 +0800] "GET /wp-config.php.old HTTP/1.1" 404 9409 "-" "Mozilla/5.0 (Windows NT 10.0; Win64; x64) AppleWebKit/537.36 (KHTML, like Gecko) Chrome/146.0.0.0 Safari/537.36 Edg/146.0.0.0"
208.84.101.127 - - [13/Jun/2026:16:51:19 +0800] "GET /wp-config.php.bak HTTP/1.1" 404 9409 "-" "Mozilla/5.0 (Macintosh; Intel Mac OS X 10_15_7) AppleWebKit/537.36 (KHTML, like Gecko) Chrome/147.0.0.0 Safari/537.36 Edg/147.0.0.0"
208.84.101.127 - - [13/Jun/2026:16:51:21 +0800] "GET /wp-config.php.save HTTP/1.1" 404 9409 "-" "Mozilla/5.0 (iPhone; CPU iPhone OS 18_4 like Mac OS X) AppleWebKit/605.1.15 (KHTML, like Gecko) Version/18.4 Mobile/15E148 Safari/604.1"
208.84.101.127 - - [13/Jun/2026:16:51:22 +0800] "GET /wp-config.php~ HTTP/1.1" 404 9409 "-" "Mozilla/5.0 (Macintosh; Intel Mac OS X 10_15_7) AppleWebKit/605.1.15 (KHTML, like Gecko) Version/18.4 Safari/605.1.15"
208.84.101.127 - - [13/Jun/2026:16:51:25 +0800] "GET /.env.production.copy HTTP/1.1" 404 9409 "-" "Mozilla/5.0 (Macintosh; Intel Mac OS X 10_15_7) AppleWebKit/537.36 (KHTML, like Gecko) Chrome/147.0.0.0 Safari/537.36 Edg/147.0.0.0"
208.84.101.127 - - [13/Jun/2026:16:51:26 +0800] "GET /.git/HEAD HTTP/1.1" 404 9410 "-" "Mozilla/5.0 (Macintosh; Intel Mac OS X 10_15_7) AppleWebKit/605.1.15 (KHTML, like Gecko) Version/18.4 Safari/605.1.15"
208.84.101.127 - - [13/Jun/2026:16:51:26 +0800] "GET /.env.swp HTTP/1.1" 404 9410 "-" "Mozilla/5.0 (Macintosh; Intel Mac OS X 10_15_7) AppleWebKit/537.36 (KHTML, like Gecko) Chrome/146.0.0.0 Safari/537.36"
208.84.101.127 - - [13/Jun/2026:16:51:26 +0800] "GET /.env.local.save HTTP/1.1" 404 9410 "-" "Mozilla/5.0 (Windows NT 10.0; Win64; x64; rv:149.0) Gecko/20100101 Firefox/149.0"
208.84.101.127 - - [13/Jun/2026:16:51:26 +0800] "GET /.git/logs/HEAD HTTP/1.1" 404 9410 "-" "Mozilla/5.0 (X11; Linux x86_64) AppleWebKit/537.36 (KHTML, like Gecko) Chrome/147.0.0.0 Safari/537.36"
208.84.101.127 - - [13/Jun/2026:16:51:26 +0800] "GET /.git/refs/heads/master HTTP/1.1" 404 9410 "-" "Mozilla/5.0 (Macintosh; Intel Mac OS X 10_15_7) AppleWebKit/537.36 (KHTML, like Gecko) Chrome/147.0.0.0 Safari/537.36"
208.84.101.127 - - [13/Jun/2026:16:51:26 +0800] "GET /.env.local~ HTTP/1.1" 404 9410 "-" "Mozilla/5.0 (X11; Linux x86_64; rv:149.0) Gecko/20100101 Firefox/149.0"
208.84.101.127 - - [13/Jun/2026:16:51:26 +0800] "GET /.env.local.bak HTTP/1.1" 404 9410 "-" "Mozilla/5.0 (Windows NT 10.0; Win64; x64; rv:150.0) Gecko/20100101 Firefox/150.0"
208.84.101.127 - - [13/Jun/2026:16:51:26 +0800] "GET /.env.production.old HTTP/1.1" 404 9410 "-" "Mozilla/5.0 (iPhone; CPU iPhone OS 18_4 like Mac OS X) AppleWebKit/605.1.15 (KHTML, like Gecko) Version/18.4 Mobile/15E148 Safari/604.1"
208.84.101.127 - - [13/Jun/2026:16:51:26 +0800] "GET /.env.production~ HTTP/1.1" 404 9410 "-" "Mozilla/5.0 (Macintosh; Intel Mac OS X 10_15_7) AppleWebKit/537.36 (KHTML, like Gecko) Chrome/147.0.0.0 Safari/537.36"
208.84.101.127 - - [13/Jun/2026:16:51:26 +0800] "GET /.env.local.swp HTTP/1.1" 404 9410 "-" "Mozilla/5.0 (Windows NT 10.0; Win64; x64) AppleWebKit/537.36 (KHTML, like Gecko) Chrome/147.0.0.0 Safari/537.36 Edg/147.0.0.0"
208.84.101.127 - - [13/Jun/2026:16:51:27 +0800] "GET /.env.local.orig HTTP/1.1" 404 9410 "-" "Mozilla/5.0 (Macintosh; Intel Mac OS X 10_15_7) AppleWebKit/537.36 (KHTML, like Gecko) Chrome/147.0.0.0 Safari/537.36 Edg/147.0.0.0"
208.84.101.127 - - [13/Jun/2026:16:51:27 +0800] "GET /.env.production.bak HTTP/1.1" 404 9409 "-" "Mozilla/5.0 (Macintosh; Intel Mac OS X 10_15_7) AppleWebKit/605.1.15 (KHTML, like Gecko) Version/18.4 Safari/605.1.15"
208.84.101.127 - - [13/Jun/2026:16:51:27 +0800] "GET /.env.production.orig HTTP/1.1" 404 9409 "-" "Mozilla/5.0 (Windows NT 10.0; Win64; x64) AppleWebKit/537.36 (KHTML, like Gecko) Chrome/146.0.0.0 Safari/537.36"
208.84.101.127 - - [13/Jun/2026:16:51:27 +0800] "GET /.env.local.copy HTTP/1.1" 404 9409 "-" "Mozilla/5.0 (Windows NT 10.0; Win64; x64) AppleWebKit/537.36 (KHTML, like Gecko) Chrome/146.0.0.0 Safari/537.36 Edg/146.0.0.0"
208.84.101.127 - - [13/Jun/2026:16:51:27 +0800] "GET /.env.copy HTTP/1.1" 404 9409 "-" "Mozilla/5.0 (Windows NT 10.0; Win64; x64) AppleWebKit/537.36 (KHTML, like Gecko) Chrome/145.0.0.0 Safari/537.36"
208.84.101.127 - - [13/Jun/2026:16:51:27 +0800] "GET /.env.production.save HTTP/1.1" 404 9409 "-" "Mozilla/5.0 (Windows NT 10.0; Win64; x64) AppleWebKit/537.36 (KHTML, like Gecko) Chrome/147.0.0.0 Safari/537.36"
208.84.101.127 - - [13/Jun/2026:16:51:27 +0800] "GET /.env.production.swp HTTP/1.1" 404 9409 "-" "Mozilla/5.0 (X11; Linux x86_64) AppleWebKit/537.36 (KHTML, like Gecko) Chrome/147.0.0.0 Safari/537.36"
208.84.101.127 - - [13/Jun/2026:16:51:27 +0800] "GET /.env.orig HTTP/1.1" 404 9409 "-" "Mozilla/5.0 (X11; Linux x86_64) AppleWebKit/537.36 (KHTML, like Gecko) Chrome/146.0.0.0 Safari/537.36"
208.84.101.127 - - [13/Jun/2026:16:51:27 +0800] "GET /.git/FETCH_HEAD HTTP/1.1" 404 9409 "-" "Mozilla/5.0 (Macintosh; Intel Mac OS X 10_15_7) AppleWebKit/605.1.15 (KHTML, like Gecko) Version/18.3 Safari/605.1.15"
208.84.101.127 - - [13/Jun/2026:16:51:27 +0800] "GET /.env.production.backup HTTP/1.1" 404 9409 "-" "Mozilla/5.0 (Macintosh; Intel Mac OS X 10_15_7) AppleWebKit/605.1.15 (KHTML, like Gecko) Version/18.3 Safari/605.1.15"
208.84.101.127 - - [13/Jun/2026:16:51:27 +0800] "GET /.env.local.backup HTTP/1.1" 404 9409 "-" "Mozilla/5.0 (X11; Linux x86_64; rv:150.0) Gecko/20100101 Firefox/150.0"
208.84.101.127 - - [13/Jun/2026:16:51:27 +0800] "GET /.git/refs/heads/main HTTP/1.1" 404 9409 "-" "Mozilla/5.0 (Windows NT 10.0; Win64; x64) AppleWebKit/537.36 (KHTML, like Gecko) Chrome/147.0.0.0 Safari/537.36"
208.84.101.127 - - [13/Jun/2026:16:51:27 +0800] "GET /.env~ HTTP/1.1" 404 9409 "-" "Mozilla/5.0 (Windows NT 10.0; Win64; x64) AppleWebKit/537.36 (KHTML, like Gecko) Chrome/146.0.0.0 Safari/537.36"
