205.169.39.21 - - [12/Jun/2026:16:22:15 +0800] "GET /wp-content/uploads/2025/07/1751425283-qizhou.kf_.qq_.com_.webp HTTP/1.1" 200 16864 "http://cqqizhou.com/" "Mozilla/5.0 (Windows NT 10.0; Win64; x64) AppleWebKit/537.36 (KHTML, like Gecko) Chrome/117.0.5938.132 Safari/537.36"
205.169.39.21 - - [12/Jun/2026:16:22:17 +0800] "GET /wp-content/uploads/2025/07/1750174127-Marketing1920x800_3.webp HTTP/1.1" 200 52790 "http://cqqizhou.com/wp-content/uploads/elementor/css/post-1666.css?ver=1778295900" "Mozilla/5.0 (Windows NT 10.0; Win64; x64) AppleWebKit/537.36 (KHTML, like Gecko) Chrome/117.0.5938.132 Safari/537.36"
205.169.39.21 - - [12/Jun/2026:16:22:18 +0800] "GET /wp-content/uploads/2026/06/1780363378-1Article_images_W900px.webp HTTP/1.1" 200 62100 "http://cqqizhou.com/" "Mozilla/5.0 (Windows NT 10.0; Win64; x64) AppleWebKit/537.36 (KHTML, like Gecko) Chrome/117.0.5938.132 Safari/537.36"
205.169.39.21 - - [12/Jun/2026:16:22:18 +0800] "GET /wp-content/uploads/2026/06/1780362799-1Article_images_W900px.webp HTTP/1.1" 200 61690 "http://cqqizhou.com/" "Mozilla/5.0 (Windows NT 10.0; Win64; x64) AppleWebKit/537.36 (KHTML, like Gecko) Chrome/117.0.5938.132 Safari/537.36"
205.169.39.21 - - [12/Jun/2026:16:22:18 +0800] "GET /wp-content/uploads/2026/05/1779925245-Article_images_W900px.webp HTTP/1.1" 200 27996 "http://cqqizhou.com/" "Mozilla/5.0 (Windows NT 10.0; Win64; x64) AppleWebKit/537.36 (KHTML, like Gecko) Chrome/117.0.5938.132 Safari/537.36"
205.169.39.21 - - [12/Jun/2026:16:22:18 +0800] "GET /wp-content/uploads/2026/05/1779957408-1Article_images_W900px.webp HTTP/1.1" 200 36526 "http://cqqizhou.com/" "Mozilla/5.0 (Windows NT 10.0; Win64; x64) AppleWebKit/537.36 (KHTML, like Gecko) Chrome/117.0.5938.132 Safari/537.36"
205.169.39.21 - - [12/Jun/2026:16:22:18 +0800] "GET /wp-content/uploads/2026/05/1779328461-1Article_images_W900px.webp HTTP/1.1" 200 37908 "http://cqqizhou.com/" "Mozilla/5.0 (Windows NT 10.0; Win64; x64) AppleWebKit/537.36 (KHTML, like Gecko) Chrome/117.0.5938.132 Safari/537.36"
205.169.39.21 - - [12/Jun/2026:16:22:20 +0800] "GET /wp-content/uploads/2025/12/1765268955-qizhou_Slider1_3840%C3%972160_20251210-scaled.webp HTTP/1.1" 200 152162 "http://cqqizhou.com/" "Mozilla/5.0 (Windows NT 10.0; Win64; x64) AppleWebKit/537.36 (KHTML, like Gecko) Chrome/117.0.5938.132 Safari/537.36"
205.169.39.21 - - [12/Jun/2026:16:22:21 +0800] "GET /wp-content/uploads/2025/07/1753456723-%E5%8F%8C%E7%9B%B8%E9%92%A2roduct_Single600.webp HTTP/1.1" 200 22790 "http://cqqizhou.com/" "Mozilla/5.0 (Windows NT 10.0; Win64; x64) AppleWebKit/537.36 (KHTML, like Gecko) Chrome/117.0.5938.132 Safari/537.36"
205.169.39.21 - - [12/Jun/2026:16:22:21 +0800] "GET /wp-content/uploads/2025/07/1753456770-%E7%83%AD%E9%95%80%E9%94%8C%E5%8D%B7product_Single600.webp HTTP/1.1" 200 27502 "http://cqqizhou.com/" "Mozilla/5.0 (Windows NT 10.0; Win64; x64) AppleWebKit/537.36 (KHTML, like Gecko) Chrome/117.0.5938.132 Safari/537.36"
205.169.39.21 - - [12/Jun/2026:16:22:21 +0800] "GET /wp-content/uploads/2025/07/1753453096-%E5%8F%8C%E7%9B%B8%E9%92%A2product_Single600%C3%97284.webp HTTP/1.1" 200 14562 "http://cqqizhou.com/" "Mozilla/5.0 (Windows NT 10.0; Win64; x64) AppleWebKit/537.36 (KHTML, like Gecko) Chrome/117.0.5938.132 Safari/537.36"
205.169.39.21 - - [12/Jun/2026:16:22:21 +0800] "GET /wp-content/uploads/2025/07/1753453127-%E4%BD%99%E5%8D%B7product_Single600%C3%97284.webp HTTP/1.1" 200 18744 "http://cqqizhou.com/" "Mozilla/5.0 (Windows NT 10.0; Win64; x64) AppleWebKit/537.36 (KHTML, like Gecko) Chrome/117.0.5938.132 Safari/537.36"
205.169.39.21 - - [12/Jun/2026:16:22:21 +0800] "GET /wp-content/uploads/2026/01/1768276119-qizhoujiagong_Slider_3840%C3%972160_20260113-scaled-50x100.webp HTTP/1.1" 200 976 "http://cqqizhou.com/" "Mozilla/5.0 (Windows NT 10.0; Win64; x64) AppleWebKit/537.36 (KHTML, like Gecko) Chrome/117.0.5938.132 Safari/537.36"
205.169.39.21 - - [12/Jun/2026:16:22:21 +0800] "GET /wp-content/uploads/revslider/slider-1/1750861156-logistics_Slider_3840%C3%972160_20250625191356-scaled-50x100.webp HTTP/1.1" 200 1416 "http://cqqizhou.com/" "Mozilla/5.0 (Windows NT 10.0; Win64; x64) AppleWebKit/537.36 (KHTML, like Gecko) Chrome/117.0.5938.132 Safari/537.36"
205.169.39.21 - - [12/Jun/2026:16:22:22 +0800] "GET /wp-content/uploads/2026/01/1768276119-qizhoujiagong_Slider_3840%C3%972160_20260113-scaled-50x100.webp HTTP/1.1" 200 976 "http://cqqizhou.com/" "Mozilla/5.0 (Windows NT 10.0; Win64; x64) AppleWebKit/537.36 (KHTML, like Gecko) Chrome/117.0.5938.132 Safari/537.36"
205.169.39.21 - - [12/Jun/2026:16:22:22 +0800] "GET /wp-content/uploads/revslider/slider-1/1750861156-logistics_Slider_3840%C3%972160_20250625191356-scaled-50x100.webp HTTP/1.1" 200 1416 "http://cqqizhou.com/" "Mozilla/5.0 (Windows NT 10.0; Win64; x64) AppleWebKit/537.36 (KHTML, like Gecko) Chrome/117.0.5938.132 Safari/537.36"
205.169.39.21 - - [12/Jun/2026:16:22:22 +0800] "GET /wp-json/sliderrevolution/sliders/1?srengine=7&slideid=2 HTTP/1.1" 200 2000 "http://cqqizhou.com/" "Mozilla/5.0 (Windows NT 10.0; Win64; x64) AppleWebKit/537.36 (KHTML, like Gecko) Chrome/117.0.5938.132 Safari/537.36"
205.169.39.21 - - [12/Jun/2026:16:22:22 +0800] "GET /wp-content/uploads/revslider/slider-1/1750861156-logistics_Slider_3840%C3%972160_20250625191356-scaled.webp HTTP/1.1" 200 197360 "http://cqqizhou.com/" "Mozilla/5.0 (Windows NT 10.0; Win64; x64) AppleWebKit/537.36 (KHTML, like Gecko) Chrome/117.0.5938.132 Safari/537.36"
205.169.39.21 - - [12/Jun/2026:16:22:22 +0800] "GET /wp-json/sliderrevolution/sliders/1?srengine=7&slideid=4 HTTP/1.1" 200 2580 "http://cqqizhou.com/" "Mozilla/5.0 (Windows NT 10.0; Win64; x64) AppleWebKit/537.36 (KHTML, like Gecko) Chrome/117.0.5938.132 Safari/537.36"
205.169.39.21 - - [12/Jun/2026:16:22:23 +0800] "GET /wp-content/uploads/2026/01/1768276119-qizhoujiagong_Slider_3840%C3%972160_20260113-scaled.webp HTTP/1.1" 200 131696 "http://cqqizhou.com/" "Mozilla/5.0 (X11; Linux x86_64) AppleWebKit/537.36 (KHTML, like Gecko) HeadlessChrome/127.0.6533.119 Safari/537.36"
205.169.39.21 - - [12/Jun/2026:16:22:30 +0800] "GET /wp-content/uploads/2025/12/1765268955-qizhou_Slider1_3840%C3%972160_20251210-scaled-50x100.webp HTTP/1.1" 200 1812 "http://cqqizhou.com/" "Mozilla/5.0 (X11; Linux x86_64) AppleWebKit/537.36 (KHTML, like Gecko) HeadlessChrome/127.0.6533.119 Safari/537.36"
140.250.204.84 - - [12/Jun/2026:16:26:29 +0800] "GET /wp-content/uploads/2026/02/1769999335-17.5%E7%B1%B3%E5%B9%B3%E6%9D%BF%E8%B4%A7%E8%BD%A6.webp HTTP/1.1" 200 56978 "http://cqqizhou.com/" "Mozilla/5.0 (Windows NT 10.0; Win64; x64) AppleWebKit/537.36 (KHTML, like Gecko) Chrome/120.0.0.0 Safari/537.36"
123.16.218.32 - - [12/Jun/2026:17:32:32 +0800] "GET http://cqqizhou.com/news/tag/%E6%B6%88%E9%98%B2%E5%AE%89%E5%85%A8 HTTP/1.1" 200 18478 "-" "Mozilla/5.0 (Windows NT 10.0; Win64; x64) AppleWebKit/537.36 (KHTML, like Gecko) Chrome/116.0.0.0 Safari/537.36"
36.133.115.36 - - [12/Jun/2026:17:32:53 +0800] "POST /wp-cron.php?doing_wp_cron=1781256773.6161010265350341796875 HTTP/1.1" 200 31 "-" "WordPress/6.9; http://cqqizhou.com"
14.162.180.199 - - [12/Jun/2026:17:32:53 +0800] "GET http://cqqizhou.com/news/tag/%E9%92%A2%E6%9D%90%E9%87%87%E8%B4%AD HTTP/1.1" 200 18507 "-" "Mozilla/5.0 (Windows NT 10.0; Win64; x64) AppleWebKit/537.36 (KHTML, like Gecko) Chrome/104.0.0.0 Safari/537.36"
157.100.108.18 - - [12/Jun/2026:17:33:00 +0800] "GET http://cqqizhou.com/news/tag/%E9%87%8D%E5%BA%86%E9%82%AE%E7%94%B5%E5%A4%A7%E5%AD%A6 HTTP/1.1" 200 18521 "-" "Mozilla/5.0 (Windows NT 10.0; Win64; x64) AppleWebKit/537.36 (KHTML, like Gecko) Chrome/116.0.0.0 Safari/537.36"
116.98.3.218 - - [12/Jun/2026:17:33:06 +0800] "GET http://cqqizhou.com/news/tag/%E5%AE%89%E5%85%A8%E7%94%9F%E4%BA%A7%E6%9C%88 HTTP/1.1" 200 21703 "-" "Mozilla/5.0 (Macintosh; Intel Mac OS X 10_15_7) AppleWebKit/537.36 (KHTML, like Gecko) Chrome/123.0.0.0 Safari/537.36"
14.180.93.196 - - [12/Jun/2026:17:33:17 +0800] "GET http://cqqizhou.com/news/tag/%E8%B4%A2%E5%8A%A1%E9%83%A8 HTTP/1.1" 200 18565 "-" "Mozilla/5.0 (Macintosh; Intel Mac OS X 10_15_7) AppleWebKit/537.36 (KHTML, like Gecko) Chrome/133.0.0.0 Safari/537.36"
36.212.177.151 - - [12/Jun/2026:17:35:23 +0800] "GET / HTTP/1.1" 200 35637 "-" "Mozilla/5.0 (Windows NT 10.0; Win64; x64) AppleWebKit/537.36"
36.212.177.151 - - [12/Jun/2026:17:35:23 +0800] "HEAD /wp-content/uploads/2025/12/1765268955-qizhou_Slider1_3840%C3%972160_20251210-scaled.webp HTTP/1.1" 206 0 "-" "Mozilla/5.0"
36.212.177.151 - - [12/Jun/2026:17:35:23 +0800] "HEAD /wp-content/uploads/2026/01/1768276119-qizhoujiagong_Slider_3840%C3%972160_20260113-scaled.webp HTTP/1.1" 206 0 "-" "Mozilla/5.0"
36.212.177.151 - - [12/Jun/2026:17:35:23 +0800] "HEAD /wp-content/uploads/revslider/slider-1/1750861156-logistics_Slider_3840%C3%972160_20250625191356-scaled.webp HTTP/1.1" 206 0 "-" "Mozilla/5.0"
36.133.115.36 - - [12/Jun/2026:17:35:24 +0800] "POST /wp-cron.php?doing_wp_cron=1781256924.6768538951873779296875 HTTP/1.1" 200 31 "-" "WordPress/6.9; http://cqqizhou.com"
36.212.177.151 - - [12/Jun/2026:17:35:24 +0800] "HEAD /Ly9jcXFpemhvdS5jb20vd3AtY29udGVudC91cGxvYWRzLzIwMjUvMTIvMTc2NTI2ODk1NS1xaXpob3VfU2xpZGVyMV8zODQww5cyMTYwXzIwMjUxMjEwLXNjYWxlZC53ZWJw HTTP/1.1" 404 0 "-" "Mozilla/5.0"
36.212.177.151 - - [12/Jun/2026:17:35:25 +0800] "HEAD /Ly9jcXFpemhvdS5jb20vd3AtY29udGVudC91cGxvYWRzL3JldnNsaWRlci9zbGlkZXItMS8xNzUwODYxMTU2LWxvZ2lzdGljc19TbGlkZXJfMzg0MMOXMjE2MF8yMDI1MDYyNTE5MTM1Ni1zY2FsZWQud2VicA== HTTP/1.1" 404 0 "-" "Mozilla/5.0"
36.212.177.151 - - [12/Jun/2026:17:35:26 +0800] "HEAD /Ly9jcXFpemhvdS5jb20vd3AtY29udGVudC91cGxvYWRzLzIwMjYvMDEvMTc2ODI4MDI3MC1hbnF1YW5fU2xpZGVyXzM4NDDDlzIxNjBfMjAyNjAxMTQtc2NhbGVkLndlYnA= HTTP/1.1" 404 0 "-" "Mozilla/5.0"
36.212.177.151 - - [12/Jun/2026:17:35:26 +0800] "HEAD /Ly9jcXFpemhvdS5jb20vd3AtY29udGVudC91cGxvYWRzLzIwMjYvMDEvMTc2ODI3NjExOS1xaXpob3VqaWFnb25nX1NsaWRlcl8zODQww5cyMTYwXzIwMjYwMTEzLXNjYWxlZC53ZWJw HTTP/1.1" 404 0 "-" "Mozilla/5.0"
36.212.177.151 - - [12/Jun/2026:17:35:26 +0800] "HEAD /wp-content/uploads/2025/07/1751425283-qizhou.kf_.qq_.com_.webp HTTP/1.1" 206 0 "-" "Mozilla/5.0"
36.212.177.151 - - [12/Jun/2026:17:35:26 +0800] "HEAD /wp-content/uploads/2025/07/1753456723-%E5%8F%8C%E7%9B%B8%E9%92%A2roduct_Single600.webp HTTP/1.1" 206 0 "-" "Mozilla/5.0"
36.212.177.151 - - [12/Jun/2026:17:35:27 +0800] "HEAD /wp-content/uploads/2025/07/1753453096-%E5%8F%8C%E7%9B%B8%E9%92%A2product_Single600%C3%97284.webp HTTP/1.1" 206 0 "-" "Mozilla/5.0"
36.212.177.151 - - [12/Jun/2026:17:35:27 +0800] "HEAD /wp-content/uploads/2025/07/1753456770-%E7%83%AD%E9%95%80%E9%94%8C%E5%8D%B7product_Single600.webp HTTP/1.1" 206 0 "-" "Mozilla/5.0"
36.212.177.151 - - [12/Jun/2026:17:35:27 +0800] "HEAD /wp-content/uploads/2025/07/1753453127-%E4%BD%99%E5%8D%B7product_Single600%C3%97284.webp HTTP/1.1" 206 0 "-" "Mozilla/5.0"
36.212.177.151 - - [12/Jun/2026:17:35:27 +0800] "HEAD /wp-content/uploads/2026/06/1780363378-1Article_images_W900px.webp HTTP/1.1" 206 0 "-" "Mozilla/5.0"
36.212.177.151 - - [12/Jun/2026:17:35:27 +0800] "HEAD /wp-content/uploads/2026/06/1780362799-1Article_images_W900px.webp HTTP/1.1" 206 0 "-" "Mozilla/5.0"
36.212.177.151 - - [12/Jun/2026:17:35:27 +0800] "HEAD /wp-content/uploads/2026/05/1779957408-1Article_images_W900px.webp HTTP/1.1" 206 0 "-" "Mozilla/5.0"
36.212.177.151 - - [12/Jun/2026:17:35:27 +0800] "HEAD /wp-content/uploads/2026/05/1779925245-Article_images_W900px.webp HTTP/1.1" 206 0 "-" "Mozilla/5.0"
36.212.177.151 - - [12/Jun/2026:17:35:27 +0800] "HEAD /wp-content/uploads/2026/05/1779328461-1Article_images_W900px.webp HTTP/1.1" 206 0 "-" "Mozilla/5.0"
36.212.177.151 - - [12/Jun/2026:17:35:28 +0800] "HEAD /$%7Be?.bg?.image.src} HTTP/1.1" 404 0 "-" "Mozilla/5.0"
36.212.177.151 - - [12/Jun/2026:17:35:28 +0800] "HEAD /wp-content/uploads/2025/07/1753410289-News2000%C3%97400_202571.webp HTTP/1.1" 206 0 "-" "Mozilla/5.0"
36.212.177.151 - - [12/Jun/2026:17:35:28 +0800] "GET /about HTTP/1.1" 200 25029 "-" "Mozilla/5.0 (Windows NT 10.0; Win64; x64) AppleWebKit/537.36"
36.212.177.151 - - [12/Jun/2026:17:35:28 +0800] "HEAD /wp-content/uploads/elementor/thumbs/1751373145-About_Qizhoudalou_W800px-r91b70ok8huvvdr4ynxnf302e8ie3iydlh6ag9ew82.webp HTTP/1.1" 206 0 "-" "Mozilla/5.0"
36.212.177.151 - - [12/Jun/2026:17:35:28 +0800] "HEAD /wp-content/uploads/elementor/thumbs/1751209300-Hello-Qizhou3-r91b71mdtei8mab1rr8x739cnvi1mafuaga3vbed3o.webp HTTP/1.1" 206 0 "-" "Mozilla/5.0"
36.212.177.151 - - [12/Jun/2026:17:35:28 +0800] "HEAD /wp-content/uploads/2025/07/1750649179-qizhou1920x1080_1.webp HTTP/1.1" 206 0 "-" "Mozilla/5.0"
36.212.177.151 - - [12/Jun/2026:17:35:28 +0800] "HEAD /wp-content/uploads/2025/07/1750649186-qizhou1920x1080_3.webp HTTP/1.1" 206 0 "-" "Mozilla/5.0"
36.212.177.151 - - [12/Jun/2026:17:35:28 +0800] "HEAD /wp-content/uploads/2025/07/1750649183-qizhou1920x1080_2.webp HTTP/1.1" 206 0 "-" "Mozilla/5.0"
36.212.177.151 - - [12/Jun/2026:17:35:28 +0800] "HEAD /wp-content/uploads/2025/07/1750649189-qizhou1920x1080_4.webp HTTP/1.1" 206 0 "-" "Mozilla/5.0"
36.212.177.151 - - [12/Jun/2026:17:35:28 +0800] "HEAD /wp-content/uploads/2025/07/1750649197-qizhou1920x1080_6.webp HTTP/1.1" 206 0 "-" "Mozilla/5.0"
36.212.177.151 - - [12/Jun/2026:17:35:29 +0800] "HEAD /wp-content/uploads/2025/07/1750649193-qizhou1920x1080_5.webp HTTP/1.1" 206 0 "-" "Mozilla/5.0"
36.212.177.151 - - [12/Jun/2026:17:35:29 +0800] "HEAD /wp-content/uploads/2025/07/1750649200-qizhou1920x1080_7.webp HTTP/1.1" 206 0 "-" "Mozilla/5.0"
36.212.177.151 - - [12/Jun/2026:17:35:29 +0800] "HEAD /wp-content/uploads/2025/07/1750649203-qizhou1920x1080_8.webp HTTP/1.1" 206 0 "-" "Mozilla/5.0"
36.212.177.151 - - [12/Jun/2026:17:35:29 +0800] "HEAD /wp-content/uploads/2025/07/1750649207-qizhou1920x1080_9.webp HTTP/1.1" 206 0 "-" "Mozilla/5.0"
36.212.177.151 - - [12/Jun/2026:17:35:29 +0800] "HEAD /wp-content/uploads/2025/07/1750649215-qizhou1920x1080_11.webp HTTP/1.1" 206 0 "-" "Mozilla/5.0"
36.212.177.151 - - [12/Jun/2026:17:35:29 +0800] "HEAD /wp-content/uploads/2025/07/1750649212-qizhou1920x1080_10.webp HTTP/1.1" 206 0 "-" "Mozilla/5.0"
36.212.177.151 - - [12/Jun/2026:17:35:29 +0800] "HEAD /wp-content/uploads/2025/07/1750649803-qizhou800x500_2.webp HTTP/1.1" 206 0 "-" "Mozilla/5.0"
36.212.177.151 - - [12/Jun/2026:17:35:29 +0800] "HEAD /wp-content/uploads/2025/07/1750945417-honor300%C3%97206_1.webp HTTP/1.1" 206 0 "-" "Mozilla/5.0"
36.212.177.151 - - [12/Jun/2026:17:35:29 +0800] "HEAD /wp-content/uploads/2025/07/1750945444-honor300%C3%97206_2.webp HTTP/1.1" 206 0 "-" "Mozilla/5.0"
36.212.177.151 - - [12/Jun/2026:17:35:29 +0800] "HEAD /wp-content/uploads/2025/07/1750945514-honor300%C3%97206_3.webp HTTP/1.1" 206 0 "-" "Mozilla/5.0"
36.212.177.151 - - [12/Jun/2026:17:35:29 +0800] "HEAD /wp-content/uploads/2025/07/1750945616-honor300%C3%97206_4.webp HTTP/1.1" 206 0 "-" "Mozilla/5.0"
36.212.177.151 - - [12/Jun/2026:17:35:29 +0800] "HEAD /wp-content/uploads/2025/07/1750945637-honor300%C3%97206_5.webp HTTP/1.1" 206 0 "-" "Mozilla/5.0"
36.212.177.151 - - [12/Jun/2026:17:35:29 +0800] "HEAD /wp-content/uploads/2025/07/1750945650-honor300%C3%97206_6.webp HTTP/1.1" 206 0 "-" "Mozilla/5.0"
36.212.177.151 - - [12/Jun/2026:17:35:29 +0800] "HEAD /wp-content/uploads/2025/07/1750671800-partner1_200x50.webp HTTP/1.1" 206 0 "-" "Mozilla/5.0"
36.212.177.151 - - [12/Jun/2026:17:35:30 +0800] "HEAD /wp-content/uploads/2025/07/1750671801-partner2_200x50.webp HTTP/1.1" 206 0 "-" "Mozilla/5.0"
36.212.177.151 - - [12/Jun/2026:17:35:30 +0800] "HEAD /wp-content/uploads/2025/07/1750671803-partner3_200x50.webp HTTP/1.1" 206 0 "-" "Mozilla/5.0"
36.212.177.151 - - [12/Jun/2026:17:35:30 +0800] "HEAD /wp-content/uploads/2025/07/1750671805-partner4_200x50.webp HTTP/1.1" 206 0 "-" "Mozilla/5.0"
36.212.177.151 - - [12/Jun/2026:17:35:30 +0800] "HEAD /wp-content/uploads/2025/07/1750671806-partner5_200x50.webp HTTP/1.1" 206 0 "-" "Mozilla/5.0"
36.212.177.151 - - [12/Jun/2026:17:35:30 +0800] "HEAD /wp-content/uploads/2025/07/1750671808-partner6_200x50.webp HTTP/1.1" 206 0 "-" "Mozilla/5.0"
36.212.177.151 - - [12/Jun/2026:17:35:30 +0800] "HEAD /wp-content/uploads/2025/06/1750755307-qizhoucangku2000x400_2025624.webp HTTP/1.1" 206 0 "-" "Mozilla/5.0"
36.212.177.151 - - [12/Jun/2026:17:35:30 +0800] "GET /services HTTP/1.1" 200 26713 "-" "Mozilla/5.0 (Windows NT 10.0; Win64; x64) AppleWebKit/537.36"
36.212.177.151 - - [12/Jun/2026:17:35:30 +0800] "HEAD /wp-content/uploads/2025/07/1751829518-Precision-processing-services800x500.webp HTTP/1.1" 206 0 "-" "Mozilla/5.0"
36.212.177.151 - - [12/Jun/2026:17:35:30 +0800] "HEAD /wp-content/uploads/2025/12/1764853157-ISO3-214x300.webp HTTP/1.1" 206 0 "-" "Mozilla/5.0"
36.212.177.151 - - [12/Jun/2026:17:35:30 +0800] "HEAD /wp-content/uploads/2025/12/1764853155-ISO2-214x300.webp HTTP/1.1" 206 0 "-" "Mozilla/5.0"
36.212.177.151 - - [12/Jun/2026:17:35:30 +0800] "HEAD /wp-content/uploads/2025/12/1764853152-ISO1-214x300.webp HTTP/1.1" 206 0 "-" "Mozilla/5.0"
36.212.177.151 - - [12/Jun/2026:17:35:30 +0800] "HEAD /wp-content/uploads/2025/07/1751829454-Smart-warehousing800x500.webp HTTP/1.1" 206 0 "-" "Mozilla/5.0"
36.212.177.151 - - [12/Jun/2026:17:35:30 +0800] "GET /logistics HTTP/1.1" 200 26175 "-" "Mozilla/5.0 (Windows NT 10.0; Win64; x64) AppleWebKit/537.36"
36.212.177.151 - - [12/Jun/2026:17:35:31 +0800] "HEAD /wp-content/uploads/2026/01/1767696162-qizhoutruck3.webp HTTP/1.1" 206 0 "-" "Mozilla/5.0"
36.212.177.151 - - [12/Jun/2026:17:35:31 +0800] "HEAD /wp-content/uploads/logistics/Conatiner-5.webp HTTP/1.1" 206 0 "-" "Mozilla/5.0"
36.212.177.151 - - [12/Jun/2026:17:35:31 +0800] "HEAD /wp-content/uploads/2025/11/1762864381-QZ_Photo-7.webp HTTP/1.1" 206 0 "-" "Mozilla/5.0"
36.212.177.151 - - [12/Jun/2026:17:35:31 +0800] "HEAD /wp-content/uploads/2025/12/1765862012-DSC20251216131140.webp HTTP/1.1" 206 0 "-" "Mozilla/5.0"
36.212.177.151 - - [12/Jun/2026:17:35:31 +0800] "HEAD /wp-content/uploads/2026/02/1769999241-4.2%E7%B1%B3%E9%AB%98%E6%A0%8F%E8%B4%A7%E8%BD%A6.webp HTTP/1.1" 206 0 "-" "Mozilla/5.0"
36.212.177.151 - - [12/Jun/2026:17:35:31 +0800] "HEAD /wp-content/uploads/2026/02/1770009968-9.6%E7%B1%B3%E4%BD%8E%E6%A0%8F%E5%B9%B3%E6%9D%BF%E8%B4%A7%E8%BD%A6.webp HTTP/1.1" 206 0 "-" "Mozilla/5.0"
36.212.177.151 - - [12/Jun/2026:17:35:31 +0800] "HEAD /wp-content/uploads/2026/02/1769999335-17.5%E7%B1%B3%E5%B9%B3%E6%9D%BF%E8%B4%A7%E8%BD%A6.webp HTTP/1.1" 206 0 "-" "Mozilla/5.0"
36.212.177.151 - - [12/Jun/2026:17:35:31 +0800] "GET /media HTTP/1.1" 200 32370 "-" "Mozilla/5.0 (Windows NT 10.0; Win64; x64) AppleWebKit/537.36"
36.212.177.151 - - [12/Jun/2026:17:35:32 +0800] "HEAD /wp-content/uploads/2026/06/1780363378-1Article_images_W900px-300x169.webp HTTP/1.1" 206 0 "-" "Mozilla/5.0"
36.212.177.151 - - [12/Jun/2026:17:35:32 +0800] "HEAD /wp-content/uploads/2026/06/1780362799-1Article_images_W900px-300x169.webp HTTP/1.1" 206 0 "-" "Mozilla/5.0"
36.212.177.151 - - [12/Jun/2026:17:35:32 +0800] "HEAD /wp-content/uploads/2026/05/1779957408-1Article_images_W900px-300x169.webp HTTP/1.1" 206 0 "-" "Mozilla/5.0"
36.212.177.151 - - [12/Jun/2026:17:35:32 +0800] "HEAD /wp-content/uploads/media/qizhou_Brochure.webp HTTP/1.1" 206 0 "-" "Mozilla/5.0"
36.212.177.151 - - [12/Jun/2026:17:35:32 +0800] "HEAD /wp-content/uploads/2025/11/1762861549-%E5%85%A8%E6%99%AF%E5%90%AF%E8%88%9F%E5%9D%A4%E7%85%8C%E5%BA%93.webp HTTP/1.1" 206 0 "-" "Mozilla/5.0"
36.212.177.151 - - [12/Jun/2026:17:35:32 +0800] "HEAD /wp-content/uploads/2025/11/1762861550-%E4%B8%87%E5%98%89%E7%9B%9B%E5%BA%93%E5%85%A8%E6%99%AF%E5%9B%BE.webp HTTP/1.1" 206 0 "-" "Mozilla/5.0"
36.212.177.151 - - [12/Jun/2026:17:35:33 +0800] "HEAD /wp-content/uploads/2025/11/1762864369-QZ_Photo-11.webp HTTP/1.1" 206 0 "-" "Mozilla/5.0"
36.212.177.151 - - [12/Jun/2026:17:35:33 +0800] "HEAD /wp-content/uploads/2025/11/1762908477-QZ_Photo-2.webp HTTP/1.1" 206 0 "-" "Mozilla/5.0"
36.212.177.151 - - [12/Jun/2026:17:35:33 +0800] "HEAD /wp-content/uploads/2025/11/1762864375-QZ_Photo-3.webp HTTP/1.1" 206 0 "-" "Mozilla/5.0"
36.212.177.151 - - [12/Jun/2026:17:35:33 +0800] "HEAD /wp-content/uploads/2025/11/1762864376-QZ_Photo-4.webp HTTP/1.1" 206 0 "-" "Mozilla/5.0"
36.212.177.151 - - [12/Jun/2026:17:35:33 +0800] "HEAD /wp-content/uploads/2025/11/1762864378-QZ_Photo-5.webp HTTP/1.1" 206 0 "-" "Mozilla/5.0"
36.212.177.151 - - [12/Jun/2026:17:35:33 +0800] "HEAD /wp-content/uploads/2025/11/1762864379-QZ_Photo-6.webp HTTP/1.1" 206 0 "-" "Mozilla/5.0"
36.212.177.151 - - [12/Jun/2026:17:35:33 +0800] "HEAD /wp-content/uploads/2025/11/1762908489-QZ_Photo-9.webp HTTP/1.1" 206 0 "-" "Mozilla/5.0"
36.212.177.151 - - [12/Jun/2026:17:35:33 +0800] "HEAD /wp-content/uploads/2025/11/1762864385-QZ_Photo-10.webp HTTP/1.1" 206 0 "-" "Mozilla/5.0"
36.212.177.151 - - [12/Jun/2026:17:35:33 +0800] "HEAD /wp-content/uploads/2025/11/1762864370-QZ_Photo-1.webp HTTP/1.1" 206 0 "-" "Mozilla/5.0"
36.212.177.151 - - [12/Jun/2026:17:35:34 +0800] "GET /news HTTP/1.1" 200 26113 "-" "Mozilla/5.0 (Windows NT 10.0; Win64; x64) AppleWebKit/537.36"
36.212.177.151 - - [12/Jun/2026:17:35:34 +0800] "HEAD /wp-content/uploads/2026/05/1779059685-1Article_images_W900px.webp HTTP/1.1" 206 0 "-" "Mozilla/5.0"
36.212.177.151 - - [12/Jun/2026:17:35:34 +0800] "HEAD /wp-content/uploads/2026/04/1777513410-1Article_images_W900px.webp HTTP/1.1" 206 0 "-" "Mozilla/5.0"
36.212.177.151 - - [12/Jun/2026:17:35:34 +0800] "HEAD /wp-content/uploads/2026/04/1775865780-1Article_images_W900px.webp HTTP/1.1" 206 0 "-" "Mozilla/5.0"
36.212.177.151 - - [12/Jun/2026:17:35:34 +0800] "HEAD /wp-content/uploads/2026/04/1775698332-Article_images_W900px.webp HTTP/1.1" 206 0 "-" "Mozilla/5.0"
36.212.177.151 - - [12/Jun/2026:17:35:35 +0800] "GET /contacts/ HTTP/1.1" 301 5 "-" "Mozilla/5.0 (Windows NT 10.0; Win64; x64) AppleWebKit/537.36"
36.212.177.151 - - [12/Jun/2026:17:35:35 +0800] "GET /contacts HTTP/1.1" 200 22096 "http://cqqizhou.com/contacts/" "Mozilla/5.0 (Windows NT 10.0; Win64; x64) AppleWebKit/537.36"
36.212.177.151 - - [12/Jun/2026:17:35:35 +0800] "HEAD /wp-content/uploads/2025/07/1750005875-qizhou_map2025616.webp HTTP/1.1" 206 0 "-" "Mozilla/5.0"
36.212.177.151 - - [12/Jun/2026:17:35:35 +0800] "HEAD /contacts/$%7Be?.bg?.image.src} HTTP/1.1" 404 0 "-" "Mozilla/5.0"
36.212.177.151 - - [12/Jun/2026:17:35:36 +0800] "HEAD /wp-content/uploads/2025/11/1762826323-Contacts2000x400_20251111.webp HTTP/1.1" 206 0 "-" "Mozilla/5.0"
36.212.177.151 - - [12/Jun/2026:17:35:36 +0800] "GET /contacts HTTP/1.1" 200 22096 "-" "Mozilla/5.0 (Windows NT 10.0; Win64; x64) AppleWebKit/537.36"
36.212.177.151 - - [12/Jun/2026:17:35:36 +0800] "GET /services/ HTTP/1.1" 301 5 "-" "Mozilla/5.0 (Windows NT 10.0; Win64; x64) AppleWebKit/537.36"
36.212.177.151 - - [12/Jun/2026:17:35:36 +0800] "GET /services HTTP/1.1" 200 26713 "http://cqqizhou.com/services/" "Mozilla/5.0 (Windows NT 10.0; Win64; x64) AppleWebKit/537.36"
36.212.177.151 - - [12/Jun/2026:17:35:37 +0800] "HEAD /services/$%7Be?.bg?.image.src} HTTP/1.1" 404 0 "-" "Mozilla/5.0"
36.212.177.151 - - [12/Jun/2026:17:35:38 +0800] "GET /logistics/ HTTP/1.1" 301 5 "-" "Mozilla/5.0 (Windows NT 10.0; Win64; x64) AppleWebKit/537.36"
36.212.177.151 - - [12/Jun/2026:17:35:38 +0800] "GET /logistics HTTP/1.1" 200 26175 "http://cqqizhou.com/logistics/" "Mozilla/5.0 (Windows NT 10.0; Win64; x64) AppleWebKit/537.36"
36.212.177.151 - - [12/Jun/2026:17:35:39 +0800] "HEAD /logistics/$%7Be?.bg?.image.src} HTTP/1.1" 404 0 "-" "Mozilla/5.0"
36.212.177.151 - - [12/Jun/2026:17:35:39 +0800] "GET /news/portfolio/%e5%86%b7%e8%bd%a7%e6%9d%bf HTTP/1.1" 200 22712 "-" "Mozilla/5.0 (Windows NT 10.0; Win64; x64) AppleWebKit/537.36"
36.212.177.151 - - [12/Jun/2026:17:35:39 +0800] "HEAD /wp-content/uploads/2025/07/1753456723-%E5%8F%8C%E7%9B%B8%E9%92%A2roduct_Single600-300x300.webp HTTP/1.1" 206 0 "-" "Mozilla/5.0"
36.212.177.151 - - [12/Jun/2026:17:35:39 +0800] "HEAD /wp-content/uploads/2025/07/1753453096-%E5%8F%8C%E7%9B%B8%E9%92%A2product_Single600%C3%97284-150x150.webp HTTP/1.1" 206 0 "-" "Mozilla/5.0"
36.212.177.151 - - [12/Jun/2026:17:35:40 +0800] "HEAD /news/portfolio/$%7Be?.bg?.image.src} HTTP/1.1" 404 0 "-" "Mozilla/5.0"
36.212.177.151 - - [12/Jun/2026:17:35:40 +0800] "GET /news/portfolio-category/cold-rolled-coil HTTP/1.1" 200 21681 "-" "Mozilla/5.0 (Windows NT 10.0; Win64; x64) AppleWebKit/537.36"
36.212.177.151 - - [12/Jun/2026:17:35:41 +0800] "HEAD /news/portfolio-category/$%7Be?.bg?.image.src} HTTP/1.1" 404 0 "-" "Mozilla/5.0"
36.212.177.151 - - [12/Jun/2026:17:35:41 +0800] "GET /news/portfolio/duplex-stainless-steel HTTP/1.1" 200 22778 "-" "Mozilla/5.0 (Windows NT 10.0; Win64; x64) AppleWebKit/537.36"
36.212.177.151 - - [12/Jun/2026:17:35:41 +0800] "HEAD /wp-content/uploads/2025/07/1753453096-%E5%8F%8C%E7%9B%B8%E9%92%A2product_Single600%C3%97284-300x142.webp HTTP/1.1" 206 0 "-" "Mozilla/5.0"
36.212.177.151 - - [12/Jun/2026:17:35:41 +0800] "HEAD /wp-content/uploads/2025/07/1753456770-%E7%83%AD%E9%95%80%E9%94%8C%E5%8D%B7product_Single600-150x150.webp HTTP/1.1" 206 0 "-" "Mozilla/5.0"
36.212.177.151 - - [12/Jun/2026:17:35:41 +0800] "HEAD /wp-content/uploads/2025/07/1753456723-%E5%8F%8C%E7%9B%B8%E9%92%A2roduct_Single600-150x150.webp HTTP/1.1" 206 0 "-" "Mozilla/5.0"
36.212.177.151 - - [12/Jun/2026:17:35:41 +0800] "GET /news/portfolio-category/dual-phase-steel HTTP/1.1" 200 21674 "-" "Mozilla/5.0 (Windows NT 10.0; Win64; x64) AppleWebKit/537.36"
36.212.177.151 - - [12/Jun/2026:17:35:41 +0800] "GET /news/portfolio/hot-dip-galvanized-coil HTTP/1.1" 200 22933 "-" "Mozilla/5.0 (Windows NT 10.0; Win64; x64) AppleWebKit/537.36"
36.212.177.151 - - [12/Jun/2026:17:35:41 +0800] "HEAD /wp-content/uploads/2025/07/1753456770-%E7%83%AD%E9%95%80%E9%94%8C%E5%8D%B7product_Single600-300x300.webp HTTP/1.1" 206 0 "-" "Mozilla/5.0"
36.212.177.151 - - [12/Jun/2026:17:35:41 +0800] "HEAD /wp-content/uploads/2025/07/1753453127-%E4%BD%99%E5%8D%B7product_Single600%C3%97284-150x150.webp HTTP/1.1" 206 0 "-" "Mozilla/5.0"
36.212.177.151 - - [12/Jun/2026:17:35:41 +0800] "GET /news/portfolio-category/hot-dip-galvanized-coil HTTP/1.1" 200 21684 "-" "Mozilla/5.0 (Windows NT 10.0; Win64; x64) AppleWebKit/537.36"
36.212.177.151 - - [12/Jun/2026:17:35:42 +0800] "GET /news/portfolio/remaining-rolls HTTP/1.1" 200 22790 "-" "Mozilla/5.0 (Windows NT 10.0; Win64; x64) AppleWebKit/537.36"
36.212.177.151 - - [12/Jun/2026:17:35:42 +0800] "HEAD /wp-content/uploads/2025/07/1753453127-%E4%BD%99%E5%8D%B7product_Single600%C3%97284-300x142.webp HTTP/1.1" 206 0 "-" "Mozilla/5.0"
36.212.177.151 - - [12/Jun/2026:17:35:42 +0800] "HEAD /wp-content/uploads/2025/07/1753453029-%E9%85%B8%E6%B4%97%E5%8D%B7product_Single600-150x150.webp HTTP/1.1" 206 0 "-" "Mozilla/5.0"
36.212.177.151 - - [12/Jun/2026:17:35:42 +0800] "GET /news/portfolio-category/remaining-rolls HTTP/1.1" 200 21652 "-" "Mozilla/5.0 (Windows NT 10.0; Win64; x64) AppleWebKit/537.36"
36.212.177.151 - - [12/Jun/2026:17:35:42 +0800] "GET /material.html HTTP/1.1" 200 6459 "-" "Mozilla/5.0 (Windows NT 10.0; Win64; x64) AppleWebKit/537.36"
36.133.115.36 - - [12/Jun/2026:17:37:48 +0800] "POST /wp-cron.php?doing_wp_cron=1781257068.7260220050811767578125 HTTP/1.1" 200 31 "-" "WordPress/6.9; http://cqqizhou.com"
47.95.204.14 - - [12/Jun/2026:17:37:48 +0800] "GET / HTTP/1.0" 301 0 "-" "-"
47.95.204.14 - - [12/Jun/2026:17:37:59 +0800] "GET / HTTP/1.0" 301 0 "-" "-"
47.95.204.14 - - [12/Jun/2026:17:37:59 +0800] "GET /nmaplowercheck1781257069 HTTP/1.1" 404 32979 "-" "Mozilla/5.0 (compatible; Nmap Scripting Engine; https://nmap.org/book/nse.html)"
47.95.204.14 - - [12/Jun/2026:17:37:59 +0800] "POST /sdk HTTP/1.1" 404 32979 "-" "Mozilla/5.0 (compatible; Nmap Scripting Engine; https://nmap.org/book/nse.html)"
47.95.204.14 - - [12/Jun/2026:17:38:00 +0800] "GET /HNAP1 HTTP/1.1" 404 32979 "-" "Mozilla/5.0 (compatible; Nmap Scripting Engine; https://nmap.org/book/nse.html)"
47.95.204.14 - - [12/Jun/2026:17:38:00 +0800] "GET /evox/about HTTP/1.1" 404 32979 "-" "Mozilla/5.0 (compatible; Nmap Scripting Engine; https://nmap.org/book/nse.html)"
36.133.115.36 - - [12/Jun/2026:17:38:19 +0800] "POST /wp-cron.php?doing_wp_cron=1781257099.9396369457244873046875 HTTP/1.1" 200 31 "-" "WordPress/6.9; http://cqqizhou.com"
47.95.204.14 - - [12/Jun/2026:17:38:19 +0800] "GET / HTTP/1.0" 301 0 "-" "-"
47.95.204.14 - - [12/Jun/2026:17:38:20 +0800] "GET / HTTP/1.1" 301 5 "-" "-"
36.133.115.36 - - [12/Jun/2026:17:39:39 +0800] "POST /wp-cron.php?doing_wp_cron=1781257179.1599140167236328125000 HTTP/1.1" 200 31 "-" "WordPress/6.9; http://cqqizhou.com"
103.254.78.163 - - [12/Jun/2026:17:39:39 +0800] "GET /wp-json/oembed/1.0/embed?url=http%3A%2F%2Fcqqizhou.com%2Flogistics HTTP/1.1" 200 1147 "-" "Mozilla/5.0 (Windows NT 10.0; Win64; x64) AppleWebKit/537.36 (KHTML, like Gecko) Chrome/142.0.0.0 Safari/537.36"
167.114.139.38 - - [12/Jun/2026:17:58:42 +0800] "GET /news/portfolio-tag/ansteel-thyssen HTTP/1.1" 200 23081 "-" "Mozilla/5.0 (compatible; AhrefsBot/7.0; +http://ahrefs.com/robot/)"
112.86.225.29 - - [12/Jun/2026:18:21:11 +0800] "GET / HTTP/1.1" 200 35637 "-" "Sogou web spider/4.0(+http://www.sogou.com/docs/help/webmasters.htm#07)"
157.148.43.42 - - [12/Jun/2026:18:28:36 +0800] "GET /news/2418 HTTP/1.1" 200 27927 "-" "Mozilla/5.0 (Windows NT 10.0; Win64; x64) AppleWebKit/537.36 (KHTML, like Gecko) Chrome/117.0.0.0 Safari/537.36"
36.133.115.36 - - [12/Jun/2026:18:28:50 +0800] "POST /wp-cron.php?doing_wp_cron=1781260130.3743720054626464843750 HTTP/1.1" 200 31 "-" "WordPress/6.9; http://cqqizhou.com"
45.148.10.67 - - [12/Jun/2026:18:28:50 +0800] "GET / HTTP/1.1" 200 35195 "-" "Mozilla/5.0 (Windows NT 10.0; Win64; x64) AppleWebKit/537.36 (KHTML, like Gecko) Chrome/131.0.0.0 Safari/537.36"
36.133.115.36 - - [12/Jun/2026:18:34:20 +0800] "POST /wp-cron.php?doing_wp_cron=1781260460.1843969821929931640625 HTTP/1.1" 200 31 "-" "WordPress/6.9; http://cqqizhou.com"
110.249.201.73 - - [12/Jun/2026:18:34:20 +0800] "GET /robots.txt HTTP/1.1" 200 190 "-" "Mozilla/5.0 (Linux; Android 5.0) AppleWebKit/537.36 (KHTML, like Gecko) Mobile Safari/537.36 (compatible; Bytespider; https://zhanzhang.toutiao.com/)"
111.34.181.18 - - [12/Jun/2026:18:34:46 +0800] "GET /wp-content/uploads/2025/07/1750945637-honor300%C3%97206_5.webp HTTP/1.1" 200 77368 "http://cqqizhou.com/" "Mozilla/5.0 (Windows NT 10.0; Win64; x64) AppleWebKit/537.36 (KHTML, like Gecko) Chrome/109.0.0.0 Safari/537.36"
36.133.115.36 - - [12/Jun/2026:18:49:12 +0800] "POST /wp-cron.php?doing_wp_cron=1781261352.0766479969024658203125 HTTP/1.1" 200 31 "-" "WordPress/6.9; http://cqqizhou.com"
79.137.67.90 - - [12/Jun/2026:18:49:12 +0800] "GET /robots.txt HTTP/1.1" 200 390 "-" "Mozilla/5.0 (compatible; MJ12bot/v1.4.8; http://mj12bot.com/)"
79.137.67.90 - - [12/Jun/2026:18:49:16 +0800] "GET /portfolio-tag/%E9%9E%8D%E9%92%A2%E8%92%82%E6%A3%AE/ HTTP/1.1" 404 9410 "-" "Mozilla/5.0 (compatible; MJ12bot/v1.4.8; http://mj12bot.com/)"
34.63.117.220 - - [12/Jun/2026:18:58:43 +0800] "GET /news/2418 HTTP/1.1" 200 93835 "-" "Mozilla/5.0 (X11; Linux x86_64) AppleWebKit/537.36 (KHTML, like Gecko) Chrome/144.0.0.0 Safari/537.36"
34.63.117.220 - - [12/Jun/2026:18:58:58 +0800] "GET /wp-content/uploads/revslider/slider-1/1750861156-logistics_Slider_3840%C3%972160_20250625191356-scaled-300x169.webp HTTP/1.1" 200 8152 "http://cqqizhou.com/news/2418" "Mozilla/5.0 (X11; Linux x86_64) AppleWebKit/537.36 (KHTML, like Gecko) Chrome/144.0.0.0 Safari/537.36"
34.63.117.220 - - [12/Jun/2026:18:58:58 +0800] "GET /wp-content/uploads/2026/06/1780363378-1Article_images_W900px-300x169.webp HTTP/1.1" 200 15744 "http://cqqizhou.com/news/2418" "Mozilla/5.0 (X11; Linux x86_64) AppleWebKit/537.36 (KHTML, like Gecko) Chrome/144.0.0.0 Safari/537.36"
34.63.117.220 - - [12/Jun/2026:18:58:59 +0800] "GET /wp-content/uploads/2026/05/1779328461-1Article_images_W900px-300x169.webp HTTP/1.1" 200 10480 "http://cqqizhou.com/news/2418" "Mozilla/5.0 (X11; Linux x86_64) AppleWebKit/537.36 (KHTML, like Gecko) Chrome/144.0.0.0 Safari/537.36"
34.63.117.220 - - [12/Jun/2026:18:59:03 +0800] "GET /wp-content/uploads/2025/07/1753410289-News2000%C3%97400_202571.webp HTTP/1.1" 200 17830 "http://cqqizhou.com/news/2418" "Mozilla/5.0 (X11; Linux x86_64) AppleWebKit/537.36 (KHTML, like Gecko) Chrome/144.0.0.0 Safari/537.36"
34.63.117.220 - - [12/Jun/2026:18:59:04 +0800] "GET /wp-content/uploads/2025/07/1751425283-qizhou.kf_.qq_.com_.webp HTTP/1.1" 200 16864 "http://cqqizhou.com/news/2418" "Mozilla/5.0 (X11; Linux x86_64) AppleWebKit/537.36 (KHTML, like Gecko) Chrome/144.0.0.0 Safari/537.36"
36.133.115.36 - - [12/Jun/2026:19:06:07 +0800] "POST /wp-cron.php?doing_wp_cron=1781262367.7416229248046875000000 HTTP/1.1" 200 31 "-" "WordPress/6.9; http://cqqizhou.com"
34.182.244.226 - - [12/Jun/2026:19:06:07 +0800] "GET /v1/models HTTP/1.1" 301 5 "-" "insomnia/2023.5.8"
34.182.244.226 - - [12/Jun/2026:19:06:09 +0800] "GET /v1/models HTTP/1.1" 404 9410 "http://36.133.115.36:80/v1/models" "insomnia/2023.5.8"
36.133.115.36 - - [12/Jun/2026:19:12:13 +0800] "POST /wp-cron.php?doing_wp_cron=1781262733.3459808826446533203125 HTTP/1.1" 200 31 "-" "WordPress/6.9; http://cqqizhou.com"
20.14.74.210 - - [12/Jun/2026:19:12:13 +0800] "GET /manager/text/list HTTP/1.1" 404 9409 "-" "Mozilla/5.0 zgrab/0.x"
36.133.115.36 - - [12/Jun/2026:19:39:29 +0800] "POST /wp-cron.php?doing_wp_cron=1781264369.2106521129608154296875 HTTP/1.1" 200 31 "-" "WordPress/6.9; http://cqqizhou.com"
129.211.229.121 - - [12/Jun/2026:19:39:29 +0800] "GET / HTTP/1.1" 301 5 "-" "Mozilla/5.0 (iPhone; CPU iPhone OS 13_2_3 like Mac OS X) AppleWebKit/605.1.15 (KHTML, like Gecko) Version/13.0.3 Mobile/15E148 Safari/604.1"
129.211.229.121 - - [12/Jun/2026:19:39:34 +0800] "GET / HTTP/1.1" 200 35195 "http://www.cqqizhou.com" "Mozilla/5.0 (iPhone; CPU iPhone OS 13_2_3 like Mac OS X) AppleWebKit/605.1.15 (KHTML, like Gecko) Version/13.0.3 Mobile/15E148 Safari/604.1"
36.133.115.36 - - [12/Jun/2026:20:20:13 +0800] "POST /wp-cron.php?doing_wp_cron=1781266813.7210469245910644531250 HTTP/1.1" 200 31 "-" "WordPress/6.9; http://cqqizhou.com"
183.134.40.85 - - [12/Jun/2026:20:20:13 +0800] "GET / HTTP/1.1" 200 35194 "-" "Dalvik/2.1.0 (Linux; U; Android 9.0; ZTE BA520 Build/MRA58K)"
183.134.40.85 - - [12/Jun/2026:20:20:15 +0800] "GET / HTTP/1.1" 200 35637 "-" "Mozilla/5.0 (Macintosh; Intel Mac OS X 10_11) AppleWebKit/601.1.27 (KHTML, like Gecko) Chrome/47.0.2526.106 Safari/601.1.27"
49.85.127.120 - - [12/Jun/2026:20:20:57 +0800] "GET /robots.txt HTTP/1.1" 200 190 "-" "Mozilla/5.0 (Macintosh; Intel Mac OS X 10_13_5) AppleWebKit/537.36 (KHTML, like Gecko) Chrome/69.0.3497.100 Safari/537.36"
221.228.152.117 - - [12/Jun/2026:20:20:58 +0800] "GET /wp-content/uploads/2026/02/1770617354-Article_images_W900px.webp HTTP/1.1" 200 13634 "http://cqqizhou.com/work-safety" "Mozilla/5.0 (Windows NT 10.0; Win64; x64) AppleWebKit/537.36 (KHTML, like Gecko) Chrome/111.0.0.0 Safari/537.36"
49.88.204.108 - - [12/Jun/2026:20:20:59 +0800] "GET /wp-content/uploads/2026/04/1775195054-1Article_images_W900px.webp HTTP/1.1" 200 25562 "http://cqqizhou.com/work-safety" "Mozilla/5.0 (Macintosh; AMD Mac OS X 10_8_2) AppleWebKit/535.22 (KHTML, like Gecko) Chrome/18.6.872"
121.232.112.94 - - [12/Jun/2026:20:21:08 +0800] "GET /wp-content/uploads/2025/12/1766064629-Article_images_20251218212623.webp HTTP/1.1" 200 20366 "http://cqqizhou.com/work-safety" "Mozilla/5.0 (Windows NT 6.3; WOW64) AppleWebKit/537.36 (KHTML, like Gecko) Chrome/41.0.2225.0 Safari/537.36"
125.125.134.166 - - [12/Jun/2026:20:21:23 +0800] "GET /wp-content/uploads/revslider/slider-1/1750861156-logistics_Slider_3840%C3%972160_20250625191356-scaled.webp HTTP/1.1" 200 197360 "http://cqqizhou.com/work-safety" "Mozilla/5.0 (Windows NT 10.0; Win64; x64) AppleWebKit/537.36 (KHTML, like Gecko) Chrome/111.0.0.0 Safari/537.36"
36.133.115.36 - - [12/Jun/2026:20:23:24 +0800] "POST /wp-cron.php?doing_wp_cron=1781267004.7719309329986572265625 HTTP/1.1" 200 31 "-" "WordPress/6.9; http://cqqizhou.com"
43.129.233.104 - - [12/Jun/2026:20:23:24 +0800] "HEAD /bin.rar HTTP/1.1" 404 0 "-" "Mozilla/5.0 (Windows NT 10.0; Win64; x64) AppleWebKit/537.36 (KHTML, like Gecko) Chrome/120.0.0.0 Safari/537.36"
183.134.40.85 - - [12/Jun/2026:20:26:50 +0800] "GET / HTTP/1.1" 200 35637 "-" "Mozilla/5.0 (X11; U; Linux i686; fr; rv:1.7.2) Gecko/20040804"
36.133.115.36 - - [12/Jun/2026:20:31:00 +0800] "POST /wp-cron.php?doing_wp_cron=1781267460.4318470954895019531250 HTTP/1.1" 200 31 "-" "WordPress/6.9; http://cqqizhou.com"
119.84.246.117 - - [12/Jun/2026:20:31:00 +0800] "GET / HTTP/1.1" 301 5 "-" "Mozilla/5.0 (Windows; U; Windows NT 6.1; zh_CN) AppleWebKit/534.7 (KHTML, like Gecko) Chrome/18.0 BIDUBrowser/2.6 Safari/534.7"
119.84.246.117 - - [12/Jun/2026:20:31:00 +0800] "GET / HTTP/1.1" 200 160339 "-" "Mozilla/5.0 (Windows; U; Windows NT 6.1; zh_CN) AppleWebKit/534.7 (KHTML, like Gecko) Chrome/18.0 BIDUBrowser/2.6 Safari/534.7"
119.84.246.117 - - [12/Jun/2026:20:31:06 +0800] "GET / HTTP/1.1" 301 5 "-" "Mozilla/5.0 (Windows; U; Windows NT 5.2) AppleWebKit/525.13 (KHTML, like Gecko) Chrome/0.2.149.27 Safari/525.13"
119.84.246.117 - - [12/Jun/2026:20:31:06 +0800] "GET / HTTP/1.1" 200 160339 "-" "Mozilla/5.0 (Windows; U; Windows NT 5.2) AppleWebKit/525.13 (KHTML, like Gecko) Chrome/0.2.149.27 Safari/525.13"
119.84.246.117 - - [12/Jun/2026:20:31:07 +0800] "GET / HTTP/1.1" 301 5 "-" "Mozilla/5.0 (Windows; U; Windows NT 6.1; zh_CN) AppleWebKit/534.7 (KHTML, like Gecko) Chrome/18.0 BIDUBrowser/2.6 Safari/534.7"
119.84.246.117 - - [12/Jun/2026:20:31:07 +0800] "GET / HTTP/1.1" 200 160339 "-" "Mozilla/5.0 (Windows; U; Windows NT 6.1; zh_CN) AppleWebKit/534.7 (KHTML, like Gecko) Chrome/18.0 BIDUBrowser/2.6 Safari/534.7"
36.133.115.36 - - [12/Jun/2026:20:48:19 +0800] "POST /wp-cron.php?doing_wp_cron=1781268499.6108169555664062500000 HTTP/1.1" 200 31 "-" "WordPress/6.9; http://cqqizhou.com"
43.156.117.41 - - [12/Jun/2026:20:48:19 +0800] "GET /wp-content/uploads/2025/07/1753456770- HTTP/1.1" 404 9408 "-" "Mozilla/5.0 (iPhone; CPU iPhone OS 13_2_3 like Mac OS X) AppleWebKit/605.1.15 (KHTML, like Gecko) Version/13.0.3 Mobile/15E148 Safari/604.1"
43.154.71.143 - - [12/Jun/2026:20:53:20 +0800] "GET /wp-content/plugins/revslider/ HTTP/1.1" 200 5 "-" "Mozilla/5.0 (Windows NT 10.0; Win64; x64) AppleWebKit/537.36 (KHTML, like Gecko) Chrome/125.0.0.0 Safari/537.36"
36.133.115.36 - - [12/Jun/2026:20:53:20 +0800] "POST /wp-cron.php?doing_wp_cron=1781268800.9510250091552734375000 HTTP/1.1" 200 31 "-" "WordPress/6.9; http://cqqizhou.com"
43.154.71.143 - - [12/Jun/2026:20:53:20 +0800] "GET /wp-content/plugins/revslider/readme.txt HTTP/1.1" 404 32979 "-" "Mozilla/5.0 (Windows NT 10.0; Win64; x64) AppleWebKit/537.36 (KHTML, like Gecko) Chrome/125.0.0.0 Safari/537.36"
43.154.71.143 - - [12/Jun/2026:20:53:21 +0800] "GET /wp-content/plugins/revslider/readme.txt HTTP/1.1" 404 32979 "-" "Mozilla/5.0 (Windows NT 10.0; Win64; x64) AppleWebKit/537.36 (KHTML, like Gecko) Chrome/125.0.0.0 Safari/537.36"
43.154.71.143 - - [12/Jun/2026:20:53:22 +0800] "GET / HTTP/1.1" 200 160339 "-" "Mozilla/5.0 (Windows NT 10.0; Win64; x64) AppleWebKit/537.36 (KHTML, like Gecko) Chrome/125.0.0.0 Safari/537.36"
43.154.71.143 - - [12/Jun/2026:20:53:23 +0800] "GET /wp-admin/admin-ajax.php?action=revslider_ajax_action&client_action=export&id=../../../../wp-config.php HTTP/1.1" 400 11 "-" "Mozilla/5.0 (Windows NT 10.0; Win64; x64) AppleWebKit/537.36 (KHTML, like Gecko) Chrome/125.0.0.0 Safari/537.36"
43.154.71.143 - - [12/Jun/2026:20:53:24 +0800] "GET /wp-admin/admin-ajax.php?action=revslider_ajax_action&client_action=download_image&id=../../../../wp-config.php HTTP/1.1" 400 11 "-" "Mozilla/5.0 (Windows NT 10.0; Win64; x64) AppleWebKit/537.36 (KHTML, like Gecko) Chrome/125.0.0.0 Safari/537.36"
43.154.71.143 - - [12/Jun/2026:20:53:24 +0800] "GET /wp-admin/admin-post.php?action=revslider_ajax_action&client_action=export&id=../../../../wp-config.php HTTP/1.1" 400 2484 "-" "Mozilla/5.0 (Windows NT 10.0; Win64; x64) AppleWebKit/537.36 (KHTML, like Gecko) Chrome/125.0.0.0 Safari/537.36"
43.154.71.143 - - [12/Jun/2026:20:53:26 +0800] "GET /wp-admin/admin-ajax.php?action=revslider_ajax_action&client_action=get_image&id=../../../../wp-config.php HTTP/1.1" 400 11 "-" "Mozilla/5.0 (Windows NT 10.0; Win64; x64) AppleWebKit/537.36 (KHTML, like Gecko) Chrome/125.0.0.0 Safari/537.36"
43.154.71.143 - - [12/Jun/2026:20:53:27 +0800] "GET /wp-admin/admin-ajax.php?action=revslider_ajax_action&client_action=preview&id=../../../../wp-config.php HTTP/1.1" 400 11 "-" "Mozilla/5.0 (Windows NT 10.0; Win64; x64) AppleWebKit/537.36 (KHTML, like Gecko) Chrome/125.0.0.0 Safari/537.36"
43.154.71.143 - - [12/Jun/2026:20:53:28 +0800] "POST /wp-admin/admin-ajax.php HTTP/1.1" 400 11 "http://cqqizhou.com/" "Mozilla/5.0 (Windows NT 10.0; Win64; x64) AppleWebKit/537.36 (KHTML, like Gecko) Chrome/125.0.0.0 Safari/537.36"
43.154.71.143 - - [12/Jun/2026:20:53:29 +0800] "POST /wp-admin/admin-ajax.php HTTP/1.1" 400 11 "http://cqqizhou.com/" "Mozilla/5.0 (Windows NT 10.0; Win64; x64) AppleWebKit/537.36 (KHTML, like Gecko) Chrome/125.0.0.0 Safari/537.36"
43.154.71.143 - - [12/Jun/2026:20:53:30 +0800] "POST /wp-admin/admin-ajax.php HTTP/1.1" 400 11 "http://cqqizhou.com/" "Mozilla/5.0 (Windows NT 10.0; Win64; x64) AppleWebKit/537.36 (KHTML, like Gecko) Chrome/125.0.0.0 Safari/537.36"
43.154.71.143 - - [12/Jun/2026:20:53:31 +0800] "POST /wp-admin/admin-ajax.php HTTP/1.1" 400 11 "http://cqqizhou.com/" "Mozilla/5.0 (Windows NT 10.0; Win64; x64) AppleWebKit/537.36 (KHTML, like Gecko) Chrome/125.0.0.0 Safari/537.36"
43.154.71.143 - - [12/Jun/2026:20:53:32 +0800] "POST /wp-admin/admin-ajax.php HTTP/1.1" 400 11 "http://cqqizhou.com/" "Mozilla/5.0 (Windows NT 10.0; Win64; x64) AppleWebKit/537.36 (KHTML, like Gecko) Chrome/125.0.0.0 Safari/537.36"
43.154.71.143 - - [12/Jun/2026:20:53:33 +0800] "POST /wp-admin/admin-ajax.php HTTP/1.1" 400 11 "http://cqqizhou.com/" "Mozilla/5.0 (Windows NT 10.0; Win64; x64) AppleWebKit/537.36 (KHTML, like Gecko) Chrome/125.0.0.0 Safari/537.36"
43.154.71.143 - - [12/Jun/2026:20:53:33 +0800] "POST /wp-admin/admin-ajax.php HTTP/1.1" 400 11 "http://cqqizhou.com/" "Mozilla/5.0 (Windows NT 10.0; Win64; x64) AppleWebKit/537.36 (KHTML, like Gecko) Chrome/125.0.0.0 Safari/537.36"
43.154.71.143 - - [12/Jun/2026:20:53:34 +0800] "POST /wp-admin/admin-ajax.php HTTP/1.1" 400 11 "http://cqqizhou.com/" "Mozilla/5.0 (Windows NT 10.0; Win64; x64) AppleWebKit/537.36 (KHTML, like Gecko) Chrome/125.0.0.0 Safari/537.36"
43.154.71.143 - - [12/Jun/2026:20:53:35 +0800] "POST /wp-admin/admin-ajax.php HTTP/1.1" 400 11 "http://cqqizhou.com/" "Mozilla/5.0 (Windows NT 10.0; Win64; x64) AppleWebKit/537.36 (KHTML, like Gecko) Chrome/125.0.0.0 Safari/537.36"
43.154.71.143 - - [12/Jun/2026:20:53:35 +0800] "POST /wp-json/wp/v2/media HTTP/1.1" 401 165 "-" "Mozilla/5.0 (Windows NT 10.0; Win64; x64) AppleWebKit/537.36 (KHTML, like Gecko) Chrome/125.0.0.0 Safari/537.36"
43.154.71.143 - - [12/Jun/2026:20:53:36 +0800] "POST /?rest_route=/wp/v2/media HTTP/1.1" 401 165 "-" "Mozilla/5.0 (Windows NT 10.0; Win64; x64) AppleWebKit/537.36 (KHTML, like Gecko) Chrome/125.0.0.0 Safari/537.36"
43.154.71.143 - - [12/Jun/2026:20:53:37 +0800] "POST /wp-admin/async-upload.php HTTP/1.1" 302 5 "http://cqqizhou.com/wp-admin/" "Mozilla/5.0 (Windows NT 10.0; Win64; x64) AppleWebKit/537.36 (KHTML, like Gecko) Chrome/125.0.0.0 Safari/537.36"
43.154.71.143 - - [12/Jun/2026:20:53:38 +0800] "GET /wp-login.php?redirect_to=http%3A%2F%2Fcqqizhou.com%2Fwp-admin%2Fasync-upload.php&reauth=1 HTTP/1.1" 200 9069 "http://cqqizhou.com/wp-admin/" "Mozilla/5.0 (Windows NT 10.0; Win64; x64) AppleWebKit/537.36 (KHTML, like Gecko) Chrome/125.0.0.0 Safari/537.36"
43.154.71.143 - - [12/Jun/2026:20:53:38 +0800] "GET /wp-content/plugins/revslider/admin/includes/file_upload.php HTTP/1.1" 404 27 "-" "Mozilla/5.0 (Windows NT 10.0; Win64; x64) AppleWebKit/537.36 (KHTML, like Gecko) Chrome/125.0.0.0 Safari/537.36"
43.154.71.143 - - [12/Jun/2026:20:53:38 +0800] "GET /wp-content/plugins/revslider/inc/php/upload.php HTTP/1.1" 404 27 "-" "Mozilla/5.0 (Windows NT 10.0; Win64; x64) AppleWebKit/537.36 (KHTML, like Gecko) Chrome/125.0.0.0 Safari/537.36"
43.154.71.143 - - [12/Jun/2026:20:53:38 +0800] "GET /wp-content/plugins/revslider/php/upload.php HTTP/1.1" 404 27 "-" "Mozilla/5.0 (Windows NT 10.0; Win64; x64) AppleWebKit/537.36 (KHTML, like Gecko) Chrome/125.0.0.0 Safari/537.36"
43.154.71.143 - - [12/Jun/2026:20:53:38 +0800] "GET /wp-content/plugins/revslider/upload.php HTTP/1.1" 404 27 "-" "Mozilla/5.0 (Windows NT 10.0; Win64; x64) AppleWebKit/537.36 (KHTML, like Gecko) Chrome/125.0.0.0 Safari/537.36"
43.154.71.143 - - [12/Jun/2026:20:53:38 +0800] "GET /wp-content/uploads/revslider/upload.php HTTP/1.1" 404 27 "-" "Mozilla/5.0 (Windows NT 10.0; Win64; x64) AppleWebKit/537.36 (KHTML, like Gecko) Chrome/125.0.0.0 Safari/537.36"
43.154.71.143 - - [12/Jun/2026:20:53:39 +0800] "POST /wp-admin/admin-post.php HTTP/1.1" 400 2484 "http://cqqizhou.com/" "Mozilla/5.0 (Windows NT 10.0; Win64; x64) AppleWebKit/537.36 (KHTML, like Gecko) Chrome/125.0.0.0 Safari/537.36"
43.154.71.143 - - [12/Jun/2026:20:53:40 +0800] "POST /wp-admin/admin-post.php HTTP/1.1" 400 2484 "http://cqqizhou.com/" "Mozilla/5.0 (Windows NT 10.0; Win64; x64) AppleWebKit/537.36 (KHTML, like Gecko) Chrome/125.0.0.0 Safari/537.36"
43.154.71.143 - - [12/Jun/2026:20:53:41 +0800] "POST /wp-admin/admin-post.php HTTP/1.1" 400 2484 "http://cqqizhou.com/" "Mozilla/5.0 (Windows NT 10.0; Win64; x64) AppleWebKit/537.36 (KHTML, like Gecko) Chrome/125.0.0.0 Safari/537.36"
43.154.71.143 - - [12/Jun/2026:20:53:41 +0800] "PUT /wp-content/uploads/revslider/images/rev_1781268797.html HTTP/1.1" 404 32979 "-" "Mozilla/5.0 (Windows NT 10.0; Win64; x64) AppleWebKit/537.36 (KHTML, like Gecko) Chrome/125.0.0.0 Safari/537.36"
36.133.115.36 - - [12/Jun/2026:21:12:43 +0800] "POST /wp-cron.php?doing_wp_cron=1781269963.7831819057464599609375 HTTP/1.1" 200 31 "-" "WordPress/6.9; http://cqqizhou.com"
195.178.110.2 - - [12/Jun/2026:21:12:43 +0800] "GET /.git/config HTTP/1.1" 404 9408 "-" "Mozilla/5.0 (Linux; U; Android 4.1; en-us; sdk Build/MR1) AppleWebKit/534.30 (KHTML, like Gecko) Version/4.1 Safari/534.30"
36.133.115.36 - - [12/Jun/2026:21:21:10 +0800] "POST /wp-cron.php?doing_wp_cron=1781270470.6558001041412353515625 HTTP/1.1" 200 31 "-" "WordPress/6.9; http://cqqizhou.com"
43.156.232.134 - - [12/Jun/2026:21:21:10 +0800] "GET /services HTTP/1.1" 200 26363 "-" "Mozilla/5.0 (iPhone; CPU iPhone OS 13_2_3 like Mac OS X) AppleWebKit/605.1.15 (KHTML, like Gecko) Version/13.0.3 Mobile/15E148 Safari/604.1"
36.133.115.36 - - [12/Jun/2026:21:35:17 +0800] "POST /wp-cron.php?doing_wp_cron=1781271317.9190170764923095703125 HTTP/1.1" 200 31 "-" "WordPress/6.9; http://cqqizhou.com"
43.160.219.206 - - [12/Jun/2026:21:35:17 +0800] "GET /news/portfolio-category/hot-dip-galvanized-coil HTTP/1.1" 200 18309 "-" "Mozilla/5.0 (iPhone; CPU iPhone OS 13_2_3 like Mac OS X) AppleWebKit/605.1.15 (KHTML, like Gecko) Version/13.0.3 Mobile/15E148 Safari/604.1"
36.133.115.36 - - [12/Jun/2026:21:36:45 +0800] "POST /wp-cron.php?doing_wp_cron=1781271405.0654399394989013671875 HTTP/1.1" 200 31 "-" "WordPress/6.9; http://cqqizhou.com"
120.241.117.237 - - [12/Jun/2026:21:36:45 +0800] "GET /robots.txt HTTP/1.1" 200 190 "-" "Mozilla/5.0 (Windows NT 10.0; WOW64) AppleWebKit/537.36 (KHTML, like Gecko) Chrome/57.0.2595.118 UBrowser/6.2.3964.2 Safari/537.36"
36.133.115.36 - - [12/Jun/2026:21:54:04 +0800] "POST /wp-cron.php?doing_wp_cron=1781272444.9228239059448242187500 HTTP/1.1" 200 31 "-" "WordPress/6.9; http://cqqizhou.com"
45.148.10.67 - - [12/Jun/2026:21:54:04 +0800] "GET / HTTP/1.1" 200 35193 "-" "Mozilla/5.0 (Windows NT 10.0; Win64; x64) AppleWebKit/537.36 (KHTML, like Gecko) Chrome/131.0.0.0 Safari/537.36"
36.133.115.36 - - [12/Jun/2026:21:57:27 +0800] "POST /wp-cron.php?doing_wp_cron=1781272647.1645579338073730468750 HTTP/1.1" 200 31 "-" "WordPress/6.9; http://cqqizhou.com"
20.46.231.114 - - [12/Jun/2026:21:57:27 +0800] "GET /actuator/health HTTP/1.1" 404 9408 "-" "Mozilla/5.0 zgrab/0.x"
36.133.115.36 - - [12/Jun/2026:22:30:37 +0800] "POST /wp-cron.php?doing_wp_cron=1781274637.8379960060119628906250 HTTP/1.1" 200 31 "-" "WordPress/6.9; http://cqqizhou.com"
116.179.32.22 - - [12/Jun/2026:22:30:37 +0800] "GET /2052/ HTTP/1.1" 301 5 "-" "Mozilla/5.0 (compatible; Baiduspider/2.0; +http://www.baidu.com/search/spider.html)"
116.179.32.46 - - [12/Jun/2026:22:30:38 +0800] "GET /news/2052 HTTP/1.1" 200 26202 "-" "Mozilla/5.0 (compatible; Baiduspider/2.0; +http://www.baidu.com/search/spider.html)"
36.133.115.36 - - [12/Jun/2026:22:42:37 +0800] "POST /wp-cron.php?doing_wp_cron=1781275357.7804129123687744140625 HTTP/1.1" 200 31 "-" "WordPress/6.9; http://cqqizhou.com"
176.65.139.66 - - [12/Jun/2026:22:42:37 +0800] "GET / HTTP/1.0" 301 0 "-" "Shodan-Pull/1.0"
156.245.205.34 - - [12/Jun/2026:22:48:55 +0800] "GET /1234.php HTTP/1.1" 404 47 "-" "Mozilla/5.0 (Windows NT 10.0; WOW64; rv:48.0) Gecko/20100101 Firefox/48.0"
156.245.205.34 - - [12/Jun/2026:22:48:57 +0800] "GET /e/install/index.php?enews=setdb&f=4 HTTP/1.1" 404 47 "-" "Mozilla/5.0 (Windows NT 10.0; WOW64; rv:48.0) Gecko/20100101 Firefox/48.0"
36.133.115.36 - - [12/Jun/2026:22:49:33 +0800] "POST /wp-cron.php?doing_wp_cron=1781275773.2670190334320068359375 HTTP/1.1" 200 31 "-" "WordPress/6.9; http://cqqizhou.com"
87.242.123.79 - - [12/Jun/2026:22:49:33 +0800] "GET /robots.txt HTTP/1.1" 200 190 "-" "Mozilla/5.0"
104.207.56.166 - - [12/Jun/2026:22:49:34 +0800] "GET http://www.cqqizhou.com/robots.txt HTTP/1.1" 301 5 "-" "Mozilla/5.0"
104.207.56.149 - - [12/Jun/2026:22:49:36 +0800] "GET http://cqqizhou.com/robots.txt HTTP/1.1" 499 0 "-" "Mozilla/5.0"
104.207.56.166 - - [12/Jun/2026:22:49:36 +0800] "GET http://cqqizhou.com/robots.txt HTTP/1.1" 200 190 "-" "Mozilla/5.0"
104.207.56.172 - - [12/Jun/2026:22:49:38 +0800] "GET http://www.cqqizhou.com/feed/ HTTP/1.1" 301 5 "-" "Mozilla/5.0"
104.207.56.202 - - [12/Jun/2026:22:49:38 +0800] "GET http://www.cqqizhou.com/sitemap.xml.gz HTTP/1.1" 301 5 "-" "Mozilla/5.0"
