File: /home/logs/cqqizhou_access_2026-06-06.log
183.240.218.214 - - [06/Jun/2026:00:03:39 +0800] "GET /news/2418 HTTP/1.1" 200 27926 "-" "Mozilla/5.0 (Windows NT 10.0; Win64; x64) AppleWebKit/537.36 (KHTML, like Gecko) Chrome/142.0.0.0 Safari/537.36"
183.240.218.214 - - [06/Jun/2026:00:03:41 +0800] "POST /wp-admin/admin-ajax.php HTTP/1.1" 499 0 "http://cqqizhou.com/news/2418" "Mozilla/5.0 (Windows NT 10.0; Win64; x64) AppleWebKit/537.36 (KHTML, like Gecko) Chrome/142.0.0.0 Safari/537.36"
36.133.115.36 - - [06/Jun/2026:00:03:41 +0800] "POST /wp-cron.php?doing_wp_cron=1780675421.7564280033111572265625 HTTP/1.1" 200 31 "-" "WordPress/6.9; http://cqqizhou.com"
36.133.115.36 - - [06/Jun/2026:00:18:03 +0800] "POST /wp-cron.php?doing_wp_cron=1780676283.1141378879547119140625 HTTP/1.1" 200 31 "-" "WordPress/6.9; http://cqqizhou.com"
49.51.243.156 - - [06/Jun/2026:00:18:03 +0800] "GET / HTTP/1.1" 301 5 "-" "Mozilla/5.0 (iPhone; CPU iPhone OS 13_2_3 like Mac OS X) AppleWebKit/605.1.15 (KHTML, like Gecko) Version/13.0.3 Mobile/15E148 Safari/604.1"
49.51.243.156 - - [06/Jun/2026:00:18:05 +0800] "GET / HTTP/1.1" 200 35194 "http://36.133.115.36" "Mozilla/5.0 (iPhone; CPU iPhone OS 13_2_3 like Mac OS X) AppleWebKit/605.1.15 (KHTML, like Gecko) Version/13.0.3 Mobile/15E148 Safari/604.1"
116.132.236.117 - - [06/Jun/2026:00:20:29 +0800] "GET /news/2440 HTTP/1.1" 200 22387 "-" "YisouSpider"
36.133.115.36 - - [06/Jun/2026:00:26:30 +0800] "POST /wp-cron.php?doing_wp_cron=1780676790.3390989303588867187500 HTTP/1.1" 200 31 "-" "WordPress/6.9; http://cqqizhou.com"
110.249.202.109 - - [06/Jun/2026:00:26:30 +0800] "GET /media/4 HTTP/1.1" 200 26535 "-" "Mozilla/5.0 (Linux; Android 5.0) AppleWebKit/537.36 (KHTML, like Gecko) Mobile Safari/537.36 (compatible; Bytespider; https://zhanzhang.toutiao.com/)"
110.249.202.120 - - [06/Jun/2026:00:26:31 +0800] "GET /wp-content/uploads/2026/02/1769999241-4.2%E7%B1%B3%E9%AB%98%E6%A0%8F%E8%B4%A7%E8%BD%A6-300x169.webp HTTP/1.1" 206 500 "http://cqqizhou.com/media/4" "Mozilla/5.0 (Linux; Android 5.0) AppleWebKit/537.36 (KHTML, like Gecko) Mobile Safari/537.36 (compatible; Bytespider; https://zhanzhang.toutiao.com/)"
110.249.202.112 - - [06/Jun/2026:00:26:31 +0800] "GET /wp-content/uploads/2026/04/1775195054-1Article_images_W900px-300x169.webp HTTP/1.1" 206 500 "http://cqqizhou.com/media/4" "Mozilla/5.0 (Linux; Android 5.0) AppleWebKit/537.36 (KHTML, like Gecko) Mobile Safari/537.36 (compatible; Bytespider; https://zhanzhang.toutiao.com/)"
110.249.202.185 - - [06/Jun/2026:00:26:31 +0800] "GET /wp-content/uploads/2025/07/1751864664-Logistics800x500_1-300x188.webp HTTP/1.1" 206 500 "http://cqqizhou.com/media/4" "Mozilla/5.0 (Linux; Android 5.0) AppleWebKit/537.36 (KHTML, like Gecko) Mobile Safari/537.36 (compatible; Bytespider; https://zhanzhang.toutiao.com/)"
110.249.202.112 - - [06/Jun/2026:00:26:31 +0800] "GET /wp-content/uploads/2025/07/1751425283-qizhou.kf_.qq_.com_.webp HTTP/1.1" 206 500 "http://cqqizhou.com/media/4" "Mozilla/5.0 (Linux; Android 5.0) AppleWebKit/537.36 (KHTML, like Gecko) Mobile Safari/537.36 (compatible; Bytespider; https://zhanzhang.toutiao.com/)"
110.249.202.109 - - [06/Jun/2026:00:26:32 +0800] "GET /wp-content/uploads/2025/12/1765268955-qizhou_Slider1_3840%C3%972160_20251210-scaled.webp HTTP/1.1" 206 500 "http://cqqizhou.com/media/4" "Mozilla/5.0 (Linux; Android 5.0) AppleWebKit/537.36 (KHTML, like Gecko) Mobile Safari/537.36 (compatible; Bytespider; https://zhanzhang.toutiao.com/)"
110.249.202.249 - - [06/Jun/2026:00:26:32 +0800] "GET /wp-content/uploads/media/qizhou_Brochure.webp HTTP/1.1" 206 500 "http://cqqizhou.com/media/4" "Mozilla/5.0 (Linux; Android 5.0) AppleWebKit/537.36 (KHTML, like Gecko) Mobile Safari/537.36 (compatible; Bytespider; https://zhanzhang.toutiao.com/)"
36.133.115.36 - - [06/Jun/2026:00:28:57 +0800] "POST /wp-cron.php?doing_wp_cron=1780676937.1550319194793701171875 HTTP/1.1" 200 31 "-" "WordPress/6.9; http://cqqizhou.com"
43.157.43.147 - - [06/Jun/2026:00:28:57 +0800] "GET / HTTP/1.1" 301 5 "-" "Mozilla/5.0 (iPhone; CPU iPhone OS 13_2_3 like Mac OS X) AppleWebKit/605.1.15 (KHTML, like Gecko) Version/13.0.3 Mobile/15E148 Safari/604.1"
43.157.43.147 - - [06/Jun/2026:00:29:00 +0800] "GET / HTTP/1.1" 200 35195 "http://www.cqqizhou.com" "Mozilla/5.0 (iPhone; CPU iPhone OS 13_2_3 like Mac OS X) AppleWebKit/605.1.15 (KHTML, like Gecko) Version/13.0.3 Mobile/15E148 Safari/604.1"
36.133.115.36 - - [06/Jun/2026:00:38:25 +0800] "POST /wp-cron.php?doing_wp_cron=1780677505.6347770690917968750000 HTTP/1.1" 200 31 "-" "WordPress/6.9; http://cqqizhou.com"
45.198.224.22 - - [06/Jun/2026:00:38:25 +0800] "GET / HTTP/1.1" 200 35194 "-" "Mozilla/5.0 (Windows NT 10.0; Win64; x64) AppleWebKit/537.36 (KHTML, like Gecko) Chrome/90.0.4430.85 Safari/537.36 Edg/90.0.818.46"
36.133.115.36 - - [06/Jun/2026:00:42:39 +0800] "POST /wp-cron.php?doing_wp_cron=1780677759.1138288974761962890625 HTTP/1.1" 200 31 "-" "WordPress/6.9; http://cqqizhou.com"
43.157.156.190 - - [06/Jun/2026:00:42:39 +0800] "GET /services/ HTTP/1.1" 301 5 "-" "Mozilla/5.0 (iPhone; CPU iPhone OS 13_2_3 like Mac OS X) AppleWebKit/605.1.15 (KHTML, like Gecko) Version/13.0.3 Mobile/15E148 Safari/604.1"
43.157.156.190 - - [06/Jun/2026:00:42:46 +0800] "GET /services HTTP/1.1" 200 26363 "http://cqqizhou.com/services/" "Mozilla/5.0 (iPhone; CPU iPhone OS 13_2_3 like Mac OS X) AppleWebKit/605.1.15 (KHTML, like Gecko) Version/13.0.3 Mobile/15E148 Safari/604.1"
36.133.115.36 - - [06/Jun/2026:00:57:07 +0800] "POST /wp-cron.php?doing_wp_cron=1780678627.6159069538116455078125 HTTP/1.1" 200 31 "-" "WordPress/6.9; http://cqqizhou.com"
5.61.209.126 - - [06/Jun/2026:00:57:07 +0800] "GET /SDK/webLanguage HTTP/1.1" 301 5 "-" "Mozilla/5.0 (Windows NT 10.0; Win64; x64) AppleWebKit/537.36 (KHTML, like Gecko) Chrome/90.0.4430.85 Safari/537.36 Edg/90.0.818.46"
36.133.115.36 - - [06/Jun/2026:00:58:53 +0800] "POST /wp-cron.php?doing_wp_cron=1780678733.4818971157073974609375 HTTP/1.1" 200 31 "-" "WordPress/6.9; http://cqqizhou.com"
110.249.201.68 - - [06/Jun/2026:00:58:53 +0800] "GET /media/4 HTTP/1.1" 200 26535 "-" "Mozilla/5.0 (Linux; Android 5.0) AppleWebKit/537.36 (KHTML, like Gecko) Mobile Safari/537.36 (compatible; Bytespider; https://zhanzhang.toutiao.com/)"
110.249.201.68 - - [06/Jun/2026:00:58:53 +0800] "GET /wp-content/uploads/2026/04/1775195054-1Article_images_W900px-300x169.webp HTTP/1.1" 206 500 "http://cqqizhou.com/media/4" "Mozilla/5.0 (Linux; Android 5.0) AppleWebKit/537.36 (KHTML, like Gecko) Mobile Safari/537.36 (compatible; Bytespider; https://zhanzhang.toutiao.com/)"
110.249.201.249 - - [06/Jun/2026:00:58:53 +0800] "GET /wp-content/uploads/2025/07/1751864664-Logistics800x500_1-300x188.webp HTTP/1.1" 206 500 "http://cqqizhou.com/media/4" "Mozilla/5.0 (Linux; Android 5.0) AppleWebKit/537.36 (KHTML, like Gecko) Mobile Safari/537.36 (compatible; Bytespider; https://zhanzhang.toutiao.com/)"
110.249.201.206 - - [06/Jun/2026:00:58:53 +0800] "GET /wp-content/uploads/2025/07/1751425283-qizhou.kf_.qq_.com_.webp HTTP/1.1" 206 500 "http://cqqizhou.com/media/4" "Mozilla/5.0 (Linux; Android 5.0) AppleWebKit/537.36 (KHTML, like Gecko) Mobile Safari/537.36 (compatible; Bytespider; https://zhanzhang.toutiao.com/)"
110.249.201.185 - - [06/Jun/2026:00:58:54 +0800] "GET /wp-content/uploads/2025/12/1765268955-qizhou_Slider1_3840%C3%972160_20251210-scaled.webp HTTP/1.1" 206 500 "http://cqqizhou.com/media/4" "Mozilla/5.0 (Linux; Android 5.0) AppleWebKit/537.36 (KHTML, like Gecko) Mobile Safari/537.36 (compatible; Bytespider; https://zhanzhang.toutiao.com/)"
110.249.201.158 - - [06/Jun/2026:00:58:54 +0800] "GET /wp-content/uploads/media/qizhou_Brochure.webp HTTP/1.1" 206 500 "http://cqqizhou.com/media/4" "Mozilla/5.0 (Linux; Android 5.0) AppleWebKit/537.36 (KHTML, like Gecko) Mobile Safari/537.36 (compatible; Bytespider; https://zhanzhang.toutiao.com/)"
36.133.115.36 - - [06/Jun/2026:01:04:25 +0800] "POST /wp-cron.php?doing_wp_cron=1780679065.8994340896606445312500 HTTP/1.1" 200 31 "-" "WordPress/6.9; http://cqqizhou.com"
170.106.152.218 - - [06/Jun/2026:01:04:25 +0800] "GET /logistics/ HTTP/1.1" 301 5 "-" "Mozilla/5.0 (iPhone; CPU iPhone OS 13_2_3 like Mac OS X) AppleWebKit/605.1.15 (KHTML, like Gecko) Version/13.0.3 Mobile/15E148 Safari/604.1"
170.106.152.218 - - [06/Jun/2026:01:04:34 +0800] "GET /logistics HTTP/1.1" 200 25820 "http://cqqizhou.com/logistics/" "Mozilla/5.0 (iPhone; CPU iPhone OS 13_2_3 like Mac OS X) AppleWebKit/605.1.15 (KHTML, like Gecko) Version/13.0.3 Mobile/15E148 Safari/604.1"
175.174.187.73 - - [06/Jun/2026:01:05:59 +0800] "GET /news/2572 HTTP/1.1" 200 20204 "-" "Mozilla/5.0 (Macintosh; Intel Mac OS X 10_15_7) AppleWebKit/537.36 (KHTML, like Gecko) Chrome/140.0.0.0 Safari/537.36"
36.133.115.36 - - [06/Jun/2026:01:10:51 +0800] "POST /wp-cron.php?doing_wp_cron=1780679451.6660900115966796875000 HTTP/1.1" 200 31 "-" "WordPress/6.9; http://cqqizhou.com"
157.10.199.158 - - [06/Jun/2026:01:10:51 +0800] "GET / HTTP/1.1" 301 5 "-" "Go-http-client/1.1"
157.10.199.158 - - [06/Jun/2026:01:10:52 +0800] "GET / HTTP/1.1" 200 35636 "http://36.133.115.36" "Go-http-client/1.1"
36.133.115.36 - - [06/Jun/2026:01:25:13 +0800] "POST /wp-cron.php?doing_wp_cron=1780680313.9333589076995849609375 HTTP/1.1" 200 31 "-" "WordPress/6.9; http://cqqizhou.com"
36.161.206.252 - - [06/Jun/2026:01:25:13 +0800] "GET /Ly9jcXFpemhvdS5jb20vd3AtY29udGVudC91cGxvYWRzLzIwMjYvMDEvMTc2ODI4MDI3MC1hbnF1YW5fU2xpZGVyXzM4NDDDlzIxNjBfMjAyNjAxMTQtc2NhbGVkLndlYnA= HTTP/1.1" 404 9410 "-" "Mozilla/5.0 (Windows NT 6.2; Win64; x64) AppleWebKit/537.36 (KHTML, like Gecko) Chrome/72.0.3626.7"
49.51.36.179 - - [06/Jun/2026:01:25:29 +0800] "GET /wp-content/uploads/2025/07/1753410289-News2000 HTTP/1.1" 404 9411 "-" "Mozilla/5.0 (iPhone; CPU iPhone OS 13_2_3 like Mac OS X) AppleWebKit/605.1.15 (KHTML, like Gecko) Version/13.0.3 Mobile/15E148 Safari/604.1"
36.133.115.36 - - [06/Jun/2026:01:29:08 +0800] "POST /wp-cron.php?doing_wp_cron=1780680548.8107819557189941406250 HTTP/1.1" 200 31 "-" "WordPress/6.9; http://cqqizhou.com"
115.159.33.43 - - [06/Jun/2026:01:29:08 +0800] "GET / HTTP/1.1" 301 5 "-" "Mozilla/5.0 (Windows NT 10.0; Win64; x64) AppleWebKit/537.36 (KHTML, like Gecko) Chrome/79.0.3945.117 Safari/537.36"
36.133.115.36 - - [06/Jun/2026:01:35:32 +0800] "POST /wp-cron.php?doing_wp_cron=1780680931.9728529453277587890625 HTTP/1.1" 200 31 "-" "WordPress/6.9; http://cqqizhou.com"
110.249.202.229 - - [06/Jun/2026:01:35:32 +0800] "GET /robots.txt HTTP/1.1" 200 190 "-" "Mozilla/5.0 (Linux; Android 5.0) AppleWebKit/537.36 (KHTML, like Gecko) Mobile Safari/537.36 (compatible; Bytespider; https://zhanzhang.toutiao.com/)"
36.133.115.36 - - [06/Jun/2026:01:39:17 +0800] "POST /wp-cron.php?doing_wp_cron=1780681157.0859160423278808593750 HTTP/1.1" 200 31 "-" "WordPress/6.9; http://cqqizhou.com"
36.147.114.41 - - [06/Jun/2026:01:39:17 +0800] "GET /Ly9jcXFpemhvdS5jb20vd3AtY29udGVudC91cGxvYWRzL3JldnNsaWRlci9zbGlkZXItMS8xNzUwODYxMTU2LWxvZ2lzdGljc19TbGlkZXJfMzg0MMOXMjE2MF8yMDI1MDYyNTE5MTM1Ni1zY2FsZWQud2VicA== HTTP/1.1" 404 9411 "-" "Mozilla/5.0 (Windows NT 6.2) AppleWebKit/537.36 (KHTML, like Gecko) Chrome/81.0.4044.138"
78.128.113.10 - - [06/Jun/2026:01:40:52 +0800] "GET /wp-content/plugins/kirki/readme.txt HTTP/1.1" 200 9974 "-" "Mozilla/5.0 (Windows NT 10.0; Win64; x64) AppleWebKit/537.36"
36.133.115.36 - - [06/Jun/2026:01:40:53 +0800] "POST /wp-cron.php?doing_wp_cron=1780681253.4307179450988769531250 HTTP/1.1" 200 31 "-" "WordPress/6.9; http://cqqizhou.com"
78.128.113.10 - - [06/Jun/2026:01:40:53 +0800] "GET / HTTP/1.1" 301 5 "-" "Mozilla/5.0 (Windows NT 10.0; Win64; x64) AppleWebKit/537.36"
78.128.113.10 - - [06/Jun/2026:01:40:54 +0800] "GET / HTTP/1.1" 200 35636 "-" "Mozilla/5.0 (Windows NT 10.0; Win64; x64) AppleWebKit/537.36"
78.128.113.10 - - [06/Jun/2026:01:40:55 +0800] "GET /wp-login.php?action=lostpassword HTTP/1.1" 200 1180 "-" "Mozilla/5.0 (Windows NT 10.0; Win64; x64) AppleWebKit/537.36"
78.128.113.10 - - [06/Jun/2026:01:40:56 +0800] "GET /forgot-password HTTP/1.1" 404 9411 "-" "Mozilla/5.0 (Windows NT 10.0; Win64; x64) AppleWebKit/537.36"
78.128.113.10 - - [06/Jun/2026:01:40:57 +0800] "GET /reset-password HTTP/1.1" 404 9411 "-" "Mozilla/5.0 (Windows NT 10.0; Win64; x64) AppleWebKit/537.36"
78.128.113.10 - - [06/Jun/2026:01:40:58 +0800] "GET /lost-password HTTP/1.1" 404 9411 "-" "Mozilla/5.0 (Windows NT 10.0; Win64; x64) AppleWebKit/537.36"
78.128.113.10 - - [06/Jun/2026:01:40:59 +0800] "GET /my-account/lost-password/ HTTP/1.1" 404 9411 "-" "Mozilla/5.0 (Windows NT 10.0; Win64; x64) AppleWebKit/537.36"
78.128.113.10 - - [06/Jun/2026:01:41:01 +0800] "GET /account/lost-password/ HTTP/1.1" 404 9410 "-" "Mozilla/5.0 (Windows NT 10.0; Win64; x64) AppleWebKit/537.36"
78.128.113.10 - - [06/Jun/2026:01:41:02 +0800] "GET /members/password-reset/ HTTP/1.1" 404 9410 "-" "Mozilla/5.0 (Windows NT 10.0; Win64; x64) AppleWebKit/537.36"
78.128.113.10 - - [06/Jun/2026:01:41:03 +0800] "GET /login/lost-password/ HTTP/1.1" 404 9410 "-" "Mozilla/5.0 (Windows NT 10.0; Win64; x64) AppleWebKit/537.36"
78.128.113.10 - - [06/Jun/2026:01:41:04 +0800] "GET /?lostpassword=true HTTP/1.1" 301 5 "-" "Mozilla/5.0 (Windows NT 10.0; Win64; x64) AppleWebKit/537.36"
78.128.113.10 - - [06/Jun/2026:01:41:05 +0800] "GET /?lostpassword=true HTTP/1.1" 200 35194 "-" "Mozilla/5.0 (Windows NT 10.0; Win64; x64) AppleWebKit/537.36"
78.128.113.10 - - [06/Jun/2026:01:41:06 +0800] "GET /wp-json/wp/v2/pages?per_page=100&page=1&_fields=link HTTP/1.1" 200 160 "-" "Mozilla/5.0 (Windows NT 10.0; Win64; x64) AppleWebKit/537.36"
78.128.113.10 - - [06/Jun/2026:01:41:07 +0800] "GET /media HTTP/1.1" 200 32370 "-" "Mozilla/5.0 (Windows NT 10.0; Win64; x64) AppleWebKit/537.36"
78.128.113.10 - - [06/Jun/2026:01:41:07 +0800] "GET /club HTTP/1.1" 200 12541 "-" "Mozilla/5.0 (Windows NT 10.0; Win64; x64) AppleWebKit/537.36"
78.128.113.10 - - [06/Jun/2026:01:41:07 +0800] "GET / HTTP/1.1" 200 35636 "-" "Mozilla/5.0 (Windows NT 10.0; Win64; x64) AppleWebKit/537.36"
78.128.113.10 - - [06/Jun/2026:01:41:08 +0800] "GET /contacts HTTP/1.1" 200 22096 "-" "Mozilla/5.0 (Windows NT 10.0; Win64; x64) AppleWebKit/537.36"
78.128.113.10 - - [06/Jun/2026:01:41:08 +0800] "GET /bug HTTP/1.1" 200 13323 "-" "Mozilla/5.0 (Windows NT 10.0; Win64; x64) AppleWebKit/537.36"
78.128.113.10 - - [06/Jun/2026:01:41:08 +0800] "GET /logistics HTTP/1.1" 200 26175 "-" "Mozilla/5.0 (Windows NT 10.0; Win64; x64) AppleWebKit/537.36"
78.128.113.10 - - [06/Jun/2026:01:41:09 +0800] "GET /services HTTP/1.1" 200 26713 "-" "Mozilla/5.0 (Windows NT 10.0; Win64; x64) AppleWebKit/537.36"
78.128.113.10 - - [06/Jun/2026:01:41:09 +0800] "GET /about HTTP/1.1" 200 25029 "-" "Mozilla/5.0 (Windows NT 10.0; Win64; x64) AppleWebKit/537.36"
78.128.113.10 - - [06/Jun/2026:01:41:09 +0800] "GET /news HTTP/1.1" 200 26111 "-" "Mozilla/5.0 (Windows NT 10.0; Win64; x64) AppleWebKit/537.36"
36.133.115.36 - - [06/Jun/2026:01:41:11 +0800] "POST /wp-cron.php?doing_wp_cron=1780681271.0097749233245849609375 HTTP/1.1" 200 31 "-" "WordPress/6.9; http://cqqizhou.com"
78.128.113.10 - - [06/Jun/2026:01:41:11 +0800] "GET /crm HTTP/1.1" 200 13279 "-" "Mozilla/5.0 (Windows NT 10.0; Win64; x64) AppleWebKit/537.36"
78.128.113.10 - - [06/Jun/2026:01:41:12 +0800] "GET /data HTTP/1.1" 200 19085 "-" "Mozilla/5.0 (Windows NT 10.0; Win64; x64) AppleWebKit/537.36"
78.128.113.10 - - [06/Jun/2026:01:41:12 +0800] "GET /services/processing HTTP/1.1" 200 23519 "-" "Mozilla/5.0 (Windows NT 10.0; Win64; x64) AppleWebKit/537.36"
78.128.113.10 - - [06/Jun/2026:01:41:14 +0800] "GET /logistics/service HTTP/1.1" 200 19897 "-" "Mozilla/5.0 (Windows NT 10.0; Win64; x64) AppleWebKit/537.36"
78.128.113.10 - - [06/Jun/2026:01:41:15 +0800] "GET /coming-soon HTTP/1.1" 200 13811 "-" "Mozilla/5.0 (Windows NT 10.0; Win64; x64) AppleWebKit/537.36"
78.128.113.10 - - [06/Jun/2026:01:41:16 +0800] "GET /wp-json/wp/v2/posts?per_page=100&page=1&_fields=link HTTP/1.1" 200 210 "-" "Mozilla/5.0 (Windows NT 10.0; Win64; x64) AppleWebKit/537.36"
78.128.113.10 - - [06/Jun/2026:01:41:16 +0800] "GET /news/2592 HTTP/1.1" 200 24713 "-" "Mozilla/5.0 (Windows NT 10.0; Win64; x64) AppleWebKit/537.36"
78.128.113.10 - - [06/Jun/2026:01:41:17 +0800] "GET /news/2588 HTTP/1.1" 200 24987 "-" "Mozilla/5.0 (Windows NT 10.0; Win64; x64) AppleWebKit/537.36"
78.128.113.10 - - [06/Jun/2026:01:41:17 +0800] "GET /news/2585 HTTP/1.1" 200 20824 "-" "Mozilla/5.0 (Windows NT 10.0; Win64; x64) AppleWebKit/537.36"
78.128.113.10 - - [06/Jun/2026:01:41:18 +0800] "GET /news/2582 HTTP/1.1" 200 20345 "-" "Mozilla/5.0 (Windows NT 10.0; Win64; x64) AppleWebKit/537.36"
78.128.113.10 - - [06/Jun/2026:01:41:18 +0800] "GET /news/2575 HTTP/1.1" 200 25535 "-" "Mozilla/5.0 (Windows NT 10.0; Win64; x64) AppleWebKit/537.36"
78.128.113.10 - - [06/Jun/2026:01:41:18 +0800] "GET /news/2572 HTTP/1.1" 200 20204 "-" "Mozilla/5.0 (Windows NT 10.0; Win64; x64) AppleWebKit/537.36"
78.128.113.10 - - [06/Jun/2026:01:41:19 +0800] "GET /news/2559 HTTP/1.1" 200 20945 "-" "Mozilla/5.0 (Windows NT 10.0; Win64; x64) AppleWebKit/537.36"
78.128.113.10 - - [06/Jun/2026:01:41:19 +0800] "GET /news/2552 HTTP/1.1" 200 25905 "-" "Mozilla/5.0 (Windows NT 10.0; Win64; x64) AppleWebKit/537.36"
78.128.113.10 - - [06/Jun/2026:01:41:19 +0800] "GET /news/2547 HTTP/1.1" 200 25295 "-" "Mozilla/5.0 (Windows NT 10.0; Win64; x64) AppleWebKit/537.36"
78.128.113.10 - - [06/Jun/2026:01:41:20 +0800] "GET /news/2543 HTTP/1.1" 200 26086 "-" "Mozilla/5.0 (Windows NT 10.0; Win64; x64) AppleWebKit/537.36"
78.128.113.10 - - [06/Jun/2026:01:41:20 +0800] "GET /news/2535 HTTP/1.1" 200 20382 "-" "Mozilla/5.0 (Windows NT 10.0; Win64; x64) AppleWebKit/537.36"
78.128.113.10 - - [06/Jun/2026:01:41:20 +0800] "GET /news/2534 HTTP/1.1" 200 24725 "-" "Mozilla/5.0 (Windows NT 10.0; Win64; x64) AppleWebKit/537.36"
78.128.113.10 - - [06/Jun/2026:01:41:21 +0800] "GET /news/2527 HTTP/1.1" 200 25474 "-" "Mozilla/5.0 (Windows NT 10.0; Win64; x64) AppleWebKit/537.36"
78.128.113.10 - - [06/Jun/2026:01:41:21 +0800] "GET /news/2518 HTTP/1.1" 200 20943 "-" "Mozilla/5.0 (Windows NT 10.0; Win64; x64) AppleWebKit/537.36"
78.128.113.10 - - [06/Jun/2026:01:41:21 +0800] "GET /news/2514 HTTP/1.1" 200 24286 "-" "Mozilla/5.0 (Windows NT 10.0; Win64; x64) AppleWebKit/537.36"
78.128.113.10 - - [06/Jun/2026:01:41:22 +0800] "GET /news/2505 HTTP/1.1" 200 24907 "-" "Mozilla/5.0 (Windows NT 10.0; Win64; x64) AppleWebKit/537.36"
78.128.113.10 - - [06/Jun/2026:01:41:22 +0800] "GET /news/2502 HTTP/1.1" 200 21436 "-" "Mozilla/5.0 (Windows NT 10.0; Win64; x64) AppleWebKit/537.36"
78.128.113.10 - - [06/Jun/2026:01:41:22 +0800] "GET /news/2496 HTTP/1.1" 200 28605 "-" "Mozilla/5.0 (Windows NT 10.0; Win64; x64) AppleWebKit/537.36"
78.128.113.10 - - [06/Jun/2026:01:41:22 +0800] "GET /news/2486 HTTP/1.1" 200 20842 "-" "Mozilla/5.0 (Windows NT 10.0; Win64; x64) AppleWebKit/537.36"
78.128.113.10 - - [06/Jun/2026:01:41:23 +0800] "GET /news/2483 HTTP/1.1" 200 24814 "-" "Mozilla/5.0 (Windows NT 10.0; Win64; x64) AppleWebKit/537.36"
78.128.113.10 - - [06/Jun/2026:01:41:23 +0800] "GET /news/2475 HTTP/1.1" 200 27337 "-" "Mozilla/5.0 (Windows NT 10.0; Win64; x64) AppleWebKit/537.36"
78.128.113.10 - - [06/Jun/2026:01:41:23 +0800] "GET /news/2464 HTTP/1.1" 200 24073 "-" "Mozilla/5.0 (Windows NT 10.0; Win64; x64) AppleWebKit/537.36"
78.128.113.10 - - [06/Jun/2026:01:41:24 +0800] "GET /news/2440 HTTP/1.1" 200 22387 "-" "Mozilla/5.0 (Windows NT 10.0; Win64; x64) AppleWebKit/537.36"
78.128.113.10 - - [06/Jun/2026:01:41:24 +0800] "GET /news/2420 HTTP/1.1" 200 24042 "-" "Mozilla/5.0 (Windows NT 10.0; Win64; x64) AppleWebKit/537.36"
78.128.113.10 - - [06/Jun/2026:01:41:24 +0800] "GET /news/2418 HTTP/1.1" 200 27926 "-" "Mozilla/5.0 (Windows NT 10.0; Win64; x64) AppleWebKit/537.36"
78.128.113.10 - - [06/Jun/2026:01:41:25 +0800] "GET /news/2388 HTTP/1.1" 200 25033 "-" "Mozilla/5.0 (Windows NT 10.0; Win64; x64) AppleWebKit/537.36"
78.128.113.10 - - [06/Jun/2026:01:41:25 +0800] "GET /news/2361 HTTP/1.1" 200 25546 "-" "Mozilla/5.0 (Windows NT 10.0; Win64; x64) AppleWebKit/537.36"
78.128.113.10 - - [06/Jun/2026:01:41:25 +0800] "GET /news/2354 HTTP/1.1" 200 24912 "-" "Mozilla/5.0 (Windows NT 10.0; Win64; x64) AppleWebKit/537.36"
78.128.113.10 - - [06/Jun/2026:01:41:26 +0800] "GET /news/2339 HTTP/1.1" 200 25088 "-" "Mozilla/5.0 (Windows NT 10.0; Win64; x64) AppleWebKit/537.36"
78.128.113.10 - - [06/Jun/2026:01:41:26 +0800] "GET /news/2231 HTTP/1.1" 200 24127 "-" "Mozilla/5.0 (Windows NT 10.0; Win64; x64) AppleWebKit/537.36"
78.128.113.10 - - [06/Jun/2026:01:41:26 +0800] "GET /news/2215 HTTP/1.1" 200 24554 "-" "Mozilla/5.0 (Windows NT 10.0; Win64; x64) AppleWebKit/537.36"
78.128.113.10 - - [06/Jun/2026:01:41:27 +0800] "GET /news/2214 HTTP/1.1" 200 26405 "-" "Mozilla/5.0 (Windows NT 10.0; Win64; x64) AppleWebKit/537.36"
78.128.113.10 - - [06/Jun/2026:01:41:27 +0800] "GET /news/2165 HTTP/1.1" 200 27480 "-" "Mozilla/5.0 (Windows NT 10.0; Win64; x64) AppleWebKit/537.36"
78.128.113.10 - - [06/Jun/2026:01:41:27 +0800] "GET /news/2164 HTTP/1.1" 200 24283 "-" "Mozilla/5.0 (Windows NT 10.0; Win64; x64) AppleWebKit/537.36"
78.128.113.10 - - [06/Jun/2026:01:41:27 +0800] "GET /news/2163 HTTP/1.1" 200 24524 "-" "Mozilla/5.0 (Windows NT 10.0; Win64; x64) AppleWebKit/537.36"
78.128.113.10 - - [06/Jun/2026:01:41:28 +0800] "GET /news/2162 HTTP/1.1" 200 25827 "-" "Mozilla/5.0 (Windows NT 10.0; Win64; x64) AppleWebKit/537.36"
78.128.113.10 - - [06/Jun/2026:01:41:28 +0800] "GET /news/2160 HTTP/1.1" 200 30098 "-" "Mozilla/5.0 (Windows NT 10.0; Win64; x64) AppleWebKit/537.36"
78.128.113.10 - - [06/Jun/2026:01:41:28 +0800] "GET /news/2159 HTTP/1.1" 200 29345 "-" "Mozilla/5.0 (Windows NT 10.0; Win64; x64) AppleWebKit/537.36"
78.128.113.10 - - [06/Jun/2026:01:41:29 +0800] "GET /news/2155 HTTP/1.1" 200 29591 "-" "Mozilla/5.0 (Windows NT 10.0; Win64; x64) AppleWebKit/537.36"
78.128.113.10 - - [06/Jun/2026:01:41:29 +0800] "GET /news/2153 HTTP/1.1" 200 25039 "-" "Mozilla/5.0 (Windows NT 10.0; Win64; x64) AppleWebKit/537.36"
78.128.113.10 - - [06/Jun/2026:01:41:29 +0800] "GET /news/2373 HTTP/1.1" 200 26865 "-" "Mozilla/5.0 (Windows NT 10.0; Win64; x64) AppleWebKit/537.36"
78.128.113.10 - - [06/Jun/2026:01:41:30 +0800] "GET /news/2052 HTTP/1.1" 200 26211 "-" "Mozilla/5.0 (Windows NT 10.0; Win64; x64) AppleWebKit/537.36"
78.128.113.10 - - [06/Jun/2026:01:41:31 +0800] "GET /wp-json/KirkiComponentLibrary/v1 HTTP/1.1" 200 327 "-" "Mozilla/5.0 (Windows NT 10.0; Win64; x64) AppleWebKit/537.36"
78.128.113.10 - - [06/Jun/2026:01:41:32 +0800] "POST /wp-json/KirkiComponentLibrary/v1/kirki-forgot-password HTTP/1.1" 400 52 "-" "Mozilla/5.0 (Windows NT 10.0; Win64; x64) AppleWebKit/537.36"
78.128.113.10 - - [06/Jun/2026:01:41:32 +0800] "POST /wp-json/KirkiComponentLibrary/v1/kirki-forgot-password HTTP/1.1" 403 122 "-" "Mozilla/5.0 (Windows NT 10.0; Win64; x64) AppleWebKit/537.36"
36.133.115.36 - - [06/Jun/2026:01:51:09 +0800] "POST /wp-cron.php?doing_wp_cron=1780681869.5794970989227294921875 HTTP/1.1" 200 31 "-" "WordPress/6.9; http://cqqizhou.com"
129.28.84.30 - - [06/Jun/2026:01:51:09 +0800] "GET / HTTP/1.1" 301 5 "-" "Mozilla/5.0 (iPhone; CPU iPhone OS 13_2_3 like Mac OS X) AppleWebKit/605.1.15 (KHTML, like Gecko) Version/13.0.3 Mobile/15E148 Safari/604.1"
129.28.84.30 - - [06/Jun/2026:01:51:11 +0800] "GET / HTTP/1.1" 200 35194 "http://www.cqqizhou.com" "Mozilla/5.0 (iPhone; CPU iPhone OS 13_2_3 like Mac OS X) AppleWebKit/605.1.15 (KHTML, like Gecko) Version/13.0.3 Mobile/15E148 Safari/604.1"
36.133.115.36 - - [06/Jun/2026:01:53:47 +0800] "POST /wp-cron.php?doing_wp_cron=1780682027.8101019859313964843750 HTTP/1.1" 200 31 "-" "WordPress/6.9; http://cqqizhou.com"
43.134.51.171 - - [06/Jun/2026:01:53:47 +0800] "GET /logistics HTTP/1.1" 200 25818 "-" "Mozilla/5.0 (iPhone; CPU iPhone OS 13_2_3 like Mac OS X) AppleWebKit/605.1.15 (KHTML, like Gecko) Version/13.0.3 Mobile/15E148 Safari/604.1"
43.164.196.244 - - [06/Jun/2026:02:02:47 +0800] "GET /wp-content/uploads/2026/01/1767696162-qizhoutruck3-300x67.webp HTTP/1.1" 200 7208 "-" "Mozilla/5.0 (iPhone; CPU iPhone OS 13_2_3 like Mac OS X) AppleWebKit/605.1.15 (KHTML, like Gecko) Version/13.0.3 Mobile/15E148 Safari/604.1"
36.133.115.36 - - [06/Jun/2026:02:04:50 +0800] "POST /wp-cron.php?doing_wp_cron=1780682690.6187579631805419921875 HTTP/1.1" 200 31 "-" "WordPress/6.9; http://cqqizhou.com"
176.56.38.154 - - [06/Jun/2026:02:04:50 +0800] "GET /portfolio/%E5%86%B7%E8%BD%A7%E6%9D%BF/ HTTP/1.1" 301 5 "-" "Mozilla/5.0 (Windows NT 10.0; Win64; x64) AppleWebKit/537.36 (KHTML, like Gecko) Chrome/131.0.0.0 Safari/537.36 Edg/131.0.0.0"
36.133.115.36 - - [06/Jun/2026:02:13:23 +0800] "POST /wp-cron.php?doing_wp_cron=1780683203.1965880393981933593750 HTTP/1.1" 200 31 "-" "WordPress/6.9; http://cqqizhou.com"
43.167.245.18 - - [06/Jun/2026:02:13:23 +0800] "GET /wp-json/ HTTP/1.1" 200 20659 "-" "Mozilla/5.0 (iPhone; CPU iPhone OS 13_2_3 like Mac OS X) AppleWebKit/605.1.15 (KHTML, like Gecko) Version/13.0.3 Mobile/15E148 Safari/604.1"
78.128.113.10 - - [06/Jun/2026:02:14:12 +0800] "GET /wp-content/plugins/kirki/readme.txt HTTP/1.1" 200 9974 "-" "Mozilla/5.0 (Windows NT 10.0; Win64; x64) AppleWebKit/537.36"
78.128.113.10 - - [06/Jun/2026:02:14:12 +0800] "GET / HTTP/1.1" 200 35636 "-" "Mozilla/5.0 (Windows NT 10.0; Win64; x64) AppleWebKit/537.36"
36.133.115.36 - - [06/Jun/2026:02:14:14 +0800] "POST /wp-cron.php?doing_wp_cron=1780683254.0885140895843505859375 HTTP/1.1" 200 31 "-" "WordPress/6.9; http://cqqizhou.com"
78.128.113.10 - - [06/Jun/2026:02:14:14 +0800] "GET /wp-login.php?action=lostpassword HTTP/1.1" 200 1180 "-" "Mozilla/5.0 (Windows NT 10.0; Win64; x64) AppleWebKit/537.36"
78.128.113.10 - - [06/Jun/2026:02:14:15 +0800] "GET /forgot-password HTTP/1.1" 404 9411 "-" "Mozilla/5.0 (Windows NT 10.0; Win64; x64) AppleWebKit/537.36"
78.128.113.10 - - [06/Jun/2026:02:14:16 +0800] "GET /reset-password HTTP/1.1" 404 9411 "-" "Mozilla/5.0 (Windows NT 10.0; Win64; x64) AppleWebKit/537.36"
78.128.113.10 - - [06/Jun/2026:02:14:17 +0800] "GET /lost-password HTTP/1.1" 404 9411 "-" "Mozilla/5.0 (Windows NT 10.0; Win64; x64) AppleWebKit/537.36"
78.128.113.10 - - [06/Jun/2026:02:14:18 +0800] "GET /my-account/lost-password/ HTTP/1.1" 404 9411 "-" "Mozilla/5.0 (Windows NT 10.0; Win64; x64) AppleWebKit/537.36"
78.128.113.10 - - [06/Jun/2026:02:14:19 +0800] "GET /account/lost-password/ HTTP/1.1" 404 9411 "-" "Mozilla/5.0 (Windows NT 10.0; Win64; x64) AppleWebKit/537.36"
78.128.113.10 - - [06/Jun/2026:02:14:20 +0800] "GET /members/password-reset/ HTTP/1.1" 404 9409 "-" "Mozilla/5.0 (Windows NT 10.0; Win64; x64) AppleWebKit/537.36"
78.128.113.10 - - [06/Jun/2026:02:14:21 +0800] "GET /login/lost-password/ HTTP/1.1" 404 9410 "-" "Mozilla/5.0 (Windows NT 10.0; Win64; x64) AppleWebKit/537.36"
78.128.113.10 - - [06/Jun/2026:02:14:22 +0800] "GET /?lostpassword=true HTTP/1.1" 200 35194 "-" "Mozilla/5.0 (Windows NT 10.0; Win64; x64) AppleWebKit/537.36"
78.128.113.10 - - [06/Jun/2026:02:14:24 +0800] "GET /wp-json/wp/v2/pages?per_page=100&page=1&_fields=link HTTP/1.1" 200 160 "-" "Mozilla/5.0 (Windows NT 10.0; Win64; x64) AppleWebKit/537.36"
78.128.113.10 - - [06/Jun/2026:02:14:24 +0800] "GET /media HTTP/1.1" 200 32370 "-" "Mozilla/5.0 (Windows NT 10.0; Win64; x64) AppleWebKit/537.36"
78.128.113.10 - - [06/Jun/2026:02:14:25 +0800] "GET /club HTTP/1.1" 200 12541 "-" "Mozilla/5.0 (Windows NT 10.0; Win64; x64) AppleWebKit/537.36"
78.128.113.10 - - [06/Jun/2026:02:14:25 +0800] "GET / HTTP/1.1" 200 35636 "-" "Mozilla/5.0 (Windows NT 10.0; Win64; x64) AppleWebKit/537.36"
78.128.113.10 - - [06/Jun/2026:02:14:25 +0800] "GET /contacts HTTP/1.1" 200 22096 "-" "Mozilla/5.0 (Windows NT 10.0; Win64; x64) AppleWebKit/537.36"
78.128.113.10 - - [06/Jun/2026:02:14:26 +0800] "GET /bug HTTP/1.1" 200 13323 "-" "Mozilla/5.0 (Windows NT 10.0; Win64; x64) AppleWebKit/537.36"
78.128.113.10 - - [06/Jun/2026:02:14:26 +0800] "GET /logistics HTTP/1.1" 200 26175 "-" "Mozilla/5.0 (Windows NT 10.0; Win64; x64) AppleWebKit/537.36"
78.128.113.10 - - [06/Jun/2026:02:14:26 +0800] "GET /services HTTP/1.1" 200 26713 "-" "Mozilla/5.0 (Windows NT 10.0; Win64; x64) AppleWebKit/537.36"
78.128.113.10 - - [06/Jun/2026:02:14:27 +0800] "GET /about HTTP/1.1" 200 25029 "-" "Mozilla/5.0 (Windows NT 10.0; Win64; x64) AppleWebKit/537.36"
78.128.113.10 - - [06/Jun/2026:02:14:27 +0800] "GET /news HTTP/1.1" 200 26111 "-" "Mozilla/5.0 (Windows NT 10.0; Win64; x64) AppleWebKit/537.36"
78.128.113.10 - - [06/Jun/2026:02:14:27 +0800] "GET /crm HTTP/1.1" 200 13299 "-" "Mozilla/5.0 (Windows NT 10.0; Win64; x64) AppleWebKit/537.36"
78.128.113.10 - - [06/Jun/2026:02:14:28 +0800] "GET /data HTTP/1.1" 200 19104 "-" "Mozilla/5.0 (Windows NT 10.0; Win64; x64) AppleWebKit/537.36"
78.128.113.10 - - [06/Jun/2026:02:14:28 +0800] "GET /services/processing HTTP/1.1" 200 23519 "-" "Mozilla/5.0 (Windows NT 10.0; Win64; x64) AppleWebKit/537.36"
78.128.113.10 - - [06/Jun/2026:02:14:28 +0800] "GET /logistics/service HTTP/1.1" 200 19915 "-" "Mozilla/5.0 (Windows NT 10.0; Win64; x64) AppleWebKit/537.36"
78.128.113.10 - - [06/Jun/2026:02:14:29 +0800] "GET /coming-soon HTTP/1.1" 200 13830 "-" "Mozilla/5.0 (Windows NT 10.0; Win64; x64) AppleWebKit/537.36"
78.128.113.10 - - [06/Jun/2026:02:14:30 +0800] "GET /wp-json/wp/v2/posts?per_page=100&page=1&_fields=link HTTP/1.1" 200 210 "-" "Mozilla/5.0 (Windows NT 10.0; Win64; x64) AppleWebKit/537.36"
78.128.113.10 - - [06/Jun/2026:02:14:30 +0800] "GET /news/2592 HTTP/1.1" 200 24713 "-" "Mozilla/5.0 (Windows NT 10.0; Win64; x64) AppleWebKit/537.36"
78.128.113.10 - - [06/Jun/2026:02:14:30 +0800] "GET /news/2588 HTTP/1.1" 200 24987 "-" "Mozilla/5.0 (Windows NT 10.0; Win64; x64) AppleWebKit/537.36"
78.128.113.10 - - [06/Jun/2026:02:14:31 +0800] "GET /news/2585 HTTP/1.1" 200 20824 "-" "Mozilla/5.0 (Windows NT 10.0; Win64; x64) AppleWebKit/537.36"
78.128.113.10 - - [06/Jun/2026:02:14:31 +0800] "GET /news/2582 HTTP/1.1" 200 20345 "-" "Mozilla/5.0 (Windows NT 10.0; Win64; x64) AppleWebKit/537.36"
78.128.113.10 - - [06/Jun/2026:02:14:31 +0800] "GET /news/2575 HTTP/1.1" 200 25535 "-" "Mozilla/5.0 (Windows NT 10.0; Win64; x64) AppleWebKit/537.36"
78.128.113.10 - - [06/Jun/2026:02:14:32 +0800] "GET /news/2572 HTTP/1.1" 200 20204 "-" "Mozilla/5.0 (Windows NT 10.0; Win64; x64) AppleWebKit/537.36"
78.128.113.10 - - [06/Jun/2026:02:14:32 +0800] "GET /news/2559 HTTP/1.1" 200 20945 "-" "Mozilla/5.0 (Windows NT 10.0; Win64; x64) AppleWebKit/537.36"
78.128.113.10 - - [06/Jun/2026:02:14:32 +0800] "GET /news/2552 HTTP/1.1" 200 25905 "-" "Mozilla/5.0 (Windows NT 10.0; Win64; x64) AppleWebKit/537.36"
78.128.113.10 - - [06/Jun/2026:02:14:33 +0800] "GET /news/2547 HTTP/1.1" 200 25295 "-" "Mozilla/5.0 (Windows NT 10.0; Win64; x64) AppleWebKit/537.36"
78.128.113.10 - - [06/Jun/2026:02:14:33 +0800] "GET /news/2543 HTTP/1.1" 200 26086 "-" "Mozilla/5.0 (Windows NT 10.0; Win64; x64) AppleWebKit/537.36"
78.128.113.10 - - [06/Jun/2026:02:14:33 +0800] "GET /news/2535 HTTP/1.1" 200 20382 "-" "Mozilla/5.0 (Windows NT 10.0; Win64; x64) AppleWebKit/537.36"
78.128.113.10 - - [06/Jun/2026:02:14:34 +0800] "GET /news/2534 HTTP/1.1" 200 24725 "-" "Mozilla/5.0 (Windows NT 10.0; Win64; x64) AppleWebKit/537.36"
78.128.113.10 - - [06/Jun/2026:02:14:34 +0800] "GET /news/2527 HTTP/1.1" 200 25474 "-" "Mozilla/5.0 (Windows NT 10.0; Win64; x64) AppleWebKit/537.36"
78.128.113.10 - - [06/Jun/2026:02:14:34 +0800] "GET /news/2518 HTTP/1.1" 200 20943 "-" "Mozilla/5.0 (Windows NT 10.0; Win64; x64) AppleWebKit/537.36"
78.128.113.10 - - [06/Jun/2026:02:14:35 +0800] "GET /news/2514 HTTP/1.1" 200 24286 "-" "Mozilla/5.0 (Windows NT 10.0; Win64; x64) AppleWebKit/537.36"
78.128.113.10 - - [06/Jun/2026:02:14:35 +0800] "GET /news/2505 HTTP/1.1" 200 24907 "-" "Mozilla/5.0 (Windows NT 10.0; Win64; x64) AppleWebKit/537.36"
78.128.113.10 - - [06/Jun/2026:02:14:35 +0800] "GET /news/2502 HTTP/1.1" 200 21436 "-" "Mozilla/5.0 (Windows NT 10.0; Win64; x64) AppleWebKit/537.36"
78.128.113.10 - - [06/Jun/2026:02:14:36 +0800] "GET /news/2496 HTTP/1.1" 200 28605 "-" "Mozilla/5.0 (Windows NT 10.0; Win64; x64) AppleWebKit/537.36"
78.128.113.10 - - [06/Jun/2026:02:14:36 +0800] "GET /news/2486 HTTP/1.1" 200 20842 "-" "Mozilla/5.0 (Windows NT 10.0; Win64; x64) AppleWebKit/537.36"
78.128.113.10 - - [06/Jun/2026:02:14:36 +0800] "GET /news/2483 HTTP/1.1" 200 24814 "-" "Mozilla/5.0 (Windows NT 10.0; Win64; x64) AppleWebKit/537.36"
78.128.113.10 - - [06/Jun/2026:02:14:37 +0800] "GET /news/2475 HTTP/1.1" 200 27337 "-" "Mozilla/5.0 (Windows NT 10.0; Win64; x64) AppleWebKit/537.36"
78.128.113.10 - - [06/Jun/2026:02:14:37 +0800] "GET /news/2464 HTTP/1.1" 200 24073 "-" "Mozilla/5.0 (Windows NT 10.0; Win64; x64) AppleWebKit/537.36"
78.128.113.10 - - [06/Jun/2026:02:14:37 +0800] "GET /news/2440 HTTP/1.1" 200 22387 "-" "Mozilla/5.0 (Windows NT 10.0; Win64; x64) AppleWebKit/537.36"
78.128.113.10 - - [06/Jun/2026:02:14:38 +0800] "GET /news/2420 HTTP/1.1" 200 24042 "-" "Mozilla/5.0 (Windows NT 10.0; Win64; x64) AppleWebKit/537.36"
78.128.113.10 - - [06/Jun/2026:02:14:38 +0800] "GET /news/2418 HTTP/1.1" 200 27926 "-" "Mozilla/5.0 (Windows NT 10.0; Win64; x64) AppleWebKit/537.36"
78.128.113.10 - - [06/Jun/2026:02:14:38 +0800] "GET /news/2388 HTTP/1.1" 200 25033 "-" "Mozilla/5.0 (Windows NT 10.0; Win64; x64) AppleWebKit/537.36"
78.128.113.10 - - [06/Jun/2026:02:14:39 +0800] "GET /news/2361 HTTP/1.1" 200 25546 "-" "Mozilla/5.0 (Windows NT 10.0; Win64; x64) AppleWebKit/537.36"
78.128.113.10 - - [06/Jun/2026:02:14:39 +0800] "GET /news/2354 HTTP/1.1" 200 24912 "-" "Mozilla/5.0 (Windows NT 10.0; Win64; x64) AppleWebKit/537.36"
78.128.113.10 - - [06/Jun/2026:02:14:39 +0800] "GET /news/2339 HTTP/1.1" 200 25088 "-" "Mozilla/5.0 (Windows NT 10.0; Win64; x64) AppleWebKit/537.36"
78.128.113.10 - - [06/Jun/2026:02:14:40 +0800] "GET /news/2231 HTTP/1.1" 200 24127 "-" "Mozilla/5.0 (Windows NT 10.0; Win64; x64) AppleWebKit/537.36"
78.128.113.10 - - [06/Jun/2026:02:14:40 +0800] "GET /news/2215 HTTP/1.1" 200 24554 "-" "Mozilla/5.0 (Windows NT 10.0; Win64; x64) AppleWebKit/537.36"
78.128.113.10 - - [06/Jun/2026:02:14:40 +0800] "GET /news/2214 HTTP/1.1" 200 26405 "-" "Mozilla/5.0 (Windows NT 10.0; Win64; x64) AppleWebKit/537.36"
78.128.113.10 - - [06/Jun/2026:02:14:41 +0800] "GET /news/2165 HTTP/1.1" 200 27480 "-" "Mozilla/5.0 (Windows NT 10.0; Win64; x64) AppleWebKit/537.36"
78.128.113.10 - - [06/Jun/2026:02:14:41 +0800] "GET /news/2164 HTTP/1.1" 200 24283 "-" "Mozilla/5.0 (Windows NT 10.0; Win64; x64) AppleWebKit/537.36"
78.128.113.10 - - [06/Jun/2026:02:14:41 +0800] "GET /news/2163 HTTP/1.1" 200 24524 "-" "Mozilla/5.0 (Windows NT 10.0; Win64; x64) AppleWebKit/537.36"
78.128.113.10 - - [06/Jun/2026:02:14:42 +0800] "GET /news/2162 HTTP/1.1" 200 25827 "-" "Mozilla/5.0 (Windows NT 10.0; Win64; x64) AppleWebKit/537.36"
78.128.113.10 - - [06/Jun/2026:02:14:42 +0800] "GET /news/2160 HTTP/1.1" 200 30098 "-" "Mozilla/5.0 (Windows NT 10.0; Win64; x64) AppleWebKit/537.36"
78.128.113.10 - - [06/Jun/2026:02:14:42 +0800] "GET /news/2159 HTTP/1.1" 200 29345 "-" "Mozilla/5.0 (Windows NT 10.0; Win64; x64) AppleWebKit/537.36"
78.128.113.10 - - [06/Jun/2026:02:14:43 +0800] "GET /news/2155 HTTP/1.1" 200 29591 "-" "Mozilla/5.0 (Windows NT 10.0; Win64; x64) AppleWebKit/537.36"
78.128.113.10 - - [06/Jun/2026:02:14:43 +0800] "GET /news/2153 HTTP/1.1" 200 25039 "-" "Mozilla/5.0 (Windows NT 10.0; Win64; x64) AppleWebKit/537.36"
78.128.113.10 - - [06/Jun/2026:02:14:43 +0800] "GET /news/2373 HTTP/1.1" 200 26865 "-" "Mozilla/5.0 (Windows NT 10.0; Win64; x64) AppleWebKit/537.36"
78.128.113.10 - - [06/Jun/2026:02:14:44 +0800] "GET /news/2052 HTTP/1.1" 200 26211 "-" "Mozilla/5.0 (Windows NT 10.0; Win64; x64) AppleWebKit/537.36"
78.128.113.10 - - [06/Jun/2026:02:14:45 +0800] "GET /wp-json/KirkiComponentLibrary/v1 HTTP/1.1" 200 327 "-" "Mozilla/5.0 (Windows NT 10.0; Win64; x64) AppleWebKit/537.36"
78.128.113.10 - - [06/Jun/2026:02:14:46 +0800] "POST /wp-json/KirkiComponentLibrary/v1/kirki-forgot-password HTTP/1.1" 400 52 "-" "Mozilla/5.0 (Windows NT 10.0; Win64; x64) AppleWebKit/537.36"
78.128.113.10 - - [06/Jun/2026:02:14:47 +0800] "POST /wp-json/KirkiComponentLibrary/v1/kirki-forgot-password HTTP/1.1" 403 122 "-" "Mozilla/5.0 (Windows NT 10.0; Win64; x64) AppleWebKit/537.36"
36.133.115.36 - - [06/Jun/2026:02:16:04 +0800] "POST /wp-cron.php?doing_wp_cron=1780683364.8825049400329589843750 HTTP/1.1" 200 31 "-" "WordPress/6.9; http://cqqizhou.com"
116.140.168.184 - - [06/Jun/2026:02:16:04 +0800] "GET /Ly9jcXFpemhvdS5jb20vd3AtY29udGVudC91cGxvYWRzLzIwMjYvMDEvMTc2ODI3NjExOS1xaXpob3VqaWFnb25nX1NsaWRlcl8zODQww5cyMTYwXzIwMjYwMTEzLXNjYWxlZC53ZWJw HTTP/1.1" 404 9411 "-" "Mozilla/5.0 (Windows NT 6.2; Win64; x64) AppleWebKit/537.36 (KHTML, like Gecko) Chrome/71.0.3578.80"
116.168.117.141 - - [06/Jun/2026:02:16:16 +0800] "GET /Ly9jcXFpemhvdS5jb20vd3AtY29udGVudC91cGxvYWRzLzIwMjYvMDEvMTc2ODI3NjExOS1xaXpob3VqaWFnb25nX1NsaWRlcl8zODQww5cyMTYwXzIwMjYwMTEzLXNjYWxlZC53ZWJw HTTP/1.1" 499 0 "-" "Mozilla/5.0 (Windows NT 6.2; Win64; x64) AppleWebKit/537.36 (KHTML, like Gecko) Chrome/71.0.3578.80"
106.8.139.90 - - [06/Jun/2026:02:24:47 +0800] "GET /wp-content/uploads/2026/02/1772086672-%E5%BC%80%E5%B7%A5%E5%A4%A7%E5%90%89%E5%B0%81%E9%9D%A2%E5%A4%B4%E5%9B%BEArticle_images_W900%C3%97500px.webp HTTP/1.1" 200 99110 "http://cqqizhou.com/company-news/page/2" "YisouSpider"
36.133.115.36 - - [06/Jun/2026:02:24:48 +0800] "POST /wp-cron.php?doing_wp_cron=1780683888.5072650909423828125000 HTTP/1.1" 200 31 "-" "WordPress/6.9; http://cqqizhou.com"
170.106.193.108 - - [06/Jun/2026:02:24:48 +0800] "GET /comments/feed HTTP/1.1" 200 703 "-" "Mozilla/5.0 (iPhone; CPU iPhone OS 13_2_3 like Mac OS X) AppleWebKit/605.1.15 (KHTML, like Gecko) Version/13.0.3 Mobile/15E148 Safari/604.1"
124.239.12.5 - - [06/Jun/2026:02:24:49 +0800] "GET /wp-content/uploads/2025/12/1765891413-20251209103501.webp HTTP/1.1" 200 24878 "http://cqqizhou.com/company-news/page/2" "YisouSpider"
106.8.139.241 - - [06/Jun/2026:02:24:50 +0800] "GET /wp-content/uploads/2025/09/1756868614-20250903104654_74_5.webp HTTP/1.1" 200 47858 "http://cqqizhou.com/company-news/page/2" "YisouSpider"
106.8.139.154 - - [06/Jun/2026:02:24:52 +0800] "GET /wp-content/uploads/2025/12/1766647832-Article_images_W900%C3%97500px20251225.webp HTTP/1.1" 200 44582 "http://cqqizhou.com/company-news/page/2" "YisouSpider"
106.8.136.138 - - [06/Jun/2026:02:24:54 +0800] "GET /wp-content/uploads/2026/01/1768527483-Article_images_W900%C3%97500px202601161.webp HTTP/1.1" 200 33780 "http://cqqizhou.com/company-news/page/2" "YisouSpider"
123.182.51.97 - - [06/Jun/2026:02:24:55 +0800] "GET /wp-content/uploads/2025/07/1753454299-Article_images_W900px.webp HTTP/1.1" 200 52418 "http://cqqizhou.com/company-news/page/2" "YisouSpider"
106.8.139.46 - - [06/Jun/2026:02:27:08 +0800] "GET /wp-content/uploads/2025/07/1753456770-%E7%83%AD%E9%95%80%E9%94%8C%E5%8D%B7product_Single600.webp HTTP/1.1" 200 27502 "http://cqqizhou.com/" "YisouSpider"
123.182.48.96 - - [06/Jun/2026:02:28:26 +0800] "GET /news/2354 HTTP/1.1" 200 24912 "-" "YisouSpider"
36.133.115.36 - - [06/Jun/2026:02:41:26 +0800] "POST /wp-cron.php?doing_wp_cron=1780684886.9491820335388183593750 HTTP/1.1" 200 31 "-" "WordPress/6.9; http://cqqizhou.com"
43.166.244.192 - - [06/Jun/2026:02:41:26 +0800] "GET /contacts/ HTTP/1.1" 301 5 "-" "Mozilla/5.0 (iPhone; CPU iPhone OS 13_2_3 like Mac OS X) AppleWebKit/605.1.15 (KHTML, like Gecko) Version/13.0.3 Mobile/15E148 Safari/604.1"
43.166.244.192 - - [06/Jun/2026:02:41:32 +0800] "GET /contacts HTTP/1.1" 200 19099 "http://cqqizhou.com/contacts/" "Mozilla/5.0 (iPhone; CPU iPhone OS 13_2_3 like Mac OS X) AppleWebKit/605.1.15 (KHTML, like Gecko) Version/13.0.3 Mobile/15E148 Safari/604.1"
34.162.138.227 - - [06/Jun/2026:02:44:49 +0800] "HEAD / HTTP/1.1" 200 0 "-" "Mozilla/5.0 (Macintosh; Intel Mac OS X 13_5) AppleWebKit/605.1.15 (KHTML, like Gecko) Version/16.5 Safari/605.1.15"
36.133.115.36 - - [06/Jun/2026:02:44:50 +0800] "POST /wp-cron.php?doing_wp_cron=1780685090.7295939922332763671875 HTTP/1.1" 200 31 "-" "WordPress/6.9; http://cqqizhou.com"
34.162.138.227 - - [06/Jun/2026:02:44:50 +0800] "HEAD /wp/ HTTP/1.1" 404 0 "-" "Mozilla/5.0 (X11; Fedora; Linux x86_64; rv:125.0) Gecko/20100101 Firefox/125.0"
34.162.138.227 - - [06/Jun/2026:02:44:51 +0800] "HEAD /new/ HTTP/1.1" 301 0 "-" "Mozilla/5.0 (Windows NT 11.0; Win64; x64) AppleWebKit/537.36 (KHTML, like Gecko) Edg/128.0.2790.25 Chrome/128.0.6540.22 Safari/537.36"
34.162.138.227 - - [06/Jun/2026:02:44:52 +0800] "HEAD /news HTTP/1.1" 200 0 "http://cqqizhou.com/new/" "Mozilla/5.0 (Windows NT 11.0; Win64; x64) AppleWebKit/537.36 (KHTML, like Gecko) Edg/128.0.2790.25 Chrome/128.0.6540.22 Safari/537.36"
34.162.138.227 - - [06/Jun/2026:02:44:52 +0800] "HEAD /backup/ HTTP/1.1" 404 0 "-" "Mozilla/5.0 (Macintosh; Intel Mac OS X 15_0) AppleWebKit/537.36 (KHTML, like Gecko) Chrome/125.0.6422.141 Safari/537.36"
34.162.138.227 - - [06/Jun/2026:02:44:53 +0800] "HEAD /wordpress/ HTTP/1.1" 404 0 "-" "Mozilla/5.0 (Windows NT 10.0; Win64; x64) AppleWebKit/537.36 (KHTML, like Gecko) Chrome/125.0.6422.112 Safari/537.36 Brave/1.63.120"
34.162.138.227 - - [06/Jun/2026:02:44:54 +0800] "HEAD /blog/ HTTP/1.1" 404 0 "-" "Mozilla/5.0 (Linux; U; Android 10; en-US; CPH2015) AppleWebKit/537.36 (KHTML, like Gecko) UCBrowser/13.5.8.1311 Mobile Safari/537.36"
34.162.138.227 - - [06/Jun/2026:02:44:55 +0800] "HEAD /old/ HTTP/1.1" 404 0 "-" "Mozilla/5.0 (iPad; CPU OS 17_4 like Mac OS X) AppleWebKit/605.1.15 (KHTML, like Gecko) Version/17.4 Mobile/15E148 Safari/604.1"
36.133.115.36 - - [06/Jun/2026:02:47:09 +0800] "POST /wp-cron.php?doing_wp_cron=1780685228.9992320537567138671875 HTTP/1.1" 200 31 "-" "WordPress/6.9; http://cqqizhou.com"
171.115.152.96 - - [06/Jun/2026:02:47:09 +0800] "GET /Ly9jcXFpemhvdS5jb20vd3AtY29udGVudC91cGxvYWRzLzIwMjUvMTIvMTc2NTI2ODk1NS1xaXpob3VfU2xpZGVyMV8zODQww5cyMTYwXzIwMjUxMjEwLXNjYWxlZC53ZWJw HTTP/1.1" 404 9411 "-" "Mozilla/5.0 (Windows NT 6.1) AppleWebKit/537.36 (KHTML, like Gecko) Chrome/87.0.4280.20"
45.148.10.67 - - [06/Jun/2026:02:51:55 +0800] "GET / HTTP/1.1" 499 0 "-" "Mozilla/5.0 (Windows NT 10.0; Win64; x64) AppleWebKit/537.36 (KHTML, like Gecko) Chrome/131.0.0.0 Safari/537.36"
36.133.115.36 - - [06/Jun/2026:02:53:10 +0800] "POST /wp-cron.php?doing_wp_cron=1780685590.5520839691162109375000 HTTP/1.1" 200 31 "-" "WordPress/6.9; http://cqqizhou.com"
58.212.237.172 - - [06/Jun/2026:02:53:10 +0800] "GET / HTTP/1.1" 200 158680 "-" "-"
180.153.236.108 - - [06/Jun/2026:02:53:18 +0800] "GET / HTTP/1.1" 200 35636 "http://cqqizhou.com" "User-Agent:Mozilla/5.0 (Windows NT 10.0; Win64; x64) AppleWebKit/537.36 (KHTML, like Gecko) Chrome/140.0.0.0 Safari/537.36 Edg/140.0.0.0; 360Spider"
182.119.228.112 - - [06/Jun/2026:02:53:36 +0800] "GET / HTTP/1.1" 301 5 "-" "Mozilla/5.0 (Windows NT 6.1) AppleWebKit/537.36 (KHTML, like Gecko) Chrome/49.0.2623.112 Safari/537.36"
36.133.115.36 - - [06/Jun/2026:03:05:02 +0800] "POST /wp-cron.php?doing_wp_cron=1780686302.0520160198211669921875 HTTP/1.1" 200 31 "-" "WordPress/6.9; http://cqqizhou.com"
129.226.213.145 - - [06/Jun/2026:03:05:02 +0800] "GET /wp-json/oembed/1.0/embed?url=http%3A%2F%2Fcqqizhou.com%2Fcontacts HTTP/1.1" 200 1146 "-" "Mozilla/5.0 (iPhone; CPU iPhone OS 13_2_3 like Mac OS X) AppleWebKit/605.1.15 (KHTML, like Gecko) Version/13.0.3 Mobile/15E148 Safari/604.1"
43.156.47.42 - - [06/Jun/2026:03:12:04 +0800] "GET /wp-content/uploads/2025/07/1750005875-qizhou_map2025616.webp HTTP/1.1" 200 348798 "-" "Mozilla/5.0 (iPhone; CPU iPhone OS 13_2_3 like Mac OS X) AppleWebKit/605.1.15 (KHTML, like Gecko) Version/13.0.3 Mobile/15E148 Safari/604.1"
116.179.32.202 - - [06/Jun/2026:03:14:16 +0800] "GET /news/tag/%E5%90%AF%E8%88%9F%E7%AE%A1%E7%90%86 HTTP/1.1" 200 24034 "-" "Mozilla/5.0 (compatible; Baiduspider/2.0; +http://www.baidu.com/search/spider.html)"
116.179.37.147 - - [06/Jun/2026:03:14:17 +0800] "GET /wp-content/uploads/2026/04/1775865780-1Article_images_W900px.webp HTTP/1.1" 200 41840 "http://cqqizhou.com/news/tag/%E5%90%AF%E8%88%9F%E7%AE%A1%E7%90%86" "Mozilla/5.0 (compatible; Baiduspider-render/2.0; +http://www.baidu.com/search/spider.html)"
116.179.37.180 - - [06/Jun/2026:03:14:17 +0800] "GET /wp-content/uploads/2025/07/1751425283-qizhou.kf_.qq_.com_.webp HTTP/1.1" 200 16864 "http://cqqizhou.com/news/tag/%E5%90%AF%E8%88%9F%E7%AE%A1%E7%90%86" "Mozilla/5.0 (compatible; Baiduspider-render/2.0; +http://www.baidu.com/search/spider.html)"
43.156.114.184 - - [06/Jun/2026:03:23:14 +0800] "GET /wp-content/uploads/2025/11/1762826323-Contacts2000x400_20251111.webp HTTP/1.1" 200 15144 "-" "Mozilla/5.0 (iPhone; CPU iPhone OS 13_2_3 like Mac OS X) AppleWebKit/605.1.15 (KHTML, like Gecko) Version/13.0.3 Mobile/15E148 Safari/604.1"
36.133.115.36 - - [06/Jun/2026:03:32:43 +0800] "POST /wp-cron.php?doing_wp_cron=1780687962.9883821010589599609375 HTTP/1.1" 200 31 "-" "WordPress/6.9; http://cqqizhou.com"
18.188.251.76 - - [06/Jun/2026:03:32:43 +0800] "GET / HTTP/1.1" 301 5 "-" "visionheight.com/scan Mozilla/5.0 (Macintosh; Intel Mac OS X 10_15_7) Chrome/126.0.0.0 Safari/537.36"
36.133.115.36 - - [06/Jun/2026:03:35:35 +0800] "POST /wp-cron.php?doing_wp_cron=1780688135.4498400688171386718750 HTTP/1.1" 200 31 "-" "WordPress/6.9; http://cqqizhou.com"
18.188.251.76 - - [06/Jun/2026:03:35:35 +0800] "GET / HTTP/1.1" 301 5 "-" "visionheight.com/scan Mozilla/5.0 (Macintosh; Intel Mac OS X 10_15_7) Chrome/126.0.0.0 Safari/537.36"
18.188.251.76 - - [06/Jun/2026:03:35:36 +0800] "GET / HTTP/1.1" 200 35636 "http://36.133.115.36/" "visionheight.com/scan Mozilla/5.0 (Macintosh; Intel Mac OS X 10_15_7) Chrome/126.0.0.0 Safari/537.36"
106.8.139.21 - - [06/Jun/2026:03:36:17 +0800] "GET /wp-content/uploads/revslider/slider-1/1750861156-logistics_Slider_3840%C3%972160_20250625191356-scaled.webp HTTP/1.1" 200 197360 "http://cqqizhou.com/" "YisouSpider"
36.133.115.36 - - [06/Jun/2026:03:42:40 +0800] "POST /wp-cron.php?doing_wp_cron=1780688560.7844359874725341796875 HTTP/1.1" 200 31 "-" "WordPress/6.9; http://cqqizhou.com"
157.10.199.158 - - [06/Jun/2026:03:42:40 +0800] "GET / HTTP/1.1" 301 5 "-" "Go-http-client/1.1"
157.10.199.158 - - [06/Jun/2026:03:42:41 +0800] "GET / HTTP/1.1" 200 35636 "http://36.133.115.36" "Go-http-client/1.1"
114.236.172.98 - - [06/Jun/2026:03:43:20 +0800] "GET /about HTTP/1.1" 200 25029 "-" "Mozilla/5.0 (X11; Linux x86_64) AppleWebKit/537.36 (KHTML, like Gecko) Chrome/114.0.0.0 Safari/537.36"
180.126.205.70 - - [06/Jun/2026:03:43:47 +0800] "GET /about HTTP/1.1" 200 25029 "-" "Mozilla/5.0 (Macintosh; Intel Mac OS X 13_6_7; rv:126.0) Gecko/20100101 Firefox/126.0"
117.93.76.186 - - [06/Jun/2026:03:43:47 +0800] "GET /services HTTP/1.1" 200 26713 "-" "Mozilla/5.0 (Macintosh; Intel Mac OS X 13_6_7) AppleWebKit/537.36 (KHTML, like Gecko) Chrome/125.0.0.0 Safari/537.36"
36.133.115.36 - - [06/Jun/2026:03:43:48 +0800] "POST /wp-cron.php?doing_wp_cron=1780688628.8198208808898925781250 HTTP/1.1" 200 31 "-" "WordPress/6.9; http://cqqizhou.com"
222.188.38.4 - - [06/Jun/2026:03:43:48 +0800] "GET / HTTP/1.1" 200 35194 "-" "Mozilla/5.0 (Linux; Android 14; Pixel 8) AppleWebKit/537.36 (KHTML, like Gecko) Chrome/126.0.0.0 Mobile Safari/537.36"
180.126.53.153 - - [06/Jun/2026:03:43:48 +0800] "GET /logistics HTTP/1.1" 200 26175 "-" "Mozilla/5.0 (Windows NT 10.0; Win64; x64) AppleWebKit/537.36 (KHTML, like Gecko) Edg/126.0.0.0 Chrome/126.0.0.0 Safari/537.36"
117.93.136.213 - - [06/Jun/2026:03:43:49 +0800] "GET /bug HTTP/1.1" 200 13323 "-" "Mozilla/5.0 (Windows NT 10.0; Win64; x64; rv:124.0) Gecko/20100101 Firefox/124.0"
49.69.177.173 - - [06/Jun/2026:03:43:49 +0800] "GET /club/ HTTP/1.1" 301 5 "-" "Mozilla/5.0 (Windows NT 10.0; Win64; x64) AppleWebKit/537.36 (KHTML, like Gecko) Chrome/124.0.0.0 Safari/537.36"
49.69.177.173 - - [06/Jun/2026:03:43:49 +0800] "GET /club HTTP/1.1" 200 12541 "http://cqqizhou.com/club/" "Mozilla/5.0 (Windows NT 10.0; Win64; x64) AppleWebKit/537.36 (KHTML, like Gecko) Chrome/124.0.0.0 Safari/537.36"
117.93.136.198 - - [06/Jun/2026:03:43:50 +0800] "GET /contacts HTTP/1.1" 200 19099 "-" "Mozilla/5.0 (iPhone; CPU iPhone OS 17_4 like Mac OS X) AppleWebKit/605.1.15 (KHTML, like Gecko) Version/17.4 Mobile/15E148 Safari/604.1"
121.234.57.73 - - [06/Jun/2026:03:43:50 +0800] "GET /logistics HTTP/1.1" 200 26175 "-" "Mozilla/5.0 (iPad; CPU OS 17_4 like Mac OS X) AppleWebKit/605.1.15 (KHTML, like Gecko) CriOS/125.0.0.0 Mobile/15E148 Safari/604.1"
49.83.191.240 - - [06/Jun/2026:03:43:50 +0800] "GET /media HTTP/1.1" 200 32370 "-" "Mozilla/5.0 (iPad; CPU OS 17_5 like Mac OS X) AppleWebKit/605.1.15 (KHTML, like Gecko) Version/17.5 Mobile/15E148 Safari/604.1"
221.231.20.35 - - [06/Jun/2026:03:43:50 +0800] "GET /services HTTP/1.1" 200 26363 "-" "Mozilla/5.0 (iPhone; CPU iPhone OS 17_5 like Mac OS X) AppleWebKit/605.1.15 (KHTML, like Gecko) CriOS/126.0.0.0 Mobile/15E148 Safari/604.1"
117.93.136.246 - - [06/Jun/2026:03:43:50 +0800] "GET /contacts/ HTTP/1.1" 301 5 "-" "Mozilla/5.0 (Linux; Android 13; M2012K11AC) AppleWebKit/537.36 (KHTML, like Gecko) Chrome/124.0.0.0 Mobile Safari/537.36"
180.126.53.153 - - [06/Jun/2026:03:43:51 +0800] "GET /media HTTP/1.1" 200 26583 "-" "Mozilla/5.0 (iPhone; CPU iPhone OS 17_5 like Mac OS X) AppleWebKit/605.1.15 (KHTML, like Gecko) Version/17.5 Mobile/15E148 Safari/604.1"
117.93.136.246 - - [06/Jun/2026:03:43:51 +0800] "GET /contacts HTTP/1.1" 200 19078 "http://cqqizhou.com/contacts/" "Mozilla/5.0 (Linux; Android 13; M2012K11AC) AppleWebKit/537.36 (KHTML, like Gecko) Chrome/124.0.0.0 Mobile Safari/537.36"
221.231.20.51 - - [06/Jun/2026:03:43:52 +0800] "GET /about HTTP/1.1" 200 24642 "-" "Mozilla/5.0 (iPhone; CPU iPhone OS 17_5 like Mac OS X) AppleWebKit/605.1.15 (KHTML, like Gecko) Version/17.5 Mobile/15E148 Safari/604.1"
121.234.57.74 - - [06/Jun/2026:03:43:52 +0800] "GET / HTTP/1.1" 200 35194 "-" "Mozilla/5.0 (iPhone; CPU iPhone OS 17_4 like Mac OS X) AppleWebKit/605.1.15 (KHTML, like Gecko) Version/17.4 Mobile/15E148 Safari/604.1"
