103.195.236.35 - - [06/Jun/2026:17:40:32 +0800] "GET /public/index.php?s=/index/\x5Cthink\x5Capp/invokefunction&function=call_user_func_array&vars[0]=md5&vars[1][]=Hello HTTP/1.1" 404 27 "-" "libredtail-http"
103.195.236.35 - - [06/Jun/2026:17:40:34 +0800] "GET /index.php?lang=../../../../../../../../usr/local/lib/php/pearcmd&+config-create+/&/<?echo(md5(\x22hi\x22));?>+/tmp/index1.php HTTP/1.1" 200 158680 "-" "libredtail-http"
103.195.236.35 - - [06/Jun/2026:17:40:38 +0800] "GET /index.php?lang=../../../../../../../../tmp/index1 HTTP/1.1" 200 158680 "-" "libredtail-http"
103.195.236.35 - - [06/Jun/2026:17:40:41 +0800] "GET /containers/json HTTP/1.1" 301 5 "-" "libredtail-http"
103.195.236.35 - - [06/Jun/2026:17:40:43 +0800] "GET /containers/json HTTP/1.1" 301 5 "-" "libredtail-http"
36.133.115.36 - - [06/Jun/2026:17:41:14 +0800] "POST /wp-cron.php?doing_wp_cron=1780738874.5080978870391845703125 HTTP/1.1" 200 31 "-" "WordPress/6.9; http://cqqizhou.com"
1.58.241.20 - - [06/Jun/2026:17:41:14 +0800] "GET /portfolio/ HTTP/1.1" 404 9411 "-" "Mozilla/5.0 (Macintosh; Intel Mac OS X 10_15_7) AppleWebKit/537.36 (KHTML, like Gecko) Chrome/140.0.0.0 Safari/537.36"
36.133.115.36 - - [06/Jun/2026:18:09:37 +0800] "POST /wp-cron.php?doing_wp_cron=1780740577.2959129810333251953125 HTTP/1.1" 200 31 "-" "WordPress/6.9; http://cqqizhou.com"
168.144.93.39 - - [06/Jun/2026:18:09:37 +0800] "POST /wp-admin/admin-ajax.php HTTP/1.1" 400 11 "-" "Mozilla/5.0 (Macintosh; Intel Mac OS X 10_15_7) AppleWebKit/537.36 (KHTML, like Gecko) Chrome/120.0.0.0 Safari/537.36"
36.133.115.36 - - [06/Jun/2026:18:26:05 +0800] "POST /wp-cron.php?doing_wp_cron=1780741565.2737970352172851562500 HTTP/1.1" 200 31 "-" "WordPress/6.9; http://cqqizhou.com"
45.148.10.67 - - [06/Jun/2026:18:26:05 +0800] "GET / HTTP/1.1" 200 35194 "-" "Mozilla/5.0 (Windows NT 10.0; Win64; x64) AppleWebKit/537.36 (KHTML, like Gecko) Chrome/131.0.0.0 Safari/537.36"
36.133.115.36 - - [06/Jun/2026:18:34:54 +0800] "POST /wp-cron.php?doing_wp_cron=1780742094.4052228927612304687500 HTTP/1.1" 200 31 "-" "WordPress/6.9; http://cqqizhou.com"
5.61.209.126 - - [06/Jun/2026:18:34:54 +0800] "GET /SDK/webLanguage HTTP/1.1" 301 5 "-" "Mozilla/5.0 (Windows NT 10.0; Win64; x64) AppleWebKit/537.36 (KHTML, like Gecko) Chrome/90.0.4430.85 Safari/537.36 Edg/90.0.818.46"
223.109.252.245 - - [06/Jun/2026:18:47:56 +0800] "GET / HTTP/1.1" 200 35636 "-" "Sogou web spider/4.0(+http://www.sogou.com/docs/help/webmasters.htm#07)"
36.133.115.36 - - [06/Jun/2026:18:47:58 +0800] "POST /wp-cron.php?doing_wp_cron=1780742878.1509690284729003906250 HTTP/1.1" 200 31 "-" "WordPress/6.9; http://cqqizhou.com"
121.229.156.13 - - [06/Jun/2026:18:47:58 +0800] "GET /robots.txt HTTP/1.1" 200 190 "-" "Sogou web spider/4.0(+http://www.sogou.com/docs/help/webmasters.htm#07)"
36.133.115.36 - - [06/Jun/2026:19:02:26 +0800] "POST /wp-cron.php?doing_wp_cron=1780743745.9729149341583251953125 HTTP/1.1" 200 31 "-" "WordPress/6.9; http://cqqizhou.com"
110.42.208.131 - - [06/Jun/2026:19:02:26 +0800] "GET / HTTP/1.1" 200 35194 "-" "Mozilla/5.0 (iPhone; CPU iPhone OS 13_2_3 like Mac OS X) AppleWebKit/605.1.15 (KHTML, like Gecko) Version/13.0.3 Mobile/15E148 Safari/604.1"
106.8.139.195 - - [06/Jun/2026:19:03:19 +0800] "GET /wp-content/uploads/2025/07/1753456723-%E5%8F%8C%E7%9B%B8%E9%92%A2roduct_Single600.webp HTTP/1.1" 200 22790 "http://cqqizhou.com/" "YisouSpider"
121.227.40.233 - - [06/Jun/2026:19:09:09 +0800] "GET /material.html HTTP/1.1" 200 6459 "-" "Mozilla/5.0 (Macintosh; Intel Mac OS X 10_15_7) AppleWebKit/537.36 (KHTML, like Gecko) Chrome/148.0.0.0 Safari/537.36"
112.90.14.31 - - [06/Jun/2026:19:09:36 +0800] "GET /material.html HTTP/1.1" 200 6459 "-" "Mozilla/5.0 (Windows NT 10.0; Win64; x64) AppleWebKit/537.36 (KHTML, like Gecko) Chrome/117.0.0.0 Safari/537.36"
36.133.115.36 - - [06/Jun/2026:19:16:38 +0800] "POST /wp-cron.php?doing_wp_cron=1780744598.0583360195159912109375 HTTP/1.1" 200 31 "-" "WordPress/6.9; http://cqqizhou.com"
43.133.66.51 - - [06/Jun/2026:19:16:38 +0800] "GET / HTTP/1.1" 200 35194 "-" "Mozilla/5.0 (iPhone; CPU iPhone OS 13_2_3 like Mac OS X) AppleWebKit/605.1.15 (KHTML, like Gecko) Version/13.0.3 Mobile/15E148 Safari/604.1"
116.179.32.31 - - [06/Jun/2026:19:23:20 +0800] "GET /news/2585 HTTP/1.1" 200 20824 "-" "Mozilla/5.0 (compatible; Baiduspider/2.0; +http://www.baidu.com/search/spider.html)"
116.179.32.111 - - [06/Jun/2026:19:23:21 +0800] "GET /news/2588 HTTP/1.1" 200 24987 "-" "Mozilla/5.0 (compatible; Baiduspider/2.0; +http://www.baidu.com/search/spider.html)"
36.133.115.36 - - [06/Jun/2026:19:25:44 +0800] "POST /wp-cron.php?doing_wp_cron=1780745144.2048509120941162109375 HTTP/1.1" 200 31 "-" "WordPress/6.9; http://cqqizhou.com"
3.254.104.99 - - [06/Jun/2026:19:25:44 +0800] "GET /robots.txt HTTP/1.1" 200 190 "-" "Pandalytics/2.0 (https://domainsbot.com/pandalytics/)"
3.254.104.99 - - [06/Jun/2026:19:25:44 +0800] "GET / HTTP/1.1" 200 35636 "-" "Pandalytics/2.0 (https://domainsbot.com/pandalytics/)"
36.133.115.36 - - [06/Jun/2026:19:41:28 +0800] "POST /wp-cron.php?doing_wp_cron=1780746088.7173070907592773437500 HTTP/1.1" 200 31 "-" "WordPress/6.9; http://cqqizhou.com"
110.249.201.205 - - [06/Jun/2026:19:41:28 +0800] "GET /robots.txt HTTP/1.1" 200 190 "-" "Mozilla/5.0 (Linux; Android 5.0) AppleWebKit/537.36 (KHTML, like Gecko) Mobile Safari/537.36 (compatible; Bytespider; https://zhanzhang.toutiao.com/)"
36.133.115.36 - - [06/Jun/2026:20:37:42 +0800] "POST /wp-cron.php?doing_wp_cron=1780749462.1479699611663818359375 HTTP/1.1" 200 31 "-" "WordPress/6.9; http://cqqizhou.com"
43.157.38.131 - - [06/Jun/2026:20:37:42 +0800] "GET / HTTP/1.1" 301 5 "-" "Mozilla/5.0 (iPhone; CPU iPhone OS 13_2_3 like Mac OS X) AppleWebKit/605.1.15 (KHTML, like Gecko) Version/13.0.3 Mobile/15E148 Safari/604.1"
43.157.38.131 - - [06/Jun/2026:20:37:45 +0800] "GET / HTTP/1.1" 200 35196 "http://36.133.115.36" "Mozilla/5.0 (iPhone; CPU iPhone OS 13_2_3 like Mac OS X) AppleWebKit/605.1.15 (KHTML, like Gecko) Version/13.0.3 Mobile/15E148 Safari/604.1"
36.133.115.36 - - [06/Jun/2026:20:46:00 +0800] "POST /wp-cron.php?doing_wp_cron=1780749960.4988319873809814453125 HTTP/1.1" 200 31 "-" "WordPress/6.9; http://cqqizhou.com"
51.195.244.212 - - [06/Jun/2026:20:46:00 +0800] "GET /robots.txt HTTP/1.1" 200 190 "-" "Mozilla/5.0 (compatible; AhrefsBot/7.0; +http://ahrefs.com/robot/)"
36.133.115.36 - - [06/Jun/2026:20:50:21 +0800] "POST /wp-cron.php?doing_wp_cron=1780750221.5835111141204833984375 HTTP/1.1" 200 31 "-" "WordPress/6.9; http://cqqizhou.com"
45.148.10.67 - - [06/Jun/2026:20:50:21 +0800] "GET / HTTP/1.1" 200 35196 "-" "Mozilla/5.0 (Windows NT 10.0; Win64; x64) AppleWebKit/537.36 (KHTML, like Gecko) Chrome/131.0.0.0 Safari/537.36"
116.179.32.202 - - [06/Jun/2026:20:53:20 +0800] "GET /news/2588 HTTP/1.1" 200 24987 "-" "Mozilla/5.0 (compatible; Baiduspider/2.0; +http://www.baidu.com/search/spider.html)"
116.179.37.75 - - [06/Jun/2026:20:53:21 +0800] "GET /wp-content/uploads/2025/07/1753410289-News2000%C3%97400_202571.webp HTTP/1.1" 200 17830 "http://cqqizhou.com/news/2588" "Mozilla/5.0 (compatible; Baiduspider-render/2.0; +http://www.baidu.com/search/spider.html)"
122.8.93.127 - - [06/Jun/2026:20:58:29 +0800] "GET /news/2496 HTTP/1.1" 200 28605 "-" "Mozilla/5.0 (Windows NT 10.0; Win64; x64) AppleWebKit/537.36 (KHTML, like Gecko) Chrome/131.0.0.0 Safari/537.36 Edg/131.0.0.0"
36.133.115.36 - - [06/Jun/2026:20:59:39 +0800] "POST /wp-cron.php?doing_wp_cron=1780750779.0190279483795166015625 HTTP/1.1" 200 31 "-" "WordPress/6.9; http://cqqizhou.com"
43.130.16.140 - - [06/Jun/2026:20:59:39 +0800] "GET / HTTP/1.1" 200 35195 "-" "Mozilla/5.0 (iPhone; CPU iPhone OS 13_2_3 like Mac OS X) AppleWebKit/605.1.15 (KHTML, like Gecko) Version/13.0.3 Mobile/15E148 Safari/604.1"
36.133.115.36 - - [06/Jun/2026:21:22:57 +0800] "POST /wp-cron.php?doing_wp_cron=1780752177.4719729423522949218750 HTTP/1.1" 200 31 "-" "WordPress/6.9; http://cqqizhou.com"
172.110.223.132 - - [06/Jun/2026:21:22:57 +0800] "GET / HTTP/1.1" 301 5 "-" "-"
172.76.69.164 - - [06/Jun/2026:21:23:58 +0800] "POST /boaform/adminformLogout//boaform/admin/formPing6 HTTP/1.1" 499 0 "-" "Mozilla/5.0"
36.133.115.36 - - [06/Jun/2026:21:26:56 +0800] "POST /wp-cron.php?doing_wp_cron=1780752416.0705730915069580078125 HTTP/1.1" 200 31 "-" "WordPress/6.9; http://cqqizhou.com"
110.249.201.99 - - [06/Jun/2026:21:26:56 +0800] "GET /news/2440 HTTP/1.1" 200 22075 "-" "Mozilla/5.0 (Linux; Android 5.0) AppleWebKit/537.36 (KHTML, like Gecko) Mobile Safari/537.36 (compatible; Bytespider; https://zhanzhang.toutiao.com/)"
110.249.201.99 - - [06/Jun/2026:21:26:56 +0800] "GET /wp-content/uploads/2026/01/1768527483-Article_images_W900%C3%97500px202601161-768x427.webp HTTP/1.1" 206 500 "http://cqqizhou.com/news/2440" "Mozilla/5.0 (Linux; Android 5.0) AppleWebKit/537.36 (KHTML, like Gecko) Mobile Safari/537.36 (compatible; Bytespider; https://zhanzhang.toutiao.com/)"
110.249.201.99 - - [06/Jun/2026:21:26:56 +0800] "GET /wp-content/uploads/2026/06/1780362799-1Article_images_W900px-768x432.webp HTTP/1.1" 206 500 "http://cqqizhou.com/news/2440" "Mozilla/5.0 (Linux; Android 5.0) AppleWebKit/537.36 (KHTML, like Gecko) Mobile Safari/537.36 (compatible; Bytespider; https://zhanzhang.toutiao.com/)"
110.249.201.156 - - [06/Jun/2026:21:26:56 +0800] "GET /wp-content/uploads/2026/05/1779957408-1Article_images_W900px-768x432.webp HTTP/1.1" 206 500 "http://cqqizhou.com/news/2440" "Mozilla/5.0 (Linux; Android 5.0) AppleWebKit/537.36 (KHTML, like Gecko) Mobile Safari/537.36 (compatible; Bytespider; https://zhanzhang.toutiao.com/)"
110.249.201.194 - - [06/Jun/2026:21:26:56 +0800] "GET /wp-content/uploads/2026/01/1768527484-Article_images_W900%C3%97500px202601162-768x427.webp HTTP/1.1" 206 500 "http://cqqizhou.com/news/2440" "Mozilla/5.0 (Linux; Android 5.0) AppleWebKit/537.36 (KHTML, like Gecko) Mobile Safari/537.36 (compatible; Bytespider; https://zhanzhang.toutiao.com/)"
110.249.201.36 - - [06/Jun/2026:21:26:56 +0800] "GET /wp-content/uploads/2026/01/1768527484-Article_images_W900%C3%97500px202601163-768x427.webp HTTP/1.1" 206 500 "http://cqqizhou.com/news/2440" "Mozilla/5.0 (Linux; Android 5.0) AppleWebKit/537.36 (KHTML, like Gecko) Mobile Safari/537.36 (compatible; Bytespider; https://zhanzhang.toutiao.com/)"
110.249.201.36 - - [06/Jun/2026:21:26:56 +0800] "GET /wp-content/uploads/2025/07/1751425283-qizhou.kf_.qq_.com_.webp HTTP/1.1" 206 500 "http://cqqizhou.com/news/2440" "Mozilla/5.0 (Linux; Android 5.0) AppleWebKit/537.36 (KHTML, like Gecko) Mobile Safari/537.36 (compatible; Bytespider; https://zhanzhang.toutiao.com/)"
110.249.201.194 - - [06/Jun/2026:21:26:56 +0800] "GET /wp-content/uploads/2026/01/1768527485-Article_images_W900%C3%97500px202601164-768x427.webp HTTP/1.1" 206 500 "http://cqqizhou.com/news/2440" "Mozilla/5.0 (Linux; Android 5.0) AppleWebKit/537.36 (KHTML, like Gecko) Mobile Safari/537.36 (compatible; Bytespider; https://zhanzhang.toutiao.com/)"
110.249.201.219 - - [06/Jun/2026:21:26:56 +0800] "GET /wp-content/uploads/2026/01/1768527486-Article_images_W900%C3%97500px202601165-768x427.webp HTTP/1.1" 206 500 "http://cqqizhou.com/news/2440" "Mozilla/5.0 (Linux; Android 5.0) AppleWebKit/537.36 (KHTML, like Gecko) Mobile Safari/537.36 (compatible; Bytespider; https://zhanzhang.toutiao.com/)"
110.249.201.99 - - [06/Jun/2026:21:26:56 +0800] "GET /wp-content/uploads/2025/07/1753410289-News2000%C3%97400_202571.webp HTTP/1.1" 206 500 "http://cqqizhou.com/news/2440" "Mozilla/5.0 (Linux; Android 5.0) AppleWebKit/537.36 (KHTML, like Gecko) Mobile Safari/537.36 (compatible; Bytespider; https://zhanzhang.toutiao.com/)"
36.133.115.36 - - [06/Jun/2026:21:28:13 +0800] "POST /wp-cron.php?doing_wp_cron=1780752493.7963049411773681640625 HTTP/1.1" 200 31 "-" "WordPress/6.9; http://cqqizhou.com"
36.133.108.121 - - [06/Jun/2026:21:28:13 +0800] "HEAD /SDK/webLanguage HTTP/1.1" 404 0 "-" "Mozilla/5.0 (Windows NT 6.1; rv:21.0) Gecko/20100101 Firefox/21.0"
36.133.115.36 - - [06/Jun/2026:21:46:08 +0800] "POST /wp-cron.php?doing_wp_cron=1780753567.9805419445037841796875 HTTP/1.1" 200 31 "-" "WordPress/6.9; http://cqqizhou.com"
172.110.223.132 - - [06/Jun/2026:21:46:08 +0800] "GET / HTTP/1.1" 301 5 "-" "-"
36.133.115.36 - - [06/Jun/2026:21:53:35 +0800] "POST /wp-cron.php?doing_wp_cron=1780754014.9704248905181884765625 HTTP/1.1" 200 31 "-" "WordPress/6.9; http://cqqizhou.com"
93.158.90.161 - - [06/Jun/2026:21:53:35 +0800] "GET /robots.txt HTTP/1.1" 200 190 "-" "Mozilla/5.0 (iPhone; CPU iPhone OS 16_3 like Mac OS X) AppleWebKit/605.1.15 (KHTML, like Gecko) CriOS/122.0.6261.89 Mobile/15E148 Safari/604"
36.133.115.36 - - [06/Jun/2026:21:56:32 +0800] "POST /wp-cron.php?doing_wp_cron=1780754192.3627290725708007812500 HTTP/1.1" 200 31 "-" "WordPress/6.9; http://cqqizhou.com"
47.128.30.63 - - [06/Jun/2026:21:56:32 +0800] "GET /robots.txt HTTP/1.1" 200 190 "-" "Mozilla/5.0 (Linux; Android 5.0) AppleWebKit/537.36 (KHTML, like Gecko) Mobile Safari/537.36 (compatible; Bytespider; spider-feedback@bytedance.com)"
36.133.115.36 - - [06/Jun/2026:22:03:08 +0800] "POST /wp-cron.php?doing_wp_cron=1780754588.6221339702606201171875 HTTP/1.1" 200 31 "-" "WordPress/6.9; http://cqqizhou.com"
185.177.72.11 - - [06/Jun/2026:22:03:08 +0800] "GET /user%2ephp%2eold HTTP/1.1" 404 9409 "-" "curl/8.7.1"
185.177.72.11 - - [06/Jun/2026:22:03:09 +0800] "GET /s3/%2eaws/credentials HTTP/1.1" 404 9409 "-" "curl/8.7.1"
185.177.72.11 - - [06/Jun/2026:22:03:09 +0800] "GET /deploy/phpinfo%2ephp HTTP/1.1" 404 47 "-" "curl/8.7.1"
185.177.72.11 - - [06/Jun/2026:22:03:11 +0800] "GET /%2eEnV%2eDeV HTTP/1.1" 404 9409 "-" "curl/8.7.1"
185.177.72.11 - - [06/Jun/2026:22:03:12 +0800] "GET /%2ejenkins/hudson%2etasks%2eWasmTableFold%2exml HTTP/1.1" 404 9409 "-" "curl/8.7.1"
185.177.72.11 - - [06/Jun/2026:22:03:13 +0800] "GET /process%2ephp%2ebak HTTP/1.1" 404 9409 "-" "curl/8.7.1"
185.177.72.11 - - [06/Jun/2026:22:03:14 +0800] "GET /infophp%2ephp HTTP/1.1" 404 47 "-" "curl/8.7.1"
185.177.72.11 - - [06/Jun/2026:22:03:15 +0800] "GET /var/log/error%2elog HTTP/1.1" 404 9409 "-" "curl/8.7.1"
185.177.72.11 - - [06/Jun/2026:22:03:16 +0800] "GET /api/sql/env%2eenv HTTP/1.1" 404 9409 "-" "curl/8.7.1"
185.177.72.11 - - [06/Jun/2026:22:03:17 +0800] "GET /core/secrets/debug%2eenv HTTP/1.1" 404 9409 "-" "curl/8.7.1"
185.177.72.11 - - [06/Jun/2026:22:03:18 +0800] "GET /sources/%2eenv HTTP/1.1" 404 9409 "-" "curl/8.7.1"
185.177.72.11 - - [06/Jun/2026:22:03:19 +0800] "GET /css%2e%2e/%2egit/config HTTP/1.1" 404 9409 "-" "curl/8.7.1"
185.177.72.11 - - [06/Jun/2026:22:03:20 +0800] "GET /storage/oauth-public%2ekey HTTP/1.1" 404 9407 "-" "curl/8.7.1"
185.177.72.11 - - [06/Jun/2026:22:03:21 +0800] "GET /api/v2/redoc HTTP/1.1" 404 9409 "-" "curl/8.7.1"
185.177.72.11 - - [06/Jun/2026:22:03:22 +0800] "GET /static/config%2eyaml HTTP/1.1" 404 9409 "-" "curl/8.7.1"
185.177.72.11 - - [06/Jun/2026:22:03:23 +0800] "GET /%2eenv%2ets HTTP/1.1" 404 9409 "-" "curl/8.7.1"
185.177.72.11 - - [06/Jun/2026:22:03:24 +0800] "GET /food-app/%2eenv HTTP/1.1" 404 9410 "-" "curl/8.7.1"
185.177.72.11 - - [06/Jun/2026:22:03:25 +0800] "GET /api/db_backup%2esql HTTP/1.1" 404 9409 "-" "curl/8.7.1"
185.177.72.11 - - [06/Jun/2026:22:03:25 +0800] "GET /config/config%2ephp HTTP/1.1" 404 47 "-" "curl/8.7.1"
185.177.72.11 - - [06/Jun/2026:22:03:26 +0800] "GET /stg/%2egit/config HTTP/1.1" 404 9410 "-" "curl/8.7.1"
185.177.72.11 - - [06/Jun/2026:22:03:27 +0800] "GET /payment%2ephp%2etmp HTTP/1.1" 404 9409 "-" "curl/8.7.1"
185.177.72.11 - - [06/Jun/2026:22:03:28 +0800] "GET /erp/%2egit/config HTTP/1.1" 404 9409 "-" "curl/8.7.1"
185.177.72.11 - - [06/Jun/2026:22:03:29 +0800] "GET /admin/upload/settings%2eyml HTTP/1.1" 404 9409 "-" "curl/8.7.1"
185.177.72.11 - - [06/Jun/2026:22:03:30 +0800] "GET /gifts/%2eenv HTTP/1.1" 404 9407 "-" "curl/8.7.1"
185.177.72.11 - - [06/Jun/2026:22:03:31 +0800] "GET /%2ewell-known/acme-challenge/ HTTP/1.1" 404 9409 "-" "curl/8.7.1"
185.177.72.11 - - [06/Jun/2026:22:03:33 +0800] "GET /:432/%2eenv HTTP/1.1" 404 9409 "-" "curl/8.7.1"
185.177.72.11 - - [06/Jun/2026:22:03:34 +0800] "GET /system/%2egit/config HTTP/1.1" 404 9410 "-" "curl/8.7.1"
185.177.72.11 - - [06/Jun/2026:22:03:34 +0800] "GET /v1/phpinfo%2ephp HTTP/1.1" 404 47 "-" "curl/8.7.1"
185.177.72.11 - - [06/Jun/2026:22:03:35 +0800] "GET /test/fixtures/app_types/rails/%2eenv HTTP/1.1" 404 9409 "-" "curl/8.7.1"
185.177.72.11 - - [06/Jun/2026:22:03:36 +0800] "GET /core/secrets/settings%2eyaml HTTP/1.1" 404 9409 "-" "curl/8.7.1"
185.177.72.11 - - [06/Jun/2026:22:03:38 +0800] "GET /config/actuator/env HTTP/1.1" 404 9409 "-" "curl/8.7.1"
185.177.72.11 - - [06/Jun/2026:22:03:38 +0800] "GET /dist/info%2ephp HTTP/1.1" 404 47 "-" "curl/8.7.1"
185.177.72.11 - - [06/Jun/2026:22:03:39 +0800] "GET /send%2ephp%2eold HTTP/1.1" 404 9409 "-" "curl/8.7.1"
185.177.72.11 - - [06/Jun/2026:22:03:40 +0800] "GET /error/%2eenv HTTP/1.1" 404 9407 "-" "curl/8.7.1"
185.177.72.11 - - [06/Jun/2026:22:03:41 +0800] "GET /api/files%2eremote%2eshare HTTP/1.1" 404 9409 "-" "curl/8.7.1"
185.177.72.11 - - [06/Jun/2026:22:03:42 +0800] "GET /neurofeedback/session%2eenv HTTP/1.1" 404 9409 "-" "curl/8.7.1"
185.177.72.11 - - [06/Jun/2026:22:03:43 +0800] "GET /%2ekube/config%2ebackup HTTP/1.1" 404 9409 "-" "curl/8.7.1"
185.177.72.11 - - [06/Jun/2026:22:03:44 +0800] "GET /db%2eold HTTP/1.1" 404 9409 "-" "curl/8.7.1"
185.177.72.11 - - [06/Jun/2026:22:03:45 +0800] "GET /%2eaws/credentials_iam_email HTTP/1.1" 404 9409 "-" "curl/8.7.1"
185.177.72.11 - - [06/Jun/2026:22:03:46 +0800] "GET /laravel/%2eenv%2estaging HTTP/1.1" 404 9410 "-" "curl/8.7.1"
185.177.72.11 - - [06/Jun/2026:22:03:47 +0800] "GET /admin/admin/config%2ephp HTTP/1.1" 404 47 "-" "curl/8.7.1"
185.177.72.11 - - [06/Jun/2026:22:03:48 +0800] "GET /BE/%2eenv HTTP/1.1" 404 9409 "-" "curl/8.7.1"
185.177.72.11 - - [06/Jun/2026:22:03:49 +0800] "GET /front-end/%2eenv HTTP/1.1" 404 9409 "-" "curl/8.7.1"
185.177.72.11 - - [06/Jun/2026:22:03:50 +0800] "GET /__debug__/doc/filters/ HTTP/1.1" 404 9407 "-" "curl/8.7.1"
185.177.72.11 - - [06/Jun/2026:22:03:51 +0800] "GET /deepfake/config%2ejson HTTP/1.1" 404 9409 "-" "curl/8.7.1"
185.177.72.11 - - [06/Jun/2026:22:03:52 +0800] "GET /_cat/plugins HTTP/1.1" 404 9409 "-" "curl/8.7.1"
185.177.72.11 - - [06/Jun/2026:22:03:54 +0800] "GET /api/%2eenv%2eold HTTP/1.1" 404 9410 "-" "curl/8.7.1"
185.177.72.11 - - [06/Jun/2026:22:03:55 +0800] "GET /%2ejenkins/hudson%2etasks%2eWasmTablePivot%2exml HTTP/1.1" 404 9409 "-" "curl/8.7.1"
185.177.72.11 - - [06/Jun/2026:22:03:56 +0800] "GET /v1/admin/ HTTP/1.1" 404 9410 "-" "curl/8.7.1"
185.177.72.11 - - [06/Jun/2026:22:03:57 +0800] "GET /api/user/v2/%2egit/config HTTP/1.1" 404 9409 "-" "curl/8.7.1"
185.177.72.11 - - [06/Jun/2026:22:03:57 +0800] "GET /api/backup/config%2ephp HTTP/1.1" 404 47 "-" "curl/8.7.1"
185.177.72.11 - - [06/Jun/2026:22:03:58 +0800] "GET /config/public/db%2eenv HTTP/1.1" 404 9409 "-" "curl/8.7.1"
185.177.72.11 - - [06/Jun/2026:22:03:59 +0800] "GET /config/php/config%2ephp HTTP/1.1" 404 47 "-" "curl/8.7.1"
185.177.72.11 - - [06/Jun/2026:22:04:00 +0800] "GET /config/%2eenv%2edev HTTP/1.1" 404 9407 "-" "curl/8.7.1"
185.177.72.11 - - [06/Jun/2026:22:04:01 +0800] "GET /%2egit/logs/refs/heads/master HTTP/1.1" 404 9409 "-" "curl/8.7.1"
185.177.72.11 - - [06/Jun/2026:22:04:02 +0800] "GET /payment-app/server/%2eenv HTTP/1.1" 404 9409 "-" "curl/8.7.1"
185.177.72.11 - - [06/Jun/2026:22:04:03 +0800] "GET /square/settings%2ejson HTTP/1.1" 404 9409 "-" "curl/8.7.1"
185.177.72.11 - - [06/Jun/2026:22:04:03 +0800] "GET /core/sql/settings%2ephp HTTP/1.1" 404 47 "-" "curl/8.7.1"
185.177.72.11 - - [06/Jun/2026:22:04:04 +0800] "GET /%2ejenkins/hudson%2etasks%2eViolin%2exml HTTP/1.1" 404 9410 "-" "curl/8.7.1"
185.177.72.11 - - [06/Jun/2026:22:04:05 +0800] "GET /fileweb/%2eenv HTTP/1.1" 404 9409 "-" "curl/8.7.1"
185.177.72.11 - - [06/Jun/2026:22:04:06 +0800] "GET /core/private/login%2eenv HTTP/1.1" 404 9410 "-" "curl/8.7.1"
185.177.72.11 - - [06/Jun/2026:22:04:07 +0800] "GET /angular-app/%2eenv HTTP/1.1" 404 9409 "-" "curl/8.7.1"
36.133.115.36 - - [06/Jun/2026:22:04:08 +0800] "POST /wp-cron.php?doing_wp_cron=1780754648.8461029529571533203125 HTTP/1.1" 200 31 "-" "WordPress/6.9; http://cqqizhou.com"
185.177.72.11 - - [06/Jun/2026:22:04:08 +0800] "GET /wp-admin/options-reading%2ephp HTTP/1.1" 302 5 "-" "curl/8.7.1"
185.177.72.11 - - [06/Jun/2026:22:04:09 +0800] "GET /wp-login.php?redirect_to=http%3A%2F%2Fcqqizhou.com%2Fwp-admin%2Foptions-reading%252ephp&reauth=1 HTTP/1.1" 200 2867 "-" "curl/8.7.1"
185.177.72.11 - - [06/Jun/2026:22:04:10 +0800] "GET /nestjs-app/src/%2eenv HTTP/1.1" 404 9408 "-" "curl/8.7.1"
185.177.72.11 - - [06/Jun/2026:22:04:12 +0800] "GET /server/api/%2egit/config HTTP/1.1" 404 9409 "-" "curl/8.7.1"
185.177.72.11 - - [06/Jun/2026:22:04:13 +0800] "GET /app/%2eenv%2eproduction HTTP/1.1" 404 9409 "-" "curl/8.7.1"
185.177.72.11 - - [06/Jun/2026:22:04:14 +0800] "GET /backend-api/%2eenv HTTP/1.1" 404 9410 "-" "curl/8.7.1"
185.177.72.11 - - [06/Jun/2026:22:04:15 +0800] "GET /server/api/%2eenv HTTP/1.1" 404 9409 "-" "curl/8.7.1"
185.177.72.11 - - [06/Jun/2026:22:04:16 +0800] "GET /sHaReD/%2eeNv HTTP/1.1" 404 9411 "-" "curl/8.7.1"
185.177.72.11 - - [06/Jun/2026:22:04:17 +0800] "GET /product/%2egit/config HTTP/1.1" 404 9409 "-" "curl/8.7.1"
185.177.72.11 - - [06/Jun/2026:22:04:18 +0800] "GET /admin/env/env%2eenv HTTP/1.1" 404 9409 "-" "curl/8.7.1"
185.177.72.11 - - [06/Jun/2026:22:04:19 +0800] "GET /db%2emysql%2exz HTTP/1.1" 404 9409 "-" "curl/8.7.1"
185.177.72.11 - - [06/Jun/2026:22:04:20 +0800] "GET /$(pwd)/serverless%2eyml HTTP/1.1" 404 9409 "-" "curl/8.7.1"
185.177.72.11 - - [06/Jun/2026:22:04:21 +0800] "GET /test/bdd/fixtures/adapter-rest/%2eenv HTTP/1.1" 404 9410 "-" "curl/8.7.1"
185.177.72.11 - - [06/Jun/2026:22:04:21 +0800] "GET /migration%2ephp HTTP/1.1" 404 47 "-" "curl/8.7.1"
185.177.72.11 - - [06/Jun/2026:22:04:22 +0800] "GET /gists/pusher HTTP/1.1" 404 9410 "-" "curl/8.7.1"
185.177.72.11 - - [06/Jun/2026:22:04:23 +0800] "GET /%2eenv%2esh HTTP/1.1" 404 9410 "-" "curl/8.7.1"
185.177.72.11 - - [06/Jun/2026:22:04:25 +0800] "GET /vue-app/api/%2eenv HTTP/1.1" 404 9411 "-" "curl/8.7.1"
185.177.72.11 - - [06/Jun/2026:22:04:26 +0800] "GET /credential/%2eenv HTTP/1.1" 404 9410 "-" "curl/8.7.1"
185.177.72.11 - - [06/Jun/2026:22:04:27 +0800] "GET /conf/%2eenv%2elocal HTTP/1.1" 404 9411 "-" "curl/8.7.1"
185.177.72.11 - - [06/Jun/2026:22:04:28 +0800] "GET /tailwind%2econfig%2ejs%2ebak HTTP/1.1" 404 9411 "-" "curl/8.7.1"
185.177.72.11 - - [06/Jun/2026:22:04:29 +0800] "GET /token_sts%2etxt HTTP/1.1" 200 26015 "-" "curl/8.7.1"
185.177.72.11 - - [06/Jun/2026:22:04:30 +0800] "GET /tsconfig%2ealb%2ejson HTTP/1.1" 404 9408 "-" "curl/8.7.1"
185.177.72.11 - - [06/Jun/2026:22:04:31 +0800] "GET /config/php/sample%2eenv HTTP/1.1" 404 9409 "-" "curl/8.7.1"
185.177.72.11 - - [06/Jun/2026:22:04:33 +0800] "GET /about%2ephp%2ebak HTTP/1.1" 404 9409 "-" "curl/8.7.1"
185.177.72.11 - - [06/Jun/2026:22:04:34 +0800] "GET /seon/settings%2eyaml HTTP/1.1" 404 9410 "-" "curl/8.7.1"
185.177.72.11 - - [06/Jun/2026:22:04:35 +0800] "GET /admin/data/settings%2eyml HTTP/1.1" 404 9409 "-" "curl/8.7.1"
185.177.72.11 - - [06/Jun/2026:22:04:36 +0800] "GET /%2epam_environment HTTP/1.1" 404 9411 "-" "curl/8.7.1"
185.177.72.11 - - [06/Jun/2026:22:04:37 +0800] "GET /shop/%2eenv%2elocal HTTP/1.1" 404 9409 "-" "curl/8.7.1"
185.177.72.11 - - [06/Jun/2026:22:04:38 +0800] "GET /engine/%2eenv HTTP/1.1" 404 9409 "-" "curl/8.7.1"
185.177.72.11 - - [06/Jun/2026:22:04:40 +0800] "GET /fulfillment/settings%2ejson HTTP/1.1" 404 9408 "-" "curl/8.7.1"
185.177.72.11 - - [06/Jun/2026:22:04:41 +0800] "GET /config/upload/env%2eenv HTTP/1.1" 404 9409 "-" "curl/8.7.1"
185.177.72.11 - - [06/Jun/2026:22:04:42 +0800] "GET /core/old/secret%2eenv HTTP/1.1" 404 9409 "-" "curl/8.7.1"
185.177.72.11 - - [06/Jun/2026:22:04:43 +0800] "GET /squid/%2eenv HTTP/1.1" 404 9409 "-" "curl/8.7.1"
185.177.72.11 - - [06/Jun/2026:22:04:44 +0800] "GET /config/php/main%2eenv HTTP/1.1" 404 9410 "-" "curl/8.7.1"
36.133.115.36 - - [06/Jun/2026:22:09:47 +0800] "POST /wp-cron.php?doing_wp_cron=1780754987.4573569297790527343750 HTTP/1.1" 200 31 "-" "WordPress/6.9; http://cqqizhou.com"
35.187.43.37 - - [06/Jun/2026:22:09:47 +0800] "GET / HTTP/1.1" 301 5 "-" "python-requests/2.32.5"
116.179.32.136 - - [06/Jun/2026:22:23:22 +0800] "GET /company-news/page/2 HTTP/1.1" 200 26670 "-" "Mozilla/5.0 (compatible; Baiduspider/2.0; +http://www.baidu.com/search/spider.html)"
116.179.37.74 - - [06/Jun/2026:22:23:52 +0800] "GET /wp-content/uploads/2026/02/1770341652-2026251Article_images_W900%C3%97500px.webp HTTP/1.1" 200 43300 "http://cqqizhou.com/company-news/page/2" "Mozilla/5.0 (compatible; Baiduspider-render/2.0; +http://www.baidu.com/search/spider.html)"
116.179.37.173 - - [06/Jun/2026:22:23:52 +0800] "GET /wp-content/uploads/2025/07/1753454299-Article_images_W900px.webp HTTP/1.1" 200 52418 "http://cqqizhou.com/company-news/page/2" "Mozilla/5.0 (compatible; Baiduspider-render/2.0; +http://www.baidu.com/search/spider.html)"
116.179.37.39 - - [06/Jun/2026:22:23:52 +0800] "GET /wp-content/uploads/2025/12/1765891153-Article20251216211543.webp HTTP/1.1" 200 43108 "http://cqqizhou.com/company-news/page/2" "Mozilla/5.0 (compatible; Baiduspider-render/2.0; +http://www.baidu.com/search/spider.html)"
116.179.37.19 - - [06/Jun/2026:22:23:52 +0800] "GET /wp-content/uploads/2026/01/1769511379-Article_images_W900%C3%97500px202601271.webp HTTP/1.1" 200 67912 "http://cqqizhou.com/company-news/page/2" "Mozilla/5.0 (compatible; Baiduspider-render/2.0; +http://www.baidu.com/search/spider.html)"
116.179.37.48 - - [06/Jun/2026:22:23:52 +0800] "GET /wp-content/uploads/2026/01/1768527483-Article_images_W900%C3%97500px202601161.webp HTTP/1.1" 200 33780 "http://cqqizhou.com/company-news/page/2" "Mozilla/5.0 (compatible; Baiduspider-render/2.0; +http://www.baidu.com/search/spider.html)"
116.179.37.117 - - [06/Jun/2026:22:23:52 +0800] "GET /wp-content/uploads/2025/09/1756868614-20250903104654_74_5.webp HTTP/1.1" 200 47858 "http://cqqizhou.com/company-news/page/2" "Mozilla/5.0 (compatible; Baiduspider-render/2.0; +http://www.baidu.com/search/spider.html)"
36.133.108.121 - - [06/Jun/2026:22:32:17 +0800] "HEAD /panel/vendor/phpunit/phpunit/src/Util/PHP/eval-stdin.php HTTP/1.1" 404 0 "-" "Mozilla/5.0 (X11; Linux x86_64) AppleWebKit/537.36 (KHTML, like Gecko) Chrome/34.0.1847.137 Safari/4E423F"
36.133.115.36 - - [06/Jun/2026:22:48:36 +0800] "POST /wp-cron.php?doing_wp_cron=1780757316.3192710876464843750000 HTTP/1.1" 200 31 "-" "WordPress/6.9; http://cqqizhou.com"
66.249.73.230 - - [06/Jun/2026:22:48:36 +0800] "GET /robots.txt HTTP/1.1" 200 190 "-" "Mozilla/5.0 (compatible; Googlebot/2.1; +http://www.google.com/bot.html)"
66.249.73.229 - - [06/Jun/2026:22:48:36 +0800] "GET /wp-content/uploads/2025/12/1766647831-Article_images_202512254.webp HTTP/1.1" 200 55610 "-" "Googlebot-Image/1.0"
27.99.131.123 - - [06/Jun/2026:23:12:22 +0800] "GET /news/2518 HTTP/1.1" 200 20943 "-" "Mozilla/5.0 (Windows NT 10.0; Win64; x64) AppleWebKit/537.36 (KHTML, like Gecko) Chrome/131.0.0.0 Safari/537.36 Edg/131.0.0.0"
36.133.115.36 - - [06/Jun/2026:23:21:03 +0800] "POST /wp-cron.php?doing_wp_cron=1780759263.7095460891723632812500 HTTP/1.1" 200 31 "-" "WordPress/6.9; http://cqqizhou.com"
34.228.255.135 - - [06/Jun/2026:23:21:03 +0800] "GET / HTTP/1.1" 301 5 "-" "Mozilla/5.0 (Windows NT 10.0; Win64; x64) AppleWebKit/537.36 (KHTML, like Gecko) Chrome/136.0.0.0 Safari/537.36"
39.144.224.104 - - [06/Jun/2026:23:44:05 +0800] "GET /news/2588 HTTP/1.1" 200 24987 "https://m.baidu.com/from=1001192y/bd_page_type=1/ssid=0/uid=0/pu=usm%401%2Csz%401320_220%2Cta%40iphone___24_114.0/baiduid=98FEDCF17A8C750567E742AB5C2C637E/w=10_10_/t=iphone/l=1/tc?clk_type=1&vit=osres&l=1&baiduid=98FEDCF17A8C750567E742AB5C2C637E&t=iphone&ref=www_iphone&from=1001192y&ssid=0&lid=17849860295244431078&bd_page_type=1&pu=usm%401%2Csz%401320_220%2Cta%40iphone___24_114.0&order=3&fm=alop&isAtom=1&waplogo=1&clk_info=%7B%22tplname%22%3A%22www_index%22%2C%22srcid%22%3A1599%2C%22jumpType%22%3A%22%22%2C%22urlsign%22%3A%226008028447125591382%22%2C%22hasaftclk%22%3A%221%22%2C%22type%22%3A%22na%22%2C%22t%22%3A1780760634676%2C%22xpath%22%3A%22div-div-article(sc_ala)-section-div-div(title)-div-div-p-span-span-span%22%7D&dict=-1&otn=1&is_baidu=0&tj=www_index_3_10_10_title&m=8&cltj=normal_title&asres=1&phoneos=bd_search_iphone&title=%E8%81%9A%E5%8A%9B%E5%90%AF%E6%96%B0%E7%A8%8B%2C%E7%AD%91%E6%A2%A6%E8%B0%B1%E5%8D%8E%E7%AB%A0%E9%87%8D%E5%BA%86%E5%90%AF%E8%88%9F%E4%BE%9B%E5%BA%94%E9%93%BE103%E4%BA%A9%E6%96%B0%E5%9F%BA%E5%9C%B0...&wd=&eqid=f7b7715dac64bee6100000066a244031&w_qd=IlPT2AEptyoA_ykwuusc5QKxD5pPipsmyC9YfxnR9OUtYw55S6NdrHzjawBqlLQTvB7&bdver=2_1&tcplug=1&sec=12855&di=9b724b2c451f70c6&bdenc=1&nsrc=ekuzoaJnjyQ7MEi14jv1xMP7ASdjL%2FhTpX9IkHQzndBGp3MFwvwTWRgJESbvSpwLTJIv4uX%2BNDpiiw2ZiowGbg%3D%3D&extra=%7B%22url%22%3A%22http%25253A%25252F%25252Fcqqizhou.com%25252Fnews%25252F2588%22%7D&ck0=1124&ck1=169&ck2=174&ck3=343&ck6=16&ck7=859&ala_anti=ck0%401124%2Cck1%40169%2Cck7%40859" "Mozilla/5.0 (Windows NT 10.0; Win64; x64) AppleWebKit/537.36 (KHTML, like Gecko) Chrome/114.0.5735.196 Safari/537.36"
39.144.224.104 - - [06/Jun/2026:23:44:05 +0800] "GET /wp-content/uploads/2026/06/1780362799-1Article_images_W900px.webp HTTP/1.1" 200 61690 "http://cqqizhou.com/news/2588" "Mozilla/5.0 (Windows NT 10.0; Win64; x64) AppleWebKit/537.36 (KHTML, like Gecko) Chrome/114.0.5735.196 Safari/537.36"
39.144.224.104 - - [06/Jun/2026:23:44:05 +0800] "GET /wp-content/uploads/2025/07/1753410289-News2000%C3%97400_202571.webp HTTP/1.1" 200 17830 "http://cqqizhou.com/news/2588" "Mozilla/5.0 (Windows NT 10.0; Win64; x64) AppleWebKit/537.36 (KHTML, like Gecko) Chrome/114.0.5735.196 Safari/537.36"
39.144.224.104 - - [06/Jun/2026:23:44:05 +0800] "GET /wp-content/uploads/2026/06/1780362797-2Article_images_W900px.webp HTTP/1.1" 200 40028 "http://cqqizhou.com/news/2588" "Mozilla/5.0 (Windows NT 10.0; Win64; x64) AppleWebKit/537.36 (KHTML, like Gecko) Chrome/114.0.5735.196 Safari/537.36"
39.144.224.104 - - [06/Jun/2026:23:44:05 +0800] "GET /wp-content/uploads/2026/05/1779957408-1Article_images_W900px.webp HTTP/1.1" 200 36526 "http://cqqizhou.com/news/2588" "Mozilla/5.0 (Windows NT 10.0; Win64; x64) AppleWebKit/537.36 (KHTML, like Gecko) Chrome/114.0.5735.196 Safari/537.36"
39.144.224.104 - - [06/Jun/2026:23:44:05 +0800] "GET /wp-content/uploads/2025/07/1751425283-qizhou.kf_.qq_.com_.webp HTTP/1.1" 200 16864 "http://cqqizhou.com/news/2588" "Mozilla/5.0 (Windows NT 10.0; Win64; x64) AppleWebKit/537.36 (KHTML, like Gecko) Chrome/114.0.5735.196 Safari/537.36"
39.144.224.104 - - [06/Jun/2026:23:44:05 +0800] "GET /wp-content/uploads/2026/05/1779925245-Article_images_W900px.webp HTTP/1.1" 200 27996 "http://cqqizhou.com/news/2588" "Mozilla/5.0 (Windows NT 10.0; Win64; x64) AppleWebKit/537.36 (KHTML, like Gecko) Chrome/114.0.5735.196 Safari/537.36"
39.144.224.104 - - [06/Jun/2026:23:44:05 +0800] "GET /news/2588 HTTP/1.1" 304 0 "https://m.baidu.com/from=1001192y/bd_page_type=1/ssid=0/uid=0/pu=usm%401%2Csz%401320_220%2Cta%40iphone___24_114.0/baiduid=98FEDCF17A8C750567E742AB5C2C637E/w=10_10_/t=iphone/l=1/tc?clk_type=1&vit=osres&l=1&baiduid=98FEDCF17A8C750567E742AB5C2C637E&t=iphone&ref=www_iphone&from=1001192y&ssid=0&lid=17849860295244431078&bd_page_type=1&pu=usm%401%2Csz%401320_220%2Cta%40iphone___24_114.0&order=3&fm=alop&isAtom=1&waplogo=1&clk_info=%7B%22tplname%22%3A%22www_index%22%2C%22srcid%22%3A1599%2C%22jumpType%22%3A%22%22%2C%22urlsign%22%3A%226008028447125591382%22%2C%22hasaftclk%22%3A%221%22%2C%22type%22%3A%22na%22%2C%22t%22%3A1780760634676%2C%22xpath%22%3A%22div-div-article(sc_ala)-section-div-div(title)-div-div-p-span-span-span%22%7D&dict=-1&otn=1&is_baidu=0&tj=www_index_3_10_10_title&m=8&cltj=normal_title&asres=1&phoneos=bd_search_iphone&title=%E8%81%9A%E5%8A%9B%E5%90%AF%E6%96%B0%E7%A8%8B%2C%E7%AD%91%E6%A2%A6%E8%B0%B1%E5%8D%8E%E7%AB%A0%E9%87%8D%E5%BA%86%E5%90%AF%E8%88%9F%E4%BE%9B%E5%BA%94%E9%93%BE103%E4%BA%A9%E6%96%B0%E5%9F%BA%E5%9C%B0...&wd=&eqid=f7b7715dac64bee6100000066a244031&w_qd=IlPT2AEptyoA_ykwuusc5QKxD5pPipsmyC9YfxnR9OUtYw55S6NdrHzjawBqlLQTvB7&bdver=2_1&tcplug=1&sec=12855&di=9b724b2c451f70c6&bdenc=1&nsrc=ekuzoaJnjyQ7MEi14jv1xMP7ASdjL%2FhTpX9IkHQzndBGp3MFwvwTWRgJESbvSpwLTJIv4uX%2BNDpiiw2ZiowGbg%3D%3D&extra=%7B%22url%22%3A%22http%25253A%25252F%25252Fcqqizhou.com%25252Fnews%25252F2588%22%7D&ck0=1124&ck1=169&ck2=174&ck3=343&ck6=16&ck7=859&ala_anti=ck0%401124%2Cck1%40169%2Cck7%40859" "Mozilla/5.0 (Windows NT 10.0; Win64; x64) AppleWebKit/537.36 (KHTML, like Gecko) Chrome/114.0.5735.196 Safari/537.36"
36.133.115.36 - - [06/Jun/2026:23:44:25 +0800] "POST /wp-cron.php?doing_wp_cron=1780760665.7840731143951416015625 HTTP/1.1" 200 31 "-" "WordPress/6.9; http://cqqizhou.com"
27.115.124.45 - - [06/Jun/2026:23:44:25 +0800] "GET / HTTP/1.1" 200 35196 "-" "Mozilla/5.0 (Linux; Android 11; CPH2185) AppleWebKit/537.36 (KHTML, like Gecko) Chrome/91.0.4472.101 Mobile Safari/537.36"
27.115.124.53 - - [06/Jun/2026:23:44:26 +0800] "GET /wp-content/uploads/2025/07/1751425283-qizhou.kf_.qq_.com_.webp HTTP/1.1" 200 16864 "http://cqqizhou.com/" "Mozilla/5.0 (Linux; Android 11; CPH2185) AppleWebKit/537.36 (KHTML, like Gecko) Chrome/91.0.4472.101 Mobile Safari/537.36"
27.115.124.53 - - [06/Jun/2026:23:44:26 +0800] "GET /wp-content/uploads/2025/07/1753456723-%E5%8F%8C%E7%9B%B8%E9%92%A2roduct_Single600.webp HTTP/1.1" 200 22790 "http://cqqizhou.com/" "Mozilla/5.0 (Linux; Android 11; CPH2185) AppleWebKit/537.36 (KHTML, like Gecko) Chrome/91.0.4472.101 Mobile Safari/537.36"
27.115.124.53 - - [06/Jun/2026:23:44:26 +0800] "GET /wp-content/uploads/2025/07/1753453096-%E5%8F%8C%E7%9B%B8%E9%92%A2product_Single600%C3%97284.webp HTTP/1.1" 200 14562 "http://cqqizhou.com/" "Mozilla/5.0 (Linux; Android 11; CPH2185) AppleWebKit/537.36 (KHTML, like Gecko) Chrome/91.0.4472.101 Mobile Safari/537.36"
27.115.124.53 - - [06/Jun/2026:23:44:26 +0800] "GET /wp-content/uploads/2025/07/1753456770-%E7%83%AD%E9%95%80%E9%94%8C%E5%8D%B7product_Single600.webp HTTP/1.1" 200 27502 "http://cqqizhou.com/" "Mozilla/5.0 (Linux; Android 11; CPH2185) AppleWebKit/537.36 (KHTML, like Gecko) Chrome/91.0.4472.101 Mobile Safari/537.36"
27.115.124.53 - - [06/Jun/2026:23:44:26 +0800] "GET /wp-content/uploads/2025/07/1753453127-%E4%BD%99%E5%8D%B7product_Single600%C3%97284.webp HTTP/1.1" 200 18744 "http://cqqizhou.com/" "Mozilla/5.0 (Linux; Android 11; CPH2185) AppleWebKit/537.36 (KHTML, like Gecko) Chrome/91.0.4472.101 Mobile Safari/537.36"
27.115.124.53 - - [06/Jun/2026:23:44:27 +0800] "GET /wp-content/uploads/2026/06/1780363378-1Article_images_W900px-768x432.webp HTTP/1.1" 200 61120 "http://cqqizhou.com/" "Mozilla/5.0 (Linux; Android 11; CPH2185) AppleWebKit/537.36 (KHTML, like Gecko) Chrome/91.0.4472.101 Mobile Safari/537.36"
27.115.124.53 - - [06/Jun/2026:23:44:27 +0800] "GET /wp-content/uploads/2026/06/1780362799-1Article_images_W900px-768x432.webp HTTP/1.1" 200 59518 "http://cqqizhou.com/" "Mozilla/5.0 (Linux; Android 11; CPH2185) AppleWebKit/537.36 (KHTML, like Gecko) Chrome/91.0.4472.101 Mobile Safari/537.36"
27.115.124.53 - - [06/Jun/2026:23:44:27 +0800] "GET /wp-content/uploads/2026/05/1779957408-1Article_images_W900px-768x432.webp HTTP/1.1" 200 37090 "http://cqqizhou.com/" "Mozilla/5.0 (Linux; Android 11; CPH2185) AppleWebKit/537.36 (KHTML, like Gecko) Chrome/91.0.4472.101 Mobile Safari/537.36"
27.115.124.53 - - [06/Jun/2026:23:44:27 +0800] "GET /wp-content/uploads/2026/05/1779925245-Article_images_W900px-768x432.webp HTTP/1.1" 200 33354 "http://cqqizhou.com/" "Mozilla/5.0 (Linux; Android 11; CPH2185) AppleWebKit/537.36 (KHTML, like Gecko) Chrome/91.0.4472.101 Mobile Safari/537.36"
27.115.124.53 - - [06/Jun/2026:23:44:27 +0800] "GET /wp-content/uploads/2026/05/1779328461-1Article_images_W900px-768x432.webp HTTP/1.1" 200 37678 "http://cqqizhou.com/" "Mozilla/5.0 (Linux; Android 11; CPH2185) AppleWebKit/537.36 (KHTML, like Gecko) Chrome/91.0.4472.101 Mobile Safari/537.36"
39.144.224.104 - - [06/Jun/2026:23:48:50 +0800] "GET / HTTP/1.1" 200 35636 "https://m.baidu.com/from=1001192y/bd_page_type=1/ssid=0/uid=0/pu=usm%401%2Csz%401320_220%2Cta%40iphone___24_114.0/baiduid=98FEDCF17A8C750567E742AB5C2C637E/w=0_10_/t=iphone/l=1/tc?clk_type=1&vit=osres&l=1&baiduid=98FEDCF17A8C750567E742AB5C2C637E&t=iphone&ref=www_iphone&from=1001192y&ssid=0&lid=18145307049800987201&bd_page_type=1&pu=usm%401%2Csz%401320_220%2Cta%40iphone___24_114.0&order=4&fm=alop&extra=%7B%22baikan_type%22%3A%224%22%2C%22url%22%3A%22http%25253A%25252F%25252Fcqqizhou.com%25252F%22%7D&isAtom=1&waplogo=1&clk_info=%7B%22tplname%22%3A%22www_index%22%2C%22srcid%22%3A1599%2C%22jumpType%22%3A%22%22%2C%22urlsign%22%3A%222403777795717884569%22%2C%22hasaftclk%22%3A%221%22%2C%22type%22%3A%22na%22%2C%22t%22%3A1780760919796%2C%22xpath%22%3A%22div-div-article(sc_ala)-section-div-div(title)%22%7D&dict=-1&otn=1&is_baidu=0&tj=www_index_4_0_10_title&m=8&cltj=normal_title&asres=1&phoneos=bd_search_iphone&title=%E9%87%8D%E5%BA%86%E5%90%AF%E8%88%9F%E7%AE%A1%E7%90%86-%E4%B8%80%E7%AB%99%E5%BC%8F%E9%92%A2%E6%9D%90%E4%BE%9B%E5%BA%94%E9%93%BE%E7%AE%A1%E7%90%86&wd=&eqid=fbd1149fb3c77241100000066a24414f&w_qd=IlPT2AEptyoA_ykwuusc5QKxD5pPipsmyC9YfxnR9OUtYw55S6NdrHzjawBqlLQTvB7&bdver=2_1&tcplug=1&sec=12855&di=50613fae7d2b1485&bdenc=1&nsrc=ekuzoaJnjyQ7MEi14jv1xKJ2%2Fed0QFwt9fE9lLWU%2F24TuCtMfvpTZrHerp0d1X25wvsfxPOqYokb7tdfw1h6fA%3D%3D&ck0=770&ck1=130&ck2=38&ck3=499&ck6=48&ck7=544&ala_anti=ck0%40770%2Cck1%40130%2Cck7%40544" "Mozilla/5.0 (Windows NT 10.0; Win64; x64) AppleWebKit/537.36 (KHTML, like Gecko) Chrome/114.0.5735.196 Safari/537.36"
39.144.224.104 - - [06/Jun/2026:23:48:50 +0800] "GET /wp-content/uploads/2025/07/1750174127-Marketing1920x800_3.webp HTTP/1.1" 200 52790 "http://cqqizhou.com/wp-content/uploads/elementor/css/post-1666.css?ver=1778295900" "Mozilla/5.0 (Windows NT 10.0; Win64; x64) AppleWebKit/537.36 (KHTML, like Gecko) Chrome/114.0.5735.196 Safari/537.36"
39.144.224.104 - - [06/Jun/2026:23:48:52 +0800] "GET /wp-content/uploads/2025/12/1765268955-qizhou_Slider1_3840%C3%972160_20251210-scaled.webp HTTP/1.1" 200 152162 "http://cqqizhou.com/" "Mozilla/5.0 (Windows NT 10.0; Win64; x64) AppleWebKit/537.36 (KHTML, like Gecko) Chrome/114.0.5735.196 Safari/537.36"
39.144.224.104 - - [06/Jun/2026:23:48:52 +0800] "GET /wp-content/uploads/revslider/slider-1/1750861156-logistics_Slider_3840%C3%972160_20250625191356-scaled-50x100.webp HTTP/1.1" 200 1416 "http://cqqizhou.com/" "Mozilla/5.0 (Windows NT 10.0; Win64; x64) AppleWebKit/537.36 (KHTML, like Gecko) Chrome/114.0.5735.196 Safari/537.36"
39.144.224.104 - - [06/Jun/2026:23:48:52 +0800] "GET /wp-content/uploads/2026/01/1768276119-qizhoujiagong_Slider_3840%C3%972160_20260113-scaled-50x100.webp HTTP/1.1" 200 976 "http://cqqizhou.com/" "Mozilla/5.0 (Windows NT 10.0; Win64; x64) AppleWebKit/537.36 (KHTML, like Gecko) Chrome/114.0.5735.196 Safari/537.36"
39.144.224.104 - - [06/Jun/2026:23:48:52 +0800] "GET /wp-content/uploads/2025/07/1753453096-%E5%8F%8C%E7%9B%B8%E9%92%A2product_Single600%C3%97284.webp HTTP/1.1" 200 14562 "http://cqqizhou.com/" "Mozilla/5.0 (Windows NT 10.0; Win64; x64) AppleWebKit/537.36 (KHTML, like Gecko) Chrome/114.0.5735.196 Safari/537.36"
39.144.224.104 - - [06/Jun/2026:23:48:52 +0800] "GET /wp-content/uploads/2025/07/1753456770-%E7%83%AD%E9%95%80%E9%94%8C%E5%8D%B7product_Single600.webp HTTP/1.1" 200 27502 "http://cqqizhou.com/" "Mozilla/5.0 (Windows NT 10.0; Win64; x64) AppleWebKit/537.36 (KHTML, like Gecko) Chrome/114.0.5735.196 Safari/537.36"
39.144.224.104 - - [06/Jun/2026:23:48:52 +0800] "GET /wp-content/uploads/2025/07/1753453127-%E4%BD%99%E5%8D%B7product_Single600%C3%97284.webp HTTP/1.1" 200 18744 "http://cqqizhou.com/" "Mozilla/5.0 (Windows NT 10.0; Win64; x64) AppleWebKit/537.36 (KHTML, like Gecko) Chrome/114.0.5735.196 Safari/537.36"
39.144.224.104 - - [06/Jun/2026:23:48:52 +0800] "GET /wp-content/uploads/2025/07/1753456723-%E5%8F%8C%E7%9B%B8%E9%92%A2roduct_Single600.webp HTTP/1.1" 200 22790 "http://cqqizhou.com/" "Mozilla/5.0 (Windows NT 10.0; Win64; x64) AppleWebKit/537.36 (KHTML, like Gecko) Chrome/114.0.5735.196 Safari/537.36"
39.144.224.104 - - [06/Jun/2026:23:48:53 +0800] "GET /wp-json/sliderrevolution/sliders/1?srengine=7&slideid=2 HTTP/1.1" 200 2000 "http://cqqizhou.com/" "Mozilla/5.0 (Windows NT 10.0; Win64; x64) AppleWebKit/537.36 (KHTML, like Gecko) Chrome/114.0.5735.196 Safari/537.36"
36.133.115.36 - - [06/Jun/2026:23:48:53 +0800] "POST /wp-cron.php?doing_wp_cron=1780760933.5767500400543212890625 HTTP/1.1" 200 31 "-" "WordPress/6.9; http://cqqizhou.com"
39.144.224.104 - - [06/Jun/2026:23:48:53 +0800] "GET /wp-json/sliderrevolution/sliders/1?srengine=7&slideid=4 HTTP/1.1" 200 2580 "http://cqqizhou.com/" "Mozilla/5.0 (Windows NT 10.0; Win64; x64) AppleWebKit/537.36 (KHTML, like Gecko) Chrome/114.0.5735.196 Safari/537.36"
39.144.224.104 - - [06/Jun/2026:23:48:53 +0800] "GET /wp-content/uploads/2026/01/1768276119-qizhoujiagong_Slider_3840%C3%972160_20260113-scaled.webp HTTP/1.1" 200 131696 "http://cqqizhou.com/" "Mozilla/5.0 (Windows NT 10.0; Win64; x64) AppleWebKit/537.36 (KHTML, like Gecko) Chrome/114.0.5735.196 Safari/537.36"
39.144.224.104 - - [06/Jun/2026:23:48:53 +0800] "GET /wp-content/uploads/revslider/slider-1/1750861156-logistics_Slider_3840%C3%972160_20250625191356-scaled.webp HTTP/1.1" 200 197360 "http://cqqizhou.com/" "Mozilla/5.0 (Windows NT 10.0; Win64; x64) AppleWebKit/537.36 (KHTML, like Gecko) Chrome/114.0.5735.196 Safari/537.36"
39.144.224.104 - - [06/Jun/2026:23:49:01 +0800] "GET /wp-content/uploads/2025/12/1765268955-qizhou_Slider1_3840%C3%972160_20251210-scaled-50x100.webp HTTP/1.1" 200 1812 "http://cqqizhou.com/" "Mozilla/5.0 (Windows NT 10.0; Win64; x64) AppleWebKit/537.36 (KHTML, like Gecko) Chrome/114.0.5735.196 Safari/537.36"
39.144.224.104 - - [06/Jun/2026:23:49:21 +0800] "GET /wp-content/uploads/2025/07/1751829454-Smart-warehousing800x500.webp HTTP/1.1" 200 79504 "http://cqqizhou.com/wp-content/uploads/elementor/css/post-1666.css?ver=1778295900" "Mozilla/5.0 (Windows NT 10.0; Win64; x64) AppleWebKit/537.36 (KHTML, like Gecko) Chrome/114.0.5735.196 Safari/537.36"
39.144.224.104 - - [06/Jun/2026:23:49:23 +0800] "GET /wp-content/uploads/2026/06/1780363378-1Article_images_W900px.webp HTTP/1.1" 200 62100 "http://cqqizhou.com/" "Mozilla/5.0 (Windows NT 10.0; Win64; x64) AppleWebKit/537.36 (KHTML, like Gecko) Chrome/114.0.5735.196 Safari/537.36"
39.144.224.104 - - [06/Jun/2026:23:49:23 +0800] "GET /wp-content/uploads/2026/05/1779328461-1Article_images_W900px.webp HTTP/1.1" 200 37908 "http://cqqizhou.com/" "Mozilla/5.0 (Windows NT 10.0; Win64; x64) AppleWebKit/537.36 (KHTML, like Gecko) Chrome/114.0.5735.196 Safari/537.36"
36.133.115.36 - - [06/Jun/2026:23:54:58 +0800] "POST /wp-cron.php?doing_wp_cron=1780761298.3874750137329101562500 HTTP/1.1" 200 31 "-" "WordPress/6.9; http://cqqizhou.com"
36.133.108.125 - - [06/Jun/2026:23:54:58 +0800] "HEAD /___proxy_subdomain_whm/login/?login_only=1 HTTP/1.1" 404 0 "-" "Mozilla/5.0 (Windows; U; Windows NT 6.1; ja-JP) AppleWebKit/533.20.25 (KHTML, like Gecko) Version/5.0.3 Safari/533.19.4"
36.133.115.36 - - [06/Jun/2026:23:57:04 +0800] "POST /wp-cron.php?doing_wp_cron=1780761424.8008708953857421875000 HTTP/1.1" 200 31 "-" "WordPress/6.9; http://cqqizhou.com"
8.221.136.120 - - [06/Jun/2026:23:57:04 +0800] "GET / HTTP/1.1" 301 5 "-" "Mozilla/5.0 (Windows NT 6.1; rv:2.0.1) Gecko/20100101 Firefox/4.0.1"
8.221.136.120 - - [06/Jun/2026:23:57:05 +0800] "GET / HTTP/1.1" 200 35636 "-" "Mozilla/5.0 (Windows NT 6.1; rv:2.0.1) Gecko/20100101 Firefox/4.0.1"
36.133.115.36 - - [06/Jun/2026:23:58:18 +0800] "POST /wp-cron.php?doing_wp_cron=1780761498.4663770198822021484375 HTTP/1.1" 200 31 "-" "WordPress/6.9; http://cqqizhou.com"
43.134.100.210 - - [06/Jun/2026:23:58:18 +0800] "GET / HTTP/1.1" 301 5 "-" "Mozilla/5.0 (iPhone; CPU iPhone OS 13_2_3 like Mac OS X) AppleWebKit/605.1.15 (KHTML, like Gecko) Version/13.0.3 Mobile/15E148 Safari/604.1"
43.134.100.210 - - [06/Jun/2026:23:58:20 +0800] "GET / HTTP/1.1" 200 35195 "http://36.133.115.36" "Mozilla/5.0 (iPhone; CPU iPhone OS 13_2_3 like Mac OS X) AppleWebKit/605.1.15 (KHTML, like Gecko) Version/13.0.3 Mobile/15E148 Safari/604.1"
45.148.10.67 - - [06/Jun/2026:23:58:30 +0800] "GET / HTTP/1.1" 200 35196 "-" "Mozilla/5.0 (Windows NT 10.0; Win64; x64) AppleWebKit/537.36 (KHTML, like Gecko) Chrome/131.0.0.0 Safari/537.36"