File: /home/logs/cqqizhou_access_2026-05-24.log
180.153.236.237 - - [24/May/2026:00:21:50 +0800] "GET / HTTP/1.1" 200 35528 "http://cqqizhou.com" "User-Agent:Mozilla/5.0 (Windows NT 10.0; Win64; x64) AppleWebKit/537.36 (KHTML, like Gecko) Chrome/140.0.0.0 Safari/537.36 Edg/140.0.0.0; 360Spider"
36.133.115.36 - - [24/May/2026:00:24:32 +0800] "POST /wp-cron.php?doing_wp_cron=1779553472.2395188808441162109375 HTTP/1.1" 200 31 "-" "WordPress/6.9; http://cqqizhou.com"
5.61.209.126 - - [24/May/2026:00:24:32 +0800] "GET /SDK/webLanguage HTTP/1.1" 301 5 "-" "Mozilla/5.0 (Windows NT 10.0; Win64; x64) AppleWebKit/537.36 (KHTML, like Gecko) Chrome/90.0.4430.85 Safari/537.36 Edg/90.0.818.46"
36.133.115.36 - - [24/May/2026:00:26:06 +0800] "POST /wp-cron.php?doing_wp_cron=1779553566.1822059154510498046875 HTTP/1.1" 200 31 "-" "WordPress/6.9; http://cqqizhou.com"
14.29.109.202 - - [24/May/2026:00:26:06 +0800] "GET /industry/ HTTP/1.1" 301 5 "-" "Mozilla/5.0 (Windows NT 10.0; Win64; x64) AppleWebKit/537.36 (KHTML, like Gecko) Chrome/133.0.0.0 Safari/537.36"
14.29.109.43 - - [24/May/2026:00:26:07 +0800] "GET /industry HTTP/1.1" 200 25210 "-" "Mozilla/5.0 (Windows NT 10.0; Win64; x64) AppleWebKit/537.36 (KHTML, like Gecko) Chrome/133.0.0.0 Safari/537.36"
20.9.70.139 - - [24/May/2026:00:42:40 +0800] "GET /wp-content/plugins/hellopress/wp_filemanager.php HTTP/1.1" 404 27 "-" "-"
20.9.70.139 - - [24/May/2026:00:42:41 +0800] "GET /revealability.php HTTP/1.1" 404 27 "-" "-"
20.9.70.139 - - [24/May/2026:00:42:42 +0800] "GET /ok.php HTTP/1.1" 404 27 "-" "-"
20.9.70.139 - - [24/May/2026:00:42:42 +0800] "GET /tires.php HTTP/1.1" 404 27 "-" "-"
20.9.70.139 - - [24/May/2026:00:42:42 +0800] "GET /amxloxxr.php HTTP/1.1" 404 27 "-" "-"
20.9.70.139 - - [24/May/2026:00:42:43 +0800] "GET /wp-block.php HTTP/1.1" 404 27 "-" "-"
20.9.70.139 - - [24/May/2026:00:42:43 +0800] "GET /wehrman.php HTTP/1.1" 404 27 "-" "-"
20.9.70.139 - - [24/May/2026:00:42:43 +0800] "GET /wp-thi.php HTTP/1.1" 404 27 "-" "-"
20.9.70.139 - - [24/May/2026:00:42:43 +0800] "GET /z.php HTTP/1.1" 404 27 "-" "-"
36.133.115.36 - - [24/May/2026:00:42:44 +0800] "POST /wp-cron.php?doing_wp_cron=1779554564.8420770168304443359375 HTTP/1.1" 200 31 "-" "WordPress/6.9; http://cqqizhou.com"
20.9.70.139 - - [24/May/2026:00:42:44 +0800] "GET /wp-trackback.php HTTP/1.1" 404 140 "-" "-"
20.9.70.139 - - [24/May/2026:00:42:45 +0800] "GET /333.php HTTP/1.1" 404 27 "-" "-"
20.9.70.139 - - [24/May/2026:00:42:45 +0800] "GET /edit.php HTTP/1.1" 404 27 "-" "-"
20.9.70.139 - - [24/May/2026:00:42:46 +0800] "GET /wp-load.php HTTP/1.1" 200 5 "-" "-"
20.9.70.139 - - [24/May/2026:00:42:46 +0800] "GET /atomlib.php HTTP/1.1" 404 27 "-" "-"
20.9.70.139 - - [24/May/2026:00:42:46 +0800] "GET /wp-der.php HTTP/1.1" 404 27 "-" "-"
20.9.70.139 - - [24/May/2026:00:42:47 +0800] "GET /ftde.php HTTP/1.1" 404 27 "-" "-"
20.9.70.139 - - [24/May/2026:00:42:47 +0800] "GET /asasx.php HTTP/1.1" 404 27 "-" "-"
20.9.70.139 - - [24/May/2026:00:42:47 +0800] "GET /wp-good.php HTTP/1.1" 404 27 "-" "-"
20.9.70.139 - - [24/May/2026:00:42:47 +0800] "GET /app.php HTTP/1.1" 404 27 "-" "-"
20.9.70.139 - - [24/May/2026:00:42:48 +0800] "GET /wp-admin/css/colors/blue/file.php HTTP/1.1" 404 27 "-" "-"
20.9.70.139 - - [24/May/2026:00:42:48 +0800] "GET /wuasr.php HTTP/1.1" 404 27 "-" "-"
20.9.70.139 - - [24/May/2026:00:42:48 +0800] "GET /bthil.php HTTP/1.1" 404 27 "-" "-"
20.9.70.139 - - [24/May/2026:00:42:48 +0800] "GET /albin.php HTTP/1.1" 404 27 "-" "-"
20.9.70.139 - - [24/May/2026:00:42:49 +0800] "GET /wefile.php HTTP/1.1" 404 27 "-" "-"
20.9.70.139 - - [24/May/2026:00:42:49 +0800] "GET /file30.php HTTP/1.1" 404 27 "-" "-"
20.9.70.139 - - [24/May/2026:00:42:49 +0800] "GET /file4.php HTTP/1.1" 404 27 "-" "-"
20.9.70.139 - - [24/May/2026:00:42:50 +0800] "GET /dropdown.php HTTP/1.1" 404 27 "-" "-"
20.9.70.139 - - [24/May/2026:00:42:50 +0800] "GET /txets.php HTTP/1.1" 404 27 "-" "-"
20.9.70.139 - - [24/May/2026:00:42:50 +0800] "GET /wp-access.php HTTP/1.1" 404 27 "-" "-"
20.9.70.139 - - [24/May/2026:00:42:50 +0800] "GET /aevly.php HTTP/1.1" 404 27 "-" "-"
20.9.70.139 - - [24/May/2026:00:42:51 +0800] "GET /vx.php HTTP/1.1" 404 27 "-" "-"
20.9.70.139 - - [24/May/2026:00:42:51 +0800] "GET /wp-wz.php HTTP/1.1" 404 27 "-" "-"
20.9.70.139 - - [24/May/2026:00:42:51 +0800] "GET /crgio.php HTTP/1.1" 404 27 "-" "-"
20.9.70.139 - - [24/May/2026:00:42:52 +0800] "GET /new.php HTTP/1.1" 404 27 "-" "-"
20.9.70.139 - - [24/May/2026:00:42:52 +0800] "GET /wp.php HTTP/1.1" 404 27 "-" "-"
20.9.70.139 - - [24/May/2026:00:42:52 +0800] "GET /ccou.php HTTP/1.1" 404 27 "-" "-"
20.9.70.139 - - [24/May/2026:00:42:53 +0800] "GET /db.php HTTP/1.1" 404 27 "-" "-"
20.9.70.139 - - [24/May/2026:00:42:53 +0800] "GET /lib.php HTTP/1.1" 404 27 "-" "-"
20.9.70.139 - - [24/May/2026:00:42:53 +0800] "GET /yellow.php HTTP/1.1" 404 27 "-" "-"
20.9.70.139 - - [24/May/2026:00:42:53 +0800] "GET /mifta.php HTTP/1.1" 404 27 "-" "-"
20.9.70.139 - - [24/May/2026:00:42:54 +0800] "GET /wp-firewall.php HTTP/1.1" 404 27 "-" "-"
20.9.70.139 - - [24/May/2026:00:42:54 +0800] "GET /fun.php HTTP/1.1" 404 27 "-" "-"
20.9.70.139 - - [24/May/2026:00:42:54 +0800] "GET /drykl.php HTTP/1.1" 404 27 "-" "-"
20.9.70.139 - - [24/May/2026:00:42:54 +0800] "GET /sys.php HTTP/1.1" 404 27 "-" "-"
20.9.70.139 - - [24/May/2026:00:42:55 +0800] "GET /1index.php HTTP/1.1" 404 27 "-" "-"
20.9.70.139 - - [24/May/2026:00:42:55 +0800] "GET /shell20211028.php HTTP/1.1" 404 27 "-" "-"
20.9.70.139 - - [24/May/2026:00:42:55 +0800] "GET /wp-ver.php HTTP/1.1" 404 27 "-" "-"
20.9.70.139 - - [24/May/2026:00:42:55 +0800] "GET /lala.php HTTP/1.1" 404 27 "-" "-"
20.9.70.139 - - [24/May/2026:00:42:56 +0800] "GET /sbhu.php HTTP/1.1" 404 27 "-" "-"
106.114.210.18 - - [24/May/2026:00:42:56 +0800] "GET /Ly9jcXFpemhvdS5jb20vd3AtY29udGVudC91cGxvYWRzLzIwMjYvMDEvMTc2ODI4MDI3MC1hbnF1YW5fU2xpZGVyXzM4NDDDlzIxNjBfMjAyNjAxMTQtc2NhbGVkLndlYnA= HTTP/1.1" 404 9411 "-" "Mozilla/5.0 (Windows NT 10.0; Win64; x64) AppleWebKit/537.36 (KHTML, like Gecko) Chrome/78.0.3904.105"
20.9.70.139 - - [24/May/2026:00:42:56 +0800] "GET /wp-sing.php HTTP/1.1" 404 27 "-" "-"
20.9.70.139 - - [24/May/2026:00:42:56 +0800] "GET /file59.php HTTP/1.1" 404 27 "-" "-"
20.9.70.139 - - [24/May/2026:00:42:57 +0800] "GET /wp-slss.php HTTP/1.1" 404 27 "-" "-"
20.9.70.139 - - [24/May/2026:00:42:57 +0800] "GET /x.php HTTP/1.1" 404 27 "-" "-"
20.9.70.139 - - [24/May/2026:00:42:57 +0800] "GET /atkno.php HTTP/1.1" 404 27 "-" "-"
20.9.70.139 - - [24/May/2026:00:42:57 +0800] "GET /ff.php HTTP/1.1" 404 27 "-" "-"
20.9.70.139 - - [24/May/2026:00:42:57 +0800] "GET /yas.php HTTP/1.1" 404 27 "-" "-"
20.9.70.139 - - [24/May/2026:00:42:58 +0800] "GET /png.php HTTP/1.1" 404 27 "-" "-"
20.9.70.139 - - [24/May/2026:00:42:58 +0800] "GET /wmore1.php HTTP/1.1" 404 27 "-" "-"
20.9.70.139 - - [24/May/2026:00:42:58 +0800] "GET /ah25.php HTTP/1.1" 404 27 "-" "-"
20.9.70.139 - - [24/May/2026:00:42:59 +0800] "GET /forbidals.php HTTP/1.1" 404 27 "-" "-"
20.9.70.139 - - [24/May/2026:00:42:59 +0800] "GET /lv.php HTTP/1.1" 404 27 "-" "-"
20.9.70.139 - - [24/May/2026:00:42:59 +0800] "GET /explorer/index_.php HTTP/1.1" 404 27 "-" "-"
20.9.70.139 - - [24/May/2026:00:42:59 +0800] "GET /xda.php HTTP/1.1" 404 27 "-" "-"
20.9.70.139 - - [24/May/2026:00:42:59 +0800] "GET /samll.php HTTP/1.1" 404 27 "-" "-"
20.9.70.139 - - [24/May/2026:00:43:00 +0800] "GET /wp-at.php HTTP/1.1" 404 27 "-" "-"
20.9.70.139 - - [24/May/2026:00:43:00 +0800] "GET /wp-kd4xalrg7m.php HTTP/1.1" 404 27 "-" "-"
20.9.70.139 - - [24/May/2026:00:43:00 +0800] "GET /wp-the.php HTTP/1.1" 404 27 "-" "-"
20.9.70.139 - - [24/May/2026:00:43:00 +0800] "GET /ff1.php HTTP/1.1" 404 27 "-" "-"
20.9.70.139 - - [24/May/2026:00:43:01 +0800] "GET /cilus.php HTTP/1.1" 404 27 "-" "-"
20.9.70.139 - - [24/May/2026:00:43:01 +0800] "GET /Okxob.php HTTP/1.1" 404 27 "-" "-"
20.9.70.139 - - [24/May/2026:00:43:01 +0800] "GET /pass4.php HTTP/1.1" 404 27 "-" "-"
20.9.70.139 - - [24/May/2026:00:43:01 +0800] "GET /wp-su.php HTTP/1.1" 404 27 "-" "-"
20.9.70.139 - - [24/May/2026:00:43:02 +0800] "GET /like.php HTTP/1.1" 404 27 "-" "-"
20.9.70.139 - - [24/May/2026:00:43:02 +0800] "GET /mass.php HTTP/1.1" 404 27 "-" "-"
20.9.70.139 - - [24/May/2026:00:43:02 +0800] "GET /i.php HTTP/1.1" 404 27 "-" "-"
20.9.70.139 - - [24/May/2026:00:43:03 +0800] "GET //test.php HTTP/1.1" 404 27 "-" "-"
20.9.70.139 - - [24/May/2026:00:43:03 +0800] "GET /la.php HTTP/1.1" 404 27 "-" "-"
20.9.70.139 - - [24/May/2026:00:43:03 +0800] "GET /reze.php HTTP/1.1" 404 27 "-" "-"
20.9.70.139 - - [24/May/2026:00:43:04 +0800] "GET /database.php HTTP/1.1" 404 27 "-" "-"
20.9.70.139 - - [24/May/2026:00:43:04 +0800] "GET /favicon.php HTTP/1.1" 404 27 "-" "-"
36.133.115.36 - - [24/May/2026:01:08:20 +0800] "POST /wp-cron.php?doing_wp_cron=1779556100.6747019290924072265625 HTTP/1.1" 200 31 "-" "WordPress/6.9; http://cqqizhou.com"
120.40.210.158 - - [24/May/2026:01:08:20 +0800] "GET /Ly9jcXFpemhvdS5jb20vd3AtY29udGVudC91cGxvYWRzLzIwMjUvMTIvMTc2NTI2ODk1NS1xaXpob3VfU2xpZGVyMV8zODQww5cyMTYwXzIwMjUxMjEwLXNjYWxlZC53ZWJw HTTP/1.1" 404 9409 "-" "Mozilla/5.0 (Windows NT 10.0) AppleWebKit/537.36 (KHTML, like Gecko) Chrome/71.0.3578.137"
36.133.115.36 - - [24/May/2026:01:09:37 +0800] "POST /wp-cron.php?doing_wp_cron=1779556177.0172019004821777343750 HTTP/1.1" 200 31 "-" "WordPress/6.9; http://cqqizhou.com"
121.29.51.28 - - [24/May/2026:01:09:37 +0800] "GET / HTTP/1.1" 200 35087 "-" "Dalvik/2.1.0 (Linux; U; Android 9.0; ZTE BA520 Build/MRA58K)"
121.29.51.28 - - [24/May/2026:01:10:19 +0800] "GET / HTTP/1.1" 200 35528 "-" "Mozilla/5.0 (X11; U; Linux x86_64; en-US; rv:1.9.0.8) Gecko/2009032908 Gentoo Firefox/3.0.8"
36.133.115.36 - - [24/May/2026:01:22:33 +0800] "POST /wp-cron.php?doing_wp_cron=1779556953.1762950420379638671875 HTTP/1.1" 200 31 "-" "WordPress/6.9; http://cqqizhou.com"
143.20.185.242 - - [24/May/2026:01:22:33 +0800] "GET / HTTP/1.1" 200 108018 "-" "-"
36.133.115.36 - - [24/May/2026:01:28:51 +0800] "POST /wp-cron.php?doing_wp_cron=1779557331.6554119586944580078125 HTTP/1.1" 200 31 "-" "WordPress/6.9; http://cqqizhou.com"
198.244.183.245 - - [24/May/2026:01:28:51 +0800] "GET /robots.txt HTTP/1.1" 200 190 "-" "Mozilla/5.0 (compatible; AhrefsBot/7.0; +http://ahrefs.com/robot/)"
54.39.0.155 - - [24/May/2026:01:28:53 +0800] "GET /news/2514 HTTP/1.1" 200 24194 "-" "Mozilla/5.0 (compatible; AhrefsBot/7.0; +http://ahrefs.com/robot/)"
36.133.115.36 - - [24/May/2026:01:35:50 +0800] "POST /wp-cron.php?doing_wp_cron=1779557750.6556448936462402343750 HTTP/1.1" 200 31 "-" "WordPress/6.9; http://cqqizhou.com"
111.225.148.107 - - [24/May/2026:01:35:50 +0800] "GET /robots.txt HTTP/1.1" 200 190 "-" "Mozilla/5.0 (Linux; Android 5.0) AppleWebKit/537.36 (KHTML, like Gecko) Mobile Safari/537.36 (compatible; Bytespider; https://zhanzhang.toutiao.com/)"
36.133.115.36 - - [24/May/2026:01:36:27 +0800] "POST /wp-cron.php?doing_wp_cron=1779557787.5062119960784912109375 HTTP/1.1" 200 31 "-" "WordPress/6.9; http://cqqizhou.com"
115.159.33.43 - - [24/May/2026:01:36:27 +0800] "GET / HTTP/1.1" 301 5 "-" "Mozilla/5.0 (Windows NT 10.0; Win64; x64) AppleWebKit/537.36 (KHTML, like Gecko) Chrome/79.0.3945.117 Safari/537.36"
36.133.115.36 - - [24/May/2026:01:53:33 +0800] "POST /wp-cron.php?doing_wp_cron=1779558813.9317269325256347656250 HTTP/1.1" 200 31 "-" "WordPress/6.9; http://cqqizhou.com"
103.118.47.205 - - [24/May/2026:01:53:34 +0800] "GET //wp-json/wp/v2/posts HTTP/1.0" 200 90564 "-" "Mozilla/5.0 (Windows NT 10.0; Win64; x64) AppleWebKit/537.36 (KHTML, like Gecko) Chrome/120.0.0.0 Safari/537.36"
183.215.23.242 - - [24/May/2026:01:53:39 +0800] "GET /wp-json/wp/v2/posts HTTP/1.0" 200 90564 "-" "Mozilla/5.0 (Windows NT 10.0; Win64; x64) AppleWebKit/537.36 (KHTML, like Gecko) Chrome/120.0.0.0 Safari/537.36"
36.133.115.36 - - [24/May/2026:01:55:05 +0800] "POST /wp-cron.php?doing_wp_cron=1779558905.6907320022583007812500 HTTP/1.1" 200 31 "-" "WordPress/6.9; http://cqqizhou.com"
66.249.73.228 - - [24/May/2026:01:55:05 +0800] "GET /robots.txt HTTP/1.1" 200 190 "-" "Mozilla/5.0 (compatible; Googlebot/2.1; +http://www.google.com/bot.html)"
66.249.73.228 - - [24/May/2026:01:55:06 +0800] "GET /news/2214 HTTP/1.1" 200 22303 "-" "Mozilla/5.0 (Linux; Android 6.0.1; Nexus 5X Build/MMB29P) AppleWebKit/537.36 (KHTML, like Gecko) Chrome/148.0.7778.96 Mobile Safari/537.36 (compatible; Googlebot/2.1; +http://www.google.com/bot.html)"
36.133.115.36 - - [24/May/2026:02:09:06 +0800] "POST /wp-cron.php?doing_wp_cron=1779559745.9638109207153320312500 HTTP/1.1" 200 31 "-" "WordPress/6.9; http://cqqizhou.com"
1.193.85.2 - - [24/May/2026:02:09:06 +0800] "GET /Ly9jcXFpemhvdS5jb20vd3AtY29udGVudC91cGxvYWRzLzIwMjYvMDEvMTc2ODI3NjExOS1xaXpob3VqaWFnb25nX1NsaWRlcl8zODQww5cyMTYwXzIwMjYwMTEzLXNjYWxlZC53ZWJw HTTP/1.1" 404 9411 "-" "Mozilla/5.0 (Windows NT 6.2) AppleWebKit/537.36 (KHTML, like Gecko) Chrome/74.0.3729.6"
36.133.115.36 - - [24/May/2026:02:09:26 +0800] "POST /wp-cron.php?doing_wp_cron=1779559766.8282279968261718750000 HTTP/1.1" 200 31 "-" "WordPress/6.9; http://cqqizhou.com"
223.90.147.174 - - [24/May/2026:02:09:26 +0800] "GET /Ly9jcXFpemhvdS5jb20vd3AtY29udGVudC91cGxvYWRzL3JldnNsaWRlci9zbGlkZXItMS8xNzUwODYxMTU2LWxvZ2lzdGljc19TbGlkZXJfMzg0MMOXMjE2MF8yMDI1MDYyNTE5MTM1Ni1zY2FsZWQud2VicA== HTTP/1.1" 404 9411 "-" "Mozilla/5.0 (Windows NT 10.0; WOW64) AppleWebKit/537.36 (KHTML, like Gecko) Chrome/80.0.3987.16"
36.133.115.36 - - [24/May/2026:02:13:28 +0800] "POST /wp-cron.php?doing_wp_cron=1779560008.7415509223937988281250 HTTP/1.1" 200 31 "-" "WordPress/6.9; http://cqqizhou.com"
114.231.79.159 - - [24/May/2026:02:13:28 +0800] "GET / HTTP/1.1" 301 5 "-" "Mozilla/5.0 (Windows NT 10.0; Win64; x64) AppleWebKit/537.36 (KHTML, like Gecko) Chrome/113.0.0.0 Safari/537.36 Edg/113.0.1774.35"
36.133.115.36 - - [24/May/2026:02:19:12 +0800] "POST /wp-cron.php?doing_wp_cron=1779560352.7311339378356933593750 HTTP/1.1" 200 31 "-" "WordPress/6.9; http://cqqizhou.com"
171.90.26.43 - - [24/May/2026:02:19:12 +0800] "GET /contacts/ HTTP/1.1" 301 5 "-" "Mozilla/5.0 (Windows NT 10.0; Win64; x64) AppleWebKit/537.36 (KHTML, like Gecko) Chrome/136.0.0.0 Safari/537.36"
171.90.26.43 - - [24/May/2026:02:19:12 +0800] "GET http://cqqizhou.com/contacts HTTP/1.1" 200 22098 "-" "Mozilla/5.0 (Windows NT 10.0; Win64; x64) AppleWebKit/537.36 (KHTML, like Gecko) Chrome/136.0.0.0 Safari/537.36"
36.133.115.36 - - [24/May/2026:02:23:35 +0800] "POST /wp-cron.php?doing_wp_cron=1779560615.4860260486602783203125 HTTP/1.1" 200 31 "-" "WordPress/6.9; http://cqqizhou.com"
36.95.137.155 - - [24/May/2026:02:23:35 +0800] "GET / HTTP/1.1" 200 158542 "-" "Mozilla/5.0 (Windows NT 6.1; WOW64) AppleWebKit/537.36 (KHTML, like Gecko) Chrome/51.0.2704.103 Safari/537.36"
36.133.115.36 - - [24/May/2026:02:32:35 +0800] "POST /wp-cron.php?doing_wp_cron=1779561155.5663659572601318359375 HTTP/1.1" 200 31 "-" "WordPress/6.9; http://cqqizhou.com"
66.249.73.230 - - [24/May/2026:02:32:35 +0800] "GET /news/2373 HTTP/1.1" 200 22748 "-" "Mozilla/5.0 (Linux; Android 6.0.1; Nexus 5X Build/MMB29P) AppleWebKit/537.36 (KHTML, like Gecko) Chrome/148.0.7778.96 Mobile Safari/537.36 (compatible; Googlebot/2.1; +http://www.google.com/bot.html)"
36.133.115.36 - - [24/May/2026:02:34:37 +0800] "POST /wp-cron.php?doing_wp_cron=1779561277.5574429035186767578125 HTTP/1.1" 200 31 "-" "WordPress/6.9; http://cqqizhou.com"
193.36.222.3 - - [24/May/2026:02:34:37 +0800] "GET /contacts/ HTTP/1.1" 301 5 "-" "Mozilla/5.0 (Windows NT 10.0; Win64; x64; rv:140.0) Gecko/20100101 Firefox/140.0"
193.36.222.5 - - [24/May/2026:02:34:38 +0800] "GET /contacts HTTP/1.1" 200 22098 "http://cqqizhou.com/contacts/" "Mozilla/5.0 (Windows NT 10.0; Win64; x64; rv:140.0) Gecko/20100101 Firefox/140.0"
193.36.222.8 - - [24/May/2026:02:34:40 +0800] "POST /wp-json/contact-form-7/v1/contact-forms/158/feedback HTTP/1.1" 200 219 "http://cqqizhou.com/contacts" "Mozilla/5.0 (Windows NT 10.0; Win64; x64; rv:140.0) Gecko/20100101 Firefox/140.0"
36.133.115.36 - - [24/May/2026:02:46:47 +0800] "POST /wp-cron.php?doing_wp_cron=1779562007.7466030120849609375000 HTTP/1.1" 200 31 "-" "WordPress/6.9; http://cqqizhou.com"
14.149.229.90 - - [24/May/2026:02:46:47 +0800] "GET /portfolio-tag/ansteel-thyssen/ HTTP/1.1" 404 9411 "-" "Mozilla/5.0 (Macintosh; Intel Mac OS X 10_15_7) AppleWebKit/537.36 (KHTML, like Gecko) Chrome/140.0.0.0 Safari/537.36"
36.133.115.36 - - [24/May/2026:02:53:38 +0800] "POST /wp-cron.php?doing_wp_cron=1779562418.6454720497131347656250 HTTP/1.1" 200 31 "-" "WordPress/6.9; http://cqqizhou.com"
193.36.222.9 - - [24/May/2026:02:53:38 +0800] "GET /contacts/ HTTP/1.1" 301 5 "-" "Mozilla/5.0 (Windows NT 10.0; Win64; x64; rv:140.0) Gecko/20100101 Firefox/140.0"
193.36.222.20 - - [24/May/2026:02:53:39 +0800] "GET /contacts HTTP/1.1" 200 22098 "http://cqqizhou.com/contacts/" "Mozilla/5.0 (Windows NT 10.0; Win64; x64; rv:140.0) Gecko/20100101 Firefox/140.0"
193.36.222.9 - - [24/May/2026:02:53:41 +0800] "POST /wp-json/contact-form-7/v1/contact-forms/158/feedback HTTP/1.1" 200 219 "http://cqqizhou.com/contacts" "Mozilla/5.0 (Windows NT 10.0; Win64; x64; rv:140.0) Gecko/20100101 Firefox/140.0"
36.133.115.36 - - [24/May/2026:03:18:15 +0800] "POST /wp-cron.php?doing_wp_cron=1779563894.9847779273986816406250 HTTP/1.1" 200 31 "-" "WordPress/6.9; http://cqqizhou.com"
45.148.10.67 - - [24/May/2026:03:18:15 +0800] "GET / HTTP/1.1" 200 35087 "-" "Mozilla/5.0 (Windows NT 10.0; Win64; x64) AppleWebKit/537.36 (KHTML, like Gecko) Chrome/131.0.0.0 Safari/537.36"
36.133.115.36 - - [24/May/2026:03:23:31 +0800] "POST /wp-cron.php?doing_wp_cron=1779564211.7494010925292968750000 HTTP/1.1" 200 31 "-" "WordPress/6.9; http://cqqizhou.com"
69.5.169.189 - - [24/May/2026:03:23:31 +0800] "GET / HTTP/1.1" 301 5 "-" "Mozilla/5.0 (compatible; Infrawatch/1.0; +https://infrawat.ch/)"
120.241.209.155 - - [24/May/2026:03:51:32 +0800] "GET /services HTTP/1.1" 200 32190 "-" "Mozilla/5.0 (Windows NT 10.0; Win64; x64) AppleWebKit/537.36 (KHTML, like Gecko) Chrome/105.0.0.0 Safari/537.3"
120.233.109.54 - - [24/May/2026:03:51:44 +0800] "GET /services HTTP/1.1" 200 32190 "-" "Mozilla/5.0 (Windows NT 10.0; Win64; x64) AppleWebKit/537.36 (KHTML, like Gecko) Chrome/124.0.0.0 Safari/537.36"
174.138.35.129 - - [24/May/2026:03:52:21 +0800] "GET / HTTP/1.1" 200 35528 "-" "Mozilla/5.0 (X11; Linux x86_64; rv:142.0) Gecko/20100101 Firefox/142.0"
36.133.115.36 - - [24/May/2026:03:58:32 +0800] "POST /wp-cron.php?doing_wp_cron=1779566312.1403460502624511718750 HTTP/1.1" 200 31 "-" "WordPress/6.9; http://cqqizhou.com"
54.39.203.186 - - [24/May/2026:03:58:32 +0800] "GET /news/2214 HTTP/1.1" 200 26291 "-" "Mozilla/5.0 (compatible; AhrefsBot/7.0; +http://ahrefs.com/robot/)"
36.133.115.36 - - [24/May/2026:04:05:44 +0800] "POST /wp-cron.php?doing_wp_cron=1779566744.3147349357604980468750 HTTP/1.1" 200 31 "-" "WordPress/6.9; http://cqqizhou.com"
36.155.132.163 - - [24/May/2026:04:05:44 +0800] "GET /news/tag/%C3%A6%C2%B6%C2%88%C3%A9%C2%98%C2%B2%C3%A5%C2%AE%C2%89%C3%A5%C2%85%C2%A8 HTTP/1.1" 404 9412 "http://m.baidu.com/s?wd=maing6r" "pc"
116.179.33.149 - - [24/May/2026:04:07:13 +0800] "GET /news/2575 HTTP/1.1" 200 25389 "http://m.baidu.com/s?wd=asleepugw" "pc"
36.133.115.36 - - [24/May/2026:04:21:21 +0800] "POST /wp-cron.php?doing_wp_cron=1779567681.2023599147796630859375 HTTP/1.1" 200 31 "-" "WordPress/6.9; http://cqqizhou.com"
183.207.48.155 - - [24/May/2026:04:21:21 +0800] "GET / HTTP/1.1" 301 5 "-" "Mozilla/5.0 (Windows NT 10.0; Win64; x64) AppleWebKit/537.36 (KHTML, like Gecko) Chrome/59.0.3071.104 Safari/537.36"
183.207.48.155 - - [24/May/2026:04:21:21 +0800] "GET / HTTP/1.1" 200 160201 "-" "Mozilla/5.0 (Windows NT 10.0; Win64; x64) AppleWebKit/537.36 (KHTML, like Gecko) Chrome/59.0.3071.104 Safari/537.36"
36.133.115.36 - - [24/May/2026:04:46:47 +0800] "POST /wp-cron.php?doing_wp_cron=1779569207.8209590911865234375000 HTTP/1.1" 200 31 "-" "WordPress/6.9; http://cqqizhou.com"
93.123.72.166 - - [24/May/2026:04:46:47 +0800] "GET /SDK/webLanguage HTTP/1.1" 301 5 "-" "Mozilla/5.0 (Windows NT 10.0; Win64; x64) AppleWebKit/537.36 (KHTML, like Gecko) Chrome/90.0.4430.85 Safari/537.36 Edg/90.0.818.46"
106.115.77.173 - - [24/May/2026:05:05:32 +0800] "GET / HTTP/1.1" 200 35528 "-" "Mozilla/5.0 (Windows NT 6.1) AppleWebKit/537.36 (KHTML, like Gecko) Chrome/78.0.3904.11"
36.133.115.36 - - [24/May/2026:05:05:38 +0800] "POST /wp-cron.php?doing_wp_cron=1779570338.0623281002044677734375 HTTP/1.1" 200 31 "-" "WordPress/6.9; http://cqqizhou.com"
140.224.155.169 - - [24/May/2026:05:05:38 +0800] "GET / HTTP/1.1" 301 5 "-" "Mozilla/5.0 (Windows NT 10.0; Win64; x64) AppleWebKit/537.36 (KHTML, like Gecko) Chrome/71.0.3578.33"
140.224.155.169 - - [24/May/2026:05:05:38 +0800] "GET http://cqqizhou.com/ HTTP/1.1" 200 35528 "-" "Mozilla/5.0 (Windows NT 10.0; Win64; x64) AppleWebKit/537.36 (KHTML, like Gecko) Chrome/71.0.3578.33"
36.133.115.36 - - [24/May/2026:05:19:56 +0800] "POST /wp-cron.php?doing_wp_cron=1779571196.0454149246215820312500 HTTP/1.1" 200 31 "-" "WordPress/6.9; http://cqqizhou.com"
125.80.89.195 - - [24/May/2026:05:19:56 +0800] "GET / HTTP/1.1" 301 5 "-" "Mozilla/5.0 (Windows NT 10.0; Win64; x64) AppleWebKit/537.36 (KHTML, like Gecko) Chrome/73.0.3683.86 Safari/537.36"
125.80.89.195 - - [24/May/2026:05:19:56 +0800] "GET / HTTP/1.1" 200 35528 "-" "Mozilla/5.0 (Windows NT 10.0; Win64; x64) AppleWebKit/537.36 (KHTML, like Gecko) Chrome/73.0.3683.86 Safari/537.36"
125.80.89.195 - - [24/May/2026:05:19:56 +0800] "GET /contacts/ HTTP/1.1" 301 5 "-" "Mozilla/5.0 (Windows NT 10.0; Win64; x64) AppleWebKit/537.36 (KHTML, like Gecko) Chrome/73.0.3683.86 Safari/537.36"
125.80.89.195 - - [24/May/2026:05:19:56 +0800] "GET /contacts HTTP/1.1" 200 22098 "-" "Mozilla/5.0 (Windows NT 10.0; Win64; x64) AppleWebKit/537.36 (KHTML, like Gecko) Chrome/73.0.3683.86 Safari/537.36"
171.222.191.222 - - [24/May/2026:05:23:25 +0800] "GET / HTTP/1.1" 200 35528 "-" "Mozilla/5.0 (Windows NT 10.0; Win64; x64) AppleWebKit/537.36 (KHTML, like Gecko) Chrome/136.0.0.0 Safari/537.36"
36.133.115.36 - - [24/May/2026:05:23:25 +0800] "POST /wp-cron.php?doing_wp_cron=1779571405.7679409980773925781250 HTTP/1.1" 200 31 "-" "WordPress/6.9; http://cqqizhou.com"
120.213.9.152 - - [24/May/2026:05:23:25 +0800] "GET / HTTP/1.1" 301 5 "-" "Mozilla/5.0 (Windows NT 10.0; Win64; x64) AppleWebKit/537.36 (KHTML, like Gecko) Chrome/136.0.0.0 Safari/537.36"
120.213.9.152 - - [24/May/2026:05:23:25 +0800] "GET http://cqqizhou.com/ HTTP/1.1" 200 35528 "-" "Mozilla/5.0 (Windows NT 10.0; Win64; x64) AppleWebKit/537.36 (KHTML, like Gecko) Chrome/136.0.0.0 Safari/537.36"
171.222.191.222 - - [24/May/2026:05:23:26 +0800] "GET / HTTP/1.1" 200 35528 "http://cqqizhou.com" "Mozilla/5.0 (Windows NT 10.0; Win64; x64) AppleWebKit/537.36 (KHTML, like Gecko) Chrome/136.0.0.0 Safari/537.36"
171.222.191.222 - - [24/May/2026:05:23:26 +0800] "GET /contacts HTTP/1.1" 200 22098 "http://cqqizhou.com" "Mozilla/5.0 (Windows NT 10.0; Win64; x64) AppleWebKit/537.36 (KHTML, like Gecko) Chrome/136.0.0.0 Safari/537.36"
171.222.191.222 - - [24/May/2026:05:23:26 +0800] "GET /contacts/ HTTP/1.1" 301 5 "http://cqqizhou.com" "Mozilla/5.0 (Windows NT 10.0; Win64; x64) AppleWebKit/537.36 (KHTML, like Gecko) Chrome/136.0.0.0 Safari/537.36"
171.222.191.222 - - [24/May/2026:05:23:27 +0800] "GET http://cqqizhou.com/contacts HTTP/1.1" 200 22098 "http://cqqizhou.com" "Mozilla/5.0 (Windows NT 10.0; Win64; x64) AppleWebKit/537.36 (KHTML, like Gecko) Chrome/136.0.0.0 Safari/537.36"
171.222.191.222 - - [24/May/2026:05:23:27 +0800] "GET /contacts HTTP/1.1" 200 22098 "http://cqqizhou.com/contacts" "Mozilla/5.0 (Windows NT 10.0; Win64; x64) AppleWebKit/537.36 (KHTML, like Gecko) Chrome/136.0.0.0 Safari/537.36"
171.222.191.222 - - [24/May/2026:05:23:27 +0800] "GET /contacts HTTP/1.1" 200 22098 "http://cqqizhou.com/contacts/" "Mozilla/5.0 (Windows NT 10.0; Win64; x64) AppleWebKit/537.36 (KHTML, like Gecko) Chrome/136.0.0.0 Safari/537.36"
171.222.191.222 - - [24/May/2026:05:23:28 +0800] "GET /contacts/ HTTP/1.1" 301 5 "http://cqqizhou.com/contacts/" "Mozilla/5.0 (Windows NT 10.0; Win64; x64) AppleWebKit/537.36 (KHTML, like Gecko) Chrome/136.0.0.0 Safari/537.36"
171.222.191.222 - - [24/May/2026:05:23:28 +0800] "GET http://cqqizhou.com/contacts HTTP/1.1" 200 22098 "http://cqqizhou.com/contacts/" "Mozilla/5.0 (Windows NT 10.0; Win64; x64) AppleWebKit/537.36 (KHTML, like Gecko) Chrome/136.0.0.0 Safari/537.36"
171.222.191.222 - - [24/May/2026:05:23:28 +0800] "GET /contacts HTTP/1.1" 200 22098 "http://cqqizhou.com/contacts" "Mozilla/5.0 (Windows NT 10.0; Win64; x64) AppleWebKit/537.36 (KHTML, like Gecko) Chrome/136.0.0.0 Safari/537.36"
36.133.115.36 - - [24/May/2026:05:24:30 +0800] "POST /wp-cron.php?doing_wp_cron=1779571470.3355569839477539062500 HTTP/1.1" 200 31 "-" "WordPress/6.9; http://cqqizhou.com"
180.169.82.42 - - [24/May/2026:05:24:30 +0800] "GET / HTTP/1.1" 301 5 "http://www.cqqizhou.com" "Mozilla/5.0 (Windows NT 10.0; Win64; x64) AppleWebKit/537.36 (KHTML, like Gecko) Chrome/136.0.0.0 Safari/537.36"
180.169.82.42 - - [24/May/2026:05:24:30 +0800] "GET http://cqqizhou.com/ HTTP/1.1" 200 35528 "http://www.cqqizhou.com" "Mozilla/5.0 (Windows NT 10.0; Win64; x64) AppleWebKit/537.36 (KHTML, like Gecko) Chrome/136.0.0.0 Safari/537.36"
180.169.82.42 - - [24/May/2026:05:24:35 +0800] "GET / HTTP/1.1" 301 5 "http://www.cqqizhou.com" "Mozilla/5.0 (Windows NT 10.0; Win64; x64) AppleWebKit/537.36 (KHTML, like Gecko) Chrome/136.0.0.0 Safari/537.36"
180.169.82.42 - - [24/May/2026:05:24:35 +0800] "GET http://cqqizhou.com/ HTTP/1.1" 200 35528 "http://www.cqqizhou.com" "Mozilla/5.0 (Windows NT 10.0; Win64; x64) AppleWebKit/537.36 (KHTML, like Gecko) Chrome/136.0.0.0 Safari/537.36"
180.169.82.42 - - [24/May/2026:05:24:36 +0800] "GET /contacts HTTP/1.1" 200 22098 "http://www.cqqizhou.com" "Mozilla/5.0 (Windows NT 10.0; Win64; x64) AppleWebKit/537.36 (KHTML, like Gecko) Chrome/136.0.0.0 Safari/537.36"
180.169.82.42 - - [24/May/2026:05:24:37 +0800] "GET /contacts HTTP/1.1" 200 22098 "http://cqqizhou.com/contacts" "Mozilla/5.0 (Windows NT 10.0; Win64; x64) AppleWebKit/537.36 (KHTML, like Gecko) Chrome/136.0.0.0 Safari/537.36"
180.169.82.42 - - [24/May/2026:05:24:37 +0800] "GET /contacts/ HTTP/1.1" 301 5 "http://www.cqqizhou.com" "Mozilla/5.0 (Windows NT 10.0; Win64; x64) AppleWebKit/537.36 (KHTML, like Gecko) Chrome/136.0.0.0 Safari/537.36"
180.169.82.42 - - [24/May/2026:05:24:37 +0800] "GET http://cqqizhou.com/contacts HTTP/1.1" 200 22098 "http://www.cqqizhou.com" "Mozilla/5.0 (Windows NT 10.0; Win64; x64) AppleWebKit/537.36 (KHTML, like Gecko) Chrome/136.0.0.0 Safari/537.36"
180.169.82.42 - - [24/May/2026:05:24:39 +0800] "GET /contacts HTTP/1.1" 200 22098 "http://cqqizhou.com/contacts/" "Mozilla/5.0 (Windows NT 10.0; Win64; x64) AppleWebKit/537.36 (KHTML, like Gecko) Chrome/136.0.0.0 Safari/537.36"
180.169.82.42 - - [24/May/2026:05:24:40 +0800] "GET /contacts/ HTTP/1.1" 301 5 "http://cqqizhou.com/contacts/" "Mozilla/5.0 (Windows NT 10.0; Win64; x64) AppleWebKit/537.36 (KHTML, like Gecko) Chrome/136.0.0.0 Safari/537.36"
180.169.82.42 - - [24/May/2026:05:24:40 +0800] "GET http://cqqizhou.com/contacts HTTP/1.1" 200 22098 "http://cqqizhou.com/contacts/" "Mozilla/5.0 (Windows NT 10.0; Win64; x64) AppleWebKit/537.36 (KHTML, like Gecko) Chrome/136.0.0.0 Safari/537.36"
180.169.82.42 - - [24/May/2026:05:24:42 +0800] "GET /contacts HTTP/1.1" 200 22098 "http://cqqizhou.com/contacts" "Mozilla/5.0 (Windows NT 10.0; Win64; x64) AppleWebKit/537.36 (KHTML, like Gecko) Chrome/136.0.0.0 Safari/537.36"
36.133.115.36 - - [24/May/2026:05:30:04 +0800] "POST /wp-cron.php?doing_wp_cron=1779571804.3183419704437255859375 HTTP/1.1" 200 31 "-" "WordPress/6.9; http://cqqizhou.com"
5.61.209.126 - - [24/May/2026:05:30:04 +0800] "GET /SDK/webLanguage HTTP/1.1" 301 5 "-" "Mozilla/5.0 (Windows NT 10.0; Win64; x64) AppleWebKit/537.36 (KHTML, like Gecko) Chrome/90.0.4430.85 Safari/537.36 Edg/90.0.818.46"
144.48.135.223 - - [24/May/2026:05:33:26 +0800] "POST /HNAP1/ HTTP/1.0" 400 0 "-" "-"
36.133.115.36 - - [24/May/2026:05:45:45 +0800] "POST /wp-cron.php?doing_wp_cron=1779572745.3665399551391601562500 HTTP/1.1" 200 31 "-" "WordPress/6.9; http://cqqizhou.com"
43.140.37.167 - - [24/May/2026:05:45:45 +0800] "GET / HTTP/1.1" 301 5 "-" "Mozilla/5.0 (iPhone; CPU iPhone OS 13_2_3 like Mac OS X) AppleWebKit/605.1.15 (KHTML, like Gecko) Version/13.0.3 Mobile/15E148 Safari/604.1"
43.140.37.167 - - [24/May/2026:05:45:49 +0800] "GET / HTTP/1.1" 200 35087 "http://36.133.115.36" "Mozilla/5.0 (iPhone; CPU iPhone OS 13_2_3 like Mac OS X) AppleWebKit/605.1.15 (KHTML, like Gecko) Version/13.0.3 Mobile/15E148 Safari/604.1"
36.133.115.36 - - [24/May/2026:05:57:44 +0800] "POST /wp-cron.php?doing_wp_cron=1779573464.0494968891143798828125 HTTP/1.1" 200 31 "-" "WordPress/6.9; http://cqqizhou.com"
193.36.222.5 - - [24/May/2026:05:57:44 +0800] "GET /contacts/ HTTP/1.1" 301 5 "-" "Mozilla/5.0 (Windows NT 10.0; Win64; x64; rv:140.0) Gecko/20100101 Firefox/140.0"
193.36.222.20 - - [24/May/2026:05:57:44 +0800] "GET /contacts HTTP/1.1" 200 22098 "http://cqqizhou.com/contacts/" "Mozilla/5.0 (Windows NT 10.0; Win64; x64; rv:140.0) Gecko/20100101 Firefox/140.0"
193.36.222.3 - - [24/May/2026:05:57:47 +0800] "POST /wp-json/contact-form-7/v1/contact-forms/158/feedback HTTP/1.1" 200 219 "http://cqqizhou.com/contacts" "Mozilla/5.0 (Windows NT 10.0; Win64; x64; rv:140.0) Gecko/20100101 Firefox/140.0"
43.155.188.157 - - [24/May/2026:05:59:19 +0800] "GET /wp-content/uploads/2025/07/1751425283-qizhou.kf_.qq_.com_.webp HTTP/1.1" 200 16864 "-" "Mozilla/5.0 (iPhone; CPU iPhone OS 13_2_3 like Mac OS X) AppleWebKit/605.1.15 (KHTML, like Gecko) Version/13.0.3 Mobile/15E148 Safari/604.1"
36.133.115.36 - - [24/May/2026:06:07:09 +0800] "POST /wp-cron.php?doing_wp_cron=1779574029.3800859451293945312500 HTTP/1.1" 200 31 "-" "WordPress/6.9; http://cqqizhou.com"
183.207.48.147 - - [24/May/2026:06:07:09 +0800] "GET / HTTP/1.1" 301 5 "-" "Mozilla/5.0 (Windows NT 10.0; Win64; x64) AppleWebKit/537.36 (KHTML, like Gecko) Chrome/59.0.3071.104 Safari/537.36"
183.207.48.147 - - [24/May/2026:06:07:09 +0800] "GET / HTTP/1.1" 200 160201 "-" "Mozilla/5.0 (Windows NT 10.0; Win64; x64) AppleWebKit/537.36 (KHTML, like Gecko) Chrome/59.0.3071.104 Safari/537.36"
36.133.115.36 - - [24/May/2026:06:09:10 +0800] "POST /wp-cron.php?doing_wp_cron=1779574150.9628520011901855468750 HTTP/1.1" 200 31 "-" "WordPress/6.9; http://cqqizhou.com"
43.163.5.216 - - [24/May/2026:06:09:10 +0800] "GET /wp-content/uploads/2025/07/1753453096- HTTP/1.1" 404 9409 "-" "Mozilla/5.0 (iPhone; CPU iPhone OS 13_2_3 like Mac OS X) AppleWebKit/605.1.15 (KHTML, like Gecko) Version/13.0.3 Mobile/15E148 Safari/604.1"
36.133.115.36 - - [24/May/2026:06:13:37 +0800] "POST /wp-cron.php?doing_wp_cron=1779574417.0586609840393066406250 HTTP/1.1" 200 31 "-" "WordPress/6.9; http://cqqizhou.com"
129.28.84.30 - - [24/May/2026:06:13:37 +0800] "GET / HTTP/1.1" 200 35087 "-" "Mozilla/5.0 (iPhone; CPU iPhone OS 13_2_3 like Mac OS X) AppleWebKit/605.1.15 (KHTML, like Gecko) Version/13.0.3 Mobile/15E148 Safari/604.1"
218.18.116.208 - - [24/May/2026:06:18:25 +0800] "GET /news/tag/%e7%89%a9%e6%b5%81 HTTP/1.1" 200 21608 "-" "Mozilla/5.0 (Windows NT 10.0; Win64; x64) AppleWebKit/537.36 (KHTML, like Gecko) Chrome/142.0.0.0 Safari/537.36"
218.18.116.208 - - [24/May/2026:06:18:26 +0800] "POST /wp-admin/admin-ajax.php HTTP/1.1" 499 0 "http://cqqizhou.com/news/tag/%e7%89%a9%e6%b5%81" "Mozilla/5.0 (Windows NT 10.0; Win64; x64) AppleWebKit/537.36 (KHTML, like Gecko) Chrome/142.0.0.0 Safari/537.36"
36.133.115.36 - - [24/May/2026:06:18:27 +0800] "POST /wp-cron.php?doing_wp_cron=1779574707.1124360561370849609375 HTTP/1.1" 200 31 "-" "WordPress/6.9; http://cqqizhou.com"
36.133.115.36 - - [24/May/2026:06:20:25 +0800] "POST /wp-cron.php?doing_wp_cron=1779574825.1315259933471679687500 HTTP/1.1" 200 31 "-" "WordPress/6.9; http://cqqizhou.com"
43.164.190.124 - - [24/May/2026:06:20:25 +0800] "GET /wp-content/uploads/2025/07/1753453127- HTTP/1.1" 404 9411 "-" "Mozilla/5.0 (iPhone; CPU iPhone OS 13_2_3 like Mac OS X) AppleWebKit/605.1.15 (KHTML, like Gecko) Version/13.0.3 Mobile/15E148 Safari/604.1"
36.133.115.36 - - [24/May/2026:06:22:52 +0800] "POST /wp-cron.php?doing_wp_cron=1779574972.0422139167785644531250 HTTP/1.1" 200 31 "-" "WordPress/6.9; http://cqqizhou.com"
1.14.110.85 - - [24/May/2026:06:22:52 +0800] "GET /news HTTP/1.1" 200 20139 "-" "Mozilla/5.0 (iPhone; CPU iPhone OS 13_2_3 like Mac OS X) AppleWebKit/605.1.15 (KHTML, like Gecko) Version/13.0.3 Mobile/15E148 Safari/604.1"
36.133.115.36 - - [24/May/2026:06:26:11 +0800] "POST /wp-cron.php?doing_wp_cron=1779575171.8758199214935302734375 HTTP/1.1" 200 31 "-" "WordPress/6.9; http://cqqizhou.com"
69.5.169.204 - - [24/May/2026:06:26:11 +0800] "GET / HTTP/1.1" 301 5 "-" "Mozilla/5.0 (compatible; Infrawatch/1.0; +https://infrawat.ch/)"
36.133.115.36 - - [24/May/2026:06:30:10 +0800] "POST /wp-cron.php?doing_wp_cron=1779575410.4155600070953369140625 HTTP/1.1" 200 31 "-" "WordPress/6.9; http://cqqizhou.com"
43.153.113.127 - - [24/May/2026:06:30:10 +0800] "GET /wp-content/uploads/2025/07/1753456770- HTTP/1.1" 404 9409 "-" "Mozilla/5.0 (iPhone; CPU iPhone OS 13_2_3 like Mac OS X) AppleWebKit/605.1.15 (KHTML, like Gecko) Version/13.0.3 Mobile/15E148 Safari/604.1"
36.133.115.36 - - [24/May/2026:06:32:51 +0800] "POST /wp-cron.php?doing_wp_cron=1779575571.9186420440673828125000 HTTP/1.1" 200 31 "-" "WordPress/6.9; http://cqqizhou.com"
175.27.136.83 - - [24/May/2026:06:32:51 +0800] "GET /news/portfolio-category/hot-dip-galvanized-coil HTTP/1.1" 200 18209 "-" "Mozilla/5.0 (iPhone; CPU iPhone OS 13_2_3 like Mac OS X) AppleWebKit/605.1.15 (KHTML, like Gecko) Version/13.0.3 Mobile/15E148 Safari/604.1"
36.133.115.36 - - [24/May/2026:06:41:28 +0800] "POST /wp-cron.php?doing_wp_cron=1779576088.1786570549011230468750 HTTP/1.1" 200 31 "-" "WordPress/6.9; http://cqqizhou.com"
124.220.42.101 - - [24/May/2026:06:41:28 +0800] "GET /news/portfolio-category/dual-phase-steel HTTP/1.1" 200 18203 "-" "Mozilla/5.0 (iPhone; CPU iPhone OS 13_2_3 like Mac OS X) AppleWebKit/605.1.15 (KHTML, like Gecko) Version/13.0.3 Mobile/15E148 Safari/604.1"
36.133.115.36 - - [24/May/2026:06:48:06 +0800] "POST /wp-cron.php?doing_wp_cron=1779576486.4776129722595214843750 HTTP/1.1" 200 31 "-" "WordPress/6.9; http://cqqizhou.com"
103.203.56.1 - - [24/May/2026:06:48:06 +0800] "GET / HTTP/1.1" 301 5 "-" "HTTP Banner Detection (https://security.ipip.net)"
36.133.115.36 - - [24/May/2026:06:52:34 +0800] "POST /wp-cron.php?doing_wp_cron=1779576754.9471259117126464843750 HTTP/1.1" 200 31 "-" "WordPress/6.9; http://cqqizhou.com"
43.164.1.211 - - [24/May/2026:06:52:34 +0800] "GET /news/portfolio-category/dual-phase-steel HTTP/1.1" 200 18203 "-" "Mozilla/5.0 (iPhone; CPU iPhone OS 13_2_3 like Mac OS X) AppleWebKit/605.1.15 (KHTML, like Gecko) Version/13.0.3 Mobile/15E148 Safari/604.1"
36.133.115.36 - - [24/May/2026:06:53:29 +0800] "POST /wp-cron.php?doing_wp_cron=1779576809.7038300037384033203125 HTTP/1.1" 200 31 "-" "WordPress/6.9; http://cqqizhou.com"
146.56.229.214 - - [24/May/2026:06:53:29 +0800] "GET / HTTP/1.1" 200 35087 "-" "Mozilla/5.0 (iPhone; CPU iPhone OS 13_2_3 like Mac OS X) AppleWebKit/605.1.15 (KHTML, like Gecko) Version/13.0.3 Mobile/15E148 Safari/604.1"
43.136.86.241 - - [24/May/2026:07:03:01 +0800] "GET /wp-content/plugins/revslider/ HTTP/1.1" 200 31 "-" "Mozilla/5.0 (iPhone; CPU iPhone OS 13_2_3 like Mac OS X) AppleWebKit/605.1.15 (KHTML, like Gecko) Version/13.0.3 Mobile/15E148 Safari/604.1"
36.133.115.36 - - [24/May/2026:07:10:23 +0800] "POST /wp-cron.php?doing_wp_cron=1779577823.0257599353790283203125 HTTP/1.1" 200 31 "-" "WordPress/6.9; http://cqqizhou.com"
44.220.185.98 - - [24/May/2026:07:10:23 +0800] "GET / HTTP/1.1" 301 5 "-" "Mozilla/5.0 (Windows NT 6.2;en-US) AppleWebKit/537.32.36 (KHTML, live Gecko) Chrome/60.0.3088.64 Safari/537.32"
44.220.185.98 - - [24/May/2026:07:10:24 +0800] "GET / HTTP/1.1" 200 35528 "-" "Mozilla/5.0 (Windows NT 6.2;en-US) AppleWebKit/537.32.36 (KHTML, live Gecko) Chrome/60.0.3088.64 Safari/537.32"
44.220.185.98 - - [24/May/2026:07:10:27 +0800] "GET /feed/ HTTP/1.1" 301 5 "-" "Mozilla/5.0 (Macintosh; Intel Mac OS X 10_15_7) AppleWebKit/537.36 (KHTML, like Gecko) Chrome/124.0.0.0 Safari/537.36"
146.56.229.214 - - [24/May/2026:07:12:12 +0800] "GET /wp-content/uploads/2026/04/1775698332-Article_images_W900px.webp HTTP/1.1" 200 49852 "-" "Mozilla/5.0 (iPhone; CPU iPhone OS 13_2_3 like Mac OS X) AppleWebKit/605.1.15 (KHTML, like Gecko) Version/13.0.3 Mobile/15E148 Safari/604.1"
36.133.115.36 - - [24/May/2026:07:21:59 +0800] "POST /wp-cron.php?doing_wp_cron=1779578519.5784609317779541015625 HTTP/1.1" 200 31 "-" "WordPress/6.9; http://cqqizhou.com"
45.148.10.67 - - [24/May/2026:07:21:59 +0800] "GET / HTTP/1.1" 200 35087 "-" "Mozilla/5.0 (Windows NT 10.0; Win64; x64) AppleWebKit/537.36 (KHTML, like Gecko) Chrome/131.0.0.0 Safari/537.36"
162.14.114.97 - - [24/May/2026:07:25:51 +0800] "GET /wp-content/uploads/2026/03/1773722869-1Article_images_W900px-768x432.webp HTTP/1.1" 200 29024 "-" "Mozilla/5.0 (iPhone; CPU iPhone OS 13_2_3 like Mac OS X) AppleWebKit/605.1.15 (KHTML, like Gecko) Version/13.0.3 Mobile/15E148 Safari/604.1"
51.161.37.17 - - [24/May/2026:07:26:41 +0800] "GET /club HTTP/1.1" 200 12539 "-" "Mozilla/5.0 (compatible; AhrefsBot/7.0; +http://ahrefs.com/robot/)"
36.133.115.36 - - [24/May/2026:07:32:37 +0800] "POST /wp-cron.php?doing_wp_cron=1779579157.6655509471893310546875 HTTP/1.1" 200 31 "-" "WordPress/6.9; http://cqqizhou.com"
146.56.229.214 - - [24/May/2026:07:32:37 +0800] "GET /news/page/2 HTTP/1.1" 200 20568 "-" "Mozilla/5.0 (iPhone; CPU iPhone OS 13_2_3 like Mac OS X) AppleWebKit/605.1.15 (KHTML, like Gecko) Version/13.0.3 Mobile/15E148 Safari/604.1"
36.133.115.36 - - [24/May/2026:07:33:22 +0800] "POST /wp-cron.php?doing_wp_cron=1779579202.2198040485382080078125 HTTP/1.1" 200 31 "-" "WordPress/6.9; http://cqqizhou.com"
43.165.170.119 - - [24/May/2026:07:33:22 +0800] "GET / HTTP/1.1" 200 35087 "-" "Mozilla/5.0 (iPhone; CPU iPhone OS 13_2_3 like Mac OS X) AppleWebKit/605.1.15 (KHTML, like Gecko) Version/13.0.3 Mobile/15E148 Safari/604.1"
36.133.115.36 - - [24/May/2026:07:38:59 +0800] "POST /wp-cron.php?doing_wp_cron=1779579539.0805399417877197265625 HTTP/1.1" 200 31 "-" "WordPress/6.9; http://cqqizhou.com"
110.249.202.34 - - [24/May/2026:07:38:59 +0800] "GET /robots.txt HTTP/1.1" 200 190 "-" "Mozilla/5.0 (Linux; Android 5.0) AppleWebKit/537.36 (KHTML, like Gecko) Mobile Safari/537.36 (compatible; Bytespider; https://zhanzhang.toutiao.com/)"
36.133.115.36 - - [24/May/2026:07:39:21 +0800] "POST /wp-cron.php?doing_wp_cron=1779579561.3856320381164550781250 HTTP/1.1" 200 31 "-" "WordPress/6.9; http://cqqizhou.com"
45.198.224.7 - - [24/May/2026:07:39:21 +0800] "GET / HTTP/1.1" 200 158542 "-" "-"
36.133.115.36 - - [24/May/2026:07:42:08 +0800] "POST /wp-cron.php?doing_wp_cron=1779579728.3438389301300048828125 HTTP/1.1" 200 31 "-" "WordPress/6.9; http://cqqizhou.com"
146.56.229.214 - - [24/May/2026:07:42:08 +0800] "GET /news/portfolio HTTP/1.1" 200 17605 "-" "Mozilla/5.0 (iPhone; CPU iPhone OS 13_2_3 like Mac OS X) AppleWebKit/605.1.15 (KHTML, like Gecko) Version/13.0.3 Mobile/15E148 Safari/604.1"
36.133.115.36 - - [24/May/2026:07:55:48 +0800] "POST /wp-cron.php?doing_wp_cron=1779580548.6780729293823242187500 HTTP/1.1" 200 31 "-" "WordPress/6.9; http://cqqizhou.com"
145.223.132.131 - - [24/May/2026:07:55:48 +0800] "GET /company-news/page/2 HTTP/1.1" 200 20627 "-" "Mozilla/5.0 (Linux; Android 13; Pixel 7) AppleWebKit/537.36 (KHTML, like Gecko) Chrome/131.0.0.0 Mobile Safari/537.36"
36.133.115.36 - - [24/May/2026:08:00:34 +0800] "POST /wp-cron.php?doing_wp_cron=1779580834.7708530426025390625000 HTTP/1.1" 200 31 "-" "WordPress/6.9; http://cqqizhou.com"
111.34.98.190 - - [24/May/2026:08:00:34 +0800] "GET /industry/ HTTP/1.1" 301 5 "-" "Mozilla/5.0 (Windows NT 10.0; Win64; x64) AppleWebKit/537.36 (KHTML, like Gecko) Chrome/142.0.0.0 Safari/537.36"
111.34.98.190 - - [24/May/2026:08:00:34 +0800] "GET /industry HTTP/1.1" 200 25210 "-" "Mozilla/5.0 (Windows NT 10.0; Win64; x64) AppleWebKit/537.36 (KHTML, like Gecko) Chrome/142.0.0.0 Safari/537.36"
111.34.99.106 - - [24/May/2026:08:00:37 +0800] "POST /wp-admin/admin-ajax.php HTTP/1.1" 499 0 "http://cqqizhou.com/industry" "Mozilla/5.0 (Windows NT 10.0; Win64; x64) AppleWebKit/537.36 (KHTML, like Gecko) Chrome/142.0.0.0 Safari/537.36"
36.133.115.36 - - [24/May/2026:08:08:34 +0800] "POST /wp-cron.php?doing_wp_cron=1779581314.5278480052947998046875 HTTP/1.1" 200 31 "-" "WordPress/6.9; http://cqqizhou.com"
119.45.7.86 - - [24/May/2026:08:08:34 +0800] "GET /news/portfolio/%e5%86%b7%e8%bd%a7%e5%8d%b7 HTTP/1.1" 200 19312 "-" "Mozilla/5.0 (iPhone; CPU iPhone OS 13_2_3 like Mac OS X) AppleWebKit/605.1.15 (KHTML, like Gecko) Version/13.0.3 Mobile/15E148 Safari/604.1"
36.133.115.36 - - [24/May/2026:08:16:41 +0800] "POST /wp-cron.php?doing_wp_cron=1779581801.3632349967956542968750 HTTP/1.1" 200 31 "-" "WordPress/6.9; http://cqqizhou.com"
43.130.72.177 - - [24/May/2026:08:16:41 +0800] "GET /work-safety HTTP/1.1" 200 19885 "-" "Mozilla/5.0 (iPhone; CPU iPhone OS 13_2_3 like Mac OS X) AppleWebKit/605.1.15 (KHTML, like Gecko) Version/13.0.3 Mobile/15E148 Safari/604.1"
36.133.115.36 - - [24/May/2026:08:19:28 +0800] "POST /wp-cron.php?doing_wp_cron=1779581968.3959848880767822265625 HTTP/1.1" 200 31 "-" "WordPress/6.9; http://cqqizhou.com"
119.45.7.86 - - [24/May/2026:08:19:28 +0800] "GET /wp-content/uploads/2025/07/1753451773- HTTP/1.1" 404 9410 "-" "Mozilla/5.0 (iPhone; CPU iPhone OS 13_2_3 like Mac OS X) AppleWebKit/605.1.15 (KHTML, like Gecko) Version/13.0.3 Mobile/15E148 Safari/604.1"
36.133.115.36 - - [24/May/2026:08:26:14 +0800] "POST /wp-cron.php?doing_wp_cron=1779582374.8519020080566406250000 HTTP/1.1" 200 31 "-" "WordPress/6.9; http://cqqizhou.com"
124.222.230.178 - - [24/May/2026:08:26:14 +0800] "GET /wp-content/uploads/2025/07/1753453029- HTTP/1.1" 404 9410 "-" "Mozilla/5.0 (iPhone; CPU iPhone OS 13_2_3 like Mac OS X) AppleWebKit/605.1.15 (KHTML, like Gecko) Version/13.0.3 Mobile/15E148 Safari/604.1"
36.133.115.36 - - [24/May/2026:08:35:59 +0800] "POST /wp-cron.php?doing_wp_cron=1779582959.8334009647369384765625 HTTP/1.1" 200 31 "-" "WordPress/6.9; http://cqqizhou.com"
124.221.140.98 - - [24/May/2026:08:35:59 +0800] "GET /news/portfolio-category/pickled-coil HTTP/1.1" 200 18195 "-" "Mozilla/5.0 (iPhone; CPU iPhone OS 13_2_3 like Mac OS X) AppleWebKit/605.1.15 (KHTML, like Gecko) Version/13.0.3 Mobile/15E148 Safari/604.1"
36.133.115.36 - - [24/May/2026:08:38:07 +0800] "POST /wp-cron.php?doing_wp_cron=1779583087.9081459045410156250000 HTTP/1.1" 200 31 "-" "WordPress/6.9; http://cqqizhou.com"
66.249.73.235 - - [24/May/2026:08:38:07 +0800] "GET /media/2 HTTP/1.1" 200 26546 "-" "Mozilla/5.0 (Linux; Android 6.0.1; Nexus 5X Build/MMB29P) AppleWebKit/537.36 (KHTML, like Gecko) Chrome/148.0.7778.96 Mobile Safari/537.36 (compatible; Googlebot/2.1; +http://www.google.com/bot.html)"
36.133.115.36 - - [24/May/2026:08:39:14 +0800] "POST /wp-cron.php?doing_wp_cron=1779583154.4115109443664550781250 HTTP/1.1" 200 31 "-" "WordPress/6.9; http://cqqizhou.com"
124.221.163.189 - - [24/May/2026:08:39:14 +0800] "GET / HTTP/1.1" 200 35085 "-" "Mozilla/5.0 (iPhone; CPU iPhone OS 13_2_3 like Mac OS X) AppleWebKit/605.1.15 (KHTML, like Gecko) Version/13.0.3 Mobile/15E148 Safari/604.1"
36.133.115.36 - - [24/May/2026:08:40:15 +0800] "POST /wp-cron.php?doing_wp_cron=1779583215.7960889339447021484375 HTTP/1.1" 200 31 "-" "WordPress/6.9; http://cqqizhou.com"
172.110.223.155 - - [24/May/2026:08:40:15 +0800] "GET / HTTP/1.1" 301 5 "-" "-"
36.133.115.36 - - [24/May/2026:08:59:58 +0800] "POST /wp-cron.php?doing_wp_cron=1779584398.6250000000000000000000 HTTP/1.1" 200 31 "-" "WordPress/6.9; http://cqqizhou.com"
139.155.126.16 - - [24/May/2026:08:59:58 +0800] "GET / HTTP/1.1" 301 5 "-" "Mozilla/5.0 (iPhone; CPU iPhone OS 13_2_3 like Mac OS X) AppleWebKit/605.1.15 (KHTML, like Gecko) Version/13.0.3 Mobile/15E148 Safari/604.1"
139.155.126.16 - - [24/May/2026:09:00:03 +0800] "GET / HTTP/1.1" 200 35085 "http://www.cqqizhou.com" "Mozilla/5.0 (iPhone; CPU iPhone OS 13_2_3 like Mac OS X) AppleWebKit/605.1.15 (KHTML, like Gecko) Version/13.0.3 Mobile/15E148 Safari/604.1"
36.133.115.36 - - [24/May/2026:09:03:28 +0800] "POST /wp-cron.php?doing_wp_cron=1779584608.8530309200286865234375 HTTP/1.1" 200 31 "-" "WordPress/6.9; http://cqqizhou.com"
43.153.67.21 - - [24/May/2026:09:03:28 +0800] "GET /wp-content/uploads/revslider/slider-1/1750861156-logistics_Slider_3840 HTTP/1.1" 404 9410 "-" "Mozilla/5.0 (iPhone; CPU iPhone OS 13_2_3 like Mac OS X) AppleWebKit/605.1.15 (KHTML, like Gecko) Version/13.0.3 Mobile/15E148 Safari/604.1"
36.133.115.36 - - [24/May/2026:09:05:37 +0800] "POST /wp-cron.php?doing_wp_cron=1779584737.1756570339202880859375 HTTP/1.1" 200 31 "-" "WordPress/6.9; http://cqqizhou.com"
45.198.224.7 - - [24/May/2026:09:05:37 +0800] "GET / HTTP/1.1" 200 158542 "-" "-"
36.133.115.36 - - [24/May/2026:09:11:17 +0800] "POST /wp-cron.php?doing_wp_cron=1779585077.7904551029205322265625 HTTP/1.1" 200 31 "-" "WordPress/6.9; http://cqqizhou.com"
145.223.130.189 - - [24/May/2026:09:11:17 +0800] "GET /media/3 HTTP/1.1" 200 26504 "-" "Mozilla/5.0 (Macintosh; Intel Mac OS X 10_15_7) AppleWebKit/537.36 (KHTML, like Gecko) Chrome/120.0.0.0 Safari/537.36"
36.133.115.36 - - [24/May/2026:09:14:07 +0800] "POST /wp-cron.php?doing_wp_cron=1779585247.7381939888000488281250 HTTP/1.1" 200 31 "-" "WordPress/6.9; http://cqqizhou.com"
93.123.72.166 - - [24/May/2026:09:14:07 +0800] "GET /SDK/webLanguage HTTP/1.1" 301 5 "-" "Mozilla/5.0 (Windows NT 10.0; Win64; x64) AppleWebKit/537.36 (KHTML, like Gecko) Chrome/90.0.4430.85 Safari/537.36 Edg/90.0.818.46"
36.133.115.36 - - [24/May/2026:09:17:54 +0800] "POST /wp-cron.php?doing_wp_cron=1779585474.4855489730834960937500 HTTP/1.1" 200 31 "-" "WordPress/6.9; http://cqqizhou.com"
42.49.6.111 - - [24/May/2026:09:17:54 +0800] "GET /contacts/ HTTP/1.1" 301 5 "-" "Mozilla/5.0 (Windows NT 10.0; Win64; x64) AppleWebKit/537.36 (KHTML, like Gecko) Chrome/136.0.0.0 Safari/537.36"
42.49.6.111 - - [24/May/2026:09:17:54 +0800] "GET http://cqqizhou.com/contacts HTTP/1.1" 200 22098 "-" "Mozilla/5.0 (Windows NT 10.0; Win64; x64) AppleWebKit/537.36 (KHTML, like Gecko) Chrome/136.0.0.0 Safari/537.36"
36.133.115.36 - - [24/May/2026:09:18:48 +0800] "POST /wp-cron.php?doing_wp_cron=1779585528.4322719573974609375000 HTTP/1.1" 200 31 "-" "WordPress/6.9; http://cqqizhou.com"
43.161.217.205 - - [24/May/2026:09:18:48 +0800] "GET /wp-admin/admin-ajax.php HTTP/1.1" 400 11 "-" "Mozilla/5.0 (iPhone; CPU iPhone OS 13_2_3 like Mac OS X) AppleWebKit/605.1.15 (KHTML, like Gecko) Version/13.0.3 Mobile/15E148 Safari/604.1"
36.133.115.36 - - [24/May/2026:10:15:18 +0800] "POST /wp-cron.php?doing_wp_cron=1779588918.1593730449676513671875 HTTP/1.1" 200 31 "-" "WordPress/6.9; http://cqqizhou.com"
51.222.95.91 - - [24/May/2026:10:15:18 +0800] "GET /robots.txt HTTP/1.1" 200 190 "-" "Mozilla/5.0 (compatible; AhrefsBot/7.0; +http://ahrefs.com/robot/)"
142.44.220.156 - - [24/May/2026:10:15:20 +0800] "GET /news/2160 HTTP/1.1" 200 30006 "-" "Mozilla/5.0 (compatible; AhrefsBot/7.0; +http://ahrefs.com/robot/)"
42.185.21.204 - - [24/May/2026:10:19:51 +0800] "GET /wp-content/uploads/2025/07/1750945616-honor300%C3%97206_4.webp HTTP/1.1" 200 33814 "http://cqqizhou.com/" "Mozilla/5.0 (Windows NT 10.0; Win64; x64) AppleWebKit/537.36 (KHTML, like Gecko) Chrome/105.0.0.0 Safari/537.3"
119.45.26.193 - - [24/May/2026:10:19:53 +0800] "GET /wp-content/uploads/2025/07/1750945616-honor300%C3%97206_4.webp HTTP/1.1" 200 33814 "http://cqqizhou.com/" "Mozilla/5.0 (Windows NT 10.0; Win64; x64) AppleWebKit/537.36 (KHTML, like Gecko) Chrome/105.0.0.0 Safari/537.3"
171.222.190.109 - - [24/May/2026:10:41:48 +0800] "GET /news/2572 HTTP/1.1" 200 23829 "-" "Mozilla/5.0 (Windows NT 10.0; Win64; x64) AppleWebKit/537.36 (KHTML, like Gecko) Chrome/142.0.0.0 Safari/537.36"
36.133.115.36 - - [24/May/2026:10:41:50 +0800] "POST /wp-cron.php?doing_wp_cron=1779590510.6969439983367919921875 HTTP/1.1" 200 31 "-" "WordPress/6.9; http://cqqizhou.com"
171.222.190.109 - - [24/May/2026:10:41:50 +0800] "POST /wp-admin/admin-ajax.php HTTP/1.1" 403 33 "http://cqqizhou.com/news/2572" "Mozilla/5.0 (Windows NT 10.0; Win64; x64) AppleWebKit/537.36 (KHTML, like Gecko) Chrome/142.0.0.0 Safari/537.36"
120.217.6.225 - - [24/May/2026:10:42:54 +0800] "GET /wp-content/uploads/2026/05/1779059685-1Article_images_W900px.webp HTTP/1.1" 200 50738 "http://cqqizhou.com/" "Mozilla/5.0 (Windows NT 10.0; Win64; x64) AppleWebKit/537.36 (KHTML, like Gecko) Chrome/106.0.5249.119 Safari/537.36"
119.45.157.94 - - [24/May/2026:10:42:55 +0800] "GET /wp-content/uploads/2026/05/1779059684-2Article_images_W900px.webp HTTP/1.1" 200 133240 "http://cqqizhou.com/" "Mozilla/5.0 (Windows NT 10.0; Win64; x64) AppleWebKit/537.36 (KHTML, like Gecko) Chrome/106.0.5249.119 Safari/537.36"
183.199.149.179 - - [24/May/2026:10:42:55 +0800] "GET /club HTTP/1.1" 200 12539 "-" "Mozilla/5.0 (Macintosh; Intel Mac OS X 10_15_7) AppleWebKit/537.36 (KHTML, like Gecko) Chrome/140.0.0.0 Safari/537.36"
36.133.115.36 - - [24/May/2026:10:49:34 +0800] "POST /wp-cron.php?doing_wp_cron=1779590974.8784940242767333984375 HTTP/1.1" 200 31 "-" "WordPress/6.9; http://cqqizhou.com"
114.119.132.70 - - [24/May/2026:10:49:34 +0800] "GET /wp-sitemap.xml HTTP/1.1" 501 253 "-" "Mozilla/5.0 (Linux; Android 7.0;) AppleWebKit/537.36 (KHTML, like Gecko) Mobile Safari/537.36 (compatible; PetalBot;+https://webmaster.petalsearch.com/site/petalbot)"
116.148.212.93 - - [24/May/2026:10:52:00 +0800] "GET /news/2418 HTTP/1.1" 200 24055 "-" "Mozilla/5.0 (Windows NT 10.0; Win64; x64) AppleWebKit/537.36 (KHTML, like Gecko) Chrome/142.0.0.0 Safari/537.36"
