183.136.238.105 - - [24/May/2026:15:51:27 +0800] "POST /admin/media/upload_json.ashx%3Fdir=file HTTP/1.1" 404 9410 "-" "Mozilla/5.0 (Windows NT 10.0; Win64; x64) AppleWebKit/537.36"
183.136.238.105 - - [24/May/2026:15:51:28 +0800] "POST /admin/upload_json.ashx%3Fdir=file HTTP/1.1" 404 9410 "-" "Mozilla/5.0 (Windows NT 10.0; Win64; x64) AppleWebKit/537.36"
183.136.238.105 - - [24/May/2026:15:51:29 +0800] "POST /admin/upload_json.asp%3Fdir=file HTTP/1.1" 404 9410 "-" "Mozilla/5.0 (Windows NT 10.0; Win64; x64) AppleWebKit/537.36"
183.136.238.105 - - [24/May/2026:15:51:31 +0800] "POST /upload/upload_json.asp%3Fdir=file HTTP/1.1" 404 9410 "-" "Mozilla/5.0 (Windows NT 10.0; Win64; x64) AppleWebKit/537.36"
183.136.238.105 - - [24/May/2026:15:51:32 +0800] "POST /ajax/upload_json.ashx%3Fdir=file HTTP/1.1" 404 9410 "-" "Mozilla/5.0 (Windows NT 10.0; Win64; x64) AppleWebKit/537.36"
183.136.238.105 - - [24/May/2026:15:51:34 +0800] "POST /api/upload/upload_json.ashx%3Fdir=file HTTP/1.1" 404 9411 "-" "Mozilla/5.0 (Windows NT 10.0; Win64; x64) AppleWebKit/537.36"
183.136.238.105 - - [24/May/2026:15:51:35 +0800] "POST /publish/upload_json.ashx%3Fdir=file HTTP/1.1" 404 9410 "-" "Mozilla/5.0 (Windows NT 10.0; Win64; x64) AppleWebKit/537.36"
183.136.238.105 - - [24/May/2026:15:51:36 +0800] "POST /publish/kindeditor/asp.net/upload_json.ashx%3Fdir=file HTTP/1.1" 404 9410 "-" "Mozilla/5.0 (Windows NT 10.0; Win64; x64) AppleWebKit/537.36"
183.136.238.105 - - [24/May/2026:15:51:38 +0800] "POST /back/kindeditor/asp.net/upload_json.ashx%3Fdir=file HTTP/1.1" 404 9410 "-" "Mozilla/5.0 (Windows NT 10.0; Win64; x64) AppleWebKit/537.36"
183.136.238.105 - - [24/May/2026:15:51:39 +0800] "POST /back/kindeditor/asp/upload_json.asp%3Fdir=file HTTP/1.1" 404 9410 "-" "Mozilla/5.0 (Windows NT 10.0; Win64; x64) AppleWebKit/537.36"
183.136.238.105 - - [24/May/2026:15:51:40 +0800] "POST /htdocs/kindeditor/asp/upload_json.asp%3Fdir=file HTTP/1.1" 404 9408 "-" "Mozilla/5.0 (Windows NT 10.0; Win64; x64) AppleWebKit/537.36"
183.136.238.105 - - [24/May/2026:15:51:41 +0800] "POST /www/kindeditor/asp.net/upload_json.ashx%3Fdir=file HTTP/1.1" 404 9409 "-" "Mozilla/5.0 (Windows NT 10.0; Win64; x64) AppleWebKit/537.36"
183.136.238.105 - - [24/May/2026:15:51:43 +0800] "POST /www/kindeditor/asp/upload_json.asp%3Fdir=file HTTP/1.1" 404 9409 "-" "Mozilla/5.0 (Windows NT 10.0; Win64; x64) AppleWebKit/537.36"
183.136.238.105 - - [24/May/2026:15:51:44 +0800] "POST /web_manage/kindeditor/asp/upload_json.asp%3Fdir=file HTTP/1.1" 404 9410 "-" "Mozilla/5.0 (Windows NT 10.0; Win64; x64) AppleWebKit/537.36"
183.136.238.105 - - [24/May/2026:15:51:45 +0800] "POST /webadmin/kindeditor/asp/upload_json.asp%3Fdir=file HTTP/1.1" 404 9409 "-" "Mozilla/5.0 (Windows NT 10.0; Win64; x64) AppleWebKit/537.36"
183.136.238.105 - - [24/May/2026:15:51:46 +0800] "POST /admin_system/kindeditor/asp.net/upload_json.ashx%3Fdir=file HTTP/1.1" 404 9409 "-" "Mozilla/5.0 (Windows NT 10.0; Win64; x64) AppleWebKit/537.36"
183.136.238.105 - - [24/May/2026:15:51:49 +0800] "POST /admin_system/kindeditor/asp/upload_json.asp%3Fdir=file HTTP/1.1" 404 9409 "-" "Mozilla/5.0 (Windows NT 10.0; Win64; x64) AppleWebKit/537.36"
183.136.238.105 - - [24/May/2026:15:51:51 +0800] "POST /admin_back/kindeditor/asp.net/upload_json.ashx%3Fdir=file HTTP/1.1" 404 9410 "-" "Mozilla/5.0 (Windows NT 10.0; Win64; x64) AppleWebKit/537.36"
183.136.238.105 - - [24/May/2026:15:51:53 +0800] "POST /admin_back/kindeditor/asp/upload_json.asp%3Fdir=file HTTP/1.1" 404 9410 "-" "Mozilla/5.0 (Windows NT 10.0; Win64; x64) AppleWebKit/537.36"
183.136.238.105 - - [24/May/2026:15:51:54 +0800] "POST /admin/htmledit/kindeditor/asp.net/upload_json.ashx%3Fdir=file HTTP/1.1" 404 9411 "-" "Mozilla/5.0 (Windows NT 10.0; Win64; x64) AppleWebKit/537.36"
183.136.238.105 - - [24/May/2026:15:51:55 +0800] "POST /admin/htmledit/kindeditor/asp/upload_json.asp%3Fdir=file HTTP/1.1" 404 9410 "-" "Mozilla/5.0 (Windows NT 10.0; Win64; x64) AppleWebKit/537.36"
183.136.238.105 - - [24/May/2026:15:51:57 +0800] "POST /admin/views/skin/kindeditor/asp.net/upload_json.ashx%3Fdir=file HTTP/1.1" 404 9410 "-" "Mozilla/5.0 (Windows NT 10.0; Win64; x64) AppleWebKit/537.36"
183.136.238.105 - - [24/May/2026:15:51:59 +0800] "POST /admin/views/skin/kindeditor/asp/upload_json.asp%3Fdir=file HTTP/1.1" 404 9410 "-" "Mozilla/5.0 (Windows NT 10.0; Win64; x64) AppleWebKit/537.36"
183.136.238.105 - - [24/May/2026:15:52:00 +0800] "POST /admin/controls/kindeditor/asp.net/upload_json.ashx%3Fdir=file HTTP/1.1" 404 9408 "-" "Mozilla/5.0 (Windows NT 10.0; Win64; x64) AppleWebKit/537.36"
183.136.238.105 - - [24/May/2026:15:52:02 +0800] "POST /admin/controls/kindeditor/asp/upload_json.asp%3Fdir=file HTTP/1.1" 404 9410 "-" "Mozilla/5.0 (Windows NT 10.0; Win64; x64) AppleWebKit/537.36"
183.136.238.105 - - [24/May/2026:15:52:04 +0800] "POST /admin/templates/js/kindeditor/asp.net/upload_json.ashx%3Fdir=file HTTP/1.1" 404 9410 "-" "Mozilla/5.0 (Windows NT 10.0; Win64; x64) AppleWebKit/537.36"
183.136.238.105 - - [24/May/2026:15:52:05 +0800] "POST /public/static/dlc/js/kindeditor/asp.net/upload_json.ashx%3Fdir=file HTTP/1.1" 404 9410 "-" "Mozilla/5.0 (Windows NT 10.0; Win64; x64) AppleWebKit/537.36"
183.136.238.105 - - [24/May/2026:15:52:07 +0800] "POST /public/static/dlc/js/kindeditor/asp/upload_json.asp%3Fdir=file HTTP/1.1" 404 9410 "-" "Mozilla/5.0 (Windows NT 10.0; Win64; x64) AppleWebKit/537.36"
36.133.115.36 - - [24/May/2026:15:52:08 +0800] "POST /wp-cron.php?doing_wp_cron=1779609128.4746279716491699218750 HTTP/1.1" 200 31 "-" "WordPress/6.9; http://cqqizhou.com"
183.136.238.105 - - [24/May/2026:15:52:08 +0800] "POST /areas/admin/libs/kindeditor-4.1.10/asp.net/upload_json.ashx%3Fdir=file HTTP/1.1" 404 9410 "-" "Mozilla/5.0 (Windows NT 10.0; Win64; x64) AppleWebKit/537.36"
183.136.238.105 - - [24/May/2026:15:52:09 +0800] "POST /areas/admin/libs/kindeditor-4.1.10/asp/upload_json.asp%3Fdir=file HTTP/1.1" 404 9410 "-" "Mozilla/5.0 (Windows NT 10.0; Win64; x64) AppleWebKit/537.36"
183.136.238.105 - - [24/May/2026:15:52:11 +0800] "POST /content/plug/kindeditor/asp.net/upload_json.ashx%3Fdir=file HTTP/1.1" 404 9410 "-" "Mozilla/5.0 (Windows NT 10.0; Win64; x64) AppleWebKit/537.36"
183.136.238.105 - - [24/May/2026:15:52:13 +0800] "POST /content/plug/kindeditor/asp/upload_json.asp%3Fdir=file HTTP/1.1" 404 9410 "-" "Mozilla/5.0 (Windows NT 10.0; Win64; x64) AppleWebKit/537.36"
183.136.238.105 - - [24/May/2026:15:52:14 +0800] "POST /content/main/info/kindeditor/asp.net/upload_json.ashx%3Fdir=file HTTP/1.1" 404 9411 "-" "Mozilla/5.0 (Windows NT 10.0; Win64; x64) AppleWebKit/537.36"
183.136.238.105 - - [24/May/2026:15:52:15 +0800] "POST /content/main/info/kindeditor/asp/upload_json.asp%3Fdir=file HTTP/1.1" 404 9410 "-" "Mozilla/5.0 (Windows NT 10.0; Win64; x64) AppleWebKit/537.36"
183.136.238.105 - - [24/May/2026:15:52:17 +0800] "POST /web/assets/libs/kindeditor/asp.net/upload_json.ashx%3Fdir=file HTTP/1.1" 404 9410 "-" "Mozilla/5.0 (Windows NT 10.0; Win64; x64) AppleWebKit/537.36"
183.136.238.105 - - [24/May/2026:15:52:19 +0800] "POST /web/assets/libs/kindeditor/asp/upload_json.asp%3Fdir=file HTTP/1.1" 404 9410 "-" "Mozilla/5.0 (Windows NT 10.0; Win64; x64) AppleWebKit/537.36"
183.136.238.105 - - [24/May/2026:15:52:20 +0800] "POST /web/mobile/include/kindeditor/asp.net/upload_json.ashx%3Fdir=file HTTP/1.1" 404 9408 "-" "Mozilla/5.0 (Windows NT 10.0; Win64; x64) AppleWebKit/537.36"
183.136.238.105 - - [24/May/2026:15:52:21 +0800] "POST /web/mobile/include/kindeditor/asp/upload_json.asp%3Fdir=file HTTP/1.1" 404 9410 "-" "Mozilla/5.0 (Windows NT 10.0; Win64; x64) AppleWebKit/537.36"
183.136.238.105 - - [24/May/2026:15:52:24 +0800] "POST /manager_order/kindeditor/asp.net/upload_json.ashx%3Fdir=file HTTP/1.1" 404 9411 "-" "Mozilla/5.0 (Windows NT 10.0; Win64; x64) AppleWebKit/537.36"
183.136.238.105 - - [24/May/2026:15:52:25 +0800] "POST /manager_order/kindeditor/asp/upload_json.asp%3Fdir=file HTTP/1.1" 404 9410 "-" "Mozilla/5.0 (Windows NT 10.0; Win64; x64) AppleWebKit/537.36"
183.136.238.105 - - [24/May/2026:15:52:26 +0800] "POST /myadmin/public/kindeditor/asp.net/upload_json.ashx%3Fdir=file HTTP/1.1" 404 9410 "-" "Mozilla/5.0 (Windows NT 10.0; Win64; x64) AppleWebKit/537.36"
183.136.238.105 - - [24/May/2026:15:52:28 +0800] "POST /myadmin/public/kindeditor/asp/upload_json.asp%3Fdir=file HTTP/1.1" 404 9410 "-" "Mozilla/5.0 (Windows NT 10.0; Win64; x64) AppleWebKit/537.36"
183.136.238.105 - - [24/May/2026:15:52:30 +0800] "POST /old/kindeditor/asp.net/upload_json.ashx%3Fdir=file HTTP/1.1" 404 9408 "-" "Mozilla/5.0 (Windows NT 10.0; Win64; x64) AppleWebKit/537.36"
183.136.238.105 - - [24/May/2026:15:52:32 +0800] "POST /old/kindeditor/asp/upload_json.asp%3Fdir=file HTTP/1.1" 404 9410 "-" "Mozilla/5.0 (Windows NT 10.0; Win64; x64) AppleWebKit/537.36"
183.136.238.105 - - [24/May/2026:15:52:34 +0800] "POST /old/editor/asp.net/upload_json.ashx%3Fdir=file HTTP/1.1" 404 9411 "-" "Mozilla/5.0 (Windows NT 10.0; Win64; x64) AppleWebKit/537.36"
183.136.238.105 - - [24/May/2026:15:52:36 +0800] "POST /old/editor/asp/upload_json.asp%3Fdir=file HTTP/1.1" 404 9410 "-" "Mozilla/5.0 (Windows NT 10.0; Win64; x64) AppleWebKit/537.36"
183.136.238.105 - - [24/May/2026:15:52:37 +0800] "POST /kindeditor/php/upload_json.php%3Fdir=file HTTP/1.1" 404 9410 "-" "Mozilla/5.0 (Windows NT 10.0; Win64; x64) AppleWebKit/537.36"
183.136.238.105 - - [24/May/2026:15:52:38 +0800] "POST /public/static/kindeditor/php/upload_json.php%3Fdir=file HTTP/1.1" 404 9410 "-" "Mozilla/5.0 (Windows NT 10.0; Win64; x64) AppleWebKit/537.36"
183.136.238.105 - - [24/May/2026:15:52:40 +0800] "POST /editor/php/upload_json.php%3Fdir=file HTTP/1.1" 404 9408 "-" "Mozilla/5.0 (Windows NT 10.0; Win64; x64) AppleWebKit/537.36"
183.136.238.105 - - [24/May/2026:15:52:41 +0800] "POST /public/kindeditor/php/upload_json.php%3Fdir=file HTTP/1.1" 404 9410 "-" "Mozilla/5.0 (Windows NT 10.0; Win64; x64) AppleWebKit/537.36"
183.136.238.105 - - [24/May/2026:15:52:42 +0800] "POST /admin/kindeditor/php/upload_json.php%3Fdir=file HTTP/1.1" 404 9410 "-" "Mozilla/5.0 (Windows NT 10.0; Win64; x64) AppleWebKit/537.36"
183.136.238.105 - - [24/May/2026:15:52:45 +0800] "POST /include/kindeditor/php/upload_json.php%3Fdir=file HTTP/1.1" 404 9410 "-" "Mozilla/5.0 (Windows NT 10.0; Win64; x64) AppleWebKit/537.36"
183.136.238.105 - - [24/May/2026:15:52:47 +0800] "POST /js/kindeditor/php/upload_json.php%3Fdir=file HTTP/1.1" 404 9410 "-" "Mozilla/5.0 (Windows NT 10.0; Win64; x64) AppleWebKit/537.36"
183.136.238.105 - - [24/May/2026:15:52:48 +0800] "POST /assets/kindeditor/php/upload_json.php%3Fdir=file HTTP/1.1" 404 9410 "-" "Mozilla/5.0 (Windows NT 10.0; Win64; x64) AppleWebKit/537.36"
183.136.238.105 - - [24/May/2026:15:52:50 +0800] "POST /wp-content/plugins/kindeditor-for-wordpress/php/upload_json.php%3Fdir=file HTTP/1.1" 404 9408 "-" "Mozilla/5.0 (Windows NT 10.0; Win64; x64) AppleWebKit/537.36"
183.136.238.105 - - [24/May/2026:15:52:52 +0800] "POST /plugins/kindeditor/php/upload_json.php%3Fdir=file HTTP/1.1" 404 9410 "-" "Mozilla/5.0 (Windows NT 10.0; Win64; x64) AppleWebKit/537.36"
183.136.238.105 - - [24/May/2026:15:52:54 +0800] "POST /manage/editor/php/upload_json.php%3Fdir=file HTTP/1.1" 404 9411 "-" "Mozilla/5.0 (Windows NT 10.0; Win64; x64) AppleWebKit/537.36"
183.136.238.105 - - [24/May/2026:15:52:56 +0800] "POST /editor/kindeditor/kindeditor/php/upload_json.php%3Fdir=file HTTP/1.1" 404 9410 "-" "Mozilla/5.0 (Windows NT 10.0; Win64; x64) AppleWebKit/537.36"
183.136.238.105 - - [24/May/2026:15:52:58 +0800] "POST /public/admin/assets/assets/js/kindeditor/php/upload_json.php%3Fdir=file HTTP/1.1" 404 9410 "-" "Mozilla/5.0 (Windows NT 10.0; Win64; x64) AppleWebKit/537.36"
183.136.238.105 - - [24/May/2026:15:52:59 +0800] "POST /public/admin/assets/js/kindeditor/php/upload_json.php%3Fdir=file HTTP/1.1" 404 9410 "-" "Mozilla/5.0 (Windows NT 10.0; Win64; x64) AppleWebKit/537.36"
183.136.238.105 - - [24/May/2026:15:53:00 +0800] "POST /include/kindeditor/attached/kindeditor/php/upload_json.php%3Fdir=file HTTP/1.1" 404 9408 "-" "Mozilla/5.0 (Windows NT 10.0; Win64; x64) AppleWebKit/537.36"
183.136.238.105 - - [24/May/2026:15:53:02 +0800] "POST /public/kindeditor/kindeditor/php/upload_json.php%3Fdir=file HTTP/1.1" 404 9410 "-" "Mozilla/5.0 (Windows NT 10.0; Win64; x64) AppleWebKit/537.36"
183.136.238.105 - - [24/May/2026:15:53:04 +0800] "POST /center/js/kindeditor/kindeditor/php/upload_json.php%3Fdir=file HTTP/1.1" 404 9411 "-" "Mozilla/5.0 (Windows NT 10.0; Win64; x64) AppleWebKit/537.36"
183.136.238.105 - - [24/May/2026:15:53:06 +0800] "POST /en/public/kindeditor/kindeditor/php/upload_json.php%3Fdir=file HTTP/1.1" 404 9410 "-" "Mozilla/5.0 (Windows NT 10.0; Win64; x64) AppleWebKit/537.36"
183.136.238.105 - - [24/May/2026:15:53:07 +0800] "POST /public/admin/js/kindeditor/php/upload_json.php%3Fdir=file HTTP/1.1" 404 9410 "-" "Mozilla/5.0 (Windows NT 10.0; Win64; x64) AppleWebKit/537.36"
36.133.115.36 - - [24/May/2026:15:53:09 +0800] "POST /wp-cron.php?doing_wp_cron=1779609189.0605390071868896484375 HTTP/1.1" 200 31 "-" "WordPress/6.9; http://cqqizhou.com"
183.136.238.105 - - [24/May/2026:15:53:09 +0800] "POST /public/editor/kindeditor/php/upload_json.php%3Fdir=file HTTP/1.1" 404 9410 "-" "Mozilla/5.0 (Windows NT 10.0; Win64; x64) AppleWebKit/537.36"
183.136.238.105 - - [24/May/2026:15:53:10 +0800] "POST /m/public/admin/js/kindeditor/php/upload_json.php%3Fdir=file HTTP/1.1" 404 9408 "-" "Mozilla/5.0 (Windows NT 10.0; Win64; x64) AppleWebKit/537.36"
183.136.238.105 - - [24/May/2026:15:53:11 +0800] "POST /static/admin/js/kindeditor/php/upload_json.php%3Fdir=file HTTP/1.1" 404 9410 "-" "Mozilla/5.0 (Windows NT 10.0; Win64; x64) AppleWebKit/537.36"
183.136.238.105 - - [24/May/2026:15:53:13 +0800] "POST /admin/editor/kindeditor/php/upload_json.php%3Fdir=file HTTP/1.1" 404 9410 "-" "Mozilla/5.0 (Windows NT 10.0; Win64; x64) AppleWebKit/537.36"
183.136.238.105 - - [24/May/2026:15:53:14 +0800] "POST /include/editor/kindeditor/php/upload_json.php%3Fdir=file HTTP/1.1" 404 9411 "-" "Mozilla/5.0 (Windows NT 10.0; Win64; x64) AppleWebKit/537.36"
183.136.238.105 - - [24/May/2026:15:53:16 +0800] "POST /public/admin/plugins/kindeditor/php/upload_json.php%3Fdir=file HTTP/1.1" 404 9410 "-" "Mozilla/5.0 (Windows NT 10.0; Win64; x64) AppleWebKit/537.36"
183.136.238.105 - - [24/May/2026:15:53:19 +0800] "POST /public/admin/javascripts/kindeditor/php/upload_json.php%3Fdir=file HTTP/1.1" 404 9410 "-" "Mozilla/5.0 (Windows NT 10.0; Win64; x64) AppleWebKit/537.36"
183.136.238.105 - - [24/May/2026:15:53:22 +0800] "POST /application/admin/view/default/public/js/kindeditor/php/upload_json.php%3Fdir=file HTTP/1.1" 404 9410 "-" "Mozilla/5.0 (Windows NT 10.0; Win64; x64) AppleWebKit/537.36"
119.45.7.86 - - [24/May/2026:15:53:24 +0800] "GET / HTTP/1.1" 200 35085 "-" "Mozilla/5.0 (iPhone; CPU iPhone OS 13_2_3 like Mac OS X) AppleWebKit/605.1.15 (KHTML, like Gecko) Version/13.0.3 Mobile/15E148 Safari/604.1"
183.136.238.105 - - [24/May/2026:15:53:25 +0800] "POST /public/admin/kindeditor/php/upload_json.php%3Fdir=file HTTP/1.1" 404 9410 "-" "Mozilla/5.0 (Windows NT 10.0; Win64; x64) AppleWebKit/537.36"
183.136.238.105 - - [24/May/2026:15:53:28 +0800] "POST /public/assets/js/kindeditor/php/upload_json.php%3Fdir=file HTTP/1.1" 404 9410 "-" "Mozilla/5.0 (Windows NT 10.0; Win64; x64) AppleWebKit/537.36"
183.136.238.105 - - [24/May/2026:15:53:31 +0800] "POST /admin/include/kindeditor/php/upload_json.php%3Fdir=file HTTP/1.1" 404 9410 "-" "Mozilla/5.0 (Windows NT 10.0; Win64; x64) AppleWebKit/537.36"
183.136.238.105 - - [24/May/2026:15:53:33 +0800] "POST /m/public/admin/kindeditor/php/upload_json.php%3Fdir=file HTTP/1.1" 404 9410 "-" "Mozilla/5.0 (Windows NT 10.0; Win64; x64) AppleWebKit/537.36"
183.136.238.105 - - [24/May/2026:15:53:35 +0800] "POST /admin/tpl/tpl/public/kindeditor/php/upload_json.php%3Fdir=file HTTP/1.1" 404 9410 "-" "Mozilla/5.0 (Windows NT 10.0; Win64; x64) AppleWebKit/537.36"
183.136.238.105 - - [24/May/2026:15:53:37 +0800] "POST /admin/js/kindeditor/php/upload_json.php%3Fdir=file HTTP/1.1" 404 9410 "-" "Mozilla/5.0 (Windows NT 10.0; Win64; x64) AppleWebKit/537.36"
183.136.238.105 - - [24/May/2026:15:53:38 +0800] "POST /htdocs/admin/tpl/public/kindeditor/php/upload_json.php%3Fdir=file HTTP/1.1" 404 9410 "-" "Mozilla/5.0 (Windows NT 10.0; Win64; x64) AppleWebKit/537.36"
183.136.238.105 - - [24/May/2026:15:53:39 +0800] "POST /themes/admin/js/kindeditor/php/upload_json.php%3Fdir=file HTTP/1.1" 404 9410 "-" "Mozilla/5.0 (Windows NT 10.0; Win64; x64) AppleWebKit/537.36"
183.136.238.105 - - [24/May/2026:15:53:41 +0800] "POST /static/public/kindeditor/php/upload_json.php%3Fdir=file HTTP/1.1" 404 9410 "-" "Mozilla/5.0 (Windows NT 10.0; Win64; x64) AppleWebKit/537.36"
183.136.238.105 - - [24/May/2026:15:53:43 +0800] "POST /editor/kindeditor/php/upload_json.php%3Fdir=file HTTP/1.1" 404 9410 "-" "Mozilla/5.0 (Windows NT 10.0; Win64; x64) AppleWebKit/537.36"
183.136.238.105 - - [24/May/2026:15:53:45 +0800] "POST /public/js/kindeditor/php/upload_json.php%3Fdir=file HTTP/1.1" 404 9410 "-" "Mozilla/5.0 (Windows NT 10.0; Win64; x64) AppleWebKit/537.36"
183.136.238.105 - - [24/May/2026:15:53:46 +0800] "POST /admin/public/editor/php/upload_json.php%3Fdir=file HTTP/1.1" 404 9410 "-" "Mozilla/5.0 (Windows NT 10.0; Win64; x64) AppleWebKit/537.36"
183.136.238.105 - - [24/May/2026:15:53:50 +0800] "POST /inc/editor/kindeditor/php/upload_json.php%3Fdir=file HTTP/1.1" 404 9408 "-" "Mozilla/5.0 (Windows NT 10.0; Win64; x64) AppleWebKit/537.36"
183.136.238.105 - - [24/May/2026:15:53:51 +0800] "POST /file/editor/kindeditor/php/upload_json.php%3Fdir=file HTTP/1.1" 404 9410 "-" "Mozilla/5.0 (Windows NT 10.0; Win64; x64) AppleWebKit/537.36"
183.136.238.105 - - [24/May/2026:15:53:53 +0800] "POST /public/common/plugins/kindeditor/php/upload_json.php%3Fdir=file HTTP/1.1" 404 9410 "-" "Mozilla/5.0 (Windows NT 10.0; Win64; x64) AppleWebKit/537.36"
183.136.238.105 - - [24/May/2026:15:53:55 +0800] "POST /public/plugins/kindeditor/php/upload_json.php%3Fdir=file HTTP/1.1" 404 9411 "-" "Mozilla/5.0 (Windows NT 10.0; Win64; x64) AppleWebKit/537.36"
183.136.238.105 - - [24/May/2026:15:53:56 +0800] "POST /kindeditor/jsp/upload_json.jsp%3Fdir=file HTTP/1.1" 404 9410 "-" "Mozilla/5.0 (Windows NT 10.0; Win64; x64) AppleWebKit/537.36"
183.136.238.105 - - [24/May/2026:15:53:58 +0800] "POST /editor/jsp/upload_json.jsp%3Fdir=file HTTP/1.1" 404 9410 "-" "Mozilla/5.0 (Windows NT 10.0; Win64; x64) AppleWebKit/537.36"
183.136.238.105 - - [24/May/2026:15:54:00 +0800] "POST /admin/kindeditor/jsp/upload_json.jsp%3Fdir=file HTTP/1.1" 404 9408 "-" "Mozilla/5.0 (Windows NT 10.0; Win64; x64) AppleWebKit/537.36"
183.136.238.105 - - [24/May/2026:15:54:03 +0800] "POST /public/kindeditor/jsp/upload_json.jsp%3Fdir=file HTTP/1.1" 404 9410 "-" "Mozilla/5.0 (Windows NT 10.0; Win64; x64) AppleWebKit/537.36"
183.136.238.105 - - [24/May/2026:15:54:04 +0800] "POST /js/kindeditor/jsp/upload_json.jsp%3Fdir=file HTTP/1.1" 404 9411 "-" "Mozilla/5.0 (Windows NT 10.0; Win64; x64) AppleWebKit/537.36"
183.136.238.105 - - [24/May/2026:15:54:06 +0800] "POST /scripts/kindeditor/jsp/upload_json.jsp%3Fdir=file HTTP/1.1" 404 9410 "-" "Mozilla/5.0 (Windows NT 10.0; Win64; x64) AppleWebKit/537.36"
183.136.238.105 - - [24/May/2026:15:54:07 +0800] "POST /assets/kindeditor/jsp/upload_json.jsp%3Fdir=file HTTP/1.1" 404 9410 "-" "Mozilla/5.0 (Windows NT 10.0; Win64; x64) AppleWebKit/537.36"
36.133.115.36 - - [24/May/2026:15:54:09 +0800] "POST /wp-cron.php?doing_wp_cron=1779609249.4907109737396240234375 HTTP/1.1" 200 31 "-" "WordPress/6.9; http://cqqizhou.com"
183.136.238.105 - - [24/May/2026:15:54:09 +0800] "POST /manager/js/kindeditor/jsp/upload_json.jsp%3Fdir=file HTTP/1.1" 404 9410 "-" "Mozilla/5.0 (Windows NT 10.0; Win64; x64) AppleWebKit/537.36"
183.136.238.105 - - [24/May/2026:15:54:10 +0800] "POST /include/editor/jsp/upload_json.jsp%3Fdir=file HTTP/1.1" 404 9408 "-" "Mozilla/5.0 (Windows NT 10.0; Win64; x64) AppleWebKit/537.36"
183.136.238.105 - - [24/May/2026:15:54:11 +0800] "POST /center/js/kindeditor/jsp/upload_json.jsp%3Fdir=file HTTP/1.1" 404 9410 "-" "Mozilla/5.0 (Windows NT 10.0; Win64; x64) AppleWebKit/537.36"
183.136.238.105 - - [24/May/2026:15:54:13 +0800] "POST /public/kindeditor/kindeditor/jsp/upload_json.jsp%3Fdir=file HTTP/1.1" 404 9410 "-" "Mozilla/5.0 (Windows NT 10.0; Win64; x64) AppleWebKit/537.36"
183.136.238.105 - - [24/May/2026:15:54:17 +0800] "POST /en/public/kindeditor/kindeditor/jsp/upload_json.jsp%3Fdir=file HTTP/1.1" 404 9410 "-" "Mozilla/5.0 (Windows NT 10.0; Win64; x64) AppleWebKit/537.36"
183.136.238.105 - - [24/May/2026:15:54:19 +0800] "POST /include/kindeditor/attached/kindeditor/jsp/upload_json.jsp%3Fdir=file HTTP/1.1" 404 9410 "-" "Mozilla/5.0 (Windows NT 10.0; Win64; x64) AppleWebKit/537.36"
183.136.238.105 - - [24/May/2026:15:54:21 +0800] "POST /center/js/kindeditor/kindeditor/jsp/upload_json.jsp%3Fdir=file HTTP/1.1" 404 9410 "-" "Mozilla/5.0 (Windows NT 10.0; Win64; x64) AppleWebKit/537.36"
183.136.238.105 - - [24/May/2026:15:54:22 +0800] "POST /htdocs/admin/tpl/public/kindeditor/jsp/upload_json.jsp%3Fdir=file HTTP/1.1" 404 9410 "-" "Mozilla/5.0 (Windows NT 10.0; Win64; x64) AppleWebKit/537.36"
183.136.238.105 - - [24/May/2026:15:54:24 +0800] "POST /admin/js/kindeditor/jsp/upload_json.jsp%3Fdir=file HTTP/1.1" 404 9411 "-" "Mozilla/5.0 (Windows NT 10.0; Win64; x64) AppleWebKit/537.36"
183.136.238.105 - - [24/May/2026:15:54:25 +0800] "POST /public/static/kindeditor/jsp/upload_json.jsp%3Fdir=file HTTP/1.1" 404 9410 "-" "Mozilla/5.0 (Windows NT 10.0; Win64; x64) AppleWebKit/537.36"
183.136.238.105 - - [24/May/2026:15:54:28 +0800] "POST /admin/plugins/kindeditor/jsp/upload_json.jsp%3Fdir=file HTTP/1.1" 404 9410 "-" "Mozilla/5.0 (Windows NT 10.0; Win64; x64) AppleWebKit/537.36"
183.136.238.105 - - [24/May/2026:15:54:30 +0800] "POST /admin/htmledit/kindeditor/jsp/upload_json.jsp%3Fdir=file HTTP/1.1" 404 9408 "-" "Mozilla/5.0 (Windows NT 10.0; Win64; x64) AppleWebKit/537.36"
183.136.238.105 - - [24/May/2026:15:54:33 +0800] "POST /application/tpa/view/public/js/kindeditor/jsp/upload_json.jsp%3Fdir=file HTTP/1.1" 404 9410 "-" "Mozilla/5.0 (Windows NT 10.0; Win64; x64) AppleWebKit/537.36"
183.136.238.105 - - [24/May/2026:15:54:36 +0800] "POST /admin/tpl/default/public/editor/jsp/upload_json.jsp%3Fdir=file HTTP/1.1" 404 9410 "-" "Mozilla/5.0 (Windows NT 10.0; Win64; x64) AppleWebKit/537.36"
183.136.238.105 - - [24/May/2026:15:54:38 +0800] "POST /admin/views/skin/kindeditor/jsp/upload_json.jsp%3Fdir=file HTTP/1.1" 404 9410 "-" "Mozilla/5.0 (Windows NT 10.0; Win64; x64) AppleWebKit/537.36"
183.136.238.105 - - [24/May/2026:15:54:39 +0800] "POST /en/public/kindeditor/jsp/upload_json.jsp%3Fdir=file HTTP/1.1" 404 9410 "-" "Mozilla/5.0 (Windows NT 10.0; Win64; x64) AppleWebKit/537.36"
183.136.238.105 - - [24/May/2026:15:54:42 +0800] "POST /wgj/public/kindeditor/jsp/upload_json.jsp%3Fdir=file HTTP/1.1" 404 9410 "-" "Mozilla/5.0 (Windows NT 10.0; Win64; x64) AppleWebKit/537.36"
183.136.238.105 - - [24/May/2026:15:54:44 +0800] "POST /public/home/kindeditor/jsp/upload_json.jsp%3Fdir=file HTTP/1.1" 404 9411 "-" "Mozilla/5.0 (Windows NT 10.0; Win64; x64) AppleWebKit/537.36"
183.136.238.105 - - [24/May/2026:15:54:45 +0800] "POST /myadmin/public/kindeditor/jsp/upload_json.jsp%3Fdir=file HTTP/1.1" 404 9410 "-" "Mozilla/5.0 (Windows NT 10.0; Win64; x64) AppleWebKit/537.36"
183.136.238.105 - - [24/May/2026:15:54:46 +0800] "POST /admin/include/editor/jsp/upload_json.jsp%3Fdir=file HTTP/1.1" 404 9410 "-" "Mozilla/5.0 (Windows NT 10.0; Win64; x64) AppleWebKit/537.36"
183.136.238.105 - - [24/May/2026:15:54:48 +0800] "POST /web/mobile/include/kindeditor/jsp/upload_json.jsp%3Fdir=file HTTP/1.1" 404 9410 "-" "Mozilla/5.0 (Windows NT 10.0; Win64; x64) AppleWebKit/537.36"
183.136.238.105 - - [24/May/2026:15:54:49 +0800] "POST /app/htym/js/plugins/kindeditor/jsp/upload_json.jsp%3Fdir=file HTTP/1.1" 404 9410 "-" "Mozilla/5.0 (Windows NT 10.0; Win64; x64) AppleWebKit/537.36"
183.136.238.105 - - [24/May/2026:15:54:51 +0800] "POST /tpl/static/kindeditor/jsp/upload_json.jsp%3Fdir=file HTTP/1.1" 404 9410 "-" "Mozilla/5.0 (Windows NT 10.0; Win64; x64) AppleWebKit/537.36"
183.136.238.105 - - [24/May/2026:15:54:52 +0800] "POST /public/js/editor/jsp/upload_json.jsp%3Fdir=file HTTP/1.1" 404 9410 "-" "Mozilla/5.0 (Windows NT 10.0; Win64; x64) AppleWebKit/537.36"
183.136.238.105 - - [24/May/2026:15:54:54 +0800] "POST /include/kindeditor/jsp/upload_json.jsp%3Fdir=file HTTP/1.1" 404 9411 "-" "Mozilla/5.0 (Windows NT 10.0; Win64; x64) AppleWebKit/537.36"
183.136.238.105 - - [24/May/2026:15:54:55 +0800] "POST /includes/kindeditor/jsp/upload_json.jsp%3Fdir=file HTTP/1.1" 404 9410 "-" "Mozilla/5.0 (Windows NT 10.0; Win64; x64) AppleWebKit/537.36"
183.136.238.105 - - [24/May/2026:15:54:56 +0800] "POST /web/assets/libs/kindeditor/jsp/upload_json.jsp%3Fdir=file HTTP/1.1" 404 9410 "-" "Mozilla/5.0 (Windows NT 10.0; Win64; x64) AppleWebKit/537.36"
183.136.238.105 - - [24/May/2026:15:54:58 +0800] "POST /areas/site/scripts/plugins/kindeditor/jsp/upload_json.jsp%3Fdir=file HTTP/1.1" 404 9410 "-" "Mozilla/5.0 (Windows NT 10.0; Win64; x64) AppleWebKit/537.36"
183.136.238.105 - - [24/May/2026:15:54:59 +0800] "POST /html/tpl/static/kindeditor/jsp/upload_json.jsp%3Fdir=file HTTP/1.1" 404 9410 "-" "Mozilla/5.0 (Windows NT 10.0; Win64; x64) AppleWebKit/537.36"
183.136.238.105 - - [24/May/2026:15:55:02 +0800] "POST /yingda/public/js/editor/jsp/upload_json.jsp%3Fdir=file HTTP/1.1" 404 9410 "-" "Mozilla/5.0 (Windows NT 10.0; Win64; x64) AppleWebKit/537.36"
183.136.238.105 - - [24/May/2026:15:55:03 +0800] "POST /mobile/include/kindeditor/jsp/upload_json.jsp%3Fdir=file HTTP/1.1" 404 9410 "-" "Mozilla/5.0 (Windows NT 10.0; Win64; x64) AppleWebKit/537.36"
183.136.238.105 - - [24/May/2026:15:55:05 +0800] "POST /voucard/assets/kindeditor/jsp/upload_json.jsp%3Fdir=file HTTP/1.1" 404 9410 "-" "Mozilla/5.0 (Windows NT 10.0; Win64; x64) AppleWebKit/537.36"
183.136.238.105 - - [24/May/2026:15:55:07 +0800] "POST /html/tpl/tpl/static/kindeditor/jsp/upload_json.jsp%3Fdir=file HTTP/1.1" 404 9410 "-" "Mozilla/5.0 (Windows NT 10.0; Win64; x64) AppleWebKit/537.36"
36.133.115.36 - - [24/May/2026:15:55:09 +0800] "POST /wp-cron.php?doing_wp_cron=1779609309.2213621139526367187500 HTTP/1.1" 200 31 "-" "WordPress/6.9; http://cqqizhou.com"
183.136.238.105 - - [24/May/2026:15:55:09 +0800] "POST /admin/editor/jsp/upload_json.jsp%3Fdir=file HTTP/1.1" 404 9410 "-" "Mozilla/5.0 (Windows NT 10.0; Win64; x64) AppleWebKit/537.36"
183.136.238.105 - - [24/May/2026:15:55:10 +0800] "POST /common/kindeditor/jsp/upload_json.jsp%3Fdir=file HTTP/1.1" 404 9407 "-" "Mozilla/5.0 (Windows NT 10.0; Win64; x64) AppleWebKit/537.36"
183.136.238.105 - - [24/May/2026:15:55:11 +0800] "POST /web/kindeditor/jsp/upload_json.jsp%3Fdir=file HTTP/1.1" 404 9410 "-" "Mozilla/5.0 (Windows NT 10.0; Win64; x64) AppleWebKit/537.36"
36.133.115.36 - - [24/May/2026:15:57:10 +0800] "POST /wp-cron.php?doing_wp_cron=1779609430.0491259098052978515625 HTTP/1.1" 200 31 "-" "WordPress/6.9; http://cqqizhou.com"
47.108.117.45 - - [24/May/2026:15:57:10 +0800] "GET / HTTP/1.0" 301 0 "-" "-"
47.108.117.45 - - [24/May/2026:15:57:19 +0800] "GET / HTTP/1.0" 301 0 "-" "-"
47.108.117.45 - - [24/May/2026:15:57:20 +0800] "GET /nmaplowercheck1779609430 HTTP/1.1" 404 32979 "-" "Mozilla/5.0 (compatible; Nmap Scripting Engine; https://nmap.org/book/nse.html)"
47.108.117.45 - - [24/May/2026:15:57:20 +0800] "POST /sdk HTTP/1.1" 404 32979 "-" "Mozilla/5.0 (compatible; Nmap Scripting Engine; https://nmap.org/book/nse.html)"
47.108.117.45 - - [24/May/2026:15:57:21 +0800] "GET /evox/about HTTP/1.1" 404 32979 "-" "Mozilla/5.0 (compatible; Nmap Scripting Engine; https://nmap.org/book/nse.html)"
47.108.117.45 - - [24/May/2026:15:57:21 +0800] "GET /HNAP1 HTTP/1.1" 404 32979 "-" "Mozilla/5.0 (compatible; Nmap Scripting Engine; https://nmap.org/book/nse.html)"
47.108.117.45 - - [24/May/2026:15:57:40 +0800] "GET / HTTP/1.0" 301 0 "-" "-"
47.108.117.45 - - [24/May/2026:15:57:40 +0800] "GET / HTTP/1.1" 301 5 "-" "-"
36.133.115.36 - - [24/May/2026:16:13:39 +0800] "POST /wp-cron.php?doing_wp_cron=1779610419.6859118938446044921875 HTTP/1.1" 200 31 "-" "WordPress/6.9; http://cqqizhou.com"
159.65.203.98 - - [24/May/2026:16:13:39 +0800] "GET / HTTP/1.1" 301 5 "-" "Mozilla/5.0 (X11; Linux x86_64) AppleWebKit/537.36 (KHTML, like Gecko) Chrome/142.0.0.0 Safari/537.36"
36.133.115.36 - - [24/May/2026:16:18:37 +0800] "POST /wp-cron.php?doing_wp_cron=1779610717.0085539817810058593750 HTTP/1.1" 200 31 "-" "WordPress/6.9; http://cqqizhou.com"
60.216.29.7 - - [24/May/2026:16:18:37 +0800] "GET /contacts/ HTTP/1.1" 301 5 "-" "Mozilla/5.0 (Windows NT 10.0; Win64; x64) AppleWebKit/537.36 (KHTML, like Gecko) Chrome/136.0.0.0 Safari/537.36"
60.216.29.7 - - [24/May/2026:16:18:37 +0800] "GET http://cqqizhou.com/contacts HTTP/1.1" 200 22098 "-" "Mozilla/5.0 (Windows NT 10.0; Win64; x64) AppleWebKit/537.36 (KHTML, like Gecko) Chrome/136.0.0.0 Safari/537.36"
36.133.115.36 - - [24/May/2026:16:22:04 +0800] "POST /wp-cron.php?doing_wp_cron=1779610924.7417769432067871093750 HTTP/1.1" 200 31 "-" "WordPress/6.9; http://cqqizhou.com"
3.23.127.5 - - [24/May/2026:16:22:04 +0800] "GET / HTTP/1.1" 301 5 "-" "Go-http-client/1.1"
3.23.127.5 - - [24/May/2026:16:22:05 +0800] "GET / HTTP/1.1" 200 35528 "http://36.133.115.36" "Go-http-client/1.1"
51.222.95.15 - - [24/May/2026:16:30:53 +0800] "GET /news/2575 HTTP/1.1" 200 25389 "-" "Mozilla/5.0 (compatible; AhrefsBot/7.0; +http://ahrefs.com/robot/)"
15.235.98.72 - - [24/May/2026:16:32:44 +0800] "GET /wp-content/uploads/2026/05/1779328736-3Article_images_W900px.webp HTTP/1.1" 200 20942 "-" "Mozilla/5.0 (compatible; AhrefsBot/7.0; +http://ahrefs.com/robot/)"
54.39.0.188 - - [24/May/2026:16:32:47 +0800] "GET /wp-content/uploads/2026/05/1779328460-2Article_images_W900px.webp HTTP/1.1" 200 25296 "-" "Mozilla/5.0 (compatible; AhrefsBot/7.0; +http://ahrefs.com/robot/)"
36.133.115.36 - - [24/May/2026:16:46:57 +0800] "POST /wp-cron.php?doing_wp_cron=1779612417.2520060539245605468750 HTTP/1.1" 200 31 "-" "WordPress/6.9; http://cqqizhou.com"
110.249.201.2 - - [24/May/2026:16:46:57 +0800] "GET /robots.txt HTTP/1.1" 200 190 "-" "Mozilla/5.0 (Linux; Android 5.0) AppleWebKit/537.36 (KHTML, like Gecko) Mobile Safari/537.36 (compatible; Bytespider; https://zhanzhang.toutiao.com/)"
36.133.115.36 - - [24/May/2026:16:55:57 +0800] "POST /wp-cron.php?doing_wp_cron=1779612957.9538080692291259765625 HTTP/1.1" 200 31 "-" "WordPress/6.9; http://cqqizhou.com"
45.148.10.67 - - [24/May/2026:16:55:57 +0800] "GET / HTTP/1.1" 200 35085 "-" "Mozilla/5.0 (Windows NT 10.0; Win64; x64) AppleWebKit/537.36 (KHTML, like Gecko) Chrome/131.0.0.0 Safari/537.36"
36.133.115.36 - - [24/May/2026:17:17:11 +0800] "POST /wp-cron.php?doing_wp_cron=1779614231.0621490478515625000000 HTTP/1.1" 200 31 "-" "WordPress/6.9; http://cqqizhou.com"
220.181.108.92 - - [24/May/2026:17:17:11 +0800] "GET /wp-json/oembed/1.0/embed?url=http%3A%2F%2Fcqqizhou.com%2Fnews%2F2518 HTTP/1.1" 200 1341 "-" "Mozilla/5.0 (compatible; Baiduspider/2.0; +http://www.baidu.com/search/spider.html)"
36.133.115.36 - - [24/May/2026:17:20:17 +0800] "POST /wp-cron.php?doing_wp_cron=1779614417.6294488906860351562500 HTTP/1.1" 200 31 "-" "WordPress/6.9; http://cqqizhou.com"
43.165.195.234 - - [24/May/2026:17:20:17 +0800] "GET / HTTP/1.1" 301 5 "-" "Mozilla/5.0 (iPhone; CPU iPhone OS 13_2_3 like Mac OS X) AppleWebKit/605.1.15 (KHTML, like Gecko) Version/13.0.3 Mobile/15E148 Safari/604.1"
43.165.195.234 - - [24/May/2026:17:20:19 +0800] "GET / HTTP/1.1" 200 35085 "http://www.cqqizhou.com" "Mozilla/5.0 (iPhone; CPU iPhone OS 13_2_3 like Mac OS X) AppleWebKit/605.1.15 (KHTML, like Gecko) Version/13.0.3 Mobile/15E148 Safari/604.1"
36.133.115.36 - - [24/May/2026:17:22:26 +0800] "POST /wp-cron.php?doing_wp_cron=1779614546.0602140426635742187500 HTTP/1.1" 200 31 "-" "WordPress/6.9; http://cqqizhou.com"
36.133.108.119 - - [24/May/2026:17:22:26 +0800] "HEAD /2388/ HTTP/1.1" 404 0 "-" "Mozilla/5.0 (Windows NT 6.2; WOW64) AppleWebKit/537.14 (KHTML, like Gecko) Chrome/24.0.1292.0 Safari/537.14"
36.133.115.36 - - [24/May/2026:17:31:12 +0800] "POST /wp-cron.php?doing_wp_cron=1779615072.3395190238952636718750 HTTP/1.1" 200 31 "-" "WordPress/6.9; http://cqqizhou.com"
116.179.32.39 - - [24/May/2026:17:31:12 +0800] "GET /portfolio/%E5%86%B7%E8%BD%A7%E6%9D%BF/ HTTP/1.1" 301 5 "-" "Mozilla/5.0 (compatible; Baiduspider/2.0; +http://www.baidu.com/search/spider.html)"
116.179.32.21 - - [24/May/2026:17:31:13 +0800] "GET /news/portfolio/%E5%86%B7%E8%BD%A7%E6%9D%BF HTTP/1.1" 200 22690 "-" "Mozilla/5.0 (compatible; Baiduspider/2.0; +http://www.baidu.com/search/spider.html)"
116.179.37.103 - - [24/May/2026:17:31:15 +0800] "GET /wp-content/uploads/2025/07/1753453096-%E5%8F%8C%E7%9B%B8%E9%92%A2product_Single600%C3%97284-150x150.webp HTTP/1.1" 200 3528 "http://cqqizhou.com/news/portfolio/%E5%86%B7%E8%BD%A7%E6%9D%BF" "Mozilla/5.0 (compatible; Baiduspider-render/2.0; +http://www.baidu.com/search/spider.html)"
20.9.34.184 - - [24/May/2026:17:46:18 +0800] "GET /wp-content/plugins/hellopress/wp_filemanager.php HTTP/1.1" 404 27 "-" "-"
20.9.34.184 - - [24/May/2026:17:46:18 +0800] "GET /revealability.php HTTP/1.1" 404 27 "-" "-"
20.9.34.184 - - [24/May/2026:17:46:19 +0800] "GET /ok.php HTTP/1.1" 404 27 "-" "-"
20.9.34.184 - - [24/May/2026:17:46:19 +0800] "GET /tires.php HTTP/1.1" 404 27 "-" "-"
20.9.34.184 - - [24/May/2026:17:46:19 +0800] "GET /amxloxxr.php HTTP/1.1" 404 27 "-" "-"
20.9.34.184 - - [24/May/2026:17:46:20 +0800] "GET /wp-block.php HTTP/1.1" 404 27 "-" "-"
20.9.34.184 - - [24/May/2026:17:46:20 +0800] "GET /wehrman.php HTTP/1.1" 404 27 "-" "-"
20.9.34.184 - - [24/May/2026:17:46:21 +0800] "GET /wp-thi.php HTTP/1.1" 404 27 "-" "-"
20.9.34.184 - - [24/May/2026:17:46:21 +0800] "GET /z.php HTTP/1.1" 404 27 "-" "-"
36.133.115.36 - - [24/May/2026:17:46:22 +0800] "POST /wp-cron.php?doing_wp_cron=1779615982.3615760803222656250000 HTTP/1.1" 200 31 "-" "WordPress/6.9; http://cqqizhou.com"
20.9.34.184 - - [24/May/2026:17:46:22 +0800] "GET /wp-trackback.php HTTP/1.1" 404 140 "-" "-"
20.9.34.184 - - [24/May/2026:17:46:22 +0800] "GET /333.php HTTP/1.1" 404 27 "-" "-"
20.9.34.184 - - [24/May/2026:17:46:23 +0800] "GET /edit.php HTTP/1.1" 404 27 "-" "-"
20.9.34.184 - - [24/May/2026:17:46:23 +0800] "GET /wp-load.php HTTP/1.1" 200 5 "-" "-"
20.9.34.184 - - [24/May/2026:17:46:24 +0800] "GET /atomlib.php HTTP/1.1" 404 27 "-" "-"
20.9.34.184 - - [24/May/2026:17:46:24 +0800] "GET /wp-der.php HTTP/1.1" 404 27 "-" "-"
20.9.34.184 - - [24/May/2026:17:46:24 +0800] "GET /ftde.php HTTP/1.1" 404 27 "-" "-"
20.9.34.184 - - [24/May/2026:17:46:24 +0800] "GET /asasx.php HTTP/1.1" 404 27 "-" "-"
20.9.34.184 - - [24/May/2026:17:46:25 +0800] "GET /wp-good.php HTTP/1.1" 404 27 "-" "-"
20.9.34.184 - - [24/May/2026:17:46:25 +0800] "GET /app.php HTTP/1.1" 404 27 "-" "-"
20.9.34.184 - - [24/May/2026:17:46:26 +0800] "GET /wp-admin/css/colors/blue/file.php HTTP/1.1" 404 27 "-" "-"
20.9.34.184 - - [24/May/2026:17:46:26 +0800] "GET /wuasr.php HTTP/1.1" 404 27 "-" "-"
20.9.34.184 - - [24/May/2026:17:46:26 +0800] "GET /bthil.php HTTP/1.1" 404 27 "-" "-"
20.9.34.184 - - [24/May/2026:17:46:27 +0800] "GET /albin.php HTTP/1.1" 404 27 "-" "-"
20.9.34.184 - - [24/May/2026:17:46:27 +0800] "GET /wefile.php HTTP/1.1" 404 27 "-" "-"
20.9.34.184 - - [24/May/2026:17:46:27 +0800] "GET /file30.php HTTP/1.1" 404 27 "-" "-"
20.9.34.184 - - [24/May/2026:17:46:27 +0800] "GET /file4.php HTTP/1.1" 404 27 "-" "-"
20.9.34.184 - - [24/May/2026:17:46:27 +0800] "GET /dropdown.php HTTP/1.1" 404 27 "-" "-"
20.9.34.184 - - [24/May/2026:17:46:28 +0800] "GET /txets.php HTTP/1.1" 404 27 "-" "-"
20.9.34.184 - - [24/May/2026:17:46:28 +0800] "GET /wp-access.php HTTP/1.1" 404 27 "-" "-"
20.9.34.184 - - [24/May/2026:17:46:28 +0800] "GET /aevly.php HTTP/1.1" 404 27 "-" "-"
20.9.34.184 - - [24/May/2026:17:46:29 +0800] "GET /vx.php HTTP/1.1" 404 27 "-" "-"
20.9.34.184 - - [24/May/2026:17:46:29 +0800] "GET /wp-wz.php HTTP/1.1" 404 27 "-" "-"
20.9.34.184 - - [24/May/2026:17:46:29 +0800] "GET /crgio.php HTTP/1.1" 404 27 "-" "-"
20.9.34.184 - - [24/May/2026:17:46:29 +0800] "GET /new.php HTTP/1.1" 404 27 "-" "-"
20.9.34.184 - - [24/May/2026:17:46:30 +0800] "GET /wp.php HTTP/1.1" 404 27 "-" "-"
20.9.34.184 - - [24/May/2026:17:46:30 +0800] "GET /ccou.php HTTP/1.1" 404 27 "-" "-"
20.9.34.184 - - [24/May/2026:17:46:30 +0800] "GET /db.php HTTP/1.1" 404 27 "-" "-"
20.9.34.184 - - [24/May/2026:17:46:30 +0800] "GET /lib.php HTTP/1.1" 404 27 "-" "-"
20.9.34.184 - - [24/May/2026:17:46:31 +0800] "GET /yellow.php HTTP/1.1" 404 27 "-" "-"
20.9.34.184 - - [24/May/2026:17:46:31 +0800] "GET /mifta.php HTTP/1.1" 404 27 "-" "-"
20.9.34.184 - - [24/May/2026:17:46:31 +0800] "GET /wp-firewall.php HTTP/1.1" 404 27 "-" "-"
20.9.34.184 - - [24/May/2026:17:46:31 +0800] "GET /fun.php HTTP/1.1" 404 27 "-" "-"
20.9.34.184 - - [24/May/2026:17:46:32 +0800] "GET /drykl.php HTTP/1.1" 404 27 "-" "-"
20.9.34.184 - - [24/May/2026:17:46:32 +0800] "GET /sys.php HTTP/1.1" 404 27 "-" "-"
20.9.34.184 - - [24/May/2026:17:46:32 +0800] "GET /1index.php HTTP/1.1" 404 27 "-" "-"
20.9.34.184 - - [24/May/2026:17:46:33 +0800] "GET /shell20211028.php HTTP/1.1" 404 27 "-" "-"
20.9.34.184 - - [24/May/2026:17:46:33 +0800] "GET /wp-ver.php HTTP/1.1" 404 27 "-" "-"
20.9.34.184 - - [24/May/2026:17:46:33 +0800] "GET /lala.php HTTP/1.1" 404 27 "-" "-"
20.9.34.184 - - [24/May/2026:17:46:33 +0800] "GET /sbhu.php HTTP/1.1" 404 27 "-" "-"
20.9.34.184 - - [24/May/2026:17:46:34 +0800] "GET /wp-sing.php HTTP/1.1" 404 27 "-" "-"
20.9.34.184 - - [24/May/2026:17:46:48 +0800] "GET /file59.php HTTP/1.1" 404 27 "-" "-"
20.9.34.184 - - [24/May/2026:17:46:48 +0800] "GET /wp-slss.php HTTP/1.1" 404 27 "-" "-"
20.9.34.184 - - [24/May/2026:17:46:49 +0800] "GET /x.php HTTP/1.1" 404 27 "-" "-"
20.9.34.184 - - [24/May/2026:17:46:49 +0800] "GET /atkno.php HTTP/1.1" 404 27 "-" "-"
20.9.34.184 - - [24/May/2026:17:46:49 +0800] "GET /ff.php HTTP/1.1" 404 27 "-" "-"
20.9.34.184 - - [24/May/2026:17:46:50 +0800] "GET /yas.php HTTP/1.1" 404 27 "-" "-"
20.9.34.184 - - [24/May/2026:17:46:50 +0800] "GET /png.php HTTP/1.1" 404 27 "-" "-"
20.9.34.184 - - [24/May/2026:17:46:54 +0800] "GET /wmore1.php HTTP/1.1" 404 27 "-" "-"
20.9.34.184 - - [24/May/2026:17:46:54 +0800] "GET /ah25.php HTTP/1.1" 404 27 "-" "-"
20.9.34.184 - - [24/May/2026:17:46:55 +0800] "GET /forbidals.php HTTP/1.1" 404 27 "-" "-"
20.9.34.184 - - [24/May/2026:17:46:55 +0800] "GET /lv.php HTTP/1.1" 404 27 "-" "-"
20.9.34.184 - - [24/May/2026:17:46:55 +0800] "GET /explorer/index_.php HTTP/1.1" 404 27 "-" "-"
20.9.34.184 - - [24/May/2026:17:46:55 +0800] "GET /xda.php HTTP/1.1" 404 27 "-" "-"
20.9.34.184 - - [24/May/2026:17:46:56 +0800] "GET /samll.php HTTP/1.1" 404 27 "-" "-"
20.9.34.184 - - [24/May/2026:17:46:56 +0800] "GET /wp-at.php HTTP/1.1" 404 27 "-" "-"
20.9.34.184 - - [24/May/2026:17:46:56 +0800] "GET /wp-kd4xalrg7m.php HTTP/1.1" 404 27 "-" "-"
20.9.34.184 - - [24/May/2026:17:46:56 +0800] "GET /wp-the.php HTTP/1.1" 404 27 "-" "-"
20.9.34.184 - - [24/May/2026:17:46:57 +0800] "GET /ff1.php HTTP/1.1" 404 27 "-" "-"
20.9.34.184 - - [24/May/2026:17:46:58 +0800] "GET /cilus.php HTTP/1.1" 404 27 "-" "-"
20.9.34.184 - - [24/May/2026:17:46:58 +0800] "GET /Okxob.php HTTP/1.1" 404 27 "-" "-"
20.9.34.184 - - [24/May/2026:17:46:59 +0800] "GET /pass4.php HTTP/1.1" 404 27 "-" "-"
20.9.34.184 - - [24/May/2026:17:46:59 +0800] "GET /wp-su.php HTTP/1.1" 404 27 "-" "-"
20.9.34.184 - - [24/May/2026:17:47:00 +0800] "GET /like.php HTTP/1.1" 404 27 "-" "-"
20.9.34.184 - - [24/May/2026:17:47:00 +0800] "GET /mass.php HTTP/1.1" 404 27 "-" "-"
20.9.34.184 - - [24/May/2026:17:47:00 +0800] "GET /i.php HTTP/1.1" 404 27 "-" "-"
20.9.34.184 - - [24/May/2026:17:47:01 +0800] "GET //test.php HTTP/1.1" 404 27 "-" "-"
20.9.34.184 - - [24/May/2026:17:47:01 +0800] "GET /la.php HTTP/1.1" 404 27 "-" "-"
20.9.34.184 - - [24/May/2026:17:47:01 +0800] "GET /reze.php HTTP/1.1" 404 27 "-" "-"
20.9.34.184 - - [24/May/2026:17:47:01 +0800] "GET /database.php HTTP/1.1" 404 27 "-" "-"
20.9.34.184 - - [24/May/2026:17:47:02 +0800] "GET /favicon.php HTTP/1.1" 404 27 "-" "-"
46.151.182.172 - - [24/May/2026:17:47:40 +0800] "GET / HTTP/1.1" 200 160201 "-" "-"
36.133.115.36 - - [24/May/2026:17:52:24 +0800] "POST /wp-cron.php?doing_wp_cron=1779616344.1089301109313964843750 HTTP/1.1" 200 31 "-" "WordPress/6.9; http://cqqizhou.com"
212.108.115.139 - - [24/May/2026:17:52:24 +0800] "GET /wp-json/wp/v2/posts HTTP/1.1" 200 90578 "-" "Mozilla/5.0 (Windows NT 10.0; Win64; x64) AppleWebKit/537.36 (KHTML, like Gecko) Chrome/120.0.0.0 Safari/537.36"
112.86.225.169 - - [24/May/2026:17:56:02 +0800] "GET / HTTP/1.1" 200 35528 "-" "Sogou web spider/4.0(+http://www.sogou.com/docs/help/webmasters.htm#07)"
36.133.115.36 - - [24/May/2026:17:57:04 +0800] "POST /wp-cron.php?doing_wp_cron=1779616624.6285140514373779296875 HTTP/1.1" 200 31 "-" "WordPress/6.9; http://cqqizhou.com"
103.77.246.173 - - [24/May/2026:17:57:05 +0800] "GET / HTTP/1.1" 200 158542 "-" "-"
36.133.115.36 - - [24/May/2026:18:20:46 +0800] "POST /wp-cron.php?doing_wp_cron=1779618046.3489179611206054687500 HTTP/1.1" 200 31 "-" "WordPress/6.9; http://cqqizhou.com"
93.123.72.166 - - [24/May/2026:18:20:46 +0800] "GET /SDK/webLanguage HTTP/1.1" 301 5 "-" "Mozilla/5.0 (Windows NT 10.0; Win64; x64) AppleWebKit/537.36 (KHTML, like Gecko) Chrome/90.0.4430.85 Safari/537.36 Edg/90.0.818.46"
32.199.137.245 - - [24/May/2026:18:30:36 +0800] "GET / HTTP/1.1" 200 35528 "-" "Mozilla/5.0 (Windows NT 10.0; Win64; x64) AppleWebKit/537.36 (KHTML, like Gecko) Chrome/125.0.0.0 Safari/537.36"
36.133.115.36 - - [24/May/2026:18:31:44 +0800] "POST /wp-cron.php?doing_wp_cron=1779618704.1082160472869873046875 HTTP/1.1" 200 31 "-" "WordPress/6.9; http://cqqizhou.com"
45.148.10.67 - - [24/May/2026:18:31:44 +0800] "GET / HTTP/1.1" 200 35085 "-" "Mozilla/5.0 (Windows NT 10.0; Win64; x64) AppleWebKit/537.36 (KHTML, like Gecko) Chrome/131.0.0.0 Safari/537.36"
36.133.115.36 - - [24/May/2026:18:42:53 +0800] "POST /wp-cron.php?doing_wp_cron=1779619373.7217409610748291015625 HTTP/1.1" 200 31 "-" "WordPress/6.9; http://cqqizhou.com"
185.191.171.10 - - [24/May/2026:18:42:53 +0800] "GET /robots.txt HTTP/1.1" 200 190 "-" "Mozilla/5.0 (compatible; SemrushBot/7~bl; +http://www.semrush.com/bot.html)"
36.133.115.36 - - [24/May/2026:18:56:01 +0800] "POST /wp-cron.php?doing_wp_cron=1779620161.1283040046691894531250 HTTP/1.1" 200 31 "-" "WordPress/6.9; http://cqqizhou.com"
3.25.70.195 - - [24/May/2026:18:56:01 +0800] "GET /wp-json/wp/v2/posts HTTP/1.1" 200 18381 "-" "Mozilla/5.0 (Windows NT 10.0; Win64; x64) AppleWebKit/537.36 (KHTML, like Gecko) Chrome/120.0.0.0 Safari/537.36"
36.133.115.36 - - [24/May/2026:19:11:06 +0800] "POST /wp-cron.php?doing_wp_cron=1779621066.9229359626770019531250 HTTP/1.1" 200 31 "-" "WordPress/6.9; http://cqqizhou.com"
36.106.211.240 - - [24/May/2026:19:11:06 +0800] "GET / HTTP/1.1" 301 5 "-" "Mozilla/5.0 (Windows NT 10.0; Win64; x64) AppleWebKit/537.36 (KHTML, like Gecko) Chrome/96.0.4664.45 Safari/537.36"
36.106.211.240 - - [24/May/2026:19:11:07 +0800] "GET / HTTP/1.1" 200 35528 "http://www.cqqizhou.com/" "Mozilla/5.0 (Windows NT 10.0; Win64; x64) AppleWebKit/537.36 (KHTML, like Gecko) Chrome/96.0.4664.45 Safari/537.36"
36.133.115.36 - - [24/May/2026:19:22:27 +0800] "POST /wp-cron.php?doing_wp_cron=1779621747.2002229690551757812500 HTTP/1.1" 200 31 "-" "WordPress/6.9; http://cqqizhou.com"
119.84.246.117 - - [24/May/2026:19:22:27 +0800] "GET / HTTP/1.1" 301 5 "-" "-"
119.84.246.117 - - [24/May/2026:19:22:27 +0800] "GET / HTTP/1.1" 200 160201 "-" "-"
119.84.246.117 - - [24/May/2026:19:22:29 +0800] "GET / HTTP/1.1" 301 5 "-" "Mozilla/5.0 (Windows NT 6.1; WOW64) AppleWebKit/536.11 (KHTML, like Gecko) Chrome/20.0.1132.57 Safari/536.11"
119.84.246.117 - - [24/May/2026:19:22:29 +0800] "GET / HTTP/1.1" 200 35528 "-" "Mozilla/5.0 (Windows NT 6.1; WOW64) AppleWebKit/536.11 (KHTML, like Gecko) Chrome/20.0.1132.57 Safari/536.11"
119.84.246.117 - - [24/May/2026:19:22:29 +0800] "GET /wp-content/uploads/2025/07/1751425283-qizhou.kf_.qq_.com_.webp HTTP/1.1" 200 16864 "http://cqqizhou.com/" "Mozilla/5.0 (Windows NT 6.1; WOW64) AppleWebKit/536.11 (KHTML, like Gecko) Chrome/20.0.1132.57 Safari/536.11"
119.84.246.117 - - [24/May/2026:19:22:29 +0800] "GET /wp-content/uploads/2025/07/1753456723-%E5%8F%8C%E7%9B%B8%E9%92%A2roduct_Single600.webp HTTP/1.1" 200 22790 "http://cqqizhou.com/" "Mozilla/5.0 (Windows NT 6.1; WOW64) AppleWebKit/536.11 (KHTML, like Gecko) Chrome/20.0.1132.57 Safari/536.11"
119.84.246.117 - - [24/May/2026:19:22:29 +0800] "GET /wp-content/uploads/2025/07/1753453096-%E5%8F%8C%E7%9B%B8%E9%92%A2product_Single600%C3%97284.webp HTTP/1.1" 200 14562 "http://cqqizhou.com/" "Mozilla/5.0 (Windows NT 6.1; WOW64) AppleWebKit/536.11 (KHTML, like Gecko) Chrome/20.0.1132.57 Safari/536.11"
119.84.246.117 - - [24/May/2026:19:22:29 +0800] "GET /wp-content/uploads/2025/07/1753456770-%E7%83%AD%E9%95%80%E9%94%8C%E5%8D%B7product_Single600.webp HTTP/1.1" 200 27502 "http://cqqizhou.com/" "Mozilla/5.0 (Windows NT 6.1; WOW64) AppleWebKit/536.11 (KHTML, like Gecko) Chrome/20.0.1132.57 Safari/536.11"
119.84.246.117 - - [24/May/2026:19:22:29 +0800] "GET /wp-content/uploads/2026/05/1779328461-1Article_images_W900px.webp HTTP/1.1" 200 37908 "http://cqqizhou.com/" "Mozilla/5.0 (Windows NT 6.1; WOW64) AppleWebKit/536.11 (KHTML, like Gecko) Chrome/20.0.1132.57 Safari/536.11"
119.84.246.117 - - [24/May/2026:19:22:29 +0800] "GET /wp-content/uploads/2025/07/1753453127-%E4%BD%99%E5%8D%B7product_Single600%C3%97284.webp HTTP/1.1" 200 18744 "http://cqqizhou.com/" "Mozilla/5.0 (Windows NT 6.1; WOW64) AppleWebKit/536.11 (KHTML, like Gecko) Chrome/20.0.1132.57 Safari/536.11"
119.84.246.117 - - [24/May/2026:19:22:29 +0800] "GET /wp-content/uploads/2026/05/1779059685-1Article_images_W900px.webp HTTP/1.1" 200 50738 "http://cqqizhou.com/" "Mozilla/5.0 (Windows NT 6.1; WOW64) AppleWebKit/536.11 (KHTML, like Gecko) Chrome/20.0.1132.57 Safari/536.11"
119.84.246.117 - - [24/May/2026:19:22:29 +0800] "GET /wp-content/uploads/2026/04/1777513410-1Article_images_W900px.webp HTTP/1.1" 200 30786 "http://cqqizhou.com/" "Mozilla/5.0 (Windows NT 6.1; WOW64) AppleWebKit/536.11 (KHTML, like Gecko) Chrome/20.0.1132.57 Safari/536.11"
119.84.246.117 - - [24/May/2026:19:22:29 +0800] "GET /wp-content/uploads/2026/04/1775865780-1Article_images_W900px.webp HTTP/1.1" 200 41840 "http://cqqizhou.com/" "Mozilla/5.0 (Windows NT 6.1; WOW64) AppleWebKit/536.11 (KHTML, like Gecko) Chrome/20.0.1132.57 Safari/536.11"
119.84.246.117 - - [24/May/2026:19:22:29 +0800] "GET /wp-content/uploads/2026/04/1775698332-Article_images_W900px.webp HTTP/1.1" 200 49852 "http://cqqizhou.com/" "Mozilla/5.0 (Windows NT 6.1; WOW64) AppleWebKit/536.11 (KHTML, like Gecko) Chrome/20.0.1132.57 Safari/536.11"
36.133.115.36 - - [24/May/2026:19:37:52 +0800] "POST /wp-cron.php?doing_wp_cron=1779622672.3785920143127441406250 HTTP/1.1" 200 31 "-" "WordPress/6.9; http://cqqizhou.com"
176.65.139.66 - - [24/May/2026:19:37:52 +0800] "GET / HTTP/1.0" 301 0 "-" "Shodan-Pull/1.0"
36.133.115.36 - - [24/May/2026:19:49:12 +0800] "POST /wp-cron.php?doing_wp_cron=1779623352.3594129085540771484375 HTTP/1.1" 200 31 "-" "WordPress/6.9; http://cqqizhou.com"
5.61.209.126 - - [24/May/2026:19:49:12 +0800] "GET /SDK/webLanguage HTTP/1.1" 301 5 "-" "Mozilla/5.0 (Windows NT 10.0; Win64; x64) AppleWebKit/537.36 (KHTML, like Gecko) Chrome/90.0.4430.85 Safari/537.36 Edg/90.0.818.46"
40.77.167.35 - - [24/May/2026:19:54:11 +0800] "GET /news/2514 HTTP/1.1" 200 24194 "-" "Mozilla/5.0 AppleWebKit/537.36 (KHTML, like Gecko; compatible; bingbot/2.0; +http://www.bing.com/bingbot.htm) Chrome/116.0.1938.76 Safari/537.36"
36.133.115.36 - - [24/May/2026:19:57:13 +0800] "POST /wp-cron.php?doing_wp_cron=1779623833.8483769893646240234375 HTTP/1.1" 200 31 "-" "WordPress/6.9; http://cqqizhou.com"
66.249.73.228 - - [24/May/2026:19:57:13 +0800] "GET /news/2388 HTTP/1.1" 200 20949 "-" "Mozilla/5.0 (Linux; Android 6.0.1; Nexus 5X Build/MMB29P) AppleWebKit/537.36 (KHTML, like Gecko) Chrome/148.0.7778.96 Mobile Safari/537.36 (compatible; Googlebot/2.1; +http://www.google.com/bot.html)"
36.133.115.36 - - [24/May/2026:20:00:49 +0800] "POST /wp-cron.php?doing_wp_cron=1779624049.3674380779266357421875 HTTP/1.1" 200 31 "-" "WordPress/6.9; http://cqqizhou.com"
185.191.171.16 - - [24/May/2026:20:00:49 +0800] "GET /robots.txt HTTP/1.1" 200 190 "-" "Mozilla/5.0 (compatible; SemrushBot/7~bl; +http://www.semrush.com/bot.html)"
61.164.116.166 - - [24/May/2026:20:09:30 +0800] "GET /news/portfolio/%E5%86%B7%E8%BD%A7%E6%9D%BF HTTP/1.1" 200 22712 "-" "Mozilla/5.0 (Macintosh; Intel Mac OS X 12_0_0) AppleWebKit/537.36 (KHTML, like Gecko) Chrome/128.1.0 Safari/537.36 Edg/128.1.0"
58.218.204.241 - - [24/May/2026:20:09:30 +0800] "GET /news/portfolio/%E5%86%B7%E8%BD%A7%E6%9D%BF HTTP/1.1" 200 22712 "-" "Mozilla/5.0 (Windows NT 10.0; Win64; x64) AppleWebKit/537.36 (KHTML, like Gecko) Chrome/127.0.5060.66 Safari/537.36 Edg/127.0.1264.44"
211.91.181.47 - - [24/May/2026:20:09:37 +0800] "GET /news/portfolio/%E5%86%B7%E8%BD%A7%E6%9D%BF HTTP/1.1" 200 22712 "-" "Mozilla/5.0 (Macintosh; Intel Mac OS X 12_0_0) AppleWebKit/537.36 (KHTML, like Gecko) Chrome/135.0.0 Safari/537.36 Edg/135.0.0"
36.133.115.36 - - [24/May/2026:20:11:19 +0800] "POST /wp-cron.php?doing_wp_cron=1779624679.6173338890075683593750 HTTP/1.1" 200 31 "-" "WordPress/6.9; http://cqqizhou.com"
143.198.83.148 - - [24/May/2026:20:11:19 +0800] "GET / HTTP/1.1" 200 158542 "-" "-"
66.249.73.228 - - [24/May/2026:20:11:32 +0800] "GET /bug HTTP/1.1" 200 12147 "-" "Mozilla/5.0 (Linux; Android 6.0.1; Nexus 5X Build/MMB29P) AppleWebKit/537.36 (KHTML, like Gecko) Chrome/148.0.7778.96 Mobile Safari/537.36 (compatible; Googlebot/2.1; +http://www.google.com/bot.html)"
