43.134.36.238 - - [24/May/2026:20:12:03 +0800] "GET / HTTP/1.1" 301 5 "-" "Mozilla/5.0 (iPhone; CPU iPhone OS 13_2_3 like Mac OS X) AppleWebKit/605.1.15 (KHTML, like Gecko) Version/13.0.3 Mobile/15E148 Safari/604.1"
43.134.36.238 - - [24/May/2026:20:12:05 +0800] "GET / HTTP/1.1" 200 35084 "http://36.133.115.36" "Mozilla/5.0 (iPhone; CPU iPhone OS 13_2_3 like Mac OS X) AppleWebKit/605.1.15 (KHTML, like Gecko) Version/13.0.3 Mobile/15E148 Safari/604.1"
36.133.115.36 - - [24/May/2026:20:15:33 +0800] "POST /wp-cron.php?doing_wp_cron=1779624933.5788319110870361328125 HTTP/1.1" 200 31 "-" "WordPress/6.9; http://cqqizhou.com"
111.63.211.135 - - [24/May/2026:20:15:33 +0800] "GET /robots.txt HTTP/1.1" 200 190 "-" "ModelContextProtocol/1.0 (Autonomous; +https://github.com/modelcontextprotocol/servers)"
111.63.211.128 - - [24/May/2026:20:15:34 +0800] "GET /2418/ HTTP/1.1" 301 5 "-" "ModelContextProtocol/1.0 (Autonomous; +https://github.com/modelcontextprotocol/servers)"
111.63.211.128 - - [24/May/2026:20:15:34 +0800] "GET /news/2418 HTTP/1.1" 200 24055 "-" "ModelContextProtocol/1.0 (Autonomous; +https://github.com/modelcontextprotocol/servers)"
121.237.36.31 - - [24/May/2026:20:15:43 +0800] "GET / HTTP/1.1" 200 35528 "-" "Mozilla/5.0 (Macintosh; Intel Mac OS X 10_11) AppleWebKit/601.1.27 (KHTML, like Gecko) Chrome/47.0.2526.106 Safari/601.1.27"
36.133.115.36 - - [24/May/2026:20:46:27 +0800] "POST /wp-cron.php?doing_wp_cron=1779626787.1524720191955566406250 HTTP/1.1" 200 31 "-" "WordPress/6.9; http://cqqizhou.com"
119.91.20.139 - - [24/May/2026:20:46:27 +0800] "GET / HTTP/1.1" 200 35085 "-" "Mozilla/5.0 (iPhone; CPU iPhone OS 13_2_3 like Mac OS X) AppleWebKit/605.1.15 (KHTML, like Gecko) Version/13.0.3 Mobile/15E148 Safari/604.1"
36.133.115.36 - - [24/May/2026:20:56:43 +0800] "POST /wp-cron.php?doing_wp_cron=1779627403.4565179347991943359375 HTTP/1.1" 200 31 "-" "WordPress/6.9; http://cqqizhou.com"
183.136.238.105 - - [24/May/2026:20:56:43 +0800] "GET /plus/ueditor/net/controller.ashx%3Faaaaaaaaaa=bbbbbbbbbbbbbbbbbbbbbbbbbbbbbbbbbbbbbbbbbbbbbbbbbbbbbbbbbbbbb&action= HTTP/1.1" 404 9409 "-" "Mozilla/5.0 (Windows NT 10.0; Win64; x64) AppleWebKit/537.36"
183.136.238.105 - - [24/May/2026:20:56:45 +0800] "GET /plug/ueditor/net/upload.ashx%3Faaaaaaaaaa=bbbbbbbbbbbbbbbbbbbbbbbbbbbbbbbbbbbbbbbbbbbbbbbbbbbbbbbbbbbbb&action= HTTP/1.1" 404 9409 "-" "Mozilla/5.0 (Windows NT 10.0; Win64; x64) AppleWebKit/537.36"
183.136.238.105 - - [24/May/2026:20:56:45 +0800] "GET /statics/plus/ueditor/net/controller.ashx%3Faaaaaaaaaa=bbbbbbbbbbbbbbbbbbbbbbbbbbbbbbbbbbbbbbbbbbbbbbbbbbbbbbbbbbbbb&action= HTTP/1.1" 404 9409 "-" "Mozilla/5.0 (Windows NT 10.0; Win64; x64) AppleWebKit/537.36"
183.136.238.105 - - [24/May/2026:20:56:48 +0800] "GET /app_web/ueditor/net/controller.ashx%3Faaaaaaaaaa=bbbbbbbbbbbbbbbbbbbbbbbbbbbbbbbbbbbbbbbbbbbbbbbbbbbbbbbbbbbbb&action= HTTP/1.1" 404 9409 "-" "Mozilla/5.0 (Windows NT 10.0; Win64; x64) AppleWebKit/537.36"
183.136.238.105 - - [24/May/2026:20:56:49 +0800] "GET /content/js/utf8-net/net/controller.ashx%3Faaaaaaaaaa=bbbbbbbbbbbbbbbbbbbbbbbbbbbbbbbbbbbbbbbbbbbbbbbbbbbbbbbbbbbbb&action= HTTP/1.1" 404 9409 "-" "Mozilla/5.0 (Windows NT 10.0; Win64; x64) AppleWebKit/537.36"
183.136.238.105 - - [24/May/2026:20:56:50 +0800] "GET /app/ueditor/controller.ashx%3Faaaaaaaaaa=bbbbbbbbbbbbbbbbbbbbbbbbbbbbbbbbbbbbbbbbbbbbbbbbbbbbbbbbbbbbb&action= HTTP/1.1" 404 9407 "-" "Mozilla/5.0 (Windows NT 10.0; Win64; x64) AppleWebKit/537.36"
183.136.238.105 - - [24/May/2026:20:56:51 +0800] "GET /script/_plugins/ueditor/net/controller.ashx%3Faaaaaaaaaa=bbbbbbbbbbbbbbbbbbbbbbbbbbbbbbbbbbbbbbbbbbbbbbbbbbbbbbbbbbbbb&action= HTTP/1.1" 404 9409 "-" "Mozilla/5.0 (Windows NT 10.0; Win64; x64) AppleWebKit/537.36"
183.136.238.105 - - [24/May/2026:20:56:52 +0800] "GET /res/ueditor1_4_3-utf8-net/net/controller.ashx%3Faaaaaaaaaa=bbbbbbbbbbbbbbbbbbbbbbbbbbbbbbbbbbbbbbbbbbbbbbbbbbbbbbbbbbbbb&action= HTTP/1.1" 404 9409 "-" "Mozilla/5.0 (Windows NT 10.0; Win64; x64) AppleWebKit/537.36"
183.136.238.105 - - [24/May/2026:20:56:53 +0800] "GET /ueditorinfo/net/controller.ashx%3Faaaaaaaaaa=bbbbbbbbbbbbbbbbbbbbbbbbbbbbbbbbbbbbbbbbbbbbbbbbbbbbbbbbbbbbb&action= HTTP/1.1" 404 9409 "-" "Mozilla/5.0 (Windows NT 10.0; Win64; x64) AppleWebKit/537.36"
183.136.238.105 - - [24/May/2026:20:56:55 +0800] "GET /scripts/utf8-net/net/controller.ashx%3Faaaaaaaaaa=bbbbbbbbbbbbbbbbbbbbbbbbbbbbbbbbbbbbbbbbbbbbbbbbbbbbbbbbbbbbb&action= HTTP/1.1" 404 9409 "-" "Mozilla/5.0 (Windows NT 10.0; Win64; x64) AppleWebKit/537.36"
183.136.238.105 - - [24/May/2026:20:56:56 +0800] "GET /content/scripts/plugins/ueditor1_4_3-utf8-net/net/controller.ashx%3Faaaaaaaaaa=bbbbbbbbbbbbbbbbbbbbbbbbbbbbbbbbbbbbbbbbbbbbbbbbbbbbbbbbbbbbb&action= HTTP/1.1" 404 9409 "-" "Mozilla/5.0 (Windows NT 10.0; Win64; x64) AppleWebKit/537.36"
183.136.238.105 - - [24/May/2026:20:56:58 +0800] "GET /lib/ueditor.1.5.0/net/controller.ashx%3Faaaaaaaaaa=bbbbbbbbbbbbbbbbbbbbbbbbbbbbbbbbbbbbbbbbbbbbbbbbbbbbbbbbbbbbb&action= HTTP/1.1" 404 9409 "-" "Mozilla/5.0 (Windows NT 10.0; Win64; x64) AppleWebKit/537.36"
183.136.238.105 - - [24/May/2026:20:56:59 +0800] "GET /com_plugin/utf8-net/net/controller.ashx%3Faaaaaaaaaa=bbbbbbbbbbbbbbbbbbbbbbbbbbbbbbbbbbbbbbbbbbbbbbbbbbbbbbbbbbbbb&action= HTTP/1.1" 404 9409 "-" "Mozilla/5.0 (Windows NT 10.0; Win64; x64) AppleWebKit/537.36"
183.136.238.105 - - [24/May/2026:20:57:00 +0800] "GET /yzoa/cms/editor/net/controller.ashx%3Faaaaaaaaaa=bbbbbbbbbbbbbbbbbbbbbbbbbbbbbbbbbbbbbbbbbbbbbbbbbbbbbbbbbbbbb&action= HTTP/1.1" 404 9407 "-" "Mozilla/5.0 (Windows NT 10.0; Win64; x64) AppleWebKit/537.36"
183.136.238.105 - - [24/May/2026:20:57:00 +0800] "GET /xteditor/net/controller.ashx%3Faaaaaaaaaa=bbbbbbbbbbbbbbbbbbbbbbbbbbbbbbbbbbbbbbbbbbbbbbbbbbbbbbbbbbbbb&action= HTTP/1.1" 404 9407 "-" "Mozilla/5.0 (Windows NT 10.0; Win64; x64) AppleWebKit/537.36"
183.136.238.105 - - [24/May/2026:20:57:02 +0800] "GET /sframework/ueditor/controller.ashx%3Faaaaaaaaaa=bbbbbbbbbbbbbbbbbbbbbbbbbbbbbbbbbbbbbbbbbbbbbbbbbbbbbbbbbbbbb&action= HTTP/1.1" 404 9409 "-" "Mozilla/5.0 (Windows NT 10.0; Win64; x64) AppleWebKit/537.36"
183.136.238.105 - - [24/May/2026:20:57:03 +0800] "GET /webadmin/ueditorlocal/net/controller.ashx%3Faaaaaaaaaa=bbbbbbbbbbbbbbbbbbbbbbbbbbbbbbbbbbbbbbbbbbbbbbbbbbbbbbbbbbbbb&action= HTTP/1.1" 404 9409 "-" "Mozilla/5.0 (Windows NT 10.0; Win64; x64) AppleWebKit/537.36"
183.136.238.105 - - [24/May/2026:20:57:04 +0800] "GET /admin/widget/ueditor/1.4.3/net/controller.ashx%3Faaaaaaaaaa=bbbbbbbbbbbbbbbbbbbbbbbbbbbbbbbbbbbbbbbbbbbbbbbbbbbbbbbbbbbbb&action= HTTP/1.1" 404 9409 "-" "Mozilla/5.0 (Windows NT 10.0; Win64; x64) AppleWebKit/537.36"
183.136.238.105 - - [24/May/2026:20:57:05 +0800] "GET /core/controller.ashx%3Faaaaaaaaaa=bbbbbbbbbbbbbbbbbbbbbbbbbbbbbbbbbbbbbbbbbbbbbbbbbbbbbbbbbbbbb&action= HTTP/1.1" 404 9409 "-" "Mozilla/5.0 (Windows NT 10.0; Win64; x64) AppleWebKit/537.36"
183.136.238.105 - - [24/May/2026:20:57:06 +0800] "GET /wtms/ueditor/net/controller.ashx%3Faaaaaaaaaa=bbbbbbbbbbbbbbbbbbbbbbbbbbbbbbbbbbbbbbbbbbbbbbbbbbbbbbbbbbbbb&action= HTTP/1.1" 404 9410 "-" "Mozilla/5.0 (Windows NT 10.0; Win64; x64) AppleWebKit/537.36"
36.133.115.36 - - [24/May/2026:20:57:08 +0800] "POST /wp-cron.php?doing_wp_cron=1779627428.2132949829101562500000 HTTP/1.1" 200 31 "-" "WordPress/6.9; http://cqqizhou.com"
183.136.238.105 - - [24/May/2026:20:57:08 +0800] "GET /scripts/plugins/ueditor-1.4.3.3/net/controller.ashx%3Faaaaaaaaaa=bbbbbbbbbbbbbbbbbbbbbbbbbbbbbbbbbbbbbbbbbbbbbbbbbbbbbbbbbbbbb&action= HTTP/1.1" 404 9409 "-" "Mozilla/5.0 (Windows NT 10.0; Win64; x64) AppleWebKit/537.36"
183.136.238.105 - - [24/May/2026:20:57:09 +0800] "GET /template/congress/review/ueditor/net/controller.ashx%3Faaaaaaaaaa=bbbbbbbbbbbbbbbbbbbbbbbbbbbbbbbbbbbbbbbbbbbbbbbbbbbbbbbbbbbbb&action= HTTP/1.1" 404 9409 "-" "Mozilla/5.0 (Windows NT 10.0; Win64; x64) AppleWebKit/537.36"
183.136.238.105 - - [24/May/2026:20:57:10 +0800] "GET /content/ueditorutf8/net/controller.ashx%3Faaaaaaaaaa=bbbbbbbbbbbbbbbbbbbbbbbbbbbbbbbbbbbbbbbbbbbbbbbbbbbbbbbbbbbbb&action= HTTP/1.1" 404 9407 "-" "Mozilla/5.0 (Windows NT 10.0; Win64; x64) AppleWebKit/537.36"
183.136.238.105 - - [24/May/2026:20:57:11 +0800] "GET /content/themes/js/plugin/ueditor-1.4.3.3/net/controller.ashx%3Faaaaaaaaaa=bbbbbbbbbbbbbbbbbbbbbbbbbbbbbbbbbbbbbbbbbbbbbbbbbbbbbbbbbbbbb&action= HTTP/1.1" 404 9409 "-" "Mozilla/5.0 (Windows NT 10.0; Win64; x64) AppleWebKit/537.36"
183.136.238.105 - - [24/May/2026:20:57:13 +0800] "GET /scripts/bplateform/plugins/ueditor/net/controller.ashx%3Faaaaaaaaaa=bbbbbbbbbbbbbbbbbbbbbbbbbbbbbbbbbbbbbbbbbbbbbbbbbbbbbbbbbbbbb&action= HTTP/1.1" 404 9409 "-" "Mozilla/5.0 (Windows NT 10.0; Win64; x64) AppleWebKit/537.36"
183.136.238.105 - - [24/May/2026:20:57:14 +0800] "GET /content/scripts/plugins/ueditor/net/controller.ashx%3Faaaaaaaaaa=bbbbbbbbbbbbbbbbbbbbbbbbbbbbbbbbbbbbbbbbbbbbbbbbbbbbbbbbbbbbb&action= HTTP/1.1" 404 9410 "-" "Mozilla/5.0 (Windows NT 10.0; Win64; x64) AppleWebKit/537.36"
183.136.238.105 - - [24/May/2026:20:57:15 +0800] "GET /content/components/ueditor/net/controller.ashx%3Faaaaaaaaaa=bbbbbbbbbbbbbbbbbbbbbbbbbbbbbbbbbbbbbbbbbbbbbbbbbbbbbbbbbbbbb&action= HTTP/1.1" 404 9409 "-" "Mozilla/5.0 (Windows NT 10.0; Win64; x64) AppleWebKit/537.36"
183.136.238.105 - - [24/May/2026:20:57:16 +0800] "GET /content/ueditor-dev-1.5.0/ueditor-dev-1.5.0-02/controller.ashx%3Faaaaaaaaaa=bbbbbbbbbbbbbbbbbbbbbbbbbbbbbbbbbbbbbbbbbbbbbbbbbbbbbbbbbbbbb&action= HTTP/1.1" 404 9410 "-" "Mozilla/5.0 (Windows NT 10.0; Win64; x64) AppleWebKit/537.36"
183.136.238.105 - - [24/May/2026:20:57:18 +0800] "GET /content/ueditor-dev-1.5.0/ueditor-dev-1.5.0/controller.ashx%3Faaaaaaaaaa=bbbbbbbbbbbbbbbbbbbbbbbbbbbbbbbbbbbbbbbbbbbbbbbbbbbbbbbbbbbbb&action= HTTP/1.1" 404 9409 "-" "Mozilla/5.0 (Windows NT 10.0; Win64; x64) AppleWebKit/537.36"
183.136.238.105 - - [24/May/2026:20:57:19 +0800] "GET /res/ueditor/net/controller.ashx%3Faaaaaaaaaa=bbbbbbbbbbbbbbbbbbbbbbbbbbbbbbbbbbbbbbbbbbbbbbbbbbbbbbbbbbbbb&action= HTTP/1.1" 404 9409 "-" "Mozilla/5.0 (Windows NT 10.0; Win64; x64) AppleWebKit/537.36"
183.136.238.105 - - [24/May/2026:20:57:20 +0800] "GET /ueditorqxxhpda25veghrwfwp7k/net/controller.ashx%3Faaaaaaaaaa=bbbbbbbbbbbbbbbbbbbbbbbbbbbbbbbbbbbbbbbbbbbbbbbbbbbbbbbbbbbbb&action= HTTP/1.1" 404 9407 "-" "Mozilla/5.0 (Windows NT 10.0; Win64; x64) AppleWebKit/537.36"
183.136.238.105 - - [24/May/2026:20:57:21 +0800] "GET /res/third-party/ueditor/net/controller.ashx%3Faaaaaaaaaa=bbbbbbbbbbbbbbbbbbbbbbbbbbbbbbbbbbbbbbbbbbbbbbbbbbbbbbbbbbbbb&action= HTTP/1.1" 404 9409 "-" "Mozilla/5.0 (Windows NT 10.0; Win64; x64) AppleWebKit/537.36"
183.136.238.105 - - [24/May/2026:20:57:22 +0800] "GET /themes/default/content/scripts/roadflow/formdesinger/ueditor/net/controller.ashx%3Faaaaaaaaaa=bbbbbbbbbbbbbbbbbbbbbbbbbbbbbbbbbbbbbbbbbbbbbbbbbbbbbbbbbbbbb&action= HTTP/1.1" 404 9409 "-" "Mozilla/5.0 (Windows NT 10.0; Win64; x64) AppleWebKit/537.36"
183.136.238.105 - - [24/May/2026:20:57:23 +0800] "GET /uedit/controller.ashx%3Faaaaaaaaaa=bbbbbbbbbbbbbbbbbbbbbbbbbbbbbbbbbbbbbbbbbbbbbbbbbbbbbbbbbbbbb&action= HTTP/1.1" 404 9409 "-" "Mozilla/5.0 (Windows NT 10.0; Win64; x64) AppleWebKit/537.36"
183.136.238.105 - - [24/May/2026:20:57:24 +0800] "GET /ueditor-dev-1.5.0/net/controller.ashx%3Faaaaaaaaaa=bbbbbbbbbbbbbbbbbbbbbbbbbbbbbbbbbbbbbbbbbbbbbbbbbbbbbbbbbbbbb&action= HTTP/1.1" 404 9410 "-" "Mozilla/5.0 (Windows NT 10.0; Win64; x64) AppleWebKit/537.36"
183.136.238.105 - - [24/May/2026:20:57:25 +0800] "GET /admintzn/common/controller.ashx%3Faaaaaaaaaa=bbbbbbbbbbbbbbbbbbbbbbbbbbbbbbbbbbbbbbbbbbbbbbbbbbbbbbbbbbbbb&action= HTTP/1.1" 404 9409 "-" "Mozilla/5.0 (Windows NT 10.0; Win64; x64) AppleWebKit/537.36"
183.136.238.105 - - [24/May/2026:20:57:26 +0800] "GET /program/ueditor/net/controller.ashx%3Faaaaaaaaaa=bbbbbbbbbbbbbbbbbbbbbbbbbbbbbbbbbbbbbbbbbbbbbbbbbbbbbbbbbbbbb&action= HTTP/1.1" 404 9410 "-" "Mozilla/5.0 (Windows NT 10.0; Win64; x64) AppleWebKit/537.36"
183.136.238.105 - - [24/May/2026:20:57:27 +0800] "GET /content/uceditor/controller.ashx%3Faaaaaaaaaa=bbbbbbbbbbbbbbbbbbbbbbbbbbbbbbbbbbbbbbbbbbbbbbbbbbbbbbbbbbbbb&action= HTTP/1.1" 404 9409 "-" "Mozilla/5.0 (Windows NT 10.0; Win64; x64) AppleWebKit/537.36"
183.136.238.105 - - [24/May/2026:20:57:29 +0800] "GET /ashx/upload/controller.ashx%3Faaaaaaaaaa=bbbbbbbbbbbbbbbbbbbbbbbbbbbbbbbbbbbbbbbbbbbbbbbbbbbbbbbbbbbbb&action= HTTP/1.1" 404 9409 "-" "Mozilla/5.0 (Windows NT 10.0; Win64; x64) AppleWebKit/537.36"
183.136.238.105 - - [24/May/2026:20:57:31 +0800] "GET /admin/ueditor1_4_3-utf8-net/net/controller.ashx%3Faaaaaaaaaa=bbbbbbbbbbbbbbbbbbbbbbbbbbbbbbbbbbbbbbbbbbbbbbbbbbbbbbbbbbbbb&action= HTTP/1.1" 404 9409 "-" "Mozilla/5.0 (Windows NT 10.0; Win64; x64) AppleWebKit/537.36"
183.136.238.105 - - [24/May/2026:20:57:32 +0800] "GET /scripts/ueditor1_4_3-utf8-net/net/controller.ashx%3Faaaaaaaaaa=bbbbbbbbbbbbbbbbbbbbbbbbbbbbbbbbbbbbbbbbbbbbbbbbbbbbbbbbbbbbb&action= HTTP/1.1" 404 9409 "-" "Mozilla/5.0 (Windows NT 10.0; Win64; x64) AppleWebKit/537.36"
183.136.238.105 - - [24/May/2026:20:57:33 +0800] "GET /lib/ueditor/server/controller.ashx%3Faaaaaaaaaa=bbbbbbbbbbbbbbbbbbbbbbbbbbbbbbbbbbbbbbbbbbbbbbbbbbbbbbbbbbbbb&action= HTTP/1.1" 404 9409 "-" "Mozilla/5.0 (Windows NT 10.0; Win64; x64) AppleWebKit/537.36"
183.136.238.105 - - [24/May/2026:20:57:34 +0800] "GET /component/ueditor/net/controller.ashx%3Faaaaaaaaaa=bbbbbbbbbbbbbbbbbbbbbbbbbbbbbbbbbbbbbbbbbbbbbbbbbbbbbbbbbbbbb&action= HTTP/1.1" 404 9410 "-" "Mozilla/5.0 (Windows NT 10.0; Win64; x64) AppleWebKit/537.36"
36.133.115.36 - - [24/May/2026:21:11:15 +0800] "POST /wp-cron.php?doing_wp_cron=1779628275.8023359775543212890625 HTTP/1.1" 200 31 "-" "WordPress/6.9; http://cqqizhou.com"
36.133.108.119 - - [24/May/2026:21:11:15 +0800] "HEAD /services HTTP/1.1" 200 0 "-" "Mozilla/5.0 (Windows NT 6.1; WOW64) AppleWebKit/537.17 (KHTML, like Gecko) Chrome/24.0.1312.60 Safari/537.17"
36.133.115.36 - - [24/May/2026:21:12:14 +0800] "POST /wp-cron.php?doing_wp_cron=1779628334.0064070224761962890625 HTTP/1.1" 200 31 "-" "WordPress/6.9; http://cqqizhou.com"
66.249.73.228 - - [24/May/2026:21:12:14 +0800] "GET /industry HTTP/1.1" 200 19765 "-" "Mozilla/5.0 (Linux; Android 6.0.1; Nexus 5X Build/MMB29P) AppleWebKit/537.36 (KHTML, like Gecko) Chrome/148.0.7778.96 Mobile Safari/537.36 (compatible; Googlebot/2.1; +http://www.google.com/bot.html)"
36.133.115.36 - - [24/May/2026:21:13:51 +0800] "POST /wp-cron.php?doing_wp_cron=1779628430.9758780002593994140625 HTTP/1.1" 200 31 "-" "WordPress/6.9; http://cqqizhou.com"
219.151.190.165 - - [24/May/2026:21:13:51 +0800] "HEAD /invoker/EJBInvokerServlet HTTP/1.1" 404 0 "-" "Mozilla/5.0 (Windows NT 6.1; WOW64; rv:45.0) Gecko/20100101 Firefox/45.0"
219.151.190.165 - - [24/May/2026:21:13:52 +0800] "HEAD /jmx-console/HtmlAdaptor?action=inspectMBean&name=jboss.system:type=ServerInfo HTTP/1.1" 404 0 "-" "Mozilla/5.0 (Windows NT 6.1; WOW64; rv:45.0) Gecko/20100101 Firefox/45.0"
219.151.190.165 - - [24/May/2026:21:13:53 +0800] "HEAD /invoker/JMXInvokerServlet HTTP/1.1" 404 0 "-" "Mozilla/5.0 (Windows NT 6.1; WOW64; rv:45.0) Gecko/20100101 Firefox/45.0"
219.151.190.165 - - [24/May/2026:21:13:55 +0800] "HEAD /web-console/ServerInfo.jsp HTTP/1.1" 404 0 "-" "Mozilla/5.0 (Windows NT 6.1; WOW64; rv:45.0) Gecko/20100101 Firefox/45.0"
36.133.115.36 - - [24/May/2026:21:21:31 +0800] "POST /wp-cron.php?doing_wp_cron=1779628891.5999069213867187500000 HTTP/1.1" 200 31 "-" "WordPress/6.9; http://cqqizhou.com"
45.148.10.67 - - [24/May/2026:21:21:31 +0800] "GET / HTTP/1.1" 200 35085 "-" "Mozilla/5.0 (Windows NT 10.0; Win64; x64) AppleWebKit/537.36 (KHTML, like Gecko) Chrome/131.0.0.0 Safari/537.36"
36.133.115.36 - - [24/May/2026:21:24:57 +0800] "POST /wp-cron.php?doing_wp_cron=1779629097.7602770328521728515625 HTTP/1.1" 200 31 "-" "WordPress/6.9; http://cqqizhou.com"
116.179.32.16 - - [24/May/2026:21:24:57 +0800] "GET /wp-json/oembed/1.0/embed?url=http%3A%2F%2Fcqqizhou.com%2Fnews%2F2464 HTTP/1.1" 200 1299 "-" "Mozilla/5.0 (compatible; Baiduspider/2.0; +http://www.baidu.com/search/spider.html)"
36.133.115.36 - - [24/May/2026:21:26:32 +0800] "POST /wp-cron.php?doing_wp_cron=1779629192.6340920925140380859375 HTTP/1.1" 200 31 "-" "WordPress/6.9; http://cqqizhou.com"
66.249.73.228 - - [24/May/2026:21:26:32 +0800] "GET /news/2483 HTTP/1.1" 200 20685 "-" "Mozilla/5.0 (Linux; Android 6.0.1; Nexus 5X Build/MMB29P) AppleWebKit/537.36 (KHTML, like Gecko) Chrome/148.0.7778.96 Mobile Safari/537.36 (compatible; Googlebot/2.1; +http://www.google.com/bot.html)"
36.133.115.36 - - [24/May/2026:21:31:34 +0800] "POST /wp-cron.php?doing_wp_cron=1779629494.7690360546112060546875 HTTP/1.1" 200 31 "-" "WordPress/6.9; http://cqqizhou.com"
193.36.222.4 - - [24/May/2026:21:31:34 +0800] "GET /contacts/ HTTP/1.1" 301 5 "-" "Mozilla/5.0 (Windows NT 10.0; Win64; x64; rv:143.0) Gecko/20100101 Firefox/143.0"
193.36.222.7 - - [24/May/2026:21:31:35 +0800] "GET /contacts HTTP/1.1" 200 22098 "http://cqqizhou.com/contacts/" "Mozilla/5.0 (Windows NT 10.0; Win64; x64; rv:143.0) Gecko/20100101 Firefox/143.0"
193.36.222.5 - - [24/May/2026:21:31:39 +0800] "POST /wp-json/contact-form-7/v1/contact-forms/158/feedback HTTP/1.1" 200 219 "http://cqqizhou.com/contacts" "Mozilla/5.0 (Windows NT 10.0; Win64; x64; rv:143.0) Gecko/20100101 Firefox/143.0"
36.133.115.36 - - [24/May/2026:21:56:42 +0800] "POST /wp-cron.php?doing_wp_cron=1779631002.5674479007720947265625 HTTP/1.1" 200 31 "-" "WordPress/6.9; http://cqqizhou.com"
145.223.131.38 - - [24/May/2026:21:56:42 +0800] "GET /media/2 HTTP/1.1" 200 26616 "-" "Mozilla/5.0 (Macintosh; Intel Mac OS X 10_15_7) AppleWebKit/537.36 (KHTML, like Gecko) Chrome/120.0.0.0 Safari/537.36"
112.1.103.206 - - [24/May/2026:22:05:46 +0800] "GET / HTTP/1.1" 200 160201 "-" "Mozilla/5.0 (Macintosh; Intel Mac OS X 10_15_7) AppleWebKit/537.36 (KHTML, like Gecko) Chrome/120.0.0.0 Safari/537.36 Edg/120.0.0.0"
36.133.115.36 - - [24/May/2026:22:06:40 +0800] "POST /wp-cron.php?doing_wp_cron=1779631600.5967659950256347656250 HTTP/1.1" 200 31 "-" "WordPress/6.9; http://cqqizhou.com"
110.254.252.39 - - [24/May/2026:22:06:40 +0800] "GET /robots.txt HTTP/1.1" 200 190 "-" "Mozilla/5.0 (Macintosh; Intel Mac OS X 10_15_7) AppleWebKit/537.36 (KHTML, like Gecko) Chrome/120.0.0.0 Safari/537.36 Edg/120.0.0.0"
125.47.121.21 - - [24/May/2026:22:06:44 +0800] "GET /sitemap.xml HTTP/1.1" 200 604 "-" "Mozilla/5.0 (Macintosh; Intel Mac OS X 10_15_7) AppleWebKit/537.36 (KHTML, like Gecko) Chrome/120.0.0.0 Safari/537.36 Edg/120.0.0.0"
101.26.28.223 - - [24/May/2026:22:06:46 +0800] "GET /config.json HTTP/1.1" 404 9410 "-" "Mozilla/5.0 (Macintosh; Intel Mac OS X 10_7_0) AppleWebKit/535.11 (KHTML, like Gecko) Chrome/17.0.963.56 Safari/535.11"
112.111.104.79 - - [24/May/2026:22:08:01 +0800] "GET /wp-content/plugins/elementor-pro/readme.txt HTTP/1.1" 200 337 "-" "Mozilla/5.0 (Windows; U; Windows 95) AppleWebKit/532.41.1 (KHTML, like Gecko) Version/4.0.3 Safari/532.41.1"
36.133.115.36 - - [24/May/2026:22:08:52 +0800] "POST /wp-cron.php?doing_wp_cron=1779631732.3064639568328857421875 HTTP/1.1" 200 31 "-" "WordPress/6.9; http://cqqizhou.com"
120.231.24.131 - - [24/May/2026:22:08:52 +0800] "GET /wp-content/plugins/revslider/readme.txt HTTP/1.1" 404 9409 "-" "Mozilla/5.0 (Windows; U; Windows 95) AppleWebKit/532.41.1 (KHTML, like Gecko) Version/4.0.3 Safari/532.41.1"
36.133.115.36 - - [24/May/2026:22:22:24 +0800] "POST /wp-cron.php?doing_wp_cron=1779632544.3788518905639648437500 HTTP/1.1" 200 31 "-" "WordPress/6.9; http://cqqizhou.com"
193.36.222.3 - - [24/May/2026:22:22:24 +0800] "GET /contacts/ HTTP/1.1" 301 5 "-" "Mozilla/5.0 (Windows NT 10.0; Win64; x64; rv:143.0) Gecko/20100101 Firefox/143.0"
193.36.222.7 - - [24/May/2026:22:22:25 +0800] "GET /contacts HTTP/1.1" 200 22098 "http://cqqizhou.com/contacts/" "Mozilla/5.0 (Windows NT 10.0; Win64; x64; rv:143.0) Gecko/20100101 Firefox/143.0"
193.36.222.6 - - [24/May/2026:22:22:27 +0800] "POST /wp-json/contact-form-7/v1/contact-forms/158/feedback HTTP/1.1" 200 219 "http://cqqizhou.com/contacts" "Mozilla/5.0 (Windows NT 10.0; Win64; x64; rv:143.0) Gecko/20100101 Firefox/143.0"
36.133.115.36 - - [24/May/2026:22:27:17 +0800] "POST /wp-cron.php?doing_wp_cron=1779632837.9224679470062255859375 HTTP/1.1" 200 31 "-" "WordPress/6.9; http://cqqizhou.com"
66.249.73.230 - - [24/May/2026:22:27:17 +0800] "GET /news/2475 HTTP/1.1" 200 23198 "-" "Mozilla/5.0 (Linux; Android 6.0.1; Nexus 5X Build/MMB29P) AppleWebKit/537.36 (KHTML, like Gecko) Chrome/148.0.7778.96 Mobile Safari/537.36 (compatible; Googlebot/2.1; +http://www.google.com/bot.html)"
36.133.115.36 - - [24/May/2026:22:51:12 +0800] "POST /wp-cron.php?doing_wp_cron=1779634272.6701250076293945312500 HTTP/1.1" 200 31 "-" "WordPress/6.9; http://cqqizhou.com"
83.87.217.133 - - [24/May/2026:22:51:12 +0800] "GET /manager/html HTTP/1.1" 404 9409 "-" "python-requests/2.27.1"
36.133.115.36 - - [24/May/2026:23:02:34 +0800] "POST /wp-cron.php?doing_wp_cron=1779634954.6253430843353271484375 HTTP/1.1" 200 31 "-" "WordPress/6.9; http://cqqizhou.com"
45.148.10.67 - - [24/May/2026:23:02:34 +0800] "GET / HTTP/1.1" 200 35084 "-" "Mozilla/5.0 (Windows NT 10.0; Win64; x64) AppleWebKit/537.36 (KHTML, like Gecko) Chrome/131.0.0.0 Safari/537.36"
36.133.115.36 - - [24/May/2026:23:07:50 +0800] "POST /wp-cron.php?doing_wp_cron=1779635270.8170409202575683593750 HTTP/1.1" 200 31 "-" "WordPress/6.9; http://cqqizhou.com"
36.133.108.125 - - [24/May/2026:23:07:50 +0800] "HEAD /SDK/webLanguage HTTP/1.1" 404 0 "-" "Mozilla/5.0 (Windows; U; Windows NT 6.1; ja-JP) AppleWebKit/533.20.25 (KHTML, like Gecko) Version/5.0.3 Safari/533.19.4"
36.133.115.36 - - [24/May/2026:23:08:28 +0800] "POST /wp-cron.php?doing_wp_cron=1779635308.4459700584411621093750 HTTP/1.1" 200 31 "-" "WordPress/6.9; http://cqqizhou.com"
93.123.72.166 - - [24/May/2026:23:08:28 +0800] "GET /SDK/webLanguage HTTP/1.1" 301 5 "-" "Mozilla/5.0 (Windows NT 10.0; Win64; x64) AppleWebKit/537.36 (KHTML, like Gecko) Chrome/90.0.4430.85 Safari/537.36 Edg/90.0.818.46"
36.133.115.36 - - [24/May/2026:23:10:32 +0800] "POST /wp-cron.php?doing_wp_cron=1779635432.4951479434967041015625 HTTP/1.1" 200 31 "-" "WordPress/6.9; http://cqqizhou.com"
43.161.251.162 - - [24/May/2026:23:10:32 +0800] "GET / HTTP/1.1" 200 35084 "-" "Mozilla/5.0 (iPhone; CPU iPhone OS 13_2_3 like Mac OS X) AppleWebKit/605.1.15 (KHTML, like Gecko) Version/13.0.3 Mobile/15E148 Safari/604.1"
36.133.115.36 - - [24/May/2026:23:16:40 +0800] "POST /wp-cron.php?doing_wp_cron=1779635800.4357790946960449218750 HTTP/1.1" 200 31 "-" "WordPress/6.9; http://cqqizhou.com"
145.223.132.208 - - [24/May/2026:23:16:40 +0800] "GET /2165/ HTTP/1.1" 301 5 "-" "Mozilla/5.0 (Macintosh; Intel Mac OS X 13_5) AppleWebKit/605.1.15 (KHTML, like Gecko) Version/17.0 Safari/260.1"
145.223.132.208 - - [24/May/2026:23:16:40 +0800] "GET /news/2165 HTTP/1.1" 200 27408 "-" "Mozilla/5.0 (Macintosh; Intel Mac OS X 13_5) AppleWebKit/605.1.15 (KHTML, like Gecko) Version/17.0 Safari/260.1"
36.133.115.36 - - [24/May/2026:23:21:25 +0800] "POST /wp-cron.php?doing_wp_cron=1779636085.0884630680084228515625 HTTP/1.1" 200 31 "-" "WordPress/6.9; http://cqqizhou.com"
111.43.149.156 - - [24/May/2026:23:21:25 +0800] "GET /contacts/ HTTP/1.1" 301 5 "-" "Mozilla/5.0 (Windows NT 10.0; Win64; x64) AppleWebKit/537.36 (KHTML, like Gecko) Chrome/136.0.0.0 Safari/537.36"
111.43.149.156 - - [24/May/2026:23:21:25 +0800] "GET http://cqqizhou.com/contacts HTTP/1.1" 200 22098 "-" "Mozilla/5.0 (Windows NT 10.0; Win64; x64) AppleWebKit/537.36 (KHTML, like Gecko) Chrome/136.0.0.0 Safari/537.36"
36.133.115.36 - - [24/May/2026:23:38:09 +0800] "POST /wp-cron.php?doing_wp_cron=1779637089.5934479236602783203125 HTTP/1.1" 200 31 "-" "WordPress/6.9; http://cqqizhou.com"
183.136.238.105 - - [24/May/2026:23:38:09 +0800] "GET /front/static/ueditor/ueditor.config.js.gz HTTP/1.1" 404 9409 "-" "Mozilla/5.0 (Windows NT 10.0; Win64; x64) AppleWebKit/537.36"
36.133.115.36 - - [24/May/2026:23:43:03 +0800] "POST /wp-cron.php?doing_wp_cron=1779637383.0847439765930175781250 HTTP/1.1" 200 31 "-" "WordPress/6.9; http://cqqizhou.com"
43.133.41.88 - - [24/May/2026:23:43:03 +0800] "GET / HTTP/1.1" 200 35085 "-" "Mozilla/5.0 (iPhone; CPU iPhone OS 13_2_3 like Mac OS X) AppleWebKit/605.1.15 (KHTML, like Gecko) Version/13.0.3 Mobile/15E148 Safari/604.1"