110.199.26.178 - - [19/May/2026:11:13:18 +0800] "GET /about HTTP/1.1" 200 30559 "-" "Mozilla/5.0 (Windows NT 10.0; Win64; x64) AppleWebKit/537.36 (KHTML, like Gecko) Chrome/126.0.6478.127 Safari/537.36"
36.133.115.36 - - [19/May/2026:11:32:32 +0800] "POST /wp-cron.php?doing_wp_cron=1779161552.6168599128723144531250 HTTP/1.1" 200 31 "-" "WordPress/6.9; http://cqqizhou.com"
103.77.246.173 - - [19/May/2026:11:32:32 +0800] "GET / HTTP/1.1" 200 158607 "-" "-"
36.133.115.36 - - [19/May/2026:11:53:20 +0800] "POST /wp-cron.php?doing_wp_cron=1779162800.7874550819396972656250 HTTP/1.1" 200 31 "-" "WordPress/6.9; http://cqqizhou.com"
66.132.195.88 - - [19/May/2026:11:53:20 +0800] "GET / HTTP/1.1" 301 5 "-" "Mozilla/5.0 (compatible; CensysInspect/1.1; +https://about.censys.io/)"
36.133.115.36 - - [19/May/2026:12:02:35 +0800] "POST /wp-cron.php?doing_wp_cron=1779163355.7656419277191162109375 HTTP/1.1" 200 31 "-" "WordPress/6.9; http://cqqizhou.com"
188.240.59.38 - - [19/May/2026:12:02:35 +0800] "GET / HTTP/1.1" 301 5 "-" "Mozilla/5.0 (compatible; Infrawatch/1.0; +https://infrawat.ch/)"
36.133.115.36 - - [19/May/2026:12:09:30 +0800] "POST /wp-cron.php?doing_wp_cron=1779163770.8949470520019531250000 HTTP/1.1" 200 31 "-" "WordPress/6.9; http://cqqizhou.com"
114.106.135.121 - - [19/May/2026:12:09:30 +0800] "GET /news/2552 HTTP/1.1" 200 25767 "-" "Mozilla/5.0 (Macintosh; Intel Mac OS X 10_15_7) AppleWebKit/537.36 (KHTML, like Gecko) Chrome/140.0.0.0 Safari/537.36"
156.245.205.68 - - [19/May/2026:12:10:55 +0800] "GET /admin/lib/webuploader/0.1.5/server/preview.php HTTP/1.1" 404 47 "-" "Mozilla/5.0 (Windows NT 10.0; WOW64; rv:48.0) Gecko/20100101 Firefox/48.0"
36.133.115.36 - - [19/May/2026:12:17:47 +0800] "POST /wp-cron.php?doing_wp_cron=1779164267.8528749942779541015625 HTTP/1.1" 200 31 "-" "WordPress/6.9; http://cqqizhou.com"
93.123.72.166 - - [19/May/2026:12:17:47 +0800] "GET /SDK/webLanguage HTTP/1.1" 301 5 "-" "Mozilla/5.0 (Windows NT 10.0; Win64; x64) AppleWebKit/537.36 (KHTML, like Gecko) Chrome/90.0.4430.85 Safari/537.36 Edg/90.0.818.46"
36.133.115.36 - - [19/May/2026:12:20:53 +0800] "POST /wp-cron.php?doing_wp_cron=1779164453.4625320434570312500000 HTTP/1.1" 200 31 "-" "WordPress/6.9; http://cqqizhou.com"
123.113.195.147 - - [19/May/2026:12:20:53 +0800] "GET /contacts/ HTTP/1.1" 301 5 "-" "Mozilla/5.0 (Windows NT 10.0; Win64; x64) AppleWebKit/537.36 (KHTML, like Gecko) Chrome/136.0.0.0 Safari/537.36"
123.113.195.147 - - [19/May/2026:12:20:53 +0800] "GET http://cqqizhou.com/contacts HTTP/1.1" 200 22096 "-" "Mozilla/5.0 (Windows NT 10.0; Win64; x64) AppleWebKit/537.36 (KHTML, like Gecko) Chrome/136.0.0.0 Safari/537.36"
183.207.45.106 - - [19/May/2026:12:32:31 +0800] "GET / HTTP/1.1" 200 41059 "-" "Mozilla/5.0 (Windows NT 10.0; Win64; x64) AppleWebKit/537.36 (KHTML, like Gecko) Chrome/107.0.0.0 Safari/537.36"
36.133.115.36 - - [19/May/2026:12:32:32 +0800] "POST /wp-cron.php?doing_wp_cron=1779165152.2688438892364501953125 HTTP/1.1" 200 31 "-" "WordPress/6.9; http://cqqizhou.com"
183.207.45.106 - - [19/May/2026:12:32:32 +0800] "GET /news/2547 HTTP/1.1" 200 25193 "-" "Mozilla/5.0 (Windows NT 10.0; Win64; x64) AppleWebKit/537.36 (KHTML, like Gecko) Chrome/107.0.0.0 Safari/537.36"
183.207.45.106 - - [19/May/2026:12:32:33 +0800] "GET /industry HTTP/1.1" 200 25146 "-" "Mozilla/5.0 (Windows NT 10.0; Win64; x64) AppleWebKit/537.36 (KHTML, like Gecko) Chrome/107.0.0.0 Safari/537.36"
183.207.45.106 - - [19/May/2026:12:32:34 +0800] "GET /news/2543 HTTP/1.1" 200 22210 "-" "Mozilla/5.0 (Windows NT 10.0; Win64; x64) AppleWebKit/537.36 (KHTML, like Gecko) Chrome/107.0.0.0 Safari/537.36"
183.207.45.106 - - [19/May/2026:12:32:34 +0800] "GET /work-safety HTTP/1.1" 200 24946 "-" "Mozilla/5.0 (Windows NT 10.0; Win64; x64) AppleWebKit/537.36 (KHTML, like Gecko) Chrome/107.0.0.0 Safari/537.36"
183.207.45.106 - - [19/May/2026:12:32:34 +0800] "GET /news/2552 HTTP/1.1" 200 25787 "-" "Mozilla/5.0 (Windows NT 10.0; Win64; x64) AppleWebKit/537.36 (KHTML, like Gecko) Chrome/107.0.0.0 Safari/537.36"
183.207.45.106 - - [19/May/2026:12:32:35 +0800] "GET /club/ HTTP/1.1" 301 5 "-" "Mozilla/5.0 (Windows NT 10.0; Win64; x64) AppleWebKit/537.36 (KHTML, like Gecko) Chrome/107.0.0.0 Safari/537.36"
183.207.45.106 - - [19/May/2026:12:32:36 +0800] "GET /club HTTP/1.1" 200 12519 "-" "Mozilla/5.0 (Windows NT 10.0; Win64; x64) AppleWebKit/537.36 (KHTML, like Gecko) Chrome/107.0.0.0 Safari/537.36"
183.207.45.106 - - [19/May/2026:12:32:37 +0800] "GET /news/2559 HTTP/1.1" 200 20826 "-" "Mozilla/5.0 (Windows NT 10.0; Win64; x64) AppleWebKit/537.36 (KHTML, like Gecko) Chrome/107.0.0.0 Safari/537.36"
183.207.45.106 - - [19/May/2026:12:32:38 +0800] "GET /company-news HTTP/1.1" 200 26374 "-" "Mozilla/5.0 (Windows NT 10.0; Win64; x64) AppleWebKit/537.36 (KHTML, like Gecko) Chrome/107.0.0.0 Safari/537.36"
183.207.45.106 - - [19/May/2026:12:32:39 +0800] "GET /bug HTTP/1.1" 200 13270 "-" "Mozilla/5.0 (Windows NT 10.0; Win64; x64) AppleWebKit/537.36 (KHTML, like Gecko) Chrome/107.0.0.0 Safari/537.36"
183.207.45.106 - - [19/May/2026:12:32:39 +0800] "GET /news/2572 HTTP/1.1" 200 23851 "-" "Mozilla/5.0 (Windows NT 10.0; Win64; x64) AppleWebKit/537.36 (KHTML, like Gecko) Chrome/107.0.0.0 Safari/537.36"
183.207.45.106 - - [19/May/2026:12:32:39 +0800] "GET /material.html HTTP/1.1" 200 6459 "-" "Mozilla/5.0 (Windows NT 10.0; Win64; x64) AppleWebKit/537.36 (KHTML, like Gecko) Chrome/107.0.0.0 Safari/537.36"
183.207.45.106 - - [19/May/2026:12:32:39 +0800] "GET / HTTP/1.1" 200 41059 "-" "Mozilla/5.0 (Windows NT 10.0; Win64; x64) AppleWebKit/537.36 (KHTML, like Gecko) Chrome/107.0.0.0 Safari/537.36"
183.207.45.106 - - [19/May/2026:12:32:40 +0800] "GET /news/portfolio-category/remaining-rolls HTTP/1.1" 200 21561 "-" "Mozilla/5.0 (Windows NT 10.0; Win64; x64) AppleWebKit/537.36 (KHTML, like Gecko) Chrome/107.0.0.0 Safari/537.36"
183.207.45.106 - - [19/May/2026:12:32:40 +0800] "GET /news/portfolio/remaining-rolls HTTP/1.1" 200 22776 "-" "Mozilla/5.0 (Windows NT 10.0; Win64; x64) AppleWebKit/537.36 (KHTML, like Gecko) Chrome/107.0.0.0 Safari/537.36"
183.207.45.106 - - [19/May/2026:12:32:41 +0800] "GET /news/portfolio-category/hot-dip-galvanized-coil HTTP/1.1" 200 21593 "-" "Mozilla/5.0 (Windows NT 10.0; Win64; x64) AppleWebKit/537.36 (KHTML, like Gecko) Chrome/107.0.0.0 Safari/537.36"
183.207.45.106 - - [19/May/2026:12:32:42 +0800] "GET /news/portfolio/hot-dip-galvanized-coil HTTP/1.1" 200 22894 "-" "Mozilla/5.0 (Windows NT 10.0; Win64; x64) AppleWebKit/537.36 (KHTML, like Gecko) Chrome/107.0.0.0 Safari/537.36"
183.207.45.106 - - [19/May/2026:12:32:43 +0800] "GET /news/portfolio-category/dual-phase-steel HTTP/1.1" 200 21581 "-" "Mozilla/5.0 (Windows NT 10.0; Win64; x64) AppleWebKit/537.36 (KHTML, like Gecko) Chrome/107.0.0.0 Safari/537.36"
183.207.45.106 - - [19/May/2026:12:32:44 +0800] "GET /news/portfolio/duplex-stainless-steel HTTP/1.1" 200 22743 "-" "Mozilla/5.0 (Windows NT 10.0; Win64; x64) AppleWebKit/537.36 (KHTML, like Gecko) Chrome/107.0.0.0 Safari/537.36"
183.207.45.106 - - [19/May/2026:12:32:45 +0800] "GET /feed HTTP/1.1" 200 44405 "-" "Mozilla/5.0 (Windows NT 10.0; Win64; x64) AppleWebKit/537.36 (KHTML, like Gecko) Chrome/107.0.0.0 Safari/537.36"
183.207.45.106 - - [19/May/2026:12:32:45 +0800] "GET /comments/feed HTTP/1.1" 200 703 "-" "Mozilla/5.0 (Windows NT 10.0; Win64; x64) AppleWebKit/537.36 (KHTML, like Gecko) Chrome/107.0.0.0 Safari/537.36"
183.207.45.106 - - [19/May/2026:12:32:46 +0800] "GET /news/portfolio-category/cold-rolled-coil HTTP/1.1" 200 21589 "-" "Mozilla/5.0 (Windows NT 10.0; Win64; x64) AppleWebKit/537.36 (KHTML, like Gecko) Chrome/107.0.0.0 Safari/537.36"
183.207.45.106 - - [19/May/2026:12:32:47 +0800] "GET /wp-json/oembed/1.0/embed?url=http%3A%2F%2Fcqqizhou.com%2F HTTP/1.1" 200 1131 "-" "Mozilla/5.0 (Windows NT 10.0; Win64; x64) AppleWebKit/537.36 (KHTML, like Gecko) Chrome/107.0.0.0 Safari/537.36"
183.207.45.106 - - [19/May/2026:12:32:48 +0800] "GET /news/portfolio/%e5%86%b7%e8%bd%a7%e6%9d%bf HTTP/1.1" 200 22695 "-" "Mozilla/5.0 (Windows NT 10.0; Win64; x64) AppleWebKit/537.36 (KHTML, like Gecko) Chrome/107.0.0.0 Safari/537.36"
183.207.45.106 - - [19/May/2026:12:32:48 +0800] "GET / HTTP/1.1" 200 41059 "-" "Mozilla/5.0 (Windows NT 10.0; Win64; x64) AppleWebKit/537.36 (KHTML, like Gecko) Chrome/107.0.0.0 Safari/537.36"
183.207.45.106 - - [19/May/2026:12:32:48 +0800] "GET / HTTP/1.1" 200 41059 "-" "Mozilla/5.0 (Windows NT 10.0; Win64; x64) AppleWebKit/537.36 (KHTML, like Gecko) Chrome/107.0.0.0 Safari/537.36"
183.207.45.106 - - [19/May/2026:12:32:48 +0800] "GET / HTTP/1.1" 200 41059 "-" "Mozilla/5.0 (Windows NT 10.0; Win64; x64) AppleWebKit/537.36 (KHTML, like Gecko) Chrome/107.0.0.0 Safari/537.36"
183.207.45.106 - - [19/May/2026:12:32:49 +0800] "GET /logistics/ HTTP/1.1" 301 5 "-" "Mozilla/5.0 (Windows NT 10.0; Win64; x64) AppleWebKit/537.36 (KHTML, like Gecko) Chrome/107.0.0.0 Safari/537.36"
183.207.45.106 - - [19/May/2026:12:32:49 +0800] "GET /logistics HTTP/1.1" 200 26176 "-" "Mozilla/5.0 (Windows NT 10.0; Win64; x64) AppleWebKit/537.36 (KHTML, like Gecko) Chrome/107.0.0.0 Safari/537.36"
183.207.45.106 - - [19/May/2026:12:32:50 +0800] "GET /services/ HTTP/1.1" 301 5 "-" "Mozilla/5.0 (Windows NT 10.0; Win64; x64) AppleWebKit/537.36 (KHTML, like Gecko) Chrome/107.0.0.0 Safari/537.36"
183.207.45.106 - - [19/May/2026:12:32:50 +0800] "GET /services HTTP/1.1" 200 32190 "-" "Mozilla/5.0 (Windows NT 10.0; Win64; x64) AppleWebKit/537.36 (KHTML, like Gecko) Chrome/107.0.0.0 Safari/537.36"
183.207.45.106 - - [19/May/2026:12:32:50 +0800] "GET /contacts HTTP/1.1" 200 22096 "-" "Mozilla/5.0 (Windows NT 10.0; Win64; x64) AppleWebKit/537.36 (KHTML, like Gecko) Chrome/107.0.0.0 Safari/537.36"
183.207.45.106 - - [19/May/2026:12:32:50 +0800] "GET / HTTP/1.1" 200 41059 "-" "Mozilla/5.0 (Windows NT 10.0; Win64; x64) AppleWebKit/537.36 (KHTML, like Gecko) Chrome/107.0.0.0 Safari/537.36"
183.207.45.106 - - [19/May/2026:12:32:51 +0800] "GET /contacts/ HTTP/1.1" 301 5 "-" "Mozilla/5.0 (Windows NT 10.0; Win64; x64) AppleWebKit/537.36 (KHTML, like Gecko) Chrome/107.0.0.0 Safari/537.36"
183.207.45.106 - - [19/May/2026:12:32:51 +0800] "GET /contacts HTTP/1.1" 200 22096 "-" "Mozilla/5.0 (Windows NT 10.0; Win64; x64) AppleWebKit/537.36 (KHTML, like Gecko) Chrome/107.0.0.0 Safari/537.36"
183.207.45.106 - - [19/May/2026:12:32:52 +0800] "GET /news HTTP/1.1" 200 26035 "-" "Mozilla/5.0 (Windows NT 10.0; Win64; x64) AppleWebKit/537.36 (KHTML, like Gecko) Chrome/107.0.0.0 Safari/537.36"
183.207.45.106 - - [19/May/2026:12:32:53 +0800] "GET /media HTTP/1.1" 200 32260 "-" "Mozilla/5.0 (Windows NT 10.0; Win64; x64) AppleWebKit/537.36 (KHTML, like Gecko) Chrome/107.0.0.0 Safari/537.36"
183.207.45.106 - - [19/May/2026:12:32:53 +0800] "GET /logistics HTTP/1.1" 200 26176 "-" "Mozilla/5.0 (Windows NT 10.0; Win64; x64) AppleWebKit/537.36 (KHTML, like Gecko) Chrome/107.0.0.0 Safari/537.36"
183.207.45.106 - - [19/May/2026:12:32:53 +0800] "GET /services HTTP/1.1" 200 32190 "-" "Mozilla/5.0 (Windows NT 10.0; Win64; x64) AppleWebKit/537.36 (KHTML, like Gecko) Chrome/107.0.0.0 Safari/537.36"
183.207.45.106 - - [19/May/2026:12:32:53 +0800] "GET /about HTTP/1.1" 200 30559 "-" "Mozilla/5.0 (Windows NT 10.0; Win64; x64) AppleWebKit/537.36 (KHTML, like Gecko) Chrome/107.0.0.0 Safari/537.36"
183.207.45.106 - - [19/May/2026:12:32:53 +0800] "GET / HTTP/1.1" 200 41059 "-" "Mozilla/5.0 (Windows NT 10.0; Win64; x64) AppleWebKit/537.36 (KHTML, like Gecko) Chrome/107.0.0.0 Safari/537.36"
183.207.45.106 - - [19/May/2026:12:32:54 +0800] "GET /wp-content/uploads/2026/02/1769999241-4.2%E7%B1%B3%E9%AB%98%E6%A0%8F%E8%B4%A7%E8%BD%A6.webp HTTP/1.1" 200 54794 "-" "Mozilla/5.0 (Windows NT 10.0; Win64; x64) AppleWebKit/537.36 (KHTML, like Gecko) Chrome/107.0.0.0 Safari/537.36"
183.207.45.106 - - [19/May/2026:12:32:54 +0800] "GET /wp-content/uploads/2026/04/1775698332-Article_images_W900px.webp HTTP/1.1" 200 49852 "-" "Mozilla/5.0 (Windows NT 10.0; Win64; x64) AppleWebKit/537.36 (KHTML, like Gecko) Chrome/107.0.0.0 Safari/537.36"
183.207.45.106 - - [19/May/2026:12:32:54 +0800] "GET /wp-content/uploads/2026/04/1775865780-1Article_images_W900px.webp HTTP/1.1" 200 41840 "-" "Mozilla/5.0 (Windows NT 10.0; Win64; x64) AppleWebKit/537.36 (KHTML, like Gecko) Chrome/107.0.0.0 Safari/537.36"
183.207.45.106 - - [19/May/2026:12:32:54 +0800] "GET /wp-content/uploads/2026/04/1777513410-1Article_images_W900px.webp HTTP/1.1" 200 30786 "-" "Mozilla/5.0 (Windows NT 10.0; Win64; x64) AppleWebKit/537.36 (KHTML, like Gecko) Chrome/107.0.0.0 Safari/537.36"
183.207.45.106 - - [19/May/2026:12:32:54 +0800] "GET /wp-content/uploads/2026/05/1779059685-1Article_images_W900px.webp HTTP/1.1" 200 50738 "-" "Mozilla/5.0 (Windows NT 10.0; Win64; x64) AppleWebKit/537.36 (KHTML, like Gecko) Chrome/107.0.0.0 Safari/537.36"
183.207.45.106 - - [19/May/2026:12:32:54 +0800] "GET /wp-content/uploads/2025/07/1753453127-%E4%BD%99%E5%8D%B7product_Single600%C3%97284.webp HTTP/1.1" 200 18744 "-" "Mozilla/5.0 (Windows NT 10.0; Win64; x64) AppleWebKit/537.36 (KHTML, like Gecko) Chrome/107.0.0.0 Safari/537.36"
183.207.45.106 - - [19/May/2026:12:32:54 +0800] "GET /wp-content/uploads/2025/07/1753456770-%E7%83%AD%E9%95%80%E9%94%8C%E5%8D%B7product_Single600.webp HTTP/1.1" 200 27502 "-" "Mozilla/5.0 (Windows NT 10.0; Win64; x64) AppleWebKit/537.36 (KHTML, like Gecko) Chrome/107.0.0.0 Safari/537.36"
183.207.45.106 - - [19/May/2026:12:32:54 +0800] "GET /wp-content/uploads/2025/07/1753453096-%E5%8F%8C%E7%9B%B8%E9%92%A2product_Single600%C3%97284.webp HTTP/1.1" 200 14562 "-" "Mozilla/5.0 (Windows NT 10.0; Win64; x64) AppleWebKit/537.36 (KHTML, like Gecko) Chrome/107.0.0.0 Safari/537.36"
183.207.45.106 - - [19/May/2026:12:32:54 +0800] "GET /wp-content/uploads/2025/07/1753456723-%E5%8F%8C%E7%9B%B8%E9%92%A2roduct_Single600.webp HTTP/1.1" 200 22790 "-" "Mozilla/5.0 (Windows NT 10.0; Win64; x64) AppleWebKit/537.36 (KHTML, like Gecko) Chrome/107.0.0.0 Safari/537.36"
183.207.45.106 - - [19/May/2026:12:32:54 +0800] "GET /wp-content/uploads/2025/07/1751425283-qizhou.kf_.qq_.com_.webp HTTP/1.1" 200 16864 "-" "Mozilla/5.0 (Windows NT 10.0; Win64; x64) AppleWebKit/537.36 (KHTML, like Gecko) Chrome/107.0.0.0 Safari/537.36"
183.207.45.106 - - [19/May/2026:12:32:54 +0800] "GET /wp-content/uploads/revslider/slider-1/1750861156-logistics_Slider_3840%C3%972160_20250625191356-scaled.webp HTTP/1.1" 200 197360 "-" "Mozilla/5.0 (Windows NT 10.0; Win64; x64) AppleWebKit/537.36 (KHTML, like Gecko) Chrome/107.0.0.0 Safari/537.36"
183.207.45.106 - - [19/May/2026:12:32:54 +0800] "GET /wp-content/uploads/2026/01/1768276119-qizhoujiagong_Slider_3840%C3%972160_20260113-scaled.webp HTTP/1.1" 200 131696 "-" "Mozilla/5.0 (Windows NT 10.0; Win64; x64) AppleWebKit/537.36 (KHTML, like Gecko) Chrome/107.0.0.0 Safari/537.36"
183.207.45.106 - - [19/May/2026:12:32:54 +0800] "GET /wp-content/uploads/2025/12/1765268955-qizhou_Slider1_3840%C3%972160_20251210-scaled.webp HTTP/1.1" 200 152162 "-" "Mozilla/5.0 (Windows NT 10.0; Win64; x64) AppleWebKit/537.36 (KHTML, like Gecko) Chrome/107.0.0.0 Safari/537.36"
36.133.115.36 - - [19/May/2026:12:44:15 +0800] "POST /wp-cron.php?doing_wp_cron=1779165855.9542250633239746093750 HTTP/1.1" 200 31 "-" "WordPress/6.9; http://cqqizhou.com"
45.148.10.67 - - [19/May/2026:12:44:15 +0800] "GET / HTTP/1.1" 200 35171 "-" "Mozilla/5.0 (Windows NT 10.0; Win64; x64) AppleWebKit/537.36 (KHTML, like Gecko) Chrome/131.0.0.0 Safari/537.36"
36.133.115.36 - - [19/May/2026:13:08:31 +0800] "POST /wp-cron.php?doing_wp_cron=1779167311.5428860187530517578125 HTTP/1.1" 200 31 "-" "WordPress/6.9; http://cqqizhou.com"
34.76.180.105 - - [19/May/2026:13:08:31 +0800] "GET / HTTP/1.1" 200 35171 "-" "Mozilla/5.0 (Windows NT 10.0; Win64; x64) AppleWebKit/537.36 (KHTML, like Gecko) Chrome/127.0.0.0 Safari/537.36"
36.133.115.36 - - [19/May/2026:13:26:56 +0800] "POST /wp-cron.php?doing_wp_cron=1779168416.2299880981445312500000 HTTP/1.1" 200 31 "-" "WordPress/6.9; http://cqqizhou.com"
193.26.115.151 - - [19/May/2026:13:26:56 +0800] "GET /.env.staging HTTP/1.1" 404 9407 "-" "Mozilla/5.0 (Windows NT 10.0; Win64; x64) AppleWebKit/537.36 (KHTML, like Gecko) Chrome/70.0.3538.80 Safari/537.36"
36.133.115.36 - - [19/May/2026:14:18:05 +0800] "POST /wp-cron.php?doing_wp_cron=1779171485.8075270652770996093750 HTTP/1.1" 200 31 "-" "WordPress/6.9; http://cqqizhou.com"
112.23.21.52 - - [19/May/2026:14:18:05 +0800] "GET /contacts/ HTTP/1.1" 301 5 "-" "Mozilla/5.0 (Windows NT 10.0; Win64; x64) AppleWebKit/537.36 (KHTML, like Gecko) Chrome/136.0.0.0 Safari/537.36"
112.23.21.52 - - [19/May/2026:14:18:05 +0800] "GET http://cqqizhou.com/contacts HTTP/1.1" 200 22096 "-" "Mozilla/5.0 (Windows NT 10.0; Win64; x64) AppleWebKit/537.36 (KHTML, like Gecko) Chrome/136.0.0.0 Safari/537.36"
36.133.115.36 - - [19/May/2026:14:21:44 +0800] "POST /wp-cron.php?doing_wp_cron=1779171704.7191329002380371093750 HTTP/1.1" 200 31 "-" "WordPress/6.9; http://cqqizhou.com"
36.133.108.125 - - [19/May/2026:14:21:44 +0800] "HEAD /SDK/webLanguage HTTP/1.1" 404 0 "-" "Mozilla/5.0 (Macintosh; Intel Mac OS X 10.8; rv:21.0) Gecko/20100101 Firefox/21.0"
36.133.115.36 - - [19/May/2026:14:25:56 +0800] "POST /wp-cron.php?doing_wp_cron=1779171956.9098060131072998046875 HTTP/1.1" 200 31 "-" "WordPress/6.9; http://cqqizhou.com"
111.225.148.21 - - [19/May/2026:14:25:56 +0800] "GET / HTTP/1.1" 200 35171 "-" "Mozilla/5.0 (Linux; Android 5.0) AppleWebKit/537.36 (KHTML, like Gecko) Mobile Safari/537.36 (compatible; Bytespider; https://zhanzhang.toutiao.com/)"
111.225.148.160 - - [19/May/2026:14:25:57 +0800] "GET /wp-content/uploads/2025/07/1751425283-qizhou.kf_.qq_.com_.webp HTTP/1.1" 206 500 "http://cqqizhou.com/" "Mozilla/5.0 (Linux; Android 5.0) AppleWebKit/537.36 (KHTML, like Gecko) Mobile Safari/537.36 (compatible; Bytespider; https://zhanzhang.toutiao.com/)"
36.133.115.36 - - [19/May/2026:14:34:44 +0800] "POST /wp-cron.php?doing_wp_cron=1779172484.2586319446563720703125 HTTP/1.1" 200 31 "-" "WordPress/6.9; http://cqqizhou.com"
14.29.109.25 - - [19/May/2026:14:34:44 +0800] "GET /2418/ HTTP/1.1" 301 5 "-" "Mozilla/5.0 (Windows NT 10.0; Win64; x64) AppleWebKit/537.36 (KHTML, like Gecko) Chrome/133.0.0.0 Safari/537.36"
219.136.244.21 - - [19/May/2026:14:34:45 +0800] "GET /news/2418 HTTP/1.1" 200 24069 "-" "Mozilla/5.0 (Windows NT 10.0; Win64; x64) AppleWebKit/537.36 (KHTML, like Gecko) Chrome/133.0.0.0 Safari/537.36"
36.133.115.36 - - [19/May/2026:14:44:56 +0800] "POST /wp-cron.php?doing_wp_cron=1779173096.2730090618133544921875 HTTP/1.1" 200 31 "-" "WordPress/6.9; http://cqqizhou.com"
143.20.185.242 - - [19/May/2026:14:44:56 +0800] "GET / HTTP/1.1" 200 108018 "-" "-"
58.222.194.182 - - [19/May/2026:15:02:29 +0800] "GET /phpmyadmin/index.php HTTP/1.1" 404 27 "-" "Mozilla/5.0 (Windows NT 10.0; WOW64) AppleWebKit/537.36 (KHTML, like Gecko) Chrome/69.0.3464.0 Safari/537.36"
58.222.194.182 - - [19/May/2026:15:02:30 +0800] "GET /pmd/index.php HTTP/1.1" 404 27 "-" "Mozilla/5.0 (Windows NT 10.0; WOW64) AppleWebKit/537.36 (KHTML, like Gecko) Chrome/69.0.3464.0 Safari/537.36"
58.222.194.182 - - [19/May/2026:15:02:31 +0800] "GET /phpmyadmin4.8.5/index.php HTTP/1.1" 404 27 "-" "Mozilla/5.0 (Windows NT 10.0; WOW64) AppleWebKit/537.36 (KHTML, like Gecko) Chrome/69.0.3464.0 Safari/537.36"
36.133.115.36 - - [19/May/2026:15:08:28 +0800] "POST /wp-cron.php?doing_wp_cron=1779174508.1283199787139892578125 HTTP/1.1" 200 31 "-" "WordPress/6.9; http://cqqizhou.com"
110.249.202.220 - - [19/May/2026:15:08:28 +0800] "GET / HTTP/1.1" 200 35172 "-" "Mozilla/5.0 (Linux; Android 5.0) AppleWebKit/537.36 (KHTML, like Gecko) Mobile Safari/537.36 (compatible; Bytespider; https://zhanzhang.toutiao.com/)"
110.249.202.12 - - [19/May/2026:15:08:28 +0800] "GET /wp-content/uploads/2025/07/1751425283-qizhou.kf_.qq_.com_.webp HTTP/1.1" 206 500 "http://cqqizhou.com/" "Mozilla/5.0 (Linux; Android 5.0) AppleWebKit/537.36 (KHTML, like Gecko) Mobile Safari/537.36 (compatible; Bytespider; https://zhanzhang.toutiao.com/)"
112.41.68.178 - - [19/May/2026:15:11:26 +0800] "GET / HTTP/1.1" 200 41059 "-" "Mozilla/5.0 (Macintosh; Intel Mac OS X 10_15_7) AppleWebKit/537.36 (KHTML, like Gecko) Chrome/106.0.0.0 Safari/537.36"
36.133.115.36 - - [19/May/2026:15:52:47 +0800] "POST /wp-cron.php?doing_wp_cron=1779177167.9302139282226562500000 HTTP/1.1" 200 31 "-" "WordPress/6.9; http://cqqizhou.com"
110.249.201.15 - - [19/May/2026:15:52:47 +0800] "GET /robots.txt HTTP/1.1" 200 190 "-" "Mozilla/5.0 (Linux; Android 5.0) AppleWebKit/537.36 (KHTML, like Gecko) Mobile Safari/537.36 (compatible; Bytespider; https://zhanzhang.toutiao.com/)"
36.133.115.36 - - [19/May/2026:15:55:18 +0800] "POST /wp-cron.php?doing_wp_cron=1779177318.9190559387207031250000 HTTP/1.1" 200 31 "-" "WordPress/6.9; http://cqqizhou.com"
170.106.193.108 - - [19/May/2026:15:55:18 +0800] "GET / HTTP/1.1" 301 5 "-" "Mozilla/5.0 (iPhone; CPU iPhone OS 13_2_3 like Mac OS X) AppleWebKit/605.1.15 (KHTML, like Gecko) Version/13.0.3 Mobile/15E148 Safari/604.1"
170.106.193.108 - - [19/May/2026:15:55:21 +0800] "GET / HTTP/1.1" 200 35171 "http://36.133.115.36" "Mozilla/5.0 (iPhone; CPU iPhone OS 13_2_3 like Mac OS X) AppleWebKit/605.1.15 (KHTML, like Gecko) Version/13.0.3 Mobile/15E148 Safari/604.1"
36.133.115.36 - - [19/May/2026:16:23:52 +0800] "POST /wp-cron.php?doing_wp_cron=1779179032.0614609718322753906250 HTTP/1.1" 200 31 "-" "WordPress/6.9; http://cqqizhou.com"
5.61.209.126 - - [19/May/2026:16:23:52 +0800] "GET /SDK/webLanguage HTTP/1.1" 301 5 "-" "Mozilla/5.0 (Windows NT 10.0; Win64; x64) AppleWebKit/537.36 (KHTML, like Gecko) Chrome/90.0.4430.85 Safari/537.36 Edg/90.0.818.46"
36.133.115.36 - - [19/May/2026:16:49:14 +0800] "POST /wp-cron.php?doing_wp_cron=1779180554.3113729953765869140625 HTTP/1.1" 200 31 "-" "WordPress/6.9; http://cqqizhou.com"
93.123.72.166 - - [19/May/2026:16:49:14 +0800] "GET /SDK/webLanguage HTTP/1.1" 301 5 "-" "Mozilla/5.0 (Windows NT 10.0; Win64; x64) AppleWebKit/537.36 (KHTML, like Gecko) Chrome/90.0.4430.85 Safari/537.36 Edg/90.0.818.46"
36.133.115.36 - - [19/May/2026:17:09:52 +0800] "POST /wp-cron.php?doing_wp_cron=1779181792.1165509223937988281250 HTTP/1.1" 200 31 "-" "WordPress/6.9; http://cqqizhou.com"
123.27.165.62 - - [19/May/2026:17:09:52 +0800] "GET /news/2475 HTTP/1.1" 200 27203 "-" "Mozilla/5.0 (Windows NT 10.0; Win64; x64) AppleWebKit/537.36 (KHTML, like Gecko) Chrome/124.0.0.0 Safari/537.36"
121.229.156.94 - - [19/May/2026:17:52:33 +0800] "GET / HTTP/1.1" 200 41059 "-" "Sogou web spider/4.0(+http://www.sogou.com/docs/help/webmasters.htm#07)"
123.18.160.241 - - [19/May/2026:18:03:34 +0800] "GET /industry HTTP/1.1" 200 25165 "-" "Mozilla/5.0 (Windows NT 10.0; Win64; x64) AppleWebKit/537.36 (KHTML, like Gecko) Chrome/124.0.0.0 Safari/537.36"
36.133.115.36 - - [19/May/2026:18:18:31 +0800] "POST /wp-cron.php?doing_wp_cron=1779185911.1303761005401611328125 HTTP/1.1" 200 31 "-" "WordPress/6.9; http://cqqizhou.com"
40.124.174.167 - - [19/May/2026:18:18:31 +0800] "GET / HTTP/1.1" 301 5 "-" "Mozilla/5.0 zgrab/0.x"
36.133.115.36 - - [19/May/2026:18:25:12 +0800] "POST /wp-cron.php?doing_wp_cron=1779186312.4558379650115966796875 HTTP/1.1" 200 31 "-" "WordPress/6.9; http://cqqizhou.com"
43.162.103.165 - - [19/May/2026:18:25:12 +0800] "GET / HTTP/1.1" 200 35171 "-" "Mozilla/5.0 (iPhone; CPU iPhone OS 13_2_3 like Mac OS X) AppleWebKit/605.1.15 (KHTML, like Gecko) Version/13.0.3 Mobile/15E148 Safari/604.1"
36.133.115.36 - - [19/May/2026:18:45:53 +0800] "POST /wp-cron.php?doing_wp_cron=1779187553.2195010185241699218750 HTTP/1.1" 200 31 "-" "WordPress/6.9; http://cqqizhou.com"
27.43.99.197 - - [19/May/2026:18:45:53 +0800] "GET / HTTP/1.1" 301 5 "-" "Mozilla/5.0 (Windows NT 6.1) AppleWebKit/537.36 (KHTML, like Gecko) Chrome/78.0.3904.11"
27.43.99.197 - - [19/May/2026:18:45:53 +0800] "GET http://cqqizhou.com/ HTTP/1.1" 200 41059 "-" "Mozilla/5.0 (Windows NT 6.1) AppleWebKit/537.36 (KHTML, like Gecko) Chrome/78.0.3904.11"
36.133.115.36 - - [19/May/2026:19:16:43 +0800] "POST /wp-cron.php?doing_wp_cron=1779189403.4247469902038574218750 HTTP/1.1" 200 31 "-" "WordPress/6.9; http://cqqizhou.com"
193.26.115.151 - - [19/May/2026:19:16:43 +0800] "GET /.env.local HTTP/1.1" 404 9407 "-" "Mozilla/5.0 (Windows NT 6.3) AppleWebKit/537.36 (KHTML, like Gecko) Chrome/62.0.3202.94 Safari/537.36"
36.133.115.36 - - [19/May/2026:19:28:07 +0800] "POST /wp-cron.php?doing_wp_cron=1779190087.5191481113433837890625 HTTP/1.1" 200 31 "-" "WordPress/6.9; http://cqqizhou.com"
120.221.12.208 - - [19/May/2026:19:28:07 +0800] "GET /services/qzgyl@cq-qizhou.com HTTP/1.1" 404 9407 "-" "Mozilla/5.0 (Windows NT 10.0; Win64; x64) AppleWebKit/537.36 (KHTML, like Gecko) Chrome/142.0.0.0 Safari/537.36"
36.133.115.36 - - [19/May/2026:19:30:08 +0800] "POST /wp-cron.php?doing_wp_cron=1779190208.7468330860137939453125 HTTP/1.1" 200 31 "-" "WordPress/6.9; http://cqqizhou.com"
185.213.174.141 - - [19/May/2026:19:30:08 +0800] "GET /cgi-bin/luci/ HTTP/1.1" 404 32979 "-" "Mozilla/5.0"
36.133.115.36 - - [19/May/2026:19:31:52 +0800] "POST /wp-cron.php?doing_wp_cron=1779190312.2879149913787841796875 HTTP/1.1" 200 31 "-" "WordPress/6.9; http://cqqizhou.com"
120.197.95.54 - - [19/May/2026:19:31:52 +0800] "GET /robots.txt HTTP/1.1" 200 190 "-" "Mozilla/5.0 (Windows NT 10.0; Win64; x64) AppleWebKit/537.36 (KHTML, like Gecko) Chrome/85.0.4272.121 Safari/537.36 Edge/18.18362"
36.133.115.36 - - [19/May/2026:19:32:43 +0800] "POST /wp-cron.php?doing_wp_cron=1779190363.9164021015167236328125 HTTP/1.1" 200 31 "-" "WordPress/6.9; http://cqqizhou.com"
69.5.169.113 - - [19/May/2026:19:32:43 +0800] "GET / HTTP/1.1" 301 5 "-" "Mozilla/5.0 (compatible; Infrawatch/1.0; +https://infrawat.ch/)"
4.204.239.169 - - [19/May/2026:19:38:02 +0800] "GET /wp-content/plugins/hellopress/wp_filemanager.php HTTP/1.1" 404 27 "-" "-"
4.204.239.169 - - [19/May/2026:19:38:02 +0800] "GET /public/wp-blog.php HTTP/1.1" 404 27 "-" "-"
4.204.239.169 - - [19/May/2026:19:38:03 +0800] "GET /wp-blog.php HTTP/1.1" 404 27 "-" "-"
4.204.239.169 - - [19/May/2026:19:38:03 +0800] "GET /casp1.php HTTP/1.1" 404 27 "-" "-"
4.204.239.169 - - [19/May/2026:19:38:03 +0800] "GET /ws78.php HTTP/1.1" 404 27 "-" "-"
4.204.239.169 - - [19/May/2026:19:38:03 +0800] "GET /koiy.php HTTP/1.1" 404 27 "-" "-"
4.204.239.169 - - [19/May/2026:19:38:04 +0800] "GET /wp-png.php HTTP/1.1" 404 27 "-" "-"
4.204.239.169 - - [19/May/2026:19:38:04 +0800] "GET /xa.php HTTP/1.1" 404 27 "-" "-"
4.204.239.169 - - [19/May/2026:19:38:04 +0800] "GET /press.php HTTP/1.1" 404 27 "-" "-"
4.204.239.169 - - [19/May/2026:19:38:05 +0800] "GET /ws88.php HTTP/1.1" 404 27 "-" "-"
4.204.239.169 - - [19/May/2026:19:38:05 +0800] "GET /wxfyf.php HTTP/1.1" 404 27 "-" "-"
36.133.115.36 - - [19/May/2026:19:38:06 +0800] "POST /wp-cron.php?doing_wp_cron=1779190686.4840850830078125000000 HTTP/1.1" 200 31 "-" "WordPress/6.9; http://cqqizhou.com"
4.204.239.169 - - [19/May/2026:19:38:06 +0800] "GET /wp-blog-header.php HTTP/1.1" 404 5 "-" "-"
4.204.239.169 - - [19/May/2026:19:38:07 +0800] "GET /sa.php7 HTTP/1.1" 404 32979 "-" "-"
4.204.239.169 - - [19/May/2026:19:38:08 +0800] "GET /public/ws49.php HTTP/1.1" 404 27 "-" "-"
4.204.239.169 - - [19/May/2026:19:38:08 +0800] "GET /inputs.php HTTP/1.1" 404 27 "-" "-"
4.204.239.169 - - [19/May/2026:19:38:08 +0800] "GET /xxw.php HTTP/1.1" 404 27 "-" "-"
4.204.239.169 - - [19/May/2026:19:38:09 +0800] "GET /amwxl.php HTTP/1.1" 404 27 "-" "-"
4.204.239.169 - - [19/May/2026:19:38:09 +0800] "GET /wp-admin/css/bolt.php HTTP/1.1" 404 27 "-" "-"
4.204.239.169 - - [19/May/2026:19:38:09 +0800] "GET /ws83.php HTTP/1.1" 404 27 "-" "-"
4.204.239.169 - - [19/May/2026:19:38:09 +0800] "GET /amax.php HTTP/1.1" 404 27 "-" "-"
4.204.239.169 - - [19/May/2026:19:38:10 +0800] "GET /zc-104.php HTTP/1.1" 404 27 "-" "-"
4.204.239.169 - - [19/May/2026:19:38:10 +0800] "GET /grsiuk.php HTTP/1.1" 404 27 "-" "-"
4.204.239.169 - - [19/May/2026:19:38:10 +0800] "GET /wp9.php HTTP/1.1" 404 27 "-" "-"
4.204.239.169 - - [19/May/2026:19:38:10 +0800] "GET /aevly.php HTTP/1.1" 404 27 "-" "-"
4.204.239.169 - - [19/May/2026:19:38:11 +0800] "GET /ioxi-o.php HTTP/1.1" 404 27 "-" "-"
4.204.239.169 - - [19/May/2026:19:38:11 +0800] "GET /5b9ac.php HTTP/1.1" 404 27 "-" "-"
4.204.239.169 - - [19/May/2026:19:38:11 +0800] "GET /tool.php HTTP/1.1" 404 27 "-" "-"
4.204.239.169 - - [19/May/2026:19:38:12 +0800] "GET /wp-the.php HTTP/1.1" 404 27 "-" "-"
4.204.239.169 - - [19/May/2026:19:38:12 +0800] "GET /wtiiy.php HTTP/1.1" 404 27 "-" "-"
4.204.239.169 - - [19/May/2026:19:38:12 +0800] "GET /init.php HTTP/1.1" 404 27 "-" "-"
4.204.239.169 - - [19/May/2026:19:38:13 +0800] "GET /wp5.php HTTP/1.1" 404 27 "-" "-"
4.204.239.169 - - [19/May/2026:19:38:13 +0800] "GET /jga.php HTTP/1.1" 404 27 "-" "-"
4.204.239.169 - - [19/May/2026:19:38:13 +0800] "GET /gifclass.php HTTP/1.1" 404 27 "-" "-"
4.204.239.169 - - [19/May/2026:19:38:13 +0800] "GET /ajax.php HTTP/1.1" 404 27 "-" "-"
4.204.239.169 - - [19/May/2026:19:38:14 +0800] "GET /tx78.php HTTP/1.1" 404 27 "-" "-"
4.204.239.169 - - [19/May/2026:19:38:14 +0800] "GET /csv.php HTTP/1.1" 404 27 "-" "-"
4.204.239.169 - - [19/May/2026:19:38:14 +0800] "GET /n3yUmQ6Q9xwQ8ocdefault.php HTTP/1.1" 404 27 "-" "-"
4.204.239.169 - - [19/May/2026:19:38:15 +0800] "GET /ne2026.php HTTP/1.1" 404 27 "-" "-"
4.204.239.169 - - [19/May/2026:19:38:15 +0800] "GET /wp-act.php HTTP/1.1" 404 27 "-" "-"
4.204.239.169 - - [19/May/2026:19:38:15 +0800] "GET /ws86.php HTTP/1.1" 404 27 "-" "-"
4.204.239.169 - - [19/May/2026:19:38:15 +0800] "GET /asd.php HTTP/1.1" 404 27 "-" "-"
4.204.239.169 - - [19/May/2026:19:38:16 +0800] "GET /torsa1.php HTTP/1.1" 404 27 "-" "-"
4.204.239.169 - - [19/May/2026:19:38:16 +0800] "GET /a4.php HTTP/1.1" 404 27 "-" "-"
4.204.239.169 - - [19/May/2026:19:38:16 +0800] "GET /myfile.php HTTP/1.1" 404 27 "-" "-"
4.204.239.169 - - [19/May/2026:19:38:17 +0800] "GET /as.php HTTP/1.1" 404 27 "-" "-"
4.204.239.169 - - [19/May/2026:19:38:17 +0800] "GET /cu.php HTTP/1.1" 404 27 "-" "-"
4.204.239.169 - - [19/May/2026:19:38:17 +0800] "GET /100.php HTTP/1.1" 404 27 "-" "-"
4.204.239.169 - - [19/May/2026:19:38:18 +0800] "GET /666.php HTTP/1.1" 404 27 "-" "-"
4.204.239.169 - - [19/May/2026:19:38:18 +0800] "GET /saorix1.php HTTP/1.1" 404 27 "-" "-"
4.204.239.169 - - [19/May/2026:19:38:18 +0800] "GET /packsin1.php HTTP/1.1" 404 27 "-" "-"
4.204.239.169 - - [19/May/2026:19:38:19 +0800] "GET /menu.php HTTP/1.1" 404 27 "-" "-"
4.204.239.169 - - [19/May/2026:19:38:19 +0800] "GET /admin-footer.php HTTP/1.1" 404 27 "-" "-"
4.204.239.169 - - [19/May/2026:19:38:19 +0800] "GET /shop.php HTTP/1.1" 404 27 "-" "-"
4.204.239.169 - - [19/May/2026:19:38:19 +0800] "GET /maul.php HTTP/1.1" 404 27 "-" "-"
4.204.239.169 - - [19/May/2026:19:38:20 +0800] "GET /wp-blogs.php HTTP/1.1" 404 27 "-" "-"
4.204.239.169 - - [19/May/2026:19:38:20 +0800] "GET /bjfl.php HTTP/1.1" 404 27 "-" "-"
4.204.239.169 - - [19/May/2026:19:38:20 +0800] "GET /xltt.php HTTP/1.1" 404 27 "-" "-"
4.204.239.169 - - [19/May/2026:19:38:21 +0800] "GET /lowpr.php HTTP/1.1" 404 27 "-" "-"
4.204.239.169 - - [19/May/2026:19:38:21 +0800] "GET /term.php HTTP/1.1" 404 27 "-" "-"
4.204.239.169 - - [19/May/2026:19:38:21 +0800] "GET /fs.php HTTP/1.1" 404 27 "-" "-"
4.204.239.169 - - [19/May/2026:19:38:22 +0800] "GET /ortasekerli1.php HTTP/1.1" 404 27 "-" "-"
4.204.239.169 - - [19/May/2026:19:38:22 +0800] "GET /ws80.php HTTP/1.1" 404 27 "-" "-"
4.204.239.169 - - [19/May/2026:19:38:22 +0800] "GET /gk.php HTTP/1.1" 404 27 "-" "-"
4.204.239.169 - - [19/May/2026:19:38:23 +0800] "GET /varb.php HTTP/1.1" 404 27 "-" "-"
4.204.239.169 - - [19/May/2026:19:38:23 +0800] "GET /public/mI35rZhMg1zJ1vuXdefault.php HTTP/1.1" 404 27 "-" "-"
4.204.239.169 - - [19/May/2026:19:38:23 +0800] "GET /classwithtostring.php HTTP/1.1" 404 27 "-" "-"
4.204.239.169 - - [19/May/2026:19:38:23 +0800] "GET /uuu.php HTTP/1.1" 404 27 "-" "-"
4.204.239.169 - - [19/May/2026:19:38:24 +0800] "GET /wp-good.php HTTP/1.1" 404 27 "-" "-"
4.204.239.169 - - [19/May/2026:19:38:24 +0800] "GET /cilus.php HTTP/1.1" 404 27 "-" "-"
4.204.239.169 - - [19/May/2026:19:38:24 +0800] "GET /edit.php HTTP/1.1" 404 27 "-" "-"
4.204.239.169 - - [19/May/2026:19:38:25 +0800] "GET /ws60.php HTTP/1.1" 404 27 "-" "-"
4.204.239.169 - - [19/May/2026:19:38:25 +0800] "GET /rzki.php HTTP/1.1" 404 27 "-" "-"
4.204.239.169 - - [19/May/2026:19:38:25 +0800] "GET /jp.php HTTP/1.1" 404 27 "-" "-"
4.204.239.169 - - [19/May/2026:19:38:25 +0800] "GET /G-In.php HTTP/1.1" 404 27 "-" "-"
4.204.239.169 - - [19/May/2026:19:38:26 +0800] "GET /public/file.php HTTP/1.1" 404 27 "-" "-"
4.204.239.169 - - [19/May/2026:19:38:26 +0800] "GET /bolt.php HTTP/1.1" 404 27 "-" "-"
4.204.239.169 - - [19/May/2026:19:38:26 +0800] "GET /dass.php HTTP/1.1" 404 27 "-" "-"
4.204.239.169 - - [19/May/2026:19:38:27 +0800] "GET /ws85.php HTTP/1.1" 404 27 "-" "-"
4.204.239.169 - - [19/May/2026:19:38:27 +0800] "GET /buc.php HTTP/1.1" 404 27 "-" "-"
4.204.239.169 - - [19/May/2026:19:38:27 +0800] "GET /gptsh.php HTTP/1.1" 404 27 "-" "-"
4.204.239.169 - - [19/May/2026:19:38:27 +0800] "GET /wmore1.php HTTP/1.1" 404 27 "-" "-"
4.204.239.169 - - [19/May/2026:19:38:28 +0800] "GET /a5.php HTTP/1.1" 404 27 "-" "-"
4.204.239.169 - - [19/May/2026:19:38:28 +0800] "GET //nw.php HTTP/1.1" 404 27 "-" "-"
4.204.239.169 - - [19/May/2026:19:38:28 +0800] "GET /155.php HTTP/1.1" 404 27 "-" "-"
4.204.239.169 - - [19/May/2026:19:38:29 +0800] "GET /hots.php HTTP/1.1" 404 27 "-" "-"
4.204.239.169 - - [19/May/2026:19:38:29 +0800] "GET /install.php HTTP/1.1" 404 27 "-" "-"
4.204.239.169 - - [19/May/2026:19:38:30 +0800] "GET /sadcut1.php HTTP/1.1" 404 27 "-" "-"
4.204.239.169 - - [19/May/2026:19:38:30 +0800] "GET /users.php HTTP/1.1" 404 27 "-" "-"
4.204.239.169 - - [19/May/2026:19:38:30 +0800] "GET /wp-p2r3q9c8k4.php HTTP/1.1" 404 27 "-" "-"
4.204.239.169 - - [19/May/2026:19:38:31 +0800] "GET /xwx1.php HTTP/1.1" 404 27 "-" "-"
4.204.239.169 - - [19/May/2026:19:38:31 +0800] "GET /ox.php HTTP/1.1" 404 27 "-" "-"
4.204.239.169 - - [19/May/2026:19:38:31 +0800] "GET /sid3.php HTTP/1.1" 404 27 "-" "-"
4.204.239.169 - - [19/May/2026:19:38:31 +0800] "GET /drhunthq.php HTTP/1.1" 404 27 "-" "-"
4.204.239.169 - - [19/May/2026:19:38:32 +0800] "GET /s.php HTTP/1.1" 404 27 "-" "-"
4.204.239.169 - - [19/May/2026:19:38:32 +0800] "GET /clss.php HTTP/1.1" 404 27 "-" "-"
4.204.239.169 - - [19/May/2026:19:38:32 +0800] "GET /mh.php HTTP/1.1" 404 27 "-" "-"
4.204.239.169 - - [19/May/2026:19:38:33 +0800] "GET /wen.php HTTP/1.1" 404 27 "-" "-"
4.204.239.169 - - [19/May/2026:19:38:33 +0800] "GET /Sanskrit.php HTTP/1.1" 404 27 "-" "-"
4.204.239.169 - - [19/May/2026:19:38:33 +0800] "GET /gettest.php HTTP/1.1" 404 27 "-" "-"
4.204.239.169 - - [19/May/2026:19:38:34 +0800] "GET /bfil.php HTTP/1.1" 404 27 "-" "-"
4.204.239.169 - - [19/May/2026:19:38:34 +0800] "GET /ww.php HTTP/1.1" 404 27 "-" "-"
4.204.239.169 - - [19/May/2026:19:38:35 +0800] "GET /byypas.php HTTP/1.1" 404 27 "-" "-"
4.204.239.169 - - [19/May/2026:19:38:35 +0800] "GET /ms-edit.php HTTP/1.1" 404 27 "-" "-"
4.204.239.169 - - [19/May/2026:19:38:35 +0800] "GET /ws87.php HTTP/1.1" 404 27 "-" "-"
4.204.239.169 - - [19/May/2026:19:38:35 +0800] "GET /aa21.php HTTP/1.1" 404 27 "-" "-"
4.204.239.169 - - [19/May/2026:19:38:36 +0800] "GET /okxh.php HTTP/1.1" 404 27 "-" "-"
4.204.239.169 - - [19/May/2026:19:38:36 +0800] "GET /6kDPjgFTmvS.php HTTP/1.1" 404 27 "-" "-"
4.204.239.169 - - [19/May/2026:19:38:37 +0800] "GET /fsjzs.php HTTP/1.1" 404 27 "-" "-"
4.204.239.169 - - [19/May/2026:19:38:37 +0800] "GET /sale.php HTTP/1.1" 404 27 "-" "-"
4.204.239.169 - - [19/May/2026:19:38:37 +0800] "GET /t00l.php HTTP/1.1" 404 27 "-" "-"
4.204.239.169 - - [19/May/2026:19:38:38 +0800] "GET /wziar1.php HTTP/1.1" 404 27 "-" "-"
4.204.239.169 - - [19/May/2026:19:38:38 +0800] "GET /lib.php HTTP/1.1" 404 27 "-" "-"
4.204.239.169 - - [19/May/2026:19:38:38 +0800] "GET /222.php HTTP/1.1" 404 27 "-" "-"
4.204.239.169 - - [19/May/2026:19:38:38 +0800] "GET /kj.php HTTP/1.1" 404 27 "-" "-"
4.204.239.169 - - [19/May/2026:19:38:39 +0800] "GET /amp.php HTTP/1.1" 404 27 "-" "-"
4.204.239.169 - - [19/May/2026:19:38:39 +0800] "GET /bo.php HTTP/1.1" 404 27 "-" "-"
4.204.239.169 - - [19/May/2026:19:38:39 +0800] "GET /zc-243.php HTTP/1.1" 404 27 "-" "-"
4.204.239.169 - - [19/May/2026:19:38:40 +0800] "GET /ws81.php HTTP/1.1" 404 27 "-" "-"
4.204.239.169 - - [19/May/2026:19:38:40 +0800] "GET /callback.php HTTP/1.1" 404 27 "-" "-"
4.204.239.169 - - [19/May/2026:19:38:40 +0800] "GET /sd.php HTTP/1.1" 404 27 "-" "-"
4.204.239.169 - - [19/May/2026:19:38:41 +0800] "GET /gpt-sh.php HTTP/1.1" 404 27 "-" "-"
4.204.239.169 - - [19/May/2026:19:38:41 +0800] "GET /domains.php HTTP/1.1" 404 27 "-" "-"
36.133.115.36 - - [19/May/2026:19:49:52 +0800] "POST /wp-cron.php?doing_wp_cron=1779191392.0841429233551025390625 HTTP/1.1" 200 31 "-" "WordPress/6.9; http://cqqizhou.com"
129.226.94.52 - - [19/May/2026:19:49:52 +0800] "GET / HTTP/1.1" 200 35171 "-" "Mozilla/5.0 (iPhone; CPU iPhone OS 13_2_3 like Mac OS X) AppleWebKit/605.1.15 (KHTML, like Gecko) Version/13.0.3 Mobile/15E148 Safari/604.1"
36.133.115.36 - - [19/May/2026:19:53:15 +0800] "POST /wp-cron.php?doing_wp_cron=1779191595.9378540515899658203125 HTTP/1.1" 200 31 "-" "WordPress/6.9; http://cqqizhou.com"
43.153.207.127 - - [19/May/2026:19:53:15 +0800] "GET / HTTP/1.1" 301 5 "-" "Mozilla/5.0 (iPhone; CPU iPhone OS 13_2_3 like Mac OS X) AppleWebKit/605.1.15 (KHTML, like Gecko) Version/13.0.3 Mobile/15E148 Safari/604.1"
43.153.207.127 - - [19/May/2026:19:53:18 +0800] "GET / HTTP/1.1" 200 35171 "http://36.133.115.36" "Mozilla/5.0 (iPhone; CPU iPhone OS 13_2_3 like Mac OS X) AppleWebKit/605.1.15 (KHTML, like Gecko) Version/13.0.3 Mobile/15E148 Safari/604.1"
36.133.115.36 - - [19/May/2026:20:03:39 +0800] "POST /wp-cron.php?doing_wp_cron=1779192219.7225720882415771484375 HTTP/1.1" 200 31 "-" "WordPress/6.9; http://cqqizhou.com"
43.130.78.203 - - [19/May/2026:20:03:39 +0800] "GET / HTTP/1.1" 200 35172 "-" "Mozilla/5.0 (iPhone; CPU iPhone OS 13_2_3 like Mac OS X) AppleWebKit/605.1.15 (KHTML, like Gecko) Version/13.0.3 Mobile/15E148 Safari/604.1"
36.133.115.36 - - [19/May/2026:20:21:55 +0800] "POST /wp-cron.php?doing_wp_cron=1779193315.3810529708862304687500 HTTP/1.1" 200 31 "-" "WordPress/6.9; http://cqqizhou.com"
176.65.139.66 - - [19/May/2026:20:21:55 +0800] "GET / HTTP/1.0" 301 0 "-" "Shodan-Pull/1.0"
202.189.14.116 - - [19/May/2026:20:42:12 +0800] "GET /phpmyadmin/index.php HTTP/1.1" 404 27 "-" "Mozilla/5.0 (Windows NT 10.0; WOW64) AppleWebKit/537.36 (KHTML, like Gecko) Chrome/69.0.3464.0 Safari/537.36"
202.189.14.116 - - [19/May/2026:20:42:12 +0800] "GET /pmd/index.php HTTP/1.1" 404 27 "-" "Mozilla/5.0 (Windows NT 10.0; WOW64) AppleWebKit/537.36 (KHTML, like Gecko) Chrome/69.0.3464.0 Safari/537.36"
202.189.14.116 - - [19/May/2026:20:42:12 +0800] "GET /phpmyadmin4.8.5/index.php HTTP/1.1" 404 27 "-" "Mozilla/5.0 (Windows NT 10.0; WOW64) AppleWebKit/537.36 (KHTML, like Gecko) Chrome/69.0.3464.0 Safari/537.36"
36.133.115.36 - - [19/May/2026:20:45:03 +0800] "POST /wp-cron.php?doing_wp_cron=1779194703.5643548965454101562500 HTTP/1.1" 200 31 "-" "WordPress/6.9; http://cqqizhou.com"
66.249.73.228 - - [19/May/2026:20:45:03 +0800] "GET /robots.txt HTTP/1.1" 200 190 "-" "Mozilla/5.0 (compatible; Googlebot/2.1; +http://www.google.com/bot.html)"
66.249.73.230 - - [19/May/2026:20:45:05 +0800] "GET /media HTTP/1.1" 200 26507 "-" "Mozilla/5.0 (Linux; Android 6.0.1; Nexus 5X Build/MMB29P) AppleWebKit/537.36 (KHTML, like Gecko) Chrome/148.0.7778.96 Mobile Safari/537.36 (compatible; Googlebot/2.1; +http://www.google.com/bot.html)"
36.133.115.36 - - [19/May/2026:20:55:19 +0800] "POST /wp-cron.php?doing_wp_cron=1779195319.8073260784149169921875 HTTP/1.1" 200 31 "-" "WordPress/6.9; http://cqqizhou.com"
93.123.72.166 - - [19/May/2026:20:55:19 +0800] "GET /SDK/webLanguage HTTP/1.1" 301 5 "-" "Mozilla/5.0 (Windows NT 10.0; Win64; x64) AppleWebKit/537.36 (KHTML, like Gecko) Chrome/90.0.4430.85 Safari/537.36 Edg/90.0.818.46"
36.133.115.36 - - [19/May/2026:20:59:33 +0800] "POST /wp-cron.php?doing_wp_cron=1779195573.8859689235687255859375 HTTP/1.1" 200 31 "-" "WordPress/6.9; http://cqqizhou.com"
123.179.183.69 - - [19/May/2026:20:59:33 +0800] "GET /contacts/ HTTP/1.1" 301 5 "http://cqqizhou.com/contacts/" "Mozilla/5.0 (Windows NT 10.0; Win64; x64) AppleWebKit/537.36 (KHTML, like Gecko) Chrome/136.0.0.0 Safari/537.36"
123.179.183.69 - - [19/May/2026:20:59:34 +0800] "GET http://cqqizhou.com/contacts HTTP/1.1" 200 22096 "http://cqqizhou.com/contacts/" "Mozilla/5.0 (Windows NT 10.0; Win64; x64) AppleWebKit/537.36 (KHTML, like Gecko) Chrome/136.0.0.0 Safari/537.36"
39.182.56.173 - - [19/May/2026:20:59:34 +0800] "GET /contacts/ HTTP/1.1" 301 5 "-" "Mozilla/5.0 (Windows NT 10.0; Win64; x64) AppleWebKit/537.36 (KHTML, like Gecko) Chrome/136.0.0.0 Safari/537.36"
156.245.205.68 - - [19/May/2026:21:05:37 +0800] "GET /static/lib/webuploader/0.1.5/server/preview.php HTTP/1.1" 404 47 "-" "Mozilla/5.0 (Windows NT 10.0; WOW64; rv:48.0) Gecko/20100101 Firefox/48.0"
149.76.193.255 - - [19/May/2026:21:09:33 +0800] "GET /news/2475 HTTP/1.1" 200 27222 "-" "Mozilla/5.0 (Windows NT 10.0; Win64; x64) AppleWebKit/537.36 (KHTML, like Gecko) Chrome/124.0.0.0 Safari/537.36"
23.190.120.252 - - [19/May/2026:21:31:01 +0800] "GET /industry HTTP/1.1" 200 25165 "-" "Mozilla/5.0 (Windows NT 10.0; Win64; x64) AppleWebKit/537.36 (KHTML, like Gecko) Chrome/124.0.0.0 Safari/537.36"
36.133.115.36 - - [19/May/2026:21:43:57 +0800] "POST /wp-cron.php?doing_wp_cron=1779198237.1973979473114013671875 HTTP/1.1" 200 31 "-" "WordPress/6.9; http://cqqizhou.com"
45.148.10.67 - - [19/May/2026:21:43:57 +0800] "GET / HTTP/1.1" 200 35172 "-" "Mozilla/5.0 (Windows NT 10.0; Win64; x64) AppleWebKit/537.36 (KHTML, like Gecko) Chrome/131.0.0.0 Safari/537.36"
42.117.78.198 - - [19/May/2026:21:47:44 +0800] "GET /company-news HTTP/1.1" 200 26393 "-" "Mozilla/5.0 (Windows NT 10.0; Win64; x64) AppleWebKit/537.36 (KHTML, like Gecko) Chrome/124.0.0.0 Safari/537.36"
36.133.115.36 - - [19/May/2026:21:56:55 +0800] "POST /wp-cron.php?doing_wp_cron=1779199015.4270610809326171875000 HTTP/1.1" 200 31 "-" "WordPress/6.9; http://cqqizhou.com"
43.167.232.38 - - [19/May/2026:21:56:55 +0800] "GET / HTTP/1.1" 301 5 "-" "Mozilla/5.0 (iPhone; CPU iPhone OS 13_2_3 like Mac OS X) AppleWebKit/605.1.15 (KHTML, like Gecko) Version/13.0.3 Mobile/15E148 Safari/604.1"
43.167.232.38 - - [19/May/2026:21:56:57 +0800] "GET / HTTP/1.1" 200 35172 "http://www.cqqizhou.com" "Mozilla/5.0 (iPhone; CPU iPhone OS 13_2_3 like Mac OS X) AppleWebKit/605.1.15 (KHTML, like Gecko) Version/13.0.3 Mobile/15E148 Safari/604.1"
36.133.115.36 - - [19/May/2026:22:00:03 +0800] "POST /wp-cron.php?doing_wp_cron=1779199203.8787429332733154296875 HTTP/1.1" 200 31 "-" "WordPress/6.9; http://cqqizhou.com"
66.249.73.230 - - [19/May/2026:22:00:03 +0800] "GET /contacts HTTP/1.1" 200 19099 "-" "Mozilla/5.0 (Linux; Android 6.0.1; Nexus 5X Build/MMB29P) AppleWebKit/537.36 (KHTML, like Gecko) Chrome/148.0.7778.96 Mobile Safari/537.36 (compatible; Googlebot/2.1; +http://www.google.com/bot.html)"
95.215.32.14 - - [19/May/2026:22:24:54 +0800] "GET /assets/plugins/elfinder/connectors/php/connector.php HTTP/1.1" 404 27 "-" "ALittle Client"
36.133.115.36 - - [19/May/2026:22:52:58 +0800] "POST /wp-cron.php?doing_wp_cron=1779202378.3285310268402099609375 HTTP/1.1" 200 31 "-" "WordPress/6.9; http://cqqizhou.com"
117.183.221.71 - - [19/May/2026:22:52:58 +0800] "GET /contacts/ HTTP/1.1" 301 5 "-" "Mozilla/5.0 (Windows NT 10.0; Win64; x64) AppleWebKit/537.36 (KHTML, like Gecko) Chrome/136.0.0.0 Safari/537.36"
117.183.221.71 - - [19/May/2026:22:52:58 +0800] "GET http://cqqizhou.com/contacts HTTP/1.1" 200 22096 "-" "Mozilla/5.0 (Windows NT 10.0; Win64; x64) AppleWebKit/537.36 (KHTML, like Gecko) Chrome/136.0.0.0 Safari/537.36"
36.133.115.36 - - [19/May/2026:22:54:19 +0800] "POST /wp-cron.php?doing_wp_cron=1779202459.1497070789337158203125 HTTP/1.1" 200 31 "-" "WordPress/6.9; http://cqqizhou.com"
5.61.209.126 - - [19/May/2026:22:54:19 +0800] "GET /SDK/webLanguage HTTP/1.1" 301 5 "-" "Mozilla/5.0 (Windows NT 10.0; Win64; x64) AppleWebKit/537.36 (KHTML, like Gecko) Chrome/90.0.4430.85 Safari/537.36 Edg/90.0.818.46"
36.133.115.36 - - [19/May/2026:23:11:31 +0800] "POST /wp-cron.php?doing_wp_cron=1779203491.0005490779876708984375 HTTP/1.1" 200 31 "-" "WordPress/6.9; http://cqqizhou.com"
43.140.247.223 - - [19/May/2026:23:11:31 +0800] "GET / HTTP/1.1" 200 35172 "-" "Mozilla/5.0 (iPhone; CPU iPhone OS 13_2_3 like Mac OS X) AppleWebKit/605.1.15 (KHTML, like Gecko) Version/13.0.3 Mobile/15E148 Safari/604.1"
188.126.89.81 - - [19/May/2026:23:15:36 +0800] "GET / HTTP/1.0" 200 172511 "http://cqqizhou.com/" "Mozilla/5.0 (Windows NT 10.0; Win64; x64) AppleWebKit/537.36 (KHTML, like Gecko) Chrome/103.0.5060.66 Safari/537.36"
36.133.115.36 - - [19/May/2026:23:15:37 +0800] "POST /wp-cron.php?doing_wp_cron=1779203737.8731989860534667968750 HTTP/1.1" 200 31 "-" "WordPress/6.9; http://cqqizhou.com"
188.126.89.87 - - [19/May/2026:23:15:37 +0800] "GET /contacts/ HTTP/1.0" 301 0 "http://cqqizhou.com/contacts/" "Mozilla/5.0 (Windows NT 10.0; Win64; x64) AppleWebKit/537.36 (KHTML, like Gecko) Chrome/103.0.5060.66 Safari/537.36"
188.126.89.94 - - [19/May/2026:23:15:38 +0800] "GET /contacts HTTP/1.0" 200 78602 "http://cqqizhou.com/contacts" "Mozilla/5.0 (Windows NT 10.0; Win64; x64) AppleWebKit/537.36 (KHTML, like Gecko) Chrome/103.0.5060.66 Safari/537.36"
119.36.245.162 - - [19/May/2026:23:21:19 +0800] "GET / HTTP/1.1" 200 41059 "-" "Mozilla/5.0 (Windows NT 6.1; WOW64) AppleWebKit/537.36 (KHTML, like Gecko) Chrome/76.0.3809.12"
36.133.115.36 - - [19/May/2026:23:21:35 +0800] "POST /wp-cron.php?doing_wp_cron=1779204095.0637750625610351562500 HTTP/1.1" 200 31 "-" "WordPress/6.9; http://cqqizhou.com"
112.51.190.10 - - [19/May/2026:23:21:35 +0800] "GET / HTTP/1.1" 301 5 "-" "Mozilla/5.0 (Windows NT 10.0) AppleWebKit/537.36 (KHTML, like Gecko) Chrome/78.0.3904.11"
112.51.190.10 - - [19/May/2026:23:21:35 +0800] "GET http://cqqizhou.com/ HTTP/1.1" 200 41059 "-" "Mozilla/5.0 (Windows NT 10.0) AppleWebKit/537.36 (KHTML, like Gecko) Chrome/78.0.3904.11"
36.133.115.36 - - [19/May/2026:23:28:04 +0800] "POST /wp-cron.php?doing_wp_cron=1779204484.8351879119873046875000 HTTP/1.1" 200 31 "-" "WordPress/6.9; http://cqqizhou.com"
45.148.10.67 - - [19/May/2026:23:28:04 +0800] "GET / HTTP/1.1" 200 35172 "-" "Mozilla/5.0 (Windows NT 10.0; Win64; x64) AppleWebKit/537.36 (KHTML, like Gecko) Chrome/131.0.0.0 Safari/537.36"
36.133.115.36 - - [19/May/2026:23:34:16 +0800] "POST /wp-cron.php?doing_wp_cron=1779204856.4208559989929199218750 HTTP/1.1" 200 31 "-" "WordPress/6.9; http://cqqizhou.com"
43.131.243.61 - - [19/May/2026:23:34:16 +0800] "GET / HTTP/1.1" 301 5 "-" "Mozilla/5.0 (iPhone; CPU iPhone OS 13_2_3 like Mac OS X) AppleWebKit/605.1.15 (KHTML, like Gecko) Version/13.0.3 Mobile/15E148 Safari/604.1"
43.131.243.61 - - [19/May/2026:23:34:20 +0800] "GET / HTTP/1.1" 200 35172 "http://36.133.115.36" "Mozilla/5.0 (iPhone; CPU iPhone OS 13_2_3 like Mac OS X) AppleWebKit/605.1.15 (KHTML, like Gecko) Version/13.0.3 Mobile/15E148 Safari/604.1"
36.133.115.36 - - [19/May/2026:23:42:38 +0800] "POST /wp-cron.php?doing_wp_cron=1779205358.6193130016326904296875 HTTP/1.1" 200 31 "-" "WordPress/6.9; http://cqqizhou.com"
103.197.113.243 - - [19/May/2026:23:42:43 +0800] "GET /boaform/admin/formLogin?username=user&psd=user HTTP/1.0" 404 32966 "-" "-"
36.133.115.36 - - [19/May/2026:23:57:36 +0800] "POST /wp-cron.php?doing_wp_cron=1779206256.9395461082458496093750 HTTP/1.1" 200 31 "-" "WordPress/6.9; http://cqqizhou.com"
143.20.185.242 - - [19/May/2026:23:57:37 +0800] "GET / HTTP/1.1" 200 108018 "-" "-"