4.228.204.236 - - [17/May/2026:05:37:16 +0800] "GET /wps.php HTTP/1.1" 404 27 "-" "-"
4.228.204.236 - - [17/May/2026:05:37:16 +0800] "GET /alpha.php HTTP/1.1" 404 27 "-" "-"
4.228.204.236 - - [17/May/2026:05:37:17 +0800] "GET /bob.php HTTP/1.1" 404 27 "-" "-"
4.228.204.236 - - [17/May/2026:05:37:17 +0800] "GET /yuzuru1.php HTTP/1.1" 404 27 "-" "-"
4.228.204.236 - - [17/May/2026:05:37:18 +0800] "GET /insta.php HTTP/1.1" 404 27 "-" "-"
4.228.204.236 - - [17/May/2026:05:37:19 +0800] "GET /wp-kz.php HTTP/1.1" 404 27 "-" "-"
4.228.204.236 - - [17/May/2026:05:37:19 +0800] "GET /xs.php HTTP/1.1" 404 27 "-" "-"
4.228.204.236 - - [17/May/2026:05:37:19 +0800] "GET /2026w.php HTTP/1.1" 404 27 "-" "-"
4.228.204.236 - - [17/May/2026:05:37:20 +0800] "GET /f35.php HTTP/1.1" 404 27 "-" "-"
4.228.204.236 - - [17/May/2026:05:37:20 +0800] "GET /xwx1.php HTTP/1.1" 404 27 "-" "-"
4.228.204.236 - - [17/May/2026:05:37:21 +0800] "GET /xmu.php HTTP/1.1" 404 27 "-" "-"
4.228.204.236 - - [17/May/2026:05:37:21 +0800] "GET /simple.php HTTP/1.1" 404 27 "-" "-"
4.228.204.236 - - [17/May/2026:05:37:22 +0800] "GET /ayk.php HTTP/1.1" 404 27 "-" "-"
4.228.204.236 - - [17/May/2026:05:37:22 +0800] "GET /gecko.php HTTP/1.1" 404 27 "-" "-"
4.228.204.236 - - [17/May/2026:05:37:22 +0800] "GET /wpxml.php HTTP/1.1" 404 27 "-" "-"
4.228.204.236 - - [17/May/2026:05:37:23 +0800] "GET /zo.php HTTP/1.1" 404 27 "-" "-"
4.228.204.236 - - [17/May/2026:05:37:23 +0800] "GET /sky.php HTTP/1.1" 404 27 "-" "-"
4.228.204.236 - - [17/May/2026:05:37:24 +0800] "GET /rh.php HTTP/1.1" 404 27 "-" "-"
4.228.204.236 - - [17/May/2026:05:37:24 +0800] "GET /ortasekerli1.php HTTP/1.1" 404 27 "-" "-"
4.228.204.236 - - [17/May/2026:05:37:25 +0800] "GET /xstelth.php HTTP/1.1" 404 27 "-" "-"
4.228.204.236 - - [17/May/2026:05:37:26 +0800] "GET /3369.php HTTP/1.1" 404 27 "-" "-"
120.211.187.133 - - [17/May/2026:06:01:52 +0800] "GET / HTTP/1.1" 200 41029 "http://cqqizhou.com/" "Mozilla/5.0 (Windows NT 6.1; WOW64) AppleWebKit/537.36 (KHTML, like Gecko) Chrome/50.0.2661.102 Safari/537.36"
180.153.236.26 - - [17/May/2026:06:02:17 +0800] "GET / HTTP/1.1" 200 41029 "http://cqqizhou.com" "Mozilla/5.0 (Windows NT 10.0; Win64; x64) AppleWebKit/537.36 (KHTML, like Gecko) Chrome/140.0.0.0 Safari/537.36 Edg/140.0.0.0; 360Spider"
36.133.115.36 - - [17/May/2026:06:08:48 +0800] "POST /wp-cron.php?doing_wp_cron=1778969328.1903359889984130859375 HTTP/1.1" 200 31 "-" "WordPress/6.9; http://cqqizhou.com"
42.177.91.36 - - [17/May/2026:06:08:48 +0800] "GET /2418/ HTTP/1.1" 301 5 "-" "Mozilla/5.0 (Windows NT 10.0; Win64; x64) AppleWebKit/537.36 (KHTML, like Gecko) Chrome/142.0.0.0 Safari/537.36"
42.177.91.36 - - [17/May/2026:06:08:48 +0800] "GET /news/2418 HTTP/1.1" 200 24047 "-" "Mozilla/5.0 (Windows NT 10.0; Win64; x64) AppleWebKit/537.36 (KHTML, like Gecko) Chrome/142.0.0.0 Safari/537.36"
36.133.115.36 - - [17/May/2026:06:11:34 +0800] "POST /wp-cron.php?doing_wp_cron=1778969494.6932890415191650390625 HTTP/1.1" 200 31 "-" "WordPress/6.9; http://cqqizhou.com"
110.249.201.41 - - [17/May/2026:06:11:34 +0800] "GET /robots.txt HTTP/1.1" 200 190 "-" "Mozilla/5.0 (Linux; Android 5.0) AppleWebKit/537.36 (KHTML, like Gecko) Mobile Safari/537.36 (compatible; Bytespider; https://zhanzhang.toutiao.com/)"
36.133.115.36 - - [17/May/2026:06:22:38 +0800] "POST /wp-cron.php?doing_wp_cron=1778970158.9018900394439697265625 HTTP/1.1" 200 31 "-" "WordPress/6.9; http://cqqizhou.com"
93.123.72.166 - - [17/May/2026:06:22:38 +0800] "GET /SDK/webLanguage HTTP/1.1" 301 5 "-" "Mozilla/5.0 (Windows NT 10.0; Win64; x64) AppleWebKit/537.36 (KHTML, like Gecko) Chrome/90.0.4430.85 Safari/537.36 Edg/90.0.818.46"
36.133.115.36 - - [17/May/2026:06:23:29 +0800] "POST /wp-cron.php?doing_wp_cron=1778970209.2517619132995605468750 HTTP/1.1" 200 31 "-" "WordPress/6.9; http://cqqizhou.com"
119.84.246.117 - - [17/May/2026:06:23:29 +0800] "GET / HTTP/1.1" 301 5 "-" "Mozilla/5.0 (Windows NT 6.1) AppleWebKit/535.12 (KHTML, like Gecko) Maxthon/3.4.2.3000 Chrome/18.0.966.0 Safari/535.12"
119.84.246.117 - - [17/May/2026:06:23:29 +0800] "GET / HTTP/1.1" 200 172543 "-" "Mozilla/5.0 (Windows NT 6.1) AppleWebKit/535.12 (KHTML, like Gecko) Maxthon/3.4.2.3000 Chrome/18.0.966.0 Safari/535.12"
119.84.246.117 - - [17/May/2026:06:23:30 +0800] "GET / HTTP/1.1" 301 5 "-" "Mozilla/5.0 (Windows NT 6.1; WOW64; rv:12.0) Gecko/20100101 Firefox/12.0"
119.84.246.117 - - [17/May/2026:06:23:30 +0800] "GET / HTTP/1.1" 200 172543 "-" "Mozilla/5.0 (Windows NT 6.1; WOW64; rv:12.0) Gecko/20100101 Firefox/12.0"
119.84.246.117 - - [17/May/2026:06:23:31 +0800] "GET / HTTP/1.1" 301 5 "-" "Mozilla/5.0 (Windows; U; Windows NT 6.1; zh_CN) AppleWebKit/534.7 (KHTML, like Gecko) Chrome/18.0 BIDUBrowser/2.6 Safari/534.7"
119.84.246.117 - - [17/May/2026:06:23:31 +0800] "GET / HTTP/1.1" 200 172543 "-" "Mozilla/5.0 (Windows; U; Windows NT 6.1; zh_CN) AppleWebKit/534.7 (KHTML, like Gecko) Chrome/18.0 BIDUBrowser/2.6 Safari/534.7"
36.133.115.36 - - [17/May/2026:06:27:29 +0800] "POST /wp-cron.php?doing_wp_cron=1778970449.1046550273895263671875 HTTP/1.1" 200 31 "-" "WordPress/6.9; http://cqqizhou.com"
103.72.9.23 - - [17/May/2026:06:27:34 +0800] "GET /boaform/admin/formLogin?username=admin&psd=admin HTTP/1.0" 404 32966 "-" "-"
36.133.115.36 - - [17/May/2026:06:30:35 +0800] "POST /wp-cron.php?doing_wp_cron=1778970635.2413709163665771484375 HTTP/1.1" 200 31 "-" "WordPress/6.9; http://cqqizhou.com"
222.92.45.66 - - [17/May/2026:06:30:35 +0800] "GET /contacts/ HTTP/1.1" 301 5 "-" "Mozilla/5.0 (Windows NT 10.0; Win64; x64) AppleWebKit/537.36 (KHTML, like Gecko) Chrome/136.0.0.0 Safari/537.36"
222.92.45.66 - - [17/May/2026:06:30:35 +0800] "GET http://cqqizhou.com/contacts HTTP/1.1" 200 22094 "-" "Mozilla/5.0 (Windows NT 10.0; Win64; x64) AppleWebKit/537.36 (KHTML, like Gecko) Chrome/136.0.0.0 Safari/537.36"
121.42.236.230 - - [17/May/2026:06:30:51 +0800] "GET / HTTP/1.0" 301 0 "-" "-"
121.42.236.230 - - [17/May/2026:06:31:02 +0800] "GET / HTTP/1.0" 301 0 "-" "-"
121.42.236.230 - - [17/May/2026:06:31:02 +0800] "GET /nmaplowercheck1778970653 HTTP/1.1" 404 32979 "-" "Mozilla/5.0 (compatible; Nmap Scripting Engine; https://nmap.org/book/nse.html)"
121.42.236.230 - - [17/May/2026:06:31:02 +0800] "POST /sdk HTTP/1.1" 404 32979 "-" "Mozilla/5.0 (compatible; Nmap Scripting Engine; https://nmap.org/book/nse.html)"
121.42.236.230 - - [17/May/2026:06:31:03 +0800] "GET /HNAP1 HTTP/1.1" 404 32979 "-" "Mozilla/5.0 (compatible; Nmap Scripting Engine; https://nmap.org/book/nse.html)"
121.42.236.230 - - [17/May/2026:06:31:03 +0800] "GET /evox/about HTTP/1.1" 404 32979 "-" "Mozilla/5.0 (compatible; Nmap Scripting Engine; https://nmap.org/book/nse.html)"
36.133.115.36 - - [17/May/2026:06:31:22 +0800] "POST /wp-cron.php?doing_wp_cron=1778970682.8942980766296386718750 HTTP/1.1" 200 31 "-" "WordPress/6.9; http://cqqizhou.com"
121.42.236.230 - - [17/May/2026:06:31:22 +0800] "GET / HTTP/1.0" 301 0 "-" "-"
121.42.236.230 - - [17/May/2026:06:31:23 +0800] "GET / HTTP/1.1" 301 5 "-" "-"
36.133.115.36 - - [17/May/2026:06:32:50 +0800] "POST /wp-cron.php?doing_wp_cron=1778970770.7439680099487304687500 HTTP/1.1" 200 31 "-" "WordPress/6.9; http://cqqizhou.com"
150.109.12.46 - - [17/May/2026:06:32:50 +0800] "GET / HTTP/1.1" 301 5 "-" "Mozilla/5.0 (iPhone; CPU iPhone OS 13_2_3 like Mac OS X) AppleWebKit/605.1.15 (KHTML, like Gecko) Version/13.0.3 Mobile/15E148 Safari/604.1"
150.109.12.46 - - [17/May/2026:06:32:52 +0800] "GET / HTTP/1.1" 200 35140 "http://36.133.115.36" "Mozilla/5.0 (iPhone; CPU iPhone OS 13_2_3 like Mac OS X) AppleWebKit/605.1.15 (KHTML, like Gecko) Version/13.0.3 Mobile/15E148 Safari/604.1"
36.133.115.36 - - [17/May/2026:06:40:30 +0800] "POST /wp-cron.php?doing_wp_cron=1778971230.6569309234619140625000 HTTP/1.1" 200 31 "-" "WordPress/6.9; http://cqqizhou.com"
165.227.213.11 - - [17/May/2026:06:40:30 +0800] "GET / HTTP/1.1" 301 5 "-" "Go-http-client/1.1"
36.133.115.36 - - [17/May/2026:06:46:52 +0800] "POST /wp-cron.php?doing_wp_cron=1778971612.4781610965728759765625 HTTP/1.1" 200 31 "-" "WordPress/6.9; http://cqqizhou.com"
43.155.188.157 - - [17/May/2026:06:46:52 +0800] "GET /wp-content/uploads/2025/07/1753453127- HTTP/1.1" 404 9407 "-" "Mozilla/5.0 (iPhone; CPU iPhone OS 13_2_3 like Mac OS X) AppleWebKit/605.1.15 (KHTML, like Gecko) Version/13.0.3 Mobile/15E148 Safari/604.1"
36.133.115.36 - - [17/May/2026:06:58:42 +0800] "POST /wp-cron.php?doing_wp_cron=1778972322.0909399986267089843750 HTTP/1.1" 200 31 "-" "WordPress/6.9; http://cqqizhou.com"
43.166.246.180 - - [17/May/2026:06:58:42 +0800] "GET /wp-json/oembed/1.0/embed?url=http%3A%2F%2Fcqqizhou.com%2F HTTP/1.1" 200 1128 "-" "Mozilla/5.0 (iPhone; CPU iPhone OS 13_2_3 like Mac OS X) AppleWebKit/605.1.15 (KHTML, like Gecko) Version/13.0.3 Mobile/15E148 Safari/604.1"
65.55.210.248 - - [17/May/2026:07:01:34 +0800] "GET /news/2535 HTTP/1.1" 200 20279 "-" "Mozilla/5.0 AppleWebKit/537.36 (KHTML, like Gecko; compatible; bingbot/2.0; +http://www.bing.com/bingbot.htm) Chrome/136.0.0.0 Safari/537.36"
36.133.115.36 - - [17/May/2026:07:39:57 +0800] "POST /wp-cron.php?doing_wp_cron=1778974797.1005759239196777343750 HTTP/1.1" 200 31 "-" "WordPress/6.9; http://cqqizhou.com"
120.197.95.42 - - [17/May/2026:07:39:57 +0800] "GET /robots.txt HTTP/1.1" 200 190 "-" "Mozilla/5.0 (Windows NT 10.0; WOW64) AppleWebKit/537.36 (KHTML, like Gecko) Chrome/85.0.4312.25 Safari/537.36 SE 2.X MetaSr 1.0"
36.133.115.36 - - [17/May/2026:07:49:08 +0800] "POST /wp-cron.php?doing_wp_cron=1778975348.5970458984375000000000 HTTP/1.1" 200 31 "-" "WordPress/6.9; http://cqqizhou.com"
172.237.65.218 - - [17/May/2026:07:49:08 +0800] "GET /whm HTTP/1.1" 404 32979 "-" "Mozilla/5.0 (Windows NT 10.0; Win64; x64) AppleWebKit/537.36 (KHTML, like Gecko) Chrome/147.0.0.0 Safari/537.36"
172.237.65.218 - - [17/May/2026:07:49:09 +0800] "GET /cpanel HTTP/1.1" 404 32979 "-" "Mozilla/5.0 (Windows NT 10.0; Win64; x64) AppleWebKit/537.36 (KHTML, like Gecko) Chrome/147.0.0.0 Safari/537.36"
172.237.65.218 - - [17/May/2026:07:49:10 +0800] "GET /whm HTTP/1.1" 404 32979 "-" "Mozilla/5.0 (Windows NT 10.0; Win64; x64) AppleWebKit/537.36 (KHTML, like Gecko) Chrome/147.0.0.0 Safari/537.36"
204.217.207.255 - - [17/May/2026:08:01:40 +0800] "GET /news/2420 HTTP/1.1" 200 23888 "-" "Mozilla/5.0 (Windows NT 10.0; Win64; x64) AppleWebKit/537.36 (KHTML, like Gecko) Chrome/131.0.0.0 Safari/537.36 Edg/131.0.0.0"
36.133.115.36 - - [17/May/2026:08:26:21 +0800] "POST /wp-cron.php?doing_wp_cron=1778977581.6546189785003662109375 HTTP/1.1" 200 31 "-" "WordPress/6.9; http://cqqizhou.com"
175.27.171.245 - - [17/May/2026:08:26:21 +0800] "GET / HTTP/1.1" 301 5 "-" "Mozilla/5.0 (iPhone; CPU iPhone OS 13_2_3 like Mac OS X) AppleWebKit/605.1.15 (KHTML, like Gecko) Version/13.0.3 Mobile/15E148 Safari/604.1"
175.27.171.245 - - [17/May/2026:08:26:23 +0800] "GET / HTTP/1.1" 200 35141 "http://www.cqqizhou.com" "Mozilla/5.0 (iPhone; CPU iPhone OS 13_2_3 like Mac OS X) AppleWebKit/605.1.15 (KHTML, like Gecko) Version/13.0.3 Mobile/15E148 Safari/604.1"
36.133.115.36 - - [17/May/2026:08:37:11 +0800] "POST /wp-cron.php?doing_wp_cron=1778978231.7073090076446533203125 HTTP/1.1" 200 31 "-" "WordPress/6.9; http://cqqizhou.com"
113.7.254.58 - - [17/May/2026:08:37:11 +0800] "GET /contacts/ HTTP/1.1" 301 5 "-" "Mozilla/5.0 (Windows NT 10.0; Win64; x64) AppleWebKit/537.36 (KHTML, like Gecko) Chrome/136.0.0.0 Safari/537.36"
113.7.254.58 - - [17/May/2026:08:37:12 +0800] "GET http://cqqizhou.com/contacts HTTP/1.1" 200 22094 "-" "Mozilla/5.0 (Windows NT 10.0; Win64; x64) AppleWebKit/537.36 (KHTML, like Gecko) Chrome/136.0.0.0 Safari/537.36"
36.133.115.36 - - [17/May/2026:08:41:10 +0800] "POST /wp-cron.php?doing_wp_cron=1778978470.7566180229187011718750 HTTP/1.1" 200 31 "-" "WordPress/6.9; http://cqqizhou.com"
150.109.12.46 - - [17/May/2026:08:41:10 +0800] "GET / HTTP/1.1" 301 5 "-" "Mozilla/5.0 (iPhone; CPU iPhone OS 13_2_3 like Mac OS X) AppleWebKit/605.1.15 (KHTML, like Gecko) Version/13.0.3 Mobile/15E148 Safari/604.1"
150.109.12.46 - - [17/May/2026:08:41:12 +0800] "GET / HTTP/1.1" 200 35141 "http://www.cqqizhou.com" "Mozilla/5.0 (iPhone; CPU iPhone OS 13_2_3 like Mac OS X) AppleWebKit/605.1.15 (KHTML, like Gecko) Version/13.0.3 Mobile/15E148 Safari/604.1"
36.133.115.36 - - [17/May/2026:09:25:46 +0800] "POST /wp-cron.php?doing_wp_cron=1778981146.4321639537811279296875 HTTP/1.1" 200 31 "-" "WordPress/6.9; http://cqqizhou.com"
43.153.107.22 - - [17/May/2026:09:25:46 +0800] "GET /wp-content/uploads/2025/12/1765268955-qizhou_Slider1_3840 HTTP/1.1" 404 9409 "-" "Mozilla/5.0 (iPhone; CPU iPhone OS 13_2_3 like Mac OS X) AppleWebKit/605.1.15 (KHTML, like Gecko) Version/13.0.3 Mobile/15E148 Safari/604.1"
36.133.115.36 - - [17/May/2026:09:32:55 +0800] "POST /wp-cron.php?doing_wp_cron=1778981575.4051079750061035156250 HTTP/1.1" 200 31 "-" "WordPress/6.9; http://cqqizhou.com"
185.113.10.179 - - [17/May/2026:09:32:55 +0800] "POST /hello.world?%ADd+allow_url_include%3d1+%ADd+auto_prepend_file%3dphp://input HTTP/1.1" 404 32979 "-" "libredtail-http"
185.113.10.179 - - [17/May/2026:09:32:58 +0800] "POST /?%ADd+allow_url_include%3d1+%ADd+auto_prepend_file%3dphp://input HTTP/1.1" 200 158617 "-" "libredtail-http"
185.113.10.179 - - [17/May/2026:09:32:59 +0800] "GET /vendor/phpunit/phpunit/src/Util/PHP/eval-stdin.php HTTP/1.1" 404 27 "-" "libredtail-http"
185.113.10.179 - - [17/May/2026:09:33:00 +0800] "GET /vendor/phpunit/phpunit/Util/PHP/eval-stdin.php HTTP/1.1" 404 27 "-" "libredtail-http"
185.113.10.179 - - [17/May/2026:09:33:01 +0800] "GET /vendor/phpunit/src/Util/PHP/eval-stdin.php HTTP/1.1" 404 27 "-" "libredtail-http"
185.113.10.179 - - [17/May/2026:09:33:02 +0800] "GET /vendor/phpunit/Util/PHP/eval-stdin.php HTTP/1.1" 404 27 "-" "libredtail-http"
185.113.10.179 - - [17/May/2026:09:33:03 +0800] "GET /vendor/phpunit/phpunit/LICENSE/eval-stdin.php HTTP/1.1" 404 27 "-" "libredtail-http"
185.113.10.179 - - [17/May/2026:09:33:04 +0800] "GET /vendor/vendor/phpunit/phpunit/src/Util/PHP/eval-stdin.php HTTP/1.1" 404 27 "-" "libredtail-http"
185.113.10.179 - - [17/May/2026:09:33:05 +0800] "GET /phpunit/phpunit/src/Util/PHP/eval-stdin.php HTTP/1.1" 404 27 "-" "libredtail-http"
185.113.10.179 - - [17/May/2026:09:33:06 +0800] "GET /phpunit/phpunit/Util/PHP/eval-stdin.php HTTP/1.1" 404 27 "-" "libredtail-http"
185.113.10.179 - - [17/May/2026:09:33:08 +0800] "GET /phpunit/src/Util/PHP/eval-stdin.php HTTP/1.1" 404 27 "-" "libredtail-http"
185.113.10.179 - - [17/May/2026:09:33:09 +0800] "GET /phpunit/Util/PHP/eval-stdin.php HTTP/1.1" 404 27 "-" "libredtail-http"
185.113.10.179 - - [17/May/2026:09:33:10 +0800] "GET /lib/phpunit/phpunit/src/Util/PHP/eval-stdin.php HTTP/1.1" 404 27 "-" "libredtail-http"
185.113.10.179 - - [17/May/2026:09:33:11 +0800] "GET /lib/phpunit/phpunit/Util/PHP/eval-stdin.php HTTP/1.1" 404 27 "-" "libredtail-http"
185.113.10.179 - - [17/May/2026:09:33:12 +0800] "GET /lib/phpunit/src/Util/PHP/eval-stdin.php HTTP/1.1" 404 27 "-" "libredtail-http"
185.113.10.179 - - [17/May/2026:09:33:13 +0800] "GET /lib/phpunit/Util/PHP/eval-stdin.php HTTP/1.1" 404 27 "-" "libredtail-http"
185.113.10.179 - - [17/May/2026:09:33:14 +0800] "GET /lib/vendor/phpunit/phpunit/src/Util/PHP/eval-stdin.php HTTP/1.1" 404 27 "-" "libredtail-http"
185.113.10.179 - - [17/May/2026:09:33:15 +0800] "GET /laravel/vendor/phpunit/phpunit/src/Util/PHP/eval-stdin.php HTTP/1.1" 404 27 "-" "libredtail-http"
185.113.10.179 - - [17/May/2026:09:33:16 +0800] "GET /www/vendor/phpunit/phpunit/src/Util/PHP/eval-stdin.php HTTP/1.1" 404 27 "-" "libredtail-http"
185.113.10.179 - - [17/May/2026:09:33:17 +0800] "GET /ws/vendor/phpunit/phpunit/src/Util/PHP/eval-stdin.php HTTP/1.1" 404 27 "-" "libredtail-http"
185.113.10.179 - - [17/May/2026:09:33:19 +0800] "GET /yii/vendor/phpunit/phpunit/src/Util/PHP/eval-stdin.php HTTP/1.1" 404 27 "-" "libredtail-http"
185.113.10.179 - - [17/May/2026:09:33:20 +0800] "GET /zend/vendor/phpunit/phpunit/src/Util/PHP/eval-stdin.php HTTP/1.1" 404 27 "-" "libredtail-http"
185.113.10.179 - - [17/May/2026:09:33:21 +0800] "GET /ws/ec/vendor/phpunit/phpunit/src/Util/PHP/eval-stdin.php HTTP/1.1" 404 27 "-" "libredtail-http"
185.113.10.179 - - [17/May/2026:09:33:22 +0800] "GET /V2/vendor/phpunit/phpunit/src/Util/PHP/eval-stdin.php HTTP/1.1" 404 27 "-" "libredtail-http"
185.113.10.179 - - [17/May/2026:09:33:23 +0800] "GET /tests/vendor/phpunit/phpunit/src/Util/PHP/eval-stdin.php HTTP/1.1" 404 27 "-" "libredtail-http"
185.113.10.179 - - [17/May/2026:09:33:24 +0800] "GET /test/vendor/phpunit/phpunit/src/Util/PHP/eval-stdin.php HTTP/1.1" 404 27 "-" "libredtail-http"
185.113.10.179 - - [17/May/2026:09:33:25 +0800] "GET /testing/vendor/phpunit/phpunit/src/Util/PHP/eval-stdin.php HTTP/1.1" 404 27 "-" "libredtail-http"
185.113.10.179 - - [17/May/2026:09:33:27 +0800] "GET /api/vendor/phpunit/phpunit/src/Util/PHP/eval-stdin.php HTTP/1.1" 404 27 "-" "libredtail-http"
185.113.10.179 - - [17/May/2026:09:33:28 +0800] "GET /demo/vendor/phpunit/phpunit/src/Util/PHP/eval-stdin.php HTTP/1.1" 404 27 "-" "libredtail-http"
185.113.10.179 - - [17/May/2026:09:33:29 +0800] "GET /cms/vendor/phpunit/phpunit/src/Util/PHP/eval-stdin.php HTTP/1.1" 404 27 "-" "libredtail-http"
185.113.10.179 - - [17/May/2026:09:33:30 +0800] "GET /crm/vendor/phpunit/phpunit/src/Util/PHP/eval-stdin.php HTTP/1.1" 404 27 "-" "libredtail-http"
185.113.10.179 - - [17/May/2026:09:33:32 +0800] "GET /admin/vendor/phpunit/phpunit/src/Util/PHP/eval-stdin.php HTTP/1.1" 404 27 "-" "libredtail-http"
185.113.10.179 - - [17/May/2026:09:33:33 +0800] "GET /backup/vendor/phpunit/phpunit/src/Util/PHP/eval-stdin.php HTTP/1.1" 404 27 "-" "libredtail-http"
185.113.10.179 - - [17/May/2026:09:33:34 +0800] "GET /blog/vendor/phpunit/phpunit/src/Util/PHP/eval-stdin.php HTTP/1.1" 404 27 "-" "libredtail-http"
185.113.10.179 - - [17/May/2026:09:33:35 +0800] "GET /workspace/drupal/vendor/phpunit/phpunit/src/Util/PHP/eval-stdin.php HTTP/1.1" 404 27 "-" "libredtail-http"
185.113.10.179 - - [17/May/2026:09:33:36 +0800] "GET /panel/vendor/phpunit/phpunit/src/Util/PHP/eval-stdin.php HTTP/1.1" 404 27 "-" "libredtail-http"
185.113.10.179 - - [17/May/2026:09:33:37 +0800] "GET /public/vendor/phpunit/phpunit/src/Util/PHP/eval-stdin.php HTTP/1.1" 404 27 "-" "libredtail-http"
185.113.10.179 - - [17/May/2026:09:33:38 +0800] "GET /apps/vendor/phpunit/phpunit/src/Util/PHP/eval-stdin.php HTTP/1.1" 404 27 "-" "libredtail-http"
185.113.10.179 - - [17/May/2026:09:33:39 +0800] "GET /app/vendor/phpunit/phpunit/src/Util/PHP/eval-stdin.php HTTP/1.1" 404 27 "-" "libredtail-http"
36.133.115.36 - - [17/May/2026:09:33:41 +0800] "POST /wp-cron.php?doing_wp_cron=1778981621.8234829902648925781250 HTTP/1.1" 200 31 "-" "WordPress/6.9; http://cqqizhou.com"
185.113.10.179 - - [17/May/2026:09:33:41 +0800] "GET /index.php?s=/index/\x5Cthink\x5Capp/invokefunction&function=call_user_func_array&vars[0]=md5&vars[1][]=Hello HTTP/1.1" 200 67587 "-" "libredtail-http"
185.113.10.179 - - [17/May/2026:09:33:43 +0800] "GET /public/index.php?s=/index/\x5Cthink\x5Capp/invokefunction&function=call_user_func_array&vars[0]=md5&vars[1][]=Hello HTTP/1.1" 404 27 "-" "libredtail-http"
185.113.10.179 - - [17/May/2026:09:33:45 +0800] "GET /index.php?lang=../../../../../../../../usr/local/lib/php/pearcmd&+config-create+/&/<?echo(md5(\x22hi\x22));?>+/tmp/index1.php HTTP/1.1" 200 158617 "-" "libredtail-http"
185.113.10.179 - - [17/May/2026:09:33:48 +0800] "GET /index.php?lang=../../../../../../../../tmp/index1 HTTP/1.1" 200 158617 "-" "libredtail-http"
185.113.10.179 - - [17/May/2026:09:33:50 +0800] "GET /containers/json HTTP/1.1" 301 5 "-" "libredtail-http"
185.113.10.179 - - [17/May/2026:09:33:53 +0800] "GET /containers/json HTTP/1.1" 301 5 "-" "libredtail-http"
36.133.115.36 - - [17/May/2026:09:35:46 +0800] "POST /wp-cron.php?doing_wp_cron=1778981746.8778760433197021484375 HTTP/1.1" 200 31 "-" "WordPress/6.9; http://cqqizhou.com"
43.163.104.54 - - [17/May/2026:09:35:46 +0800] "GET /wp-content/uploads/revslider/slider-1/1750861156-logistics_Slider_3840 HTTP/1.1" 404 9409 "-" "Mozilla/5.0 (iPhone; CPU iPhone OS 13_2_3 like Mac OS X) AppleWebKit/605.1.15 (KHTML, like Gecko) Version/13.0.3 Mobile/15E148 Safari/604.1"
36.133.115.36 - - [17/May/2026:09:38:53 +0800] "POST /wp-cron.php?doing_wp_cron=1778981933.0936601161956787109375 HTTP/1.1" 200 31 "-" "WordPress/6.9; http://cqqizhou.com"
43.157.191.20 - - [17/May/2026:09:38:53 +0800] "GET / HTTP/1.1" 200 35141 "-" "Mozilla/5.0 (iPhone; CPU iPhone OS 13_2_3 like Mac OS X) AppleWebKit/605.1.15 (KHTML, like Gecko) Version/13.0.3 Mobile/15E148 Safari/604.1"
220.181.108.102 - - [17/May/2026:09:42:06 +0800] "GET /news/2547 HTTP/1.1" 200 25183 "-" "Mozilla/5.0 (compatible; Baiduspider/2.0; +http://www.baidu.com/search/spider.html)"
116.179.37.60 - - [17/May/2026:09:42:10 +0800] "GET /wp-content/uploads/2026/04/1775698329-2Article_images_W900px.webp HTTP/1.1" 200 43844 "http://cqqizhou.com/news/2547" "Mozilla/5.0 (compatible; Baiduspider-render/2.0; +http://www.baidu.com/search/spider.html)"
116.179.37.68 - - [17/May/2026:09:42:10 +0800] "GET /wp-content/uploads/2026/04/1775698332-Article_images_W900px.webp HTTP/1.1" 200 49852 "http://cqqizhou.com/news/2547" "Mozilla/5.0 (compatible; Baiduspider-render/2.0; +http://www.baidu.com/search/spider.html)"
116.179.37.40 - - [17/May/2026:09:42:10 +0800] "GET /wp-content/uploads/2026/04/1775698330-3Article_images_W900px.webp HTTP/1.1" 200 38520 "http://cqqizhou.com/news/2547" "Mozilla/5.0 (compatible; Baiduspider-render/2.0; +http://www.baidu.com/search/spider.html)"
116.179.37.43 - - [17/May/2026:09:42:11 +0800] "GET /wp-content/uploads/2026/02/1770617354-Article_images_W900px.webp HTTP/1.1" 200 13634 "http://cqqizhou.com/news/2547" "Mozilla/5.0 (compatible; Baiduspider-render/2.0; +http://www.baidu.com/search/spider.html)"
36.133.115.36 - - [17/May/2026:09:42:22 +0800] "POST /wp-cron.php?doing_wp_cron=1778982141.9621770381927490234375 HTTP/1.1" 200 31 "-" "WordPress/6.9; http://cqqizhou.com"
119.249.100.175 - - [17/May/2026:09:42:22 +0800] "GET /robots.txt HTTP/1.1" 200 190 "-" "Mozilla/5.0 (Windows NT 10.0; WOW64) AppleWebKit/537.36 (KHTML, like Gecko) Chrome/48.0.2564.116 Safari/537.36"
119.249.100.43 - - [17/May/2026:09:42:22 +0800] "GET /robots.txt HTTP/1.1" 200 190 "-" "Mozilla/5.0 (Windows NT 10.0; WOW64) AppleWebKit/537.36 (KHTML, like Gecko) Chrome/48.0.2564.116 Safari/537.36"
36.133.115.36 - - [17/May/2026:09:43:57 +0800] "POST /wp-cron.php?doing_wp_cron=1778982237.1885809898376464843750 HTTP/1.1" 200 31 "-" "WordPress/6.9; http://cqqizhou.com"
43.156.202.34 - - [17/May/2026:09:43:57 +0800] "GET / HTTP/1.1" 200 35141 "-" "Mozilla/5.0 (iPhone; CPU iPhone OS 13_2_3 like Mac OS X) AppleWebKit/605.1.15 (KHTML, like Gecko) Version/13.0.3 Mobile/15E148 Safari/604.1"
36.133.115.36 - - [17/May/2026:09:50:49 +0800] "POST /wp-cron.php?doing_wp_cron=1778982649.0090160369873046875000 HTTP/1.1" 200 31 "-" "WordPress/6.9; http://cqqizhou.com"
129.226.209.117 - - [17/May/2026:09:50:49 +0800] "GET / HTTP/1.1" 200 35141 "-" "Mozilla/5.0 (iPhone; CPU iPhone OS 13_2_3 like Mac OS X) AppleWebKit/605.1.15 (KHTML, like Gecko) Version/13.0.3 Mobile/15E148 Safari/604.1"
36.133.115.36 - - [17/May/2026:10:05:22 +0800] "POST /wp-cron.php?doing_wp_cron=1778983522.8454709053039550781250 HTTP/1.1" 200 31 "-" "WordPress/6.9; http://cqqizhou.com"
43.164.133.138 - - [17/May/2026:10:05:22 +0800] "GET / HTTP/1.1" 200 35141 "-" "Mozilla/5.0 (iPhone; CPU iPhone OS 13_2_3 like Mac OS X) AppleWebKit/605.1.15 (KHTML, like Gecko) Version/13.0.3 Mobile/15E148 Safari/604.1"
36.133.115.36 - - [17/May/2026:10:15:17 +0800] "POST /wp-cron.php?doing_wp_cron=1778984117.6262431144714355468750 HTTP/1.1" 200 31 "-" "WordPress/6.9; http://cqqizhou.com"
43.130.106.18 - - [17/May/2026:10:15:17 +0800] "GET /news/portfolio-category/dual-phase-steel HTTP/1.1" 200 18228 "-" "Mozilla/5.0 (iPhone; CPU iPhone OS 13_2_3 like Mac OS X) AppleWebKit/605.1.15 (KHTML, like Gecko) Version/13.0.3 Mobile/15E148 Safari/604.1"
36.133.115.36 - - [17/May/2026:10:26:01 +0800] "POST /wp-cron.php?doing_wp_cron=1778984761.1302800178527832031250 HTTP/1.1" 200 31 "-" "WordPress/6.9; http://cqqizhou.com"
43.130.12.43 - - [17/May/2026:10:26:01 +0800] "GET /wp-content/uploads/2025/07/1753456770- HTTP/1.1" 404 9409 "-" "Mozilla/5.0 (iPhone; CPU iPhone OS 13_2_3 like Mac OS X) AppleWebKit/605.1.15 (KHTML, like Gecko) Version/13.0.3 Mobile/15E148 Safari/604.1"
36.133.115.36 - - [17/May/2026:10:27:06 +0800] "POST /wp-cron.php?doing_wp_cron=1778984826.6927320957183837890625 HTTP/1.1" 200 31 "-" "WordPress/6.9; http://cqqizhou.com"
93.123.72.166 - - [17/May/2026:10:27:06 +0800] "GET /SDK/webLanguage HTTP/1.1" 301 5 "-" "Mozilla/5.0 (Windows NT 10.0; Win64; x64) AppleWebKit/537.36 (KHTML, like Gecko) Chrome/90.0.4430.85 Safari/537.36 Edg/90.0.818.46"
36.133.115.36 - - [17/May/2026:10:35:28 +0800] "POST /wp-cron.php?doing_wp_cron=1778985328.7464020252227783203125 HTTP/1.1" 200 31 "-" "WordPress/6.9; http://cqqizhou.com"
113.138.190.98 - - [17/May/2026:10:35:28 +0800] "GET /news/2525 HTTP/1.1" 301 5 "http://cqqizhou.com/" "Mozilla/5.0 (Windows NT 10.0; Win64; x64) AppleWebKit/537.36 (KHTML, like Gecko) Chrome/106.0.5249.119 Safari/537.36"
113.138.190.98 - - [17/May/2026:10:35:29 +0800] "GET /news/2518/5article_images_w900px HTTP/1.1" 301 5 "http://cqqizhou.com/" "Mozilla/5.0 (Windows NT 10.0; Win64; x64) AppleWebKit/537.36 (KHTML, like Gecko) Chrome/106.0.5249.119 Safari/537.36"
113.138.190.98 - - [17/May/2026:10:35:30 +0800] "GET /wp-content/uploads/2026/03/1772790943-5Article_images_W900px.webp HTTP/1.1" 200 57476 "http://cqqizhou.com/" "Mozilla/5.0 (Windows NT 10.0; Win64; x64) AppleWebKit/537.36 (KHTML, like Gecko) Chrome/106.0.5249.119 Safari/537.36"
49.51.233.95 - - [17/May/2026:10:35:44 +0800] "GET /wp-content/uploads/2025/07/1753453096- HTTP/1.1" 404 9410 "-" "Mozilla/5.0 (iPhone; CPU iPhone OS 13_2_3 like Mac OS X) AppleWebKit/605.1.15 (KHTML, like Gecko) Version/13.0.3 Mobile/15E148 Safari/604.1"
43.136.181.238 - - [17/May/2026:10:38:28 +0800] "GET /wp-content/uploads/2025/07/1750945650-honor300%C3%97206_6.webp HTTP/1.1" 200 66306 "http://cqqizhou.com/" "Mozilla/5.0 (Windows NT 10.0; Win64; x64) AppleWebKit/537.36 (KHTML, like Gecko) Chrome/110.0.0.0 Safari/537.36"
36.133.115.36 - - [17/May/2026:10:46:15 +0800] "POST /wp-cron.php?doing_wp_cron=1778985975.4191548824310302734375 HTTP/1.1" 200 31 "-" "WordPress/6.9; http://cqqizhou.com"
120.229.184.129 - - [17/May/2026:10:46:15 +0800] "GET /services/ HTTP/1.1" 301 5 "-" "Mozilla/5.0 (Windows NT 10.0; Win64; x64) AppleWebKit/537.36 (KHTML, like Gecko) Chrome/129.0.0.0 Safari/537.36"
120.229.184.129 - - [17/May/2026:10:46:15 +0800] "GET http://cqqizhou.com/services HTTP/1.1" 200 32189 "-" "Mozilla/5.0 (Windows NT 10.0; Win64; x64) AppleWebKit/537.36 (KHTML, like Gecko) Chrome/129.0.0.0 Safari/537.36"
36.133.115.36 - - [17/May/2026:10:46:18 +0800] "POST /wp-cron.php?doing_wp_cron=1778985978.5162539482116699218750 HTTP/1.1" 200 31 "-" "WordPress/6.9; http://cqqizhou.com"
43.130.102.7 - - [17/May/2026:10:46:18 +0800] "GET /wp-admin/admin-ajax.php HTTP/1.1" 400 11 "-" "Mozilla/5.0 (iPhone; CPU iPhone OS 13_2_3 like Mac OS X) AppleWebKit/605.1.15 (KHTML, like Gecko) Version/13.0.3 Mobile/15E148 Safari/604.1"
36.133.115.36 - - [17/May/2026:10:55:33 +0800] "POST /wp-cron.php?doing_wp_cron=1778986533.9405360221862792968750 HTTP/1.1" 200 31 "-" "WordPress/6.9; http://cqqizhou.com"
5.61.209.126 - - [17/May/2026:10:55:33 +0800] "GET /SDK/webLanguage HTTP/1.1" 301 5 "-" "Mozilla/5.0 (Windows NT 10.0; Win64; x64) AppleWebKit/537.36 (KHTML, like Gecko) Chrome/90.0.4430.85 Safari/537.36 Edg/90.0.818.46"
36.133.115.36 - - [17/May/2026:11:15:55 +0800] "POST /wp-cron.php?doing_wp_cron=1778987755.5216050148010253906250 HTTP/1.1" 200 31 "-" "WordPress/6.9; http://cqqizhou.com"
157.55.39.14 - - [17/May/2026:11:15:55 +0800] "GET /media/3 HTTP/1.1" 200 26638 "-" "Mozilla/5.0 AppleWebKit/537.36 (KHTML, like Gecko; compatible; bingbot/2.0; +http://www.bing.com/bingbot.htm) Chrome/116.0.1938.76 Safari/537.36"
36.133.115.36 - - [17/May/2026:11:16:44 +0800] "POST /wp-cron.php?doing_wp_cron=1778987804.6019079685211181640625 HTTP/1.1" 200 31 "-" "WordPress/6.9; http://cqqizhou.com"
49.51.252.146 - - [17/May/2026:11:16:44 +0800] "GET / HTTP/1.1" 301 5 "-" "Mozilla/5.0 (iPhone; CPU iPhone OS 13_2_3 like Mac OS X) AppleWebKit/605.1.15 (KHTML, like Gecko) Version/13.0.3 Mobile/15E148 Safari/604.1"
49.51.252.146 - - [17/May/2026:11:16:47 +0800] "GET / HTTP/1.1" 200 35142 "http://36.133.115.36" "Mozilla/5.0 (iPhone; CPU iPhone OS 13_2_3 like Mac OS X) AppleWebKit/605.1.15 (KHTML, like Gecko) Version/13.0.3 Mobile/15E148 Safari/604.1"
119.84.246.117 - - [17/May/2026:11:16:51 +0800] "GET / HTTP/1.1" 301 5 "-" "-"
119.84.246.117 - - [17/May/2026:11:16:51 +0800] "GET / HTTP/1.1" 200 172543 "-" "-"
119.84.246.117 - - [17/May/2026:11:16:53 +0800] "GET / HTTP/1.1" 301 5 "-" "Mozilla/5.0 (Windows; U; Windows NT 5.2) AppleWebKit/525.13 (KHTML, like Gecko) Chrome/0.2.149.27 Safari/525.13"
119.84.246.117 - - [17/May/2026:11:16:53 +0800] "GET / HTTP/1.1" 200 41029 "-" "Mozilla/5.0 (Windows; U; Windows NT 5.2) AppleWebKit/525.13 (KHTML, like Gecko) Chrome/0.2.149.27 Safari/525.13"
119.84.246.117 - - [17/May/2026:11:16:53 +0800] "GET /wp-content/uploads/2025/07/1753456723-%E5%8F%8C%E7%9B%B8%E9%92%A2roduct_Single600.webp HTTP/1.1" 200 22790 "http://cqqizhou.com/" "Mozilla/5.0 (Windows; U; Windows NT 5.2) AppleWebKit/525.13 (KHTML, like Gecko) Chrome/0.2.149.27 Safari/525.13"
119.84.246.117 - - [17/May/2026:11:16:53 +0800] "GET /wp-content/uploads/2025/07/1751425283-qizhou.kf_.qq_.com_.webp HTTP/1.1" 200 16864 "http://cqqizhou.com/" "Mozilla/5.0 (Windows; U; Windows NT 5.2) AppleWebKit/525.13 (KHTML, like Gecko) Chrome/0.2.149.27 Safari/525.13"
119.84.246.117 - - [17/May/2026:11:16:53 +0800] "GET /wp-content/uploads/2025/07/1753453096-%E5%8F%8C%E7%9B%B8%E9%92%A2product_Single600%C3%97284.webp HTTP/1.1" 200 14562 "http://cqqizhou.com/" "Mozilla/5.0 (Windows; U; Windows NT 5.2) AppleWebKit/525.13 (KHTML, like Gecko) Chrome/0.2.149.27 Safari/525.13"
119.84.246.117 - - [17/May/2026:11:16:53 +0800] "GET /wp-content/uploads/2025/07/1753453127-%E4%BD%99%E5%8D%B7product_Single600%C3%97284.webp HTTP/1.1" 200 18744 "http://cqqizhou.com/" "Mozilla/5.0 (Windows; U; Windows NT 5.2) AppleWebKit/525.13 (KHTML, like Gecko) Chrome/0.2.149.27 Safari/525.13"
119.84.246.117 - - [17/May/2026:11:16:53 +0800] "GET /wp-content/uploads/2026/04/1775698332-Article_images_W900px.webp HTTP/1.1" 200 49852 "http://cqqizhou.com/" "Mozilla/5.0 (Windows; U; Windows NT 5.2) AppleWebKit/525.13 (KHTML, like Gecko) Chrome/0.2.149.27 Safari/525.13"
119.84.246.117 - - [17/May/2026:11:16:53 +0800] "GET /wp-content/uploads/2025/07/1753456770-%E7%83%AD%E9%95%80%E9%94%8C%E5%8D%B7product_Single600.webp HTTP/1.1" 200 27502 "http://cqqizhou.com/" "Mozilla/5.0 (Windows; U; Windows NT 5.2) AppleWebKit/525.13 (KHTML, like Gecko) Chrome/0.2.149.27 Safari/525.13"
119.84.246.117 - - [17/May/2026:11:16:53 +0800] "GET /wp-content/uploads/2026/04/1775865780-1Article_images_W900px.webp HTTP/1.1" 200 41840 "http://cqqizhou.com/" "Mozilla/5.0 (Windows; U; Windows NT 5.2) AppleWebKit/525.13 (KHTML, like Gecko) Chrome/0.2.149.27 Safari/525.13"
119.84.246.117 - - [17/May/2026:11:16:53 +0800] "GET /wp-content/uploads/2026/04/1777513410-1Article_images_W900px.webp HTTP/1.1" 200 30786 "http://cqqizhou.com/" "Mozilla/5.0 (Windows; U; Windows NT 5.2) AppleWebKit/525.13 (KHTML, like Gecko) Chrome/0.2.149.27 Safari/525.13"
119.84.246.117 - - [17/May/2026:11:16:53 +0800] "GET /wp-content/uploads/2026/02/1769999241-4.2%E7%B1%B3%E9%AB%98%E6%A0%8F%E8%B4%A7%E8%BD%A6.webp HTTP/1.1" 200 54794 "http://cqqizhou.com/" "Mozilla/5.0 (Windows; U; Windows NT 5.2) AppleWebKit/525.13 (KHTML, like Gecko) Chrome/0.2.149.27 Safari/525.13"
119.84.246.117 - - [17/May/2026:11:16:53 +0800] "GET /wp-content/uploads/2026/04/1775195054-1Article_images_W900px.webp HTTP/1.1" 200 25562 "http://cqqizhou.com/" "Mozilla/5.0 (Windows; U; Windows NT 5.2) AppleWebKit/525.13 (KHTML, like Gecko) Chrome/0.2.149.27 Safari/525.13"
36.133.115.36 - - [17/May/2026:11:19:37 +0800] "POST /wp-cron.php?doing_wp_cron=1778987977.9462699890136718750000 HTTP/1.1" 200 31 "-" "WordPress/6.9; http://cqqizhou.com"
124.156.200.223 - - [17/May/2026:11:19:37 +0800] "GET / HTTP/1.1" 200 35141 "-" "Mozilla/5.0 (iPhone; CPU iPhone OS 13_2_3 like Mac OS X) AppleWebKit/605.1.15 (KHTML, like Gecko) Version/13.0.3 Mobile/15E148 Safari/604.1"
36.133.115.36 - - [17/May/2026:11:23:32 +0800] "POST /wp-cron.php?doing_wp_cron=1778988212.6027469635009765625000 HTTP/1.1" 200 31 "-" "WordPress/6.9; http://cqqizhou.com"
39.100.82.150 - - [17/May/2026:11:23:32 +0800] "GET / HTTP/1.0" 301 0 "-" "-"
39.100.82.150 - - [17/May/2026:11:23:43 +0800] "GET / HTTP/1.0" 301 0 "-" "-"
39.100.82.150 - - [17/May/2026:11:23:43 +0800] "GET /nmaplowercheck1778988215 HTTP/1.1" 404 32979 "-" "Mozilla/5.0 (compatible; Nmap Scripting Engine; https://nmap.org/book/nse.html)"
39.100.82.150 - - [17/May/2026:11:23:44 +0800] "POST /sdk HTTP/1.1" 404 32979 "-" "Mozilla/5.0 (compatible; Nmap Scripting Engine; https://nmap.org/book/nse.html)"
39.100.82.150 - - [17/May/2026:11:23:44 +0800] "GET /evox/about HTTP/1.1" 404 32979 "-" "Mozilla/5.0 (compatible; Nmap Scripting Engine; https://nmap.org/book/nse.html)"
39.100.82.150 - - [17/May/2026:11:23:44 +0800] "GET /HNAP1 HTTP/1.1" 404 32979 "-" "Mozilla/5.0 (compatible; Nmap Scripting Engine; https://nmap.org/book/nse.html)"
39.100.82.150 - - [17/May/2026:11:24:04 +0800] "GET / HTTP/1.0" 301 0 "-" "-"
39.100.82.150 - - [17/May/2026:11:24:04 +0800] "GET / HTTP/1.1" 301 5 "-" "-"
85.209.217.190 - - [17/May/2026:11:35:25 +0800] "GET /news/2361 HTTP/1.1" 200 25489 "-" "Mozilla/5.0 (Windows NT 10.0; Win64; x64) AppleWebKit/537.36 (KHTML, like Gecko) Chrome/131.0.0.0 Safari/537.36 Edg/131.0.0.0"
110.10.176.48 - - [17/May/2026:11:40:33 +0800] "GET /admin/config.php HTTP/1.0" 404 16 "-" "Mozilla/5.0 (Windows NT 10.0; Win64; x64) AppleWebKit/537.36"
36.133.115.36 - - [17/May/2026:12:00:26 +0800] "POST /wp-cron.php?doing_wp_cron=1778990426.5312740802764892578125 HTTP/1.1" 200 31 "-" "WordPress/6.9; http://cqqizhou.com"
116.207.169.28 - - [17/May/2026:12:00:26 +0800] "GET /2373/ HTTP/1.1" 301 5 "-" "Mozilla/5.0 (Windows NT 10.0; Win64; x64) AppleWebKit/537.36 (KHTML, like Gecko) Chrome/142.0.0.0 Safari/537.36"
116.207.169.28 - - [17/May/2026:12:00:26 +0800] "GET /news/2373 HTTP/1.1" 200 23098 "-" "Mozilla/5.0 (Windows NT 10.0; Win64; x64) AppleWebKit/537.36 (KHTML, like Gecko) Chrome/142.0.0.0 Safari/537.36"
34.77.181.31 - - [17/May/2026:12:00:27 +0800] "GET / HTTP/1.1" 200 35141 "-" "Mozilla/5.0 (Windows NT 10.0; Win64; x64) AppleWebKit/537.36 (KHTML, like Gecko) Chrome/127.0.0.0 Safari/537.36"
112.90.14.91 - - [17/May/2026:12:01:00 +0800] "GET /2373/ HTTP/1.1" 301 5 "-" "Mozilla/5.0 (Windows NT 10.0; Win64; x64) AppleWebKit/537.36 (KHTML, like Gecko) Chrome/116.0.0.0 Safari/537.36"
120.241.127.147 - - [17/May/2026:12:01:01 +0800] "GET /news/2373 HTTP/1.1" 200 23098 "-" "Mozilla/5.0 (Windows NT 10.0; Win64; x64) AppleWebKit/537.36 (KHTML, like Gecko) Chrome/116.0.0.0 Safari/537.36"
36.133.115.36 - - [17/May/2026:12:04:06 +0800] "POST /wp-cron.php?doing_wp_cron=1778990646.6326460838317871093750 HTTP/1.1" 200 31 "-" "WordPress/6.9; http://cqqizhou.com"
143.20.185.242 - - [17/May/2026:12:04:06 +0800] "GET / HTTP/1.1" 200 108018 "-" "-"
36.133.115.36 - - [17/May/2026:12:06:07 +0800] "POST /wp-cron.php?doing_wp_cron=1778990767.6958019733428955078125 HTTP/1.1" 200 31 "-" "WordPress/6.9; http://cqqizhou.com"
134.209.235.25 - - [17/May/2026:12:06:07 +0800] "GET / HTTP/1.1" 301 5 "-" "Mozilla/5.0 (Windows NT 10.0; Win64; x64; rv:109.0) Gecko/20100101 Firefox/118.0"
36.133.115.36 - - [17/May/2026:12:16:05 +0800] "POST /wp-cron.php?doing_wp_cron=1778991365.9079179763793945312500 HTTP/1.1" 200 31 "-" "WordPress/6.9; http://cqqizhou.com"
60.191.125.35 - - [17/May/2026:12:16:05 +0800] "HEAD http://112.124.42.80:63435/ HTTP/1.1" 200 0 "-" "Mozilla/5.0 (Macintosh; Intel Mac OS X 10_11_6) AppleWebKit/537.36 (KHTML, like Gecko) Chrome/53.0.2785.143 Safari/537.36"
36.133.115.36 - - [17/May/2026:12:53:16 +0800] "POST /wp-cron.php?doing_wp_cron=1778993596.5939240455627441406250 HTTP/1.1" 200 31 "-" "WordPress/6.9; http://cqqizhou.com"
195.96.139.195 - - [17/May/2026:12:53:16 +0800] "GET / HTTP/1.1" 301 5 "-" "Mozilla/5.0 (compatible; InternetMeasurement/1.0; +https://internet-measurement.com/)"
195.96.139.195 - - [17/May/2026:12:53:17 +0800] "GET / HTTP/1.1" 200 41029 "http://36.133.115.36" "Mozilla/5.0 (compatible; InternetMeasurement/1.0; +https://internet-measurement.com/)"
36.133.115.36 - - [17/May/2026:12:57:21 +0800] "POST /wp-cron.php?doing_wp_cron=1778993841.0417969226837158203125 HTTP/1.1" 200 31 "-" "WordPress/6.9; http://cqqizhou.com"
36.133.108.121 - - [17/May/2026:12:57:21 +0800] "HEAD /SDK/webLanguage HTTP/1.1" 404 0 "-" "Mozilla/5.0 (compatible; MSIE 8.0; Windows NT 5.2; Trident/4.0; Media Center PC 4.0; SLCC1; .NET CLR 3.0.04320)"
36.133.115.36 - - [17/May/2026:13:04:29 +0800] "POST /wp-cron.php?doing_wp_cron=1778994269.4354810714721679687500 HTTP/1.1" 200 31 "-" "WordPress/6.9; http://cqqizhou.com"
112.124.58.64 - - [17/May/2026:13:04:29 +0800] "GET / HTTP/1.1" 301 5 "-" "Mozilla/5.0 (Windows NT 10.0; Win64; x64) AppleWebKit/537.36 (KHTML, like Gecko) Chrome/59.0.3071.115 Safari/537.36"
36.133.115.36 - - [17/May/2026:13:19:44 +0800] "POST /wp-cron.php?doing_wp_cron=1778995184.9457809925079345703125 HTTP/1.1" 200 31 "-" "WordPress/6.9; http://cqqizhou.com"
110.10.176.48 - - [17/May/2026:13:19:44 +0800] "GET /robots.txt HTTP/1.1" 301 5 "-" "Mozilla/5.0 (compatible; FreePBX-Scanner/1.0)"
36.133.115.36 - - [17/May/2026:13:28:15 +0800] "POST /wp-cron.php?doing_wp_cron=1778995695.9155490398406982421875 HTTP/1.1" 200 31 "-" "WordPress/6.9; http://cqqizhou.com"
113.76.58.172 - - [17/May/2026:13:28:15 +0800] "GET /portfolio-tag/ansteel-thyssen/ HTTP/1.1" 404 9409 "-" "Mozilla/5.0 (Macintosh; Intel Mac OS X 10_15_7) AppleWebKit/537.36 (KHTML, like Gecko) Chrome/140.0.0.0 Safari/537.36"
124.90.137.25 - - [17/May/2026:13:28:22 +0800] "GET /wp-content/uploads/2026/02/1772086672-%E5%BC%80%E5%B7%A5%E5%A4%A7%E5%90%89%E5%B0%81%E9%9D%A2%E5%A4%B4%E5%9B%BEArticle_images_W900%C3%97500px.webp HTTP/1.1" 200 99110 "http://cqqizhou.com/" "Mozilla/5.0 (Windows NT 10.0; Win64; x64) AppleWebKit/537.36 (KHTML, like Gecko) Chrome/109.0.0.0 Safari/537.36"
36.133.115.36 - - [17/May/2026:13:37:24 +0800] "POST /wp-cron.php?doing_wp_cron=1778996244.2844290733337402343750 HTTP/1.1" 200 31 "-" "WordPress/6.9; http://cqqizhou.com"
47.128.30.84 - - [17/May/2026:13:37:24 +0800] "GET /robots.txt HTTP/1.1" 200 190 "-" "Mozilla/5.0 (Linux; Android 5.0) AppleWebKit/537.36 (KHTML, like Gecko) Mobile Safari/537.36 (compatible; Bytespider; spider-feedback@bytedance.com)"
36.133.115.36 - - [17/May/2026:13:41:19 +0800] "POST /wp-cron.php?doing_wp_cron=1778996479.8071849346160888671875 HTTP/1.1" 200 31 "-" "WordPress/6.9; http://cqqizhou.com"
198.12.115.18 - - [17/May/2026:13:41:19 +0800] "GET / HTTP/1.1" 301 5 "-" "Mozilla/5.0 (Windows NT 10.0; Win64; x64) AppleWebKit/537.36"
175.27.188.56 - - [17/May/2026:13:47:51 +0800] "GET /phpmyadmin/index.php HTTP/1.1" 404 27 "-" "Mozilla/5.0 (Windows NT 10.0; WOW64) AppleWebKit/537.36 (KHTML, like Gecko) Chrome/69.0.3464.0 Safari/537.36"
175.27.188.56 - - [17/May/2026:13:47:52 +0800] "GET /pmd/index.php HTTP/1.1" 404 27 "-" "Mozilla/5.0 (Windows NT 10.0; WOW64) AppleWebKit/537.36 (KHTML, like Gecko) Chrome/69.0.3464.0 Safari/537.36"
175.27.188.56 - - [17/May/2026:13:47:52 +0800] "GET /phpmyadmin4.8.5/index.php HTTP/1.1" 404 27 "-" "Mozilla/5.0 (Windows NT 10.0; WOW64) AppleWebKit/537.36 (KHTML, like Gecko) Chrome/69.0.3464.0 Safari/537.36"
36.133.115.36 - - [17/May/2026:13:53:48 +0800] "POST /wp-cron.php?doing_wp_cron=1778997228.7789919376373291015625 HTTP/1.1" 200 31 "-" "WordPress/6.9; http://cqqizhou.com"
119.28.100.147 - - [17/May/2026:13:53:48 +0800] "GET / HTTP/1.1" 200 35141 "-" "Mozilla/5.0 (iPhone; CPU iPhone OS 13_2_3 like Mac OS X) AppleWebKit/605.1.15 (KHTML, like Gecko) Version/13.0.3 Mobile/15E148 Safari/604.1"
119.28.100.147 - - [17/May/2026:13:53:50 +0800] "GET / HTTP/1.1" 301 5 "-" "Mozilla/5.0 (iPhone; CPU iPhone OS 13_2_3 like Mac OS X) AppleWebKit/605.1.15 (KHTML, like Gecko) Version/13.0.3 Mobile/15E148 Safari/604.1"
119.28.100.147 - - [17/May/2026:13:53:52 +0800] "GET / HTTP/1.1" 200 35141 "http://www.cqqizhou.com" "Mozilla/5.0 (iPhone; CPU iPhone OS 13_2_3 like Mac OS X) AppleWebKit/605.1.15 (KHTML, like Gecko) Version/13.0.3 Mobile/15E148 Safari/604.1"
111.40.38.49 - - [17/May/2026:13:54:41 +0800] "GET / HTTP/1.1" 200 41029 "-" "Mozilla/5.0 (Windows NT 10.0; WOW64) AppleWebKit/537.36 (KHTML, like Gecko) Chrome/75.0.3770.90"
36.133.115.36 - - [17/May/2026:13:55:18 +0800] "POST /wp-cron.php?doing_wp_cron=1778997318.6738829612731933593750 HTTP/1.1" 200 31 "-" "WordPress/6.9; http://cqqizhou.com"
111.32.64.48 - - [17/May/2026:13:55:18 +0800] "GET / HTTP/1.1" 301 5 "-" "Mozilla/5.0 (Windows NT 10.0) AppleWebKit/537.36 (KHTML, like Gecko) Chrome/78.0.3904.105"
111.32.64.48 - - [17/May/2026:13:55:18 +0800] "GET http://cqqizhou.com/ HTTP/1.1" 200 41029 "-" "Mozilla/5.0 (Windows NT 10.0) AppleWebKit/537.36 (KHTML, like Gecko) Chrome/78.0.3904.105"
36.133.115.36 - - [17/May/2026:14:05:18 +0800] "POST /wp-cron.php?doing_wp_cron=1778997918.5148680210113525390625 HTTP/1.1" 200 31 "-" "WordPress/6.9; http://cqqizhou.com"
27.196.128.123 - - [17/May/2026:14:05:18 +0800] "GET /news/2523 HTTP/1.1" 301 5 "http://cqqizhou.com/" "Mozilla/5.0 (Windows NT 10.0; Win64; x64) AppleWebKit/537.36 (KHTML, like Gecko) Chrome/131.0.0.0 Safari/537.36"
27.196.128.123 - - [17/May/2026:14:05:19 +0800] "GET /news/2518/6article_images_w900px HTTP/1.1" 301 5 "http://cqqizhou.com/" "Mozilla/5.0 (Windows NT 10.0; Win64; x64) AppleWebKit/537.36 (KHTML, like Gecko) Chrome/131.0.0.0 Safari/537.36"
27.196.128.123 - - [17/May/2026:14:05:19 +0800] "GET /wp-content/uploads/2026/03/1772790943-6Article_images_W900px.webp HTTP/1.1" 200 57278 "http://cqqizhou.com/" "Mozilla/5.0 (Windows NT 10.0; Win64; x64) AppleWebKit/537.36 (KHTML, like Gecko) Chrome/131.0.0.0 Safari/537.36"
36.133.115.36 - - [17/May/2026:14:16:33 +0800] "POST /wp-cron.php?doing_wp_cron=1778998593.4130339622497558593750 HTTP/1.1" 200 31 "-" "WordPress/6.9; http://cqqizhou.com"
93.123.72.166 - - [17/May/2026:14:16:33 +0800] "GET /SDK/webLanguage HTTP/1.1" 301 5 "-" "Mozilla/5.0 (Windows NT 10.0; Win64; x64) AppleWebKit/537.36 (KHTML, like Gecko) Chrome/90.0.4430.85 Safari/537.36 Edg/90.0.818.46"
36.133.115.36 - - [17/May/2026:14:17:34 +0800] "POST /wp-cron.php?doing_wp_cron=1778998654.2316210269927978515625 HTTP/1.1" 200 31 "-" "WordPress/6.9; http://cqqizhou.com"
170.106.147.63 - - [17/May/2026:14:17:34 +0800] "GET /logistics HTTP/1.1" 301 5 "-" "Mozilla/5.0 (iPhone; CPU iPhone OS 13_2_3 like Mac OS X) AppleWebKit/605.1.15 (KHTML, like Gecko) Version/13.0.3 Mobile/15E148 Safari/604.1"
170.106.147.63 - - [17/May/2026:14:17:37 +0800] "GET /logistics HTTP/1.1" 200 25820 "http://36.133.115.36:80/logistics" "Mozilla/5.0 (iPhone; CPU iPhone OS 13_2_3 like Mac OS X) AppleWebKit/605.1.15 (KHTML, like Gecko) Version/13.0.3 Mobile/15E148 Safari/604.1"
199.244.88.224 - - [17/May/2026:14:22:36 +0800] "GET / HTTP/1.1" 200 41029 "-" "Mozilla/5.0 (X11; Linux x86_64) AppleWebKit/537.36 (KHTML, like Gecko) Chrome/105.0.0.0 Safari/537.36"
36.133.115.36 - - [17/May/2026:14:32:16 +0800] "POST /wp-cron.php?doing_wp_cron=1778999536.6643259525299072265625 HTTP/1.1" 200 31 "-" "WordPress/6.9; http://cqqizhou.com"
43.153.107.22 - - [17/May/2026:14:32:16 +0800] "GET /bug HTTP/1.1" 200 12109 "-" "Mozilla/5.0 (iPhone; CPU iPhone OS 13_2_3 like Mac OS X) AppleWebKit/605.1.15 (KHTML, like Gecko) Version/13.0.3 Mobile/15E148 Safari/604.1"
36.133.115.36 - - [17/May/2026:14:33:34 +0800] "POST /wp-cron.php?doing_wp_cron=1778999614.4889099597930908203125 HTTP/1.1" 200 31 "-" "WordPress/6.9; http://cqqizhou.com"
144.52.251.227 - - [17/May/2026:14:33:34 +0800] "GET /contacts/ HTTP/1.1" 301 5 "-" "Mozilla/5.0 (Windows NT 10.0; Win64; x64) AppleWebKit/537.36 (KHTML, like Gecko) Chrome/136.0.0.0 Safari/537.36"
144.52.251.227 - - [17/May/2026:14:33:34 +0800] "GET http://cqqizhou.com/contacts HTTP/1.1" 200 22094 "-" "Mozilla/5.0 (Windows NT 10.0; Win64; x64) AppleWebKit/537.36 (KHTML, like Gecko) Chrome/136.0.0.0 Safari/537.36"
36.133.115.36 - - [17/May/2026:15:01:47 +0800] "POST /wp-cron.php?doing_wp_cron=1779001307.6976149082183837890625 HTTP/1.1" 200 31 "-" "WordPress/6.9; http://cqqizhou.com"
43.135.185.59 - - [17/May/2026:15:01:47 +0800] "GET /logistics HTTP/1.1" 200 25820 "-" "Mozilla/5.0 (iPhone; CPU iPhone OS 13_2_3 like Mac OS X) AppleWebKit/605.1.15 (KHTML, like Gecko) Version/13.0.3 Mobile/15E148 Safari/604.1"
150.109.230.210 - - [17/May/2026:15:02:21 +0800] "GET /wp-content/uploads/2025/11/1762864381-QZ_Photo-7.webp HTTP/1.1" 200 129922 "-" "Mozilla/5.0 (iPhone; CPU iPhone OS 13_2_3 like Mac OS X) AppleWebKit/605.1.15 (KHTML, like Gecko) Version/13.0.3 Mobile/15E148 Safari/604.1"
43.153.71.132 - - [17/May/2026:15:11:35 +0800] "GET /wp-content/uploads/2025/11/1762864381-QZ_Photo-7-1536x1024.webp HTTP/1.1" 200 155402 "-" "Mozilla/5.0 (iPhone; CPU iPhone OS 13_2_3 like Mac OS X) AppleWebKit/605.1.15 (KHTML, like Gecko) Version/13.0.3 Mobile/15E148 Safari/604.1"
36.133.115.36 - - [17/May/2026:15:25:33 +0800] "POST /wp-cron.php?doing_wp_cron=1779002733.0266480445861816406250 HTTP/1.1" 200 31 "-" "WordPress/6.9; http://cqqizhou.com"
43.159.152.4 - - [17/May/2026:15:25:33 +0800] "GET /logistics HTTP/1.1" 200 25820 "-" "Mozilla/5.0 (iPhone; CPU iPhone OS 13_2_3 like Mac OS X) AppleWebKit/605.1.15 (KHTML, like Gecko) Version/13.0.3 Mobile/15E148 Safari/604.1"
36.133.115.36 - - [17/May/2026:15:34:19 +0800] "POST /wp-cron.php?doing_wp_cron=1779003259.3760399818420410156250 HTTP/1.1" 200 31 "-" "WordPress/6.9; http://cqqizhou.com"
120.227.247.245 - - [17/May/2026:15:34:19 +0800] "GET /news/2383 HTTP/1.1" 301 5 "http://cqqizhou.com/" "Mozilla/5.0 (Windows NT 10.0; Win64; x64) AppleWebKit/537.36 (KHTML, like Gecko) Chrome/111.0.0.0 Safari/537.36"
120.227.247.245 - - [17/May/2026:15:34:20 +0800] "GET /news/2373/1766388812-article_images_2025072410 HTTP/1.1" 301 5 "http://cqqizhou.com/" "Mozilla/5.0 (Windows NT 10.0; Win64; x64) AppleWebKit/537.36 (KHTML, like Gecko) Chrome/111.0.0.0 Safari/537.36"
120.227.247.245 - - [17/May/2026:15:34:20 +0800] "GET /wp-content/uploads/2025/12/1766388812-Article_images_2025072410.webp HTTP/1.1" 200 51320 "http://cqqizhou.com/" "Mozilla/5.0 (Windows NT 10.0; Win64; x64) AppleWebKit/537.36 (KHTML, like Gecko) Chrome/111.0.0.0 Safari/537.36"
43.156.114.184 - - [17/May/2026:15:41:24 +0800] "GET /wp-content/uploads/2026/01/1767696162-qizhoutruck3.webp HTTP/1.1" 200 19026 "-" "Mozilla/5.0 (iPhone; CPU iPhone OS 13_2_3 like Mac OS X) AppleWebKit/605.1.15 (KHTML, like Gecko) Version/13.0.3 Mobile/15E148 Safari/604.1"
119.23.33.212 - - [17/May/2026:15:44:39 +0800] "GET /phpmyadmin/index.php HTTP/1.1" 404 27 "-" "Mozilla/5.0 (Windows NT 10.0; WOW64) AppleWebKit/537.36 (KHTML, like Gecko) Chrome/69.0.3464.0 Safari/537.36"
119.23.33.212 - - [17/May/2026:15:44:39 +0800] "GET /pmd/index.php HTTP/1.1" 404 27 "-" "Mozilla/5.0 (Windows NT 10.0; WOW64) AppleWebKit/537.36 (KHTML, like Gecko) Chrome/69.0.3464.0 Safari/537.36"
119.23.33.212 - - [17/May/2026:15:44:40 +0800] "GET /phpmyadmin4.8.5/index.php HTTP/1.1" 404 27 "-" "Mozilla/5.0 (Windows NT 10.0; WOW64) AppleWebKit/537.36 (KHTML, like Gecko) Chrome/69.0.3464.0 Safari/537.36"
36.133.115.36 - - [17/May/2026:15:52:14 +0800] "POST /wp-cron.php?doing_wp_cron=1779004334.0770869255065917968750 HTTP/1.1" 200 31 "-" "WordPress/6.9; http://cqqizhou.com"
120.216.179.233 - - [17/May/2026:15:52:14 +0800] "GET /wp-content/uploads/2025/12/1766388809-Article_images_202507247.webp%20900w,%20http://cqqizhou.com/wp-content/uploads/2025/12/1766388809-Article_images_202507247-300x169.webp%20300w,%20http://cqqizhou.com/wp-content/uploads/2025/12/1766388809-Article_images_202507247-768x432.webp%20768w HTTP/1.1" 301 5 "http://cqqizhou.com/" "Mozilla/5.0 (Windows NT 10.0; Win64; x64) AppleWebKit/537.36 (KHTML, like Gecko) Chrome/106.0.5249.119 Safari/537.36"
94.191.24.19 - - [17/May/2026:15:52:24 +0800] "GET /wp-content/uploads/2025/12/1766388809-Article_images_202507247.webp%20900w,%20http://cqqizhou.com/wp-content/uploads/2025/12/1766388809-Article_images_202507247-300x169.webp%20300w,%20http://cqqizhou.com/wp-content/uploads/2025/12/1766388809-Article_images_202507247-768x432.webp%20768w HTTP/1.1" 301 5 "http://cqqizhou.com/" "Mozilla/5.0 (Windows NT 10.0; Win64; x64) AppleWebKit/537.36 (KHTML, like Gecko) Chrome/106.0.5249.119 Safari/537.36"
94.191.24.19 - - [17/May/2026:15:52:25 +0800] "GET /wp-content/uploads/2025/12/1766388809-Article_images_202507247.webp%20900w,%20http:/cqqizhou.com/wp-content/uploads/2025/12/1766388809-Article_images_202507247-300x169.webp%20300w,%20http:/cqqizhou.com/wp-content/uploads/2025/12/1766388809-Article_images_202507247-768x432.webp%20768w HTTP/1.1" 404 9410 "http://cqqizhou.com/" "Mozilla/5.0 (Windows NT 10.0; Win64; x64) AppleWebKit/537.36 (KHTML, like Gecko) Chrome/106.0.5249.119 Safari/537.36"
36.133.115.36 - - [17/May/2026:16:15:51 +0800] "POST /wp-cron.php?doing_wp_cron=1779005751.1464810371398925781250 HTTP/1.1" 200 31 "-" "WordPress/6.9; http://cqqizhou.com"
198.12.115.18 - - [17/May/2026:16:15:51 +0800] "GET / HTTP/1.1" 301 5 "-" "Mozilla/5.0 (Windows NT 10.0; Win64; x64) AppleWebKit/537.36"
36.133.115.36 - - [17/May/2026:16:41:16 +0800] "POST /wp-cron.php?doing_wp_cron=1779007276.5692570209503173828125 HTTP/1.1" 200 31 "-" "WordPress/6.9; http://cqqizhou.com"
