File: /home/logs/cqqizhou_access_2026-05-05.log
36.133.115.36 - - [05/May/2026:00:05:21 +0800] "POST /wp-cron.php?doing_wp_cron=1777910721.8295700550079345703125 HTTP/1.1" 200 31 "-" "WordPress/6.9; http://cqqizhou.com"
5.61.209.107 - - [05/May/2026:00:05:21 +0800] "GET /SDK/webLanguage HTTP/1.1" 301 5 "-" "Mozilla/5.0 (Windows NT 10.0; Win64; x64) AppleWebKit/537.36 (KHTML, like Gecko) Chrome/90.0.4430.85 Safari/537.36 Edg/90.0.818.46"
36.133.115.36 - - [05/May/2026:00:51:35 +0800] "POST /wp-cron.php?doing_wp_cron=1777913495.7508039474487304687500 HTTP/1.1" 200 31 "-" "WordPress/6.9; http://cqqizhou.com"
123.6.176.53 - - [05/May/2026:00:51:35 +0800] "GET /2418/ HTTP/1.1" 301 5 "-" "Mozilla/5.0 (Windows NT 10.0; Win64; x64) AppleWebKit/537.36 (KHTML, like Gecko) Chrome/142.0.0.0 Safari/537.36"
123.6.176.53 - - [05/May/2026:00:51:35 +0800] "GET /news/2418 HTTP/1.1" 200 27816 "-" "Mozilla/5.0 (Windows NT 10.0; Win64; x64) AppleWebKit/537.36 (KHTML, like Gecko) Chrome/142.0.0.0 Safari/537.36"
27.150.133.20 - - [05/May/2026:00:51:36 +0800] "GET /2418/ HTTP/1.1" 301 5 "-" "Mozilla/5.0 (Windows NT 10.0; Win64; x64) AppleWebKit/537.36 (KHTML, like Gecko) Chrome/142.0.0.0 Safari/537.36"
27.150.133.20 - - [05/May/2026:00:51:36 +0800] "GET /news/2418 HTTP/1.1" 200 27816 "-" "Mozilla/5.0 (Windows NT 10.0; Win64; x64) AppleWebKit/537.36 (KHTML, like Gecko) Chrome/142.0.0.0 Safari/537.36"
27.150.133.20 - - [05/May/2026:00:51:38 +0800] "POST /wp-admin/admin-ajax.php HTTP/1.1" 499 0 "http://cqqizhou.com/news/2418" "Mozilla/5.0 (Windows NT 10.0; Win64; x64) AppleWebKit/537.36 (KHTML, like Gecko) Chrome/142.0.0.0 Safari/537.36"
123.6.176.53 - - [05/May/2026:00:51:38 +0800] "POST /wp-admin/admin-ajax.php HTTP/1.1" 499 0 "http://cqqizhou.com/news/2418" "Mozilla/5.0 (Windows NT 10.0; Win64; x64) AppleWebKit/537.36 (KHTML, like Gecko) Chrome/142.0.0.0 Safari/537.36"
36.133.115.36 - - [05/May/2026:00:53:04 +0800] "POST /wp-cron.php?doing_wp_cron=1777913584.0102961063385009765625 HTTP/1.1" 200 31 "-" "WordPress/6.9; http://cqqizhou.com"
135.225.181.174 - - [05/May/2026:00:53:04 +0800] "GET /media/4 HTTP/1.1" 200 26663 "-" "Mozilla/5.0 (Windows NT 10.0; Win64; x64) AppleWebKit/537.36 (KHTML, like Gecko) Chrome/131.0.0.0 Safari/537.36 Edg/131.0.0.0"
36.133.115.36 - - [05/May/2026:01:25:51 +0800] "POST /wp-cron.php?doing_wp_cron=1777915551.3203809261322021484375 HTTP/1.1" 200 31 "-" "WordPress/6.9; http://cqqizhou.com"
43.128.67.187 - - [05/May/2026:01:25:51 +0800] "GET / HTTP/1.1" 301 5 "-" "Mozilla/5.0 (iPhone; CPU iPhone OS 13_2_3 like Mac OS X) AppleWebKit/605.1.15 (KHTML, like Gecko) Version/13.0.3 Mobile/15E148 Safari/604.1"
43.128.67.187 - - [05/May/2026:01:25:53 +0800] "GET / HTTP/1.1" 200 35185 "http://36.133.115.36" "Mozilla/5.0 (iPhone; CPU iPhone OS 13_2_3 like Mac OS X) AppleWebKit/605.1.15 (KHTML, like Gecko) Version/13.0.3 Mobile/15E148 Safari/604.1"
36.133.115.36 - - [05/May/2026:02:03:10 +0800] "POST /wp-cron.php?doing_wp_cron=1777917790.0392940044403076171875 HTTP/1.1" 200 31 "-" "WordPress/6.9; http://cqqizhou.com"
87.121.84.8 - - [05/May/2026:02:03:10 +0800] "GET / HTTP/1.1" 200 158912 "-" "Mozilla/1.0"
36.133.115.36 - - [05/May/2026:02:14:39 +0800] "POST /wp-cron.php?doing_wp_cron=1777918479.6843349933624267578125 HTTP/1.1" 200 31 "-" "WordPress/6.9; http://cqqizhou.com"
36.133.108.121 - - [05/May/2026:02:14:39 +0800] "HEAD /wp-login.php HTTP/1.1" 200 0 "-" "Opera/9.80 (X11; Linux i686; U; it) Presto/2.7.62 Version/11.00"
36.133.115.36 - - [05/May/2026:02:30:39 +0800] "POST /wp-cron.php?doing_wp_cron=1777919439.6025431156158447265625 HTTP/1.1" 200 31 "-" "WordPress/6.9; http://cqqizhou.com"
74.7.227.57 - - [05/May/2026:02:30:39 +0800] "GET /wp-sitemap.xml HTTP/1.1" 501 253 "-" "Mozilla/5.0 AppleWebKit/537.36 (KHTML, like Gecko; compatible; GPTBot/1.3; +https://openai.com/gptbot)"
74.7.230.26 - - [05/May/2026:02:30:39 +0800] "GET /robots.txt HTTP/1.1" 200 190 "-" "Mozilla/5.0 (Macintosh; Intel Mac OS X 10_15_7) AppleWebKit/537.36 (KHTML, like Gecko) Chrome/131.0.0.0 Safari/537.36; compatible; OAI-SearchBot/1.3; robots.txt; +https://openai.com/searchbot"
36.133.115.36 - - [05/May/2026:02:49:56 +0800] "POST /wp-cron.php?doing_wp_cron=1777920596.3611810207366943359375 HTTP/1.1" 200 31 "-" "WordPress/6.9; http://cqqizhou.com"
5.61.209.107 - - [05/May/2026:02:49:56 +0800] "GET /SDK/webLanguage HTTP/1.1" 301 5 "-" "Mozilla/5.0 (Windows NT 10.0; Win64; x64) AppleWebKit/537.36 (KHTML, like Gecko) Chrome/90.0.4430.85 Safari/537.36 Edg/90.0.818.46"
36.133.115.36 - - [05/May/2026:03:26:07 +0800] "POST /wp-cron.php?doing_wp_cron=1777922766.9854850769042968750000 HTTP/1.1" 200 31 "-" "WordPress/6.9; http://cqqizhou.com"
43.155.188.157 - - [05/May/2026:03:26:07 +0800] "GET / HTTP/1.1" 301 5 "-" "Mozilla/5.0 (iPhone; CPU iPhone OS 13_2_3 like Mac OS X) AppleWebKit/605.1.15 (KHTML, like Gecko) Version/13.0.3 Mobile/15E148 Safari/604.1"
36.133.115.36 - - [05/May/2026:03:26:09 +0800] "POST /wp-cron.php?doing_wp_cron=1777922769.6678121089935302734375 HTTP/1.1" 200 31 "-" "WordPress/6.9; http://cqqizhou.com"
43.155.188.157 - - [05/May/2026:03:26:09 +0800] "GET / HTTP/1.1" 200 35185 "http://www.cqqizhou.com" "Mozilla/5.0 (iPhone; CPU iPhone OS 13_2_3 like Mac OS X) AppleWebKit/605.1.15 (KHTML, like Gecko) Version/13.0.3 Mobile/15E148 Safari/604.1"
36.133.115.36 - - [05/May/2026:03:29:56 +0800] "POST /wp-cron.php?doing_wp_cron=1777922996.4779820442199707031250 HTTP/1.1" 200 31 "-" "WordPress/6.9; http://cqqizhou.com"
176.65.139.254 - - [05/May/2026:03:29:56 +0800] "GET / HTTP/1.0" 301 0 "-" "Shodan-Pull/1.0"
36.133.115.36 - - [05/May/2026:03:30:25 +0800] "POST /wp-cron.php?doing_wp_cron=1777923025.4361729621887207031250 HTTP/1.1" 200 31 "-" "WordPress/6.9; http://cqqizhou.com"
115.159.33.43 - - [05/May/2026:03:30:25 +0800] "GET / HTTP/1.1" 301 5 "-" "Mozilla/5.0 (Windows NT 10.0; Win64; x64) AppleWebKit/537.36 (KHTML, like Gecko) Chrome/79.0.3945.117 Safari/537.36"
36.133.115.36 - - [05/May/2026:03:43:15 +0800] "POST /wp-cron.php?doing_wp_cron=1777923795.5667550563812255859375 HTTP/1.1" 200 31 "-" "WordPress/6.9; http://cqqizhou.com"
34.174.144.51 - - [05/May/2026:03:43:15 +0800] "HEAD /blog/ HTTP/1.1" 404 0 "-" "Mozilla/5.0 (Windows NT 11.0; Win64; x64) AppleWebKit/537.36 (KHTML, like Gecko) Chrome/128.0.6540.18 Safari/537.36"
34.174.144.51 - - [05/May/2026:03:43:16 +0800] "HEAD /wp/ HTTP/1.1" 404 0 "-" "Mozilla/5.0 (Linux; Android 13; Pixel 7a) AppleWebKit/537.36 (KHTML, like Gecko) Chrome/124.0.6367.82 Mobile Safari/537.36"
34.174.144.51 - - [05/May/2026:03:43:17 +0800] "HEAD /new/ HTTP/1.1" 301 0 "-" "Mozilla/5.0 (X11; Linux x86_64) AppleWebKit/537.36 (KHTML, like Gecko) Chrome/125.0.6422.76 Safari/537.36"
34.174.144.51 - - [05/May/2026:03:43:17 +0800] "HEAD /news HTTP/1.1" 200 0 "http://cqqizhou.com/new/" "Mozilla/5.0 (X11; Linux x86_64) AppleWebKit/537.36 (KHTML, like Gecko) Chrome/125.0.6422.76 Safari/537.36"
34.174.144.51 - - [05/May/2026:03:43:18 +0800] "HEAD /backup/ HTTP/1.1" 404 0 "-" "Mozilla/5.0 (Windows NT 10.0; Win64; x64) AppleWebKit/537.36 (KHTML, like Gecko) Chrome/126.0.6478.70 Safari/537.36 Vivaldi/6.7.3200.25"
34.174.144.51 - - [05/May/2026:03:43:19 +0800] "HEAD /wordpress/ HTTP/1.1" 404 0 "-" "Mozilla/5.0 (Linux; Android 13; Nokia G42 5G) AppleWebKit/537.36 (KHTML, like Gecko) Chrome/126.0.6478.41 Mobile Safari/537.36"
34.174.144.51 - - [05/May/2026:03:43:20 +0800] "HEAD /old/ HTTP/1.1" 404 0 "-" "Mozilla/5.0 (Linux; Android 14; OnePlus 12) AppleWebKit/537.36 (KHTML, like Gecko) Chrome/125.0.6422.102 Mobile Safari/537.36"
34.174.144.51 - - [05/May/2026:03:43:20 +0800] "HEAD / HTTP/1.1" 200 0 "-" "Mozilla/5.0 (Macintosh; Intel Mac OS X 13_5) AppleWebKit/605.1.15 (KHTML, like Gecko) Version/16.5 Safari/605.1.15"
36.133.115.36 - - [05/May/2026:03:49:38 +0800] "POST /wp-cron.php?doing_wp_cron=1777924178.9350190162658691406250 HTTP/1.1" 200 31 "-" "WordPress/6.9; http://cqqizhou.com"
5.61.209.107 - - [05/May/2026:03:49:38 +0800] "GET /SDK/webLanguage HTTP/1.1" 301 5 "-" "Mozilla/5.0 (Windows NT 10.0; Win64; x64) AppleWebKit/537.36 (KHTML, like Gecko) Chrome/90.0.4430.85 Safari/537.36 Edg/90.0.818.46"
112.38.93.118 - - [05/May/2026:04:09:21 +0800] "GET /wp-content/uploads/2026/02/1769999335-17.5%E7%B1%B3%E5%B9%B3%E6%9D%BF%E8%B4%A7%E8%BD%A6.webp HTTP/1.1" 200 56978 "http://cqqizhou.com/" "Mozilla/5.0 (Windows NT 10.0; Win64; x64) AppleWebKit/537.36 (KHTML, like Gecko) Chrome/107.0.0.0 Safari/537.36"
36.133.115.36 - - [05/May/2026:04:19:52 +0800] "POST /wp-cron.php?doing_wp_cron=1777925992.7250459194183349609375 HTTP/1.1" 200 31 "-" "WordPress/6.9; http://cqqizhou.com"
111.225.149.50 - - [05/May/2026:04:19:52 +0800] "GET /robots.txt HTTP/1.1" 200 190 "-" "Mozilla/5.0 (Linux; Android 5.0) AppleWebKit/537.36 (KHTML, like Gecko) Mobile Safari/537.36 (compatible; Bytespider; https://zhanzhang.toutiao.com/)"
36.133.115.36 - - [05/May/2026:04:26:26 +0800] "POST /wp-cron.php?doing_wp_cron=1777926386.8340930938720703125000 HTTP/1.1" 200 31 "-" "WordPress/6.9; http://cqqizhou.com"
45.148.10.67 - - [05/May/2026:04:26:26 +0800] "GET / HTTP/1.1" 200 35185 "-" "Mozilla/5.0 (Windows NT 10.0; Win64; x64) AppleWebKit/537.36 (KHTML, like Gecko) Chrome/131.0.0.0 Safari/537.36"
36.133.108.125 - - [05/May/2026:04:26:55 +0800] "HEAD / HTTP/1.1" 301 0 "-" "Mozilla/5.0 (Windows NT 6.1; WOW64; rv:31.0) Gecko/20130401 Firefox/31.0"
36.133.108.119 - - [05/May/2026:04:26:56 +0800] "GET / HTTP/1.1" 301 5 "-" "Scrapy/2.8.0 (+https://scrapy.org)"
36.133.115.36 - - [05/May/2026:04:30:29 +0800] "POST /wp-cron.php?doing_wp_cron=1777926629.0812449455261230468750 HTTP/1.1" 200 31 "-" "WordPress/6.9; http://cqqizhou.com"
176.65.139.254 - - [05/May/2026:04:30:29 +0800] "GET / HTTP/1.0" 301 0 "-" "Shodan-Pull/1.0"
36.133.115.36 - - [05/May/2026:05:09:15 +0800] "POST /wp-cron.php?doing_wp_cron=1777928955.9499530792236328125000 HTTP/1.1" 200 31 "-" "WordPress/6.9; http://cqqizhou.com"
43.164.194.198 - - [05/May/2026:05:09:15 +0800] "GET / HTTP/1.1" 200 35185 "-" "Mozilla/5.0 (iPhone; CPU iPhone OS 13_2_3 like Mac OS X) AppleWebKit/605.1.15 (KHTML, like Gecko) Version/13.0.3 Mobile/15E148 Safari/604.1"
36.133.115.36 - - [05/May/2026:05:22:02 +0800] "POST /wp-cron.php?doing_wp_cron=1777929722.8871359825134277343750 HTTP/1.1" 200 31 "-" "WordPress/6.9; http://cqqizhou.com"
43.154.140.188 - - [05/May/2026:05:22:02 +0800] "GET /wp-content/uploads/2026/01/1768276119-qizhoujiagong_Slider_3840 HTTP/1.1" 404 9581 "-" "Mozilla/5.0 (iPhone; CPU iPhone OS 13_2_3 like Mac OS X) AppleWebKit/605.1.15 (KHTML, like Gecko) Version/13.0.3 Mobile/15E148 Safari/604.1"
4.204.197.96 - - [05/May/2026:05:55:19 +0800] "GET /wp-content/plugins/hellopress/wp_filemanager.php HTTP/1.1" 404 27 "-" "-"
4.204.197.96 - - [05/May/2026:05:55:20 +0800] "GET /yellow.php HTTP/1.1" 404 27 "-" "-"
4.204.197.96 - - [05/May/2026:05:55:20 +0800] "GET /wp-thi.php HTTP/1.1" 404 27 "-" "-"
4.204.197.96 - - [05/May/2026:05:55:20 +0800] "GET /wp-slss.php HTTP/1.1" 404 27 "-" "-"
36.133.115.36 - - [05/May/2026:05:55:21 +0800] "POST /wp-cron.php?doing_wp_cron=1777931721.5384340286254882812500 HTTP/1.1" 200 31 "-" "WordPress/6.9; http://cqqizhou.com"
4.204.197.96 - - [05/May/2026:05:55:21 +0800] "GET /wp-load.php HTTP/1.1" 200 5 "-" "-"
4.204.197.96 - - [05/May/2026:05:55:21 +0800] "GET /lib.php HTTP/1.1" 404 27 "-" "-"
4.204.197.96 - - [05/May/2026:05:55:22 +0800] "GET /ah25.php HTTP/1.1" 404 27 "-" "-"
4.204.197.96 - - [05/May/2026:05:55:22 +0800] "GET /revealability.php HTTP/1.1" 404 27 "-" "-"
4.204.197.96 - - [05/May/2026:05:55:22 +0800] "GET /file4.php HTTP/1.1" 404 27 "-" "-"
4.204.197.96 - - [05/May/2026:05:55:22 +0800] "GET /atomlib.php HTTP/1.1" 404 27 "-" "-"
4.204.197.96 - - [05/May/2026:05:55:23 +0800] "GET /file30.php HTTP/1.1" 404 27 "-" "-"
4.204.197.96 - - [05/May/2026:05:55:23 +0800] "GET /forbidals.php HTTP/1.1" 404 27 "-" "-"
4.204.197.96 - - [05/May/2026:05:55:23 +0800] "GET /wp-firewall.php HTTP/1.1" 404 27 "-" "-"
4.204.197.96 - - [05/May/2026:05:55:23 +0800] "GET /tires.php HTTP/1.1" 404 27 "-" "-"
4.204.197.96 - - [05/May/2026:05:55:24 +0800] "GET /shell20211028.php HTTP/1.1" 404 27 "-" "-"
4.204.197.96 - - [05/May/2026:05:55:24 +0800] "GET /wuasr.php HTTP/1.1" 404 27 "-" "-"
4.204.197.96 - - [05/May/2026:05:55:24 +0800] "GET /1index.php HTTP/1.1" 404 27 "-" "-"
4.204.197.96 - - [05/May/2026:05:55:25 +0800] "GET /ff1.php HTTP/1.1" 404 27 "-" "-"
4.204.197.96 - - [05/May/2026:05:55:25 +0800] "GET /png.php HTTP/1.1" 404 27 "-" "-"
4.204.197.96 - - [05/May/2026:05:55:25 +0800] "GET /x.php HTTP/1.1" 404 27 "-" "-"
4.204.197.96 - - [05/May/2026:05:55:25 +0800] "GET /yas.php HTTP/1.1" 404 27 "-" "-"
4.204.197.96 - - [05/May/2026:05:55:26 +0800] "GET /dropdown.php HTTP/1.1" 404 27 "-" "-"
4.204.197.96 - - [05/May/2026:05:55:26 +0800] "GET /wp-access.php HTTP/1.1" 404 27 "-" "-"
4.204.197.96 - - [05/May/2026:05:55:26 +0800] "GET /fun.php HTTP/1.1" 404 27 "-" "-"
4.204.197.96 - - [05/May/2026:05:55:26 +0800] "GET /bthil.php HTTP/1.1" 404 27 "-" "-"
4.204.197.96 - - [05/May/2026:05:55:27 +0800] "GET /wp-kd4xalrg7m.php HTTP/1.1" 404 27 "-" "-"
4.204.197.96 - - [05/May/2026:05:55:27 +0800] "GET /333.php HTTP/1.1" 404 27 "-" "-"
4.204.197.96 - - [05/May/2026:05:55:27 +0800] "GET /explorer/index_.php HTTP/1.1" 404 27 "-" "-"
4.204.197.96 - - [05/May/2026:05:55:28 +0800] "GET /ftde.php HTTP/1.1" 404 27 "-" "-"
4.204.197.96 - - [05/May/2026:05:55:28 +0800] "GET /wp-trackback.php HTTP/1.1" 404 140 "-" "-"
4.204.197.96 - - [05/May/2026:05:55:29 +0800] "GET /wp-admin/css/colors/blue/file.php HTTP/1.1" 404 27 "-" "-"
4.204.197.96 - - [05/May/2026:05:55:29 +0800] "GET /new.php HTTP/1.1" 404 27 "-" "-"
4.204.197.96 - - [05/May/2026:05:55:29 +0800] "GET /aevly.php HTTP/1.1" 404 27 "-" "-"
4.204.197.96 - - [05/May/2026:05:55:29 +0800] "GET /app.php HTTP/1.1" 404 27 "-" "-"
4.204.197.96 - - [05/May/2026:05:55:30 +0800] "GET /txets.php HTTP/1.1" 404 27 "-" "-"
4.204.197.96 - - [05/May/2026:05:55:30 +0800] "GET /file59.php HTTP/1.1" 404 27 "-" "-"
4.204.197.96 - - [05/May/2026:05:55:30 +0800] "GET /albin.php HTTP/1.1" 404 27 "-" "-"
4.204.197.96 - - [05/May/2026:05:55:31 +0800] "GET /lala.php HTTP/1.1" 404 27 "-" "-"
4.204.197.96 - - [05/May/2026:05:55:31 +0800] "GET /wp-at.php HTTP/1.1" 404 27 "-" "-"
4.204.197.96 - - [05/May/2026:05:55:31 +0800] "GET /wp.php HTTP/1.1" 404 27 "-" "-"
4.204.197.96 - - [05/May/2026:05:55:31 +0800] "GET /sys.php HTTP/1.1" 404 27 "-" "-"
4.204.197.96 - - [05/May/2026:05:55:32 +0800] "GET /lv.php HTTP/1.1" 404 27 "-" "-"
4.204.197.96 - - [05/May/2026:05:55:32 +0800] "GET /wp-good.php HTTP/1.1" 404 27 "-" "-"
4.204.197.96 - - [05/May/2026:05:55:32 +0800] "GET /db.php HTTP/1.1" 404 27 "-" "-"
4.204.197.96 - - [05/May/2026:05:55:32 +0800] "GET /z.php HTTP/1.1" 404 27 "-" "-"
4.204.197.96 - - [05/May/2026:05:55:33 +0800] "GET /wp-the.php HTTP/1.1" 404 27 "-" "-"
4.204.197.96 - - [05/May/2026:05:55:33 +0800] "GET /ok.php HTTP/1.1" 404 27 "-" "-"
4.204.197.96 - - [05/May/2026:05:55:33 +0800] "GET /ccou.php HTTP/1.1" 404 27 "-" "-"
4.204.197.96 - - [05/May/2026:05:55:34 +0800] "GET /samll.php HTTP/1.1" 404 27 "-" "-"
4.204.197.96 - - [05/May/2026:05:55:34 +0800] "GET /edit.php HTTP/1.1" 404 27 "-" "-"
4.204.197.96 - - [05/May/2026:05:55:34 +0800] "GET /xda.php HTTP/1.1" 404 27 "-" "-"
4.204.197.96 - - [05/May/2026:05:55:34 +0800] "GET /sbhu.php HTTP/1.1" 404 27 "-" "-"
36.133.115.36 - - [05/May/2026:06:07:40 +0800] "POST /wp-cron.php?doing_wp_cron=1777932460.3402969837188720703125 HTTP/1.1" 200 31 "-" "WordPress/6.9; http://cqqizhou.com"
167.114.139.78 - - [05/May/2026:06:07:40 +0800] "GET /robots.txt HTTP/1.1" 200 190 "-" "Mozilla/5.0 (compatible; AhrefsBot/7.0; +http://ahrefs.com/robot/)"
198.244.242.173 - - [05/May/2026:06:07:41 +0800] "GET /news/2440 HTTP/1.1" 200 26055 "-" "Mozilla/5.0 (compatible; AhrefsBot/7.0; +http://ahrefs.com/robot/)"
36.133.115.36 - - [05/May/2026:06:10:50 +0800] "POST /wp-cron.php?doing_wp_cron=1777932650.9170129299163818359375 HTTP/1.1" 200 31 "-" "WordPress/6.9; http://cqqizhou.com"
87.121.84.8 - - [05/May/2026:06:10:51 +0800] "GET / HTTP/1.1" 200 158912 "-" "Mozilla/1.0"
36.133.115.36 - - [05/May/2026:06:22:40 +0800] "POST /wp-cron.php?doing_wp_cron=1777933360.4853560924530029296875 HTTP/1.1" 200 31 "-" "WordPress/6.9; http://cqqizhou.com"
20.65.178.1 - - [05/May/2026:06:22:40 +0800] "GET /actuator/health HTTP/1.1" 404 9579 "-" "Mozilla/5.0 zgrab/0.x"
36.133.115.36 - - [05/May/2026:06:40:51 +0800] "POST /wp-cron.php?doing_wp_cron=1777934451.9303770065307617187500 HTTP/1.1" 200 31 "-" "WordPress/6.9; http://cqqizhou.com"
118.89.168.105 - - [05/May/2026:06:40:51 +0800] "GET / HTTP/1.1" 301 5 "-" "Mozilla/5.0 (Windows NT 10.0; Win64; x64) AppleWebKit/537.36 (KHTML, like Gecko) Chrome/91.0.4472.124 Safari/537.36"
118.89.168.105 - - [05/May/2026:06:40:52 +0800] "GET / HTTP/1.1" 200 35623 "-" "Mozilla/5.0 (Windows NT 10.0; Win64; x64) AppleWebKit/537.36 (KHTML, like Gecko) Chrome/91.0.4472.124 Safari/537.36"
118.89.168.105 - - [05/May/2026:06:40:59 +0800] "GET / HTTP/1.1" 304 0 "-" "Mozilla/5.0 (Windows NT 10.0; Win64; x64) AppleWebKit/537.36 (KHTML, like Gecko) Chrome/91.0.4472.124 Safari/537.36"
118.89.168.105 - - [05/May/2026:06:41:14 +0800] "GET /about HTTP/1.1" 200 25031 "-" "Mozilla/5.0 (Windows NT 10.0; Win64; x64) AppleWebKit/537.36 (KHTML, like Gecko) Chrome/91.0.4472.124 Safari/537.36"
36.133.115.36 - - [05/May/2026:06:41:26 +0800] "POST /wp-cron.php?doing_wp_cron=1777934486.3586530685424804687500 HTTP/1.1" 200 31 "-" "WordPress/6.9; http://cqqizhou.com"
118.89.168.105 - - [05/May/2026:06:41:26 +0800] "GET /contacts/ HTTP/1.1" 301 5 "-" "Mozilla/5.0 (Windows NT 10.0; Win64; x64) AppleWebKit/537.36 (KHTML, like Gecko) Chrome/91.0.4472.124 Safari/537.36"
118.89.168.105 - - [05/May/2026:06:41:26 +0800] "GET /contacts HTTP/1.1" 200 22288 "-" "Mozilla/5.0 (Windows NT 10.0; Win64; x64) AppleWebKit/537.36 (KHTML, like Gecko) Chrome/91.0.4472.124 Safari/537.36"
118.89.168.105 - - [05/May/2026:06:41:27 +0800] "GET /wp-json/contact-form-7/v1/contact-forms/158/refill HTTP/1.1" 200 33 "http://cqqizhou.com/contacts" "Mozilla/5.0 (Windows NT 10.0; Win64; x64) AppleWebKit/537.36 (KHTML, like Gecko) Chrome/91.0.4472.124 Safari/537.36"
118.89.168.105 - - [05/May/2026:06:41:27 +0800] "GET /wp-json/contact-form-7/v1/contact-forms/158/feedback/schema HTTP/1.1" 200 358 "http://cqqizhou.com/contacts" "Mozilla/5.0 (Windows NT 10.0; Win64; x64) AppleWebKit/537.36 (KHTML, like Gecko) Chrome/91.0.4472.124 Safari/537.36"
36.133.115.36 - - [05/May/2026:06:46:17 +0800] "POST /wp-cron.php?doing_wp_cron=1777934777.0962309837341308593750 HTTP/1.1" 200 31 "-" "WordPress/6.9; http://cqqizhou.com"
112.124.66.28 - - [05/May/2026:06:46:17 +0800] "GET / HTTP/1.0" 301 0 "-" "-"
112.124.66.28 - - [05/May/2026:06:46:27 +0800] "GET / HTTP/1.0" 301 0 "-" "-"
112.124.66.28 - - [05/May/2026:06:46:27 +0800] "GET /nmaplowercheck1777934781 HTTP/1.1" 404 33744 "-" "Mozilla/5.0 (compatible; Nmap Scripting Engine; https://nmap.org/book/nse.html)"
112.124.66.28 - - [05/May/2026:06:46:28 +0800] "POST /sdk HTTP/1.1" 404 33744 "-" "Mozilla/5.0 (compatible; Nmap Scripting Engine; https://nmap.org/book/nse.html)"
112.124.66.28 - - [05/May/2026:06:46:28 +0800] "GET /HNAP1 HTTP/1.1" 404 33744 "-" "Mozilla/5.0 (compatible; Nmap Scripting Engine; https://nmap.org/book/nse.html)"
112.124.66.28 - - [05/May/2026:06:46:28 +0800] "GET /evox/about HTTP/1.1" 404 33744 "-" "Mozilla/5.0 (compatible; Nmap Scripting Engine; https://nmap.org/book/nse.html)"
112.124.66.28 - - [05/May/2026:06:46:48 +0800] "GET / HTTP/1.0" 301 0 "-" "-"
112.124.66.28 - - [05/May/2026:06:46:48 +0800] "GET / HTTP/1.1" 301 5 "-" "-"
36.133.115.36 - - [05/May/2026:06:51:14 +0800] "POST /wp-cron.php?doing_wp_cron=1777935074.5352659225463867187500 HTTP/1.1" 200 31 "-" "WordPress/6.9; http://cqqizhou.com"
43.164.196.244 - - [05/May/2026:06:51:14 +0800] "GET / HTTP/1.1" 200 35186 "-" "Mozilla/5.0 (iPhone; CPU iPhone OS 13_2_3 like Mac OS X) AppleWebKit/605.1.15 (KHTML, like Gecko) Version/13.0.3 Mobile/15E148 Safari/604.1"
36.133.115.36 - - [05/May/2026:07:03:55 +0800] "POST /wp-cron.php?doing_wp_cron=1777935835.3758199214935302734375 HTTP/1.1" 200 31 "-" "WordPress/6.9; http://cqqizhou.com"
43.165.2.110 - - [05/May/2026:07:03:55 +0800] "GET / HTTP/1.1" 200 35185 "-" "Mozilla/5.0 (iPhone; CPU iPhone OS 13_2_3 like Mac OS X) AppleWebKit/605.1.15 (KHTML, like Gecko) Version/13.0.3 Mobile/15E148 Safari/604.1"
36.133.115.36 - - [05/May/2026:07:24:14 +0800] "POST /wp-cron.php?doing_wp_cron=1777937054.4290800094604492187500 HTTP/1.1" 200 31 "-" "WordPress/6.9; http://cqqizhou.com"
43.153.58.28 - - [05/May/2026:07:24:14 +0800] "GET / HTTP/1.1" 200 35185 "-" "Mozilla/5.0 (iPhone; CPU iPhone OS 13_2_3 like Mac OS X) AppleWebKit/605.1.15 (KHTML, like Gecko) Version/13.0.3 Mobile/15E148 Safari/604.1"
36.133.115.36 - - [05/May/2026:07:26:16 +0800] "POST /wp-cron.php?doing_wp_cron=1777937176.6124119758605957031250 HTTP/1.1" 200 31 "-" "WordPress/6.9; http://cqqizhou.com"
14.29.109.49 - - [05/May/2026:07:26:16 +0800] "GET /industry/ HTTP/1.1" 301 5 "-" "Mozilla/5.0 (Windows NT 10.0; Win64; x64) AppleWebKit/537.36 (KHTML, like Gecko) Chrome/133.0.0.0 Safari/537.36"
14.29.109.49 - - [05/May/2026:07:26:16 +0800] "GET /industry HTTP/1.1" 200 25219 "http://cqqizhou.com/industry/" "Mozilla/5.0 (Windows NT 10.0; Win64; x64) AppleWebKit/537.36 (KHTML, like Gecko) Chrome/133.0.0.0 Safari/537.36"
36.133.115.36 - - [05/May/2026:08:20:04 +0800] "POST /wp-cron.php?doing_wp_cron=1777940404.9464941024780273437500 HTTP/1.1" 200 31 "-" "WordPress/6.9; http://cqqizhou.com"
119.84.246.117 - - [05/May/2026:08:20:04 +0800] "GET / HTTP/1.1" 301 5 "-" "Mozilla/5.0 (Windows NT 6.1) AppleWebKit/535.12 (KHTML, like Gecko) Maxthon/3.4.2.3000 Chrome/18.0.966.0 Safari/535.12"
119.84.246.117 - - [05/May/2026:08:20:05 +0800] "GET / HTTP/1.1" 200 160571 "-" "Mozilla/5.0 (Windows NT 6.1) AppleWebKit/535.12 (KHTML, like Gecko) Maxthon/3.4.2.3000 Chrome/18.0.966.0 Safari/535.12"
119.84.246.117 - - [05/May/2026:08:20:06 +0800] "GET / HTTP/1.1" 301 5 "-" "Mozilla/5.0 (Windows NT 6.1; WOW64; rv:12.0) Gecko/20100101 Firefox/12.0"
119.84.246.117 - - [05/May/2026:08:20:06 +0800] "GET / HTTP/1.1" 200 160571 "-" "Mozilla/5.0 (Windows NT 6.1; WOW64; rv:12.0) Gecko/20100101 Firefox/12.0"
119.84.246.117 - - [05/May/2026:08:20:06 +0800] "GET / HTTP/1.1" 301 5 "-" "Mozilla/5.0 (Windows NT 6.1) AppleWebKit/535.12 (KHTML, like Gecko) Maxthon/3.4.2.3000 Chrome/18.0.966.0 Safari/535.12"
119.84.246.117 - - [05/May/2026:08:20:06 +0800] "GET / HTTP/1.1" 200 160571 "-" "Mozilla/5.0 (Windows NT 6.1) AppleWebKit/535.12 (KHTML, like Gecko) Maxthon/3.4.2.3000 Chrome/18.0.966.0 Safari/535.12"
180.153.236.75 - - [05/May/2026:08:29:40 +0800] "GET / HTTP/1.1" 200 35623 "http://cqqizhou.com/" "Mozilla/5.0 (Windows NT 10.0; Win64; x64) AppleWebKit/537.36 (KHTML, like Gecko) Chrome/140.0.0.0 Safari/537.36 Edg/140.0.0.0; 360Spider"
198.244.183.165 - - [05/May/2026:09:09:24 +0800] "GET /news/2155 HTTP/1.1" 200 29522 "-" "Mozilla/5.0 (compatible; AhrefsBot/7.0; +http://ahrefs.com/robot/)"
36.133.115.36 - - [05/May/2026:09:31:28 +0800] "POST /wp-cron.php?doing_wp_cron=1777944688.3332610130310058593750 HTTP/1.1" 200 31 "-" "WordPress/6.9; http://cqqizhou.com"
45.148.10.67 - - [05/May/2026:09:31:28 +0800] "GET / HTTP/1.1" 200 35183 "-" "Mozilla/5.0 (Windows NT 10.0; Win64; x64) AppleWebKit/537.36 (KHTML, like Gecko) Chrome/131.0.0.0 Safari/537.36"
51.89.129.28 - - [05/May/2026:10:23:09 +0800] "GET /news/2153 HTTP/1.1" 200 24924 "-" "Mozilla/5.0 (compatible; AhrefsBot/7.0; +http://ahrefs.com/robot/)"
36.133.115.36 - - [05/May/2026:10:48:37 +0800] "POST /wp-cron.php?doing_wp_cron=1777949317.1731479167938232421875 HTTP/1.1" 200 31 "-" "WordPress/6.9; http://cqqizhou.com"
186.65.112.176 - - [05/May/2026:10:48:37 +0800] "GET / HTTP/1.1" 301 5 "-" "Mozilla/5.0 (Windows NT 10.0; Win64; x64) AppleWebKit/537.36 (KHTML, like Gecko) Chrome/131.0.0.0 Safari/537.36 Edg/131.0.0.0"
36.133.115.36 - - [05/May/2026:10:53:24 +0800] "POST /wp-cron.php?doing_wp_cron=1777949604.2142291069030761718750 HTTP/1.1" 200 31 "-" "WordPress/6.9; http://cqqizhou.com"
116.179.32.14 - - [05/May/2026:10:53:24 +0800] "GET /wp-json/oembed/1.0/embed?url=http%3A%2F%2Fcqqizhou.com%2Fbug%2F HTTP/1.1" 200 1137 "-" "Mozilla/5.0 (compatible; Baiduspider/2.0; +http://www.baidu.com/search/spider.html)"
36.133.115.36 - - [05/May/2026:11:03:25 +0800] "POST /wp-cron.php?doing_wp_cron=1777950205.6424250602722167968750 HTTP/1.1" 200 31 "-" "WordPress/6.9; http://cqqizhou.com"
172.202.118.82 - - [05/May/2026:11:03:25 +0800] "GET / HTTP/1.1" 301 5 "-" "Mozilla/5.0 zgrab/0.x"
36.133.115.36 - - [05/May/2026:11:11:05 +0800] "POST /wp-cron.php?doing_wp_cron=1777950665.1829020977020263671875 HTTP/1.1" 200 31 "-" "WordPress/6.9; http://cqqizhou.com"
66.249.74.8 - - [05/May/2026:11:11:05 +0800] "GET /news/2388 HTTP/1.1" 200 20993 "-" "Mozilla/5.0 (Linux; Android 6.0.1; Nexus 5X Build/MMB29P) AppleWebKit/537.36 (KHTML, like Gecko) Chrome/147.0.7727.137 Mobile Safari/537.36 (compatible; Googlebot/2.1; +http://www.google.com/bot.html)"
36.133.115.36 - - [05/May/2026:11:16:05 +0800] "POST /wp-cron.php?doing_wp_cron=1777950965.8776149749755859375000 HTTP/1.1" 200 31 "-" "WordPress/6.9; http://cqqizhou.com"
139.155.134.17 - - [05/May/2026:11:16:05 +0800] "GET / HTTP/1.1" 200 35182 "-" "Mozilla/5.0 (iPhone; CPU iPhone OS 13_2_3 like Mac OS X) AppleWebKit/605.1.15 (KHTML, like Gecko) Version/13.0.3 Mobile/15E148 Safari/604.1"
36.133.115.36 - - [05/May/2026:11:28:19 +0800] "POST /wp-cron.php?doing_wp_cron=1777951699.8833899497985839843750 HTTP/1.1" 200 31 "-" "WordPress/6.9; http://cqqizhou.com"
27.124.17.174 - - [05/May/2026:11:28:19 +0800] "GET /whir_system/module/security/ezEIP_login.aspx HTTP/1.1" 404 9580 "-" "Mozilla/5.0 (Windows NT 6.3; Win64; x64) AppleWebKit/537.36 (KHTML, like Gecko) Chrome/37.0.2049.0 Safari/537.36"
36.133.115.36 - - [05/May/2026:11:45:53 +0800] "POST /wp-cron.php?doing_wp_cron=1777952753.8548541069030761718750 HTTP/1.1" 200 31 "-" "WordPress/6.9; http://cqqizhou.com"
87.121.84.8 - - [05/May/2026:11:45:54 +0800] "GET / HTTP/1.1" 200 158912 "-" "Mozilla/1.0"
36.133.115.36 - - [05/May/2026:11:56:18 +0800] "POST /wp-cron.php?doing_wp_cron=1777953378.5150969028472900390625 HTTP/1.1" 200 31 "-" "WordPress/6.9; http://cqqizhou.com"
54.72.179.147 - - [05/May/2026:11:56:18 +0800] "GET / HTTP/1.0" 301 0 "-" "Mozilla/5.0 (compatible; NetcraftSurveyAgent/1.0; +info@netcraft.com)"
54.72.179.147 - - [05/May/2026:11:56:21 +0800] "GET / HTTP/1.0" 200 160549 "-" "Mozilla/5.0 (compatible; NetcraftSurveyAgent/1.0; +info@netcraft.com)"
36.133.115.36 - - [05/May/2026:12:12:03 +0800] "POST /wp-cron.php?doing_wp_cron=1777954322.9683220386505126953125 HTTP/1.1" 200 31 "-" "WordPress/6.9; http://cqqizhou.com"
43.165.198.224 - - [05/May/2026:12:12:03 +0800] "GET / HTTP/1.1" 301 5 "-" "Mozilla/5.0 (iPhone; CPU iPhone OS 13_2_3 like Mac OS X) AppleWebKit/605.1.15 (KHTML, like Gecko) Version/13.0.3 Mobile/15E148 Safari/604.1"
43.165.198.224 - - [05/May/2026:12:12:04 +0800] "GET / HTTP/1.1" 200 35182 "http://36.133.115.36" "Mozilla/5.0 (iPhone; CPU iPhone OS 13_2_3 like Mac OS X) AppleWebKit/605.1.15 (KHTML, like Gecko) Version/13.0.3 Mobile/15E148 Safari/604.1"
183.207.48.147 - - [05/May/2026:12:22:15 +0800] "GET / HTTP/1.1" 200 160571 "-" "Mozilla/5.0 (Windows NT 10.0; Win64; x64) AppleWebKit/537.36 (KHTML, like Gecko) Chrome/59.0.3071.104 Safari/537.36"
36.133.115.36 - - [05/May/2026:12:47:16 +0800] "POST /wp-cron.php?doing_wp_cron=1777956436.2706599235534667968750 HTTP/1.1" 200 31 "-" "WordPress/6.9; http://cqqizhou.com"
47.99.50.249 - - [05/May/2026:12:47:16 +0800] "GET / HTTP/1.1" 301 5 "-" "Mozilla/5.0 (Windows NT 10.0; Win64; x64) AppleWebKit/537.36 (KHTML, like Gecko) Chrome/59.0.3071.115 Safari/537.36"
205.169.39.29 - - [05/May/2026:13:05:46 +0800] "GET / HTTP/1.1" 200 35623 "-" "Mozilla/5.0 (Windows NT 10.0; Win64; x64) AppleWebKit/537.36 (KHTML, like Gecko) Chrome/117.0.5938.132 Safari/537.36"
205.169.39.29 - - [05/May/2026:13:05:49 +0800] "GET /wp-content/uploads/2025/07/1751425283-qizhou.kf_.qq_.com_.webp HTTP/1.1" 200 16864 "http://cqqizhou.com/" "Mozilla/5.0 (Windows NT 10.0; Win64; x64) AppleWebKit/537.36 (KHTML, like Gecko) Chrome/117.0.5938.132 Safari/537.36"
205.169.39.29 - - [05/May/2026:13:05:51 +0800] "GET /wp-content/uploads/2025/07/1750174127-Marketing1920x800_3.webp HTTP/1.1" 200 52790 "http://cqqizhou.com/wp-content/uploads/elementor/css/post-1666.css?ver=1777513701" "Mozilla/5.0 (Windows NT 10.0; Win64; x64) AppleWebKit/537.36 (KHTML, like Gecko) Chrome/117.0.5938.132 Safari/537.36"
205.169.39.29 - - [05/May/2026:13:05:53 +0800] "GET /wp-content/uploads/2026/04/1775865780-1Article_images_W900px.webp HTTP/1.1" 200 41840 "http://cqqizhou.com/" "Mozilla/5.0 (Windows NT 10.0; Win64; x64) AppleWebKit/537.36 (KHTML, like Gecko) Chrome/117.0.5938.132 Safari/537.36"
205.169.39.29 - - [05/May/2026:13:05:53 +0800] "GET /wp-content/uploads/2026/04/1775698332-Article_images_W900px.webp HTTP/1.1" 200 49852 "http://cqqizhou.com/" "Mozilla/5.0 (Windows NT 10.0; Win64; x64) AppleWebKit/537.36 (KHTML, like Gecko) Chrome/117.0.5938.132 Safari/537.36"
205.169.39.29 - - [05/May/2026:13:05:54 +0800] "GET /wp-content/uploads/2026/04/1777513410-1Article_images_W900px.webp HTTP/1.1" 200 30786 "http://cqqizhou.com/" "Mozilla/5.0 (Windows NT 10.0; Win64; x64) AppleWebKit/537.36 (KHTML, like Gecko) Chrome/117.0.5938.132 Safari/537.36"
205.169.39.29 - - [05/May/2026:13:05:54 +0800] "GET /wp-content/uploads/2026/04/1775195054-1Article_images_W900px.webp HTTP/1.1" 200 25562 "http://cqqizhou.com/" "Mozilla/5.0 (Windows NT 10.0; Win64; x64) AppleWebKit/537.36 (KHTML, like Gecko) Chrome/117.0.5938.132 Safari/537.36"
205.169.39.29 - - [05/May/2026:13:05:54 +0800] "GET /wp-content/uploads/2026/02/1769999241-4.2%E7%B1%B3%E9%AB%98%E6%A0%8F%E8%B4%A7%E8%BD%A6.webp HTTP/1.1" 200 54794 "http://cqqizhou.com/" "Mozilla/5.0 (Windows NT 10.0; Win64; x64) AppleWebKit/537.36 (KHTML, like Gecko) Chrome/117.0.5938.132 Safari/537.36"
205.169.39.29 - - [05/May/2026:13:05:55 +0800] "GET /wp-content/uploads/2025/12/1765268955-qizhou_Slider1_3840%C3%972160_20251210-scaled.webp HTTP/1.1" 200 152162 "http://cqqizhou.com/" "Mozilla/5.0 (Windows NT 10.0; Win64; x64) AppleWebKit/537.36 (KHTML, like Gecko) Chrome/117.0.5938.132 Safari/537.36"
205.169.39.29 - - [05/May/2026:13:05:55 +0800] "GET /wp-content/uploads/2025/07/1753456723-%E5%8F%8C%E7%9B%B8%E9%92%A2roduct_Single600.webp HTTP/1.1" 200 22790 "http://cqqizhou.com/" "Mozilla/5.0 (Windows NT 10.0; Win64; x64) AppleWebKit/537.36 (KHTML, like Gecko) Chrome/117.0.5938.132 Safari/537.36"
205.169.39.29 - - [05/May/2026:13:05:55 +0800] "GET /wp-content/uploads/2025/07/1753456770-%E7%83%AD%E9%95%80%E9%94%8C%E5%8D%B7product_Single600.webp HTTP/1.1" 200 27502 "http://cqqizhou.com/" "Mozilla/5.0 (Windows NT 10.0; Win64; x64) AppleWebKit/537.36 (KHTML, like Gecko) Chrome/117.0.5938.132 Safari/537.36"
205.169.39.29 - - [05/May/2026:13:05:55 +0800] "GET /wp-content/uploads/2025/07/1753453096-%E5%8F%8C%E7%9B%B8%E9%92%A2product_Single600%C3%97284.webp HTTP/1.1" 200 14562 "http://cqqizhou.com/" "Mozilla/5.0 (Windows NT 10.0; Win64; x64) AppleWebKit/537.36 (KHTML, like Gecko) Chrome/117.0.5938.132 Safari/537.36"
205.169.39.29 - - [05/May/2026:13:05:55 +0800] "GET /wp-content/uploads/2025/07/1753453127-%E4%BD%99%E5%8D%B7product_Single600%C3%97284.webp HTTP/1.1" 200 18744 "http://cqqizhou.com/" "Mozilla/5.0 (Windows NT 10.0; Win64; x64) AppleWebKit/537.36 (KHTML, like Gecko) Chrome/117.0.5938.132 Safari/537.36"
205.169.39.29 - - [05/May/2026:13:05:55 +0800] "GET /wp-content/uploads/2026/01/1768276119-qizhoujiagong_Slider_3840%C3%972160_20260113-scaled-50x100.webp HTTP/1.1" 200 976 "http://cqqizhou.com/" "Mozilla/5.0 (Windows NT 10.0; Win64; x64) AppleWebKit/537.36 (KHTML, like Gecko) Chrome/117.0.5938.132 Safari/537.36"
205.169.39.29 - - [05/May/2026:13:05:55 +0800] "GET /wp-content/uploads/revslider/slider-1/1750861156-logistics_Slider_3840%C3%972160_20250625191356-scaled-50x100.webp HTTP/1.1" 200 1416 "http://cqqizhou.com/" "Mozilla/5.0 (Windows NT 10.0; Win64; x64) AppleWebKit/537.36 (KHTML, like Gecko) Chrome/117.0.5938.132 Safari/537.36"
205.169.39.29 - - [05/May/2026:13:05:56 +0800] "GET /wp-content/uploads/2026/01/1768276119-qizhoujiagong_Slider_3840%C3%972160_20260113-scaled-50x100.webp HTTP/1.1" 200 976 "http://cqqizhou.com/" "Mozilla/5.0 (Windows NT 10.0; Win64; x64) AppleWebKit/537.36 (KHTML, like Gecko) Chrome/117.0.5938.132 Safari/537.36"
205.169.39.29 - - [05/May/2026:13:05:56 +0800] "GET /wp-content/uploads/revslider/slider-1/1750861156-logistics_Slider_3840%C3%972160_20250625191356-scaled-50x100.webp HTTP/1.1" 200 1416 "http://cqqizhou.com/" "Mozilla/5.0 (Windows NT 10.0; Win64; x64) AppleWebKit/537.36 (KHTML, like Gecko) Chrome/117.0.5938.132 Safari/537.36"
205.169.39.29 - - [05/May/2026:13:05:56 +0800] "GET /wp-json/sliderrevolution/sliders/1?srengine=7&slideid=4 HTTP/1.1" 200 2580 "http://cqqizhou.com/" "Mozilla/5.0 (Windows NT 10.0; Win64; x64) AppleWebKit/537.36 (KHTML, like Gecko) Chrome/117.0.5938.132 Safari/537.36"
36.133.115.36 - - [05/May/2026:13:05:56 +0800] "POST /wp-cron.php?doing_wp_cron=1777957556.8707499504089355468750 HTTP/1.1" 200 31 "-" "WordPress/6.9; http://cqqizhou.com"
205.169.39.29 - - [05/May/2026:13:05:56 +0800] "GET /wp-json/sliderrevolution/sliders/1?srengine=7&slideid=2 HTTP/1.1" 200 2000 "http://cqqizhou.com/" "Mozilla/5.0 (Windows NT 10.0; Win64; x64) AppleWebKit/537.36 (KHTML, like Gecko) Chrome/117.0.5938.132 Safari/537.36"
205.169.39.29 - - [05/May/2026:13:05:57 +0800] "GET /wp-content/uploads/2026/01/1768276119-qizhoujiagong_Slider_3840%C3%972160_20260113-scaled.webp HTTP/1.1" 200 131696 "http://cqqizhou.com/" "Mozilla/5.0 (Windows NT 10.0; Win64; x64) AppleWebKit/537.36 (KHTML, like Gecko) Chrome/117.0.5938.132 Safari/537.36"
205.169.39.29 - - [05/May/2026:13:05:58 +0800] "GET /wp-content/uploads/revslider/slider-1/1750861156-logistics_Slider_3840%C3%972160_20250625191356-scaled.webp HTTP/1.1" 200 197360 "http://cqqizhou.com/" "Mozilla/5.0 (Windows NT 10.0; Win64; x64) AppleWebKit/537.36 (KHTML, like Gecko) Chrome/117.0.5938.132 Safari/537.36"
36.133.115.36 - - [05/May/2026:13:08:58 +0800] "POST /wp-cron.php?doing_wp_cron=1777957738.9309649467468261718750 HTTP/1.1" 200 31 "-" "WordPress/6.9; http://cqqizhou.com"
135.119.88.104 - - [05/May/2026:13:08:58 +0800] "GET /druid/index.html HTTP/1.1" 404 9580 "-" "Mozilla/5.0 zgrab/0.x"
119.84.246.117 - - [05/May/2026:13:09:00 +0800] "GET / HTTP/1.1" 301 5 "-" "-"
119.84.246.117 - - [05/May/2026:13:09:01 +0800] "GET / HTTP/1.1" 200 160571 "-" "-"
119.84.246.117 - - [05/May/2026:13:09:03 +0800] "GET / HTTP/1.1" 301 5 "-" "Mozilla/5.0 (Windows NT 6.1; WOW64; rv:13.0) Gecko/20100101 Firefox/13.0.1"
119.84.246.117 - - [05/May/2026:13:09:03 +0800] "GET / HTTP/1.1" 200 35623 "-" "Mozilla/5.0 (Windows NT 6.1; WOW64; rv:13.0) Gecko/20100101 Firefox/13.0.1"
119.84.246.117 - - [05/May/2026:13:09:03 +0800] "GET /wp-content/uploads/2025/07/1751425283-qizhou.kf_.qq_.com_.webp HTTP/1.1" 200 16864 "http://cqqizhou.com/" "Mozilla/5.0 (Windows NT 6.1; WOW64; rv:13.0) Gecko/20100101 Firefox/13.0.1"
119.84.246.117 - - [05/May/2026:13:09:03 +0800] "GET /wp-content/uploads/2025/07/1753456723-%E5%8F%8C%E7%9B%B8%E9%92%A2roduct_Single600.webp HTTP/1.1" 200 22790 "http://cqqizhou.com/" "Mozilla/5.0 (Windows NT 6.1; WOW64; rv:13.0) Gecko/20100101 Firefox/13.0.1"
119.84.246.117 - - [05/May/2026:13:09:03 +0800] "GET /wp-content/uploads/2025/07/1753453096-%E5%8F%8C%E7%9B%B8%E9%92%A2product_Single600%C3%97284.webp HTTP/1.1" 200 14562 "http://cqqizhou.com/" "Mozilla/5.0 (Windows NT 6.1; WOW64; rv:13.0) Gecko/20100101 Firefox/13.0.1"
119.84.246.117 - - [05/May/2026:13:09:03 +0800] "GET /wp-content/uploads/2025/07/1753456770-%E7%83%AD%E9%95%80%E9%94%8C%E5%8D%B7product_Single600.webp HTTP/1.1" 200 27502 "http://cqqizhou.com/" "Mozilla/5.0 (Windows NT 6.1; WOW64; rv:13.0) Gecko/20100101 Firefox/13.0.1"
119.84.246.117 - - [05/May/2026:13:09:03 +0800] "GET /wp-content/uploads/2025/07/1753453127-%E4%BD%99%E5%8D%B7product_Single600%C3%97284.webp HTTP/1.1" 200 18744 "http://cqqizhou.com/" "Mozilla/5.0 (Windows NT 6.1; WOW64; rv:13.0) Gecko/20100101 Firefox/13.0.1"
119.84.246.117 - - [05/May/2026:13:09:03 +0800] "GET /wp-content/uploads/2026/04/1775865780-1Article_images_W900px.webp HTTP/1.1" 200 41840 "http://cqqizhou.com/" "Mozilla/5.0 (Windows NT 6.1; WOW64; rv:13.0) Gecko/20100101 Firefox/13.0.1"
119.84.246.117 - - [05/May/2026:13:09:03 +0800] "GET /wp-content/uploads/2026/04/1777513410-1Article_images_W900px.webp HTTP/1.1" 200 30786 "http://cqqizhou.com/" "Mozilla/5.0 (Windows NT 6.1; WOW64; rv:13.0) Gecko/20100101 Firefox/13.0.1"
119.84.246.117 - - [05/May/2026:13:09:03 +0800] "GET /wp-content/uploads/2026/04/1775698332-Article_images_W900px.webp HTTP/1.1" 200 49852 "http://cqqizhou.com/" "Mozilla/5.0 (Windows NT 6.1; WOW64; rv:13.0) Gecko/20100101 Firefox/13.0.1"
119.84.246.117 - - [05/May/2026:13:09:03 +0800] "GET /wp-content/uploads/2026/02/1769999241-4.2%E7%B1%B3%E9%AB%98%E6%A0%8F%E8%B4%A7%E8%BD%A6.webp HTTP/1.1" 200 54794 "http://cqqizhou.com/" "Mozilla/5.0 (Windows NT 6.1; WOW64; rv:13.0) Gecko/20100101 Firefox/13.0.1"
119.84.246.117 - - [05/May/2026:13:09:03 +0800] "GET /wp-content/uploads/2026/04/1775195054-1Article_images_W900px.webp HTTP/1.1" 200 25562 "http://cqqizhou.com/" "Mozilla/5.0 (Windows NT 6.1; WOW64; rv:13.0) Gecko/20100101 Firefox/13.0.1"
36.133.115.36 - - [05/May/2026:13:18:32 +0800] "POST /wp-cron.php?doing_wp_cron=1777958312.2568190097808837890625 HTTP/1.1" 200 31 "-" "WordPress/6.9; http://cqqizhou.com"
35.202.9.133 - - [05/May/2026:13:18:32 +0800] "GET / HTTP/1.1" 301 5 "-" "Mozilla/5.0 (compatible; tchelebi/1.0; +http://tchelebi.io)"
36.133.115.36 - - [05/May/2026:13:28:00 +0800] "POST /wp-cron.php?doing_wp_cron=1777958880.4722890853881835937500 HTTP/1.1" 200 31 "-" "WordPress/6.9; http://cqqizhou.com"
143.110.140.255 - - [05/May/2026:13:28:00 +0800] "GET / HTTP/1.1" 301 5 "-" "Mozilla/5.0 (Macintosh; Intel Mac OS X 10_15_7) AppleWebKit/537.36 (KHTML, like Gecko) Chrome/92.0.4515.159 Safari/537.36"
143.110.140.255 - - [05/May/2026:13:28:01 +0800] "GET / HTTP/1.1" 200 35623 "http://36.133.115.36/" "Mozilla/5.0 (Macintosh; Intel Mac OS X 10_15_7) AppleWebKit/537.36 (KHTML, like Gecko) Chrome/92.0.4515.159 Safari/537.36"
36.133.115.36 - - [05/May/2026:13:29:35 +0800] "POST /wp-cron.php?doing_wp_cron=1777958975.8992259502410888671875 HTTP/1.1" 200 31 "-" "WordPress/6.9; http://cqqizhou.com"
137.184.145.117 - - [05/May/2026:13:29:35 +0800] "POST /wsman HTTP/1.1" 404 9581 "-" "Mozilla/5.0 (Macintosh; Intel Mac OS X 10_15_7) AppleWebKit/537.36 (KHTML, like Gecko) Chrome/92.0.4515.159 Safari/537.36"
36.133.115.36 - - [05/May/2026:13:31:30 +0800] "POST /wp-cron.php?doing_wp_cron=1777959090.0751619338989257812500 HTTP/1.1" 200 31 "-" "WordPress/6.9; http://cqqizhou.com"
198.58.118.157 - - [05/May/2026:13:31:30 +0800] "GET / HTTP/1.0" 301 0 "-" "-"
159.223.190.53 - - [05/May/2026:13:32:01 +0800] "GET / HTTP/1.1" 301 5 "-" "Mozilla/5.0 (Macintosh; Intel Mac OS X 10_15_7) AppleWebKit/537.36 (KHTML, like Gecko) Chrome/92.0.4515.159 Safari/537.36"
159.223.190.53 - - [05/May/2026:13:32:03 +0800] "GET / HTTP/1.1" 200 35623 "http://36.133.115.36/" "Mozilla/5.0 (Macintosh; Intel Mac OS X 10_15_7) AppleWebKit/537.36 (KHTML, like Gecko) Chrome/92.0.4515.159 Safari/537.36"
159.223.190.53 - - [05/May/2026:13:32:04 +0800] "GET /_layouts/15/error.aspx HTTP/1.1" 404 9580 "-" "Mozilla/5.0 (Macintosh; Intel Mac OS X 10_15_7) AppleWebKit/537.36 (KHTML, like Gecko) Chrome/92.0.4515.159 Safari/537.36"
36.133.115.36 - - [05/May/2026:13:32:31 +0800] "POST /wp-cron.php?doing_wp_cron=1777959151.2227790355682373046875 HTTP/1.1" 200 31 "-" "WordPress/6.9; http://cqqizhou.com"
173.255.234.184 - - [05/May/2026:13:32:31 +0800] "GET / HTTP/1.0" 301 0 "-" "-"
36.133.115.36 - - [05/May/2026:13:33:45 +0800] "POST /wp-cron.php?doing_wp_cron=1777959225.6693511009216308593750 HTTP/1.1" 200 31 "-" "WordPress/6.9; http://cqqizhou.com"
134.122.121.122 - - [05/May/2026:13:33:45 +0800] "GET /.git/config HTTP/1.1" 404 9580 "-" "Mozilla/5.0 (Windows NT 10.0; Win64; x64) AppleWebKit/537.36 (KHTML, like Gecko) Chrome/83.0.4103.61 Safari/537.36"
36.133.115.36 - - [05/May/2026:13:42:01 +0800] "POST /wp-cron.php?doing_wp_cron=1777959720.9586069583892822265625 HTTP/1.1" 200 31 "-" "WordPress/6.9; http://cqqizhou.com"
110.249.202.20 - - [05/May/2026:13:42:01 +0800] "GET / HTTP/1.1" 200 35182 "-" "Mozilla/5.0 (Linux; Android 5.0) AppleWebKit/537.36 (KHTML, like Gecko) Mobile Safari/537.36 (compatible; Bytespider; https://zhanzhang.toutiao.com/)"
110.249.202.31 - - [05/May/2026:13:42:01 +0800] "GET /wp-content/uploads/2025/07/1751425283-qizhou.kf_.qq_.com_.webp HTTP/1.1" 206 500 "http://cqqizhou.com/" "Mozilla/5.0 (Linux; Android 5.0) AppleWebKit/537.36 (KHTML, like Gecko) Mobile Safari/537.36 (compatible; Bytespider; https://zhanzhang.toutiao.com/)"
36.133.115.36 - - [05/May/2026:14:04:07 +0800] "POST /wp-cron.php?doing_wp_cron=1777961046.9724500179290771484375 HTTP/1.1" 200 31 "-" "WordPress/6.9; http://cqqizhou.com"
66.249.74.9 - - [05/May/2026:14:04:07 +0800] "GET /media/2 HTTP/1.1" 200 26530 "-" "Mozilla/5.0 (Linux; Android 6.0.1; Nexus 5X Build/MMB29P) AppleWebKit/537.36 (KHTML, like Gecko) Chrome/147.0.7727.137 Mobile Safari/537.36 (compatible; Googlebot/2.1; +http://www.google.com/bot.html)"
36.133.115.36 - - [05/May/2026:14:06:08 +0800] "POST /wp-cron.php?doing_wp_cron=1777961168.6957368850708007812500 HTTP/1.1" 200 31 "-" "WordPress/6.9; http://cqqizhou.com"
66.249.74.8 - - [05/May/2026:14:06:08 +0800] "GET /news/page/2 HTTP/1.1" 200 20711 "-" "Mozilla/5.0 (Linux; Android 6.0.1; Nexus 5X Build/MMB29P) AppleWebKit/537.36 (KHTML, like Gecko) Chrome/147.0.7727.137 Mobile Safari/537.36 (compatible; Googlebot/2.1; +http://www.google.com/bot.html)"
36.133.115.36 - - [05/May/2026:15:21:50 +0800] "POST /wp-cron.php?doing_wp_cron=1777965710.0967819690704345703125 HTTP/1.1" 200 31 "-" "WordPress/6.9; http://cqqizhou.com"
27.21.27.211 - - [05/May/2026:15:21:50 +0800] "GET / HTTP/1.1" 301 5 "-" "Mozilla/5.0 (Windows NT 9.5; Win64; x64) AppleWebKit/537.36 (KHTML, like Gecko) Chrome/76.0.1679.88 Safari/537.36"
27.21.27.211 - - [05/May/2026:15:21:50 +0800] "GET / HTTP/1.1" 200 35623 "-" "Mozilla/5.0 (Windows NT 9.5; Win64; x64) AppleWebKit/537.36 (KHTML, like Gecko) Chrome/76.0.1679.88 Safari/537.36"
27.21.27.211 - - [05/May/2026:15:21:51 +0800] "GET /contacts/ HTTP/1.1" 301 5 "-" "Mozilla/5.0 (Windows NT 9.2; Win64; x64) AppleWebKit/537.36 (KHTML, like Gecko) Chrome/78.0.1104.88 Safari/537.36"
27.21.27.211 - - [05/May/2026:15:21:51 +0800] "GET /contacts HTTP/1.1" 200 22288 "-" "Mozilla/5.0 (Windows NT 9.2; Win64; x64) AppleWebKit/537.36 (KHTML, like Gecko) Chrome/78.0.1104.88 Safari/537.36"
27.21.27.211 - - [05/May/2026:15:21:51 +0800] "GET /contacts HTTP/1.1" 200 22288 "-" "Mozilla/5.0 (Windows NT 8.9; Win64; x64) AppleWebKit/537.36 (KHTML, like Gecko) Chrome/76.0.3631.88 Safari/537.36"
36.133.115.36 - - [05/May/2026:15:24:16 +0800] "POST /wp-cron.php?doing_wp_cron=1777965856.0387260913848876953125 HTTP/1.1" 200 31 "-" "WordPress/6.9; http://cqqizhou.com"
43.165.65.117 - - [05/May/2026:15:24:16 +0800] "GET / HTTP/1.1" 200 35182 "-" "Mozilla/5.0 (iPhone; CPU iPhone OS 13_2_3 like Mac OS X) AppleWebKit/605.1.15 (KHTML, like Gecko) Version/13.0.3 Mobile/15E148 Safari/604.1"
36.133.115.36 - - [05/May/2026:15:46:19 +0800] "POST /wp-cron.php?doing_wp_cron=1777967179.9143249988555908203125 HTTP/1.1" 200 31 "-" "WordPress/6.9; http://cqqizhou.com"
121.101.129.39 - - [05/May/2026:15:46:19 +0800] "GET / HTTP/1.1" 301 5 "-" "Go-http-client/1.1"
121.101.129.39 - - [05/May/2026:15:46:20 +0800] "GET / HTTP/1.1" 200 35623 "http://36.133.115.36" "Go-http-client/1.1"
36.133.115.36 - - [05/May/2026:15:50:55 +0800] "POST /wp-cron.php?doing_wp_cron=1777967455.0722520351409912109375 HTTP/1.1" 200 31 "-" "WordPress/6.9; http://cqqizhou.com"
45.148.10.67 - - [05/May/2026:15:50:55 +0800] "GET / HTTP/1.1" 200 35182 "-" "Mozilla/5.0 (Windows NT 10.0; Win64; x64) AppleWebKit/537.36 (KHTML, like Gecko) Chrome/131.0.0.0 Safari/537.36"
36.133.115.36 - - [05/May/2026:16:32:19 +0800] "POST /wp-cron.php?doing_wp_cron=1777969939.4102959632873535156250 HTTP/1.1" 200 31 "-" "WordPress/6.9; http://cqqizhou.com"
220.181.108.166 - - [05/May/2026:16:32:19 +0800] "GET /wp-json/oembed/1.0/embed?url=http%3A%2F%2Fcqqizhou.com%2Fnews%2F2361 HTTP/1.1" 200 1300 "-" "Mozilla/5.0 (compatible; Baiduspider/2.0; +http://www.baidu.com/search/spider.html)"
36.133.115.36 - - [05/May/2026:16:33:26 +0800] "POST /wp-cron.php?doing_wp_cron=1777970005.9985630512237548828125 HTTP/1.1" 200 31 "-" "WordPress/6.9; http://cqqizhou.com"
220.181.51.120 - - [05/May/2026:16:33:26 +0800] "GET /robots.txt HTTP/1.1" 200 190 "-" "Mozilla/5.0 (Windows NT 10.0; WOW64) AppleWebKit/537.36 (KHTML, like Gecko) Chrome/48.0.2564.116 Safari/537.36"
36.133.115.36 - - [05/May/2026:16:43:20 +0800] "POST /wp-cron.php?doing_wp_cron=1777970600.1875500679016113281250 HTTP/1.1" 200 31 "-" "WordPress/6.9; http://cqqizhou.com"
43.166.136.202 - - [05/May/2026:16:43:20 +0800] "GET / HTTP/1.1" 301 5 "-" "Mozilla/5.0 (iPhone; CPU iPhone OS 13_2_3 like Mac OS X) AppleWebKit/605.1.15 (KHTML, like Gecko) Version/13.0.3 Mobile/15E148 Safari/604.1"
43.166.136.202 - - [05/May/2026:16:43:23 +0800] "GET / HTTP/1.1" 200 35182 "http://www.cqqizhou.com" "Mozilla/5.0 (iPhone; CPU iPhone OS 13_2_3 like Mac OS X) AppleWebKit/605.1.15 (KHTML, like Gecko) Version/13.0.3 Mobile/15E148 Safari/604.1"
36.133.115.36 - - [05/May/2026:16:57:52 +0800] "POST /wp-cron.php?doing_wp_cron=1777971472.3497579097747802734375 HTTP/1.1" 200 31 "-" "WordPress/6.9; http://cqqizhou.com"
120.232.94.49 - - [05/May/2026:16:57:52 +0800] "GET / HTTP/1.1" 301 5 "-" "Mozilla/5.0 (Windows NT 10.0; Win64; x64) AppleWebKit/537.36 (KHTML, like Gecko) Chrome/142.0.0.0 Safari/537.36"
120.232.94.49 - - [05/May/2026:16:57:52 +0800] "GET / HTTP/1.1" 200 35623 "-" "Mozilla/5.0 (Windows NT 10.0; Win64; x64) AppleWebKit/537.36 (KHTML, like Gecko) Chrome/142.0.0.0 Safari/537.36"
120.232.94.49 - - [05/May/2026:16:58:05 +0800] "GET /wp-json/sliderrevolution/sliders/1?srengine=7&slideid=2 HTTP/1.1" 499 0 "http://cqqizhou.com/" "Mozilla/5.0 (Windows NT 10.0; Win64; x64) AppleWebKit/537.36 (KHTML, like Gecko) Chrome/142.0.0.0 Safari/537.36"
120.232.94.49 - - [05/May/2026:16:58:05 +0800] "GET /wp-json/sliderrevolution/sliders/1?srengine=7&slideid=4 HTTP/1.1" 499 0 "http://cqqizhou.com/" "Mozilla/5.0 (Windows NT 10.0; Win64; x64) AppleWebKit/537.36 (KHTML, like Gecko) Chrome/142.0.0.0 Safari/537.36"
36.133.115.36 - - [05/May/2026:16:58:38 +0800] "POST /wp-cron.php?doing_wp_cron=1777971518.7484490871429443359375 HTTP/1.1" 200 31 "-" "WordPress/6.9; http://cqqizhou.com"
8.216.47.27 - - [05/May/2026:16:58:38 +0800] "GET / HTTP/1.1" 301 5 "-" "Mozilla/5.0 (Windows NT 10.0; Win64; x64) AppleWebKit/537.36 (KHTML, like Gecko) Chrome/124.0.0.0 Safari/537.36"
43.110.33.70 - - [05/May/2026:16:58:40 +0800] "GET / HTTP/1.1" 200 35623 "-" "Mozilla/5.0 (Windows NT 10.0; Win64; x64) AppleWebKit/537.36 (KHTML, like Gecko) Chrome/124.0.0.0 Safari/537.36"
36.133.115.36 - - [05/May/2026:17:05:41 +0800] "POST /wp-cron.php?doing_wp_cron=1777971941.1817190647125244140625 HTTP/1.1" 200 31 "-" "WordPress/6.9; http://cqqizhou.com"
85.208.96.195 - - [05/May/2026:17:05:41 +0800] "GET /robots.txt HTTP/1.1" 200 190 "-" "Mozilla/5.0 (compatible; SemrushBot/7~bl; +http://www.semrush.com/bot.html)"
36.133.115.36 - - [05/May/2026:17:37:29 +0800] "POST /wp-cron.php?doing_wp_cron=1777973849.4841310977935791015625 HTTP/1.1" 200 31 "-" "WordPress/6.9; http://cqqizhou.com"
87.121.84.8 - - [05/May/2026:17:37:29 +0800] "GET / HTTP/1.1" 200 158912 "-" "Mozilla/1.0"
112.86.225.15 - - [05/May/2026:18:01:23 +0800] "GET / HTTP/1.1" 200 35623 "-" "Sogou web spider/4.0(+http://www.sogou.com/docs/help/webmasters.htm#07)"
36.133.115.36 - - [05/May/2026:18:01:24 +0800] "POST /wp-cron.php?doing_wp_cron=1777975284.8600060939788818359375 HTTP/1.1" 200 31 "-" "WordPress/6.9; http://cqqizhou.com"
112.86.225.180 - - [05/May/2026:18:01:24 +0800] "GET /robots.txt HTTP/1.1" 200 190 "-" "Sogou web spider/4.0(+http://www.sogou.com/docs/help/webmasters.htm#07)"
36.133.115.36 - - [05/May/2026:18:15:36 +0800] "POST /wp-cron.php?doing_wp_cron=1777976136.9033401012420654296875 HTTP/1.1" 200 31 "-" "WordPress/6.9; http://cqqizhou.com"
35.187.186.150 - - [05/May/2026:18:15:36 +0800] "GET / HTTP/1.1" 200 35184 "-" "Mozilla/5.0 (Windows NT 10.0; Win64; x64) AppleWebKit/537.36 (KHTML, like Gecko) Chrome/127.0.0.0 Safari/537.36"
34.62.68.142 - - [05/May/2026:18:16:26 +0800] "OPTIONS / HTTP/1.1" 405 150 "-" "Mozilla/5.0 (compatible)"
34.62.68.142 - - [05/May/2026:18:16:26 +0800] "ILMX / HTTP/1.1" 405 150 "-" "Mozilla/5.0 (compatible)"
36.133.115.36 - - [05/May/2026:18:16:26 +0800] "POST /wp-cron.php?doing_wp_cron=1777976186.7219350337982177734375 HTTP/1.1" 200 31 "-" "WordPress/6.9; http://cqqizhou.com"
34.62.68.142 - - [05/May/2026:18:16:26 +0800] "GET / HTTP/1.1" 301 5 "-" "Mozilla/5.0 (compatible)"
34.62.68.142 - - [05/May/2026:18:16:27 +0800] "GET / HTTP/1.1" 301 5 "-" "Mozilla/5.0 (compatible)"
34.62.68.142 - - [05/May/2026:18:16:29 +0800] "HEAD / HTTP/1.1" 301 0 "-" "Mozilla/5.0 (compatible)"
34.62.68.142 - - [05/May/2026:18:16:30 +0800] "POST / HTTP/1.1" 200 158912 "-" "Mozilla/5.0 (compatible)"
34.62.68.142 - - [05/May/2026:18:16:32 +0800] "OPTIONS / HTTP/1.1" 405 150 "-" "Mozilla/5.0 (compatible)"
36.133.115.36 - - [05/May/2026:18:35:12 +0800] "POST /wp-cron.php?doing_wp_cron=1777977312.8056099414825439453125 HTTP/1.1" 200 31 "-" "WordPress/6.9; http://cqqizhou.com"
39.182.81.230 - - [05/May/2026:18:35:12 +0800] "GET / HTTP/1.1" 301 5 "-" "ZTE/1.0.6"
