146.70.149.55 - - [18/Apr/2026:04:54:31 +0800] "GET /wp-content/plugins/the-plus-addons-for-elementor-page-builder/readme.txt HTTP/1.1" 404 8949 "http://www.cqqizhou.com/wp-content/plugins/the-plus-addons-for-elementor-page-builder/readme.txt" "Mozilla/5.0 (Macintosh; Intel Mac OS X 10_15_7) AppleWebKit/605.1.15 (KHTML, like Gecko) Version/17.5 Safari/605.1.15 MarketGoo/2.1"
146.70.149.55 - - [18/Apr/2026:04:54:31 +0800] "GET /wp-content/plugins/wadi-survey/readme.txt HTTP/1.1" 404 8949 "http://www.cqqizhou.com/wp-content/plugins/wadi-survey/readme.txt" "Mozilla/5.0 (Macintosh; U; Intel Mac OS X 10_5_5; en-us) AppleWebKit/525.25 (KHTML, like Gecko) Version/3.2 Safari/525.25"
146.70.149.55 - - [18/Apr/2026:04:54:31 +0800] "GET /wp-content/plugins/users-ultra/readme.txt HTTP/1.1" 404 8949 "http://www.cqqizhou.com/wp-content/plugins/users-ultra/readme.txt" "Mozilla/5.0 (X11; Linux x86_64; rv:128.0) Gecko/20100101 Firefox/128.0"
146.70.149.55 - - [18/Apr/2026:04:54:31 +0800] "GET /wp-content/plugins/wp-source-control/readme.txt HTTP/1.1" 404 8949 "http://www.cqqizhou.com/wp-content/plugins/wp-source-control/readme.txt" "Mozilla/5.0 (Macintosh; Intel Mac OS X 10_15_7) AppleWebKit/605.1.15 (KHTML, like Gecko) Version/17.5 Safari/605.1.15"
146.70.149.55 - - [18/Apr/2026:04:54:32 +0800] "GET /wp-content/plugins/masker-elementor/readme.txt HTTP/1.1" 404 8949 "http://www.cqqizhou.com/wp-content/plugins/masker-elementor/readme.txt" "Mozilla/5.0 (Macintosh; Intel Mac OS X 10_15_7) AppleWebKit/605.1.15 (KHTML, like Gecko) Version/17.1.2 Mobile/15E148 Safari/604.1"
146.70.149.55 - - [18/Apr/2026:04:54:32 +0800] "GET /wp-content/plugins/wpshop/readme.txt HTTP/1.1" 404 8949 "http://www.cqqizhou.com/wp-content/plugins/wpshop/readme.txt" "Mozilla/5.0 (Kubuntu; Linux i686) AppleWebKit/537.36 (KHTML, like Gecko) Chrome/130.0.0.0 Safari/537.36"
146.70.149.55 - - [18/Apr/2026:04:54:32 +0800] "GET /wp-content/plugins/product-sync-master-sheet/readme.txt HTTP/1.1" 404 8949 "http://www.cqqizhou.com/wp-content/plugins/product-sync-master-sheet/readme.txt" "Mozilla/5.0 (X11; Linux x86_64; rv:1.9.5.20) Gecko/ Firefox/3.6.5"
146.70.149.55 - - [18/Apr/2026:04:54:32 +0800] "GET /wp-content/plugins/leader/readme.txt HTTP/1.1" 404 8949 "http://www.cqqizhou.com/wp-content/plugins/leader/readme.txt" "Mozilla/5.0 (CentOS; Linux x86_64) AppleWebKit/537.36 (KHTML, like Gecko) Chrome/134.0.0.0 Safari/537.36"
36.133.115.36 - - [18/Apr/2026:05:04:01 +0800] "POST /wp-cron.php?doing_wp_cron=1776459841.2611589431762695312500 HTTP/1.1" 200 31 "-" "WordPress/6.9; http://cqqizhou.com"
36.133.108.119 - - [18/Apr/2026:05:04:01 +0800] "HEAD /_dev HTTP/1.1" 404 0 "-" "Mozilla/5.0 (iPad; CPU OS 6_0 like Mac OS X) AppleWebKit/536.26 (KHTML, like Gecko) Version/6.0 Mobile/10A5355d Safari/8536.25"
36.133.115.36 - - [18/Apr/2026:05:20:31 +0800] "POST /wp-cron.php?doing_wp_cron=1776460831.9266109466552734375000 HTTP/1.1" 200 31 "-" "WordPress/6.9; http://cqqizhou.com"
5.61.209.107 - - [18/Apr/2026:05:20:31 +0800] "GET /SDK/webLanguage HTTP/1.1" 301 5 "-" "Mozilla/5.0 (Windows NT 10.0; Win64; x64) AppleWebKit/537.36 (KHTML, like Gecko) Chrome/90.0.4430.85 Safari/537.36 Edg/90.0.818.46"
36.100.246.78 - - [18/Apr/2026:05:57:04 +0800] "GET /news/2534 HTTP/1.1" 200 24186 "-" "Mozilla/5.0 (Macintosh; Intel Mac OS X 10_15_7) AppleWebKit/537.36 (KHTML, like Gecko) Chrome/140.0.0.0 Safari/537.36"
74.177.109.165 - - [18/Apr/2026:06:01:53 +0800] "GET /news/2505 HTTP/1.1" 200 20682 "-" "Mozilla/5.0 (Windows NT 10.0; Win64; x64) AppleWebKit/537.36 (KHTML, like Gecko) Chrome/131.0.0.0 Safari/537.36 Edg/131.0.0.0"
223.95.212.9 - - [18/Apr/2026:06:08:58 +0800] "GET /news/page/4 HTTP/1.1" 200 23193 "-" "Mozilla/5.0 (Windows NT 10.0; Win64; x64) AppleWebKit/537.36 (KHTML, like Gecko) Chrome/142.0.0.0 Safari/537.36"
223.95.212.9 - - [18/Apr/2026:06:09:00 +0800] "POST /wp-admin/admin-ajax.php HTTP/1.1" 499 0 "http://cqqizhou.com/news/page/4" "Mozilla/5.0 (Windows NT 10.0; Win64; x64) AppleWebKit/537.36 (KHTML, like Gecko) Chrome/142.0.0.0 Safari/537.36"
36.133.115.36 - - [18/Apr/2026:06:09:00 +0800] "POST /wp-cron.php?doing_wp_cron=1776463740.8767900466918945312500 HTTP/1.1" 200 31 "-" "WordPress/6.9; http://cqqizhou.com"
36.133.115.36 - - [18/Apr/2026:06:27:02 +0800] "POST /wp-cron.php?doing_wp_cron=1776464822.1831700801849365234375 HTTP/1.1" 200 31 "-" "WordPress/6.9; http://cqqizhou.com"
36.133.108.119 - - [18/Apr/2026:06:27:02 +0800] "HEAD /vendor/drupal/coder/.git/info/exclude HTTP/1.1" 404 0 "-" "Mozilla/5.0 (Windows NT 6.1; WOW64) AppleWebKit/537.17 (KHTML, like Gecko) Chrome/24.0.1312.60 Safari/537.17"
36.133.115.36 - - [18/Apr/2026:06:33:04 +0800] "POST /wp-cron.php?doing_wp_cron=1776465184.7482690811157226562500 HTTP/1.1" 200 31 "-" "WordPress/6.9; http://cqqizhou.com"
36.133.108.119 - - [18/Apr/2026:06:33:04 +0800] "HEAD /envrc HTTP/1.1" 404 0 "-" "Mozilla/5.0 (Windows NT 6.1) AppleWebKit/537.36 (KHTML, like Gecko) Chrome/27.0.1453.90 Safari/537.36"
36.133.115.36 - - [18/Apr/2026:06:42:10 +0800] "POST /wp-cron.php?doing_wp_cron=1776465730.1366620063781738281250 HTTP/1.1" 200 31 "-" "WordPress/6.9; http://cqqizhou.com"
36.133.108.119 - - [18/Apr/2026:06:42:10 +0800] "HEAD /prisma/.env HTTP/1.1" 404 0 "-" "Mozilla/5.0 (compatible; MSIE 8.0; Windows NT 5.1; Trident/4.0; SLCC1; .NET CLR 3.0.4506.2152; .NET CLR 3.5.30729; .NET CLR 1.1.4322)"
218.86.72.13 - - [18/Apr/2026:06:43:08 +0800] "GET /news/2543 HTTP/1.1" 200 25471 "-" "Mozilla/5.0 (Macintosh; Intel Mac OS X 10_15_7) AppleWebKit/537.36 (KHTML, like Gecko) Chrome/140.0.0.0 Safari/537.36"
36.133.115.36 - - [18/Apr/2026:06:47:10 +0800] "POST /wp-cron.php?doing_wp_cron=1776466030.5435130596160888671875 HTTP/1.1" 200 31 "-" "WordPress/6.9; http://cqqizhou.com"
36.133.108.121 - - [18/Apr/2026:06:47:10 +0800] "HEAD /api/.env HTTP/1.1" 404 0 "-" "Mozilla/5.0 (Macintosh; U; Intel Mac OS X 10_6_7; en-us) AppleWebKit/534.16+ (KHTML, like Gecko) Version/5.0.3 Safari/533.19.4"
167.250.224.25 - - [18/Apr/2026:06:48:49 +0800] "GET /admin/config.php HTTP/1.0" 404 16 "-" "xfa1"
36.133.108.121 - - [18/Apr/2026:07:25:56 +0800] "HEAD /internal_forms_authentication HTTP/1.1" 499 0 "-" "Mozilla/5.0 (iPad; U; CPU OS 3_2 like Mac OS X; en-us) AppleWebKit/531.21.10 (KHTML, like Gecko) Version/4.0.4 Mobile/7B334b Safari/531.21.10"
36.133.115.36 - - [18/Apr/2026:07:25:56 +0800] "POST /wp-cron.php?doing_wp_cron=1776468356.5214729309082031250000 HTTP/1.1" 200 31 "-" "WordPress/6.9; http://cqqizhou.com"
36.133.115.36 - - [18/Apr/2026:07:33:53 +0800] "POST /wp-cron.php?doing_wp_cron=1776468833.3795230388641357421875 HTTP/1.1" 200 31 "-" "WordPress/6.9; http://cqqizhou.com"
43.130.9.111 - - [18/Apr/2026:07:33:53 +0800] "GET / HTTP/1.1" 301 5 "-" "Mozilla/5.0 (iPhone; CPU iPhone OS 13_2_3 like Mac OS X) AppleWebKit/605.1.15 (KHTML, like Gecko) Version/13.0.3 Mobile/15E148 Safari/604.1"
43.130.9.111 - - [18/Apr/2026:07:33:57 +0800] "GET / HTTP/1.1" 200 34725 "http://www.cqqizhou.com" "Mozilla/5.0 (iPhone; CPU iPhone OS 13_2_3 like Mac OS X) AppleWebKit/605.1.15 (KHTML, like Gecko) Version/13.0.3 Mobile/15E148 Safari/604.1"
36.133.115.36 - - [18/Apr/2026:07:35:37 +0800] "POST /wp-cron.php?doing_wp_cron=1776468937.3465890884399414062500 HTTP/1.1" 200 31 "-" "WordPress/6.9; http://cqqizhou.com"
54.38.122.177 - - [18/Apr/2026:07:35:37 +0800] "POST /xmlrpc.php HTTP/1.1" 200 217 "-" "Mozilla/5.0 (Windows NT 10.0; Win64; x64; rv:141.0) Gecko/20100101 Firefox/141.0"
36.133.115.36 - - [18/Apr/2026:07:46:51 +0800] "POST /wp-cron.php?doing_wp_cron=1776469611.0464780330657958984375 HTTP/1.1" 200 31 "-" "WordPress/6.9; http://cqqizhou.com"
43.155.27.244 - - [18/Apr/2026:07:46:51 +0800] "GET / HTTP/1.1" 200 34725 "-" "Mozilla/5.0 (iPhone; CPU iPhone OS 13_2_3 like Mac OS X) AppleWebKit/605.1.15 (KHTML, like Gecko) Version/13.0.3 Mobile/15E148 Safari/604.1"
36.133.115.36 - - [18/Apr/2026:07:57:56 +0800] "POST /wp-cron.php?doing_wp_cron=1776470276.6643240451812744140625 HTTP/1.1" 200 31 "-" "WordPress/6.9; http://cqqizhou.com"
36.133.108.121 - - [18/Apr/2026:07:57:56 +0800] "HEAD /modules/contrib/sendgrid_mail/sendgrid_mail.module HTTP/1.1" 404 0 "-" "Mozilla/5.0 (Windows NT 6.2; WOW64) AppleWebKit/537.36 (KHTML, like Gecko) Chrome/30.0.1599.17 Safari/537.36"
43.153.73.200 - - [18/Apr/2026:08:10:46 +0800] "GET /wp-content/plugins/ HTTP/1.1" 200 31 "-" "Mozilla/5.0 (iPhone; CPU iPhone OS 13_2_3 like Mac OS X) AppleWebKit/605.1.15 (KHTML, like Gecko) Version/13.0.3 Mobile/15E148 Safari/604.1"
170.106.107.87 - - [18/Apr/2026:08:19:59 +0800] "GET /material.html HTTP/1.1" 200 6459 "-" "Mozilla/5.0 (iPhone; CPU iPhone OS 13_2_3 like Mac OS X) AppleWebKit/605.1.15 (KHTML, like Gecko) Version/13.0.3 Mobile/15E148 Safari/604.1"
36.133.115.36 - - [18/Apr/2026:08:20:22 +0800] "POST /wp-cron.php?doing_wp_cron=1776471622.1104140281677246093750 HTTP/1.1" 200 31 "-" "WordPress/6.9; http://cqqizhou.com"
43.153.86.78 - - [18/Apr/2026:08:20:22 +0800] "GET / HTTP/1.1" 200 34724 "-" "Mozilla/5.0 (iPhone; CPU iPhone OS 13_2_3 like Mac OS X) AppleWebKit/605.1.15 (KHTML, like Gecko) Version/13.0.3 Mobile/15E148 Safari/604.1"
36.133.115.36 - - [18/Apr/2026:08:23:28 +0800] "POST /wp-cron.php?doing_wp_cron=1776471808.7497730255126953125000 HTTP/1.1" 200 31 "-" "WordPress/6.9; http://cqqizhou.com"
60.9.241.86 - - [18/Apr/2026:08:23:28 +0800] "GET / HTTP/1.1" 301 5 "-" "Mozilla/5.0 (Macintosh; Intel Mac OS X 10_15_7) AppleWebKit/537.36 (KHTML, like Gecko) Chrome/106.0.0.0 Safari/537.36"
60.9.241.86 - - [18/Apr/2026:08:23:28 +0800] "GET http://cqqizhou.com/ HTTP/1.1" 200 35159 "-" "Mozilla/5.0 (Macintosh; Intel Mac OS X 10_15_7) AppleWebKit/537.36 (KHTML, like Gecko) Chrome/106.0.0.0 Safari/537.36"
36.133.108.119 - - [18/Apr/2026:08:23:48 +0800] "HEAD /backend-api/.env HTTP/1.1" 404 0 "-" "Mozilla/5.0 (Windows; U; Windows NT 6.1; en-US) AppleWebKit/533.20.25 (KHTML, like Gecko) Version/5.0.4 Safari/533.20.27"
36.133.115.36 - - [18/Apr/2026:08:35:40 +0800] "POST /wp-cron.php?doing_wp_cron=1776472540.0117650032043457031250 HTTP/1.1" 200 31 "-" "WordPress/6.9; http://cqqizhou.com"
49.51.233.95 - - [18/Apr/2026:08:35:40 +0800] "GET / HTTP/1.1" 200 34725 "-" "Mozilla/5.0 (iPhone; CPU iPhone OS 13_2_3 like Mac OS X) AppleWebKit/605.1.15 (KHTML, like Gecko) Version/13.0.3 Mobile/15E148 Safari/604.1"
36.133.115.36 - - [18/Apr/2026:08:43:09 +0800] "POST /wp-cron.php?doing_wp_cron=1776472989.8688490390777587890625 HTTP/1.1" 200 31 "-" "WordPress/6.9; http://cqqizhou.com"
111.225.149.169 - - [18/Apr/2026:08:43:09 +0800] "GET /robots.txt HTTP/1.1" 200 190 "-" "Mozilla/5.0 (Linux; Android 5.0) AppleWebKit/537.36 (KHTML, like Gecko) Mobile Safari/537.36 (compatible; Bytespider; https://zhanzhang.toutiao.com/)"
36.133.115.36 - - [18/Apr/2026:08:48:49 +0800] "POST /wp-cron.php?doing_wp_cron=1776473329.3216660022735595703125 HTTP/1.1" 200 31 "-" "WordPress/6.9; http://cqqizhou.com"
27.21.27.107 - - [18/Apr/2026:08:48:49 +0800] "GET / HTTP/1.1" 301 5 "-" "Mozilla/5.0 (Windows NT 6.6; Win64; x64) AppleWebKit/537.36 (KHTML, like Gecko) Chrome/76.0.1919.88 Safari/537.36"
27.21.27.107 - - [18/Apr/2026:08:48:49 +0800] "GET / HTTP/1.1" 200 35159 "-" "Mozilla/5.0 (Windows NT 6.6; Win64; x64) AppleWebKit/537.36 (KHTML, like Gecko) Chrome/76.0.1919.88 Safari/537.36"
27.21.27.107 - - [18/Apr/2026:08:48:50 +0800] "GET /contacts/ HTTP/1.1" 301 5 "-" "Mozilla/5.0 (Windows NT 9.3; Win64; x64) AppleWebKit/537.36 (KHTML, like Gecko) Chrome/75.0.2736.88 Safari/537.36"
27.21.27.107 - - [18/Apr/2026:08:48:50 +0800] "GET /contacts HTTP/1.1" 200 21617 "-" "Mozilla/5.0 (Windows NT 9.3; Win64; x64) AppleWebKit/537.36 (KHTML, like Gecko) Chrome/75.0.2736.88 Safari/537.36"
27.21.27.107 - - [18/Apr/2026:08:48:50 +0800] "GET /contacts HTTP/1.1" 200 21617 "-" "Mozilla/5.0 (Windows NT 7.0; Win64; x64) AppleWebKit/537.36 (KHTML, like Gecko) Chrome/79.0.2652.88 Safari/537.36"
36.133.115.36 - - [18/Apr/2026:08:55:47 +0800] "POST /wp-cron.php?doing_wp_cron=1776473747.4880790710449218750000 HTTP/1.1" 200 31 "-" "WordPress/6.9; http://cqqizhou.com"
43.157.43.147 - - [18/Apr/2026:08:55:47 +0800] "GET / HTTP/1.1" 200 34724 "-" "Mozilla/5.0 (iPhone; CPU iPhone OS 13_2_3 like Mac OS X) AppleWebKit/605.1.15 (KHTML, like Gecko) Version/13.0.3 Mobile/15E148 Safari/604.1"
84.37.220.78 - - [18/Apr/2026:09:03:55 +0800] "GET /logistics HTTP/1.1" 200 31200 "-" "Mozilla/5.0 (Macintosh; Intel Mac OS X 10_15_7) AppleWebKit/537.36 (KHTML, like Gecko) Chrome/143.0.0.0 Safari/537.36"
104.238.22.137 - - [18/Apr/2026:09:04:00 +0800] "GET /logistics HTTP/1.1" 200 31200 "-" "Mozilla/5.0 (Macintosh; Intel Mac OS X 10_15_7) AppleWebKit/537.36 (KHTML, like Gecko) Chrome/142.0.0.0 Safari/537.36"
36.133.115.36 - - [18/Apr/2026:09:10:33 +0800] "POST /wp-cron.php?doing_wp_cron=1776474633.7525839805603027343750 HTTP/1.1" 200 31 "-" "WordPress/6.9; http://cqqizhou.com"
93.91.154.4 - - [18/Apr/2026:09:10:33 +0800] "POST /xmlrpc.php HTTP/1.1" 200 217 "-" "Mozilla/5.0 (Windows NT 10.0; Win64; x64) AppleWebKit/537.36 (KHTML, like Gecko) Chrome/137.0.0.0 Safari/537.36"
36.133.115.36 - - [18/Apr/2026:09:28:38 +0800] "POST /wp-cron.php?doing_wp_cron=1776475718.4025421142578125000000 HTTP/1.1" 200 31 "-" "WordPress/6.9; http://cqqizhou.com"
43.153.71.132 - - [18/Apr/2026:09:28:38 +0800] "GET /wp-content/uploads/revslider/slider-1/1750861156-logistics_Slider_3840 HTTP/1.1" 404 8949 "-" "Mozilla/5.0 (iPhone; CPU iPhone OS 13_2_3 like Mac OS X) AppleWebKit/605.1.15 (KHTML, like Gecko) Version/13.0.3 Mobile/15E148 Safari/604.1"
36.133.115.36 - - [18/Apr/2026:09:38:19 +0800] "POST /wp-cron.php?doing_wp_cron=1776476299.3210139274597167968750 HTTP/1.1" 200 31 "-" "WordPress/6.9; http://cqqizhou.com"
172.176.155.194 - - [18/Apr/2026:09:38:19 +0800] "POST /xmlrpc.php HTTP/1.1" 200 217 "-" "Mozilla/5.0 (Windows NT 10.0; Win64; x64) AppleWebKit/537.36 (KHTML, like Gecko) Chrome/141.0.0.0 Safari/537.36"
36.133.115.36 - - [18/Apr/2026:09:46:38 +0800] "POST /wp-cron.php?doing_wp_cron=1776476798.0493090152740478515625 HTTP/1.1" 200 31 "-" "WordPress/6.9; http://cqqizhou.com"
170.106.73.216 - - [18/Apr/2026:09:46:38 +0800] "GET /wp-content/uploads/2025/12/1765268955-qizhou_Slider1_3840 HTTP/1.1" 404 8950 "-" "Mozilla/5.0 (iPhone; CPU iPhone OS 13_2_3 like Mac OS X) AppleWebKit/605.1.15 (KHTML, like Gecko) Version/13.0.3 Mobile/15E148 Safari/604.1"
36.133.115.36 - - [18/Apr/2026:09:50:53 +0800] "POST /wp-cron.php?doing_wp_cron=1776477053.5070641040802001953125 HTTP/1.1" 200 31 "-" "WordPress/6.9; http://cqqizhou.com"
120.241.209.137 - - [18/Apr/2026:09:50:53 +0800] "GET /news/page/3 HTTP/1.1" 200 25761 "-" "Mozilla/5.0 (Windows NT 10.0; Win64; x64) AppleWebKit/537.36 (KHTML, like Gecko) Chrome/105.0.0.0 Safari/537.3"
36.133.115.36 - - [18/Apr/2026:09:51:11 +0800] "POST /wp-cron.php?doing_wp_cron=1776477071.0396740436553955078125 HTTP/1.1" 200 31 "-" "WordPress/6.9; http://cqqizhou.com"
48.192.92.49 - - [18/Apr/2026:09:51:11 +0800] "GET / HTTP/1.1" 301 5 "-" "Mozilla/5.0 (Windows NT 10.0; Win64; x64) AppleWebKit/537.36 (KHTML, like Gecko) Chrome/131.0.0.0 Safari/537.36 Edg/131.0.0.0"
36.133.115.36 - - [18/Apr/2026:10:00:02 +0800] "POST /wp-cron.php?doing_wp_cron=1776477602.1046209335327148437500 HTTP/1.1" 200 31 "-" "WordPress/6.9; http://cqqizhou.com"
205.169.39.6 - - [18/Apr/2026:10:00:02 +0800] "GET / HTTP/1.1" 301 5 "-" "Mozilla/5.0 (Windows NT 10.0; Win64; x64) AppleWebKit/537.36 (KHTML, like Gecko) Chrome/117.0.5938.132 Safari/537.36"
205.169.39.6 - - [18/Apr/2026:10:00:03 +0800] "GET / HTTP/1.1" 200 35159 "-" "Mozilla/5.0 (Windows NT 10.0; Win64; x64) AppleWebKit/537.36 (KHTML, like Gecko) Chrome/117.0.5938.132 Safari/537.36"
205.169.39.6 - - [18/Apr/2026:10:00:05 +0800] "GET /wp-content/uploads/2025/07/1751425283-qizhou.kf_.qq_.com_.webp HTTP/1.1" 200 16864 "http://cqqizhou.com/" "Mozilla/5.0 (Windows NT 10.0; Win64; x64) AppleWebKit/537.36 (KHTML, like Gecko) Chrome/117.0.5938.132 Safari/537.36"
205.169.39.6 - - [18/Apr/2026:10:00:08 +0800] "GET /wp-content/uploads/2025/07/1750174127-Marketing1920x800_3.webp HTTP/1.1" 200 52790 "http://cqqizhou.com/wp-content/uploads/elementor/css/post-1666.css?ver=1773725585" "Mozilla/5.0 (Windows NT 10.0; Win64; x64) AppleWebKit/537.36 (KHTML, like Gecko) Chrome/117.0.5938.132 Safari/537.36"
205.169.39.6 - - [18/Apr/2026:10:00:09 +0800] "GET /wp-content/uploads/2026/04/1775698332-Article_images_W900px.webp HTTP/1.1" 200 49852 "http://cqqizhou.com/" "Mozilla/5.0 (Windows NT 10.0; Win64; x64) AppleWebKit/537.36 (KHTML, like Gecko) Chrome/117.0.5938.132 Safari/537.36"
205.169.39.6 - - [18/Apr/2026:10:00:09 +0800] "GET /wp-content/uploads/2026/04/1775195054-1Article_images_W900px.webp HTTP/1.1" 200 25562 "http://cqqizhou.com/" "Mozilla/5.0 (Windows NT 10.0; Win64; x64) AppleWebKit/537.36 (KHTML, like Gecko) Chrome/117.0.5938.132 Safari/537.36"
205.169.39.6 - - [18/Apr/2026:10:00:09 +0800] "GET /wp-content/uploads/2026/04/1775865780-1Article_images_W900px.webp HTTP/1.1" 200 41840 "http://cqqizhou.com/" "Mozilla/5.0 (Windows NT 10.0; Win64; x64) AppleWebKit/537.36 (KHTML, like Gecko) Chrome/117.0.5938.132 Safari/537.36"
205.169.39.6 - - [18/Apr/2026:10:00:09 +0800] "GET /wp-content/uploads/2026/02/1769999241-4.2%E7%B1%B3%E9%AB%98%E6%A0%8F%E8%B4%A7%E8%BD%A6.webp HTTP/1.1" 200 54794 "http://cqqizhou.com/" "Mozilla/5.0 (Windows NT 10.0; Win64; x64) AppleWebKit/537.36 (KHTML, like Gecko) Chrome/117.0.5938.132 Safari/537.36"
205.169.39.6 - - [18/Apr/2026:10:00:09 +0800] "GET /wp-content/uploads/2025/07/1751864664-Logistics800x500_1.webp HTTP/1.1" 200 76914 "http://cqqizhou.com/" "Mozilla/5.0 (Windows NT 10.0; Win64; x64) AppleWebKit/537.36 (KHTML, like Gecko) Chrome/117.0.5938.132 Safari/537.36"
205.169.39.6 - - [18/Apr/2026:10:00:09 +0800] "GET /wp-content/uploads/2025/07/1753456723-%E5%8F%8C%E7%9B%B8%E9%92%A2roduct_Single600.webp HTTP/1.1" 200 22790 "http://cqqizhou.com/" "Mozilla/5.0 (Windows NT 10.0; Win64; x64) AppleWebKit/537.36 (KHTML, like Gecko) Chrome/117.0.5938.132 Safari/537.36"
205.169.39.6 - - [18/Apr/2026:10:00:09 +0800] "GET /wp-content/uploads/2025/07/1753453096-%E5%8F%8C%E7%9B%B8%E9%92%A2product_Single600%C3%97284.webp HTTP/1.1" 200 14562 "http://cqqizhou.com/" "Mozilla/5.0 (Windows NT 10.0; Win64; x64) AppleWebKit/537.36 (KHTML, like Gecko) Chrome/117.0.5938.132 Safari/537.36"
205.169.39.6 - - [18/Apr/2026:10:00:09 +0800] "GET /wp-content/uploads/2025/07/1753456770-%E7%83%AD%E9%95%80%E9%94%8C%E5%8D%B7product_Single600.webp HTTP/1.1" 200 27502 "http://cqqizhou.com/" "Mozilla/5.0 (Windows NT 10.0; Win64; x64) AppleWebKit/537.36 (KHTML, like Gecko) Chrome/117.0.5938.132 Safari/537.36"
205.169.39.6 - - [18/Apr/2026:10:00:09 +0800] "GET /wp-content/uploads/2025/07/1753453127-%E4%BD%99%E5%8D%B7product_Single600%C3%97284.webp HTTP/1.1" 200 18744 "http://cqqizhou.com/" "Mozilla/5.0 (Windows NT 10.0; Win64; x64) AppleWebKit/537.36 (KHTML, like Gecko) Chrome/117.0.5938.132 Safari/537.36"
205.169.39.6 - - [18/Apr/2026:10:00:10 +0800] "GET /wp-content/uploads/2025/12/1765268955-qizhou_Slider1_3840%C3%972160_20251210-scaled.webp HTTP/1.1" 200 152162 "http://cqqizhou.com/" "Mozilla/5.0 (Windows NT 10.0; Win64; x64) AppleWebKit/537.36 (KHTML, like Gecko) Chrome/117.0.5938.132 Safari/537.36"
205.169.39.6 - - [18/Apr/2026:10:00:11 +0800] "GET /wp-content/uploads/2026/01/1768276119-qizhoujiagong_Slider_3840%C3%972160_20260113-scaled-50x100.webp HTTP/1.1" 200 976 "http://cqqizhou.com/" "Mozilla/5.0 (Windows NT 10.0; Win64; x64) AppleWebKit/537.36 (KHTML, like Gecko) Chrome/117.0.5938.132 Safari/537.36"
205.169.39.6 - - [18/Apr/2026:10:00:11 +0800] "GET /wp-content/uploads/revslider/slider-1/1750861156-logistics_Slider_3840%C3%972160_20250625191356-scaled-50x100.webp HTTP/1.1" 200 1416 "http://cqqizhou.com/" "Mozilla/5.0 (Windows NT 10.0; Win64; x64) AppleWebKit/537.36 (KHTML, like Gecko) Chrome/117.0.5938.132 Safari/537.36"
205.169.39.6 - - [18/Apr/2026:10:00:11 +0800] "GET /wp-content/uploads/2026/01/1768276119-qizhoujiagong_Slider_3840%C3%972160_20260113-scaled-50x100.webp HTTP/1.1" 200 976 "http://cqqizhou.com/" "Mozilla/5.0 (Windows NT 10.0; Win64; x64) AppleWebKit/537.36 (KHTML, like Gecko) Chrome/117.0.5938.132 Safari/537.36"
205.169.39.6 - - [18/Apr/2026:10:00:11 +0800] "GET /wp-content/uploads/revslider/slider-1/1750861156-logistics_Slider_3840%C3%972160_20250625191356-scaled-50x100.webp HTTP/1.1" 200 1416 "http://cqqizhou.com/" "Mozilla/5.0 (Windows NT 10.0; Win64; x64) AppleWebKit/537.36 (KHTML, like Gecko) Chrome/117.0.5938.132 Safari/537.36"
36.133.115.36 - - [18/Apr/2026:10:00:12 +0800] "POST /wp-cron.php?doing_wp_cron=1776477612.1901760101318359375000 HTTP/1.1" 200 31 "-" "WordPress/6.9; http://cqqizhou.com"
205.169.39.6 - - [18/Apr/2026:10:00:12 +0800] "GET /wp-json/sliderrevolution/sliders/1?srengine=7&slideid=4 HTTP/1.1" 200 2580 "http://cqqizhou.com/" "Mozilla/5.0 (Windows NT 10.0; Win64; x64) AppleWebKit/537.36 (KHTML, like Gecko) Chrome/117.0.5938.132 Safari/537.36"
205.169.39.6 - - [18/Apr/2026:10:00:12 +0800] "GET /wp-json/sliderrevolution/sliders/1?srengine=7&slideid=2 HTTP/1.1" 200 2000 "http://cqqizhou.com/" "Mozilla/5.0 (Windows NT 10.0; Win64; x64) AppleWebKit/537.36 (KHTML, like Gecko) Chrome/117.0.5938.132 Safari/537.36"
205.169.39.6 - - [18/Apr/2026:10:00:12 +0800] "GET /wp-content/uploads/2026/01/1768276119-qizhoujiagong_Slider_3840%C3%972160_20260113-scaled.webp HTTP/1.1" 200 131696 "http://cqqizhou.com/" "Mozilla/5.0 (Windows NT 10.0; Win64; x64) AppleWebKit/537.36 (KHTML, like Gecko) Chrome/117.0.5938.132 Safari/537.36"
205.169.39.6 - - [18/Apr/2026:10:00:13 +0800] "GET /wp-content/uploads/revslider/slider-1/1750861156-logistics_Slider_3840%C3%972160_20250625191356-scaled.webp HTTP/1.1" 200 197360 "http://cqqizhou.com/" "Mozilla/5.0 (Windows NT 10.0; Win64; x64) AppleWebKit/537.36 (KHTML, like Gecko) Chrome/117.0.5938.132 Safari/537.36"
36.133.115.36 - - [18/Apr/2026:10:26:15 +0800] "POST /wp-cron.php?doing_wp_cron=1776479175.2541980743408203125000 HTTP/1.1" 200 31 "-" "WordPress/6.9; http://cqqizhou.com"
157.66.27.30 - - [18/Apr/2026:10:26:15 +0800] "POST /xmlrpc.php HTTP/1.1" 200 217 "-" "Mozilla/5.0 (Windows NT 10.0; WOW64) AppleWebKit/537.36 (KHTML, like Gecko) Chrome/137.0.0.0 Safari/537.36"
36.133.115.36 - - [18/Apr/2026:10:31:30 +0800] "POST /wp-cron.php?doing_wp_cron=1776479490.7450280189514160156250 HTTP/1.1" 200 31 "-" "WordPress/6.9; http://cqqizhou.com"
106.54.62.156 - - [18/Apr/2026:10:31:30 +0800] "GET / HTTP/1.1" 200 34724 "-" "Mozilla/5.0 (iPhone; CPU iPhone OS 13_2_3 like Mac OS X) AppleWebKit/605.1.15 (KHTML, like Gecko) Version/13.0.3 Mobile/15E148 Safari/604.1"
36.133.115.36 - - [18/Apr/2026:10:32:33 +0800] "POST /wp-cron.php?doing_wp_cron=1776479553.1508738994598388671875 HTTP/1.1" 200 31 "-" "WordPress/6.9; http://cqqizhou.com"
106.32.138.30 - - [18/Apr/2026:10:32:33 +0800] "GET / HTTP/1.1" 301 5 "-" "Mozilla/5.0 (Windows NT 10.0) AppleWebKit/537.36 (KHTML, like Gecko) Chrome/86.0.4240.22"
106.32.138.30 - - [18/Apr/2026:10:32:33 +0800] "GET http://cqqizhou.com/ HTTP/1.1" 200 35159 "-" "Mozilla/5.0 (Windows NT 10.0) AppleWebKit/537.36 (KHTML, like Gecko) Chrome/86.0.4240.22"
121.206.46.153 - - [18/Apr/2026:10:32:53 +0800] "GET / HTTP/1.1" 200 35159 "-" "Mozilla/5.0 (Windows NT 6.1; WOW64) AppleWebKit/537.36 (KHTML, like Gecko) Chrome/87.0.4280.20"
36.133.115.36 - - [18/Apr/2026:10:42:11 +0800] "POST /wp-cron.php?doing_wp_cron=1776480131.7318809032440185546875 HTTP/1.1" 200 31 "-" "WordPress/6.9; http://cqqizhou.com"
204.76.203.206 - - [18/Apr/2026:10:42:11 +0800] "GET / HTTP/1.1" 200 34724 "-" "Mozilla/5.0 (Windows NT 10.0; Win64; x64) AppleWebKit/537.36 (KHTML, like Gecko) Chrome/90.0.4430.85 Safari/537.36 Edg/90.0.818.46"
93.91.154.4 - - [18/Apr/2026:10:42:39 +0800] "POST /xmlrpc.php HTTP/1.1" 200 217 "-" "Mozilla/5.0 (Windows NT 10.0; rv:141.0) Gecko/20100101 Firefox/141.0"
36.133.115.36 - - [18/Apr/2026:10:47:16 +0800] "POST /wp-cron.php?doing_wp_cron=1776480436.9187610149383544921875 HTTP/1.1" 200 31 "-" "WordPress/6.9; http://cqqizhou.com"
36.133.108.119 - - [18/Apr/2026:10:47:16 +0800] "HEAD /.env.dev.local HTTP/1.1" 404 0 "-" "Mozilla/5.0 (Macintosh; Intel Mac OS X 10_8_3) AppleWebKit/537.36 (KHTML, like Gecko) Chrome/27.0.1453.93 Safari/537.36"
51.195.215.17 - - [18/Apr/2026:10:50:25 +0800] "GET / HTTP/1.1" 200 35159 "-" "Mozilla/5.0 (compatible; AhrefsBot/7.0; +http://ahrefs.com/robot/)"
175.173.25.233 - - [18/Apr/2026:11:01:18 +0800] "GET /material.html HTTP/1.1" 200 6459 "-" "Mozilla/5.0 (Macintosh; Intel Mac OS X 10_15_7) AppleWebKit/537.36 (KHTML, like Gecko) Chrome/140.0.0.0 Safari/537.36"
72.63.248.5 - - [18/Apr/2026:11:08:17 +0800] "GET / HTTP/1.1" 200 35159 "-" "Mozilla/5.0 (Macintosh; Intel Mac OS X 10_14_6) AppleWebKit/605.1.15 (KHTML, like Gecko) Version/14.0 Safari/605.1.15"
36.133.115.36 - - [18/Apr/2026:11:11:47 +0800] "POST /wp-cron.php?doing_wp_cron=1776481907.9612700939178466796875 HTTP/1.1" 200 31 "-" "WordPress/6.9; http://cqqizhou.com"
66.70.178.228 - - [18/Apr/2026:11:11:48 +0800] "POST /xmlrpc.php HTTP/1.1" 200 217 "-" "Mozilla/5.0 (Windows NT 10.0; WOW64) AppleWebKit/537.36 (KHTML, like Gecko) Chrome/139.0.0.0 Safari/537.36"
36.133.115.36 - - [18/Apr/2026:11:30:31 +0800] "POST /wp-cron.php?doing_wp_cron=1776483031.6282789707183837890625 HTTP/1.1" 200 31 "-" "WordPress/6.9; http://cqqizhou.com"
36.133.108.119 - - [18/Apr/2026:11:30:31 +0800] "HEAD /private.key HTTP/1.1" 404 0 "-" "Mozilla/5.0 (compatible; MSIE 8.0; Windows NT 5.1; Trident/4.0; .NET CLR 1.1.4322; .NET CLR 2.0.50727)"
36.133.115.36 - - [18/Apr/2026:11:31:09 +0800] "POST /wp-cron.php?doing_wp_cron=1776483069.6068871021270751953125 HTTP/1.1" 200 31 "-" "WordPress/6.9; http://cqqizhou.com"
36.133.108.119 - - [18/Apr/2026:11:31:09 +0800] "HEAD /services/environments.ini HTTP/1.1" 404 0 "-" "Mozilla/5.0 (Windows NT 6.1) AppleWebKit/537.36 (KHTML, like Gecko) Chrome/27.0.1453.90 Safari/537.36"
36.133.115.36 - - [18/Apr/2026:11:35:25 +0800] "POST /wp-cron.php?doing_wp_cron=1776483325.7658009529113769531250 HTTP/1.1" 200 31 "-" "WordPress/6.9; http://cqqizhou.com"
54.37.239.214 - - [18/Apr/2026:11:35:25 +0800] "POST /xmlrpc.php HTTP/1.1" 200 217 "-" "Mozilla/5.0 (Windows NT 10.0) AppleWebKit/537.36 (KHTML, like Gecko) Chrome/137.0.0.0 Safari/537.36 Edg/137.0.0.0"
36.133.115.36 - - [18/Apr/2026:11:37:14 +0800] "POST /wp-cron.php?doing_wp_cron=1776483434.5322461128234863281250 HTTP/1.1" 200 31 "-" "WordPress/6.9; http://cqqizhou.com"
119.186.98.201 - - [18/Apr/2026:11:37:14 +0800] "GET /2440/ HTTP/1.1" 301 5 "-" "Mozilla/5.0 (Macintosh; Intel Mac OS X 10_15_7) AppleWebKit/537.36 (KHTML, like Gecko) Chrome/140.0.0.0 Safari/537.36"
113.74.61.250 - - [18/Apr/2026:11:37:26 +0800] "GET /2440/ HTTP/1.1" 301 5 "-" "Mozilla/5.0 (Macintosh; Intel Mac OS X 10_15_7) AppleWebKit/537.36 (KHTML, like Gecko) Chrome/140.0.0.0 Safari/537.36"
87.121.84.99 - - [18/Apr/2026:11:48:59 +0800] "GET /public/plugins/plupload/examples/upload.php HTTP/1.1" 404 27 "-" "ALittle Client"
36.133.115.36 - - [18/Apr/2026:11:58:23 +0800] "POST /wp-cron.php?doing_wp_cron=1776484703.7177369594573974609375 HTTP/1.1" 200 31 "-" "WordPress/6.9; http://cqqizhou.com"
114.119.158.97 - - [18/Apr/2026:11:58:23 +0800] "GET /robots.txt HTTP/1.1" 200 190 "-" "Mozilla/5.0 (compatible;PetalBot;+https://webmaster.petalsearch.com/site/petalbot)"
36.133.115.36 - - [18/Apr/2026:12:00:40 +0800] "POST /wp-cron.php?doing_wp_cron=1776484840.4908189773559570312500 HTTP/1.1" 200 31 "-" "WordPress/6.9; http://cqqizhou.com"
35.242.254.186 - - [18/Apr/2026:12:00:40 +0800] "POST /xmlrpc.php HTTP/1.1" 200 217 "-" "Mozilla/5.0 (Windows NT 10.0; Win64; x64) AppleWebKit/537.36 (KHTML, like Gecko) Chrome/141.0.0.0 Safari/537.36"
36.133.115.36 - - [18/Apr/2026:12:01:35 +0800] "POST /wp-cron.php?doing_wp_cron=1776484895.1349189281463623046875 HTTP/1.1" 200 31 "-" "WordPress/6.9; http://cqqizhou.com"
49.87.220.11 - - [18/Apr/2026:12:01:35 +0800] "GET /services/ HTTP/1.1" 301 5 "-" "Mozilla/5.0 (Macintosh; Intel Mac OS X 10_15_7) AppleWebKit/537.36 (KHTML, like Gecko) Chrome/124.0.0.0 Safari/537.36 Edg/124.0.0.0"
49.87.220.11 - - [18/Apr/2026:12:01:35 +0800] "GET http://cqqizhou.com/services HTTP/1.1" 200 31707 "-" "Mozilla/5.0 (Macintosh; Intel Mac OS X 10_15_7) AppleWebKit/537.36 (KHTML, like Gecko) Chrome/124.0.0.0 Safari/537.36 Edg/124.0.0.0"
36.133.108.121 - - [18/Apr/2026:12:11:51 +0800] "HEAD /vendor/drupal/coder/.git/objects/info/packs HTTP/1.1" 499 0 "-" "Mozilla/5.0 (X11; Ubuntu; Linux x86_64; rv:24.0) Gecko/20100101 Firefox/24.0"
36.133.115.36 - - [18/Apr/2026:12:11:51 +0800] "POST /wp-cron.php?doing_wp_cron=1776485511.9294550418853759765625 HTTP/1.1" 200 31 "-" "WordPress/6.9; http://cqqizhou.com"
36.133.108.121 - - [18/Apr/2026:12:15:59 +0800] "HEAD /modules/contrib/sendgrid_mail/sendgrid_mail.settings.php HTTP/1.1" 404 0 "-" "Mozilla/5.0 (iPad; U; CPU OS 3_2 like Mac OS X; en-us) AppleWebKit/531.21.10 (KHTML, like Gecko) Version/4.0.4 Mobile/7B334b Safari/531.21.10"
36.133.115.36 - - [18/Apr/2026:12:37:47 +0800] "POST /wp-cron.php?doing_wp_cron=1776487067.8082439899444580078125 HTTP/1.1" 200 31 "-" "WordPress/6.9; http://cqqizhou.com"
183.225.99.184 - - [18/Apr/2026:12:37:47 +0800] "GET /contacts/ HTTP/1.1" 301 5 "-" "Mozilla/5.0 (Windows NT 10.0; Win64; x64) AppleWebKit/537.36 (KHTML, like Gecko) Chrome/136.0.0.0 Safari/537.36"
183.225.99.184 - - [18/Apr/2026:12:37:48 +0800] "GET http://cqqizhou.com/contacts HTTP/1.1" 200 21617 "-" "Mozilla/5.0 (Windows NT 10.0; Win64; x64) AppleWebKit/537.36 (KHTML, like Gecko) Chrome/136.0.0.0 Safari/537.36"
36.133.115.36 - - [18/Apr/2026:12:50:19 +0800] "POST /wp-cron.php?doing_wp_cron=1776487819.8734650611877441406250 HTTP/1.1" 200 31 "-" "WordPress/6.9; http://cqqizhou.com"
202.58.242.242 - - [18/Apr/2026:12:50:19 +0800] "GET / HTTP/1.1" 301 5 "-" "Go-http-client/1.1"
202.58.242.242 - - [18/Apr/2026:12:50:20 +0800] "GET / HTTP/1.1" 200 35159 "http://36.133.115.36" "Go-http-client/1.1"
34.72.176.129 - - [18/Apr/2026:12:50:55 +0800] "GET / HTTP/1.1" 301 5 "-" "Mozilla/5.0 (X11; Linux x86_64) AppleWebKit/537.36 (KHTML, like Gecko) Chrome/125.0.0.0 Safari/537.36"
34.123.170.104 - - [18/Apr/2026:12:50:57 +0800] "GET / HTTP/1.1" 200 35159 "-" "Mozilla/5.0 (X11; Linux x86_64) AppleWebKit/537.36 (KHTML, like Gecko) Chrome/125.0.0.0 Safari/537.36"
205.169.39.16 - - [18/Apr/2026:12:50:58 +0800] "GET / HTTP/1.1" 301 5 "-" "Mozilla/5.0 (Windows NT 10.0; Win64; x64) AppleWebKit/537.36 (KHTML, like Gecko) Chrome/117.0.5938.132 Safari/537.36"
205.169.39.16 - - [18/Apr/2026:12:50:59 +0800] "GET / HTTP/1.1" 200 35159 "-" "Mozilla/5.0 (Windows NT 10.0; Win64; x64) AppleWebKit/537.36 (KHTML, like Gecko) Chrome/117.0.5938.132 Safari/537.36"
205.169.39.16 - - [18/Apr/2026:12:51:02 +0800] "GET /wp-content/uploads/2025/07/1751425283-qizhou.kf_.qq_.com_.webp HTTP/1.1" 200 16864 "http://cqqizhou.com/" "Mozilla/5.0 (Windows NT 10.0; Win64; x64) AppleWebKit/537.36 (KHTML, like Gecko) Chrome/117.0.5938.132 Safari/537.36"
205.169.39.16 - - [18/Apr/2026:12:51:05 +0800] "GET /wp-content/uploads/2025/07/1750174127-Marketing1920x800_3.webp HTTP/1.1" 200 52790 "http://cqqizhou.com/wp-content/uploads/elementor/css/post-1666.css?ver=1773725585" "Mozilla/5.0 (Windows NT 10.0; Win64; x64) AppleWebKit/537.36 (KHTML, like Gecko) Chrome/117.0.5938.132 Safari/537.36"
205.169.39.16 - - [18/Apr/2026:12:51:05 +0800] "GET /wp-content/uploads/2025/07/1753453096-%E5%8F%8C%E7%9B%B8%E9%92%A2product_Single600%C3%97284.webp HTTP/1.1" 200 14562 "http://cqqizhou.com/" "Mozilla/5.0 (Windows NT 10.0; Win64; x64) AppleWebKit/537.36 (KHTML, like Gecko) Chrome/117.0.5938.132 Safari/537.36"
205.169.39.16 - - [18/Apr/2026:12:51:05 +0800] "GET /wp-content/uploads/2025/07/1753453127-%E4%BD%99%E5%8D%B7product_Single600%C3%97284.webp HTTP/1.1" 200 18744 "http://cqqizhou.com/" "Mozilla/5.0 (Windows NT 10.0; Win64; x64) AppleWebKit/537.36 (KHTML, like Gecko) Chrome/117.0.5938.132 Safari/537.36"
205.169.39.16 - - [18/Apr/2026:12:51:05 +0800] "GET /wp-content/uploads/2025/07/1753456770-%E7%83%AD%E9%95%80%E9%94%8C%E5%8D%B7product_Single600.webp HTTP/1.1" 200 27502 "http://cqqizhou.com/" "Mozilla/5.0 (Windows NT 10.0; Win64; x64) AppleWebKit/537.36 (KHTML, like Gecko) Chrome/117.0.5938.132 Safari/537.36"
205.169.39.16 - - [18/Apr/2026:12:51:05 +0800] "GET /wp-content/uploads/2025/07/1753456723-%E5%8F%8C%E7%9B%B8%E9%92%A2roduct_Single600.webp HTTP/1.1" 200 22790 "http://cqqizhou.com/" "Mozilla/5.0 (Windows NT 10.0; Win64; x64) AppleWebKit/537.36 (KHTML, like Gecko) Chrome/117.0.5938.132 Safari/537.36"
205.169.39.16 - - [18/Apr/2026:12:51:06 +0800] "GET /wp-content/uploads/2026/04/1775865780-1Article_images_W900px.webp HTTP/1.1" 200 41840 "http://cqqizhou.com/" "Mozilla/5.0 (Windows NT 10.0; Win64; x64) AppleWebKit/537.36 (KHTML, like Gecko) Chrome/117.0.5938.132 Safari/537.36"
205.169.39.16 - - [18/Apr/2026:12:51:06 +0800] "GET /wp-content/uploads/2026/02/1769999241-4.2%E7%B1%B3%E9%AB%98%E6%A0%8F%E8%B4%A7%E8%BD%A6.webp HTTP/1.1" 200 54794 "http://cqqizhou.com/" "Mozilla/5.0 (Windows NT 10.0; Win64; x64) AppleWebKit/537.36 (KHTML, like Gecko) Chrome/117.0.5938.132 Safari/537.36"
205.169.39.16 - - [18/Apr/2026:12:51:06 +0800] "GET /wp-content/uploads/2026/04/1775698332-Article_images_W900px.webp HTTP/1.1" 200 49852 "http://cqqizhou.com/" "Mozilla/5.0 (Windows NT 10.0; Win64; x64) AppleWebKit/537.36 (KHTML, like Gecko) Chrome/117.0.5938.132 Safari/537.36"
205.169.39.16 - - [18/Apr/2026:12:51:06 +0800] "GET /wp-content/uploads/2026/04/1775195054-1Article_images_W900px.webp HTTP/1.1" 200 25562 "http://cqqizhou.com/" "Mozilla/5.0 (Windows NT 10.0; Win64; x64) AppleWebKit/537.36 (KHTML, like Gecko) Chrome/117.0.5938.132 Safari/537.36"
205.169.39.16 - - [18/Apr/2026:12:51:06 +0800] "GET /wp-content/uploads/2025/07/1751864664-Logistics800x500_1.webp HTTP/1.1" 200 76914 "http://cqqizhou.com/" "Mozilla/5.0 (Windows NT 10.0; Win64; x64) AppleWebKit/537.36 (KHTML, like Gecko) Chrome/117.0.5938.132 Safari/537.36"
205.169.39.16 - - [18/Apr/2026:12:51:07 +0800] "GET /wp-content/uploads/2025/12/1765268955-qizhou_Slider1_3840%C3%972160_20251210-scaled.webp HTTP/1.1" 200 152162 "http://cqqizhou.com/" "Mozilla/5.0 (Windows NT 10.0; Win64; x64) AppleWebKit/537.36 (KHTML, like Gecko) Chrome/117.0.5938.132 Safari/537.36"
205.169.39.16 - - [18/Apr/2026:12:51:08 +0800] "GET /wp-content/uploads/revslider/slider-1/1750861156-logistics_Slider_3840%C3%972160_20250625191356-scaled-50x100.webp HTTP/1.1" 200 1416 "http://cqqizhou.com/" "Mozilla/5.0 (Windows NT 10.0; Win64; x64) AppleWebKit/537.36 (KHTML, like Gecko) Chrome/117.0.5938.132 Safari/537.36"
205.169.39.16 - - [18/Apr/2026:12:51:08 +0800] "GET /wp-content/uploads/2026/01/1768276119-qizhoujiagong_Slider_3840%C3%972160_20260113-scaled-50x100.webp HTTP/1.1" 200 976 "http://cqqizhou.com/" "Mozilla/5.0 (Windows NT 10.0; Win64; x64) AppleWebKit/537.36 (KHTML, like Gecko) Chrome/117.0.5938.132 Safari/537.36"
205.169.39.16 - - [18/Apr/2026:12:51:08 +0800] "GET /wp-content/uploads/2026/01/1768276119-qizhoujiagong_Slider_3840%C3%972160_20260113-scaled-50x100.webp HTTP/1.1" 200 976 "http://cqqizhou.com/" "Mozilla/5.0 (Windows NT 10.0; Win64; x64) AppleWebKit/537.36 (KHTML, like Gecko) Chrome/117.0.5938.132 Safari/537.36"
205.169.39.16 - - [18/Apr/2026:12:51:08 +0800] "GET /wp-content/uploads/revslider/slider-1/1750861156-logistics_Slider_3840%C3%972160_20250625191356-scaled-50x100.webp HTTP/1.1" 200 1416 "http://cqqizhou.com/" "Mozilla/5.0 (Windows NT 10.0; Win64; x64) AppleWebKit/537.36 (KHTML, like Gecko) Chrome/117.0.5938.132 Safari/537.36"
36.133.115.36 - - [18/Apr/2026:12:51:09 +0800] "POST /wp-cron.php?doing_wp_cron=1776487869.1299610137939453125000 HTTP/1.1" 200 31 "-" "WordPress/6.9; http://cqqizhou.com"
205.169.39.16 - - [18/Apr/2026:12:51:09 +0800] "GET /wp-json/sliderrevolution/sliders/1?srengine=7&slideid=2 HTTP/1.1" 200 2000 "http://cqqizhou.com/" "Mozilla/5.0 (Windows NT 10.0; Win64; x64) AppleWebKit/537.36 (KHTML, like Gecko) Chrome/117.0.5938.132 Safari/537.36"
205.169.39.16 - - [18/Apr/2026:12:51:09 +0800] "GET /wp-json/sliderrevolution/sliders/1?srengine=7&slideid=4 HTTP/1.1" 200 2580 "http://cqqizhou.com/" "Mozilla/5.0 (Windows NT 10.0; Win64; x64) AppleWebKit/537.36 (KHTML, like Gecko) Chrome/117.0.5938.132 Safari/537.36"
205.169.39.16 - - [18/Apr/2026:12:51:09 +0800] "GET /wp-content/uploads/revslider/slider-1/1750861156-logistics_Slider_3840%C3%972160_20250625191356-scaled.webp HTTP/1.1" 200 197360 "http://cqqizhou.com/" "Mozilla/5.0 (Windows NT 10.0; Win64; x64) AppleWebKit/537.36 (KHTML, like Gecko) Chrome/117.0.5938.132 Safari/537.36"
205.169.39.16 - - [18/Apr/2026:12:51:10 +0800] "GET /wp-content/uploads/2026/01/1768276119-qizhoujiagong_Slider_3840%C3%972160_20260113-scaled.webp HTTP/1.1" 200 131696 "http://cqqizhou.com/" "Mozilla/5.0 (Windows NT 10.0; Win64; x64) AppleWebKit/537.36 (KHTML, like Gecko) Chrome/117.0.5938.132 Safari/537.36"
36.133.115.36 - - [18/Apr/2026:12:58:57 +0800] "POST /wp-cron.php?doing_wp_cron=1776488337.1134970188140869140625 HTTP/1.1" 200 31 "-" "WordPress/6.9; http://cqqizhou.com"
141.95.66.91 - - [18/Apr/2026:12:58:57 +0800] "POST /xmlrpc.php HTTP/1.1" 200 217 "-" "Mozilla/5.0 (Windows NT 10.0; WOW64) AppleWebKit/537.36 (KHTML, like Gecko) Chrome/142.0.0.0 Safari/537.36"
36.133.115.36 - - [18/Apr/2026:13:00:40 +0800] "POST /wp-cron.php?doing_wp_cron=1776488440.6561820507049560546875 HTTP/1.1" 200 31 "-" "WordPress/6.9; http://cqqizhou.com"
122.192.196.119 - - [18/Apr/2026:13:00:40 +0800] "GET /contacts/ HTTP/1.1" 301 5 "-" "Mozilla/5.0 (Windows NT 10.0; Win64; x64) AppleWebKit/537.36 (KHTML, like Gecko) Chrome/136.0.0.0 Safari/537.36"
122.192.196.119 - - [18/Apr/2026:13:00:40 +0800] "GET http://cqqizhou.com/contacts HTTP/1.1" 200 21617 "-" "Mozilla/5.0 (Windows NT 10.0; Win64; x64) AppleWebKit/537.36 (KHTML, like Gecko) Chrome/136.0.0.0 Safari/537.36"
36.133.115.36 - - [18/Apr/2026:13:01:39 +0800] "POST /wp-cron.php?doing_wp_cron=1776488499.1609439849853515625000 HTTP/1.1" 200 31 "-" "WordPress/6.9; http://cqqizhou.com"
121.10.212.23 - - [18/Apr/2026:13:01:39 +0800] "GET /contacts/ HTTP/1.1" 301 5 "http://cqqizhou.com/contacts/" "Mozilla/5.0 (Windows NT 10.0; Win64; x64) AppleWebKit/537.36 (KHTML, like Gecko) Chrome/136.0.0.0 Safari/537.36"
121.10.212.23 - - [18/Apr/2026:13:01:39 +0800] "GET http://cqqizhou.com/contacts HTTP/1.1" 200 21617 "http://cqqizhou.com/contacts/" "Mozilla/5.0 (Windows NT 10.0; Win64; x64) AppleWebKit/537.36 (KHTML, like Gecko) Chrome/136.0.0.0 Safari/537.36"
45.148.10.67 - - [18/Apr/2026:13:01:48 +0800] "GET / HTTP/1.1" 200 34725 "-" "Mozilla/5.0 (Windows NT 10.0; Win64; x64) AppleWebKit/537.36 (KHTML, like Gecko) Chrome/131.0.0.0 Safari/537.36"
36.133.115.36 - - [18/Apr/2026:13:09:59 +0800] "POST /wp-cron.php?doing_wp_cron=1776488999.0028870105743408203125 HTTP/1.1" 200 31 "-" "WordPress/6.9; http://cqqizhou.com"
79.116.52.1 - - [18/Apr/2026:13:09:59 +0800] "POST /xmlrpc.php HTTP/1.1" 200 217 "-" "Mozilla/5.0 (Windows NT 10.0) AppleWebKit/537.36 (KHTML, like Gecko) Chrome/137.0.0.0 Safari/537.36"
36.133.115.36 - - [18/Apr/2026:13:24:49 +0800] "POST /wp-cron.php?doing_wp_cron=1776489889.0542709827423095703125 HTTP/1.1" 200 31 "-" "WordPress/6.9; http://cqqizhou.com"
36.133.108.119 - - [18/Apr/2026:13:24:49 +0800] "HEAD /modules/contrib/sendgrid_mail/sendgrid_mail.services.yml HTTP/1.1" 404 0 "-" "Mozilla/5.0 (compatible; MSIE 8.0; Windows NT 5.1; Trident/4.0; SLCC1; .NET CLR 3.0.4506.2152; .NET CLR 3.5.30729; .NET CLR 1.1.4322)"
36.133.115.36 - - [18/Apr/2026:13:30:42 +0800] "POST /wp-cron.php?doing_wp_cron=1776490242.7760679721832275390625 HTTP/1.1" 200 31 "-" "WordPress/6.9; http://cqqizhou.com"
36.133.108.125 - - [18/Apr/2026:13:30:42 +0800] "HEAD /settings.json HTTP/1.1" 404 0 "-" "Mozilla/5.0 (Macintosh; U; Intel Mac OS X 10_6_6; fr-ch) AppleWebKit/533.19.4 (KHTML, like Gecko) Version/5.0.3 Safari/533.19.4"
36.133.115.36 - - [18/Apr/2026:14:26:36 +0800] "POST /wp-cron.php?doing_wp_cron=1776493596.0836830139160156250000 HTTP/1.1" 200 31 "-" "WordPress/6.9; http://cqqizhou.com"
5.196.202.32 - - [18/Apr/2026:14:26:36 +0800] "POST /xmlrpc.php HTTP/1.1" 200 217 "-" "Mozilla/5.0 (Windows NT 10.0) AppleWebKit/537.43 (KHTML, like Gecko) Chrome/139.0.0.0 Safari/537.36 OPR/123.0.0.0"
36.133.115.36 - - [18/Apr/2026:14:50:42 +0800] "POST /wp-cron.php?doing_wp_cron=1776495042.3239910602569580078125 HTTP/1.1" 200 31 "-" "WordPress/6.9; http://cqqizhou.com"
155.133.142.66 - - [18/Apr/2026:14:50:42 +0800] "POST /xmlrpc.php HTTP/1.1" 200 217 "-" "Mozilla/5.0 (Windows NT 10.0; WOW64) AppleWebKit/537.43 (KHTML, like Gecko) Chrome/140.0.0.0 Safari/537.36 OPR/124.0.0.0"
36.133.115.36 - - [18/Apr/2026:14:50:51 +0800] "POST /wp-cron.php HTTP/1.1" 200 31 "-" "WordPress/6.9; http://cqqizhou.com"
36.133.115.36 - - [18/Apr/2026:14:50:51 +0800] "GET / HTTP/1.1" 200 35159 "-" "WordPress/6.9; http://cqqizhou.com"
36.133.115.36 - - [18/Apr/2026:14:50:51 +0800] "GET / HTTP/1.1" 200 35159 "-" "WordPress/6.9; http://cqqizhou.com"
36.133.115.36 - - [18/Apr/2026:14:50:52 +0800] "GET / HTTP/1.1" 200 35159 "-" "WordPress/6.9; http://cqqizhou.com"
112.24.249.238 - - [18/Apr/2026:14:51:30 +0800] "GET /news/2418 HTTP/1.1" 200 27290 "-" "Mozilla/5.0 (Macintosh; Intel Mac OS X 10_15_7) AppleWebKit/537.36 (KHTML, like Gecko) Chrome/140.0.0.0 Safari/537.36"
36.133.115.36 - - [18/Apr/2026:14:52:12 +0800] "POST /wp-cron.php?doing_wp_cron=1776495132.1302840709686279296875 HTTP/1.1" 200 31 "-" "WordPress/6.9; http://cqqizhou.com"
5.61.209.107 - - [18/Apr/2026:14:52:12 +0800] "GET /SDK/webLanguage HTTP/1.1" 301 5 "-" "Mozilla/5.0 (Windows NT 10.0; Win64; x64) AppleWebKit/537.36 (KHTML, like Gecko) Chrome/90.0.4430.85 Safari/537.36 Edg/90.0.818.46"
36.133.115.36 - - [18/Apr/2026:15:05:37 +0800] "POST /wp-cron.php?doing_wp_cron=1776495937.1202850341796875000000 HTTP/1.1" 200 31 "-" "WordPress/6.9; http://cqqizhou.com"
220.181.108.80 - - [18/Apr/2026:15:05:37 +0800] "GET /news/2153 HTTP/1.1" 200 24356 "-" "Mozilla/5.0 (compatible; Baiduspider/2.0; +http://www.baidu.com/search/spider.html)"
36.133.115.36 - - [18/Apr/2026:15:09:55 +0800] "POST /wp-cron.php?doing_wp_cron=1776496195.1129760742187500000000 HTTP/1.1" 200 31 "-" "WordPress/6.9; http://cqqizhou.com"
107.180.252.236 - - [18/Apr/2026:15:09:55 +0800] "POST /xmlrpc.php HTTP/1.1" 200 217 "-" "Mozilla/5.0 (Windows NT 10.0; Win64; x64) AppleWebKit/537.43 (KHTML, like Gecko) Chrome/138.0.0.0 Safari/537.36 OPR/122.0.0.0"
182.135.214.79 - - [18/Apr/2026:15:15:28 +0800] "GET /news/2153 HTTP/1.1" 200 24377 "-" "Mozilla/5.0 (Macintosh; Intel Mac OS X 10_15_7) AppleWebKit/537.36 (KHTML, like Gecko) Chrome/119.0.0.0 Safari/537.36"
218.71.254.143 - - [18/Apr/2026:15:15:33 +0800] "GET /news/2153 HTTP/1.1" 200 24377 "-" "Mozilla/5.0 (Macintosh; Intel Mac OS X 10_15_7) AppleWebKit/537.36 (KHTML, like Gecko) Chrome/119.0.0.0 Safari/537.36"
36.133.115.36 - - [18/Apr/2026:15:25:28 +0800] "POST /wp-cron.php?doing_wp_cron=1776497128.0441639423370361328125 HTTP/1.1" 200 31 "-" "WordPress/6.9; http://cqqizhou.com"
183.96.173.196 - - [18/Apr/2026:15:25:28 +0800] "GET / HTTP/1.1" 301 5 "-" "Go-http-client/1.1"
36.133.115.36 - - [18/Apr/2026:15:29:49 +0800] "POST /wp-cron.php?doing_wp_cron=1776497389.2995409965515136718750 HTTP/1.1" 200 31 "-" "WordPress/6.9; http://cqqizhou.com"
36.133.108.119 - - [18/Apr/2026:15:29:49 +0800] "HEAD /processor/.env HTTP/1.1" 404 0 "-" "Mozilla/5.0 (Macintosh; Intel Mac OS X 10_8_3) AppleWebKit/537.36 (KHTML, like Gecko) Chrome/27.0.1453.93 Safari/537.36"
120.241.209.237 - - [18/Apr/2026:15:30:01 +0800] "GET /services HTTP/1.1" 200 31707 "-" "Mozilla/5.0 (Windows NT 10.0; Win64; x64) AppleWebKit/537.36 (KHTML, like Gecko) Chrome/107.0.0.0 Safari/537.36"
36.150.0.31 - - [18/Apr/2026:15:34:27 +0800] "GET /news/portfolio/duplex-stainless-steel HTTP/1.1" 200 22249 "-" "Mozilla/5.0 (Windows NT 10.0; Win64; x64) AppleWebKit/537.36 (KHTML, like Gecko) Chrome/142.0.0.0 Safari/537.36"
36.150.0.31 - - [18/Apr/2026:15:34:28 +0800] "GET /wp-content/uploads/2025/07/1753456770-%E7%83%AD%E9%95%80%E9%94%8C%E5%8D%B7product_Single600-150x150.webp HTTP/1.1" 200 5124 "http://cqqizhou.com/news/portfolio/duplex-stainless-steel" "Mozilla/5.0 (Windows NT 10.0; Win64; x64) AppleWebKit/537.36 (KHTML, like Gecko) Chrome/142.0.0.0 Safari/537.36"
36.150.0.31 - - [18/Apr/2026:15:34:28 +0800] "GET /wp-content/uploads/2025/07/1753453096-%E5%8F%8C%E7%9B%B8%E9%92%A2product_Single600%C3%97284-300x142.webp HTTP/1.1" 200 7412 "http://cqqizhou.com/news/portfolio/duplex-stainless-steel" "Mozilla/5.0 (Windows NT 10.0; Win64; x64) AppleWebKit/537.36 (KHTML, like Gecko) Chrome/142.0.0.0 Safari/537.36"
36.150.0.31 - - [18/Apr/2026:15:34:28 +0800] "GET /wp-content/uploads/2025/07/1753456723-%E5%8F%8C%E7%9B%B8%E9%92%A2roduct_Single600-150x150.webp HTTP/1.1" 200 4390 "http://cqqizhou.com/news/portfolio/duplex-stainless-steel" "Mozilla/5.0 (Windows NT 10.0; Win64; x64) AppleWebKit/537.36 (KHTML, like Gecko) Chrome/142.0.0.0 Safari/537.36"
36.150.0.31 - - [18/Apr/2026:15:34:28 +0800] "GET /wp-content/uploads/2025/07/1751425283-qizhou.kf_.qq_.com_.webp HTTP/1.1" 200 16864 "http://cqqizhou.com/news/portfolio/duplex-stainless-steel" "Mozilla/5.0 (Windows NT 10.0; Win64; x64) AppleWebKit/537.36 (KHTML, like Gecko) Chrome/142.0.0.0 Safari/537.36"
36.150.0.31 - - [18/Apr/2026:15:34:28 +0800] "GET /wp-content/uploads/2025/07/1753410289-News2000%C3%97400_202571.webp HTTP/1.1" 200 17830 "http://cqqizhou.com/news/portfolio/duplex-stainless-steel" "Mozilla/5.0 (Windows NT 10.0; Win64; x64) AppleWebKit/537.36 (KHTML, like Gecko) Chrome/142.0.0.0 Safari/537.36"
36.150.0.31 - - [18/Apr/2026:15:34:29 +0800] "POST /wp-admin/admin-ajax.php HTTP/1.1" 499 0 "http://cqqizhou.com/news/portfolio/duplex-stainless-steel" "Mozilla/5.0 (Windows NT 10.0; Win64; x64) AppleWebKit/537.36 (KHTML, like Gecko) Chrome/142.0.0.0 Safari/537.36"
36.133.115.36 - - [18/Apr/2026:15:34:29 +0800] "POST /wp-cron.php?doing_wp_cron=1776497669.8543128967285156250000 HTTP/1.1" 200 31 "-" "WordPress/6.9; http://cqqizhou.com"
36.133.115.36 - - [18/Apr/2026:16:13:27 +0800] "POST /wp-cron.php?doing_wp_cron=1776500007.3457229137420654296875 HTTP/1.1" 200 31 "-" "WordPress/6.9; http://cqqizhou.com"
39.67.136.78 - - [18/Apr/2026:16:13:27 +0800] "GET /portfolio-category/dual-phase-steel/ HTTP/1.1" 404 8948 "-" "Mozilla/5.0 (Macintosh; Intel Mac OS X 10_15_7) AppleWebKit/537.36 (KHTML, like Gecko) Chrome/140.0.0.0 Safari/537.36"
36.133.115.36 - - [18/Apr/2026:16:15:45 +0800] "POST /wp-cron.php?doing_wp_cron=1776500145.8168380260467529296875 HTTP/1.1" 200 31 "-" "WordPress/6.9; http://cqqizhou.com"
157.66.27.22 - - [18/Apr/2026:16:15:45 +0800] "POST /xmlrpc.php HTTP/1.1" 200 217 "-" "Mozilla/5.0 (Windows NT 10.0) AppleWebKit/537.43 (KHTML, like Gecko) Chrome/134.0.0.0 Safari/537.36 OPR/119.0.0.0"
36.133.115.36 - - [18/Apr/2026:16:24:21 +0800] "POST /wp-cron.php?doing_wp_cron=1776500661.5058820247650146484375 HTTP/1.1" 200 31 "-" "WordPress/6.9; http://cqqizhou.com"
195.184.76.26 - - [18/Apr/2026:16:24:21 +0800] "GET / HTTP/1.1" 301 5 "-" "Mozilla/5.0 (X11; Ubuntu; Linux x86_64; rv:134.0) Gecko/20100101 Firefox/134.0"
36.133.115.36 - - [18/Apr/2026:16:30:59 +0800] "POST /wp-cron.php?doing_wp_cron=1776501059.8567950725555419921875 HTTP/1.1" 200 31 "-" "WordPress/6.9; http://cqqizhou.com"
159.65.130.72 - - [18/Apr/2026:16:30:59 +0800] "POST /xmlrpc.php HTTP/1.1" 200 217 "-" "Mozilla/5.0 (Windows NT 10.0; rv:143.0) Gecko/20100101 Firefox/143.0"
36.133.115.36 - - [18/Apr/2026:16:35:34 +0800] "POST /wp-cron.php?doing_wp_cron=1776501334.4882879257202148437500 HTTP/1.1" 200 31 "-" "WordPress/6.9; http://cqqizhou.com"
116.179.32.14 - - [18/Apr/2026:16:35:34 +0800] "GET /wp-json/oembed/1.0/embed?url=http%3A%2F%2Fcqqizhou.com%2Fclub%2F HTTP/1.1" 200 1141 "-" "Mozilla/5.0 (compatible; Baiduspider/2.0; +http://www.baidu.com/search/spider.html)"
36.144.44.70 - - [18/Apr/2026:16:51:34 +0800] "GET / HTTP/1.1" 200 158581 "-" "Go-http-client/1.1"
36.133.115.36 - - [18/Apr/2026:16:51:52 +0800] "POST /wp-cron.php?doing_wp_cron=1776502312.7359359264373779296875 HTTP/1.1" 200 31 "-" "WordPress/6.9; http://cqqizhou.com"
121.229.185.160 - - [18/Apr/2026:16:51:52 +0800] "GET / HTTP/1.1" 301 5 "-" "Mozilla/5.0 (iPhone; CPU iPhone OS 13_2_3 like Mac OS X) AppleWebKit/605.1.15 (KHTML, like Gecko) Version/13.0.3 Mobile/15E148 Safari/604.1"
121.229.185.160 - - [18/Apr/2026:16:51:54 +0800] "GET / HTTP/1.1" 200 34724 "http://www.cqqizhou.com" "Mozilla/5.0 (iPhone; CPU iPhone OS 13_2_3 like Mac OS X) AppleWebKit/605.1.15 (KHTML, like Gecko) Version/13.0.3 Mobile/15E148 Safari/604.1"
85.203.23.83 - - [18/Apr/2026:16:58:24 +0800] "GET /inputs.php HTTP/1.1" 404 47 "-" "Go-http-client/1.1"
85.203.23.83 - - [18/Apr/2026:16:58:24 +0800] "GET /admin.php HTTP/1.1" 404 47 "-" "Go-http-client/1.1"
85.203.23.83 - - [18/Apr/2026:16:58:24 +0800] "GET /wp-content/plugins/enhanced-text-widget/analyst/src/403.php HTTP/1.1" 404 47 "-" "Go-http-client/1.1"
85.203.23.83 - - [18/Apr/2026:16:58:25 +0800] "GET /wp-content/ HTTP/1.1" 200 31 "-" "Go-http-client/1.1"
85.203.23.83 - - [18/Apr/2026:16:58:25 +0800] "GET /wp-content/users.php HTTP/1.1" 404 47 "-" "Go-http-client/1.1"
85.203.23.83 - - [18/Apr/2026:16:58:25 +0800] "GET /.well-known/core.php HTTP/1.1" 404 47 "-" "Go-http-client/1.1"
85.203.23.83 - - [18/Apr/2026:16:58:25 +0800] "GET /3PJcpMFsD8B.php HTTP/1.1" 404 47 "-" "Go-http-client/1.1"
85.203.23.83 - - [18/Apr/2026:16:58:25 +0800] "GET /goods.php HTTP/1.1" 404 47 "-" "Go-http-client/1.1"
85.203.23.83 - - [18/Apr/2026:16:58:25 +0800] "GET /filemanager.php HTTP/1.1" 404 47 "-" "Go-http-client/1.1"
85.203.23.83 - - [18/Apr/2026:16:58:25 +0800] "GET /adminfuns.php HTTP/1.1" 404 47 "-" "Go-http-client/1.1"
36.133.115.36 - - [18/Apr/2026:16:58:26 +0800] "POST /wp-cron.php?doing_wp_cron=1776502706.6491448879241943359375 HTTP/1.1" 200 31 "-" "WordPress/6.9; http://cqqizhou.com"
85.203.23.83 - - [18/Apr/2026:16:58:26 +0800] "GET /admin/ HTTP/1.1" 302 5 "-" "Go-http-client/1.1"
